1--------- beginning of main
01-01 00:00:00.056 137 137 W auditd : type=2000 audit(0.0:1): state=initialized audit_enabled=0 res=1
01-01 00:00:04.047 137 137 W auditd : type=1403 audit(0.0:2): auid=4294967295 ses=4294967295 lsm=selinux res=1
01-01 00:00:04.903 1 1 I init : type=1400 audit(0.0:3): avc: denied { mounton } for path="/sys/kernel/debug" dev="debugfs" ino=1 scontext=u:r:init:s0 tcontext=u:object_r:debugfs:s0 tclass=dir permissive=1
01-01 00:00:05.047 138 138 I SELinux : SELinux: Loaded service_contexts from:
01-01 00:00:05.053 138 138 I SELinux : /system/etc/selinux/plat_service_contexts
01-01 00:00:05.055 137 137 I logd : type=1400 audit(0.0:4): avc: denied { search } for name="/" dev="sda4" ino=2 scontext=u:r:logd:s0 tcontext=u:object_r:unlabeled:s0 tclass=dir permissive=1
01-01 00:00:05.082 141 141 I SELinux : SELinux: Loaded service_contexts from:
01-01 00:00:05.083 141 141 I SELinux : /vendor/etc/selinux/vndservice_contexts
01-01 00:00:05.101 140 140 I hwservicemanager: hwservicemanager is ready now. --------- beginning of system
01-01 00:00:05.170 143 143 I vold : Vold 3.0 (the awakening) firing up
01-01 00:00:05.172 143 143 D vold : Detected support for: ext4 f2fs ntfs vfat
01-01 00:00:05.179 143 143 W vold : Failed to LOOP_GET_STATUS64 /dev/block/loop7: No such device or address
01-01 00:00:05.179 143 143 W vold : Failed to LOOP_GET_STATUS64 /dev/block/loop4: No such device or address
01-01 00:00:05.179 143 143 W vold : Failed to LOOP_GET_STATUS64 /dev/block/loop3: No such device or address
01-01 00:00:05.179 143 143 W vold : Failed to LOOP_GET_STATUS64 /dev/block/loop5: No such device or address
01-01 00:00:05.179 143 143 W vold : Failed to LOOP_GET_STATUS64 /dev/block/loop6: No such device or address
01-01 00:00:05.179 143 143 W vold : Failed to LOOP_GET_STATUS64 /dev/block/loop0: No such device or address
01-01 00:00:05.179 143 143 W vold : Failed to LOOP_GET_STATUS64 /dev/block/loop1: No such device or address
01-01 00:00:05.180 143 143 W vold : Failed to LOOP_GET_STATUS64 /dev/block/loop2: No such device or address
01-01 00:00:05.185 143 143 D vold : VoldNativeService::start() completed OK
01-01 00:00:05.207 143 153 I vold : Found disk at /devices/platform/scb/fd500000.pcie/pci0000:00/0000:00:00.0/0000:01:00.0/usb2/2-2/2-2:1.0/host0/target0:0:0/0:0:0:0/block/sda but delaying scan due to secure keyguard
01-01 00:00:05.259 143 143 I Checkpoint: cp_prepareCheckpoint called
01-01 00:00:05.334 159 159 E fsverity_init: Failed to load /product/etc/security/fsverity/*.der
01-01 00:00:05.340 156 156 I android.hardware.keymaster@3.0-impl: Fetching keymaster device name default
01-01 00:00:05.341 156 156 I android.hardware.keymaster@3.0-impl: Could not find any keystore module, using software-only implementation.
01-01 00:00:05.343 156 156 I ServiceManagement: Registered android.hardware.keymaster@3.0::IKeymasterDevice/default (start delay of 133ms)
01-01 00:00:05.344 156 156 I ServiceManagement: Removing namespace from process name android.hardware.keymaster@3.0-service to keymaster@3.0-service.
01-01 00:00:05.344 156 156 I android.hardware.keymaster@3.0-service: Registration complete for android.hardware.keymaster@3.0::IKeymasterDevice/default.
01-01 00:00:05.437 161 161 I apexd : Marking APEXd as starting
01-01 00:00:05.443 161 161 I apexd : Scanning /system/apex for embedded keys
01-01 00:00:05.451 161 161 I apexd : Scanning /product/apex for embedded keys
01-01 00:00:05.456 161 161 I apexd : ... does not exist. Skipping
01-01 00:00:05.461 161 161 I apexd : Populating APEX database from mounts...
01-01 00:00:05.467 161 161 E apexd : Failed to walk /product/apex : Can't open /product/apex for reading : No such file or directory
01-01 00:00:05.478 161 161 I apexd : 0 packages restored.
01-01 00:00:05.482 161 161 I apexd : Scanning /data/apex/sessions looking for sessions to be activated.
01-01 00:00:05.491 161 161 I apexd : Scanning /data/apex/active looking for APEX packages.
01-01 00:00:05.497 161 161 I apexd : Activated 0 packages. Skipped: 0
01-01 00:00:05.503 161 161 I apexd : Scanning /system/apex looking for APEX packages.
01-01 00:00:05.503 161 161 I apexd : Found /system/apex/com.android.runtime.debug
01-01 00:00:05.503 161 161 V apexd : Creating mount point: /apex/com.android.runtime@1
01-01 00:00:05.503 161 161 I apexd : Successfully bind-mounted flattened package /system/apex/com.android.runtime.debug on /apex/com.android.runtime@1
01-01 00:00:05.503 161 161 V apexd : Creating bind-mount for /apex/com.android.runtime for /apex/com.android.runtime@1
01-01 00:00:05.503 161 161 V apexd : Bind-mounting /apex/com.android.runtime@1 to /apex/com.android.runtime
01-01 00:00:05.503 161 161 D apexd : Successfully activated /system/apex/com.android.runtime.debug package_name: com.android.runtime version: 1
01-01 00:00:05.504 161 161 I apexd : Found /system/apex/com.android.media.swcodec
01-01 00:00:05.504 161 161 V apexd : Creating mount point: /apex/com.android.media.swcodec@290000000
01-01 00:00:05.504 161 161 I apexd : Successfully bind-mounted flattened package /system/apex/com.android.media.swcodec on /apex/com.android.media.swcodec@290000000
01-01 00:00:05.504 161 161 V apexd : Creating bind-mount for /apex/com.android.media.swcodec for /apex/com.android.media.swcodec@290000000
01-01 00:00:05.504 161 161 V apexd : Creating mountpoint /apex/com.android.media.swcodec
01-01 00:00:05.504 161 161 V apexd : Bind-mounting /apex/com.android.media.swcodec@290000000 to /apex/com.android.media.swcodec
01-01 00:00:05.504 161 161 D apexd : Successfully activated /system/apex/com.android.media.swcodec package_name: com.android.media.swcodec version: 290000000
01-01 00:00:05.505 161 161 I apexd : Found /system/apex/com.android.conscrypt
01-01 00:00:05.505 161 161 V apexd : Creating mount point: /apex/com.android.conscrypt@299900000
01-01 00:00:05.505 161 161 I apexd : Successfully bind-mounted flattened package /system/apex/com.android.conscrypt on /apex/com.android.conscrypt@299900000
01-01 00:00:05.505 161 161 V apexd : Creating bind-mount for /apex/com.android.conscrypt for /apex/com.android.conscrypt@299900000
01-01 00:00:05.505 161 161 V apexd : Creating mountpoint /apex/com.android.conscrypt
01-01 00:00:05.505 161 161 V apexd : Bind-mounting /apex/com.android.conscrypt@299900000 to /apex/com.android.conscrypt
01-01 00:00:05.505 161 161 D apexd : Successfully activated /system/apex/com.android.conscrypt package_name: com.android.conscrypt version: 299900000
01-01 00:00:05.505 161 161 I apexd : Found /system/apex/com.android.media
01-01 00:00:05.506 161 161 V apexd : Creating mount point: /apex/com.android.media@290000000
01-01 00:00:05.506 161 161 I apexd : Successfully bind-mounted flattened package /system/apex/com.android.media on /apex/com.android.media@290000000
01-01 00:00:05.506 161 161 V apexd : Creating bind-mount for /apex/com.android.media for /apex/com.android.media@290000000
01-01 00:00:05.506 161 161 V apexd : Creating mountpoint /apex/com.android.media
01-01 00:00:05.506 161 161 V apexd : Bind-mounting /apex/com.android.media@290000000 to /apex/com.android.media
01-01 00:00:05.506 161 161 D apexd : Successfully activated /system/apex/com.android.media package_name: com.android.media version: 290000000
01-01 00:00:05.506 161 161 I apexd : Found /system/apex/com.android.resolv
01-01 00:00:05.507 161 161 V apexd : Creating mount point: /apex/com.android.resolv@299900000
01-01 00:00:05.507 161 161 I apexd : Successfully bind-mounted flattened package /system/apex/com.android.resolv on /apex/com.android.resolv@299900000
01-01 00:00:05.507 161 161 V apexd : Creating bind-mount for /apex/com.android.resolv for /apex/com.android.resolv@299900000
01-01 00:00:05.507 161 161 V apexd : Creating mountpoint /apex/com.android.resolv
01-01 00:00:05.507 161 161 V apexd : Bind-mounting /apex/com.android.resolv@299900000 to /apex/com.android.resolv
01-01 00:00:05.507 161 161 D apexd : Successfully activated /system/apex/com.android.resolv package_name: com.android.resolv version: 299900000
01-01 00:00:05.507 161 161 I apexd : Found /system/apex/com.android.tzdata
01-01 00:00:05.507 161 161 V apexd : Creating mount point: /apex/com.android.tzdata@299900000
01-01 00:00:05.508 161 161 I apexd : Successfully bind-mounted flattened package /system/apex/com.android.tzdata on /apex/com.android.tzdata@299900000
01-01 00:00:05.508 161 161 V apexd : Creating bind-mount for /apex/com.android.tzdata for /apex/com.android.tzdata@299900000
01-01 00:00:05.508 161 161 V apexd : Bind-mounting /apex/com.android.tzdata@299900000 to /apex/com.android.tzdata
01-01 00:00:05.508 161 161 D apexd : Successfully activated /system/apex/com.android.tzdata package_name: com.android.tzdata version: 299900000
01-01 00:00:05.508 161 161 I apexd : Activated 6 packages. Skipped: 0
01-01 00:00:05.508 161 161 I apexd : Scanning /product/apex looking for APEX packages.
01-01 00:00:05.508 161 161 E apexd : Failed to activate packages from /product/apex : Failed to scan /product/apex : Can't open /product/apex for reading : No such file or directory
01-01 00:00:05.509 161 161 I apexd : Marking APEXd as ready
01-01 00:00:05.551 143 143 D vold : fscrypt_init_user0
01-01 00:00:05.551 143 143 D vold : fscrypt_prepare_user_storage for volume null, user 0, serial 0, flags 1
01-01 00:00:05.551 143 143 D vold : Preparing: /data/system/users/0
01-01 00:00:05.552 143 143 D vold : Preparing: /data/misc/profiles/cur/0
01-01 00:00:05.552 143 143 D vold : Preparing: /data/system_de/0
01-01 00:00:05.552 143 143 D vold : Preparing: /data/misc_de/0
01-01 00:00:05.553 143 143 D vold : Preparing: /data/vendor_de/0
01-01 00:00:05.553 143 143 D vold : Preparing: /data/user_de/0
01-01 00:00:05.553 143 143 D vold : /system/bin/vold_prepare_subdirs
01-01 00:00:05.553 143 143 D vold : prepare
01-01 00:00:05.554 143 143 D vold :
01-01 00:00:05.554 143 143 D vold : 0
01-01 00:00:05.554 143 143 D vold : 1
01-01 00:00:05.600 165 165 D vold_prepare_subdirs: Setting up mode 700 uid 0 gid 0 context u:object_r:vold_data_file:s0 on path: /data/misc_de/0/vold
01-01 00:00:05.602 165 165 D vold_prepare_subdirs: Setting up mode 700 uid 0 gid 0 context u:object_r:storaged_data_file:s0 on path: /data/misc_de/0/storaged
01-01 00:00:05.602 165 165 D vold_prepare_subdirs: Setting up mode 700 uid 0 gid 0 context u:object_r:rollback_data_file:s0 on path: /data/misc_de/0/rollback
01-01 00:00:05.603 165 165 D vold_prepare_subdirs: Setting up mode 700 uid 1000 gid 1000 context u:object_r:fingerprint_vendor_data_file:s0 on path: /data/vendor_de/0/fpdata
01-01 00:00:05.604 165 165 D vold_prepare_subdirs: Setting up mode 700 uid 1000 gid 1000 context u:object_r:face_vendor_data_file:s0 on path: /data/vendor_de/0/facedata
01-01 00:00:05.607 143 143 D vold : fscrypt_unlock_user_key 0 serial=0 token_present=0
01-01 00:00:05.607 143 143 E vold : Failed to chmod /data/system_ce/0: No such file or directory
01-01 00:00:05.607 143 143 E vold : Failed to chmod /data/misc_ce/0: No such file or directory
01-01 00:00:05.607 143 143 E vold : Failed to chmod /data/media/0: No such file or directory
01-01 00:00:05.758 167 167 I /system/bin/tzdatacheck: timezone distro dir /data/misc/zoneinfo/current does not exist. No action required.
01-01 00:00:05.821 169 169 I art_apex: === ART pre-boot integrity checks ===
01-01 00:00:05.886 171 171 F art_apex: Device is not fsverity-enabled.
01-01 00:00:06.010 175 175 I /system/bin/flags_health_check: ServerConfigurableFlagsReset reset_mode value: 0
01-01 00:00:06.010 175 175 I /system/bin/flags_health_check: ServerConfigurableFlagsReset attempted boot count is under threshold, skipping reset.
01-01 00:00:06.125 179 179 I bootstat: Service started: /system/bin/bootstat --set_system_boot_reason
01-01 00:00:06.126 179 179 I bootstat: Canonical boot reason: reboot
01-01 00:00:06.126 179 179 I bootstat: Canonical boot reason: reboot
01-01 00:00:06.211 180 180 I ServiceManagement: Registered android.hidl.allocator@1.0::IAllocator/ashmem (start delay of 100ms)
01-01 00:00:06.211 180 180 I ServiceManagement: Removing namespace from process name android.hidl.allocator@1.0-service to allocator@1.0-service.
01-01 00:00:06.230 182 182 I health@2.0/: health@2.0/backup: Hal starting main loop...
01-01 00:00:06.230 182 182 I health@2.0/: health@2.0/backup Hal is starting up...
01-01 00:00:06.242 140 140 I hwservicemanager: getTransport: Cannot find entry android.hardware.health@1.0::IHealth/default in either framework or device manifest.
01-01 00:00:06.243 176 176 I netdClient: Skipping libnetd_client init since *we* are netd
01-01 00:00:06.250 182 182 I ServiceManagement: Registered android.hardware.health@2.0::IHealth/backup (start delay of 129ms)
01-01 00:00:06.250 182 182 I health@2.0/: health@2.0/backup: Hal init done
01-01 00:00:06.270 176 176 I netd : netd 1.0 starting
01-01 00:00:06.318 181 181 I ServiceManagement: Registered android.system.suspend@1.0::ISystemSuspend/default (start delay of 207ms)
01-01 00:00:06.318 181 181 I ServiceManagement: Removing namespace from process name android.system.suspend@1.0-service to suspend@1.0-service.
01-01 00:00:06.366 184 184 I ServiceManagement: Registered android.hardware.bluetooth@1.0::IBluetoothHci/default (start delay of 215ms)
01-01 00:00:06.367 184 184 I ServiceManagement: Removing namespace from process name android.hardware.bluetooth@1.0-service.rpi4 to bluetooth@1.0-service.rpi4.
01-01 00:00:06.433 186 186 W /vendor/bin/hw/android.hardware.configstore@1.1-service: libminijail[186]: allowing syscall: connect
01-01 00:00:06.433 186 186 W /vendor/bin/hw/android.hardware.configstore@1.1-service: libminijail[186]: allowing syscall: fcntl
01-01 00:00:06.433 186 186 W /vendor/bin/hw/android.hardware.configstore@1.1-service: libminijail[186]: allowing syscall: sendto
01-01 00:00:06.434 186 186 W /vendor/bin/hw/android.hardware.configstore@1.1-service: libminijail[186]: allowing syscall: socket
01-01 00:00:06.434 186 186 W /vendor/bin/hw/android.hardware.configstore@1.1-service: libminijail[186]: allowing syscall: writev
01-01 00:00:06.447 129 129 I init : type=1400 audit(0.0:5): avc: denied { write } for name="/" dev="sda4" ino=2 scontext=u:r:vendor_init:s0 tcontext=u:object_r:system_data_file:s0 tclass=dir permissive=1
01-01 00:00:06.447 129 129 I init : type=1400 audit(0.0:6): avc: denied { add_name } for name="logcat.txt" scontext=u:r:vendor_init:s0 tcontext=u:object_r:system_data_file:s0 tclass=dir permissive=1
01-01 00:00:06.447 129 129 I init : type=1400 audit(0.0:7): avc: denied { create } for name="logcat.txt" scontext=u:r:vendor_init:s0 tcontext=u:object_r:system_data_file:s0 tclass=file permissive=1
01-01 00:00:06.447 129 129 I init : type=1400 audit(0.0:8): avc: denied { write open } for path="/data/logcat.txt" dev="sda4" ino=105 scontext=u:r:vendor_init:s0 tcontext=u:object_r:system_data_file:s0 tclass=file permissive=1
01-01 00:00:06.448 197 197 I lowmemorykiller: Using psi monitors for memory pressure detection
01-01 00:00:06.451 129 129 I init : type=1400 audit(0.0:9): avc: denied { setattr } for name="logcat.txt" dev="sda4" ino=105 scontext=u:r:vendor_init:s0 tcontext=u:object_r:system_data_file:s0 tclass=file permissive=1
01-01 00:00:06.455 190 190 I ServiceManagement: Registered android.hardware.graphics.allocator@2.0::IAllocator/default (start delay of 254ms)
01-01 00:00:06.460 190 190 I ServiceManagement: Removing namespace from process name android.hardware.graphics.allocator@2.0-service to allocator@2.0-service.
01-01 00:00:06.461 190 190 I android.hardware.graphics.allocator@2.0-service: Registration complete for android.hardware.graphics.allocator@2.0::IAllocator/default.
01-01 00:00:06.490 192 192 I ServiceManagement: Registered android.hardware.memtrack@1.0::IMemtrack/default (start delay of 269ms)
01-01 00:00:06.490 192 192 I ServiceManagement: Removing namespace from process name android.hardware.memtrack@1.0-service to memtrack@1.0-service.
01-01 00:00:06.490 192 192 I android.hardware.memtrack@1.0-service: Registration complete for android.hardware.memtrack@1.0::IMemtrack/default.
01-01 00:00:06.491 129 129 I init : type=1400 audit(0.0:10): avc: denied { module_request } for kmod="usbfunc:mtp" scontext=u:r:vendor_init:s0 tcontext=u:r:kernel:s0 tclass=system permissive=1
01-01 00:00:06.511 1 1 I init : type=1400 audit(0.0:11): avc: denied { setattr } for name="scheduler" dev="sysfs" ino=20074 scontext=u:r:init:s0 tcontext=u:object_r:sysfs:s0 tclass=file permissive=1
01-01 00:00:06.595 186 186 W /vendor/bin/hw/android.hardware.configstore@1.1-service: libminijail[186]: logging seccomp filter failures
01-01 00:00:06.599 189 189 E ARPiGatekeeper: called arpi_gatekeeper_open with gate keeper 0x7a8ea09050 device 0x7a8e212000
01-01 00:00:06.602 186 186 I ServiceManagement: Registered android.hardware.configstore@1.1::ISurfaceFlingerConfigs/default (start delay of 442ms)
01-01 00:00:06.603 186 186 I ServiceManagement: Removing namespace from process name android.hardware.configstore@1.1-service to configstore@1.1-service.
01-01 00:00:06.607 189 189 I ServiceManagement: Registered android.hardware.gatekeeper@1.0::IGatekeeper/default (start delay of 416ms)
01-01 00:00:06.607 189 189 I ServiceManagement: Removing namespace from process name android.hardware.gatekeeper@1.0-service to gatekeeper@1.0-service.
01-01 00:00:06.607 189 189 I android.hardware.gatekeeper@1.0-service: Registration complete for android.hardware.gatekeeper@1.0::IGatekeeper/default.
01-01 00:00:06.680 208 208 I BTUART : Set speed: 115200, 4098
01-01 00:00:06.681 208 208 I BTUART : bcm43xx_init ...
01-01 00:00:06.699 208 208 I BTUART : bcm43xx_init chip name: BCM4345C0
01-01 00:00:06.737 208 208 I BTUART : Set Controller UART speed to 3000000 bit/s
01-01 00:00:06.740 208 208 I BTUART : Set speed: 3000000, 4109
01-01 00:00:06.740 208 208 I BTUART : Flash firmware /vendor/etc/firmware/bcm/BCM4345C0.hcd
01-01 00:00:06.767 209 209 I logcat : type=1400 audit(0.0:12): avc: denied { read } for name="/" dev="sda4" ino=2 scontext=u:r:logpersist:s0 tcontext=u:object_r:system_data_file:s0 tclass=dir permissive=1
01-01 00:00:06.767 209 209 I logcat : type=1400 audit(0.0:13): avc: denied { open } for path="/data" dev="sda4" ino=2 scontext=u:r:logpersist:s0 tcontext=u:object_r:system_data_file:s0 tclass=dir permissive=1
01-01 00:00:06.767 209 209 I logcat : type=1400 audit(0.0:14): avc: denied { read } for name="logcat.txt" dev="sda4" ino=105 scontext=u:r:logpersist:s0 tcontext=u:object_r:system_data_file:s0 tclass=file permissive=1
01-01 00:00:06.767 209 209 I logcat : type=1400 audit(0.0:15): avc: denied { open } for path="/data/logcat.txt" dev="sda4" ino=105 scontext=u:r:logpersist:s0 tcontext=u:object_r:system_data_file:s0 tclass=file permissive=1
01-01 00:00:06.767 209 209 I logcat : type=1400 audit(0.0:16): avc: denied { getattr } for path="/data/logcat.txt" dev="sda4" ino=105 scontext=u:r:logpersist:s0 tcontext=u:object_r:system_data_file:s0 tclass=file permissive=1
01-01 00:00:06.773 176 176 I Netd : Loaded resolver library from /apex/com.android.resolv/lib64/libnetd_resolv.so
01-01 00:00:06.779 209 209 I logcat : type=1400 audit(0.0:17): avc: denied { append } for name="logcat.txt" dev="sda4" ino=105 scontext=u:r:logpersist:s0 tcontext=u:object_r:system_data_file:s0 tclass=file permissive=1
01-01 00:00:06.825 214 214 D LibBpfLoader: Loading ELF object /system/etc/bpf/clatd.o with license Apache 2.0
01-01 00:00:06.825 214 214 D LibBpfLoader: Loaded code section 3 (schedcls_ingress_clat_ether)
01-01 00:00:06.826 214 214 D LibBpfLoader: Loaded relo section 3 (.relschedcls/ingress/clat_ether)
01-01 00:00:06.826 214 214 D LibBpfLoader: Adding section 3 to cs list
01-01 00:00:06.826 214 214 D LibBpfLoader: Loaded code section 5 (schedcls_ingress_clat_rawip)
01-01 00:00:06.826 214 214 D LibBpfLoader: Loaded relo section 5 (.relschedcls/ingress/clat_rawip)
01-01 00:00:06.826 214 214 D LibBpfLoader: Adding section 5 to cs list
01-01 00:00:06.828 214 214 D LibBpfLoader: bpf_create_map name clat_ingress_map, ret: 6
01-01 00:00:06.829 214 214 D LibBpfLoader: map_fd found at 0 is 6 in /system/etc/bpf/clatd.o
01-01 00:00:06.830 214 214 D LibBpfLoader: applying relo to instruction at byte offset: 400, insn offset 50 , insn 118
01-01 00:00:06.830 214 214 D LibBpfLoader: applying relo to instruction at byte offset: 360, insn offset 45 , insn 118
01-01 00:00:06.832 214 214 D LibBpfLoader: New bpf core prog_load for /system/etc/bpf/clatd.o (schedcls_ingress_clat_ether) returned: 7
01-01 00:00:06.833 214 214 D LibBpfLoader: New bpf core prog_load for /system/etc/bpf/clatd.o (schedcls_ingress_clat_rawip) returned: 8
01-01 00:00:06.834 214 214 I bpfloader: Attempted load object: /system/etc/bpf/clatd.o, ret: Success
01-01 00:00:06.836 214 214 D LibBpfLoader: Loading ELF object /system/etc/bpf/netd.o with license Apache 2.0
01-01 00:00:06.838 214 214 D LibBpfLoader: Loaded code section 3 (cgroupskb_ingress_stats)
01-01 00:00:06.838 214 214 D LibBpfLoader: Loaded relo section 3 (.relcgroupskb/ingress/stats)
01-01 00:00:06.838 214 214 D LibBpfLoader: Adding section 3 to cs list
01-01 00:00:06.838 214 214 D LibBpfLoader: Loaded code section 5 (cgroupskb_egress_stats)
01-01 00:00:06.840 214 214 D LibBpfLoader: Loaded relo section 5 (.relcgroupskb/egress/stats)
01-01 00:00:06.840 214 214 D LibBpfLoader: Adding section 5 to cs list
01-01 00:00:06.840 214 214 D LibBpfLoader: Loaded code section 7 (skfilter_egress_xtbpf)
01-01 00:00:06.840 214 214 D LibBpfLoader: Loaded relo section 7 (.relskfilter/egress/xtbpf)
01-01 00:00:06.841 214 214 D LibBpfLoader: Adding section 7 to cs list
01-01 00:00:06.841 214 214 D LibBpfLoader: Loaded code section 9 (skfilter_ingress_xtbpf)
01-01 00:00:06.841 214 214 D LibBpfLoader: Loaded relo section 9 (.relskfilter/ingress/xtbpf)
01-01 00:00:06.841 214 214 D LibBpfLoader: Adding section 9 to cs list
01-01 00:00:06.842 214 214 D LibBpfLoader: Loaded code section 11 (skfilter_whitelist_xtbpf)
01-01 00:00:06.843 214 214 D LibBpfLoader: Loaded relo section 11 (.relskfilter/whitelist/xtbpf)
01-01 00:00:06.843 214 214 D LibBpfLoader: Adding section 11 to cs list
01-01 00:00:06.844 214 214 D LibBpfLoader: Loaded code section 13 (skfilter_blacklist_xtbpf)
01-01 00:00:06.844 214 214 D LibBpfLoader: Loaded relo section 13 (.relskfilter/blacklist/xtbpf)
01-01 00:00:06.844 214 214 D LibBpfLoader: Adding section 13 to cs list
01-01 00:00:06.844 214 214 D LibBpfLoader: Loaded code section 15 (cgroupsock_inet_create)
01-01 00:00:06.845 214 214 D LibBpfLoader: Loaded relo section 15 (.relcgroupsock/inet/create)
01-01 00:00:06.845 214 214 D LibBpfLoader: Adding section 15 to cs list
01-01 00:00:06.857 214 214 D LibBpfLoader: bpf_create_map name cookie_tag_map, ret: 9
01-01 00:00:06.860 214 214 D LibBpfLoader: bpf_create_map name uid_counterset_map, ret: 10
01-01 00:00:06.869 214 214 D LibBpfLoader: bpf_create_map name app_uid_stats_map, ret: 11
01-01 00:00:06.869 231 231 I /system/bin/tombstoned: tombstoned successfully initialized
01-01 00:00:06.877 214 214 D LibBpfLoader: bpf_create_map name stats_map_A, ret: 12
01-01 00:00:06.883 214 214 D LibBpfLoader: bpf_create_map name stats_map_B, ret: 13
01-01 00:00:06.884 219 219 I installd: installd firing up
01-01 00:00:06.884 219 219 E cutils : Failed to read /data/.layout_version: No such file or directory
01-01 00:00:06.884 219 219 D installd: Assuming that device has multi-user storage layout; upgrade no longer supported
01-01 00:00:06.885 219 219 D installd: Upgrading to /data/misc/user directories
01-01 00:00:06.887 214 214 D LibBpfLoader: bpf_create_map name iface_stats_map, ret: 14
01-01 00:00:06.887 214 214 D LibBpfLoader: bpf_create_map name configuration_map, ret: 15
01-01 00:00:06.889 214 214 D LibBpfLoader: bpf_create_map name uid_owner_map, ret: 16
01-01 00:00:06.890 214 214 D LibBpfLoader: bpf_create_map name iface_index_name_map, ret: 17
01-01 00:00:06.892 214 214 D LibBpfLoader: bpf_create_map name uid_permission_map, ret: 18
01-01 00:00:06.892 214 214 D LibBpfLoader: map_fd found at 0 is 9 in /system/etc/bpf/netd.o
01-01 00:00:06.892 214 214 D LibBpfLoader: map_fd found at 1 is 10 in /system/etc/bpf/netd.o
01-01 00:00:06.892 214 214 D LibBpfLoader: map_fd found at 2 is 11 in /system/etc/bpf/netd.o
01-01 00:00:06.892 214 214 D LibBpfLoader: map_fd found at 3 is 12 in /system/etc/bpf/netd.o
01-01 00:00:06.892 214 214 D LibBpfLoader: map_fd found at 4 is 13 in /system/etc/bpf/netd.o
01-01 00:00:06.892 214 214 D LibBpfLoader: map_fd found at 5 is 14 in /system/etc/bpf/netd.o
01-01 00:00:06.892 214 214 D LibBpfLoader: map_fd found at 6 is 15 in /system/etc/bpf/netd.o
01-01 00:00:06.892 214 214 D LibBpfLoader: map_fd found at 7 is 16 in /system/etc/bpf/netd.o
01-01 00:00:06.893 214 214 D LibBpfLoader: map_fd found at 8 is 17 in /system/etc/bpf/netd.o
01-01 00:00:06.893 214 214 D LibBpfLoader: map_fd found at 9 is 18 in /system/etc/bpf/netd.o
01-01 00:00:06.896 214 214 D LibBpfLoader: applying relo to instruction at byte offset: 616, insn offset 77 , insn 118
01-01 00:00:06.897 214 214 D LibBpfLoader: applying relo to instruction at byte offset: 688, insn offset 86 , insn 118
01-01 00:00:06.897 214 214 D LibBpfLoader: applying relo to instruction at byte offset: 1040, insn offset 130 , insn 118
01-01 00:00:06.897 214 214 D LibBpfLoader: applying relo to instruction at byte offset: 1184, insn offset 148 , insn 118
01-01 00:00:06.897 214 214 D LibBpfLoader: applying relo to instruction at byte offset: 1264, insn offset 158 , insn 118
01-01 00:00:06.897 214 214 D LibBpfLoader: applying relo to instruction at byte offset: 1368, insn offset 171 , insn 118
01-01 00:00:06.897 214 214 D LibBpfLoader: applying relo to instruction at byte offset: 1472, insn offset 184 , insn 118
01-01 00:00:06.895 219 219 I installd: type=1400 audit(0.0:18): avc: denied { write } for name="tasks" dev="tmpfs" ino=1391 scontext=u:r:installd:s0 tcontext=u:object_r:device:s0 tclass=file permissive=1
01-01 00:00:06.895 219 219 I installd: type=1400 audit(0.0:19): avc: denied { open } for path="/dev/stune/foreground/tasks" dev="tmpfs" ino=1391 scontext=u:r:installd:s0 tcontext=u:object_r:device:s0 tclass=file permissive=1
01-01 00:00:06.898 214 214 D LibBpfLoader: applying relo to instruction at byte offset: 1512, insn offset 189 , insn 118
01-01 00:00:06.898 214 214 D LibBpfLoader: applying relo to instruction at byte offset: 1576, insn offset 197 , insn 118
01-01 00:00:06.898 214 214 D LibBpfLoader: applying relo to instruction at byte offset: 1680, insn offset 210 , insn 118
01-01 00:00:06.898 214 214 D LibBpfLoader: applying relo to instruction at byte offset: 1720, insn offset 215 , insn 118
01-01 00:00:06.898 214 214 D LibBpfLoader: applying relo to instruction at byte offset: 1848, insn offset 231 , insn 118
01-01 00:00:06.899 214 214 D LibBpfLoader: applying relo to instruction at byte offset: 1952, insn offset 244 , insn 118
01-01 00:00:06.899 214 214 D LibBpfLoader: applying relo to instruction at byte offset: 1992, insn offset 249 , insn 118
01-01 00:00:06.899 214 214 D LibBpfLoader: applying relo to instruction at byte offset: 2056, insn offset 257 , insn 118
01-01 00:00:06.900 214 214 D LibBpfLoader: applying relo to instruction at byte offset: 2160, insn offset 270 , insn 118
01-01 00:00:06.900 214 214 D LibBpfLoader: applying relo to instruction at byte offset: 2200, insn offset 275 , insn 118
01-01 00:00:06.900 214 214 D LibBpfLoader: applying relo to instruction at byte offset: 2288, insn offset 286 , insn 118
01-01 00:00:06.900 214 214 D LibBpfLoader: applying relo to instruction at byte offset: 2392, insn offset 299 , insn 118
01-01 00:00:06.900 191 191 I ComposerHal: falling back to gralloc module
01-01 00:00:06.901 214 214 D LibBpfLoader: applying relo to instruction at byte offset: 2432, insn offset 304 , insn 118
01-01 00:00:06.901 214 214 D LibBpfLoader: applying relo to instruction at byte offset: 608, insn offset 76 , insn 118
01-01 00:00:06.901 214 214 D LibBpfLoader: applying relo to instruction at byte offset: 680, insn offset 85 , insn 118
01-01 00:00:06.902 214 214 D LibBpfLoader: applying relo to instruction at byte offset: 904, insn offset 113 , insn 118
01-01 00:00:06.902 214 214 D LibBpfLoader: applying relo to instruction at byte offset: 1048, insn offset 131 , insn 118
01-01 00:00:06.902 214 214 D LibBpfLoader: applying relo to instruction at byte offset: 1128, insn offset 141 , insn 118
01-01 00:00:06.902 214 214 D LibBpfLoader: applying relo to instruction at byte offset: 1232, insn offset 154 , insn 118
01-01 00:00:06.902 214 214 D LibBpfLoader: applying relo to instruction at byte offset: 1336, insn offset 167 , insn 118
01-01 00:00:06.902 214 214 D LibBpfLoader: applying relo to instruction at byte offset: 1376, insn offset 172 , insn 118
01-01 00:00:06.903 214 214 D LibBpfLoader: applying relo to instruction at byte offset: 1440, insn offset 180 , insn 118
01-01 00:00:06.903 214 214 D LibBpfLoader: applying relo to instruction at byte offset: 1544, insn offset 193 , insn 118
01-01 00:00:06.903 214 214 D LibBpfLoader: applying relo to instruction at byte offset: 1584, insn offset 198 , insn 118
01-01 00:00:06.904 214 214 D LibBpfLoader: applying relo to instruction at byte offset: 1712, insn offset 214 , insn 118
01-01 00:00:06.904 214 214 D LibBpfLoader: applying relo to instruction at byte offset: 1816, insn offset 227 , insn 118
01-01 00:00:06.904 214 214 D LibBpfLoader: applying relo to instruction at byte offset: 1856, insn offset 232 , insn 118
01-01 00:00:06.904 214 214 D LibBpfLoader: applying relo to instruction at byte offset: 1920, insn offset 240 , insn 118
01-01 00:00:06.904 214 214 D LibBpfLoader: applying relo to instruction at byte offset: 2024, insn offset 253 , insn 118
01-01 00:00:06.905 214 214 D LibBpfLoader: applying relo to instruction at byte offset: 2064, insn offset 258 , insn 118
01-01 00:00:06.905 214 214 D LibBpfLoader: applying relo to instruction at byte offset: 2152, insn offset 269 , insn 118
01-01 00:00:06.905 214 214 D LibBpfLoader: applying relo to instruction at byte offset: 2256, insn offset 282 , insn 118
01-01 00:00:06.905 214 214 D LibBpfLoader: applying relo to instruction at byte offset: 2296, insn offset 287 , insn 118
01-01 00:00:06.906 214 214 D LibBpfLoader: applying relo to instruction at byte offset: 40, insn offset 5 , insn 118
01-01 00:00:06.907 214 214 D LibBpfLoader: applying relo to instruction at byte offset: 144, insn offset 18 , insn 118
01-01 00:00:06.907 214 214 D LibBpfLoader: applying relo to instruction at byte offset: 184, insn offset 23 , insn 118
01-01 00:00:06.907 214 214 D LibBpfLoader: applying relo to instruction at byte offset: 40, insn offset 5 , insn 118
01-01 00:00:06.908 214 214 D LibBpfLoader: applying relo to instruction at byte offset: 144, insn offset 18 , insn 118
01-01 00:00:06.908 214 214 D LibBpfLoader: applying relo to instruction at byte offset: 184, insn offset 23 , insn 118
01-01 00:00:06.908 214 214 D LibBpfLoader: applying relo to instruction at byte offset: 136, insn offset 17 , insn 118
01-01 00:00:06.909 214 214 D LibBpfLoader: applying relo to instruction at byte offset: 32, insn offset 4 , insn 118
01-01 00:00:06.910 214 214 D LibBpfLoader: applying relo to instruction at byte offset: 80, insn offset 10 , insn 118
01-01 00:00:06.915 214 214 D LibBpfLoader: New bpf core prog_load for /system/etc/bpf/netd.o (cgroupskb_ingress_stats) returned: 19
01-01 00:00:06.919 214 214 D LibBpfLoader: New bpf core prog_load for /system/etc/bpf/netd.o (cgroupskb_egress_stats) returned: 20
01-01 00:00:06.920 214 214 D LibBpfLoader: New bpf core prog_load for /system/etc/bpf/netd.o (skfilter_egress_xtbpf) returned: 21
01-01 00:00:06.921 214 214 D LibBpfLoader: New bpf core prog_load for /system/etc/bpf/netd.o (skfilter_ingress_xtbpf) returned: 22
01-01 00:00:06.922 214 214 D LibBpfLoader: New bpf core prog_load for /system/etc/bpf/netd.o (skfilter_whitelist_xtbpf) returned: 23
01-01 00:00:06.923 214 214 D LibBpfLoader: New bpf core prog_load for /system/etc/bpf/netd.o (skfilter_blacklist_xtbpf) returned: 24
01-01 00:00:06.924 214 214 D LibBpfLoader: New bpf core prog_load for /system/etc/bpf/netd.o (cgroupsock_inet_create) returned: 25
01-01 00:00:06.925 214 214 I bpfloader: Attempted load object: /system/etc/bpf/netd.o, ret: Success
01-01 00:00:06.926 176 176 D TetherController: Setting IP forward enable = 0
01-01 00:00:06.948 191 191 I gralloc : using (fd=7)
01-01 00:00:06.948 191 191 I gralloc : id = BCM2708 FB
01-01 00:00:06.948 191 191 I gralloc : xres = 1824 px
01-01 00:00:06.948 191 191 I gralloc : yres = 984 px
01-01 00:00:06.948 191 191 I gralloc : xres_virtual = 1824 px
01-01 00:00:06.948 191 191 I gralloc : yres_virtual = 1968 px
01-01 00:00:06.948 191 191 I gralloc : bpp = 32
01-01 00:00:06.948 191 191 I gralloc : r = 16:8
01-01 00:00:06.948 191 191 I gralloc : g = 8:8
01-01 00:00:06.948 191 191 I gralloc : b = 0:8
01-01 00:00:06.948 191 191 I gralloc : width = 290 mm (159.757233 dpi)
01-01 00:00:06.948 191 191 I gralloc : height = 156 mm (160.215378 dpi)
01-01 00:00:06.948 191 191 I gralloc : refresh rate = 60.00 Hz
01-01 00:00:06.972 191 191 I ServiceManagement: Registered android.hardware.graphics.composer@2.1::IComposer/default (start delay of 762ms)
01-01 00:00:06.973 191 191 I ServiceManagement: Removing namespace from process name android.hardware.graphics.composer@2.1-service to composer@2.1-service.
01-01 00:00:06.974 191 191 I android.hardware.graphics.composer@2.1-service: Registration complete for android.hardware.graphics.composer@2.1::IComposer/default.
01-01 00:00:07.025 185 185 I ServiceManagement: Registered android.hardware.cas@1.1::IMediaCasService/default (start delay of 864ms)
01-01 00:00:07.026 185 185 I ServiceManagement: Removing namespace from process name android.hardware.cas@1.1-service to cas@1.1-service.
01-01 00:00:07.048 140 140 I hwservicemanager: getTransport: Cannot find entry android.hardware.usb.gadget@1.0::IUsbGadget/default in either framework or device manifest.
01-01 00:00:07.049 232 232 I usbd : Usb HAL not found
01-01 00:00:07.130 140 140 I hwservicemanager: getTransport: Cannot find entry android.hardware.health@2.0::IHealth/default in either framework or device manifest.
01-01 00:00:07.131 226 226 I storaged: type=1400 audit(0.0:20): avc: denied { write } for name="tasks" dev="tmpfs" ino=1391 scontext=u:r:storaged:s0 tcontext=u:object_r:device:s0 tclass=file permissive=1
01-01 00:00:07.136 226 243 I HealthHalUtils: health: cannot get default service
01-01 00:00:07.138 226 243 W storaged: health: invalid battery status
01-01 00:00:07.140 226 243 I ServiceManager: Waiting for service 'package_native' on '/dev/binder'...
01-01 00:00:07.213 176 176 I netd : Creating child chains: 263.9ms
01-01 00:00:07.213 176 176 I netd : Setting up OEM hooks: 0.4ms
01-01 00:00:07.213 176 176 I netd : Setting up FirewallController hooks: 0.1ms
01-01 00:00:07.220 176 176 I netd : Setting up TetherController hooks: 6.5ms
01-01 00:00:07.229 176 176 I netd : Setting up BandwidthController hooks: 9.0ms
01-01 00:00:07.229 176 176 I netd : Setting up IdletimerController hooks: 0.2ms
01-01 00:00:07.240 176 176 I netd : Setting up StrictController hooks: 10.7ms
01-01 00:00:07.240 176 176 E ClatdController: Cannot determine initial API level of the device.
01-01 00:00:07.240 176 176 I ClatdController: 4.9+ kernel and device shipped with Q+ - clat ebpf should work.
01-01 00:00:07.240 176 176 I netd : Initializing ClatdController: 0.5ms
01-01 00:00:07.245 176 176 I netd : Initializing traffic control: 4.2ms
01-01 00:00:07.245 226 243 I ServiceManager: Waiting for service 'package_native' on '/dev/binder'...
01-01 00:00:07.247 227 227 I wificond: wificond is starting up...
01-01 00:00:07.265 176 176 I netd : Enabling bandwidth control: 20.2ms
01-01 00:00:07.270 176 176 I netd : Initializing RouteController: 5.6ms
01-01 00:00:07.271 176 176 D XfrmController: XfrmController::ipSecAddXfrmInterface, line=1379
01-01 00:00:07.274 176 176 D XfrmController: XfrmController::ipSecRemoveTunnelInterface, line=1592
01-01 00:00:07.274 176 176 D XfrmController: deviceName=ipsec_test
01-01 00:00:07.292 230 230 I gatekeeperd: Starting gatekeeperd...
01-01 00:00:07.312 176 176 D XfrmController: Sending Netlink XFRM Message: XFRM_MSG_FLUSHSA
01-01 00:00:07.312 176 176 D XfrmController: Sending Netlink XFRM Message: XFRM_MSG_FLUSHPOLICY
01-01 00:00:07.312 176 176 I netd : Initializing XfrmController: 42.0ms
01-01 00:00:07.328 212 212 I adbd : adbd listening on port 5555
01-01 00:00:07.335 212 212 I /system/bin/adbd: type=1400 audit(0.0:22): avc: denied { module_request } for comm=73657276657220736F636B6574 kmod="net-pf-40" scontext=u:r:adbd:s0 tcontext=u:r:kernel:s0 tclass=system permissive=1
01-01 00:00:07.331 212 260 I adbd : opening control endpoint /dev/usb-ffs/adb/ep0
01-01 00:00:07.347 212 260 I adbd : UsbFfsConnection constructed
01-01 00:00:07.348 226 243 I ServiceManager: Waiting for service 'package_native' on '/dev/binder'...
01-01 00:00:07.351 212 266 I adbd : USB event: FUNCTIONFS_BIND
01-01 00:00:07.365 176 176 I libnetd_resolv: resolv_init: Initializing resolver
01-01 00:00:07.367 176 176 D MDnsDS : MDnsSdListener::Hander starting up
01-01 00:00:07.368 176 270 D MDnsDS : MDnsSdListener starting to monitor
01-01 00:00:07.368 176 270 D MDnsDS : Going to poll with pollCount 1
01-01 00:00:07.369 176 176 I netd : Registering NetdNativeService: 0.6ms
01-01 00:00:07.375 176 176 I ServiceManagement: Registered android.system.net.netd@1.1::INetd/default (start delay of 1365ms)
01-01 00:00:07.375 176 176 I netd : Registering NetdHwService: 6.5ms
01-01 00:00:07.375 176 176 I netd : Netd started in 1105ms
01-01 00:00:07.371 176 176 I netd : type=1400 audit(0.0:23): avc: denied { write } for name="tasks" dev="tmpfs" ino=1391 scontext=u:r:netd:s0 tcontext=u:object_r:device:s0 tclass=file permissive=1
01-01 00:00:07.440 188 188 D android.hardware.drm@1.0-service.widevine: android.hardware.drm@1.1-service.widevine starting...
01-01 00:00:07.444 188 188 I ServiceManagement: Registered android.hardware.drm@1.1::IDrmFactory/widevine (start delay of 1264ms)
01-01 00:00:07.444 188 188 I ServiceManagement: Removing namespace from process name android.hardware.drm@1.1-service.widevine to drm@1.1-service.widevine.
01-01 00:00:07.446 188 188 I ServiceManagement: Registered android.hardware.drm@1.1::ICryptoFactory/widevine (start delay of 1266ms)
01-01 00:00:07.447 188 188 I ServiceManagement: Removing namespace from process name android.hardware.drm@1.1-service.widevine to drm@1.1-service.widevine.
01-01 00:00:07.449 226 243 I ServiceManager: Waiting for service 'package_native' on '/dev/binder'...
01-01 00:00:07.495 140 140 I hwservicemanager: getTransport: Cannot find entry android.hardware.keymaster@4.0::IKeymasterDevice/default in either framework or device manifest.
01-01 00:00:07.499 220 220 I keystore: found android.hardware.keymaster@3.0::IKeymasterDevice with interface name default and seclevel SOFTWARE
01-01 00:00:07.499 220 220 W keystore: No secure Keymaster implementation found, but device offers insecure Keymaster HAL. Using as default.
01-01 00:00:07.523 225 225 I ServiceManagement: Registered android.frameworks.stats@1.0::IStats/default (start delay of 842ms)
01-01 00:00:07.524 225 225 W statsd : statscompanion service unavailable!
01-01 00:00:07.524 225 225 I statsd : Statsd starts to listen to socket.
01-01 00:00:07.549 226 243 I ServiceManager: Waiting for service 'package_native' on '/dev/binder'...
01-01 00:00:07.564 220 220 I ServiceManagement: Registered android.system.wifi.keystore@1.0::IKeystore/default (start delay of 904ms)
01-01 00:00:07.597 193 193 I android.hardware.wifi@1.0-service: Wifi Hal is booting up...
01-01 00:00:07.601 193 193 I ServiceManagement: Registered android.hardware.wifi@1.3::IWifi/default (start delay of 1371ms)
01-01 00:00:07.601 193 193 I ServiceManagement: Removing namespace from process name android.hardware.wifi@1.0-service to wifi@1.0-service.
01-01 00:00:07.650 226 243 I ServiceManager: Waiting for service 'package_native' on '/dev/binder'...
01-01 00:00:07.673 208 208 I BTUART : Set speed: 115200, 4098
01-01 00:00:07.678 208 208 I BTUART : Set BDADDR: b8:27:eb:79:e3:38
01-01 00:00:07.680 208 208 I BTUART : Set Controller UART speed to 3000000 bit/s
01-01 00:00:07.682 208 208 I BTUART : Set speed: 3000000, 4109
01-01 00:00:07.682 208 208 I BTUART : Set speed: 3000000, 4109
01-01 00:00:07.683 208 208 I BTUART : Device setup complete
01-01 00:00:07.756 226 243 I ServiceManager: Waiting for service 'package_native' on '/dev/binder'...
01-01 00:00:07.857 226 243 I ServiceManager: Waiting for service 'package_native' on '/dev/binder'...
01-01 00:00:07.942 187 187 I ServiceManagement: Registered android.hardware.drm@1.0::IDrmFactory/default (start delay of 1772ms)
01-01 00:00:07.943 187 187 I ServiceManagement: Removing namespace from process name android.hardware.drm@1.0-service to drm@1.0-service.
01-01 00:00:07.945 187 187 I : Registration complete for android.hardware.drm@1.0::IDrmFactory/default.
01-01 00:00:07.948 221 221 I mediaserver: ServiceManager: 0xecb92120
01-01 00:00:07.951 187 187 I ServiceManagement: Registered android.hardware.drm@1.0::ICryptoFactory/default (start delay of 1781ms)
01-01 00:00:07.951 187 187 I ServiceManagement: Removing namespace from process name android.hardware.drm@1.0-service to drm@1.0-service.
01-01 00:00:07.953 187 187 I : Registration complete for android.hardware.drm@1.0::ICryptoFactory/default.
01-01 00:00:07.962 226 243 I ServiceManager: Waiting for service 'package_native' on '/dev/binder'...
01-01 00:00:08.064 226 243 I chatty : uid=0(root) /system/bin/storaged identical 1 line
01-01 00:00:08.168 226 243 I ServiceManager: Waiting for service 'package_native' on '/dev/binder'...
01-01 00:00:08.234 140 140 I hwservicemanager: getTransport: Cannot find entry android.hardware.audio@5.0::IDevicesFactory/default in either framework or device manifest.
01-01 00:00:08.266 223 223 I mediametrics: ServiceManager: 0x71cbf6a280
01-01 00:00:08.266 223 223 D MediaAnalyticsService: MediaAnalyticsService created
01-01 00:00:08.269 226 243 I ServiceManager: Waiting for service 'package_native' on '/dev/binder'...
01-01 00:00:08.288 183 183 E audiohalservice: Could not get passthrough implementation for android.hardware.audio@5.0::IDevicesFactory/default.
01-01 00:00:08.290 140 140 I hwservicemanager: getTransport: Cannot find entry android.hardware.audio@4.0::IDevicesFactory/default in either framework or device manifest.
01-01 00:00:08.291 183 183 E audiohalservice: Could not get passthrough implementation for android.hardware.audio@4.0::IDevicesFactory/default.
01-01 00:00:08.370 226 243 I ServiceManager: Waiting for service 'package_native' on '/dev/binder'...
01-01 00:00:08.400 222 222 V MediaUtils: physMem: 8188407808
01-01 00:00:08.400 222 222 V MediaUtils: requested limit: 1637681560
01-01 00:00:08.401 222 222 I libc : malloc_limit: Allocation limit enabled, max size 1637681560 bytes
01-01 00:00:08.440 222 222 W /system/bin/mediaextractor: Could not read additional policy file '/vendor/etc/seccomp_policy/mediaextractor.policy'
01-01 00:00:08.441 222 222 W /system/bin/mediaextractor: libminijail[222]: failed to get path of fd 4: No such file or directory
01-01 00:00:08.442 222 222 W /system/bin/mediaextractor: libminijail[222]: allowing syscall: connect
01-01 00:00:08.442 222 222 W /system/bin/mediaextractor: libminijail[222]: allowing syscall: fcntl
01-01 00:00:08.442 222 222 W /system/bin/mediaextractor: libminijail[222]: allowing syscall: sendto
01-01 00:00:08.442 222 222 W /system/bin/mediaextractor: libminijail[222]: allowing syscall: socket
01-01 00:00:08.442 222 222 W /system/bin/mediaextractor: libminijail[222]: allowing syscall: writev
01-01 00:00:08.450 222 222 W /system/bin/mediaextractor: libminijail[222]: logging seccomp filter failures
01-01 00:00:08.470 226 243 I ServiceManager: Waiting for service 'package_native' on '/dev/binder'...
01-01 00:00:08.571 226 243 I ServiceManager: Waiting for service 'package_native' on '/dev/binder'...
01-01 00:00:08.581 183 183 I ServiceManagement: Registered android.hardware.audio@2.0::IDevicesFactory/default (start delay of 2461ms)
01-01 00:00:08.582 183 183 I ServiceManagement: Removing namespace from process name android.hardware.audio@2.0-service to audio@2.0-service.
01-01 00:00:08.582 183 183 I audiohalservice: Registration complete for android.hardware.audio@2.0::IDevicesFactory/default.
01-01 00:00:08.584 140 140 I hwservicemanager: getTransport: Cannot find entry android.hardware.audio.effect@5.0::IEffectsFactory/default in either framework or device manifest.
01-01 00:00:08.585 183 183 E audiohalservice: Could not get passthrough implementation for android.hardware.audio.effect@5.0::IEffectsFactory/default.
01-01 00:00:08.586 140 140 I hwservicemanager: getTransport: Cannot find entry android.hardware.audio.effect@4.0::IEffectsFactory/default in either framework or device manifest.
01-01 00:00:08.588 183 183 E audiohalservice: Could not get passthrough implementation for android.hardware.audio.effect@4.0::IEffectsFactory/default.
01-01 00:00:08.672 226 243 I ServiceManager: Waiting for service 'package_native' on '/dev/binder'...
01-01 00:00:08.677 228 228 I media.codec: mediacodecservice starting
01-01 00:00:08.682 177 177 D AndroidRuntime: >>>>>> START com.android.internal.os.ZygoteInit uid 0 <<<<<<
01-01 00:00:08.696 228 228 W media.codec: Could not read additional policy file '/vendor/etc/seccomp_policy/mediacodec.policy'
01-01 00:00:08.700 228 228 W media.codec: libminijail[228]: failed to get path of fd 4: No such file or directory
01-01 00:00:08.700 228 228 W media.codec: libminijail[228]: allowing syscall: clock_gettime
01-01 00:00:08.700 228 228 W media.codec: libminijail[228]: allowing syscall: connect
01-01 00:00:08.700 228 228 W media.codec: libminijail[228]: allowing syscall: fcntl64
01-01 00:00:08.701 228 228 W media.codec: libminijail[228]: allowing syscall: socket
01-01 00:00:08.701 228 228 W media.codec: libminijail[228]: allowing syscall: writev
01-01 00:00:08.750 228 228 W media.codec: libminijail[228]: logging seccomp filter failures
01-01 00:00:08.753 228 228 E vndksupport: Could not load libstagefrighthw.so from default namespace: dlopen failed: library "libstagefrighthw.so" not found.
01-01 00:00:08.769 228 228 I SoftOMXPlugin: createOMXPlugin
01-01 00:00:08.769 228 228 I MediaCodecsXmlParser: getVendorXmlPath (/vendor/etc/media_codecs.xml)
01-01 00:00:08.770 228 228 D MediaCodecsXmlParser: parsing /vendor/etc/media_codecs.xml...
01-01 00:00:08.770 183 183 I ServiceManagement: Registered android.hardware.audio.effect@2.0::IEffectsFactory/default (start delay of 2650ms)
01-01 00:00:08.771 183 183 I audiohalservice: Registration complete for android.hardware.audio.effect@2.0::IEffectsFactory/default.
01-01 00:00:08.773 226 243 I ServiceManager: Waiting for service 'package_native' on '/dev/binder'...
01-01 00:00:08.773 228 228 D MediaCodecsXmlParser: parsing /vendor/etc/media_codecs_google_c2_audio.xml...
01-01 00:00:08.778 228 228 I MediaCodecsXmlParser: limit: max-channel-count = 2
01-01 00:00:08.778 228 228 I MediaCodecsXmlParser: limit: sample-rate-ranges = 8000,11025,12000,16000,22050,24000,32000,44100,48000
01-01 00:00:08.778 228 228 I MediaCodecsXmlParser: limit: bitrate-range = 8000-320000
01-01 00:00:08.778 228 228 I MediaCodecsXmlParser: limit: max-channel-count = 1
01-01 00:00:08.779 228 228 I MediaCodecsXmlParser: limit: sample-rate-ranges = 8000
01-01 00:00:08.779 228 228 I MediaCodecsXmlParser: limit: bitrate-range = 4750-12200
01-01 00:00:08.779 228 228 I MediaCodecsXmlParser: limit: max-channel-count = 1
01-01 00:00:08.779 228 228 I MediaCodecsXmlParser: limit: sample-rate-ranges = 16000
01-01 00:00:08.779 228 228 I MediaCodecsXmlParser: limit: bitrate-range = 6600-23850
01-01 00:00:08.779 228 228 I MediaCodecsXmlParser: limit: max-channel-count = 8
01-01 00:00:08.779 228 228 I MediaCodecsXmlParser: limit: sample-rate-ranges = 7350,8000,11025,12000,16000,22050,24000,32000,44100,48000
01-01 00:00:08.779 228 228 I MediaCodecsXmlParser: limit: bitrate-range = 8000-960000
01-01 00:00:08.779 228 228 I MediaCodecsXmlParser: limit: max-channel-count = 1
01-01 00:00:08.779 228 228 I MediaCodecsXmlParser: limit: sample-rate-ranges = 8000-48000
01-01 00:00:08.779 228 228 I MediaCodecsXmlParser: limit: bitrate-range = 64000
01-01 00:00:08.780 228 228 I MediaCodecsXmlParser: limit: max-channel-count = 1
01-01 00:00:08.780 228 228 I MediaCodecsXmlParser: limit: sample-rate-ranges = 8000-48000
01-01 00:00:08.780 228 228 I MediaCodecsXmlParser: limit: bitrate-range = 64000
01-01 00:00:08.780 228 228 I MediaCodecsXmlParser: limit: max-channel-count = 8
01-01 00:00:08.780 228 228 I MediaCodecsXmlParser: limit: sample-rate-ranges = 8000-96000
01-01 00:00:08.780 228 228 I MediaCodecsXmlParser: limit: bitrate-range = 32000-500000
01-01 00:00:08.780 228 228 I MediaCodecsXmlParser: limit: max-channel-count = 8
01-01 00:00:08.780 228 228 I MediaCodecsXmlParser: limit: sample-rate-ranges = 48000
01-01 00:00:08.780 228 228 I MediaCodecsXmlParser: limit: bitrate-range = 6000-510000
01-01 00:00:08.780 228 228 I MediaCodecsXmlParser: limit: max-channel-count = 8
01-01 00:00:08.780 228 228 I MediaCodecsXmlParser: limit: sample-rate-ranges = 8000-192000
01-01 00:00:08.780 228 228 I MediaCodecsXmlParser: limit: bitrate-range = 1-10000000
01-01 00:00:08.780 228 228 I MediaCodecsXmlParser: limit: max-channel-count = 8
01-01 00:00:08.780 228 228 I MediaCodecsXmlParser: limit: sample-rate-ranges = 1-655350
01-01 00:00:08.780 228 228 I MediaCodecsXmlParser: limit: bitrate-range = 1-21000000
01-01 00:00:08.781 228 228 I MediaCodecsXmlParser: limit: max-channel-count = 6
01-01 00:00:08.781 228 228 I MediaCodecsXmlParser: limit: sample-rate-ranges = 8000,11025,12000,16000,22050,24000,32000,44100,48000
