01-01 00:00:08.781 228 228 I MediaCodecsXmlParser: limit: bitrate-range = 8000-960000
01-01 00:00:08.781 228 228 I MediaCodecsXmlParser: limit: max-channel-count = 1
01-01 00:00:08.781 228 228 I MediaCodecsXmlParser: limit: sample-rate-ranges = 8000
01-01 00:00:08.781 228 228 I MediaCodecsXmlParser: limit: bitrate-range = 4750-12200
01-01 00:00:08.781 228 228 I MediaCodecsXmlParser: limit: feature-bitrate-modes = CBR
01-01 00:00:08.781 228 228 I MediaCodecsXmlParser: limit: max-channel-count = 1
01-01 00:00:08.781 228 228 I MediaCodecsXmlParser: limit: sample-rate-ranges = 16000
01-01 00:00:08.781 228 228 I MediaCodecsXmlParser: limit: bitrate-range = 6600-23850
01-01 00:00:08.781 228 228 I MediaCodecsXmlParser: limit: feature-bitrate-modes = CBR
01-01 00:00:08.782 228 228 I MediaCodecsXmlParser: limit: max-channel-count = 2
01-01 00:00:08.782 228 228 I MediaCodecsXmlParser: limit: sample-rate-ranges = 1-655350
01-01 00:00:08.782 228 228 I MediaCodecsXmlParser: limit: bitrate-range = 1-21000000
01-01 00:00:08.782 228 228 I MediaCodecsXmlParser: limit: complexity-default = 5
01-01 00:00:08.782 228 228 I MediaCodecsXmlParser: limit: complexity-range = 0-8
01-01 00:00:08.782 228 228 I MediaCodecsXmlParser: limit: feature-bitrate-modes = CQ
01-01 00:00:08.782 228 228 I MediaCodecsXmlParser: limit: max-channel-count = 2
01-01 00:00:08.782 228 228 I MediaCodecsXmlParser: limit: sample-rate-ranges = 8000,12000,16000,24000,48000
01-01 00:00:08.782 228 228 I MediaCodecsXmlParser: limit: bitrate-range = 500-512000
01-01 00:00:08.782 228 228 I MediaCodecsXmlParser: limit: complexity-default = 5
01-01 00:00:08.782 228 228 I MediaCodecsXmlParser: limit: complexity-range = 0-10
01-01 00:00:08.782 228 228 I MediaCodecsXmlParser: limit: feature-bitrate-modes = CBR
01-01 00:00:08.782 228 228 D MediaCodecsXmlParser: parsing /vendor/etc/media_codecs_google_c2_video.xml...
01-01 00:00:08.786 140 140 I hwservicemanager: getTransport: Cannot find entry android.hardware.soundtrigger@2.2::ISoundTriggerHw/default in either framework or device manifest.
01-01 00:00:08.787 183 183 E audiohalservice: Could not get passthrough implementation for android.hardware.soundtrigger@2.2::ISoundTriggerHw/default.
01-01 00:00:08.788 228 228 I MediaCodecsXmlParser: limit: size-range = 2x2-352x288
01-01 00:00:08.788 228 228 I MediaCodecsXmlParser: limit: alignment = 2x2
01-01 00:00:08.788 228 228 I MediaCodecsXmlParser: limit: block-size = 16x16
01-01 00:00:08.788 228 228 I MediaCodecsXmlParser: limit: blocks-per-second-range = 12-11880
01-01 00:00:08.788 228 228 I MediaCodecsXmlParser: limit: bitrate-range = 1-384000
01-01 00:00:08.788 228 228 I MediaCodecsXmlParser: limit: feature-adaptive-playback = 0
01-01 00:00:08.792 228 228 I MediaCodecsXmlParser: limit: size-range = 2x2-352x288
01-01 00:00:08.792 228 228 I MediaCodecsXmlParser: limit: alignment = 2x2
01-01 00:00:08.792 228 228 I MediaCodecsXmlParser: limit: bitrate-range = 1-384000
01-01 00:00:08.792 228 228 I MediaCodecsXmlParser: limit: feature-adaptive-playback = 0
01-01 00:00:08.792 228 228 I MediaCodecsXmlParser: limit: size-range = 2x2-4080x4080
01-01 00:00:08.792 228 228 I MediaCodecsXmlParser: limit: alignment = 2x2
01-01 00:00:08.792 228 228 I MediaCodecsXmlParser: limit: block-size = 16x16
01-01 00:00:08.793 228 228 I MediaCodecsXmlParser: limit: block-count-range = 1-32768
01-01 00:00:08.793 228 228 I MediaCodecsXmlParser: limit: blocks-per-second-range = 1-1966080
01-01 00:00:08.793 228 228 I MediaCodecsXmlParser: limit: bitrate-range = 1-48000000
01-01 00:00:08.793 228 228 I MediaCodecsXmlParser: limit: feature-adaptive-playback = 0
01-01 00:00:08.793 228 228 I MediaCodecsXmlParser: limit: size-range = 2x2-4096x4096
01-01 00:00:08.793 228 228 I MediaCodecsXmlParser: limit: alignment = 2x2
01-01 00:00:08.793 228 228 I MediaCodecsXmlParser: limit: block-size = 8x8
01-01 00:00:08.793 228 228 I MediaCodecsXmlParser: limit: block-count-range = 1-196608
01-01 00:00:08.793 228 228 I MediaCodecsXmlParser: limit: blocks-per-second-range = 1-2000000
01-01 00:00:08.793 228 228 I MediaCodecsXmlParser: limit: bitrate-range = 1-10000000
01-01 00:00:08.793 228 228 I MediaCodecsXmlParser: limit: feature-adaptive-playback = 0
01-01 00:00:08.793 228 228 I MediaCodecsXmlParser: limit: size-range = 2x2-2048x2048
01-01 00:00:08.793 228 228 I MediaCodecsXmlParser: limit: alignment = 2x2
01-01 00:00:08.793 228 228 I MediaCodecsXmlParser: limit: block-size = 16x16
01-01 00:00:08.804 228 228 I MediaCodecsXmlParser: limit: block-count-range = 1-16384
01-01 00:00:08.804 228 228 I MediaCodecsXmlParser: limit: blocks-per-second-range = 1-1000000
01-01 00:00:08.804 228 228 I MediaCodecsXmlParser: limit: bitrate-range = 1-40000000
01-01 00:00:08.804 228 228 I MediaCodecsXmlParser: limit: feature-adaptive-playback = 0
01-01 00:00:08.804 228 228 I MediaCodecsXmlParser: limit: size-range = 2x2-2048x2048
01-01 00:00:08.804 228 228 I MediaCodecsXmlParser: limit: alignment = 2x2
01-01 00:00:08.804 228 228 I MediaCodecsXmlParser: limit: block-size = 16x16
01-01 00:00:08.805 228 228 I MediaCodecsXmlParser: limit: block-count-range = 1-16384
01-01 00:00:08.805 228 228 I MediaCodecsXmlParser: limit: blocks-per-second-range = 1-500000
01-01 00:00:08.805 228 228 I MediaCodecsXmlParser: limit: bitrate-range = 1-40000000
01-01 00:00:08.805 228 228 I MediaCodecsXmlParser: limit: feature-adaptive-playback = 0
01-01 00:00:08.805 228 228 I MediaCodecsXmlParser: limit: size-range = 96x96-1920x1080
01-01 00:00:08.805 228 228 I MediaCodecsXmlParser: limit: alignment = 2x2
01-01 00:00:08.805 228 228 I MediaCodecsXmlParser: limit: block-size = 16x16
01-01 00:00:08.805 228 228 I MediaCodecsXmlParser: limit: blocks-per-second-range = 24-2073600
01-01 00:00:08.805 228 228 I MediaCodecsXmlParser: limit: bitrate-range = 1-120000000
01-01 00:00:08.805 228 228 I MediaCodecsXmlParser: limit: frame-rate-range = 1-60
01-01 00:00:08.805 228 228 I MediaCodecsXmlParser: limit: feature-adaptive-playback = 0
01-01 00:00:08.805 228 228 I MediaCodecsXmlParser: limit: size-range = 176x144-176x144
01-01 00:00:08.806 228 228 I MediaCodecsXmlParser: limit: alignment = 16x16
01-01 00:00:08.806 228 228 I MediaCodecsXmlParser: limit: bitrate-range = 1-128000
01-01 00:00:08.806 228 228 I MediaCodecsXmlParser: limit: size-range = 16x16-2048x2048
01-01 00:00:08.806 228 228 I MediaCodecsXmlParser: limit: alignment = 2x2
01-01 00:00:08.806 228 228 I MediaCodecsXmlParser: limit: block-size = 16x16
01-01 00:00:08.806 228 228 I MediaCodecsXmlParser: limit: block-count-range = 1-8192
01-01 00:00:08.806 228 228 I MediaCodecsXmlParser: limit: blocks-per-second-range = 1-245760
01-01 00:00:08.806 228 228 I MediaCodecsXmlParser: limit: bitrate-range = 1-12000000
01-01 00:00:08.806 228 228 I MediaCodecsXmlParser: limit: feature-intra-refresh = 0
01-01 00:00:08.806 228 228 I MediaCodecsXmlParser: limit: size-range = 2x2-512x512
01-01 00:00:08.806 228 228 I MediaCodecsXmlParser: limit: alignment = 2x2
01-01 00:00:08.806 228 228 I MediaCodecsXmlParser: limit: block-size = 8x8
01-01 00:00:08.806 228 228 I MediaCodecsXmlParser: limit: block-count-range = 1-4096
01-01 00:00:08.806 228 228 I MediaCodecsXmlParser: limit: blocks-per-second-range = 1-122880
01-01 00:00:08.806 228 228 I MediaCodecsXmlParser: limit: frame-rate-range = 1-120
01-01 00:00:08.806 228 228 I MediaCodecsXmlParser: limit: bitrate-range = 1-10000000
01-01 00:00:08.806 228 228 I MediaCodecsXmlParser: limit: complexity-default = 0
01-01 00:00:08.807 228 228 I MediaCodecsXmlParser: limit: complexity-range = 0-10
01-01 00:00:08.807 228 228 I MediaCodecsXmlParser: limit: quality-scale = linear
01-01 00:00:08.807 228 228 I MediaCodecsXmlParser: limit: quality-default = 80
01-01 00:00:08.807 228 228 I MediaCodecsXmlParser: limit: quality-range = 0-100
01-01 00:00:08.807 228 228 I MediaCodecsXmlParser: limit: feature-bitrate-modes = VBR,CBR,CQ
01-01 00:00:08.807 228 228 I MediaCodecsXmlParser: limit: size-range = 16x16-176x144
01-01 00:00:08.807 228 228 I MediaCodecsXmlParser: limit: alignment = 16x16
01-01 00:00:08.807 228 228 I MediaCodecsXmlParser: limit: block-size = 16x16
01-01 00:00:08.807 228 228 I MediaCodecsXmlParser: limit: blocks-per-second-range = 12-1485
01-01 00:00:08.807 228 228 I MediaCodecsXmlParser: limit: bitrate-range = 1-64000
01-01 00:00:08.807 228 228 I MediaCodecsXmlParser: limit: size-range = 2x2-2048x2048
01-01 00:00:08.807 228 228 I MediaCodecsXmlParser: limit: alignment = 2x2
01-01 00:00:08.812 177 177 I AndroidRuntime: Using default boot image
01-01 00:00:08.812 177 177 I AndroidRuntime: Leaving lock profiling enabled
01-01 00:00:08.807 228 228 I MediaCodecsXmlParser: limit: block-size = 16x16
01-01 00:00:08.816 228 228 I MediaCodecsXmlParser: limit: block-count-range = 1-16384
01-01 00:00:08.816 228 228 I MediaCodecsXmlParser: limit: bitrate-range = 1-40000000
01-01 00:00:08.816 228 228 I MediaCodecsXmlParser: limit: feature-bitrate-modes = VBR,CBR
01-01 00:00:08.816 228 228 I MediaCodecsXmlParser: limit: size-range = 2x2-2048x2048
01-01 00:00:08.816 228 228 I MediaCodecsXmlParser: limit: alignment = 2x2
01-01 00:00:08.816 228 228 I MediaCodecsXmlParser: limit: block-size = 16x16
01-01 00:00:08.816 228 228 I MediaCodecsXmlParser: limit: block-count-range = 1-3600
01-01 00:00:08.816 228 228 I MediaCodecsXmlParser: limit: bitrate-range = 1-40000000
01-01 00:00:08.816 228 228 I MediaCodecsXmlParser: limit: feature-bitrate-modes = VBR,CBR
01-01 00:00:08.816 228 228 D MediaCodecsXmlParser: parsing /vendor/etc/media_codecs_google_c2_tv.xml...
01-01 00:00:08.823 228 228 I MediaCodecsXmlParser: limit: size-range = 16x16-1920x1088
01-01 00:00:08.823 228 228 I MediaCodecsXmlParser: limit: alignment = 2x2
01-01 00:00:08.823 228 228 I MediaCodecsXmlParser: limit: block-size = 16x16
01-01 00:00:08.823 228 228 I MediaCodecsXmlParser: limit: blocks-per-second-range = 1-244800
01-01 00:00:08.823 228 228 I MediaCodecsXmlParser: limit: bitrate-range = 1-20000000
01-01 00:00:08.823 228 228 I MediaCodecsXmlParser: limit: feature-adaptive-playback = 0
01-01 00:00:08.825 140 140 I hwservicemanager: getTransport: Cannot find entry android.hardware.soundtrigger@2.1::ISoundTriggerHw/default in either framework or device manifest.
01-01 00:00:08.825 183 183 E audiohalservice: Could not get passthrough implementation for android.hardware.soundtrigger@2.1::ISoundTriggerHw/default.
01-01 00:00:08.826 177 177 I zygote64: option[0]=-Xzygote
01-01 00:00:08.826 177 177 I zygote64: option[1]=exit
01-01 00:00:08.826 177 177 I zygote64: option[2]=vfprintf
01-01 00:00:08.826 177 177 I zygote64: option[3]=sensitiveThread
01-01 00:00:08.826 177 177 I zygote64: option[4]=-verbose:gc
01-01 00:00:08.826 177 177 I zygote64: option[5]=-Xms8m
01-01 00:00:08.826 140 140 I hwservicemanager: getTransport: Cannot find entry android.hardware.soundtrigger@2.0::ISoundTriggerHw/default in either framework or device manifest.
01-01 00:00:08.826 177 177 I zygote64: option[6]=-Xmx384m
01-01 00:00:08.826 177 177 I zygote64: option[7]=-XX:HeapGrowthLimit=80m
01-01 00:00:08.826 177 177 I zygote64: option[8]=-XX:HeapMinFree=512k
01-01 00:00:08.826 177 177 I zygote64: option[9]=-XX:HeapMaxFree=8m
01-01 00:00:08.826 177 177 I zygote64: option[10]=-XX:HeapTargetUtilization=0.75
01-01 00:00:08.826 177 177 I zygote64: option[11]=-Xusejit:true
01-01 00:00:08.826 177 177 I zygote64: option[12]=-Xjitsaveprofilinginfo
01-01 00:00:08.827 177 177 I zygote64: option[13]=-XjdwpOptions:suspend=n,server=y
01-01 00:00:08.827 177 177 I zygote64: option[14]=-XjdwpProvider:default
01-01 00:00:08.827 177 177 I zygote64: option[15]=-Xlockprofthreshold:500
01-01 00:00:08.827 177 177 I zygote64: option[16]=-Ximage-compiler-option
01-01 00:00:08.827 177 177 I zygote64: option[17]=--runtime-arg
01-01 00:00:08.827 177 177 I zygote64: option[18]=-Ximage-compiler-option
01-01 00:00:08.827 177 177 I zygote64: option[19]=-Xms64m
01-01 00:00:08.827 177 177 I zygote64: option[20]=-Ximage-compiler-option
01-01 00:00:08.827 177 177 I zygote64: option[21]=--runtime-arg
01-01 00:00:08.827 183 183 E audiohalservice: Could not get passthrough implementation for android.hardware.soundtrigger@2.0::ISoundTriggerHw/default.
01-01 00:00:08.827 177 177 I zygote64: option[22]=-Ximage-compiler-option
01-01 00:00:08.827 183 183 W audiohalservice: Could not register soundtrigger API 2.0, 2.1 nor 2.2
01-01 00:00:08.827 177 177 I zygote64: option[23]=-Xmx64m
01-01 00:00:08.827 177 177 I zygote64: option[24]=-Ximage-compiler-option
01-01 00:00:08.827 177 177 I zygote64: option[25]=--profile-file=/system/etc/boot-image.prof
01-01 00:00:08.827 177 177 I zygote64: option[26]=-Ximage-compiler-option
01-01 00:00:08.827 177 177 I zygote64: option[27]=--compiler-filter=speed-profile
01-01 00:00:08.827 177 177 I zygote64: option[28]=-Xcompiler-option
01-01 00:00:08.827 177 177 I zygote64: option[29]=--runtime-arg
01-01 00:00:08.827 177 177 I zygote64: option[30]=-Xcompiler-option
01-01 00:00:08.827 177 177 I zygote64: option[31]=-Xms64m
01-01 00:00:08.827 177 177 I zygote64: option[32]=-Xcompiler-option
01-01 00:00:08.827 177 177 I zygote64: option[33]=--runtime-arg
01-01 00:00:08.827 177 177 I zygote64: option[34]=-Xcompiler-option
01-01 00:00:08.827 177 177 I zygote64: option[35]=-Xmx512m
01-01 00:00:08.827 177 177 I zygote64: option[36]=-Ximage-compiler-option
01-01 00:00:08.827 177 177 I zygote64: option[37]=--instruction-set-variant=cortex-a72
01-01 00:00:08.827 177 177 I zygote64: option[38]=-Xcompiler-option
01-01 00:00:08.827 177 177 I zygote64: option[39]=--instruction-set-variant=cortex-a72
01-01 00:00:08.827 177 177 I zygote64: option[40]=-Ximage-compiler-option
01-01 00:00:08.828 177 177 I zygote64: option[41]=--instruction-set-features=default
01-01 00:00:08.828 177 177 I zygote64: option[42]=-Xcompiler-option
01-01 00:00:08.828 177 177 I zygote64: option[43]=--instruction-set-features=default
01-01 00:00:08.828 177 177 I zygote64: option[44]=-Duser.locale=en-US
01-01 00:00:08.828 177 177 I zygote64: option[45]=--cpu-abilist=arm64-v8a
01-01 00:00:08.828 177 177 I zygote64: option[46]=-Xcompiler-option
01-01 00:00:08.828 140 140 I hwservicemanager: getTransport: Cannot find entry android.hardware.bluetooth.audio@2.0::IBluetoothAudioProvidersFactory/default in either framework or device manifest.
01-01 00:00:08.828 177 177 I zygote64: option[47]=--generate-mini-debug-info
01-01 00:00:08.828 177 177 I zygote64: option[48]=-Xcore-platform-api-policy:just-warn
01-01 00:00:08.828 177 177 I zygote64: option[49]=-Xfingerprint:Raspberry/omni_rpi4/rpi4:10/QKQ1.190716.003/1910071200:userdebug/release-keys
01-01 00:00:08.828 183 183 E audiohalservice: Could not get passthrough implementation for android.hardware.bluetooth.audio@2.0::IBluetoothAudioProvidersFactory/default.
01-01 00:00:08.828 183 183 W audiohalservice: Could not register Bluetooth Audio API 2.0
01-01 00:00:08.830 140 140 I hwservicemanager: getTransport: Cannot find entry android.hardware.bluetooth.a2dp@1.0::IBluetoothAudioOffload/default in either framework or device manifest.
01-01 00:00:08.830 183 183 E audiohalservice: Could not get passthrough implementation for android.hardware.bluetooth.a2dp@1.0::IBluetoothAudioOffload/default.
01-01 00:00:08.830 183 183 W audiohalservice: Could not register Bluetooth audio offload 1.0
01-01 00:00:08.833 228 228 D MediaCodecsXmlParser: Cannot find
01-01 00:00:08.834 228 228 D MediaCodecsXmlParser: Cannot find /data/misc/media/media_codecs_profiling_results.xml
01-01 00:00:08.841 228 228 I ServiceManagement: Registered android.hardware.media.omx@1.0::IOmx/default (start delay of 2141ms)
01-01 00:00:08.842 228 228 I ServiceManagement: Removing namespace from process name android.hardware.media.omx@1.0-service to omx@1.0-service.
01-01 00:00:08.842 228 228 I media.codec: IOmx HAL service created.
01-01 00:00:08.843 228 228 I MediaCodecsXmlParser: getVendorXmlPath (/vendor/etc/media_codecs.xml)
01-01 00:00:08.843 228 228 D MediaCodecsXmlParser: parsing /vendor/etc/media_codecs.xml...
01-01 00:00:08.843 228 228 D MediaCodecsXmlParser: parsing /vendor/etc/media_codecs_google_c2_audio.xml...
01-01 00:00:08.852 228 228 I MediaCodecsXmlParser: limit: max-channel-count = 2
01-01 00:00:08.852 228 228 I MediaCodecsXmlParser: limit: sample-rate-ranges = 8000,11025,12000,16000,22050,24000,32000,44100,48000
01-01 00:00:08.852 228 228 I MediaCodecsXmlParser: limit: bitrate-range = 8000-320000
01-01 00:00:08.852 228 228 I MediaCodecsXmlParser: limit: max-channel-count = 1
01-01 00:00:08.852 228 228 I MediaCodecsXmlParser: limit: sample-rate-ranges = 8000
01-01 00:00:08.852 228 228 I MediaCodecsXmlParser: limit: bitrate-range = 4750-12200
01-01 00:00:08.852 228 228 I MediaCodecsXmlParser: limit: max-channel-count = 1
01-01 00:00:08.853 228 228 I MediaCodecsXmlParser: limit: sample-rate-ranges = 16000
01-01 00:00:08.853 228 228 I MediaCodecsXmlParser: limit: bitrate-range = 6600-23850
01-01 00:00:08.853 228 228 I MediaCodecsXmlParser: limit: max-channel-count = 8
01-01 00:00:08.853 228 228 I MediaCodecsXmlParser: limit: sample-rate-ranges = 7350,8000,11025,12000,16000,22050,24000,32000,44100,48000
01-01 00:00:08.853 228 228 I MediaCodecsXmlParser: limit: bitrate-range = 8000-960000
01-01 00:00:08.853 228 228 I MediaCodecsXmlParser: limit: max-channel-count = 1
01-01 00:00:08.853 228 228 I MediaCodecsXmlParser: limit: sample-rate-ranges = 8000-48000
01-01 00:00:08.853 228 228 I MediaCodecsXmlParser: limit: bitrate-range = 64000
01-01 00:00:08.853 228 228 I MediaCodecsXmlParser: limit: max-channel-count = 1
01-01 00:00:08.853 228 228 I MediaCodecsXmlParser: limit: sample-rate-ranges = 8000-48000
01-01 00:00:08.853 228 228 I MediaCodecsXmlParser: limit: bitrate-range = 64000
01-01 00:00:08.853 228 228 I MediaCodecsXmlParser: limit: max-channel-count = 8
01-01 00:00:08.853 228 228 I MediaCodecsXmlParser: limit: sample-rate-ranges = 8000-96000
01-01 00:00:08.853 228 228 I MediaCodecsXmlParser: limit: bitrate-range = 32000-500000
01-01 00:00:08.854 228 228 I MediaCodecsXmlParser: limit: max-channel-count = 8
01-01 00:00:08.854 228 228 I MediaCodecsXmlParser: limit: sample-rate-ranges = 48000
01-01 00:00:08.854 228 228 I MediaCodecsXmlParser: limit: bitrate-range = 6000-510000
01-01 00:00:08.854 228 228 I MediaCodecsXmlParser: limit: max-channel-count = 8
01-01 00:00:08.854 228 228 I MediaCodecsXmlParser: limit: sample-rate-ranges = 8000-192000
01-01 00:00:08.854 228 228 I MediaCodecsXmlParser: limit: bitrate-range = 1-10000000
01-01 00:00:08.854 228 228 I MediaCodecsXmlParser: limit: max-channel-count = 8
01-01 00:00:08.854 228 228 I MediaCodecsXmlParser: limit: sample-rate-ranges = 1-655350
01-01 00:00:08.854 228 228 I MediaCodecsXmlParser: limit: bitrate-range = 1-21000000
01-01 00:00:08.854 228 228 I MediaCodecsXmlParser: limit: max-channel-count = 6
01-01 00:00:08.854 228 228 I MediaCodecsXmlParser: limit: sample-rate-ranges = 8000,11025,12000,16000,22050,24000,32000,44100,48000
01-01 00:00:08.854 228 228 I MediaCodecsXmlParser: limit: bitrate-range = 8000-960000
01-01 00:00:08.855 228 228 I MediaCodecsXmlParser: limit: max-channel-count = 1
01-01 00:00:08.855 228 228 I MediaCodecsXmlParser: limit: sample-rate-ranges = 8000
01-01 00:00:08.855 228 228 I MediaCodecsXmlParser: limit: bitrate-range = 4750-12200
01-01 00:00:08.855 228 228 I MediaCodecsXmlParser: limit: feature-bitrate-modes = CBR
01-01 00:00:08.855 228 228 I MediaCodecsXmlParser: limit: max-channel-count = 1
01-01 00:00:08.855 228 228 I MediaCodecsXmlParser: limit: sample-rate-ranges = 16000
01-01 00:00:08.855 228 228 I MediaCodecsXmlParser: limit: bitrate-range = 6600-23850
01-01 00:00:08.855 228 228 I MediaCodecsXmlParser: limit: feature-bitrate-modes = CBR
01-01 00:00:08.855 228 228 I MediaCodecsXmlParser: limit: max-channel-count = 2
01-01 00:00:08.855 228 228 I MediaCodecsXmlParser: limit: sample-rate-ranges = 1-655350
01-01 00:00:08.855 228 228 I MediaCodecsXmlParser: limit: bitrate-range = 1-21000000
01-01 00:00:08.855 228 228 I MediaCodecsXmlParser: limit: complexity-default = 5
01-01 00:00:08.855 228 228 I MediaCodecsXmlParser: limit: complexity-range = 0-8
01-01 00:00:08.855 228 228 I MediaCodecsXmlParser: limit: feature-bitrate-modes = CQ
01-01 00:00:08.855 228 228 I MediaCodecsXmlParser: limit: max-channel-count = 2
01-01 00:00:08.857 177 177 I zygote64: Core platform API reporting enabled, enforcing=false
01-01 00:00:08.868 228 228 I MediaCodecsXmlParser: limit: sample-rate-ranges = 8000,12000,16000,24000,48000
01-01 00:00:08.868 228 228 I MediaCodecsXmlParser: limit: bitrate-range = 500-512000
01-01 00:00:08.868 228 228 I MediaCodecsXmlParser: limit: complexity-default = 5
01-01 00:00:08.868 228 228 I MediaCodecsXmlParser: limit: complexity-range = 0-10
01-01 00:00:08.868 228 228 I MediaCodecsXmlParser: limit: feature-bitrate-modes = CBR
01-01 00:00:08.868 228 228 D MediaCodecsXmlParser: parsing /vendor/etc/media_codecs_google_c2_video.xml...
01-01 00:00:08.868 228 228 I MediaCodecsXmlParser: limit: size-range = 2x2-352x288
01-01 00:00:08.869 228 228 I MediaCodecsXmlParser: limit: alignment = 2x2
01-01 00:00:08.869 228 228 I MediaCodecsXmlParser: limit: block-size = 16x16
01-01 00:00:08.869 228 228 I MediaCodecsXmlParser: limit: blocks-per-second-range = 12-11880
01-01 00:00:08.869 228 228 I MediaCodecsXmlParser: limit: bitrate-range = 1-384000
01-01 00:00:08.869 228 228 I MediaCodecsXmlParser: limit: feature-adaptive-playback = 0
01-01 00:00:08.869 228 228 I MediaCodecsXmlParser: limit: size-range = 2x2-352x288
01-01 00:00:08.869 228 228 I MediaCodecsXmlParser: limit: alignment = 2x2
01-01 00:00:08.869 228 228 I MediaCodecsXmlParser: limit: bitrate-range = 1-384000
01-01 00:00:08.869 228 228 I MediaCodecsXmlParser: limit: feature-adaptive-playback = 0
01-01 00:00:08.869 228 228 I MediaCodecsXmlParser: limit: size-range = 2x2-4080x4080
01-01 00:00:08.869 228 228 I MediaCodecsXmlParser: limit: alignment = 2x2
01-01 00:00:08.869 228 228 I MediaCodecsXmlParser: limit: block-size = 16x16
01-01 00:00:08.869 228 228 I MediaCodecsXmlParser: limit: block-count-range = 1-32768
01-01 00:00:08.869 228 228 I MediaCodecsXmlParser: limit: blocks-per-second-range = 1-1966080
01-01 00:00:08.869 228 228 I MediaCodecsXmlParser: limit: bitrate-range = 1-48000000
01-01 00:00:08.869 228 228 I MediaCodecsXmlParser: limit: feature-adaptive-playback = 0
01-01 00:00:08.870 228 228 I MediaCodecsXmlParser: limit: size-range = 2x2-4096x4096
01-01 00:00:08.870 228 228 I MediaCodecsXmlParser: limit: alignment = 2x2
01-01 00:00:08.870 228 228 I MediaCodecsXmlParser: limit: block-size = 8x8
01-01 00:00:08.870 228 228 I MediaCodecsXmlParser: limit: block-count-range = 1-196608
01-01 00:00:08.870 228 228 I MediaCodecsXmlParser: limit: blocks-per-second-range = 1-2000000
01-01 00:00:08.870 228 228 I MediaCodecsXmlParser: limit: bitrate-range = 1-10000000
01-01 00:00:08.870 228 228 I MediaCodecsXmlParser: limit: feature-adaptive-playback = 0
01-01 00:00:08.870 228 228 I MediaCodecsXmlParser: limit: size-range = 2x2-2048x2048
01-01 00:00:08.870 228 228 I MediaCodecsXmlParser: limit: alignment = 2x2
01-01 00:00:08.870 228 228 I MediaCodecsXmlParser: limit: block-size = 16x16
01-01 00:00:08.870 228 228 I MediaCodecsXmlParser: limit: block-count-range = 1-16384
01-01 00:00:08.870 228 228 I MediaCodecsXmlParser: limit: blocks-per-second-range = 1-1000000
01-01 00:00:08.870 228 228 I MediaCodecsXmlParser: limit: bitrate-range = 1-40000000
01-01 00:00:08.870 228 228 I MediaCodecsXmlParser: limit: feature-adaptive-playback = 0
01-01 00:00:08.870 228 228 I MediaCodecsXmlParser: limit: size-range = 2x2-2048x2048
01-01 00:00:08.876 228 228 I MediaCodecsXmlParser: limit: alignment = 2x2
01-01 00:00:08.876 228 228 I MediaCodecsXmlParser: limit: block-size = 16x16
01-01 00:00:08.876 228 228 I MediaCodecsXmlParser: limit: block-count-range = 1-16384
01-01 00:00:08.876 226 243 I ServiceManager: Waiting for service 'package_native' on '/dev/binder'...
01-01 00:00:08.876 228 228 I MediaCodecsXmlParser: limit: blocks-per-second-range = 1-500000
01-01 00:00:08.876 228 228 I MediaCodecsXmlParser: limit: bitrate-range = 1-40000000
01-01 00:00:08.876 228 228 I MediaCodecsXmlParser: limit: feature-adaptive-playback = 0
01-01 00:00:08.876 228 228 I MediaCodecsXmlParser: limit: size-range = 96x96-1920x1080
01-01 00:00:08.876 228 228 I MediaCodecsXmlParser: limit: alignment = 2x2
01-01 00:00:08.876 228 228 I MediaCodecsXmlParser: limit: block-size = 16x16
01-01 00:00:08.876 228 228 I MediaCodecsXmlParser: limit: blocks-per-second-range = 24-2073600
01-01 00:00:08.876 228 228 I MediaCodecsXmlParser: limit: bitrate-range = 1-120000000
01-01 00:00:08.876 228 228 I MediaCodecsXmlParser: limit: frame-rate-range = 1-60
01-01 00:00:08.876 228 228 I MediaCodecsXmlParser: limit: feature-adaptive-playback = 0
01-01 00:00:08.877 228 228 I MediaCodecsXmlParser: limit: size-range = 176x144-176x144
01-01 00:00:08.877 228 228 I MediaCodecsXmlParser: limit: alignment = 16x16
01-01 00:00:08.877 228 228 I MediaCodecsXmlParser: limit: bitrate-range = 1-128000
01-01 00:00:08.877 228 228 I MediaCodecsXmlParser: limit: size-range = 16x16-2048x2048
01-01 00:00:08.877 228 228 I MediaCodecsXmlParser: limit: alignment = 2x2
01-01 00:00:08.877 228 228 I MediaCodecsXmlParser: limit: block-size = 16x16
01-01 00:00:08.877 228 228 I MediaCodecsXmlParser: limit: block-count-range = 1-8192
01-01 00:00:08.877 228 228 I MediaCodecsXmlParser: limit: blocks-per-second-range = 1-245760
01-01 00:00:08.877 228 228 I MediaCodecsXmlParser: limit: bitrate-range = 1-12000000
01-01 00:00:08.877 228 228 I MediaCodecsXmlParser: limit: feature-intra-refresh = 0
01-01 00:00:08.877 228 228 I MediaCodecsXmlParser: limit: size-range = 2x2-512x512
01-01 00:00:08.877 228 228 I MediaCodecsXmlParser: limit: alignment = 2x2
01-01 00:00:08.877 228 228 I MediaCodecsXmlParser: limit: block-size = 8x8
01-01 00:00:08.877 228 228 I MediaCodecsXmlParser: limit: block-count-range = 1-4096
01-01 00:00:08.877 228 228 I MediaCodecsXmlParser: limit: blocks-per-second-range = 1-122880
01-01 00:00:08.878 228 228 I MediaCodecsXmlParser: limit: frame-rate-range = 1-120
01-01 00:00:08.878 228 228 I MediaCodecsXmlParser: limit: bitrate-range = 1-10000000
01-01 00:00:08.878 228 228 I MediaCodecsXmlParser: limit: complexity-default = 0
01-01 00:00:08.878 228 228 I MediaCodecsXmlParser: limit: complexity-range = 0-10
01-01 00:00:08.878 228 228 I MediaCodecsXmlParser: limit: quality-scale = linear
01-01 00:00:08.878 228 228 I MediaCodecsXmlParser: limit: quality-default = 80
01-01 00:00:08.878 228 228 I MediaCodecsXmlParser: limit: quality-range = 0-100
01-01 00:00:08.878 228 228 I MediaCodecsXmlParser: limit: feature-bitrate-modes = VBR,CBR,CQ
01-01 00:00:08.878 228 228 I MediaCodecsXmlParser: limit: size-range = 16x16-176x144
01-01 00:00:08.878 228 228 I MediaCodecsXmlParser: limit: alignment = 16x16
01-01 00:00:08.878 228 228 I MediaCodecsXmlParser: limit: block-size = 16x16
01-01 00:00:08.878 228 228 I MediaCodecsXmlParser: limit: blocks-per-second-range = 12-1485
01-01 00:00:08.878 228 228 I MediaCodecsXmlParser: limit: bitrate-range = 1-64000
01-01 00:00:08.878 228 228 I MediaCodecsXmlParser: limit: size-range = 2x2-2048x2048
01-01 00:00:08.878 228 228 I MediaCodecsXmlParser: limit: alignment = 2x2
01-01 00:00:08.878 228 228 I MediaCodecsXmlParser: limit: block-size = 16x16
01-01 00:00:08.879 228 228 I MediaCodecsXmlParser: limit: block-count-range = 1-16384
01-01 00:00:08.879 228 228 I MediaCodecsXmlParser: limit: bitrate-range = 1-40000000
01-01 00:00:08.879 228 228 I MediaCodecsXmlParser: limit: feature-bitrate-modes = VBR,CBR
01-01 00:00:08.879 228 228 I MediaCodecsXmlParser: limit: size-range = 2x2-2048x2048
01-01 00:00:08.879 228 228 I MediaCodecsXmlParser: limit: alignment = 2x2
01-01 00:00:08.879 228 228 I MediaCodecsXmlParser: limit: block-size = 16x16
01-01 00:00:08.879 228 228 I MediaCodecsXmlParser: limit: block-count-range = 1-3600
01-01 00:00:08.879 228 228 I MediaCodecsXmlParser: limit: bitrate-range = 1-40000000
01-01 00:00:08.879 228 228 I MediaCodecsXmlParser: limit: feature-bitrate-modes = VBR,CBR
01-01 00:00:08.879 228 228 D MediaCodecsXmlParser: parsing /vendor/etc/media_codecs_google_c2_tv.xml...
01-01 00:00:08.879 228 228 I MediaCodecsXmlParser: limit: size-range = 16x16-1920x1088
01-01 00:00:08.900 228 228 I MediaCodecsXmlParser: limit: alignment = 2x2
01-01 00:00:08.900 228 228 I MediaCodecsXmlParser: limit: block-size = 16x16
01-01 00:00:08.900 228 228 I MediaCodecsXmlParser: limit: blocks-per-second-range = 1-244800
01-01 00:00:08.900 228 228 I MediaCodecsXmlParser: limit: bitrate-range = 1-20000000
01-01 00:00:08.900 228 228 I MediaCodecsXmlParser: limit: feature-adaptive-playback = 0
01-01 00:00:08.900 228 228 D MediaCodecsXmlParser: Cannot find
01-01 00:00:08.900 228 228 D MediaCodecsXmlParser: Cannot find /data/misc/media/media_codecs_profiling_results.xml
01-01 00:00:08.903 228 228 I ServiceManagement: Registered android.hardware.media.omx@1.0::IOmxStore/default (start delay of 2203ms)
01-01 00:00:08.903 228 228 I ServiceManagement: Removing namespace from process name android.hardware.media.omx@1.0-service to omx@1.0-service.
01-01 00:00:08.977 226 243 I ServiceManager: Waiting for service 'package_native' on '/dev/binder'...
01-01 00:00:08.992 178 178 D AndroidRuntime: >>>>>> START com.android.internal.os.ZygoteInit uid 0 <<<<<<
01-01 00:00:09.079 226 243 I ServiceManager: Waiting for service 'package_native' on '/dev/binder'...
01-01 00:00:09.125 215 215 I cameraserver: ServiceManager: 0xe94231a0
01-01 00:00:09.125 215 215 I CameraService: CameraService started (pid=215)
01-01 00:00:09.125 215 215 I CameraService: CameraService process starting
01-01 00:00:09.126 215 215 W BatteryNotifier: batterystats service unavailable!
01-01 00:00:09.127 215 215 W BatteryNotifier: batterystats service unavailable!
01-01 00:00:09.131 199 199 I SurfaceFlinger: Using HWComposer service: 'default'
01-01 00:00:09.131 199 199 I SurfaceFlinger: SurfaceFlinger is starting
01-01 00:00:09.135 215 215 I : Waiting for activity service
01-01 00:00:09.141 199 199 I SurfaceFlinger: Treble testing override: 'false'
01-01 00:00:09.142 199 199 W SurfaceFlinger: Unable to open libdolphin.so: dlopen failed: library "libdolphin.so" not found.
01-01 00:00:09.142 199 199 E SurfaceFlinger: Unable to open libframeextension.so: dlopen failed: library "libframeextension.so" not found.
01-01 00:00:09.149 178 178 I AndroidRuntime: Using default boot image
01-01 00:00:09.149 178 178 I AndroidRuntime: Leaving lock profiling enabled
01-01 00:00:09.160 199 199 I SurfaceFlinger: SurfaceFlinger's main thread ready to run. Initializing graphics H/W...
01-01 00:00:09.160 199 199 I SurfaceFlinger: Phase offset NS: 1000000
01-01 00:00:09.162 199 199 W SurfaceFlinger: Unable to open libdolphin.so: dlopen failed: library "libdolphin.so" not found.
01-01 00:00:09.163 199 311 W SurfaceFlinger: Ignoring VSYNC request while display is disconnected
01-01 00:00:09.163 199 199 W SurfaceFlinger: Unable to open libdolphin.so: dlopen failed: library "libdolphin.so" not found.
01-01 00:00:09.163 199 311 W SurfaceFlinger: Ignoring VSYNC request while display is disconnected
01-01 00:00:09.164 199 199 W SurfaceFlinger: Unable to open libdolphin.so: dlopen failed: library "libdolphin.so" not found.
01-01 00:00:09.164 199 312 W SurfaceFlinger: Ignoring VSYNC request while display is disconnected
01-01 00:00:09.165 199 199 W SurfaceFlinger: Unable to open libdolphin.so: dlopen failed: library "libdolphin.so" not found.
01-01 00:00:09.165 199 312 W SurfaceFlinger: Ignoring VSYNC request while display is disconnected
01-01 00:00:09.167 199 199 D RenderEngine: RenderEngine GLES Backend
01-01 00:00:09.172 229 229 I /apex/com.android.media.swcodec/bin/mediaswcodec: media swcodec service starting
01-01 00:00:09.180 226 243 I ServiceManager: Waiting for service 'package_native' on '/dev/binder'...
01-01 00:00:09.184 229 229 W /apex/com.android.media.swcodec/bin/mediaswcodec: Could not read additional policy file '/vendor/etc/seccomp_policy/mediaswcodec.policy'
01-01 00:00:09.185 229 229 W /apex/com.android.media.swcodec/bin/mediaswcodec: libminijail[229]: failed to get path of fd 4: No such file or directory
01-01 00:00:09.185 229 229 W /apex/com.android.media.swcodec/bin/mediaswcodec: libminijail[229]: allowing syscall: connect
01-01 00:00:09.185 229 229 W /apex/com.android.media.swcodec/bin/mediaswcodec: libminijail[229]: allowing syscall: fcntl
01-01 00:00:09.186 229 229 W /apex/com.android.media.swcodec/bin/mediaswcodec: libminijail[229]: allowing syscall: sendto
01-01 00:00:09.186 229 229 W /apex/com.android.media.swcodec/bin/mediaswcodec: libminijail[229]: allowing syscall: socket
01-01 00:00:09.186 229 229 W /apex/com.android.media.swcodec/bin/mediaswcodec: libminijail[229]: allowing syscall: writev
01-01 00:00:09.187 229 229 W /apex/com.android.media.swcodec/bin/mediaswcodec: libminijail[229]: logging seccomp filter failures
01-01 00:00:09.190 229 229 I CodecServiceRegistrant: Creating software Codec2 service...
01-01 00:00:09.190 178 178 I zygote : option[0]=-Xzygote
01-01 00:00:09.190 178 178 I zygote : option[1]=exit
01-01 00:00:09.190 178 178 I zygote : option[2]=vfprintf
01-01 00:00:09.190 178 178 I zygote : option[3]=sensitiveThread
01-01 00:00:09.191 178 178 I zygote : option[4]=-verbose:gc
01-01 00:00:09.191 178 178 I zygote : option[5]=-Xms8m
01-01 00:00:09.191 178 178 I zygote : option[6]=-Xmx384m
01-01 00:00:09.191 178 178 I zygote : option[7]=-XX:HeapGrowthLimit=80m
01-01 00:00:09.191 178 178 I zygote : option[8]=-XX:HeapMinFree=512k
01-01 00:00:09.191 178 178 I zygote : option[9]=-XX:HeapMaxFree=8m
01-01 00:00:09.191 178 178 I zygote : option[10]=-XX:HeapTargetUtilization=0.75
01-01 00:00:09.191 178 178 I zygote : option[11]=-Xusejit:true
01-01 00:00:09.191 178 178 I zygote : option[12]=-Xjitsaveprofilinginfo
01-01 00:00:09.191 178 178 I zygote : option[13]=-XjdwpOptions:suspend=n,server=y
01-01 00:00:09.191 178 178 I zygote : option[14]=-XjdwpProvider:default
01-01 00:00:09.191 178 178 I zygote : option[15]=-Xlockprofthreshold:500
01-01 00:00:09.191 178 178 I zygote : option[16]=-Ximage-compiler-option
01-01 00:00:09.191 178 178 I zygote : option[17]=--runtime-arg
01-01 00:00:09.191 178 178 I zygote : option[18]=-Ximage-compiler-option
01-01 00:00:09.191 178 178 I zygote : option[19]=-Xms64m
01-01 00:00:09.191 178 178 I zygote : option[20]=-Ximage-compiler-option
01-01 00:00:09.191 178 178 I zygote : option[21]=--runtime-arg
01-01 00:00:09.191 178 178 I zygote : option[22]=-Ximage-compiler-option
01-01 00:00:09.191 178 178 I zygote : option[23]=-Xmx64m
01-01 00:00:09.191 178 178 I zygote : option[24]=-Ximage-compiler-option
01-01 00:00:09.191 178 178 I zygote : option[25]=--profile-file=/system/etc/boot-image.prof
01-01 00:00:09.191 178 178 I zygote : option[26]=-Ximage-compiler-option
01-01 00:00:09.191 178 178 I zygote : option[27]=--compiler-filter=speed-profile
01-01 00:00:09.191 178 178 I zygote : option[28]=-Xcompiler-option
01-01 00:00:09.191 178 178 I zygote : option[29]=--runtime-arg
01-01 00:00:09.192 178 178 I zygote : option[30]=-Xcompiler-option
01-01 00:00:09.192 178 178 I zygote : option[31]=-Xms64m
01-01 00:00:09.192 178 178 I zygote : option[32]=-Xcompiler-option
01-01 00:00:09.192 178 178 I zygote : option[33]=--runtime-arg
01-01 00:00:09.192 178 178 I zygote : option[34]=-Xcompiler-option
01-01 00:00:09.192 178 178 I zygote : option[35]=-Xmx512m
01-01 00:00:09.192 178 178 I zygote : option[36]=-Ximage-compiler-option
01-01 00:00:09.192 178 178 I zygote : option[37]=--instruction-set-variant=cortex-a72
01-01 00:00:09.192 178 178 I zygote : option[38]=-Xcompiler-option
01-01 00:00:09.192 178 178 I zygote : option[39]=--instruction-set-variant=cortex-a72
01-01 00:00:09.192 178 178 I zygote : option[40]=-Ximage-compiler-option
01-01 00:00:09.192 178 178 I zygote : option[41]=--instruction-set-features=default
01-01 00:00:09.192 178 178 I zygote : option[42]=-Xcompiler-option
01-01 00:00:09.192 178 178 I zygote : option[43]=--instruction-set-features=default
01-01 00:00:09.192 178 178 I zygote : option[44]=-Duser.locale=en-US
01-01 00:00:09.192 178 178 I zygote : option[45]=--cpu-abilist=armeabi-v7a,armeabi
01-01 00:00:09.192 178 178 I zygote : option[46]=-Xcompiler-option
01-01 00:00:09.192 178 178 I zygote : option[47]=--generate-mini-debug-info
01-01 00:00:09.192 178 178 I zygote : option[48]=-Xcore-platform-api-policy:just-warn
01-01 00:00:09.192 178 178 I zygote : option[49]=-Xfingerprint:Raspberry/omni_rpi4/rpi4:10/QKQ1.190716.003/1910071200:userdebug/release-keys
01-01 00:00:09.223 229 229 I ServiceManagement: Registered android.hardware.media.c2@1.0::IComponentStore/software (start delay of 2523ms)
01-01 00:00:09.223 229 229 I CodecServiceRegistrant: Software Codec2 service created.
01-01 00:00:09.247 178 178 I zygote : Core platform API reporting enabled, enforcing=false
01-01 00:00:09.281 226 243 I ServiceManager: Waiting for service 'package_native' on '/dev/binder'...
01-01 00:00:09.312 224 224 I mediaserver: ServiceManager: 0xf4e232a0
01-01 00:00:09.317 222 222 E MediaExtractorFactory: couldn't opendir(/system/lib64/extractors)
01-01 00:00:09.349 199 199 D libEGL : loaded /vendor/lib64/egl/libEGL_swiftshader.so
01-01 00:00:09.368 224 224 W BatteryNotifier: batterystats service unavailable!
01-01 00:00:09.370 224 224 W BatteryNotifier: batterystats service unavailable!
01-01 00:00:09.381 226 243 I ServiceManager: Waiting for service 'package_native' on '/dev/binder'...
01-01 00:00:09.586 226 243 I chatty : uid=0(root) /system/bin/storaged identical 2 lines
01-01 00:00:09.687 226 243 I ServiceManager: Waiting for service 'package_native' on '/dev/binder'...
01-01 00:00:09.722 195 195 I FastMixerState: sMaxFastTracks = 8
01-01 00:00:09.729 195 195 V MediaUtils: physMem: 8188407808
01-01 00:00:09.729 195 195 V MediaUtils: requested limit: 536870912
01-01 00:00:09.729 195 195 I libc : malloc_limit: Allocation limit enabled, max size 536870912 bytes
01-01 00:00:09.730 195 195 I audioserver: ServiceManager: 0x753791fdc0
01-01 00:00:09.731 195 195 W BatteryNotifier: batterystats service unavailable!
01-01 00:00:09.733 140 140 I hwservicemanager: getTransport: Cannot find entry android.hardware.audio@5.0::IDevicesFactory/default in either framework or device manifest.
01-01 00:00:09.736 140 140 I hwservicemanager: getTransport: Cannot find entry android.hardware.audio@4.0::IDevicesFactory/default in either framework or device manifest.
01-01 00:00:09.742 140 140 I hwservicemanager: getTransport: Cannot find entry android.hardware.audio.effect@5.0::IEffectsFactory/default in either framework or device manifest.
01-01 00:00:09.743 140 140 I hwservicemanager: getTransport: Cannot find entry android.hardware.audio.effect@4.0::IEffectsFactory/default in either framework or device manifest.
01-01 00:00:09.758 195 195 I AudioFlinger: Using default 3000 mSec as standby time.
01-01 00:00:09.788 226 243 I ServiceManager: Waiting for service 'package_native' on '/dev/binder'...
01-01 00:00:09.810 195 195 E APM::Serializer: deserialize: Could not parse /odm/etc/audio_policy_configuration.xml document.
01-01 00:00:09.810 195 195 E APM::Serializer: deserialize: Could not parse /vendor/etc/audio/audio_policy_configuration.xml document.
01-01 00:00:09.859 195 195 E APM::AudioPolicyEngine/Config: parse: Could not parse document /vendor/etc/audio_policy_engine_configuration.xml
01-01 00:00:09.860 195 195 W APM::AudioPolicyEngine/Base: loadAudioPolicyEngineConfig: No configuration found, using default matching phone experience.
01-01 00:00:09.860 195 195 E APM::AudioPolicyEngine/Config: parseLegacyVolumeFile: Could not parse document /odm/etc/audio_policy_configuration.xml
01-01 00:00:09.888 226 243 I ServiceManager: Waiting for service 'package_native' on '/dev/binder'...
01-01 00:00:09.894 183 183 D audio_hw_primary: mixer 0 name HDMI Playback Volume
01-01 00:00:09.894 183 183 D audio_hw_primary: mixer 1 name HDMI Playback Switch
01-01 00:00:09.895 183 183 W DeviceHAL: Error from HAL Device in function get_master_volume: Function not implemented
01-01 00:00:09.896 183 183 W DeviceHAL: Error from HAL Device in function get_master_mute: Function not implemented
01-01 00:00:09.896 183 183 W DeviceHAL: Error from HAL Device in function set_master_volume: Function not implemented
01-01 00:00:09.897 183 183 W DeviceHAL: Error from HAL Device in function set_master_mute: Function not implemented
01-01 00:00:09.897 195 195 I AudioFlinger: loadHwModule() Loaded primary audio interface, handle 10
01-01 00:00:09.901 195 195 I AudioFlinger: openOutput() this 0x753792a600, module 10 Device 0x2, SamplingRate 48000, Format 0x000001, Channels 0x3, flags 0x2
01-01 00:00:09.913 195 195 I AudioFlinger: HAL output buffer size 480 frames, normal sink buffer size 960 frames
01-01 00:00:09.917 140 140 I hwservicemanager: getTransport: Cannot find entry android.hardware.audio.effect@5.0::IEffectsFactory/default in either framework or device manifest.
01-01 00:00:09.919 140 140 I hwservicemanager: getTransport: Cannot find entry android.hardware.audio.effect@4.0::IEffectsFactory/default in either framework or device manifest.
01-01 00:00:09.926 183 299 E EffectsConfig: Could not parse effect configuration in any of the default locations.
01-01 00:00:09.926 183 299 E EffectsFactoryConfigLoader: Failed to parse XML configuration file
01-01 00:00:09.926 183 299 W EffectsFactory: Failed to load XML effect configuration, fallback to .conf
01-01 00:00:09.977 195 195 I BufferProvider: found effect "Multichannel Downmix To Stereo" from The Android Open Source Project
01-01 00:00:09.979 195 195 I AudioFlinger: Using module 10 as the primary audio interface
01-01 00:00:09.982 195 326 I AudioFlinger: AudioFlinger's thread 0x75379d02c0 tid=326 ready to run
01-01 00:00:09.986 195 326 W AudioFlinger: no wake lock to update, system not ready yet
01-01 00:00:09.990 226 243 I ServiceManager: Waiting for service 'package_native' on '/dev/binder'...
01-01 00:00:09.990 195 195 V APM_AudioPolicyManager: checkAndSetVolume cannot set volume group 3 volume with force use = 0 for comm
01-01 00:00:09.990 195 326 W AudioFlinger: no wake lock to update, system not ready yet
01-01 00:00:09.998 183 299 W DeviceHAL: Error from HAL Device in function set_voice_volume: Function not implemented
01-01 00:00:09.999 195 195 W AudioFlinger: moveEffects() bad srcOutput 0
01-01 00:00:09.999 195 195 V APM_AudioPolicyManager: selectOutputForMusicEffects selected output 13
01-01 00:00:10.000 195 195 V APM_AudioPolicyManager: setOutputDevices device {type:0x2,@:} delayMs 0
01-01 00:00:10.000 195 195 V APM_AudioPolicyManager: setOutputDevices() prevDevice {type:0x2,@:}
01-01 00:00:10.000 195 195 V APM_AudioPolicyManager: setOutputDevices changing device to {type:0x2,@:}
01-01 00:00:10.002 199 199 D libEGL : loaded /vendor/lib64/egl/libGLESv1_CM_swiftshader.so
01-01 00:00:10.010 199 199 D libEGL : loaded /vendor/lib64/egl/libGLESv2_swiftshader.so
01-01 00:00:10.037 195 195 V APM_AudioPolicyManager: setOutputDevices() AF::createAudioPatch returned 0 patchHandle 12 num_sources 1 num_sinks 1
01-01 00:00:10.045 195 195 V APM_AudioPolicyManager: checkAndSetVolume cannot set volume group 3 volume with force use = 0 for comm
01-01 00:00:10.052 195 195 E APM_AudioPolicyManager: initialize: Input device list is empty!
01-01 00:00:10.066 199 199 I RenderEngine: EGL information:
01-01 00:00:10.066 199 199 I RenderEngine: vendor : Android
01-01 00:00:10.066 199 199 I RenderEngine: version : 1.4 Android META-EGL
01-01 00:00:10.066 199 199 I RenderEngine: extensions: EGL_KHR_get_all_proc_addresses EGL_ANDROID_presentation_time EGL_KHR_swap_buffers_with_damage EGL_ANDROID_get_native_client_buffer EGL_ANDROID_front_buffer_auto_refresh EGL_ANDROID_get_frame_timestamps EGL_EXT_surface_SMPTE2086_metadata EGL_EXT_surface_CTA861_3_metadata EGL_KHR_image_base EGL_KHR_gl_texture_2D_image EGL_KHR_gl_texture_cubemap_image EGL_KHR_gl_renderbuffer_image EGL_KHR_fence_sync EGL_KHR_create_context EGL_KHR_surfaceless_context EGL_ANDROID_recordable
01-01 00:00:10.066 199 199 I RenderEngine: Client API: OpenGL_ES
01-01 00:00:10.066 199 199 I RenderEngine: EGLSurface: 8-8-8-8, config=0x2f
01-01 00:00:10.090 226 243 I ServiceManager: Waiting for service 'package_native' on '/dev/binder'...
01-01 00:00:10.093 199 199 I RenderEngine: OpenGL ES informations:
01-01 00:00:10.093 199 199 I RenderEngine: vendor : Google Inc.
01-01 00:00:10.093 199 199 I RenderEngine: renderer : Google SwiftShader
01-01 00:00:10.093 199 199 I RenderEngine: version : OpenGL ES 3.0 SwiftShader 4.1.0.5
01-01 00:00:10.093 199 199 I RenderEngine: extensions: GL_EXT_debug_marker GL_OES_compressed_ETC1_RGB8_texture GL_OES_depth24 GL_OES_depth32 GL_OES_depth_texture GL_OES_depth_texture_cube_map GL_OES_EGL_image GL_OES_EGL_image_external GL_OES_EGL_image_external_essl3 GL_OES_EGL_sync GL_OES_element_index_uint GL_OES_fbo_render_mipmap GL_OES_framebuffer_object GL_OES_packed_depth_stencil GL_OES_rgb8_rgba8 GL_OES_standard_derivatives GL_OES_surfaceless_context GL_OES_texture_float GL_OES_texture_float_linear GL_OES_texture_half_float GL_OES_texture_half_float_linear GL_OES_texture_npot GL_OES_texture_3D GL_OES_vertex_array_object GL_OES_vertex_half_float GL_EXT_blend_minmax GL_EXT_color_buffer_float GL_EXT_color_buffer_half_float GL_EXT_draw_buffers GL_EXT_instanced_arrays GL_EXT_occlusion_query_boolean GL_EXT_read_format_bgra GL_EXT_texture_compression_dxt1 GL_EXT_texture_filter_anisotropic GL_EXT_texture_format_BGRA8888 GL_EXT_texture_rg GL_ARB_texture_rectangle GL_ANGLE_framebuffer_blit GL_ANGLE_framebuffer_multisample GL_ANGLE_instanced_arrays GL_ANG
01-01 00:00:10.093 199 199 I RenderEngine: GL_MAX_TEXTURE_SIZE = 8192
01-01 00:00:10.093 199 199 I RenderEngine: GL_MAX_VIEWPORT_DIMS = 8192
01-01 00:00:10.100 195 195 I bt_a2dp_hw: adev_open: adev_open in A2dp_hw module
01-01 00:00:10.101 195 195 I AudioFlinger: loadHwModule() Loaded a2dp audio interface, handle 18
01-01 00:00:10.101 195 195 E APM_AudioPolicyManager: initialize: Input device list is empty!
01-01 00:00:10.101 140 140 I hwservicemanager: getTransport: Cannot find entry android.hardware.graphics.mapper@3.0::IMapper/default in either framework or device manifest.
01-01 00:00:10.101 191 191 D ComposerHal: failed to get mapper 3.0 service, falling back to mapper 2.0
01-01 00:00:10.115 140 140 E SELinux : avc: denied { find } for interface=vendor.display.config::IDisplayConfig sid=u:r:surfaceflinger:s0 pid=199 scontext=u:r:surfaceflinger:s0 tcontext=u:object_r:default_android_hwservice:s0 tclass=hwservice_manager permissive=1
01-01 00:00:10.118 140 140 I hwservicemanager: getTransport: Cannot find entry vendor.display.config@1.16::IDisplayConfig/default in either framework or device manifest.
01-01 00:00:10.119 183 299 W DeviceHAL: Error from HAL Device in function set_master_volume: Function not implemented
01-01 00:00:10.119 195 195 I AudioFlinger: loadHwModule() Loaded usb audio interface, handle 26
01-01 00:00:10.119 195 195 E APM_AudioPolicyManager: initialize: Input device list is empty!
01-01 00:00:10.123 199 199 I HWComposer: Switching to legacy multi-display mode
01-01 00:00:10.125 140 140 I hwservicemanager: getTransport: Cannot find entry vendor.display.config@1.12::IDisplayConfig/default in either framework or device manifest.
01-01 00:00:10.130 140 140 I hwservicemanager: getTransport: Cannot find entry vendor.display.config@1.7::IDisplayConfig/default in either framework or device manifest.
01-01 00:00:10.131 140 140 I hwservicemanager: getTransport: Cannot find entry vendor.display.config@1.9::IDisplayConfig/default in either framework or device manifest.
01-01 00:00:10.136 183 299 I r_submix: adev_open(name=audio_hw_if)
01-01 00:00:10.138 183 183 I r_submix: adev_init_check()
01-01 00:00:10.138 183 183 W DeviceHAL: Error from HAL Device in function set_master_volume: Function not implemented
01-01 00:00:10.139 183 183 W DeviceHAL: Error from HAL Device in function set_master_mute: Function not implemented
01-01 00:00:10.139 195 195 I AudioFlinger: loadHwModule() Loaded r_submix audio interface, handle 34
01-01 00:00:10.142 183 183 D r_submix: adev_open_input_stream(addr=0)
01-01 00:00:10.142 183 183 D r_submix: submix_audio_device_create_pipe_l(addr=0, idx=9)
01-01 00:00:10.142 183 183 D r_submix: now using address 0 for route 9
01-01 00:00:10.160 195 330 I AudioFlinger: AudioFlinger's thread 0x74b12c22c0 tid=330 ready to run
01-01 00:00:10.162 183 183 I r_submix: in_standby()
01-01 00:00:10.162 195 330 W AudioFlinger: no wake lock to update, system not ready yet
01-01 00:00:10.162 183 183 I r_submix: in_standby()
01-01 00:00:10.163 195 330 W AudioFlinger: no wake lock to update, system not ready yet
01-01 00:00:10.163 183 183 D r_submix: adev_close_input_stream()
01-01 00:00:10.163 183 183 D r_submix: submix_audio_device_release_pipe_l(idx=9) addr=0
01-01 00:00:10.163 183 183 D r_submix: submix_audio_device_destroy_pipe_l(): pipe destroyed
01-01 00:00:10.166 195 195 E EffectsConfig: Could not parse effect configuration in any of the default locations.
01-01 00:00:10.166 195 195 W AudioPolicyEffects: Failed to load XML effect configuration, fallback to .conf
01-01 00:00:10.167 195 195 I : Waiting for activity service
01-01 00:00:10.191 226 243 I ServiceManager: Waiting for service 'package_native' on '/dev/binder'...
01-01 00:00:10.287 178 178 D ICU : Time zone APEX file found: /apex/com.android.tzdata/etc/icu/icu_tzdata.dat
01-01 00:00:10.291 226 243 I ServiceManager: Waiting for service 'package_native' on '/dev/binder'...
01-01 00:00:10.292 177 177 D ICU : Time zone APEX file found: /apex/com.android.tzdata/etc/icu/icu_tzdata.dat
01-01 00:00:10.392 226 243 I ServiceManager: Waiting for service 'package_native' on '/dev/binder'...
01-01 00:00:10.694 226 243 I chatty : uid=0(root) /system/bin/storaged identical 3 lines
