01-01 00:00:15.631 385 385 E APM_AudioPolicyManager: initialize: Input device list is empty!
01-01 00:00:15.641 389 389 D libEGL : loaded /vendor/lib64/egl/libEGL_swiftshader.so
01-01 00:00:15.643 385 385 I bt_a2dp_hw: adev_open: adev_open in A2dp_hw module
01-01 00:00:15.643 385 385 I AudioFlinger: loadHwModule() Loaded a2dp audio interface, handle 18
01-01 00:00:15.643 385 385 E APM_AudioPolicyManager: initialize: Input device list is empty!
01-01 00:00:15.649 391 398 W DeviceHAL: Error from HAL Device in function set_master_volume: Function not implemented
01-01 00:00:15.650 385 385 I AudioFlinger: loadHwModule() Loaded usb audio interface, handle 26
01-01 00:00:15.650 385 385 E APM_AudioPolicyManager: initialize: Input device list is empty!
01-01 00:00:15.653 391 398 I r_submix: adev_open(name=audio_hw_if)
01-01 00:00:15.655 391 398 I r_submix: adev_init_check()
01-01 00:00:15.656 391 398 W DeviceHAL: Error from HAL Device in function set_master_volume: Function not implemented
01-01 00:00:15.656 391 398 W DeviceHAL: Error from HAL Device in function set_master_mute: Function not implemented
01-01 00:00:15.657 385 385 I AudioFlinger: loadHwModule() Loaded r_submix audio interface, handle 34
01-01 00:00:15.657 391 398 D r_submix: adev_open_input_stream(addr=0)
01-01 00:00:15.657 391 398 D r_submix: submix_audio_device_create_pipe_l(addr=0, idx=9)
01-01 00:00:15.657 391 398 D r_submix: now using address 0 for route 9
01-01 00:00:15.666 226 243 I ServiceManager: Waiting for service 'package_native' on '/dev/binder'...
01-01 00:00:15.669 385 451 I AudioFlinger: AudioFlinger's thread 0x7de519f080 tid=451 ready to run
01-01 00:00:15.670 391 398 I r_submix: in_standby()
01-01 00:00:15.671 385 451 W AudioFlinger: no wake lock to update, system not ready yet
01-01 00:00:15.671 391 398 I r_submix: in_standby()
01-01 00:00:15.673 385 451 W AudioFlinger: no wake lock to update, system not ready yet
01-01 00:00:15.674 391 398 D r_submix: adev_close_input_stream()
01-01 00:00:15.674 391 398 D r_submix: submix_audio_device_release_pipe_l(idx=9) addr=0
01-01 00:00:15.674 391 398 D r_submix: submix_audio_device_destroy_pipe_l(): pipe destroyed
01-01 00:00:15.674 385 385 E EffectsConfig: Could not parse effect configuration in any of the default locations.
01-01 00:00:15.674 385 385 W AudioPolicyEffects: Failed to load XML effect configuration, fallback to .conf
01-01 00:00:15.675 385 385 I : Waiting for activity service
01-01 00:00:15.683 387 387 I mediaserver: ServiceManager: 0xe83232a0
01-01 00:00:15.684 387 387 W BatteryNotifier: batterystats service unavailable!
01-01 00:00:15.685 387 387 W BatteryNotifier: batterystats service unavailable!
01-01 00:00:15.689 389 389 D libEGL : loaded /vendor/lib64/egl/libGLESv1_CM_swiftshader.so
01-01 00:00:15.697 389 389 D libEGL : loaded /vendor/lib64/egl/libGLESv2_swiftshader.so
01-01 00:00:15.745 389 389 I RenderEngine: EGL information:
01-01 00:00:15.746 389 389 I RenderEngine: vendor : Android
01-01 00:00:15.746 389 389 I RenderEngine: version : 1.4 Android META-EGL
01-01 00:00:15.746 389 389 I RenderEngine: extensions: EGL_KHR_get_all_proc_addresses EGL_ANDROID_presentation_time EGL_KHR_swap_buffers_with_damage EGL_ANDROID_get_native_client_buffer EGL_ANDROID_front_buffer_auto_refresh EGL_ANDROID_get_frame_timestamps EGL_EXT_surface_SMPTE2086_metadata EGL_EXT_surface_CTA861_3_metadata EGL_KHR_image_base EGL_KHR_gl_texture_2D_image EGL_KHR_gl_texture_cubemap_image EGL_KHR_gl_renderbuffer_image EGL_KHR_fence_sync EGL_KHR_create_context EGL_KHR_surfaceless_context EGL_ANDROID_recordable
01-01 00:00:15.746 389 389 I RenderEngine: Client API: OpenGL_ES
01-01 00:00:15.746 389 389 I RenderEngine: EGLSurface: 8-8-8-8, config=0x2f
01-01 00:00:15.767 389 389 I RenderEngine: OpenGL ES informations:
01-01 00:00:15.767 389 389 I RenderEngine: vendor : Google Inc.
01-01 00:00:15.767 389 389 I RenderEngine: renderer : Google SwiftShader
01-01 00:00:15.767 389 389 I RenderEngine: version : OpenGL ES 3.0 SwiftShader 4.1.0.5
01-01 00:00:15.767 389 389 I RenderEngine: extensions: GL_EXT_debug_marker GL_OES_compressed_ETC1_RGB8_texture GL_OES_depth24 GL_OES_depth32 GL_OES_depth_texture GL_OES_depth_texture_cube_map GL_OES_EGL_image GL_OES_EGL_image_external GL_OES_EGL_image_external_essl3 GL_OES_EGL_sync GL_OES_element_index_uint GL_OES_fbo_render_mipmap GL_OES_framebuffer_object GL_OES_packed_depth_stencil GL_OES_rgb8_rgba8 GL_OES_standard_derivatives GL_OES_surfaceless_context GL_OES_texture_float GL_OES_texture_float_linear GL_OES_texture_half_float GL_OES_texture_half_float_linear GL_OES_texture_npot GL_OES_texture_3D GL_OES_vertex_array_object GL_OES_vertex_half_float GL_EXT_blend_minmax GL_EXT_color_buffer_float GL_EXT_color_buffer_half_float GL_EXT_draw_buffers GL_EXT_instanced_arrays GL_EXT_occlusion_query_boolean GL_EXT_read_format_bgra GL_EXT_texture_compression_dxt1 GL_EXT_texture_filter_anisotropic GL_EXT_texture_format_BGRA8888 GL_EXT_texture_rg GL_ARB_texture_rectangle GL_ANGLE_framebuffer_blit GL_ANGLE_framebuffer_multisample GL_ANGLE_instanced_arrays GL_ANG
01-01 00:00:15.767 389 389 I RenderEngine: GL_MAX_TEXTURE_SIZE = 8192
01-01 00:00:15.767 389 389 I RenderEngine: GL_MAX_VIEWPORT_DIMS = 8192
01-01 00:00:15.767 226 243 I ServiceManager: Waiting for service 'package_native' on '/dev/binder'...
01-01 00:00:15.770 140 140 I hwservicemanager: getTransport: Cannot find entry android.hardware.graphics.mapper@3.0::IMapper/default in either framework or device manifest.
01-01 00:00:15.771 191 191 D ComposerHal: failed to get mapper 3.0 service, falling back to mapper 2.0
01-01 00:00:15.776 140 140 I hwservicemanager: getTransport: Cannot find entry vendor.display.config@1.16::IDisplayConfig/default in either framework or device manifest.
01-01 00:00:15.777 389 389 I HWComposer: Switching to legacy multi-display mode
01-01 00:00:15.778 140 140 I hwservicemanager: getTransport: Cannot find entry vendor.display.config@1.12::IDisplayConfig/default in either framework or device manifest.
01-01 00:00:15.781 140 140 I hwservicemanager: getTransport: Cannot find entry vendor.display.config@1.7::IDisplayConfig/default in either framework or device manifest.
01-01 00:00:15.782 140 140 I hwservicemanager: getTransport: Cannot find entry vendor.display.config@1.9::IDisplayConfig/default in either framework or device manifest.
01-01 00:00:15.867 226 243 I ServiceManager: Waiting for service 'package_native' on '/dev/binder'...
01-01 00:00:15.904 383 383 E ActivityRecognitionHardware: activity_recognition HAL is deprecated. class_init is effectively a no-op
01-01 00:00:15.968 226 243 I ServiceManager: Waiting for service 'package_native' on '/dev/binder'...
01-01 00:00:15.985 383 383 I zygote64: Thread[1,tid=383,Native,Thread*=0x74e1fcfc00,peer=0x12c02220,"main"] recursive attempt to load library "libmedia_jni.so"
01-01 00:00:15.986 383 383 D MtpDeviceJNI: register_android_mtp_MtpDevice
01-01 00:00:15.986 383 383 I zygote64: Thread[1,tid=383,Native,Thread*=0x74e1fcfc00,peer=0x12c02220,"main"] recursive attempt to load library "libmedia_jni.so"
01-01 00:00:15.986 383 383 I zygote64: Thread[1,tid=383,Native,Thread*=0x74e1fcfc00,peer=0x12c02220,"main"] recursive attempt to load library "libmedia_jni.so"
01-01 00:00:16.004 383 383 W Zygote : Class not found for preloading: android.media.audiopolicy.AudioProductStrategies
01-01 00:00:16.004 383 383 W Zygote : Class not found for preloading: android.media.audiopolicy.AudioVolumeGroups
01-01 00:00:16.068 226 243 I ServiceManager: Waiting for service 'package_native' on '/dev/binder'...
01-01 00:00:16.168 383 383 W Zygote : Class not found for preloading: android.view.-$$Lambda$SurfaceView$Cs7TGTdA1lXf9qW8VOJAfEsMjdk
01-01 00:00:16.169 226 243 I ServiceManager: Waiting for service 'package_native' on '/dev/binder'...
01-01 00:00:16.175 383 383 W Zygote : Class not found for preloading: android.view.SurfaceView$3
01-01 00:00:16.182 383 383 W Zygote : Class not found for preloading: android.view.textclassifier.-$$Lambda$TextClassificationManager$JIaezIJbMig_-kVzN6oArzkTsJE
01-01 00:00:16.203 383 383 W Zygote : Class not found for preloading: com.android.internal.net.NetworkStatsFactory
01-01 00:00:16.211 383 383 W Zygote : Class not found for preloading: com.android.internal.telephony.-$$Lambda$PhoneSubInfoController$8HFbCDJDN1mrLJG980qYH5MGqMk
01-01 00:00:16.211 383 383 W Zygote : Class not found for preloading: com.android.internal.telephony.-$$Lambda$PhoneSubInfoController$U28a_EGx2cvmQhDfRRgonMt5Zrc
01-01 00:00:16.211 383 383 W Zygote : Class not found for preloading: com.android.internal.telephony.-$$Lambda$SubscriptionInfoUpdater$-zZXM9oMRZ3vZz7dJOG19J00Bmw
01-01 00:00:16.212 383 383 W Zygote : Class not found for preloading: com.android.internal.telephony.-$$Lambda$SubscriptionInfoUpdater$D5yF1HbS4cvCyoAj3FESkPtA_0g
01-01 00:00:16.212 383 383 W Zygote : Class not found for preloading: com.android.internal.telephony.-$$Lambda$SubscriptionInfoUpdater$MMx9iQX0JVqqMPLTUZhdBubFSzU
01-01 00:00:16.215 383 383 W Zygote : Class not found for preloading: com.android.internal.telephony.GsmCdmaPhone$3
01-01 00:00:16.217 383 383 W Zygote : Class not found for preloading: com.android.internal.telephony.NewNitzStateMachine$1
01-01 00:00:16.217 383 383 W Zygote : Class not found for preloading: com.android.internal.telephony.NewNitzStateMachine
01-01 00:00:16.218 383 383 W Zygote : Class not found for preloading: com.android.internal.telephony.NewTimeServiceHelper$1
01-01 00:00:16.218 383 383 W Zygote : Class not found for preloading: com.android.internal.telephony.NewTimeServiceHelper$Listener
01-01 00:00:16.218 383 383 W Zygote : Class not found for preloading: com.android.internal.telephony.NewTimeServiceHelper
01-01 00:00:16.218 383 383 W Zygote : Class not found for preloading: com.android.internal.telephony.PhoneConfigurationModels
01-01 00:00:16.221 383 383 W Zygote : Class not found for preloading: com.android.internal.telephony.SubscriptionController$ScLocalLog
01-01 00:00:16.222 383 383 W Zygote : Class not found for preloading: com.android.internal.telephony.UiccSmsController
01-01 00:00:16.223 383 383 W Zygote : Class not found for preloading: com.android.internal.telephony.dataconnection.DcController$2
01-01 00:00:16.225 383 383 W Zygote : Class not found for preloading: com.android.internal.telephony.imsphone.-$$Lambda$ImsPhoneCallTracker$QlPVd_3u4_verjHUDnkn6zaSe54
01-01 00:00:16.226 383 383 W Zygote : Class not found for preloading: com.android.internal.telephony.imsphone.ImsPhone$3
01-01 00:00:16.269 226 243 I ServiceManager: Waiting for service 'package_native' on '/dev/binder'...
01-01 00:00:16.308 383 383 I Zygote : ...preloaded 7579 classes in 928ms.
01-01 00:00:16.308 383 383 I zygote64: VMRuntime.preloadDexCaches starting
01-01 00:00:16.344 389 389 D RenderEngine: shader cache generated - 48 shaders in 561.801208 ms
01-01 00:00:16.345 389 389 E SurfaceFlinger: Failed to create composer extension
01-01 00:00:16.347 389 389 I ServiceManagement: Registered android.frameworks.displayservice@1.0::IDisplayService/default (start delay of 1987ms)
01-01 00:00:16.347 389 389 D SurfaceFlinger: Setting power mode 2 on display 0
01-01 00:00:16.348 389 389 D SurfaceFlinger: Finished setting power mode 2 on display 0
01-01 00:00:16.372 226 243 I ServiceManager: Waiting for service 'package_native' on '/dev/binder'...
01-01 00:00:16.395 383 383 I zygote64: VMRuntime.preloadDexCaches strings total=382902 before=9989 after=9989
01-01 00:00:16.396 383 383 I zygote64: VMRuntime.preloadDexCaches types total=36037 before=7232 after=7500
01-01 00:00:16.396 383 383 I zygote64: VMRuntime.preloadDexCaches fields total=162246 before=8020 after=8221
01-01 00:00:16.396 383 383 I zygote64: VMRuntime.preloadDexCaches methods total=283379 before=10936 after=11368
01-01 00:00:16.396 383 383 I zygote64: VMRuntime.preloadDexCaches finished
01-01 00:00:16.396 383 383 D Zygote64Timing: PreloadClasses took to complete: 1016ms
01-01 00:00:16.399 383 383 I zygote64: The ClassLoaderContext is a special shared library.
01-01 00:00:16.401 383 383 D ApplicationLoaders: Created zygote-cached class loader: /system/framework/android.hidl.base-V1.0-java.jar
01-01 00:00:16.404 383 383 I zygote64: The ClassLoaderContext is a special shared library.
01-01 00:00:16.406 383 383 D ApplicationLoaders: Created zygote-cached class loader: /system/framework/android.hidl.manager-V1.0-java.jar
01-01 00:00:16.406 383 383 D Zygote64Timing: CacheNonBootClasspathClassLoaders took to complete: 10ms
01-01 00:00:16.474 226 243 I ServiceManager: Waiting for service 'package_native' on '/dev/binder'...
01-01 00:00:16.575 226 243 I ServiceManager: Waiting for service 'package_native' on '/dev/binder'...
01-01 00:00:16.586 383 383 I Zygote : Preloading resources...
01-01 00:00:16.605 383 383 W Resources: Preloaded drawable resource #0x108027d (android:drawable/dialog_background_material) that varies with configuration!!
01-01 00:00:16.643 383 383 I Zygote : ...preloaded 64 resources in 57ms.
01-01 00:00:16.654 383 383 I Zygote : ...preloaded 41 resources in 11ms.
01-01 00:00:16.654 383 383 D Zygote64Timing: PreloadResources took to complete: 248ms
01-01 00:00:16.676 226 243 I ServiceManager: Waiting for service 'package_native' on '/dev/binder'...
01-01 00:00:16.695 383 383 D libEGL : loaded /vendor/lib64/egl/libEGL_swiftshader.so
01-01 00:00:16.735 383 383 D libEGL : loaded /vendor/lib64/egl/libGLESv1_CM_swiftshader.so
01-01 00:00:16.744 383 383 D libEGL : loaded /vendor/lib64/egl/libGLESv2_swiftshader.so
01-01 00:00:16.776 226 243 I ServiceManager: Waiting for service 'package_native' on '/dev/binder'...
01-01 00:00:16.796 383 383 I Zygote : Preloading shared libraries...
01-01 00:00:16.806 383 383 I Zygote : Called ZygoteHooks.endPreload()
01-01 00:00:16.808 383 383 I Zygote : Installed AndroidKeyStoreProvider in 2ms.
01-01 00:00:16.823 383 383 I Zygote : Warmed up JCA providers in 15ms.
01-01 00:00:16.823 383 383 D Zygote : end preload
01-01 00:00:16.824 383 383 D Zygote64Timing: ZygotePreload took to complete: 1461ms
01-01 00:00:16.877 226 243 I ServiceManager: Waiting for service 'package_native' on '/dev/binder'...
01-01 00:00:16.888 383 383 I zygote64: Explicit concurrent copying GC freed 63536(3536KB) AllocSpace objects, 17(408KB) LOS objects, 49% free, 2566KB/5132KB, paused 94us total 63.674ms
01-01 00:00:16.942 383 383 I zygote64: Explicit concurrent copying GC freed 6306(214KB) AllocSpace objects, 0(0B) LOS objects, 49% free, 2383KB/4767KB, paused 43us total 45.937ms
01-01 00:00:16.943 383 383 D Zygote64Timing: PostZygoteInitGC took to complete: 118ms
01-01 00:00:16.943 383 383 D Zygote64Timing: ZygoteInit took to complete: 1581ms
01-01 00:00:16.959 458 458 D BootAnimation: BootAnimationStartTiming start time: 16959ms
01-01 00:00:16.959 458 458 D BootAnimation: BootAnimationPreloadTiming start time: 16959ms
01-01 00:00:16.970 458 458 D BootAnimation: BootAnimationPreloadStopTiming start time: 16970ms
01-01 00:00:16.975 140 140 I hwservicemanager: getTransport: Cannot find entry android.hardware.graphics.mapper@3.0::IMapper/default in either framework or device manifest.
01-01 00:00:16.976 389 444 W Gralloc3: mapper 3.x is not supported
01-01 00:00:16.977 226 243 I ServiceManager: Waiting for service 'package_native' on '/dev/binder'...
01-01 00:00:17.018 458 462 D libEGL : loaded /vendor/lib64/egl/libEGL_swiftshader.so
01-01 00:00:17.060 458 462 D libEGL : loaded /vendor/lib64/egl/libGLESv1_CM_swiftshader.so
01-01 00:00:17.069 383 383 D Zygote : Forked child process 463
01-01 00:00:17.069 383 383 I Zygote : System server process 463 has been created
01-01 00:00:17.069 458 462 D libEGL : loaded /vendor/lib64/egl/libGLESv2_swiftshader.so
01-01 00:00:17.072 463 463 I Zygote : seccomp disabled by setenforce 0
01-01 00:00:17.072 383 383 I Zygote : Accepting command socket connections
01-01 00:00:17.080 226 243 I ServiceManager: Waiting for service 'package_native' on '/dev/binder'...
01-01 00:00:17.085 463 463 I system_server: The ClassLoaderContext is a special shared library.
01-01 00:00:17.142 458 462 D BootAnimation: BootAnimationShownTiming start time: 17142ms
01-01 00:00:17.147 463 463 I chatty : uid=1000 system_server identical 1 line
01-01 00:00:17.153 463 463 I system_server: The ClassLoaderContext is a special shared library.
01-01 00:00:17.115 458 458 I BootAnimation: type=1400 audit(0.0:41): avc: denied { search } for name="graphics" dev="tmpfs" ino=11353 scontext=u:r:bootanim:s0 tcontext=u:object_r:graphics_device:s0 tclass=dir permissive=1
01-01 00:00:17.158 463 463 I system_server: The ClassLoaderContext is a special shared library.
01-01 00:00:17.181 226 243 I ServiceManager: Waiting for service 'package_native' on '/dev/binder'...
01-01 00:00:17.115 458 458 I BootAnimation: type=1400 audit(0.0:42): avc: denied { read } for name="fb0" dev="tmpfs" ino=11354 scontext=u:r:bootanim:s0 tcontext=u:object_r:graphics_device:s0 tclass=chr_file permissive=1
01-01 00:00:17.282 226 243 W ServiceManager: Service package_native didn't start. Returning NULL
01-01 00:00:17.282 226 243 E storaged: getService package_native failed
01-01 00:00:17.312 463 463 I SystemServer: InitBeforeStartServices
01-01 00:00:17.316 463 463 W SystemServer: System clock is before 1970; setting to 1970.
01-01 00:00:17.321 463 463 W SystemServer: Timezone not set; setting to GMT.
01-01 00:00:17.331 463 463 I SystemServer: Entered the Android system server!
01-01 00:00:17.780 463 463 E UsbAlsaJackDetectorJNI: Can't register UsbAlsaJackDetector native methods
01-01 00:00:17.755 458 458 I BootAnimation: type=1400 audit(0.0:45): avc: denied { execmem } for scontext=u:r:bootanim:s0 tcontext=u:r:bootanim:s0 tclass=process permissive=1
01-01 00:00:17.841 463 463 D SystemServerTiming: InitBeforeStartServices took to complete: 529ms
01-01 00:00:17.841 463 463 I SystemServer: StartServices
01-01 00:00:17.841 463 463 I SystemServer: StartWatchdog
01-01 00:00:17.872 463 463 D SystemServerTiming: StartWatchdog took to complete: 31ms
01-01 00:00:17.872 463 463 I SystemServer: Reading configuration...
01-01 00:00:17.872 463 463 I SystemServer: ReadingSystemConfig
01-01 00:00:17.875 463 463 D SystemServerTiming: ReadingSystemConfig took to complete: 3ms
01-01 00:00:17.875 463 463 I SystemServer: StartInstaller
01-01 00:00:17.875 463 494 D SystemServerInitThreadPool: Started executing ReadingSystemConfig
01-01 00:00:17.875 463 463 I SystemServiceManager: Starting com.android.server.pm.Installer
01-01 00:00:17.888 463 463 D SystemServerTiming: StartInstaller took to complete: 13ms
01-01 00:00:17.889 463 463 I SystemServer: DeviceIdentifiersPolicyService
01-01 00:00:17.889 463 463 I SystemServiceManager: Starting com.android.server.os.DeviceIdentifiersPolicyService
01-01 00:00:17.889 463 494 I SystemConfig: Non-xml file /system/etc/sysconfig/microg-a5k in /system/etc/sysconfig directory, ignoring
01-01 00:00:17.890 463 463 D SystemServerTiming: DeviceIdentifiersPolicyService took to complete: 1ms
01-01 00:00:17.890 463 463 I SystemServer: UriGrantsManagerService
01-01 00:00:17.890 463 463 I SystemServiceManager: Starting com.android.server.uri.UriGrantsManagerService$Lifecycle
01-01 00:00:17.899 463 463 D SystemServerTiming: UriGrantsManagerService took to complete: 9ms
01-01 00:00:17.899 463 463 I SystemServer: StartActivityManager
01-01 00:00:17.900 463 463 I SystemServiceManager: Starting com.android.server.wm.ActivityTaskManagerService$Lifecycle
01-01 00:00:17.916 463 463 I SystemServiceManager: Starting com.android.server.am.ActivityManagerService$Lifecycle
01-01 00:00:17.952 463 463 I ActivityManager: Memory class: 80
01-01 00:00:17.976 463 494 W SystemConfig: No directory /product/etc/sysconfig, skipping
01-01 00:00:17.991 463 463 D BatteryStatsImpl: Reading daily items from /data/system/batterystats-daily.xml
01-01 00:00:17.998 463 494 W SystemConfig: No directory /product_services/etc/sysconfig, skipping
01-01 00:00:17.999 463 494 W SystemConfig: No directory /product_services/etc/permissions, skipping
01-01 00:00:17.999 463 494 D SystemServerInitThreadPool: Finished executing ReadingSystemConfig
01-01 00:00:18.000 463 463 E BatteryStatsImpl: Error reading battery statistics
01-01 00:00:18.000 463 463 E BatteryStatsImpl: java.io.FileNotFoundException: /data/system/batterystats.bin: open failed: ENOENT (No such file or directory)
01-01 00:00:18.000 463 463 E BatteryStatsImpl: at libcore.io.IoBridge.open(IoBridge.java:496)
01-01 00:00:18.000 463 463 E BatteryStatsImpl: at java.io.FileInputStream.(FileInputStream.java:159)
01-01 00:00:18.000 463 463 E BatteryStatsImpl: at com.android.internal.os.AtomicFile.openRead(AtomicFile.java:157)
01-01 00:00:18.000 463 463 E BatteryStatsImpl: at com.android.internal.os.AtomicFile.readFully(AtomicFile.java:162)
01-01 00:00:18.000 463 463 E BatteryStatsImpl: at com.android.internal.os.BatteryStatsImpl.readLocked(BatteryStatsImpl.java:13338)
01-01 00:00:18.000 463 463 E BatteryStatsImpl: at com.android.server.am.ActivityManagerService.(ActivityManagerService.java:2498)
01-01 00:00:18.000 463 463 E BatteryStatsImpl: at com.android.server.am.ActivityManagerService$Lifecycle.(ActivityManagerService.java:2212)
01-01 00:00:18.000 463 463 E BatteryStatsImpl: at java.lang.reflect.Constructor.newInstance0(Native Method)
01-01 00:00:18.000 463 463 E BatteryStatsImpl: at java.lang.reflect.Constructor.newInstance(Constructor.java:343)
01-01 00:00:18.000 463 463 E BatteryStatsImpl: at com.android.server.SystemServiceManager.startService(SystemServiceManager.java:102)
01-01 00:00:18.000 463 463 E BatteryStatsImpl: at com.android.server.am.ActivityManagerService$Lifecycle.startService(ActivityManagerService.java:2218)
01-01 00:00:18.000 463 463 E BatteryStatsImpl: at com.android.server.SystemServer.startBootstrapServices(SystemServer.java:680)
01-01 00:00:18.000 463 463 E BatteryStatsImpl: at com.android.server.SystemServer.run(SystemServer.java:529)
01-01 00:00:18.000 463 463 E BatteryStatsImpl: at com.android.server.SystemServer.main(SystemServer.java:368)
01-01 00:00:18.000 463 463 E BatteryStatsImpl: at java.lang.reflect.Method.invoke(Native Method)
01-01 00:00:18.000 463 463 E BatteryStatsImpl: at com.android.internal.os.RuntimeInit$MethodAndArgsCaller.run(RuntimeInit.java:492)
01-01 00:00:18.000 463 463 E BatteryStatsImpl: at com.android.internal.os.ZygoteInit.main(ZygoteInit.java:908)
01-01 00:00:18.000 463 463 E BatteryStatsImpl: Caused by: android.system.ErrnoException: open failed: ENOENT (No such file or directory)
01-01 00:00:18.000 463 463 E BatteryStatsImpl: at libcore.io.Linux.open(Native Method)
01-01 00:00:18.000 463 463 E BatteryStatsImpl: at libcore.io.ForwardingOs.open(ForwardingOs.java:167)
01-01 00:00:18.000 463 463 E BatteryStatsImpl: at libcore.io.BlockGuardOs.open(BlockGuardOs.java:252)
01-01 00:00:18.000 463 463 E BatteryStatsImpl: at libcore.io.IoBridge.open(IoBridge.java:482)
01-01 00:00:18.000 463 463 E BatteryStatsImpl: ... 16 more
01-01 00:00:18.002 463 463 E BatteryStatsImpl: Error reading battery history
01-01 00:00:18.002 463 463 E BatteryStatsImpl: java.io.FileNotFoundException: /data/system/battery-history/0.bin: open failed: ENOENT (No such file or directory)
01-01 00:00:18.002 463 463 E BatteryStatsImpl: at libcore.io.IoBridge.open(IoBridge.java:496)
01-01 00:00:18.002 463 463 E BatteryStatsImpl: at java.io.FileInputStream.(FileInputStream.java:159)
01-01 00:00:18.002 463 463 E BatteryStatsImpl: at com.android.internal.os.AtomicFile.openRead(AtomicFile.java:157)
01-01 00:00:18.002 463 463 E BatteryStatsImpl: at com.android.internal.os.AtomicFile.readFully(AtomicFile.java:162)
01-01 00:00:18.002 463 463 E BatteryStatsImpl: at com.android.internal.os.BatteryStatsImpl.readLocked(BatteryStatsImpl.java:13357)
01-01 00:00:18.002 463 463 E BatteryStatsImpl: at com.android.server.am.ActivityManagerService.(ActivityManagerService.java:2498)
01-01 00:00:18.002 463 463 E BatteryStatsImpl: at com.android.server.am.ActivityManagerService$Lifecycle.(ActivityManagerService.java:2212)
01-01 00:00:18.002 463 463 E BatteryStatsImpl: at java.lang.reflect.Constructor.newInstance0(Native Method)
01-01 00:00:18.002 463 463 E BatteryStatsImpl: at java.lang.reflect.Constructor.newInstance(Constructor.java:343)
01-01 00:00:18.002 463 463 E BatteryStatsImpl: at com.android.server.SystemServiceManager.startService(SystemServiceManager.java:102)
01-01 00:00:18.002 463 463 E BatteryStatsImpl: at com.android.server.am.ActivityManagerService$Lifecycle.startService(ActivityManagerService.java:2218)
01-01 00:00:18.002 463 463 E BatteryStatsImpl: at com.android.server.SystemServer.startBootstrapServices(SystemServer.java:680)
01-01 00:00:18.002 463 463 E BatteryStatsImpl: at com.android.server.SystemServer.run(SystemServer.java:529)
01-01 00:00:18.002 463 463 E BatteryStatsImpl: at com.android.server.SystemServer.main(SystemServer.java:368)
01-01 00:00:18.002 463 463 E BatteryStatsImpl: at java.lang.reflect.Method.invoke(Native Method)
01-01 00:00:18.002 463 463 E BatteryStatsImpl: at com.android.internal.os.RuntimeInit$MethodAndArgsCaller.run(RuntimeInit.java:492)
01-01 00:00:18.002 463 463 E BatteryStatsImpl: at com.android.internal.os.ZygoteInit.main(ZygoteInit.java:908)
01-01 00:00:18.002 463 463 E BatteryStatsImpl: Caused by: android.system.ErrnoException: open failed: ENOENT (No such file or directory)
01-01 00:00:18.002 463 463 E BatteryStatsImpl: at libcore.io.Linux.open(Native Method)
01-01 00:00:18.002 463 463 E BatteryStatsImpl: at libcore.io.ForwardingOs.open(ForwardingOs.java:167)
01-01 00:00:18.002 463 463 E BatteryStatsImpl: at libcore.io.BlockGuardOs.open(BlockGuardOs.java:252)
01-01 00:00:18.002 463 463 E BatteryStatsImpl: at libcore.io.IoBridge.open(IoBridge.java:482)
01-01 00:00:18.002 463 463 E BatteryStatsImpl: ... 16 more
01-01 00:00:18.007 140 140 I hwservicemanager: getTransport: Cannot find entry android.hardware.power.stats@1.0::IPowerStats/default in either framework or device manifest.
01-01 00:00:18.008 140 140 I hwservicemanager: getTransport: Cannot find entry android.hardware.power@1.0::IPower/default in either framework or device manifest.
01-01 00:00:18.008 463 501 E BatteryStatsService: Unable to load Power.Stats.HAL. Setting rail availability to false
01-01 00:00:18.008 463 501 E BluetoothAdapter: Bluetooth binder is null
01-01 00:00:18.011 463 501 E BatteryExternalStatsWorker: no controller energy info supplied for telephony
01-01 00:00:18.017 463 501 E KernelCpuUidFreqTimeReader: Failed to read /proc/uid_time_in_state: java.nio.file.NoSuchFileException: /proc/uid_time_in_state
01-01 00:00:18.022 463 501 W KernelCpuProcStringReader: File not found. It's normal if not implemented: /proc/uid_time_in_state
01-01 00:00:18.022 463 501 W KernelCpuProcStringReader: File not found. It's normal if not implemented: /proc/uid_concurrent_active_time
01-01 00:00:18.023 463 501 W KernelCpuProcStringReader: File not found. It's normal if not implemented: /proc/uid_concurrent_policy_time
01-01 00:00:18.026 463 501 W KernelMemoryBandwidthStats: No kernel memory bandwidth stats available
01-01 00:00:18.027 140 140 I hwservicemanager: getTransport: Cannot find entry android.hardware.power.stats@1.0::IPowerStats/default in either framework or device manifest.
01-01 00:00:18.027 140 140 I hwservicemanager: getTransport: Cannot find entry android.hardware.power@1.0::IPower/default in either framework or device manifest.
01-01 00:00:18.028 463 501 E BatteryStatsService: Unable to load Power Hal or power.stats HAL
01-01 00:00:18.153 463 463 I AppOps : No existing app ops /data/system/appops.xml; starting empty
01-01 00:00:18.165 463 463 I IntentFirewall: Read new rules (A:0 B:0 S:0)
01-01 00:00:18.163 463 463 I system_server: type=1400 audit(0.0:46): avc: denied { watch } for path="/data/system/ifw" dev="sda4" ino=120 scontext=u:r:system_server:s0 tcontext=u:object_r:system_data_file:s0 tclass=dir permissive=1
01-01 00:00:18.223 463 463 D AppOps : AppOpsService published
01-01 00:00:18.241 140 140 I hwservicemanager: getTransport: Cannot find entry android.hardware.graphics.allocator@3.0::IAllocator/default in either framework or device manifest.
01-01 00:00:18.241 389 469 W Gralloc3: allocator 3.x is not supported
01-01 00:00:18.255 463 463 D SystemServerTiming: StartActivityManager took to complete: 355ms
01-01 00:00:18.255 463 463 I SystemServer: StartPowerManager
01-01 00:00:18.255 463 463 I SystemServiceManager: Starting com.android.server.power.PowerManagerService
01-01 00:00:18.261 140 140 I hwservicemanager: getTransport: Cannot find entry android.hardware.graphics.mapper@3.0::IMapper/default in either framework or device manifest.
01-01 00:00:18.261 458 462 W Gralloc3: mapper 3.x is not supported
01-01 00:00:18.286 140 140 I hwservicemanager: getTransport: Cannot find entry android.hardware.power@1.0::IPower/default in either framework or device manifest.
01-01 00:00:18.286 463 463 I PowerManagerService-JNI: Couldn't load power HAL service
01-01 00:00:18.292 463 463 D SystemServerTiming: StartPowerManager took to complete: 36ms
01-01 00:00:18.292 463 463 I SystemServer: StartThermalManager
01-01 00:00:18.292 463 463 I SystemServiceManager: Starting com.android.server.power.ThermalManagerService
01-01 00:00:18.295 463 463 D SystemServerTiming: StartThermalManager took to complete: 3ms
01-01 00:00:18.295 463 463 I SystemServer: InitPowerManagement
01-01 00:00:18.297 463 463 D SystemServerTiming: InitPowerManagement took to complete: 2ms
01-01 00:00:18.297 463 463 I SystemServer: StartRecoverySystemService
01-01 00:00:18.297 463 463 I SystemServiceManager: Starting com.android.server.RecoverySystemService
01-01 00:00:18.300 463 463 D SystemServerTiming: StartRecoverySystemService took to complete: 3ms
01-01 00:00:18.301 463 463 V RescueParty: Disabled because of manual property
01-01 00:00:18.302 463 463 I SystemServer: StartLightsService
01-01 00:00:18.302 463 463 I SystemServiceManager: Starting com.android.server.lights.LightsService
01-01 00:00:18.312 463 463 D SystemServerTiming: StartLightsService took to complete: 10ms
01-01 00:00:18.313 463 463 I SystemServer: StartSidekickService
01-01 00:00:18.313 463 463 D SystemServerTiming: StartSidekickService took to complete: 0ms
01-01 00:00:18.313 463 463 I SystemServer: StartDisplayManager
01-01 00:00:18.313 463 463 I SystemServiceManager: Starting com.android.server.display.DisplayManagerService
01-01 00:00:18.324 463 463 D SystemServerTiming: StartDisplayManager took to complete: 11ms
01-01 00:00:18.324 463 463 I SystemServer: WaitForDisplay
01-01 00:00:18.324 463 463 I SystemServiceManager: Starting phase 100
01-01 00:00:18.342 463 490 I DisplayManagerService: Display device added: DisplayDeviceInfo{"Built-in Screen": uniqueId="local:0", 1824 x 984, modeId 1, defaultModeId 1, supportedModes [{id=1, width=1824, height=984, fps=60.000004}], colorMode 0, supportedColorModes [0], HdrCapabilities android.view.Display$HdrCapabilities@40f16308, density 180, 159.757 x 160.215 dpi, appVsyncOff 1000000, presDeadline 16666666, touch INTERNAL, rotation 0, type BUILT_IN, address {port=0}, state UNKNOWN, FLAG_DEFAULT_DISPLAY, FLAG_ROTATES_WITH_CONTENT, FLAG_SECURE, FLAG_SUPPORTS_PROTECTED_BUFFERS, FLAG_ROUND}
01-01 00:00:18.358 140 140 I hwservicemanager: getTransport: Cannot find entry vendor.display.config@1.7::IDisplayConfig/default in either framework or device manifest.
01-01 00:00:18.358 389 389 D SurfaceFlinger: Setting power mode 2 on display 0
01-01 00:00:18.361 140 140 I hwservicemanager: getTransport: Cannot find entry android.hardware.light@2.0::ILight/default in either framework or device manifest.
01-01 00:00:18.361 463 463 D SystemServerTiming: WaitForDisplay took to complete: 37ms
01-01 00:00:18.362 463 463 I SystemServer: StartPackageManagerService
01-01 00:00:18.362 463 463 I Watchdog: Pausing HandlerChecker: main thread for reason: packagemanagermain. Pause count: 1
01-01 00:00:18.363 463 490 W StrictMode: No activity manager; failed to Dropbox violation.
01-01 00:00:18.365 463 490 I DisplayManagerService: Display device changed state: "Built-in Screen", ON
01-01 00:00:18.364 463 490 I chatty : uid=1000(system) android.display identical 4 lines
01-01 00:00:18.365 463 490 W StrictMode: No activity manager; failed to Dropbox violation.
01-01 00:00:18.385 389 389 I SurfaceFlinger: Enter boot animation
01-01 00:00:18.386 140 140 I hwservicemanager: getTransport: Cannot find entry vendor.display.config@1.1::IDisplayConfig/default in either framework or device manifest.
01-01 00:00:18.416 389 389 F libc : Fatal signal 11 (SIGSEGV), code 1 (SEGV_MAPERR), fault addr 0x762804e000 in tid 389 (surfaceflinger), pid 389 (surfaceflinger)
01-01 00:00:18.473 463 463 W FileUtils: Failed to chmod(/data/system/packages.list): android.system.ErrnoException: chmod failed: ENOENT (No such file or directory)
01-01 00:00:18.475 509 509 I crash_dump64: obtaining output fd from tombstoned, type: kDebuggerdTombstone
01-01 00:00:18.476 231 231 I /system/bin/tombstoned: received crash request for pid 389
01-01 00:00:18.477 509 509 I crash_dump64: performing dump of process 389 (target tid = 389)
01-01 00:00:18.485 509 509 F DEBUG : *** *** *** *** *** *** *** *** *** *** *** *** *** *** *** ***
01-01 00:00:18.485 509 509 F DEBUG : Build fingerprint: 'Raspberry/omni_rpi4/rpi4:10/QKQ1.190716.003/1910071200:userdebug/release-keys'
01-01 00:00:18.485 509 509 F DEBUG : Revision: 'd03114'
01-01 00:00:18.485 509 509 F DEBUG : ABI: 'arm64'
01-01 00:00:18.487 509 509 F DEBUG : Timestamp: 1970-01-01 00:00:18+0000
01-01 00:00:18.487 509 509 F DEBUG : pid: 389, tid: 389, name: surfaceflinger >>> /system/bin/surfaceflinger <<<
01-01 00:00:18.487 509 509 F DEBUG : uid: 1000
01-01 00:00:18.487 509 509 F DEBUG : signal 11 (SIGSEGV), code 1 (SEGV_MAPERR), fault addr 0x762804e000
01-01 00:00:18.487 509 509 F DEBUG : x0 000000762804e000 x1 0000000000000000 x2 0000000000000720 x3 000000701f6d4c70
01-01 00:00:18.487 509 509 F DEBUG : x4 0000000000000000 x5 0000000000000720 x6 00000000000003d8 x7 0000007fc653c460
01-01 00:00:18.487 509 509 F DEBUG : x8 0000000000000720 x9 000000762804e010 x10 0000000000000720 x11 0000000000000015
01-01 00:00:18.487 509 509 F DEBUG : x12 000000702d1035c0 x13 30851a9e3e024a61 x14 0000000000000000 x15 0000000000000030
01-01 00:00:18.487 509 509 F DEBUG : x16 000000702bd92950 x17 000000702bd21320 x18 000000702d71e000 x19 000000701fad5500
01-01 00:00:18.487 509 509 F DEBUG : x20 0000007fc653c590 x21 000000762804e000 x22 0000000000000000 x23 0000000000000064
01-01 00:00:18.487 509 509 F DEBUG : x24 000000000000006c x25 0000000000000000 x26 00000070208b75a6 x27 00000070208d20a2
01-01 00:00:18.487 509 509 F DEBUG : x28 000000762804e000 x29 0000000000000000
01-01 00:00:18.487 509 509 F DEBUG : sp 0000007fc653c4a0 lr 0000007020c7c874 pc 0000007020c3ed8c
01-01 00:00:18.492 463 463 D SELinuxMMAC: Using policy file /system/etc/selinux/plat_mac_permissions.xml
01-01 00:00:18.497 463 463 D SELinuxMMAC: Using policy file /vendor/etc/selinux/vendor_mac_permissions.xml
01-01 00:00:18.503 463 463 D FallbackCategoryProvider: Found 1 fallback categories
01-01 00:00:18.505 463 463 I PackageManager: No settings file; creating initial state
01-01 00:00:18.512 463 463 W PackageManager: Wiping cache directory because the system partition changed.
01-01 00:00:18.513 463 463 D PackageManager: No files in app dir /vendor/overlay
01-01 00:00:18.529 463 463 I PackageManager: /system/product/overlay/EmptyProductOverlay changed; collecting certs
01-01 00:00:18.557 161 163 E apexd : Can't open /product/apex for reading : No such file or directory
01-01 00:00:18.575 463 463 D PackageManager: No files in app dir /product_services/overlay
01-01 00:00:18.576 463 463 D PackageManager: No files in app dir /odm/overlay
01-01 00:00:18.576 463 463 D PackageManager: No files in app dir /oem/overlay
01-01 00:00:18.607 463 463 I PackageManager: /system/overlay/DisplayCutoutEmulationDouble changed; collecting certs
01-01 00:00:18.617 463 463 I PackageManager: /system/overlay/NavigationBarModeGesturalNarrowBack changed; collecting certs
01-01 00:00:18.638 463 463 I PackageManager: /system/overlay/AccentColorSluttyPink changed; collecting certs
01-01 00:00:18.649 463 463 I PackageManager: /system/overlay/IconPackRoundedSettings changed; collecting certs
01-01 00:00:18.679 463 463 I PackageManager: /system/overlay/PrimaryColorOmniBlack changed; collecting certs
01-01 00:00:18.712 463 463 I PackageManager: /system/overlay/IconPackCircularAndroid changed; collecting certs
01-01 00:00:18.720 463 463 I PackageManager: /system/overlay/IconPackFilledSystemUI changed; collecting certs
01-01 00:00:18.731 463 463 I PackageManager: /system/overlay/PrimaryColorDarkGreen changed; collecting certs
01-01 00:00:18.749 509 509 F DEBUG :
01-01 00:00:18.749 509 509 F DEBUG : backtrace:
01-01 00:00:18.750 509 509 F DEBUG : #00 pc 000000000046ed8c /vendor/lib64/egl/libGLESv2_swiftshader.so (sw::clear(unsigned int*, unsigned int, unsigned long)+36) (BuildId: 043b9d9a663e1002807fd7ee42340fb7)
01-01 00:00:18.750 509 509 F DEBUG : #01 pc 00000000004ac870 /vendor/lib64/egl/libGLESv2_swiftshader.so (sw::Blitter::fastClear(void*, sw::Format, sw::Surface*, sw::SliceRectT const&, unsigned int)+848) (BuildId: 043b9d9a663e1002807fd7ee42340fb7)
01-01 00:00:18.750 509 509 F DEBUG : #02 pc 00000000004ac464 /vendor/lib64/egl/libGLESv2_swiftshader.so (sw::Blitter::clear(void*, sw::Format, sw::Surface*, sw::SliceRectT const&, unsigned int)+60) (BuildId: 043b9d9a663e1002807fd7ee42340fb7)
01-01 00:00:18.750 509 509 F DEBUG : #03 pc 000000000049ccb8 /vendor/lib64/egl/libGLESv2_swiftshader.so (sw::Renderer::clear(void*, sw::Format, sw::Surface*, sw::RectT const&, unsigned int)+40) (BuildId: 043b9d9a663e1002807fd7ee42340fb7)
01-01 00:00:18.750 509 509 F DEBUG : #04 pc 00000000003fa4a8 /vendor/lib64/egl/libGLESv2_swiftshader.so (es2::Device::clearColor(float, float, float, float, unsigned int)+208) (BuildId: 043b9d9a663e1002807fd7ee42340fb7)
01-01 00:00:18.750 509 509 F DEBUG : #05 pc 00000000003f5d4c /vendor/lib64/egl/libGLESv2_swiftshader.so (es2::Context::clear(unsigned int)+188) (BuildId: 043b9d9a663e1002807fd7ee42340fb7)
01-01 00:00:18.750 509 509 F DEBUG : #06 pc 00000000003ff794 /vendor/lib64/egl/libGLESv2_swiftshader.so (gl::Clear(unsigned int)+100) (BuildId: 043b9d9a663e1002807fd7ee42340fb7)
01-01 00:00:18.750 509 509 F DEBUG : #07 pc 000000000012642c /system/lib64/libsurfaceflinger.so (android::renderengine::gl::GLESRenderEngine::clearWithColor(float, float, float, float)+100) (BuildId: 4f96534f5e65507697582d47eb972b19)
01-01 00:00:18.751 509 509 F DEBUG : #08 pc 0000000000128048 /system/lib64/libsurfaceflinger.so (android::renderengine::gl::GLESRenderEngine::drawLayers(android::renderengine::DisplaySettings const&, std::__1::vector> const&, ANativeWindowBuffer*, bool, android::base::unique_fd_impl&&, android::base::unique_fd_impl*)+504) (BuildId: 4f96534f5e65507697582d47eb972b19)
01-01 00:00:18.751 509 509 F DEBUG : #09 pc 00000000000e4880 /system/lib64/libsurfaceflinger.so (android::SurfaceFlinger::doComposeSurfaces(android::sp const&, android::Region const&, android::base::unique_fd_impl*)+4552) (BuildId: 4f96534f5e65507697582d47eb972b19)
01-01 00:00:18.751 509 509 F DEBUG : #10 pc 00000000000e0580 /system/lib64/libsurfaceflinger.so (android::SurfaceFlinger::handleMessageRefresh()+3232) (BuildId: 4f96534f5e65507697582d47eb972b19)
01-01 00:00:18.751 509 509 F DEBUG : #11 pc 00000000000df650 /system/lib64/libsurfaceflinger.so (android::SurfaceFlinger::onMessageReceived(int)+10016) (BuildId: 4f96534f5e65507697582d47eb972b19)
01-01 00:00:18.751 509 509 F DEBUG : #12 pc 0000000000017dfc /system/lib64/libutils.so (android::Looper::pollInner(int)+332) (BuildId: c86d46eeaacfed7a211e91a3841ad05d)
01-01 00:00:18.751 509 509 F DEBUG : #13 pc 0000000000017c10 /system/lib64/libutils.so (android::Looper::pollOnce(int, int*, int*, void**)+56) (BuildId: c86d46eeaacfed7a211e91a3841ad05d)
01-01 00:00:18.751 509 509 F DEBUG : #14 pc 00000000000ccf2c /system/lib64/libsurfaceflinger.so (android::impl::MessageQueue::waitMessage()+92) (BuildId: 4f96534f5e65507697582d47eb972b19)
01-01 00:00:18.751 509 509 F DEBUG : #15 pc 00000000000dbe1c /system/lib64/libsurfaceflinger.so (android::SurfaceFlinger::run()+20) (BuildId: 4f96534f5e65507697582d47eb972b19)
01-01 00:00:18.752 509 509 F DEBUG : #16 pc 0000000000003370 /system/bin/surfaceflinger (main+800) (BuildId: 9210356d1fe78f4557eeabdbe0cd5936)
01-01 00:00:18.752 509 509 F DEBUG : #17 pc 000000000007d844 /apex/com.android.runtime/lib64/bionic/libc.so (__libc_init+108) (BuildId: 642696a9594fbdd90f9aeb0bb5d31eb5)
01-01 00:00:18.758 463 463 I PackageManager: /system/overlay/AccentColorGoldenShower changed; collecting certs
01-01 00:00:18.768 463 463 I PackageManager: /system/overlay/IconShapeSquircle changed; collecting certs
01-01 00:00:18.785 463 463 I PackageManager: /system/overlay/EmptyOverlay changed; collecting certs
01-01 00:00:18.793 463 463 I PackageManager: /system/overlay/AccentColorOmni changed; collecting certs
01-01 00:00:18.801 463 463 I PackageManager: /system/overlay/FontNotoSerifSource changed; collecting certs
01-01 00:00:18.811 463 463 I PackageManager: /system/overlay/NavigationBarMode2Button changed; collecting certs
01-01 00:00:18.829 463 463 I PackageManager: /system/overlay/IconPackCircularThemePicker changed; collecting certs
01-01 00:00:18.837 463 463 I PackageManager: /system/overlay/NavigationBarModeGesturalWideBack changed; collecting certs
01-01 00:00:18.852 463 463 I PackageManager: /system/overlay/AccentColorOcean changed; collecting certs
01-01 00:00:18.869 463 463 I PackageManager: /system/overlay/AccentColorRedDevil changed; collecting certs
01-01 00:00:18.876 463 463 I PackageManager: /system/overlay/DisplayCutoutEmulationCorner changed; collecting certs
01-01 00:00:18.891 463 463 I PackageManager: /system/overlay/AccentColorBlack changed; collecting certs
01-01 00:00:18.898 463 463 I PackageManager: /system/overlay/IconPackFilledThemePicker changed; collecting certs
01-01 00:00:18.910 463 463 I PackageManager: /system/overlay/IconPackCircularSystemUI changed; collecting certs
01-01 00:00:18.923 463 463 I PackageManager: /system/overlay/IconPackFilledLauncher changed; collecting certs
01-01 00:00:18.938 463 463 I PackageManager: /system/overlay/DisplayCutoutEmulationTall changed; collecting certs
01-01 00:00:18.950 463 463 I PackageManager: /system/overlay/AccentColorGreen changed; collecting certs
01-01 00:00:18.966 463 463 I PackageManager: /system/overlay/FontLatoSource changed; collecting certs
01-01 00:00:18.977 463 463 I PackageManager: /system/overlay/NavigationBarModeGestural changed; collecting certs
01-01 00:00:18.985 463 463 I PackageManager: /system/overlay/IconPackRoundedLauncher changed; collecting certs
01-01 00:00:18.995 509 509 I crash_dump64: type=1400 audit(0.0:47): avc: denied { open } for path="/dev/__properties__/u:object_r:hwservicemanager_prop:s0" dev="tmpfs" ino=9374 scontext=u:r:crash_dump:s0 tcontext=u:object_r:hwservicemanager_prop:s0 tclass=file permissive=1
01-01 00:00:18.995 509 509 I crash_dump64: type=1400 audit(0.0:48): avc: denied { getattr } for path="/dev/__properties__/u:object_r:hwservicemanager_prop:s0" dev="tmpfs" ino=9374 scontext=u:r:crash_dump:s0 tcontext=u:object_r:hwservicemanager_prop:s0 tclass=file permissive=1
01-01 00:00:19.024 463 463 I PackageManager: /system/overlay/AccentColorOrchid changed; collecting certs
01-01 00:00:19.030 463 463 I PackageManager: /system/overlay/AccentColorPurple changed; collecting certs
01-01 00:00:19.039 463 463 I PackageManager: /system/overlay/IconShapeTeardrop changed; collecting certs
01-01 00:00:19.049 463 463 I PackageManager: /system/overlay/IconPackFilledSettings changed; collecting certs
01-01 00:00:19.061 463 463 I PackageManager: /system/overlay/PrimaryColorDeepBlue changed; collecting certs
01-01 00:00:19.069 463 463 I PackageManager: /system/overlay/AccentColorBlueMonday changed; collecting certs
01-01 00:00:19.076 463 463 I PackageManager: /system/overlay/AccentColorSpace changed; collecting certs
01-01 00:00:19.083 463 463 I PackageManager: /system/overlay/IconPackCircularSettings changed; collecting certs
01-01 00:00:19.090 463 463 I PackageManager: /system/overlay/IconShapeCircle changed; collecting certs
01-01 00:00:19.096 463 463 I PackageManager: /system/overlay/IconShapeRoundedRect changed; collecting certs
01-01 00:00:19.101 463 463 I PackageManager: /system/overlay/FontMuliSource changed; collecting certs
01-01 00:00:19.107 463 463 I PackageManager: /system/overlay/AccentColorCinnamon changed; collecting certs
01-01 00:00:19.112 463 463 I PackageManager: /system/overlay/IconPackFilledAndroid changed; collecting certs
01-01 00:00:19.115 509 509 E crash_dump64: unable to connect to activity manager: No such file or directory
01-01 00:00:19.118 463 463 I PackageManager: /system/overlay/PrimaryColorDarkBlue changed; collecting certs
01-01 00:00:19.125 231 231 E /system/bin/tombstoned: Tombstone written to: /data/tombstones/tombstone_01
01-01 00:00:19.133 463 463 I PackageManager: /system/overlay/IconPackRoundedSystemUI changed; collecting certs
01-01 00:00:19.140 463 463 I PackageManager: /system/overlay/NavigationBarMode3Button changed; collecting certs
01-01 00:00:19.144 463 490 E DisplayEventDispatcher: Display event receiver pipe was closed or an error occurred. events=0x9
01-01 00:00:19.144 138 138 I ServiceManager: service 'SurfaceFlinger' died
01-01 00:00:19.144 463 482 W SurfaceComposerClient: ComposerService remote (surfaceflinger) died [0x74e1ff8b60]
01-01 00:00:19.144 458 461 W SurfaceComposerClient: ComposerService remote (surfaceflinger) died [0x7b438613c0]
01-01 00:00:19.145 458 461 D BootAnimation: SurfaceFlinger died, exiting...
01-01 00:00:19.145 191 240 D ComposerHal: destroying composer client
01-01 00:00:19.145 191 240 W ComposerHal: destroying client resources for display 0
01-01 00:00:19.145 191 240 W ComposerHal: performing a final presentDisplay
01-01 00:00:19.145 191 240 D ComposerHal: removed composer client
01-01 00:00:19.147 463 463 I PackageManager: /system/overlay/NavigationBarModeGesturalExtraWideBack changed; collecting certs
01-01 00:00:19.153 463 463 I PackageManager: /system/overlay/IconPackRoundedAndroid changed; collecting certs
01-01 00:00:19.159 463 463 I PackageManager: /system/overlay/IconPackCircularLauncher changed; collecting certs
01-01 00:00:19.173 463 463 W PackageManager: Failed to parse /system/framework/oat: Missing base APK in /system/framework/oat
01-01 00:00:19.180 463 463 W PackageManager: Failed to parse /system/framework/arm64: Missing base APK in /system/framework/arm64
01-01 00:00:19.182 463 463 W PackageManager: Failed to parse /system/framework/arm: Missing base APK in /system/framework/arm
01-01 00:00:19.341 138 138 I ServiceManager: service 'thermalservice' died
01-01 00:00:19.341 138 138 I ServiceManager: service 'recovery' died
01-01 00:00:19.341 138 138 I ServiceManager: service 'display' died
01-01 00:00:19.341 138 138 I ServiceManager: service 'device_identifiers' died
01-01 00:00:19.341 138 138 I ServiceManager: service 'uri_grants' died
01-01 00:00:19.341 138 138 I ServiceManager: service 'activity_task' died
01-01 00:00:19.341 138 138 I ServiceManager: service 'batterystats' died
01-01 00:00:19.341 138 138 I ServiceManager: service 'appops' died
01-01 00:00:19.341 138 138 I ServiceManager: service 'power' died
01-01 00:00:19.378 138 138 I ServiceManager: service 'media.audio_flinger' died
01-01 00:00:19.378 391 398 I r_submix: adev_close()
01-01 00:00:19.399 138 138 I ServiceManager: service 'media.player' died
01-01 00:00:19.400 138 138 I ServiceManager: service 'media.resource_manager' died
01-01 00:00:19.412 138 138 I ServiceManager: service 'dnsresolver' died
01-01 00:00:19.412 138 138 I ServiceManager: service 'netd' died
01-01 00:00:19.464 138 138 I ServiceManager: service 'wificond' died
01-01 00:00:19.663 537 537 I wificond: wificond is starting up...
01-01 00:00:19.688 535 535 I netdClient: Skipping libnetd_client init since *we* are netd
01-01 00:00:19.694 535 535 I netd : netd 1.0 starting
01-01 00:00:19.702 535 535 I Netd : Loaded resolver library from /apex/com.android.resolv/lib64/libnetd_resolv.so
01-01 00:00:19.702 535 535 D TetherController: Setting IP forward enable = 0
01-01 00:00:19.846 535 535 I netd : Creating child chains: 117.3ms
01-01 00:00:19.846 535 535 I netd : Setting up OEM hooks: 0.3ms
01-01 00:00:19.847 535 535 I netd : Setting up FirewallController hooks: 0.1ms
01-01 00:00:19.853 535 535 I netd : Setting up TetherController hooks: 6.9ms
01-01 00:00:19.876 535 535 I netd : Setting up BandwidthController hooks: 22.4ms
01-01 00:00:19.876 535 535 I netd : Setting up IdletimerController hooks: 0.2ms
01-01 00:00:20.052 531 531 D AndroidRuntime: >>>>>> START com.android.internal.os.ZygoteInit uid 0 <<<<<<
01-01 00:00:20.063 531 531 I AndroidRuntime: Using default boot image
01-01 00:00:20.063 531 531 I AndroidRuntime: Leaving lock profiling enabled
01-01 00:00:20.067 531 531 I zygote : option[0]=-Xzygote
01-01 00:00:20.067 531 531 I zygote : option[1]=exit
01-01 00:00:20.067 531 531 I zygote : option[2]=vfprintf
01-01 00:00:20.068 531 531 I zygote : option[3]=sensitiveThread
01-01 00:00:20.068 531 531 I zygote : option[4]=-verbose:gc
01-01 00:00:20.068 531 531 I zygote : option[5]=-Xms8m
01-01 00:00:20.068 531 531 I zygote : option[6]=-Xmx384m
01-01 00:00:20.068 531 531 I zygote : option[7]=-XX:HeapGrowthLimit=80m
01-01 00:00:20.068 531 531 I zygote : option[8]=-XX:HeapMinFree=512k
01-01 00:00:20.068 531 531 I zygote : option[9]=-XX:HeapMaxFree=8m
01-01 00:00:20.068 531 531 I zygote : option[10]=-XX:HeapTargetUtilization=0.75
01-01 00:00:20.068 531 531 I zygote : option[11]=-Xusejit:true
01-01 00:00:20.068 531 531 I zygote : option[12]=-Xjitsaveprofilinginfo
