01-01 00:00:10.795 226 243 I ServiceManager: Waiting for service 'package_native' on '/dev/binder'...
01-01 00:00:10.835 178 178 W zygote : JNI RegisterNativeMethods: attempt to register 0 native methods for android.media.AudioAttributes
01-01 00:00:10.836 177 177 W zygote64: JNI RegisterNativeMethods: attempt to register 0 native methods for android.media.AudioAttributes
01-01 00:00:10.860 199 199 D RenderEngine: shader cache generated - 48 shaders in 728.592651 ms
01-01 00:00:10.861 199 199 E SurfaceFlinger: Failed to create composer extension
01-01 00:00:10.865 199 199 I ServiceManagement: Registered android.frameworks.displayservice@1.0::IDisplayService/default (start delay of 4555ms)
01-01 00:00:10.865 199 199 D SurfaceFlinger: Setting power mode 2 on display 0
01-01 00:00:10.866 199 199 D SurfaceFlinger: Finished setting power mode 2 on display 0
01-01 00:00:10.880 177 177 D Zygote : begin preload
01-01 00:00:10.884 177 177 I Zygote : Calling ZygoteHooks.beginPreload()
01-01 00:00:10.896 226 243 I ServiceManager: Waiting for service 'package_native' on '/dev/binder'...
01-01 00:00:10.907 178 178 I zygote : Explicit concurrent copying GC freed 302(38KB) AllocSpace objects, 0(0B) LOS objects, 98% free, 25KB/1561KB, paused 143us total 21.709ms
01-01 00:00:10.917 178 178 I zygote : Explicit concurrent copying GC freed 5(32KB) AllocSpace objects, 0(0B) LOS objects, 98% free, 25KB/1561KB, paused 111us total 9.157ms
01-01 00:00:10.918 178 178 D Zygote32Timing: PostZygoteInitGC took to complete: 33ms
01-01 00:00:10.918 178 178 D Zygote32Timing: ZygoteInit took to complete: 33ms
01-01 00:00:10.933 178 178 I Zygote : Accepting command socket connections
01-01 00:00:10.946 177 177 D Zygote64Timing: BeginPreload took to complete: 66ms
01-01 00:00:10.947 177 177 I Zygote : Preloading classes...
01-01 00:00:10.952 177 177 W Zygote : Class not found for preloading: android.app.-$$Lambda$ActivityThread$ZXDWm3IBeFmLnFVblhB-IOZCr9o
01-01 00:00:10.996 226 243 I ServiceManager: Waiting for service 'package_native' on '/dev/binder'...
01-01 00:00:11.073 177 177 W Zygote : Class not found for preloading: android.bluetooth.BluetoothA2dp$2
01-01 00:00:11.093 177 177 I PackageBackwardCompatibility: Could not find android.content.pm.AndroidTestBaseUpdater, ignoring
01-01 00:00:11.097 226 243 I ServiceManager: Waiting for service 'package_native' on '/dev/binder'...
01-01 00:00:11.398 226 243 I chatty : uid=0(root) /system/bin/storaged identical 3 lines
01-01 00:00:11.498 226 243 I ServiceManager: Waiting for service 'package_native' on '/dev/binder'...
01-01 00:00:11.545 343 343 D BootAnimation: BootAnimationStartTiming start time: 11544ms
01-01 00:00:11.545 343 343 D BootAnimation: BootAnimationPreloadTiming start time: 11545ms
01-01 00:00:11.599 226 243 I ServiceManager: Waiting for service 'package_native' on '/dev/binder'...
01-01 00:00:11.699 226 243 I ServiceManager: Waiting for service 'package_native' on '/dev/binder'...
01-01 00:00:11.781 343 343 D BootAnimation: BootAnimationPreloadStopTiming start time: 11781ms
01-01 00:00:11.788 140 140 I hwservicemanager: getTransport: Cannot find entry android.hardware.graphics.mapper@3.0::IMapper/default in either framework or device manifest.
01-01 00:00:11.788 199 306 W Gralloc3: mapper 3.x is not supported
01-01 00:00:11.800 226 243 I ServiceManager: Waiting for service 'package_native' on '/dev/binder'...
01-01 00:00:11.832 343 346 D libEGL : loaded /vendor/lib64/egl/libEGL_swiftshader.so
01-01 00:00:11.881 343 346 D libEGL : loaded /vendor/lib64/egl/libGLESv1_CM_swiftshader.so
01-01 00:00:11.889 343 346 D libEGL : loaded /vendor/lib64/egl/libGLESv2_swiftshader.so
01-01 00:00:11.900 226 243 I ServiceManager: Waiting for service 'package_native' on '/dev/binder'...
01-01 00:00:11.935 343 343 I BootAnimation: type=1400 audit(0.0:25): avc: denied { search } for name="graphics" dev="tmpfs" ino=11353 scontext=u:r:bootanim:s0 tcontext=u:object_r:graphics_device:s0 tclass=dir permissive=1
01-01 00:00:12.001 226 243 I ServiceManager: Waiting for service 'package_native' on '/dev/binder'...
01-01 00:00:12.001 343 346 D BootAnimation: BootAnimationShownTiming start time: 12001ms
01-01 00:00:11.935 343 343 I BootAnimation: type=1400 audit(0.0:26): avc: denied { read } for name="fb0" dev="tmpfs" ino=11354 scontext=u:r:bootanim:s0 tcontext=u:object_r:graphics_device:s0 tclass=chr_file permissive=1
01-01 00:00:12.027 177 177 E ActivityRecognitionHardware: activity_recognition HAL is deprecated. class_init is effectively a no-op
01-01 00:00:11.935 343 343 I BootAnimation: type=1400 audit(0.0:27): avc: denied { open } for path="/dev/graphics/fb0" dev="tmpfs" ino=11354 scontext=u:r:bootanim:s0 tcontext=u:object_r:graphics_device:s0 tclass=chr_file permissive=1
01-01 00:00:12.101 226 243 I ServiceManager: Waiting for service 'package_native' on '/dev/binder'...
01-01 00:00:12.159 177 177 I zygote64: Thread[1,tid=177,Native,Thread*=0x7650c84c00,peer=0x12c02220,"main"] recursive attempt to load library "libmedia_jni.so"
01-01 00:00:12.159 177 177 D MtpDeviceJNI: register_android_mtp_MtpDevice
01-01 00:00:12.160 177 177 I zygote64: Thread[1,tid=177,Native,Thread*=0x7650c84c00,peer=0x12c02220,"main"] recursive attempt to load library "libmedia_jni.so"
01-01 00:00:12.160 177 177 I zygote64: Thread[1,tid=177,Native,Thread*=0x7650c84c00,peer=0x12c02220,"main"] recursive attempt to load library "libmedia_jni.so"
01-01 00:00:12.189 177 177 W Zygote : Class not found for preloading: android.media.audiopolicy.AudioProductStrategies
01-01 00:00:12.190 177 177 W Zygote : Class not found for preloading: android.media.audiopolicy.AudioVolumeGroups
01-01 00:00:12.202 226 243 W ServiceManager: Service package_native didn't start. Returning NULL
01-01 00:00:12.202 226 243 E storaged: getService package_native failed
01-01 00:00:12.207 226 243 I storaged: storaged: Start
01-01 00:00:12.210 226 243 I ServiceManager: Waiting for service 'package_native' on '/dev/binder'...
01-01 00:00:12.310 226 243 I chatty : uid=0(root) /system/bin/storaged identical 1 line
01-01 00:00:12.411 226 243 I ServiceManager: Waiting for service 'package_native' on '/dev/binder'...
01-01 00:00:12.438 177 177 W Zygote : Class not found for preloading: android.view.-$$Lambda$SurfaceView$Cs7TGTdA1lXf9qW8VOJAfEsMjdk
01-01 00:00:12.455 177 177 W Zygote : Class not found for preloading: android.view.SurfaceView$3
01-01 00:00:12.464 177 177 W Zygote : Class not found for preloading: android.view.textclassifier.-$$Lambda$TextClassificationManager$JIaezIJbMig_-kVzN6oArzkTsJE
01-01 00:00:12.491 177 177 W Zygote : Class not found for preloading: com.android.internal.net.NetworkStatsFactory
01-01 00:00:12.508 177 177 W Zygote : Class not found for preloading: com.android.internal.telephony.-$$Lambda$PhoneSubInfoController$8HFbCDJDN1mrLJG980qYH5MGqMk
01-01 00:00:12.508 177 177 W Zygote : Class not found for preloading: com.android.internal.telephony.-$$Lambda$PhoneSubInfoController$U28a_EGx2cvmQhDfRRgonMt5Zrc
01-01 00:00:12.509 177 177 W Zygote : Class not found for preloading: com.android.internal.telephony.-$$Lambda$SubscriptionInfoUpdater$-zZXM9oMRZ3vZz7dJOG19J00Bmw
01-01 00:00:12.509 177 177 W Zygote : Class not found for preloading: com.android.internal.telephony.-$$Lambda$SubscriptionInfoUpdater$D5yF1HbS4cvCyoAj3FESkPtA_0g
01-01 00:00:12.509 177 177 W Zygote : Class not found for preloading: com.android.internal.telephony.-$$Lambda$SubscriptionInfoUpdater$MMx9iQX0JVqqMPLTUZhdBubFSzU
01-01 00:00:12.511 226 243 I ServiceManager: Waiting for service 'package_native' on '/dev/binder'...
01-01 00:00:12.531 177 177 W Zygote : Class not found for preloading: com.android.internal.telephony.GsmCdmaPhone$3
01-01 00:00:12.536 177 177 W Zygote : Class not found for preloading: com.android.internal.telephony.NewNitzStateMachine$1
01-01 00:00:12.536 177 177 W Zygote : Class not found for preloading: com.android.internal.telephony.NewNitzStateMachine
01-01 00:00:12.536 177 177 W Zygote : Class not found for preloading: com.android.internal.telephony.NewTimeServiceHelper$1
01-01 00:00:12.536 177 177 W Zygote : Class not found for preloading: com.android.internal.telephony.NewTimeServiceHelper$Listener
01-01 00:00:12.536 177 177 W Zygote : Class not found for preloading: com.android.internal.telephony.NewTimeServiceHelper
01-01 00:00:12.537 177 177 W Zygote : Class not found for preloading: com.android.internal.telephony.PhoneConfigurationModels
01-01 00:00:12.544 177 177 W Zygote : Class not found for preloading: com.android.internal.telephony.SubscriptionController$ScLocalLog
01-01 00:00:12.546 177 177 W Zygote : Class not found for preloading: com.android.internal.telephony.UiccSmsController
01-01 00:00:12.548 177 177 W Zygote : Class not found for preloading: com.android.internal.telephony.dataconnection.DcController$2
01-01 00:00:12.555 177 177 W Zygote : Class not found for preloading: com.android.internal.telephony.imsphone.-$$Lambda$ImsPhoneCallTracker$QlPVd_3u4_verjHUDnkn6zaSe54
01-01 00:00:12.556 177 177 W Zygote : Class not found for preloading: com.android.internal.telephony.imsphone.ImsPhone$3
01-01 00:00:12.612 226 243 I ServiceManager: Waiting for service 'package_native' on '/dev/binder'...
01-01 00:00:12.654 177 177 I Zygote : ...preloaded 7579 classes in 1707ms.
01-01 00:00:12.654 177 177 I zygote64: VMRuntime.preloadDexCaches starting
01-01 00:00:12.651 343 343 I BootAnimation: type=1400 audit(0.0:29): avc: denied { execmem } for scontext=u:r:bootanim:s0 tcontext=u:r:bootanim:s0 tclass=process permissive=1
01-01 00:00:12.712 226 243 I ServiceManager: Waiting for service 'package_native' on '/dev/binder'...
01-01 00:00:12.764 177 177 I zygote64: VMRuntime.preloadDexCaches strings total=382902 before=9989 after=9989
01-01 00:00:12.764 177 177 I zygote64: VMRuntime.preloadDexCaches types total=36037 before=7232 after=7500
01-01 00:00:12.764 177 177 I zygote64: VMRuntime.preloadDexCaches fields total=162246 before=8020 after=8221
01-01 00:00:12.764 177 177 I zygote64: VMRuntime.preloadDexCaches methods total=283379 before=10936 after=11368
01-01 00:00:12.764 177 177 I zygote64: VMRuntime.preloadDexCaches finished
01-01 00:00:12.765 177 177 D Zygote64Timing: PreloadClasses took to complete: 1818ms
01-01 00:00:12.772 177 177 I zygote64: The ClassLoaderContext is a special shared library.
01-01 00:00:12.774 177 177 D ApplicationLoaders: Created zygote-cached class loader: /system/framework/android.hidl.base-V1.0-java.jar
01-01 00:00:12.781 177 177 I zygote64: The ClassLoaderContext is a special shared library.
01-01 00:00:12.783 177 177 D ApplicationLoaders: Created zygote-cached class loader: /system/framework/android.hidl.manager-V1.0-java.jar
01-01 00:00:12.783 177 177 D Zygote64Timing: CacheNonBootClasspathClassLoaders took to complete: 18ms
01-01 00:00:12.813 226 243 I ServiceManager: Waiting for service 'package_native' on '/dev/binder'...
01-01 00:00:12.913 226 243 I chatty : uid=0(root) /system/bin/storaged identical 1 line
01-01 00:00:13.014 226 243 I ServiceManager: Waiting for service 'package_native' on '/dev/binder'...
01-01 00:00:13.133 140 140 I hwservicemanager: getTransport: Cannot find entry android.hardware.graphics.allocator@3.0::IAllocator/default in either framework or device manifest.
01-01 00:00:13.134 199 306 W Gralloc3: allocator 3.x is not supported
01-01 00:00:13.141 226 243 I ServiceManager: Waiting for service 'package_native' on '/dev/binder'...
01-01 00:00:13.142 140 140 I hwservicemanager: getTransport: Cannot find entry android.hardware.graphics.mapper@3.0::IMapper/default in either framework or device manifest.
01-01 00:00:13.143 343 346 W Gralloc3: mapper 3.x is not supported
01-01 00:00:13.166 177 177 I Zygote : Preloading resources...
01-01 00:00:13.207 177 177 W Resources: Preloaded drawable resource #0x108027d (android:drawable/dialog_background_material) that varies with configuration!!
01-01 00:00:13.241 226 243 I ServiceManager: Waiting for service 'package_native' on '/dev/binder'...
01-01 00:00:13.253 177 177 I Zygote : ...preloaded 64 resources in 87ms.
01-01 00:00:13.263 177 177 I Zygote : ...preloaded 41 resources in 10ms.
01-01 00:00:13.264 177 177 D Zygote64Timing: PreloadResources took to complete: 481ms
01-01 00:00:13.271 190 190 I allocator@2.0-s: type=1400 audit(0.0:30): avc: denied { search } for name="graphics" dev="tmpfs" ino=11353 scontext=u:r:hal_graphics_allocator_default:s0 tcontext=u:object_r:graphics_device:s0 tclass=dir permissive=1
01-01 00:00:13.271 190 190 I allocator@2.0-s: type=1400 audit(0.0:31): avc: denied { read write } for name="fb0" dev="tmpfs" ino=11354 scontext=u:r:hal_graphics_allocator_default:s0 tcontext=u:object_r:graphics_device:s0 tclass=chr_file permissive=1
01-01 00:00:13.271 190 190 I allocator@2.0-s: type=1400 audit(0.0:32): avc: denied { open } for path="/dev/graphics/fb0" dev="tmpfs" ino=11354 scontext=u:r:hal_graphics_allocator_default:s0 tcontext=u:object_r:graphics_device:s0 tclass=chr_file permissive=1
01-01 00:00:13.271 190 190 I allocator@2.0-s: type=1400 audit(0.0:33): avc: denied { ioctl } for path="/dev/graphics/fb0" dev="tmpfs" ino=11354 ioctlcmd=0x4602 scontext=u:r:hal_graphics_allocator_default:s0 tcontext=u:object_r:graphics_device:s0 tclass=chr_file permissive=1
01-01 00:00:13.271 190 190 I allocator@2.0-s: type=1400 audit(0.0:34): avc: denied { map } for path="/dev/graphics/fb0" dev="tmpfs" ino=11354 scontext=u:r:hal_graphics_allocator_default:s0 tcontext=u:object_r:graphics_device:s0 tclass=chr_file permissive=1
01-01 00:00:13.268 199 199 I SurfaceFlinger: Enter boot animation
01-01 00:00:13.269 140 140 I hwservicemanager: getTransport: Cannot find entry vendor.display.config@1.1::IDisplayConfig/default in either framework or device manifest.
01-01 00:00:13.273 190 190 I gralloc : using (fd=6)
01-01 00:00:13.273 190 190 I gralloc : id = BCM2708 FB
01-01 00:00:13.273 190 190 I gralloc : xres = 1824 px
01-01 00:00:13.273 190 190 I gralloc : yres = 984 px
01-01 00:00:13.273 190 190 I gralloc : xres_virtual = 1824 px
01-01 00:00:13.273 190 190 I gralloc : yres_virtual = 1968 px
01-01 00:00:13.273 190 190 I gralloc : bpp = 32
01-01 00:00:13.273 190 190 I gralloc : r = 16:8
01-01 00:00:13.273 190 190 I gralloc : g = 8:8
01-01 00:00:13.273 190 190 I gralloc : b = 0:8
01-01 00:00:13.273 190 190 I gralloc : width = 290 mm (159.757233 dpi)
01-01 00:00:13.273 190 190 I gralloc : height = 156 mm (160.215378 dpi)
01-01 00:00:13.273 190 190 I gralloc : refresh rate = 60.00 Hz --------- beginning of crash
01-01 00:00:13.321 199 199 F libc : Fatal signal 11 (SIGSEGV), code 1 (SEGV_MAPERR), fault addr 0x762804e000 in tid 199 (surfaceflinger), pid 199 (surfaceflinger)
01-01 00:00:13.349 226 243 I ServiceManager: Waiting for service 'package_native' on '/dev/binder'...
01-01 00:00:13.352 177 177 D libEGL : loaded /vendor/lib64/egl/libEGL_swiftshader.so
01-01 00:00:13.380 356 356 I crash_dump64: obtaining output fd from tombstoned, type: kDebuggerdTombstone
01-01 00:00:13.381 231 231 I /system/bin/tombstoned: received crash request for pid 199
01-01 00:00:13.382 356 356 I crash_dump64: performing dump of process 199 (target tid = 199)
01-01 00:00:13.389 356 356 F DEBUG : *** *** *** *** *** *** *** *** *** *** *** *** *** *** *** ***
01-01 00:00:13.390 356 356 F DEBUG : Build fingerprint: 'Raspberry/omni_rpi4/rpi4:10/QKQ1.190716.003/1910071200:userdebug/release-keys'
01-01 00:00:13.390 356 356 F DEBUG : Revision: 'd03114'
01-01 00:00:13.390 356 356 F DEBUG : ABI: 'arm64'
01-01 00:00:13.390 356 356 F DEBUG : Timestamp: 1970-01-01 00:00:13+0000
01-01 00:00:13.390 356 356 F DEBUG : pid: 199, tid: 199, name: surfaceflinger >>> /system/bin/surfaceflinger <<<
01-01 00:00:13.390 356 356 F DEBUG : uid: 1000
01-01 00:00:13.390 356 356 F DEBUG : signal 11 (SIGSEGV), code 1 (SEGV_MAPERR), fault addr 0x762804e000
01-01 00:00:13.390 356 356 F DEBUG : x0 000000762804e000 x1 0000000000000000 x2 0000000000000720 x3 000000705f245c70
01-01 00:00:13.390 356 356 F DEBUG : x4 0000000000000000 x5 0000000000000720 x6 00000000000003d8 x7 0000007fcb6b8310
01-01 00:00:13.390 356 356 F DEBUG : x8 0000000000000720 x9 000000762804e010 x10 0000000000000720 x11 0000000000000015
01-01 00:00:13.391 356 356 F DEBUG : x12 000000706cc625c0 x13 7565d86e2a6afcd7 x14 0000000000000000 x15 0000000000000030
01-01 00:00:13.391 356 356 F DEBUG : x16 000000706b838950 x17 000000706b7c7320 x18 000000706dfa4000 x19 000000705f646500
01-01 00:00:13.391 356 356 F DEBUG : x20 0000007fcb6b8440 x21 000000762804e000 x22 0000000000000000 x23 0000000000000064
01-01 00:00:13.391 356 356 F DEBUG : x24 000000000000006c x25 0000000000000000 x26 000000706042f5a6 x27 000000706044a0a2
01-01 00:00:13.391 356 356 F DEBUG : x28 000000762804e000 x29 0000000000000000
01-01 00:00:13.391 356 356 F DEBUG : sp 0000007fcb6b8350 lr 00000070607f4874 pc 00000070607b6d8c
01-01 00:00:13.404 177 177 D libEGL : loaded /vendor/lib64/egl/libGLESv1_CM_swiftshader.so
01-01 00:00:13.413 177 177 D libEGL : loaded /vendor/lib64/egl/libGLESv2_swiftshader.so
01-01 00:00:13.450 226 243 I ServiceManager: Waiting for service 'package_native' on '/dev/binder'...
01-01 00:00:13.463 177 177 I Zygote : Preloading shared libraries...
01-01 00:00:13.550 226 243 I ServiceManager: Waiting for service 'package_native' on '/dev/binder'...
01-01 00:00:13.586 177 177 I Zygote : Called ZygoteHooks.endPreload()
01-01 00:00:13.588 177 177 I Zygote : Installed AndroidKeyStoreProvider in 2ms.
01-01 00:00:13.604 177 177 I Zygote : Warmed up JCA providers in 16ms.
01-01 00:00:13.604 177 177 D Zygote : end preload
01-01 00:00:13.605 177 177 D Zygote64Timing: ZygotePreload took to complete: 2725ms
01-01 00:00:13.652 226 243 I ServiceManager: Waiting for service 'package_native' on '/dev/binder'...
01-01 00:00:13.654 356 356 F DEBUG :
01-01 00:00:13.654 356 356 F DEBUG : backtrace:
01-01 00:00:13.654 356 356 F DEBUG : #00 pc 000000000046ed8c /vendor/lib64/egl/libGLESv2_swiftshader.so (sw::clear(unsigned int*, unsigned int, unsigned long)+36) (BuildId: 043b9d9a663e1002807fd7ee42340fb7)
01-01 00:00:13.654 356 356 F DEBUG : #01 pc 00000000004ac870 /vendor/lib64/egl/libGLESv2_swiftshader.so (sw::Blitter::fastClear(void*, sw::Format, sw::Surface*, sw::SliceRectT const&, unsigned int)+848) (BuildId: 043b9d9a663e1002807fd7ee42340fb7)
01-01 00:00:13.654 356 356 F DEBUG : #02 pc 00000000004ac464 /vendor/lib64/egl/libGLESv2_swiftshader.so (sw::Blitter::clear(void*, sw::Format, sw::Surface*, sw::SliceRectT const&, unsigned int)+60) (BuildId: 043b9d9a663e1002807fd7ee42340fb7)
01-01 00:00:13.654 356 356 F DEBUG : #03 pc 000000000049ccb8 /vendor/lib64/egl/libGLESv2_swiftshader.so (sw::Renderer::clear(void*, sw::Format, sw::Surface*, sw::RectT const&, unsigned int)+40) (BuildId: 043b9d9a663e1002807fd7ee42340fb7)
01-01 00:00:13.655 356 356 F DEBUG : #04 pc 00000000003fa4a8 /vendor/lib64/egl/libGLESv2_swiftshader.so (es2::Device::clearColor(float, float, float, float, unsigned int)+208) (BuildId: 043b9d9a663e1002807fd7ee42340fb7)
01-01 00:00:13.655 356 356 F DEBUG : #05 pc 00000000003f5d4c /vendor/lib64/egl/libGLESv2_swiftshader.so (es2::Context::clear(unsigned int)+188) (BuildId: 043b9d9a663e1002807fd7ee42340fb7)
01-01 00:00:13.655 356 356 F DEBUG : #06 pc 00000000003ff794 /vendor/lib64/egl/libGLESv2_swiftshader.so (gl::Clear(unsigned int)+100) (BuildId: 043b9d9a663e1002807fd7ee42340fb7)
01-01 00:00:13.655 356 356 F DEBUG : #07 pc 000000000012642c /system/lib64/libsurfaceflinger.so (android::renderengine::gl::GLESRenderEngine::clearWithColor(float, float, float, float)+100) (BuildId: 4f96534f5e65507697582d47eb972b19)
01-01 00:00:13.655 356 356 F DEBUG : #08 pc 0000000000128048 /system/lib64/libsurfaceflinger.so (android::renderengine::gl::GLESRenderEngine::drawLayers(android::renderengine::DisplaySettings const&, std::__1::vector> const&, ANativeWindowBuffer*, bool, android::base::unique_fd_impl&&, android::base::unique_fd_impl*)+504) (BuildId: 4f96534f5e65507697582d47eb972b19)
01-01 00:00:13.655 356 356 F DEBUG : #09 pc 00000000000e4880 /system/lib64/libsurfaceflinger.so (android::SurfaceFlinger::doComposeSurfaces(android::sp const&, android::Region const&, android::base::unique_fd_impl*)+4552) (BuildId: 4f96534f5e65507697582d47eb972b19)
01-01 00:00:13.655 356 356 F DEBUG : #10 pc 00000000000e0580 /system/lib64/libsurfaceflinger.so (android::SurfaceFlinger::handleMessageRefresh()+3232) (BuildId: 4f96534f5e65507697582d47eb972b19)
01-01 00:00:13.655 356 356 F DEBUG : #11 pc 00000000000df650 /system/lib64/libsurfaceflinger.so (android::SurfaceFlinger::onMessageReceived(int)+10016) (BuildId: 4f96534f5e65507697582d47eb972b19)
01-01 00:00:13.655 356 356 F DEBUG : #12 pc 0000000000017dfc /system/lib64/libutils.so (android::Looper::pollInner(int)+332) (BuildId: c86d46eeaacfed7a211e91a3841ad05d)
01-01 00:00:13.656 356 356 F DEBUG : #13 pc 0000000000017c10 /system/lib64/libutils.so (android::Looper::pollOnce(int, int*, int*, void**)+56) (BuildId: c86d46eeaacfed7a211e91a3841ad05d)
01-01 00:00:13.656 356 356 F DEBUG : #14 pc 00000000000ccf2c /system/lib64/libsurfaceflinger.so (android::impl::MessageQueue::waitMessage()+92) (BuildId: 4f96534f5e65507697582d47eb972b19)
01-01 00:00:13.656 356 356 F DEBUG : #15 pc 00000000000dbe1c /system/lib64/libsurfaceflinger.so (android::SurfaceFlinger::run()+20) (BuildId: 4f96534f5e65507697582d47eb972b19)
01-01 00:00:13.656 356 356 F DEBUG : #16 pc 0000000000003370 /system/bin/surfaceflinger (main+800) (BuildId: 9210356d1fe78f4557eeabdbe0cd5936)
01-01 00:00:13.656 356 356 F DEBUG : #17 pc 000000000007d844 /apex/com.android.runtime/lib64/bionic/libc.so (__libc_init+108) (BuildId: 642696a9594fbdd90f9aeb0bb5d31eb5)
01-01 00:00:13.671 177 177 I zygote64: Explicit concurrent copying GC freed 63536(3536KB) AllocSpace objects, 17(408KB) LOS objects, 49% free, 2566KB/5132KB, paused 118us total 66.409ms
01-01 00:00:13.727 177 177 I zygote64: Explicit concurrent copying GC freed 6306(214KB) AllocSpace objects, 0(0B) LOS objects, 49% free, 2383KB/4767KB, paused 45us total 46.831ms
01-01 00:00:13.727 177 177 D Zygote64Timing: PostZygoteInitGC took to complete: 122ms
01-01 00:00:13.727 177 177 D Zygote64Timing: ZygoteInit took to complete: 2847ms
01-01 00:00:13.760 226 243 I ServiceManager: Waiting for service 'package_native' on '/dev/binder'...
01-01 00:00:13.854 177 177 D Zygote : Forked child process 359
01-01 00:00:13.854 177 177 I Zygote : System server process 359 has been created
01-01 00:00:13.857 177 177 I Zygote : Accepting command socket connections
01-01 00:00:13.858 359 359 I Zygote : seccomp disabled by setenforce 0
01-01 00:00:13.861 226 243 I ServiceManager: Waiting for service 'package_native' on '/dev/binder'...
01-01 00:00:13.883 343 343 I BootAnimation: type=1400 audit(0.0:35): avc: denied { execmem } for scontext=u:r:bootanim:s0 tcontext=u:r:bootanim:s0 tclass=process permissive=1
01-01 00:00:13.887 356 356 I crash_dump64: type=1400 audit(0.0:36): avc: denied { open } for path="/dev/__properties__/u:object_r:hwservicemanager_prop:s0" dev="tmpfs" ino=9374 scontext=u:r:crash_dump:s0 tcontext=u:object_r:hwservicemanager_prop:s0 tclass=file permissive=1
01-01 00:00:13.887 356 356 I crash_dump64: type=1400 audit(0.0:37): avc: denied { getattr } for path="/dev/__properties__/u:object_r:hwservicemanager_prop:s0" dev="tmpfs" ino=9374 scontext=u:r:crash_dump:s0 tcontext=u:object_r:hwservicemanager_prop:s0 tclass=file permissive=1
01-01 00:00:13.887 356 356 I crash_dump64: type=1400 audit(0.0:38): avc: denied { map } for path="/dev/__properties__/u:object_r:hwservicemanager_prop:s0" dev="tmpfs" ino=9374 scontext=u:r:crash_dump:s0 tcontext=u:object_r:hwservicemanager_prop:s0 tclass=file permissive=1
01-01 00:00:13.902 359 359 I system_server: The ClassLoaderContext is a special shared library.
01-01 00:00:13.964 226 243 I ServiceManager: Waiting for service 'package_native' on '/dev/binder'...
01-01 00:00:13.984 359 359 I system_server: The ClassLoaderContext is a special shared library.
01-01 00:00:14.009 356 356 E crash_dump64: unable to connect to activity manager: No such file or directory
01-01 00:00:14.010 231 231 E /system/bin/tombstoned: Tombstone written to: /data/tombstones/tombstone_00
01-01 00:00:14.031 359 359 I system_server: The ClassLoaderContext is a special shared library.
01-01 00:00:14.041 138 138 I ServiceManager: service 'SurfaceFlinger' died
01-01 00:00:14.041 343 343 W SurfaceComposerClient: ComposerService remote (surfaceflinger) died [0x7213bb23c0]
01-01 00:00:14.041 343 343 D BootAnimation: SurfaceFlinger died, exiting...
01-01 00:00:14.048 359 359 I system_server: The ClassLoaderContext is a special shared library.
01-01 00:00:14.077 191 191 D ComposerHal: destroying composer client
01-01 00:00:14.077 191 238 E ComposerHal: failed to send onVsync: Status(EX_TRANSACTION_FAILED): 'DEAD_OBJECT: '
01-01 00:00:14.077 191 191 W ComposerHal: destroying client resources for display 0
01-01 00:00:14.077 191 191 W ComposerHal: performing a final presentDisplay
01-01 00:00:14.078 191 191 D ComposerHal: removed composer client
01-01 00:00:14.078 226 243 I ServiceManager: Waiting for service 'package_native' on '/dev/binder'...
01-01 00:00:14.179 226 243 I ServiceManager: Waiting for service 'package_native' on '/dev/binder'...
01-01 00:00:14.198 138 138 I ServiceManager: service 'media.audio_flinger' died
01-01 00:00:14.198 183 298 I r_submix: adev_close()
01-01 00:00:14.225 138 138 I ServiceManager: service 'media.player' died
01-01 00:00:14.225 138 138 I ServiceManager: service 'media.resource_manager' died
01-01 00:00:14.239 138 138 I ServiceManager: service 'dnsresolver' died
01-01 00:00:14.239 138 138 I ServiceManager: service 'netd' died
01-01 00:00:14.279 226 243 I ServiceManager: Waiting for service 'package_native' on '/dev/binder'...
01-01 00:00:14.288 138 138 I ServiceManager: service 'wificond' died
01-01 00:00:14.383 226 243 I ServiceManager: Waiting for service 'package_native' on '/dev/binder'...
01-01 00:00:14.500 226 243 I ServiceManager: Waiting for service 'package_native' on '/dev/binder'...
01-01 00:00:14.540 388 388 I netdClient: Skipping libnetd_client init since *we* are netd
01-01 00:00:14.554 388 388 I netd : netd 1.0 starting
01-01 00:00:14.568 388 388 I Netd : Loaded resolver library from /apex/com.android.resolv/lib64/libnetd_resolv.so
01-01 00:00:14.568 388 388 D TetherController: Setting IP forward enable = 0
01-01 00:00:14.689 390 390 I wificond: wificond is starting up...
01-01 00:00:14.717 226 243 I ServiceManager: Waiting for service 'package_native' on '/dev/binder'...
01-01 00:00:14.738 388 388 I netd : Creating child chains: 136.6ms
01-01 00:00:14.739 388 388 I netd : Setting up OEM hooks: 0.3ms
01-01 00:00:14.739 388 388 I netd : Setting up FirewallController hooks: 0.1ms
01-01 00:00:14.754 388 388 I netd : Setting up TetherController hooks: 15.3ms
01-01 00:00:14.772 388 388 I netd : Setting up BandwidthController hooks: 17.9ms
01-01 00:00:14.772 388 388 I netd : Setting up IdletimerController hooks: 0.2ms
01-01 00:00:14.776 140 140 I hwservicemanager: getTransport: Cannot find entry android.hardware.audio@5.0::IDevicesFactory/default in either framework or device manifest.
01-01 00:00:14.789 391 391 E audiohalservice: Could not get passthrough implementation for android.hardware.audio@5.0::IDevicesFactory/default.
01-01 00:00:14.790 140 140 I hwservicemanager: getTransport: Cannot find entry android.hardware.audio@4.0::IDevicesFactory/default in either framework or device manifest.
01-01 00:00:14.796 391 391 E audiohalservice: Could not get passthrough implementation for android.hardware.audio@4.0::IDevicesFactory/default.
01-01 00:00:14.820 226 243 I ServiceManager: Waiting for service 'package_native' on '/dev/binder'...
01-01 00:00:14.832 391 391 I ServiceManagement: Registered android.hardware.audio@2.0::IDevicesFactory/default (start delay of 462ms)
01-01 00:00:14.833 391 391 I ServiceManagement: Removing namespace from process name android.hardware.audio@2.0-service to audio@2.0-service.
01-01 00:00:14.834 391 391 I audiohalservice: Registration complete for android.hardware.audio@2.0::IDevicesFactory/default.
01-01 00:00:14.844 140 140 I hwservicemanager: getTransport: Cannot find entry android.hardware.audio.effect@5.0::IEffectsFactory/default in either framework or device manifest.
01-01 00:00:14.845 391 391 E audiohalservice: Could not get passthrough implementation for android.hardware.audio.effect@5.0::IEffectsFactory/default.
01-01 00:00:14.846 140 140 I hwservicemanager: getTransport: Cannot find entry android.hardware.audio.effect@4.0::IEffectsFactory/default in either framework or device manifest.
01-01 00:00:14.847 391 391 E audiohalservice: Could not get passthrough implementation for android.hardware.audio.effect@4.0::IEffectsFactory/default.
01-01 00:00:14.891 384 384 D AndroidRuntime: >>>>>> START com.android.internal.os.ZygoteInit uid 0 <<<<<<
01-01 00:00:14.903 384 384 I AndroidRuntime: Using default boot image
01-01 00:00:14.903 384 384 I AndroidRuntime: Leaving lock profiling enabled
01-01 00:00:14.907 384 384 I zygote : option[0]=-Xzygote
01-01 00:00:14.907 384 384 I zygote : option[1]=exit
01-01 00:00:14.907 384 384 I zygote : option[2]=vfprintf
01-01 00:00:14.907 384 384 I zygote : option[3]=sensitiveThread
01-01 00:00:14.907 384 384 I zygote : option[4]=-verbose:gc
01-01 00:00:14.907 384 384 I zygote : option[5]=-Xms8m
01-01 00:00:14.907 384 384 I zygote : option[6]=-Xmx384m
01-01 00:00:14.908 384 384 I zygote : option[7]=-XX:HeapGrowthLimit=80m
01-01 00:00:14.908 384 384 I zygote : option[8]=-XX:HeapMinFree=512k
01-01 00:00:14.908 384 384 I zygote : option[9]=-XX:HeapMaxFree=8m
01-01 00:00:14.908 384 384 I zygote : option[10]=-XX:HeapTargetUtilization=0.75
01-01 00:00:14.908 384 384 I zygote : option[11]=-Xusejit:true
01-01 00:00:14.908 384 384 I zygote : option[12]=-Xjitsaveprofilinginfo
01-01 00:00:14.908 384 384 I zygote : option[13]=-XjdwpOptions:suspend=n,server=y
01-01 00:00:14.908 384 384 I zygote : option[14]=-XjdwpProvider:default
01-01 00:00:14.908 384 384 I zygote : option[15]=-Xlockprofthreshold:500
01-01 00:00:14.908 384 384 I zygote : option[16]=-Ximage-compiler-option
01-01 00:00:14.908 384 384 I zygote : option[17]=--runtime-arg
01-01 00:00:14.908 384 384 I zygote : option[18]=-Ximage-compiler-option
01-01 00:00:14.908 384 384 I zygote : option[19]=-Xms64m
01-01 00:00:14.908 384 384 I zygote : option[20]=-Ximage-compiler-option
01-01 00:00:14.908 391 391 I ServiceManagement: Registered android.hardware.audio.effect@2.0::IEffectsFactory/default (start delay of 538ms)
01-01 00:00:14.908 384 384 I zygote : option[21]=--runtime-arg
01-01 00:00:14.908 384 384 I zygote : option[22]=-Ximage-compiler-option
01-01 00:00:14.908 384 384 I zygote : option[23]=-Xmx64m
01-01 00:00:14.908 384 384 I zygote : option[24]=-Ximage-compiler-option
01-01 00:00:14.908 384 384 I zygote : option[25]=--profile-file=/system/etc/boot-image.prof
01-01 00:00:14.908 391 391 I audiohalservice: Registration complete for android.hardware.audio.effect@2.0::IEffectsFactory/default.
01-01 00:00:14.908 384 384 I zygote : option[26]=-Ximage-compiler-option
01-01 00:00:14.908 384 384 I zygote : option[27]=--compiler-filter=speed-profile
01-01 00:00:14.908 384 384 I zygote : option[28]=-Xcompiler-option
01-01 00:00:14.908 384 384 I zygote : option[29]=--runtime-arg
01-01 00:00:14.908 384 384 I zygote : option[30]=-Xcompiler-option
01-01 00:00:14.909 384 384 I zygote : option[31]=-Xms64m
01-01 00:00:14.909 384 384 I zygote : option[32]=-Xcompiler-option
01-01 00:00:14.909 384 384 I zygote : option[33]=--runtime-arg
01-01 00:00:14.909 384 384 I zygote : option[34]=-Xcompiler-option
01-01 00:00:14.909 384 384 I zygote : option[35]=-Xmx512m
01-01 00:00:14.909 384 384 I zygote : option[36]=-Ximage-compiler-option
01-01 00:00:14.909 384 384 I zygote : option[37]=--instruction-set-variant=cortex-a72
01-01 00:00:14.909 384 384 I zygote : option[38]=-Xcompiler-option
01-01 00:00:14.909 384 384 I zygote : option[39]=--instruction-set-variant=cortex-a72
01-01 00:00:14.909 384 384 I zygote : option[40]=-Ximage-compiler-option
01-01 00:00:14.909 384 384 I zygote : option[41]=--instruction-set-features=default
01-01 00:00:14.909 384 384 I zygote : option[42]=-Xcompiler-option
01-01 00:00:14.909 384 384 I zygote : option[43]=--instruction-set-features=default
01-01 00:00:14.909 384 384 I zygote : option[44]=-Duser.locale=en-US
01-01 00:00:14.909 384 384 I zygote : option[45]=--cpu-abilist=armeabi-v7a,armeabi
01-01 00:00:14.909 384 384 I zygote : option[46]=-Xcompiler-option
01-01 00:00:14.909 140 140 I hwservicemanager: getTransport: Cannot find entry android.hardware.soundtrigger@2.2::ISoundTriggerHw/default in either framework or device manifest.
01-01 00:00:14.909 384 384 I zygote : option[47]=--generate-mini-debug-info
01-01 00:00:14.909 384 384 I zygote : option[48]=-Xcore-platform-api-policy:just-warn
01-01 00:00:14.909 384 384 I zygote : option[49]=-Xfingerprint:Raspberry/omni_rpi4/rpi4:10/QKQ1.190716.003/1910071200:userdebug/release-keys
01-01 00:00:14.912 391 391 E audiohalservice: Could not get passthrough implementation for android.hardware.soundtrigger@2.2::ISoundTriggerHw/default.
01-01 00:00:14.913 140 140 I hwservicemanager: getTransport: Cannot find entry android.hardware.soundtrigger@2.1::ISoundTriggerHw/default in either framework or device manifest.
01-01 00:00:14.913 391 391 E audiohalservice: Could not get passthrough implementation for android.hardware.soundtrigger@2.1::ISoundTriggerHw/default.
01-01 00:00:14.914 140 140 I hwservicemanager: getTransport: Cannot find entry android.hardware.soundtrigger@2.0::ISoundTriggerHw/default in either framework or device manifest.
01-01 00:00:14.914 383 383 D AndroidRuntime: >>>>>> START com.android.internal.os.ZygoteInit uid 0 <<<<<<
01-01 00:00:14.914 391 391 E audiohalservice: Could not get passthrough implementation for android.hardware.soundtrigger@2.0::ISoundTriggerHw/default.
01-01 00:00:14.914 391 391 W audiohalservice: Could not register soundtrigger API 2.0, 2.1 nor 2.2
01-01 00:00:14.915 140 140 I hwservicemanager: getTransport: Cannot find entry android.hardware.bluetooth.audio@2.0::IBluetoothAudioProvidersFactory/default in either framework or device manifest.
01-01 00:00:14.916 391 391 E audiohalservice: Could not get passthrough implementation for android.hardware.bluetooth.audio@2.0::IBluetoothAudioProvidersFactory/default.
01-01 00:00:14.916 391 391 W audiohalservice: Could not register Bluetooth Audio API 2.0
01-01 00:00:14.916 384 384 I zygote : Core platform API reporting enabled, enforcing=false
01-01 00:00:14.917 140 140 I hwservicemanager: getTransport: Cannot find entry android.hardware.bluetooth.a2dp@1.0::IBluetoothAudioOffload/default in either framework or device manifest.
01-01 00:00:14.917 391 391 E audiohalservice: Could not get passthrough implementation for android.hardware.bluetooth.a2dp@1.0::IBluetoothAudioOffload/default.
01-01 00:00:14.917 391 391 W audiohalservice: Could not register Bluetooth audio offload 1.0
01-01 00:00:14.924 226 243 I ServiceManager: Waiting for service 'package_native' on '/dev/binder'...
01-01 00:00:14.929 383 383 I AndroidRuntime: Using default boot image
01-01 00:00:14.929 383 383 I AndroidRuntime: Leaving lock profiling enabled
01-01 00:00:14.932 383 383 I zygote64: option[0]=-Xzygote
01-01 00:00:14.932 383 383 I zygote64: option[1]=exit
01-01 00:00:14.932 383 383 I zygote64: option[2]=vfprintf
01-01 00:00:14.932 383 383 I zygote64: option[3]=sensitiveThread
01-01 00:00:14.933 383 383 I zygote64: option[4]=-verbose:gc
01-01 00:00:14.933 383 383 I zygote64: option[5]=-Xms8m
01-01 00:00:14.933 383 383 I zygote64: option[6]=-Xmx384m
01-01 00:00:14.933 383 383 I zygote64: option[7]=-XX:HeapGrowthLimit=80m
01-01 00:00:14.933 383 383 I zygote64: option[8]=-XX:HeapMinFree=512k
01-01 00:00:14.933 383 383 I zygote64: option[9]=-XX:HeapMaxFree=8m
01-01 00:00:14.933 383 383 I zygote64: option[10]=-XX:HeapTargetUtilization=0.75
01-01 00:00:14.933 383 383 I zygote64: option[11]=-Xusejit:true
01-01 00:00:14.933 383 383 I zygote64: option[12]=-Xjitsaveprofilinginfo
01-01 00:00:14.933 383 383 I zygote64: option[13]=-XjdwpOptions:suspend=n,server=y
01-01 00:00:14.933 383 383 I zygote64: option[14]=-XjdwpProvider:default
01-01 00:00:14.933 383 383 I zygote64: option[15]=-Xlockprofthreshold:500
01-01 00:00:14.933 383 383 I zygote64: option[16]=-Ximage-compiler-option
01-01 00:00:14.933 383 383 I zygote64: option[17]=--runtime-arg
01-01 00:00:14.933 383 383 I zygote64: option[18]=-Ximage-compiler-option
01-01 00:00:14.933 383 383 I zygote64: option[19]=-Xms64m
01-01 00:00:14.933 383 383 I zygote64: option[20]=-Ximage-compiler-option
01-01 00:00:14.933 383 383 I zygote64: option[21]=--runtime-arg
01-01 00:00:14.933 383 383 I zygote64: option[22]=-Ximage-compiler-option
01-01 00:00:14.933 383 383 I zygote64: option[23]=-Xmx64m
01-01 00:00:14.933 383 383 I zygote64: option[24]=-Ximage-compiler-option
01-01 00:00:14.933 383 383 I zygote64: option[25]=--profile-file=/system/etc/boot-image.prof
01-01 00:00:14.933 383 383 I zygote64: option[26]=-Ximage-compiler-option
01-01 00:00:14.933 383 383 I zygote64: option[27]=--compiler-filter=speed-profile
01-01 00:00:14.933 383 383 I zygote64: option[28]=-Xcompiler-option
01-01 00:00:14.933 383 383 I zygote64: option[29]=--runtime-arg
01-01 00:00:14.933 383 383 I zygote64: option[30]=-Xcompiler-option
01-01 00:00:14.933 383 383 I zygote64: option[31]=-Xms64m
01-01 00:00:14.933 383 383 I zygote64: option[32]=-Xcompiler-option
01-01 00:00:14.933 383 383 I zygote64: option[33]=--runtime-arg
01-01 00:00:14.934 383 383 I zygote64: option[34]=-Xcompiler-option
01-01 00:00:14.934 383 383 I zygote64: option[35]=-Xmx512m
01-01 00:00:14.934 383 383 I zygote64: option[36]=-Ximage-compiler-option
01-01 00:00:14.934 383 383 I zygote64: option[37]=--instruction-set-variant=cortex-a72
01-01 00:00:14.934 383 383 I zygote64: option[38]=-Xcompiler-option
01-01 00:00:14.934 383 383 I zygote64: option[39]=--instruction-set-variant=cortex-a72
01-01 00:00:14.934 383 383 I zygote64: option[40]=-Ximage-compiler-option
01-01 00:00:14.934 383 383 I zygote64: option[41]=--instruction-set-features=default
01-01 00:00:14.934 383 383 I zygote64: option[42]=-Xcompiler-option
01-01 00:00:14.934 383 383 I zygote64: option[43]=--instruction-set-features=default
01-01 00:00:14.934 383 383 I zygote64: option[44]=-Duser.locale=en-US
01-01 00:00:14.934 383 383 I zygote64: option[45]=--cpu-abilist=arm64-v8a
01-01 00:00:14.934 383 383 I zygote64: option[46]=-Xcompiler-option
01-01 00:00:14.934 383 383 I zygote64: option[47]=--generate-mini-debug-info
01-01 00:00:14.934 383 383 I zygote64: option[48]=-Xcore-platform-api-policy:just-warn
01-01 00:00:14.934 383 383 I zygote64: option[49]=-Xfingerprint:Raspberry/omni_rpi4/rpi4:10/QKQ1.190716.003/1910071200:userdebug/release-keys
01-01 00:00:14.940 383 383 I zygote64: Core platform API reporting enabled, enforcing=false
01-01 00:00:15.028 226 243 I ServiceManager: Waiting for service 'package_native' on '/dev/binder'...
01-01 00:00:15.132 226 243 I chatty : uid=0(root) /system/bin/storaged identical 1 line
01-01 00:00:15.236 226 243 I ServiceManager: Waiting for service 'package_native' on '/dev/binder'...
01-01 00:00:15.243 384 384 D ICU : Time zone APEX file found: /apex/com.android.tzdata/etc/icu/icu_tzdata.dat
01-01 00:00:15.277 383 383 D ICU : Time zone APEX file found: /apex/com.android.tzdata/etc/icu/icu_tzdata.dat
01-01 00:00:15.340 226 243 I ServiceManager: Waiting for service 'package_native' on '/dev/binder'...
01-01 00:00:15.347 384 384 W zygote : JNI RegisterNativeMethods: attempt to register 0 native methods for android.media.AudioAttributes
01-01 00:00:15.356 383 383 W zygote64: JNI RegisterNativeMethods: attempt to register 0 native methods for android.media.AudioAttributes
01-01 00:00:15.357 388 388 I netd : Setting up StrictController hooks: 584.6ms
01-01 00:00:15.357 388 388 E ClatdController: Cannot determine initial API level of the device.
01-01 00:00:15.357 388 388 I ClatdController: 4.9+ kernel and device shipped with Q+ - clat ebpf should work.
01-01 00:00:15.357 388 388 I netd : Initializing ClatdController: 0.4ms
01-01 00:00:15.360 388 388 I netd : Initializing traffic control: 2.8ms
01-01 00:00:15.362 383 383 D Zygote : begin preload
01-01 00:00:15.362 383 383 I Zygote : Calling ZygoteHooks.beginPreload()
01-01 00:00:15.376 384 384 I zygote : Explicit concurrent copying GC freed 302(38KB) AllocSpace objects, 0(0B) LOS objects, 98% free, 25KB/1561KB, paused 169us total 19.627ms
01-01 00:00:15.379 383 383 D Zygote64Timing: BeginPreload took to complete: 17ms
01-01 00:00:15.380 383 383 I Zygote : Preloading classes...
01-01 00:00:15.381 388 388 I netd : Enabling bandwidth control: 20.6ms
01-01 00:00:15.383 383 383 W Zygote : Class not found for preloading: android.app.-$$Lambda$ActivityThread$ZXDWm3IBeFmLnFVblhB-IOZCr9o
01-01 00:00:15.386 388 388 E Netd : Error adding route 0.0.0.0/0 -> (null) dummy0 to table 1002: File exists
01-01 00:00:15.386 388 388 I netd : Initializing RouteController: 5.8ms
01-01 00:00:15.387 388 388 D XfrmController: XfrmController::ipSecAddXfrmInterface, line=1379
01-01 00:00:15.399 388 388 D XfrmController: XfrmController::ipSecRemoveTunnelInterface, line=1592
01-01 00:00:15.399 388 388 D XfrmController: deviceName=ipsec_test
01-01 00:00:15.401 384 384 I zygote : Explicit concurrent copying GC freed 5(32KB) AllocSpace objects, 0(0B) LOS objects, 98% free, 25KB/1561KB, paused 121us total 21.448ms
01-01 00:00:15.402 384 384 D Zygote32Timing: PostZygoteInitGC took to complete: 46ms
01-01 00:00:15.402 384 384 D Zygote32Timing: ZygoteInit took to complete: 46ms
01-01 00:00:15.432 388 388 D XfrmController: Sending Netlink XFRM Message: XFRM_MSG_FLUSHSA
01-01 00:00:15.432 388 388 D XfrmController: Sending Netlink XFRM Message: XFRM_MSG_FLUSHPOLICY
01-01 00:00:15.432 388 388 I netd : Initializing XfrmController: 46.1ms
01-01 00:00:15.435 384 384 I Zygote : Accepting command socket connections
01-01 00:00:15.436 388 388 I libnetd_resolv: resolv_init: Initializing resolver
01-01 00:00:15.438 388 388 D MDnsDS : MDnsSdListener::Hander starting up
01-01 00:00:15.439 388 388 I netd : Registering NetdNativeService: 0.4ms
01-01 00:00:15.441 388 426 D MDnsDS : MDnsSdListener starting to monitor
01-01 00:00:15.441 388 426 D MDnsDS : Going to poll with pollCount 1
01-01 00:00:15.443 388 388 I netd : type=1400 audit(0.0:39): avc: denied { write } for name="tasks" dev="tmpfs" ino=1391 scontext=u:r:netd:s0 tcontext=u:object_r:device:s0 tclass=file permissive=1
01-01 00:00:15.443 388 388 I netd : type=1400 audit(0.0:40): avc: denied { open } for path="/dev/stune/foreground/tasks" dev="tmpfs" ino=1391 scontext=u:r:netd:s0 tcontext=u:object_r:device:s0 tclass=file permissive=1
01-01 00:00:15.443 388 388 I ServiceManagement: Registered android.system.net.netd@1.1::INetd/default (start delay of 1093ms)
01-01 00:00:15.443 388 388 I netd : Registering NetdHwService: 3.8ms
01-01 00:00:15.443 388 388 I netd : Netd started in 890ms
01-01 00:00:15.444 226 243 I ServiceManager: Waiting for service 'package_native' on '/dev/binder'...
01-01 00:00:15.472 385 385 I FastMixerState: sMaxFastTracks = 8
01-01 00:00:15.478 385 385 V MediaUtils: physMem: 8188407808
01-01 00:00:15.478 385 385 V MediaUtils: requested limit: 536870912
01-01 00:00:15.479 385 385 I libc : malloc_limit: Allocation limit enabled, max size 536870912 bytes
01-01 00:00:15.480 385 385 I audioserver: ServiceManager: 0x7e72951dc0
01-01 00:00:15.480 385 385 W BatteryNotifier: batterystats service unavailable!
01-01 00:00:15.482 140 140 I hwservicemanager: getTransport: Cannot find entry android.hardware.audio@5.0::IDevicesFactory/default in either framework or device manifest.
01-01 00:00:15.483 383 383 W Zygote : Class not found for preloading: android.bluetooth.BluetoothA2dp$2
01-01 00:00:15.484 140 140 I hwservicemanager: getTransport: Cannot find entry android.hardware.audio@4.0::IDevicesFactory/default in either framework or device manifest.
01-01 00:00:15.491 383 383 I PackageBackwardCompatibility: Could not find android.content.pm.AndroidTestBaseUpdater, ignoring
01-01 00:00:15.495 140 140 I hwservicemanager: getTransport: Cannot find entry android.hardware.audio.effect@5.0::IEffectsFactory/default in either framework or device manifest.
01-01 00:00:15.496 140 140 I hwservicemanager: getTransport: Cannot find entry android.hardware.audio.effect@4.0::IEffectsFactory/default in either framework or device manifest.
01-01 00:00:15.500 385 385 I AudioFlinger: Using default 3000 mSec as standby time.
01-01 00:00:15.503 385 385 E APM::Serializer: deserialize: Could not parse /odm/etc/audio_policy_configuration.xml document.
01-01 00:00:15.503 385 385 E APM::Serializer: deserialize: Could not parse /vendor/etc/audio/audio_policy_configuration.xml document.
01-01 00:00:15.522 386 386 I cameraserver: ServiceManager: 0xeda231a0
01-01 00:00:15.522 386 386 I CameraService: CameraService started (pid=386)
01-01 00:00:15.522 386 386 I CameraService: CameraService process starting
01-01 00:00:15.523 386 386 W BatteryNotifier: batterystats service unavailable!
01-01 00:00:15.523 386 386 W BatteryNotifier: batterystats service unavailable!
01-01 00:00:15.527 386 386 I : Waiting for activity service
01-01 00:00:15.531 385 385 E APM::AudioPolicyEngine/Config: parse: Could not parse document /vendor/etc/audio_policy_engine_configuration.xml
01-01 00:00:15.531 385 385 W APM::AudioPolicyEngine/Base: loadAudioPolicyEngineConfig: No configuration found, using default matching phone experience.
01-01 00:00:15.531 385 385 E APM::AudioPolicyEngine/Config: parseLegacyVolumeFile: Could not parse document /odm/etc/audio_policy_configuration.xml
01-01 00:00:15.551 391 391 D audio_hw_primary: mixer 0 name HDMI Playback Volume
01-01 00:00:15.551 391 391 D audio_hw_primary: mixer 1 name HDMI Playback Switch
01-01 00:00:15.552 226 243 I ServiceManager: Waiting for service 'package_native' on '/dev/binder'...
01-01 00:00:15.553 391 391 W DeviceHAL: Error from HAL Device in function get_master_volume: Function not implemented
01-01 00:00:15.554 391 391 W DeviceHAL: Error from HAL Device in function get_master_mute: Function not implemented
01-01 00:00:15.554 391 391 W DeviceHAL: Error from HAL Device in function set_master_volume: Function not implemented
01-01 00:00:15.555 391 391 W DeviceHAL: Error from HAL Device in function set_master_mute: Function not implemented
01-01 00:00:15.555 385 385 I AudioFlinger: loadHwModule() Loaded primary audio interface, handle 10
01-01 00:00:15.555 385 385 I AudioFlinger: openOutput() this 0x7e7295c600, module 10 Device 0x2, SamplingRate 48000, Format 0x000001, Channels 0x3, flags 0x2
01-01 00:00:15.558 385 385 I AudioFlinger: HAL output buffer size 480 frames, normal sink buffer size 960 frames
01-01 00:00:15.560 140 140 I hwservicemanager: getTransport: Cannot find entry android.hardware.audio.effect@5.0::IEffectsFactory/default in either framework or device manifest.
01-01 00:00:15.561 140 140 I hwservicemanager: getTransport: Cannot find entry android.hardware.audio.effect@4.0::IEffectsFactory/default in either framework or device manifest.
01-01 00:00:15.566 391 391 E EffectsConfig: Could not parse effect configuration in any of the default locations.
01-01 00:00:15.566 391 391 E EffectsFactoryConfigLoader: Failed to parse XML configuration file
01-01 00:00:15.566 391 391 W EffectsFactory: Failed to load XML effect configuration, fallback to .conf
01-01 00:00:15.573 389 389 I SurfaceFlinger: Using HWComposer service: 'default'
01-01 00:00:15.573 389 389 I SurfaceFlinger: SurfaceFlinger is starting
01-01 00:00:15.576 385 385 I BufferProvider: found effect "Multichannel Downmix To Stereo" from The Android Open Source Project
01-01 00:00:15.578 385 385 I AudioFlinger: Using module 10 as the primary audio interface
01-01 00:00:15.582 385 443 I AudioFlinger: AudioFlinger's thread 0x7e729fd500 tid=443 ready to run
01-01 00:00:15.582 385 443 W AudioFlinger: no wake lock to update, system not ready yet
01-01 00:00:15.583 389 389 I SurfaceFlinger: Treble testing override: 'false'
01-01 00:00:15.583 389 389 W SurfaceFlinger: Unable to open libdolphin.so: dlopen failed: library "libdolphin.so" not found.
01-01 00:00:15.584 385 443 W AudioFlinger: no wake lock to update, system not ready yet
01-01 00:00:15.585 389 389 E SurfaceFlinger: Unable to open libframeextension.so: dlopen failed: library "libframeextension.so" not found.
01-01 00:00:15.591 391 398 W DeviceHAL: Error from HAL Device in function set_voice_volume: Function not implemented
01-01 00:00:15.592 385 385 W AudioFlinger: moveEffects() bad srcOutput 0
01-01 00:00:15.608 389 389 I SurfaceFlinger: SurfaceFlinger's main thread ready to run. Initializing graphics H/W...
01-01 00:00:15.608 389 389 I SurfaceFlinger: Phase offset NS: 1000000
01-01 00:00:15.609 389 389 W SurfaceFlinger: Unable to open libdolphin.so: dlopen failed: library "libdolphin.so" not found.
01-01 00:00:15.610 389 447 W SurfaceFlinger: Ignoring VSYNC request while display is disconnected
01-01 00:00:15.611 389 389 W SurfaceFlinger: Unable to open libdolphin.so: dlopen failed: library "libdolphin.so" not found.
01-01 00:00:15.611 389 447 W SurfaceFlinger: Ignoring VSYNC request while display is disconnected
01-01 00:00:15.611 389 389 W SurfaceFlinger: Unable to open libdolphin.so: dlopen failed: library "libdolphin.so" not found.
01-01 00:00:15.612 389 448 W SurfaceFlinger: Ignoring VSYNC request while display is disconnected
01-01 00:00:15.612 389 389 W SurfaceFlinger: Unable to open libdolphin.so: dlopen failed: library "libdolphin.so" not found.
01-01 00:00:15.613 389 448 W SurfaceFlinger: Ignoring VSYNC request while display is disconnected
01-01 00:00:15.613 389 389 D RenderEngine: RenderEngine GLES Backend
