01-01 00:00:30.636 836 836 D libEGL : loaded /vendor/lib64/egl/libGLESv2_swiftshader.so
01-01 00:00:30.685 831 831 W zygote : JNI RegisterNativeMethods: attempt to register 0 native methods for android.media.AudioAttributes
01-01 00:00:30.686 836 836 I RenderEngine: EGL information:
01-01 00:00:30.686 836 836 I RenderEngine: vendor : Android
01-01 00:00:30.686 836 836 I RenderEngine: version : 1.4 Android META-EGL
01-01 00:00:30.686 836 836 I RenderEngine: extensions: EGL_KHR_get_all_proc_addresses EGL_ANDROID_presentation_time EGL_KHR_swap_buffers_with_damage EGL_ANDROID_get_native_client_buffer EGL_ANDROID_front_buffer_auto_refresh EGL_ANDROID_get_frame_timestamps EGL_EXT_surface_SMPTE2086_metadata EGL_EXT_surface_CTA861_3_metadata EGL_KHR_image_base EGL_KHR_gl_texture_2D_image EGL_KHR_gl_texture_cubemap_image EGL_KHR_gl_renderbuffer_image EGL_KHR_fence_sync EGL_KHR_create_context EGL_KHR_surfaceless_context EGL_ANDROID_recordable
01-01 00:00:30.686 836 836 I RenderEngine: Client API: OpenGL_ES
01-01 00:00:30.686 836 836 I RenderEngine: EGLSurface: 8-8-8-8, config=0x2f
01-01 00:00:30.703 831 831 I zygote : Explicit concurrent copying GC freed 302(38KB) AllocSpace objects, 0(0B) LOS objects, 98% free, 25KB/1561KB, paused 147us total 9.138ms
01-01 00:00:30.707 836 836 I RenderEngine: OpenGL ES informations:
01-01 00:00:30.707 836 836 I RenderEngine: vendor : Google Inc.
01-01 00:00:30.707 836 836 I RenderEngine: renderer : Google SwiftShader
01-01 00:00:30.707 836 836 I RenderEngine: version : OpenGL ES 3.0 SwiftShader 4.1.0.5
01-01 00:00:30.707 836 836 I RenderEngine: extensions: GL_EXT_debug_marker GL_OES_compressed_ETC1_RGB8_texture GL_OES_depth24 GL_OES_depth32 GL_OES_depth_texture GL_OES_depth_texture_cube_map GL_OES_EGL_image GL_OES_EGL_image_external GL_OES_EGL_image_external_essl3 GL_OES_EGL_sync GL_OES_element_index_uint GL_OES_fbo_render_mipmap GL_OES_framebuffer_object GL_OES_packed_depth_stencil GL_OES_rgb8_rgba8 GL_OES_standard_derivatives GL_OES_surfaceless_context GL_OES_texture_float GL_OES_texture_float_linear GL_OES_texture_half_float GL_OES_texture_half_float_linear GL_OES_texture_npot GL_OES_texture_3D GL_OES_vertex_array_object GL_OES_vertex_half_float GL_EXT_blend_minmax GL_EXT_color_buffer_float GL_EXT_color_buffer_half_float GL_EXT_draw_buffers GL_EXT_instanced_arrays GL_EXT_occlusion_query_boolean GL_EXT_read_format_bgra GL_EXT_texture_compression_dxt1 GL_EXT_texture_filter_anisotropic GL_EXT_texture_format_BGRA8888 GL_EXT_texture_rg GL_ARB_texture_rectangle GL_ANGLE_framebuffer_blit GL_ANGLE_framebuffer_multisample GL_ANGLE_instanced_arrays GL_ANG
01-01 00:00:30.707 836 836 I RenderEngine: GL_MAX_TEXTURE_SIZE = 8192
01-01 00:00:30.707 836 836 I RenderEngine: GL_MAX_VIEWPORT_DIMS = 8192
01-01 00:00:30.710 140 140 I hwservicemanager: getTransport: Cannot find entry android.hardware.graphics.mapper@3.0::IMapper/default in either framework or device manifest.
01-01 00:00:30.711 191 191 D ComposerHal: failed to get mapper 3.0 service, falling back to mapper 2.0
01-01 00:00:30.716 140 140 I hwservicemanager: getTransport: Cannot find entry vendor.display.config@1.16::IDisplayConfig/default in either framework or device manifest.
01-01 00:00:30.717 836 836 I HWComposer: Switching to legacy multi-display mode
01-01 00:00:30.719 140 140 I hwservicemanager: getTransport: Cannot find entry vendor.display.config@1.12::IDisplayConfig/default in either framework or device manifest.
01-01 00:00:30.719 830 830 W zygote64: JNI RegisterNativeMethods: attempt to register 0 native methods for android.media.AudioAttributes
01-01 00:00:30.721 140 140 I hwservicemanager: getTransport: Cannot find entry vendor.display.config@1.7::IDisplayConfig/default in either framework or device manifest.
01-01 00:00:30.721 831 831 I zygote : Explicit concurrent copying GC freed 5(32KB) AllocSpace objects, 0(0B) LOS objects, 98% free, 25KB/1561KB, paused 117us total 13.359ms
01-01 00:00:30.722 831 831 D Zygote32Timing: PostZygoteInitGC took to complete: 28ms
01-01 00:00:30.722 831 831 D Zygote32Timing: ZygoteInit took to complete: 29ms
01-01 00:00:30.722 140 140 I hwservicemanager: getTransport: Cannot find entry vendor.display.config@1.9::IDisplayConfig/default in either framework or device manifest.
01-01 00:00:30.726 830 830 D Zygote : begin preload
01-01 00:00:30.726 830 830 I Zygote : Calling ZygoteHooks.beginPreload()
01-01 00:00:30.739 831 831 I Zygote : Accepting command socket connections
01-01 00:00:30.742 830 830 D Zygote64Timing: BeginPreload took to complete: 16ms
01-01 00:00:30.742 830 830 I Zygote : Preloading classes...
01-01 00:00:30.745 830 830 W Zygote : Class not found for preloading: android.app.-$$Lambda$ActivityThread$ZXDWm3IBeFmLnFVblhB-IOZCr9o
01-01 00:00:30.793 835 835 I netd : Setting up StrictController hooks: 636.7ms
01-01 00:00:30.793 835 835 E ClatdController: Cannot determine initial API level of the device.
01-01 00:00:30.793 835 835 I ClatdController: 4.9+ kernel and device shipped with Q+ - clat ebpf should work.
01-01 00:00:30.794 835 835 I netd : Initializing ClatdController: 0.4ms
01-01 00:00:30.797 835 835 I netd : Initializing traffic control: 3.1ms
01-01 00:00:30.810 835 835 I netd : Enabling bandwidth control: 13.4ms
01-01 00:00:30.815 835 835 E Netd : Error adding route 0.0.0.0/0 -> (null) dummy0 to table 1002: File exists
01-01 00:00:30.816 835 835 I netd : Initializing RouteController: 5.7ms
01-01 00:00:30.816 835 835 D XfrmController: XfrmController::ipSecAddXfrmInterface, line=1379
01-01 00:00:30.817 835 835 D XfrmController: XfrmController::ipSecRemoveTunnelInterface, line=1592
01-01 00:00:30.817 835 835 D XfrmController: deviceName=ipsec_test
01-01 00:00:30.839 830 830 W Zygote : Class not found for preloading: android.bluetooth.BluetoothA2dp$2
01-01 00:00:30.848 830 830 I PackageBackwardCompatibility: Could not find android.content.pm.AndroidTestBaseUpdater, ignoring
01-01 00:00:30.864 835 835 D XfrmController: Sending Netlink XFRM Message: XFRM_MSG_FLUSHSA
01-01 00:00:30.864 835 835 D XfrmController: Sending Netlink XFRM Message: XFRM_MSG_FLUSHPOLICY
01-01 00:00:30.864 835 835 I netd : Initializing XfrmController: 48.8ms
01-01 00:00:30.869 835 835 I libnetd_resolv: resolv_init: Initializing resolver
01-01 00:00:30.879 835 835 D MDnsDS : MDnsSdListener::Hander starting up
01-01 00:00:30.880 835 835 I netd : Registering NetdNativeService: 0.5ms
01-01 00:00:30.888 835 835 I ServiceManagement: Registered android.system.net.netd@1.1::INetd/default (start delay of 1198ms)
01-01 00:00:30.889 835 835 I netd : Registering NetdHwService: 8.9ms
01-01 00:00:30.889 835 835 I netd : Netd started in 986ms
01-01 00:00:30.904 835 882 D MDnsDS : MDnsSdListener starting to monitor
01-01 00:00:30.904 835 882 D MDnsDS : Going to poll with pollCount 1
01-01 00:00:31.034 834 834 I mediaserver: ServiceManager: 0xf22232a0
01-01 00:00:31.036 834 834 W BatteryNotifier: batterystats service unavailable!
01-01 00:00:31.037 834 834 W BatteryNotifier: batterystats service unavailable!
01-01 00:00:31.042 832 832 I FastMixerState: sMaxFastTracks = 8
01-01 00:00:31.070 832 832 V MediaUtils: physMem: 8188407808
01-01 00:00:31.070 832 832 V MediaUtils: requested limit: 536870912
01-01 00:00:31.070 832 832 I libc : malloc_limit: Allocation limit enabled, max size 536870912 bytes
01-01 00:00:31.071 832 832 I audioserver: ServiceManager: 0x7d7c34adc0
01-01 00:00:31.072 832 832 W BatteryNotifier: batterystats service unavailable!
01-01 00:00:30.883 835 835 I netd : type=1400 audit(0.0:69): avc: denied { write } for name="tasks" dev="tmpfs" ino=1391 scontext=u:r:netd:s0 tcontext=u:object_r:device:s0 tclass=file permissive=1
01-01 00:00:30.883 835 835 I netd : type=1400 audit(0.0:70): avc: denied { open } for path="/dev/stune/foreground/tasks" dev="tmpfs" ino=1391 scontext=u:r:netd:s0 tcontext=u:object_r:device:s0 tclass=file permissive=1
01-01 00:00:31.074 140 140 I hwservicemanager: getTransport: Cannot find entry android.hardware.audio@5.0::IDevicesFactory/default in either framework or device manifest.
01-01 00:00:31.075 140 140 I hwservicemanager: getTransport: Cannot find entry android.hardware.audio@4.0::IDevicesFactory/default in either framework or device manifest.
01-01 00:00:31.081 140 140 I hwservicemanager: getTransport: Cannot find entry android.hardware.audio.effect@5.0::IEffectsFactory/default in either framework or device manifest.
01-01 00:00:31.082 140 140 I hwservicemanager: getTransport: Cannot find entry android.hardware.audio.effect@4.0::IEffectsFactory/default in either framework or device manifest.
01-01 00:00:31.091 832 832 I AudioFlinger: Using default 3000 mSec as standby time.
01-01 00:00:31.093 833 833 I cameraserver: ServiceManager: 0xf13231a0
01-01 00:00:31.093 832 832 E APM::Serializer: deserialize: Could not parse /odm/etc/audio_policy_configuration.xml document.
01-01 00:00:31.093 833 833 I CameraService: CameraService started (pid=833)
01-01 00:00:31.093 833 833 I CameraService: CameraService process starting
01-01 00:00:31.093 832 832 E APM::Serializer: deserialize: Could not parse /vendor/etc/audio/audio_policy_configuration.xml document.
01-01 00:00:31.094 833 833 W BatteryNotifier: batterystats service unavailable!
01-01 00:00:31.095 833 833 W BatteryNotifier: batterystats service unavailable!
01-01 00:00:31.099 833 833 I : Waiting for activity service
01-01 00:00:31.108 832 832 E APM::AudioPolicyEngine/Config: parse: Could not parse document /vendor/etc/audio_policy_engine_configuration.xml
01-01 00:00:31.109 832 832 W APM::AudioPolicyEngine/Base: loadAudioPolicyEngineConfig: No configuration found, using default matching phone experience.
01-01 00:00:31.109 832 832 E APM::AudioPolicyEngine/Config: parseLegacyVolumeFile: Could not parse document /odm/etc/audio_policy_configuration.xml
01-01 00:00:31.127 838 838 D audio_hw_primary: mixer 0 name HDMI Playback Volume
01-01 00:00:31.127 838 838 D audio_hw_primary: mixer 1 name HDMI Playback Switch
01-01 00:00:31.129 838 838 W DeviceHAL: Error from HAL Device in function get_master_volume: Function not implemented
01-01 00:00:31.130 838 838 W DeviceHAL: Error from HAL Device in function get_master_mute: Function not implemented
01-01 00:00:31.130 838 838 W DeviceHAL: Error from HAL Device in function set_master_volume: Function not implemented
01-01 00:00:31.131 838 838 W DeviceHAL: Error from HAL Device in function set_master_mute: Function not implemented
01-01 00:00:31.131 832 832 I AudioFlinger: loadHwModule() Loaded primary audio interface, handle 10
01-01 00:00:31.131 832 832 I AudioFlinger: openOutput() this 0x7d7c355600, module 10 Device 0x2, SamplingRate 48000, Format 0x000001, Channels 0x3, flags 0x2
01-01 00:00:31.133 832 832 I AudioFlinger: HAL output buffer size 480 frames, normal sink buffer size 960 frames
01-01 00:00:31.135 140 140 I hwservicemanager: getTransport: Cannot find entry android.hardware.audio.effect@5.0::IEffectsFactory/default in either framework or device manifest.
01-01 00:00:31.136 140 140 I hwservicemanager: getTransport: Cannot find entry android.hardware.audio.effect@4.0::IEffectsFactory/default in either framework or device manifest.
01-01 00:00:31.140 838 838 E EffectsConfig: Could not parse effect configuration in any of the default locations.
01-01 00:00:31.140 838 838 E EffectsFactoryConfigLoader: Failed to parse XML configuration file
01-01 00:00:31.140 838 838 W EffectsFactory: Failed to load XML effect configuration, fallback to .conf
01-01 00:00:31.151 832 832 I BufferProvider: found effect "Multichannel Downmix To Stereo" from The Android Open Source Project
01-01 00:00:31.153 832 832 I AudioFlinger: Using module 10 as the primary audio interface
01-01 00:00:31.160 832 901 I AudioFlinger: AudioFlinger's thread 0x7d7c3fb900 tid=901 ready to run
01-01 00:00:31.160 832 901 W AudioFlinger: no wake lock to update, system not ready yet
01-01 00:00:31.161 832 901 W AudioFlinger: no wake lock to update, system not ready yet
01-01 00:00:31.165 838 838 W DeviceHAL: Error from HAL Device in function set_voice_volume: Function not implemented
01-01 00:00:31.167 832 832 W AudioFlinger: moveEffects() bad srcOutput 0
01-01 00:00:31.199 832 832 E APM_AudioPolicyManager: initialize: Input device list is empty!
01-01 00:00:31.209 832 832 I bt_a2dp_hw: adev_open: adev_open in A2dp_hw module
01-01 00:00:31.210 832 832 I AudioFlinger: loadHwModule() Loaded a2dp audio interface, handle 18
01-01 00:00:31.210 832 832 E APM_AudioPolicyManager: initialize: Input device list is empty!
01-01 00:00:31.213 838 838 W DeviceHAL: Error from HAL Device in function set_master_volume: Function not implemented
01-01 00:00:31.214 832 832 I AudioFlinger: loadHwModule() Loaded usb audio interface, handle 26
01-01 00:00:31.214 832 832 E APM_AudioPolicyManager: initialize: Input device list is empty!
01-01 00:00:31.217 838 838 I r_submix: adev_open(name=audio_hw_if)
01-01 00:00:31.218 838 838 I r_submix: adev_init_check()
01-01 00:00:31.218 838 838 W DeviceHAL: Error from HAL Device in function set_master_volume: Function not implemented
01-01 00:00:31.218 838 838 W DeviceHAL: Error from HAL Device in function set_master_mute: Function not implemented
01-01 00:00:31.218 832 832 I AudioFlinger: loadHwModule() Loaded r_submix audio interface, handle 34
01-01 00:00:31.219 838 838 D r_submix: adev_open_input_stream(addr=0)
01-01 00:00:31.219 838 838 D r_submix: submix_audio_device_create_pipe_l(addr=0, idx=9)
01-01 00:00:31.219 838 838 D r_submix: now using address 0 for route 9
01-01 00:00:31.226 832 902 I AudioFlinger: AudioFlinger's thread 0x7ceeb83240 tid=902 ready to run
01-01 00:00:31.227 838 838 I r_submix: in_standby()
01-01 00:00:31.229 832 902 W AudioFlinger: no wake lock to update, system not ready yet
01-01 00:00:31.229 838 838 I r_submix: in_standby()
01-01 00:00:31.230 832 902 W AudioFlinger: no wake lock to update, system not ready yet
01-01 00:00:31.230 838 838 D r_submix: adev_close_input_stream()
01-01 00:00:31.230 838 838 D r_submix: submix_audio_device_release_pipe_l(idx=9) addr=0
01-01 00:00:31.230 838 838 D r_submix: submix_audio_device_destroy_pipe_l(): pipe destroyed
01-01 00:00:31.232 832 832 E EffectsConfig: Could not parse effect configuration in any of the default locations.
01-01 00:00:31.232 832 832 W AudioPolicyEffects: Failed to load XML effect configuration, fallback to .conf
01-01 00:00:31.233 832 832 I : Waiting for activity service
01-01 00:00:31.279 830 830 E ActivityRecognitionHardware: activity_recognition HAL is deprecated. class_init is effectively a no-op
01-01 00:00:31.347 836 836 D RenderEngine: shader cache generated - 48 shaders in 623.802917 ms
01-01 00:00:31.348 836 836 E SurfaceFlinger: Failed to create composer extension
01-01 00:00:31.352 836 836 I ServiceManagement: Registered android.frameworks.displayservice@1.0::IDisplayService/default (start delay of 1662ms)
01-01 00:00:31.353 836 836 D SurfaceFlinger: Setting power mode 2 on display 0
01-01 00:00:31.353 836 836 D SurfaceFlinger: Finished setting power mode 2 on display 0
01-01 00:00:31.360 830 830 I zygote64: Thread[1,tid=830,Native,Thread*=0x72ca50ac00,peer=0x12c02220,"main"] recursive attempt to load library "libmedia_jni.so"
01-01 00:00:31.361 830 830 D MtpDeviceJNI: register_android_mtp_MtpDevice
01-01 00:00:31.361 830 830 I zygote64: Thread[1,tid=830,Native,Thread*=0x72ca50ac00,peer=0x12c02220,"main"] recursive attempt to load library "libmedia_jni.so"
01-01 00:00:31.361 830 830 I zygote64: Thread[1,tid=830,Native,Thread*=0x72ca50ac00,peer=0x12c02220,"main"] recursive attempt to load library "libmedia_jni.so"
01-01 00:00:31.379 830 830 W Zygote : Class not found for preloading: android.media.audiopolicy.AudioProductStrategies
01-01 00:00:31.380 830 830 W Zygote : Class not found for preloading: android.media.audiopolicy.AudioVolumeGroups
01-01 00:00:31.542 830 830 W Zygote : Class not found for preloading: android.view.-$$Lambda$SurfaceView$Cs7TGTdA1lXf9qW8VOJAfEsMjdk
01-01 00:00:31.550 830 830 W Zygote : Class not found for preloading: android.view.SurfaceView$3
01-01 00:00:31.556 830 830 W Zygote : Class not found for preloading: android.view.textclassifier.-$$Lambda$TextClassificationManager$JIaezIJbMig_-kVzN6oArzkTsJE
01-01 00:00:31.577 830 830 W Zygote : Class not found for preloading: com.android.internal.net.NetworkStatsFactory
01-01 00:00:31.585 830 830 W Zygote : Class not found for preloading: com.android.internal.telephony.-$$Lambda$PhoneSubInfoController$8HFbCDJDN1mrLJG980qYH5MGqMk
01-01 00:00:31.585 830 830 W Zygote : Class not found for preloading: com.android.internal.telephony.-$$Lambda$PhoneSubInfoController$U28a_EGx2cvmQhDfRRgonMt5Zrc
01-01 00:00:31.586 830 830 W Zygote : Class not found for preloading: com.android.internal.telephony.-$$Lambda$SubscriptionInfoUpdater$-zZXM9oMRZ3vZz7dJOG19J00Bmw
01-01 00:00:31.586 830 830 W Zygote : Class not found for preloading: com.android.internal.telephony.-$$Lambda$SubscriptionInfoUpdater$D5yF1HbS4cvCyoAj3FESkPtA_0g
01-01 00:00:31.586 830 830 W Zygote : Class not found for preloading: com.android.internal.telephony.-$$Lambda$SubscriptionInfoUpdater$MMx9iQX0JVqqMPLTUZhdBubFSzU
01-01 00:00:31.589 830 830 W Zygote : Class not found for preloading: com.android.internal.telephony.GsmCdmaPhone$3
01-01 00:00:31.592 830 830 W Zygote : Class not found for preloading: com.android.internal.telephony.NewNitzStateMachine$1
01-01 00:00:31.592 830 830 W Zygote : Class not found for preloading: com.android.internal.telephony.NewNitzStateMachine
01-01 00:00:31.592 830 830 W Zygote : Class not found for preloading: com.android.internal.telephony.NewTimeServiceHelper$1
01-01 00:00:31.593 830 830 W Zygote : Class not found for preloading: com.android.internal.telephony.NewTimeServiceHelper$Listener
01-01 00:00:31.593 830 830 W Zygote : Class not found for preloading: com.android.internal.telephony.NewTimeServiceHelper
01-01 00:00:31.593 830 830 W Zygote : Class not found for preloading: com.android.internal.telephony.PhoneConfigurationModels
01-01 00:00:31.596 830 830 W Zygote : Class not found for preloading: com.android.internal.telephony.SubscriptionController$ScLocalLog
01-01 00:00:31.597 830 830 W Zygote : Class not found for preloading: com.android.internal.telephony.UiccSmsController
01-01 00:00:31.598 830 830 W Zygote : Class not found for preloading: com.android.internal.telephony.dataconnection.DcController$2
01-01 00:00:31.600 830 830 W Zygote : Class not found for preloading: com.android.internal.telephony.imsphone.-$$Lambda$ImsPhoneCallTracker$QlPVd_3u4_verjHUDnkn6zaSe54
01-01 00:00:31.601 830 830 W Zygote : Class not found for preloading: com.android.internal.telephony.imsphone.ImsPhone$3
01-01 00:00:31.683 830 830 I Zygote : ...preloaded 7579 classes in 941ms.
01-01 00:00:31.683 830 830 I zygote64: VMRuntime.preloadDexCaches starting
01-01 00:00:31.770 830 830 I zygote64: VMRuntime.preloadDexCaches strings total=382902 before=9989 after=9989
01-01 00:00:31.770 830 830 I zygote64: VMRuntime.preloadDexCaches types total=36037 before=7232 after=7500
01-01 00:00:31.770 830 830 I zygote64: VMRuntime.preloadDexCaches fields total=162246 before=8020 after=8221
01-01 00:00:31.770 830 830 I zygote64: VMRuntime.preloadDexCaches methods total=283379 before=10936 after=11368
01-01 00:00:31.770 830 830 I zygote64: VMRuntime.preloadDexCaches finished
01-01 00:00:31.770 830 830 D Zygote64Timing: PreloadClasses took to complete: 1028ms
01-01 00:00:31.774 830 830 I zygote64: The ClassLoaderContext is a special shared library.
01-01 00:00:31.776 830 830 D ApplicationLoaders: Created zygote-cached class loader: /system/framework/android.hidl.base-V1.0-java.jar
01-01 00:00:31.779 830 830 I zygote64: The ClassLoaderContext is a special shared library.
01-01 00:00:31.781 830 830 D ApplicationLoaders: Created zygote-cached class loader: /system/framework/android.hidl.manager-V1.0-java.jar
01-01 00:00:31.781 830 830 D Zygote64Timing: CacheNonBootClasspathClassLoaders took to complete: 10ms
01-01 00:00:31.936 905 905 D BootAnimation: BootAnimationStartTiming start time: 31935ms
01-01 00:00:31.936 905 905 D BootAnimation: BootAnimationPreloadTiming start time: 31936ms
01-01 00:00:31.947 905 905 D BootAnimation: BootAnimationPreloadStopTiming start time: 31947ms
01-01 00:00:31.952 140 140 I hwservicemanager: getTransport: Cannot find entry android.hardware.graphics.mapper@3.0::IMapper/default in either framework or device manifest.
01-01 00:00:31.952 836 847 W Gralloc3: mapper 3.x is not supported
01-01 00:00:31.965 830 830 I Zygote : Preloading resources...
01-01 00:00:31.983 830 830 W Resources: Preloaded drawable resource #0x108027d (android:drawable/dialog_background_material) that varies with configuration!!
01-01 00:00:31.997 905 909 D libEGL : loaded /vendor/lib64/egl/libEGL_swiftshader.so
01-01 00:00:32.021 830 830 I Zygote : ...preloaded 64 resources in 56ms.
01-01 00:00:32.031 830 830 I Zygote : ...preloaded 41 resources in 10ms.
01-01 00:00:32.032 830 830 D Zygote64Timing: PreloadResources took to complete: 251ms
01-01 00:00:32.045 905 909 D libEGL : loaded /vendor/lib64/egl/libGLESv1_CM_swiftshader.so
01-01 00:00:32.054 905 909 D libEGL : loaded /vendor/lib64/egl/libGLESv2_swiftshader.so
01-01 00:00:32.072 830 830 D libEGL : loaded /vendor/lib64/egl/libEGL_swiftshader.so
01-01 00:00:32.103 905 905 I BootAnimation: type=1400 audit(0.0:71): avc: denied { search } for name="graphics" dev="tmpfs" ino=11353 scontext=u:r:bootanim:s0 tcontext=u:object_r:graphics_device:s0 tclass=dir permissive=1
01-01 00:00:32.103 905 905 I BootAnimation: type=1400 audit(0.0:72): avc: denied { read } for name="fb0" dev="tmpfs" ino=11354 scontext=u:r:bootanim:s0 tcontext=u:object_r:graphics_device:s0 tclass=chr_file permissive=1
01-01 00:00:32.103 905 905 I BootAnimation: type=1400 audit(0.0:73): avc: denied { open } for path="/dev/graphics/fb0" dev="tmpfs" ino=11354 scontext=u:r:bootanim:s0 tcontext=u:object_r:graphics_device:s0 tclass=chr_file permissive=1
01-01 00:00:32.114 830 830 D libEGL : loaded /vendor/lib64/egl/libGLESv1_CM_swiftshader.so
01-01 00:00:32.123 830 830 D libEGL : loaded /vendor/lib64/egl/libGLESv2_swiftshader.so
01-01 00:00:32.128 905 909 D BootAnimation: BootAnimationShownTiming start time: 32128ms
01-01 00:00:32.173 830 830 I Zygote : Preloading shared libraries...
01-01 00:00:32.184 830 830 I Zygote : Called ZygoteHooks.endPreload()
01-01 00:00:32.185 830 830 I Zygote : Installed AndroidKeyStoreProvider in 1ms.
01-01 00:00:32.202 830 830 I Zygote : Warmed up JCA providers in 17ms.
01-01 00:00:32.202 830 830 D Zygote : end preload
01-01 00:00:32.202 830 830 D Zygote64Timing: ZygotePreload took to complete: 1476ms
01-01 00:00:32.269 830 830 I zygote64: Explicit concurrent copying GC freed 63536(3536KB) AllocSpace objects, 17(408KB) LOS objects, 49% free, 2566KB/5132KB, paused 103us total 66.527ms
01-01 00:00:32.324 830 830 I zygote64: Explicit concurrent copying GC freed 6306(214KB) AllocSpace objects, 0(0B) LOS objects, 49% free, 2383KB/4767KB, paused 46us total 46.336ms
01-01 00:00:32.324 830 830 D Zygote64Timing: PostZygoteInitGC took to complete: 122ms
01-01 00:00:32.324 830 830 D Zygote64Timing: ZygoteInit took to complete: 1598ms
01-01 00:00:32.450 830 830 D Zygote : Forked child process 915
01-01 00:00:32.451 830 830 I Zygote : System server process 915 has been created
01-01 00:00:32.454 915 915 I Zygote : seccomp disabled by setenforce 0
01-01 00:00:32.454 830 830 I Zygote : Accepting command socket connections
01-01 00:00:32.468 915 915 I system_server: The ClassLoaderContext is a special shared library.
01-01 00:00:32.575 915 915 I SystemServer: InitBeforeStartServices
01-01 00:00:32.580 915 915 W SystemServer: System clock is before 1970; setting to 1970.
01-01 00:00:32.581 915 915 I SystemServer: Entered the Android system server!
01-01 00:00:32.533 915 915 I chatty : uid=1000 system_server identical 2 lines
01-01 00:00:32.537 915 915 I system_server: The ClassLoaderContext is a special shared library.
01-01 00:00:32.743 905 905 I BootAnimation: type=1400 audit(0.0:75): avc: denied { execmem } for scontext=u:r:bootanim:s0 tcontext=u:r:bootanim:s0 tclass=process permissive=1
01-01 00:00:32.869 915 915 E UsbAlsaJackDetectorJNI: Can't register UsbAlsaJackDetector native methods
01-01 00:00:32.886 915 915 D SystemServerTiming: InitBeforeStartServices took to complete: 311ms
01-01 00:00:32.886 915 915 I SystemServer: StartServices
01-01 00:00:32.887 915 915 I SystemServer: StartWatchdog
01-01 00:00:32.896 915 915 D SystemServerTiming: StartWatchdog took to complete: 8ms
01-01 00:00:32.896 915 915 I SystemServer: Reading configuration...
01-01 00:00:32.896 915 915 I SystemServer: ReadingSystemConfig
01-01 00:00:32.897 915 915 D SystemServerTiming: ReadingSystemConfig took to complete: 1ms
01-01 00:00:32.897 915 915 I SystemServer: StartInstaller
01-01 00:00:32.897 915 915 I SystemServiceManager: Starting com.android.server.pm.Installer
01-01 00:00:32.897 915 941 D SystemServerInitThreadPool: Started executing ReadingSystemConfig
01-01 00:00:32.900 915 915 D SystemServerTiming: StartInstaller took to complete: 3ms
01-01 00:00:32.900 915 915 I SystemServer: DeviceIdentifiersPolicyService
01-01 00:00:32.900 915 915 I SystemServiceManager: Starting com.android.server.os.DeviceIdentifiersPolicyService
01-01 00:00:32.901 915 915 D SystemServerTiming: DeviceIdentifiersPolicyService took to complete: 1ms
01-01 00:00:32.901 915 915 I SystemServer: UriGrantsManagerService
01-01 00:00:32.901 915 915 I SystemServiceManager: Starting com.android.server.uri.UriGrantsManagerService$Lifecycle
01-01 00:00:32.902 915 915 D SystemServerTiming: UriGrantsManagerService took to complete: 1ms
01-01 00:00:32.902 915 941 I SystemConfig: Non-xml file /system/etc/sysconfig/microg-a5k in /system/etc/sysconfig directory, ignoring
01-01 00:00:32.902 915 915 I SystemServer: StartActivityManager
01-01 00:00:32.903 915 915 I SystemServiceManager: Starting com.android.server.wm.ActivityTaskManagerService$Lifecycle
01-01 00:00:32.904 915 915 I SystemServiceManager: Starting com.android.server.am.ActivityManagerService$Lifecycle
01-01 00:00:32.909 915 915 I ActivityManager: Memory class: 80
01-01 00:00:32.925 915 915 D BatteryStatsImpl: Reading daily items from /data/system/batterystats-daily.xml
01-01 00:00:32.930 140 140 I hwservicemanager: getTransport: Cannot find entry android.hardware.power.stats@1.0::IPowerStats/default in either framework or device manifest.
01-01 00:00:32.931 140 140 I hwservicemanager: getTransport: Cannot find entry android.hardware.power@1.0::IPower/default in either framework or device manifest.
01-01 00:00:32.932 915 948 E BatteryStatsService: Unable to load Power.Stats.HAL. Setting rail availability to false
01-01 00:00:32.934 915 948 E BluetoothAdapter: Bluetooth binder is null
01-01 00:00:32.934 915 948 E BatteryExternalStatsWorker: no controller energy info supplied for telephony
01-01 00:00:32.940 915 948 E KernelCpuUidFreqTimeReader: Failed to read /proc/uid_time_in_state: java.nio.file.NoSuchFileException: /proc/uid_time_in_state
01-01 00:00:32.942 915 948 W KernelCpuProcStringReader: File not found. It's normal if not implemented: /proc/uid_time_in_state
01-01 00:00:32.943 915 948 W KernelCpuProcStringReader: File not found. It's normal if not implemented: /proc/uid_concurrent_active_time
01-01 00:00:32.945 915 948 W KernelCpuProcStringReader: File not found. It's normal if not implemented: /proc/uid_concurrent_policy_time
01-01 00:00:32.948 915 948 W KernelMemoryBandwidthStats: No kernel memory bandwidth stats available
01-01 00:00:32.949 140 140 I hwservicemanager: getTransport: Cannot find entry android.hardware.power.stats@1.0::IPowerStats/default in either framework or device manifest.
01-01 00:00:32.950 140 140 I hwservicemanager: getTransport: Cannot find entry android.hardware.power@1.0::IPower/default in either framework or device manifest.
01-01 00:00:32.950 915 948 E BatteryStatsService: Unable to load Power Hal or power.stats HAL
01-01 00:00:32.956 915 941 W SystemConfig: No directory /product/etc/sysconfig, skipping
01-01 00:00:32.968 915 941 W SystemConfig: No directory /product_services/etc/sysconfig, skipping
01-01 00:00:32.968 915 941 W SystemConfig: No directory /product_services/etc/permissions, skipping
01-01 00:00:32.968 915 941 D SystemServerInitThreadPool: Finished executing ReadingSystemConfig
01-01 00:00:33.064 915 915 I AppOps : No existing app ops /data/system/appops.xml; starting empty
01-01 00:00:33.066 915 915 I IntentFirewall: Read new rules (A:0 B:0 S:0)
01-01 00:00:33.063 915 915 I system_server: type=1400 audit(0.0:76): avc: denied { watch } for path="/data/system/ifw" dev="sda4" ino=120 scontext=u:r:system_server:s0 tcontext=u:object_r:system_data_file:s0 tclass=dir permissive=1
01-01 00:00:33.121 915 915 D AppOps : AppOpsService published
01-01 00:00:33.121 915 915 D SystemServerTiming: StartActivityManager took to complete: 219ms
01-01 00:00:33.122 915 915 I SystemServer: StartPowerManager
01-01 00:00:33.122 915 915 I SystemServiceManager: Starting com.android.server.power.PowerManagerService
01-01 00:00:33.128 140 140 I hwservicemanager: getTransport: Cannot find entry android.hardware.power@1.0::IPower/default in either framework or device manifest.
01-01 00:00:33.128 915 915 I PowerManagerService-JNI: Couldn't load power HAL service
01-01 00:00:33.135 915 915 D SystemServerTiming: StartPowerManager took to complete: 13ms
01-01 00:00:33.135 915 915 I SystemServer: StartThermalManager
01-01 00:00:33.135 915 915 I SystemServiceManager: Starting com.android.server.power.ThermalManagerService
01-01 00:00:33.136 915 915 D SystemServerTiming: StartThermalManager took to complete: 1ms
01-01 00:00:33.136 915 915 I SystemServer: InitPowerManagement
01-01 00:00:33.138 915 915 D SystemServerTiming: InitPowerManagement took to complete: 2ms
01-01 00:00:33.138 915 915 I SystemServer: StartRecoverySystemService
01-01 00:00:33.138 915 915 I SystemServiceManager: Starting com.android.server.RecoverySystemService
01-01 00:00:33.139 915 915 D SystemServerTiming: StartRecoverySystemService took to complete: 1ms
01-01 00:00:33.141 915 915 V RescueParty: Disabled because of manual property
01-01 00:00:33.141 915 915 I SystemServer: StartLightsService
01-01 00:00:33.141 915 915 I SystemServiceManager: Starting com.android.server.lights.LightsService
01-01 00:00:33.147 915 915 D SystemServerTiming: StartLightsService took to complete: 6ms
01-01 00:00:33.147 915 915 I SystemServer: StartSidekickService
01-01 00:00:33.147 915 915 D SystemServerTiming: StartSidekickService took to complete: 0ms
01-01 00:00:33.147 915 915 I SystemServer: StartDisplayManager
01-01 00:00:33.147 915 915 I SystemServiceManager: Starting com.android.server.display.DisplayManagerService
01-01 00:00:33.151 915 915 D SystemServerTiming: StartDisplayManager took to complete: 4ms
01-01 00:00:33.151 915 915 I SystemServer: WaitForDisplay
01-01 00:00:33.152 915 915 I SystemServiceManager: Starting phase 100
01-01 00:00:33.158 915 937 I DisplayManagerService: Display device added: DisplayDeviceInfo{"Built-in Screen": uniqueId="local:0", 1824 x 984, modeId 1, defaultModeId 1, supportedModes [{id=1, width=1824, height=984, fps=60.000004}], colorMode 0, supportedColorModes [0], HdrCapabilities android.view.Display$HdrCapabilities@40f16308, density 180, 159.757 x 160.215 dpi, appVsyncOff 1000000, presDeadline 16666666, touch INTERNAL, rotation 0, type BUILT_IN, address {port=0}, state UNKNOWN, FLAG_DEFAULT_DISPLAY, FLAG_ROTATES_WITH_CONTENT, FLAG_SECURE, FLAG_SUPPORTS_PROTECTED_BUFFERS, FLAG_ROUND}
01-01 00:00:33.159 140 140 I hwservicemanager: getTransport: Cannot find entry vendor.display.config@1.7::IDisplayConfig/default in either framework or device manifest.
01-01 00:00:33.159 836 836 D SurfaceFlinger: Setting power mode 2 on display 0
01-01 00:00:33.160 140 140 I hwservicemanager: getTransport: Cannot find entry android.hardware.light@2.0::ILight/default in either framework or device manifest.
01-01 00:00:33.161 915 915 D SystemServerTiming: WaitForDisplay took to complete: 9ms
01-01 00:00:33.161 915 937 I DisplayManagerService: Display device changed state: "Built-in Screen", ON
01-01 00:00:33.162 915 915 I SystemServer: StartPackageManagerService
01-01 00:00:33.162 915 915 I Watchdog: Pausing HandlerChecker: main thread for reason: packagemanagermain. Pause count: 1
01-01 00:00:33.173 915 915 W FileUtils: Failed to chmod(/data/system/packages.list): android.system.ErrnoException: chmod failed: ENOENT (No such file or directory)
01-01 00:00:33.179 915 915 D SELinuxMMAC: Using policy file /system/etc/selinux/plat_mac_permissions.xml
01-01 00:00:33.183 915 915 D SELinuxMMAC: Using policy file /vendor/etc/selinux/vendor_mac_permissions.xml
01-01 00:00:33.187 915 915 D FallbackCategoryProvider: Found 1 fallback categories
01-01 00:00:33.189 915 915 I PackageManager: No settings file; creating initial state
01-01 00:00:33.194 915 915 D PackageManager: Keeping known cache 19fad6177e2fe2f707197b0498391789f468866f
01-01 00:00:33.194 915 915 W PackageManager: Wiping cache directory because the system partition changed.
01-01 00:00:33.213 915 915 D PackageManager: No files in app dir /vendor/overlay
01-01 00:00:33.227 915 915 I PackageManager: /system/product/overlay/EmptyProductOverlay changed; collecting certs
01-01 00:00:33.233 140 140 I hwservicemanager: getTransport: Cannot find entry android.hardware.graphics.allocator@3.0::IAllocator/default in either framework or device manifest.
01-01 00:00:33.236 836 847 W Gralloc3: allocator 3.x is not supported
01-01 00:00:33.253 161 163 E apexd : Can't open /product/apex for reading : No such file or directory
01-01 00:00:33.256 140 140 I hwservicemanager: getTransport: Cannot find entry android.hardware.graphics.mapper@3.0::IMapper/default in either framework or device manifest.
01-01 00:00:33.256 905 909 W Gralloc3: mapper 3.x is not supported
01-01 00:00:33.266 915 915 D PackageManager: No files in app dir /product_services/overlay
01-01 00:00:33.267 915 915 D PackageManager: No files in app dir /odm/overlay
01-01 00:00:33.267 915 915 D PackageManager: No files in app dir /oem/overlay
01-01 00:00:33.283 915 915 I PackageManager: /system/overlay/NavigationBarModeGesturalNarrowBack changed; collecting certs
01-01 00:00:33.289 915 915 I PackageManager: /system/overlay/DisplayCutoutEmulationDouble changed; collecting certs
01-01 00:00:33.303 915 915 I PackageManager: /system/overlay/IconPackRoundedSettings changed; collecting certs
01-01 00:00:33.328 915 915 I PackageManager: /system/overlay/PrimaryColorOmniBlack changed; collecting certs
01-01 00:00:33.342 915 915 I PackageManager: /system/overlay/PrimaryColorDarkGreen changed; collecting certs
01-01 00:00:33.357 915 915 I PackageManager: /system/overlay/AccentColorSluttyPink changed; collecting certs
01-01 00:00:33.371 915 915 I PackageManager: /system/overlay/IconPackCircularAndroid changed; collecting certs
01-01 00:00:33.377 915 915 I PackageManager: /system/overlay/IconPackFilledSystemUI changed; collecting certs
01-01 00:00:33.384 915 915 I PackageManager: /system/overlay/FontNotoSerifSource changed; collecting certs
01-01 00:00:33.384 836 836 I SurfaceFlinger: Enter boot animation
01-01 00:00:33.386 140 140 I hwservicemanager: getTransport: Cannot find entry vendor.display.config@1.1::IDisplayConfig/default in either framework or device manifest.
01-01 00:00:33.391 915 915 I PackageManager: /system/overlay/NavigationBarMode2Button changed; collecting certs
01-01 00:00:33.398 915 915 I PackageManager: /system/overlay/AccentColorOmni changed; collecting certs
01-01 00:00:33.404 915 915 I PackageManager: /system/overlay/IconShapeSquircle changed; collecting certs
01-01 00:00:33.411 915 915 I PackageManager: /system/overlay/AccentColorGoldenShower changed; collecting certs
01-01 00:00:33.417 836 836 F libc : Fatal signal 11 (SIGSEGV), code 1 (SEGV_MAPERR), fault addr 0x762804e000 in tid 836 (surfaceflinger), pid 836 (surfaceflinger)
01-01 00:00:33.418 915 915 I PackageManager: /system/overlay/AccentColorRedDevil changed; collecting certs
01-01 00:00:33.427 915 915 I PackageManager: /system/overlay/EmptyOverlay changed; collecting certs
01-01 00:00:33.468 915 915 I PackageManager: /system/overlay/NavigationBarModeGesturalWideBack changed; collecting certs
01-01 00:00:33.476 963 963 I crash_dump64: obtaining output fd from tombstoned, type: kDebuggerdTombstone
01-01 00:00:33.480 231 231 I /system/bin/tombstoned: received crash request for pid 836
01-01 00:00:33.481 963 963 I crash_dump64: performing dump of process 836 (target tid = 836)
01-01 00:00:33.487 915 915 I PackageManager: /system/overlay/DisplayCutoutEmulationCorner changed; collecting certs
01-01 00:00:33.488 963 963 F DEBUG : *** *** *** *** *** *** *** *** *** *** *** *** *** *** *** ***
01-01 00:00:33.489 963 963 F DEBUG : Build fingerprint: 'Raspberry/omni_rpi4/rpi4:10/QKQ1.190716.003/1910071200:userdebug/release-keys'
01-01 00:00:33.489 963 963 F DEBUG : Revision: 'd03114'
01-01 00:00:33.489 963 963 F DEBUG : ABI: 'arm64'
01-01 00:00:33.490 963 963 F DEBUG : Timestamp: 1970-01-01 00:00:33+0000
01-01 00:00:33.490 963 963 F DEBUG : pid: 836, tid: 836, name: surfaceflinger >>> /system/bin/surfaceflinger <<<
01-01 00:00:33.490 963 963 F DEBUG : uid: 1000
01-01 00:00:33.490 963 963 F DEBUG : signal 11 (SIGSEGV), code 1 (SEGV_MAPERR), fault addr 0x762804e000
01-01 00:00:33.490 963 963 F DEBUG : x0 000000762804e000 x1 0000000000000000 x2 0000000000000720 x3 00000072d37b3090
01-01 00:00:33.490 963 963 F DEBUG : x4 0000000000000000 x5 0000000000000720 x6 00000000000003d8 x7 0000007fc67e7180
01-01 00:00:33.491 963 963 F DEBUG : x8 0000000000000720 x9 000000762804e010 x10 0000000000000720 x11 0000000000000015
01-01 00:00:33.491 963 963 F DEBUG : x12 00000072e10615c0 x13 54632b9d97e42fc1 x14 0000000000000000 x15 0000000000000030
01-01 00:00:33.491 963 963 F DEBUG : x16 00000072dff33950 x17 00000072dfec2320 x18 00000072e1f5a000 x19 00000072d3b11500
01-01 00:00:33.491 963 963 F DEBUG : x20 0000007fc67e72b0 x21 000000762804e000 x22 0000000000000000 x23 0000000000000064
01-01 00:00:33.491 963 963 F DEBUG : x24 000000000000006c x25 0000000000000000 x26 00000072d68ef5a6 x27 00000072d690a0a2
01-01 00:00:33.491 963 963 F DEBUG : x28 000000762804e000 x29 0000000000000000
01-01 00:00:33.491 963 963 F DEBUG : sp 0000007fc67e71c0 lr 00000072d6cb4874 pc 00000072d6c76d8c
01-01 00:00:33.495 915 915 I PackageManager: /system/overlay/IconPackCircularThemePicker changed; collecting certs
01-01 00:00:33.502 915 915 I PackageManager: /system/overlay/AccentColorOcean changed; collecting certs
01-01 00:00:33.520 915 915 I PackageManager: /system/overlay/IconPackFilledThemePicker changed; collecting certs
01-01 00:00:33.530 915 915 I PackageManager: /system/overlay/IconPackFilledLauncher changed; collecting certs
01-01 00:00:33.541 915 915 I PackageManager: /system/overlay/DisplayCutoutEmulationTall changed; collecting certs
01-01 00:00:33.552 915 915 I PackageManager: /system/overlay/AccentColorBlack changed; collecting certs
01-01 00:00:33.564 915 915 I PackageManager: /system/overlay/AccentColorGreen changed; collecting certs
01-01 00:00:33.574 915 915 I PackageManager: /system/overlay/FontLatoSource changed; collecting certs
01-01 00:00:33.587 915 915 I PackageManager: /system/overlay/AccentColorOrchid changed; collecting certs
01-01 00:00:33.600 915 915 I PackageManager: /system/overlay/NavigationBarModeGestural changed; collecting certs
01-01 00:00:33.608 915 915 I PackageManager: /system/overlay/IconShapeTeardrop changed; collecting certs
01-01 00:00:33.618 915 915 I PackageManager: /system/overlay/IconPackCircularSystemUI changed; collecting certs
01-01 00:00:33.628 915 915 I PackageManager: /system/overlay/IconPackRoundedLauncher changed; collecting certs
01-01 00:00:33.636 915 915 I PackageManager: /system/overlay/AccentColorPurple changed; collecting certs
01-01 00:00:33.647 915 915 I PackageManager: /system/overlay/IconPackFilledSettings changed; collecting certs
01-01 00:00:33.655 915 915 I PackageManager: /system/overlay/PrimaryColorDeepBlue changed; collecting certs
01-01 00:00:33.661 915 915 I PackageManager: /system/overlay/AccentColorBlueMonday changed; collecting certs
01-01 00:00:33.667 915 915 I PackageManager: /system/overlay/AccentColorSpace changed; collecting certs
01-01 00:00:33.674 915 915 I PackageManager: /system/overlay/IconPackCircularSettings changed; collecting certs
01-01 00:00:33.680 915 915 I PackageManager: /system/overlay/IconShapeCircle changed; collecting certs
01-01 00:00:33.686 915 915 I PackageManager: /system/overlay/IconShapeRoundedRect changed; collecting certs
01-01 00:00:33.692 915 915 I PackageManager: /system/overlay/FontMuliSource changed; collecting certs
01-01 00:00:33.698 915 915 I PackageManager: /system/overlay/AccentColorCinnamon changed; collecting certs
01-01 00:00:33.704 915 915 I PackageManager: /system/overlay/IconPackFilledAndroid changed; collecting certs
01-01 00:00:33.710 915 915 I PackageManager: /system/overlay/PrimaryColorDarkBlue changed; collecting certs
01-01 00:00:33.716 915 915 I PackageManager: /system/overlay/IconPackRoundedSystemUI changed; collecting certs
01-01 00:00:33.723 915 915 I PackageManager: /system/overlay/NavigationBarMode3Button changed; collecting certs
01-01 00:00:33.728 915 915 I PackageManager: /system/overlay/NavigationBarModeGesturalExtraWideBack changed; collecting certs
01-01 00:00:33.734 915 915 I PackageManager: /system/overlay/IconPackRoundedAndroid changed; collecting certs
01-01 00:00:33.740 915 915 I PackageManager: /system/overlay/IconPackCircularLauncher changed; collecting certs
01-01 00:00:33.752 963 963 F DEBUG :
01-01 00:00:33.752 963 963 F DEBUG : backtrace:
01-01 00:00:33.752 963 963 F DEBUG : #00 pc 000000000046ed8c /vendor/lib64/egl/libGLESv2_swiftshader.so (sw::clear(unsigned int*, unsigned int, unsigned long)+36) (BuildId: 043b9d9a663e1002807fd7ee42340fb7)
01-01 00:00:33.752 963 963 F DEBUG : #01 pc 00000000004ac870 /vendor/lib64/egl/libGLESv2_swiftshader.so (sw::Blitter::fastClear(void*, sw::Format, sw::Surface*, sw::SliceRectT const&, unsigned int)+848) (BuildId: 043b9d9a663e1002807fd7ee42340fb7)
01-01 00:00:33.752 963 963 F DEBUG : #02 pc 00000000004ac464 /vendor/lib64/egl/libGLESv2_swiftshader.so (sw::Blitter::clear(void*, sw::Format, sw::Surface*, sw::SliceRectT const&, unsigned int)+60) (BuildId: 043b9d9a663e1002807fd7ee42340fb7)
01-01 00:00:33.752 963 963 F DEBUG : #03 pc 000000000049ccb8 /vendor/lib64/egl/libGLESv2_swiftshader.so (sw::Renderer::clear(void*, sw::Format, sw::Surface*, sw::RectT const&, unsigned int)+40) (BuildId: 043b9d9a663e1002807fd7ee42340fb7)
01-01 00:00:33.752 963 963 F DEBUG : #04 pc 00000000003fa4a8 /vendor/lib64/egl/libGLESv2_swiftshader.so (es2::Device::clearColor(float, float, float, float, unsigned int)+208) (BuildId: 043b9d9a663e1002807fd7ee42340fb7)
01-01 00:00:33.752 963 963 F DEBUG : #05 pc 00000000003f5d4c /vendor/lib64/egl/libGLESv2_swiftshader.so (es2::Context::clear(unsigned int)+188) (BuildId: 043b9d9a663e1002807fd7ee42340fb7)
01-01 00:00:33.753 963 963 F DEBUG : #06 pc 00000000003ff794 /vendor/lib64/egl/libGLESv2_swiftshader.so (gl::Clear(unsigned int)+100) (BuildId: 043b9d9a663e1002807fd7ee42340fb7)
01-01 00:00:33.753 963 963 F DEBUG : #07 pc 000000000012642c /system/lib64/libsurfaceflinger.so (android::renderengine::gl::GLESRenderEngine::clearWithColor(float, float, float, float)+100) (BuildId: 4f96534f5e65507697582d47eb972b19)
01-01 00:00:33.753 963 963 F DEBUG : #08 pc 0000000000128048 /system/lib64/libsurfaceflinger.so (android::renderengine::gl::GLESRenderEngine::drawLayers(android::renderengine::DisplaySettings const&, std::__1::vector> const&, ANativeWindowBuffer*, bool, android::base::unique_fd_impl&&, android::base::unique_fd_impl*)+504) (BuildId: 4f96534f5e65507697582d47eb972b19)
01-01 00:00:33.753 915 915 W PackageManager: Failed to parse /system/framework/arm: Missing base APK in /system/framework/arm
01-01 00:00:33.753 963 963 F DEBUG : #09 pc 00000000000e4880 /system/lib64/libsurfaceflinger.so (android::SurfaceFlinger::doComposeSurfaces(android::sp const&, android::Region const&, android::base::unique_fd_impl*)+4552) (BuildId: 4f96534f5e65507697582d47eb972b19)
01-01 00:00:33.753 963 963 F DEBUG : #10 pc 00000000000e0580 /system/lib64/libsurfaceflinger.so (android::SurfaceFlinger::handleMessageRefresh()+3232) (BuildId: 4f96534f5e65507697582d47eb972b19)
01-01 00:00:33.753 963 963 F DEBUG : #11 pc 00000000000df650 /system/lib64/libsurfaceflinger.so (android::SurfaceFlinger::onMessageReceived(int)+10016) (BuildId: 4f96534f5e65507697582d47eb972b19)
01-01 00:00:33.753 963 963 F DEBUG : #12 pc 0000000000017dfc /system/lib64/libutils.so (android::Looper::pollInner(int)+332) (BuildId: c86d46eeaacfed7a211e91a3841ad05d)
01-01 00:00:33.753 963 963 F DEBUG : #13 pc 0000000000017c10 /system/lib64/libutils.so (android::Looper::pollOnce(int, int*, int*, void**)+56) (BuildId: c86d46eeaacfed7a211e91a3841ad05d)
01-01 00:00:33.754 963 963 F DEBUG : #14 pc 00000000000ccf2c /system/lib64/libsurfaceflinger.so (android::impl::MessageQueue::waitMessage()+92) (BuildId: 4f96534f5e65507697582d47eb972b19)
01-01 00:00:33.754 963 963 F DEBUG : #15 pc 00000000000dbe1c /system/lib64/libsurfaceflinger.so (android::SurfaceFlinger::run()+20) (BuildId: 4f96534f5e65507697582d47eb972b19)
01-01 00:00:33.754 963 963 F DEBUG : #16 pc 0000000000003370 /system/bin/surfaceflinger (main+800) (BuildId: 9210356d1fe78f4557eeabdbe0cd5936)
01-01 00:00:33.754 963 963 F DEBUG : #17 pc 000000000007d844 /apex/com.android.runtime/lib64/bionic/libc.so (__libc_init+108) (BuildId: 642696a9594fbdd90f9aeb0bb5d31eb5)
01-01 00:00:33.754 915 915 W PackageManager: Failed to parse /system/framework/oat: Missing base APK in /system/framework/oat
01-01 00:00:33.759 915 915 W PackageManager: Failed to parse /system/framework/arm64: Missing base APK in /system/framework/arm64
01-01 00:00:33.859 915 966 I PackageParser: Parse times for '/system/framework/framework-res.apk': parse=88ms, update_cache=15 ms
01-01 00:00:33.859 915 915 I PackageManager: /system/framework/framework-res.apk changed; collecting certs
01-01 00:00:33.868 915 915 E PackageManager: Adding duplicate shared id: 1000 name=android
01-01 00:00:34.021 915 973 I PackageParser: Parse times for '/system/priv-app/TelephonyProvider': parse=25ms, update_cache=115 ms
01-01 00:00:34.024 915 915 I PackageManager: /system/priv-app/TelephonyProvider changed; collecting certs
01-01 00:00:34.025 915 972 I PackageParser: Parse times for '/system/priv-app/GmsCore': parse=26ms, update_cache=111 ms
01-01 00:00:34.029 915 915 E PackageManager: Adding duplicate shared id: 1001 name=com.android.providers.telephony
01-01 00:00:34.032 915 915 I PackageManager: /system/priv-app/GmsCore changed; collecting certs
01-01 00:00:34.042 915 970 I PackageParser: Parse times for '/system/priv-app/TeleService': parse=37ms, update_cache=121 ms
01-01 00:00:34.043 915 915 I PackageManager: /system/priv-app/TeleService changed; collecting certs
01-01 00:00:33.991 963 963 I crash_dump64: type=1400 audit(0.0:77): avc: denied { open } for path="/dev/__properties__/u:object_r:hwservicemanager_prop:s0" dev="tmpfs" ino=9374 scontext=u:r:crash_dump:s0 tcontext=u:object_r:hwservicemanager_prop:s0 tclass=file permissive=1
01-01 00:00:34.061 915 971 I PackageParser: Parse times for '/system/priv-app/PermissionController': parse=171ms, update_cache=10 ms
01-01 00:00:34.072 915 915 E PackageManager: Adding duplicate shared id: 1001 name=com.android.phone
01-01 00:00:34.075 915 915 I PackageManager: /system/priv-app/VpnDialogs changed; collecting certs
01-01 00:00:34.115 915 915 I PackageManager: New shared user android.media: id=10050
01-01 00:00:34.116 915 915 I PackageManager: /system/priv-app/MediaProvider changed; collecting certs
01-01 00:00:33.991 963 963 I crash_dump64: type=1400 audit(0.0:78): avc: denied { getattr } for path="/dev/__properties__/u:object_r:hwservicemanager_prop:s0" dev="tmpfs" ino=9374 scontext=u:r:crash_dump:s0 tcontext=u:object_r:hwservicemanager_prop:s0 tclass=file permissive=1
01-01 00:00:34.188 915 972 I PackageParser: Parse times for '/system/priv-app/MmsService': parse=52ms, update_cache=60 ms 01-01 00