01-01 00:00:20.068 531 531 I zygote : option[13]=-XjdwpOptions:suspend=n,server=y
01-01 00:00:20.068 531 531 I zygote : option[14]=-XjdwpProvider:default
01-01 00:00:20.068 531 531 I zygote : option[15]=-Xlockprofthreshold:500
01-01 00:00:20.068 531 531 I zygote : option[16]=-Ximage-compiler-option
01-01 00:00:20.068 531 531 I zygote : option[17]=--runtime-arg
01-01 00:00:20.068 531 531 I zygote : option[18]=-Ximage-compiler-option
01-01 00:00:20.068 531 531 I zygote : option[19]=-Xms64m
01-01 00:00:20.068 531 531 I zygote : option[20]=-Ximage-compiler-option
01-01 00:00:20.068 531 531 I zygote : option[21]=--runtime-arg
01-01 00:00:20.068 531 531 I zygote : option[22]=-Ximage-compiler-option
01-01 00:00:20.068 531 531 I zygote : option[23]=-Xmx64m
01-01 00:00:20.068 531 531 I zygote : option[24]=-Ximage-compiler-option
01-01 00:00:20.068 531 531 I zygote : option[25]=--profile-file=/system/etc/boot-image.prof
01-01 00:00:20.068 531 531 I zygote : option[26]=-Ximage-compiler-option
01-01 00:00:20.068 531 531 I zygote : option[27]=--compiler-filter=speed-profile
01-01 00:00:20.069 531 531 I zygote : option[28]=-Xcompiler-option
01-01 00:00:20.069 531 531 I zygote : option[29]=--runtime-arg
01-01 00:00:20.069 531 531 I zygote : option[30]=-Xcompiler-option
01-01 00:00:20.069 531 531 I zygote : option[31]=-Xms64m
01-01 00:00:20.069 531 531 I zygote : option[32]=-Xcompiler-option
01-01 00:00:20.069 531 531 I zygote : option[33]=--runtime-arg
01-01 00:00:20.069 531 531 I zygote : option[34]=-Xcompiler-option
01-01 00:00:20.069 531 531 I zygote : option[35]=-Xmx512m
01-01 00:00:20.069 531 531 I zygote : option[36]=-Ximage-compiler-option
01-01 00:00:20.069 531 531 I zygote : option[37]=--instruction-set-variant=cortex-a72
01-01 00:00:20.069 531 531 I zygote : option[38]=-Xcompiler-option
01-01 00:00:20.069 531 531 I zygote : option[39]=--instruction-set-variant=cortex-a72
01-01 00:00:20.069 531 531 I zygote : option[40]=-Ximage-compiler-option
01-01 00:00:20.069 531 531 I zygote : option[41]=--instruction-set-features=default
01-01 00:00:20.069 531 531 I zygote : option[42]=-Xcompiler-option
01-01 00:00:20.069 531 531 I zygote : option[43]=--instruction-set-features=default
01-01 00:00:20.069 531 531 I zygote : option[44]=-Duser.locale=en-US
01-01 00:00:20.069 531 531 I zygote : option[45]=--cpu-abilist=armeabi-v7a,armeabi
01-01 00:00:20.069 531 531 I zygote : option[46]=-Xcompiler-option
01-01 00:00:20.069 531 531 I zygote : option[47]=--generate-mini-debug-info
01-01 00:00:20.069 531 531 I zygote : option[48]=-Xcore-platform-api-policy:just-warn
01-01 00:00:20.069 531 531 I zygote : option[49]=-Xfingerprint:Raspberry/omni_rpi4/rpi4:10/QKQ1.190716.003/1910071200:userdebug/release-keys
01-01 00:00:20.076 531 531 I zygote : Core platform API reporting enabled, enforcing=false
01-01 00:00:20.082 530 530 D AndroidRuntime: >>>>>> START com.android.internal.os.ZygoteInit uid 0 <<<<<<
01-01 00:00:20.096 530 530 I AndroidRuntime: Using default boot image
01-01 00:00:20.097 530 530 I AndroidRuntime: Leaving lock profiling enabled
01-01 00:00:20.100 530 530 I zygote64: option[0]=-Xzygote
01-01 00:00:20.100 530 530 I zygote64: option[1]=exit
01-01 00:00:20.100 530 530 I zygote64: option[2]=vfprintf
01-01 00:00:20.100 530 530 I zygote64: option[3]=sensitiveThread
01-01 00:00:20.100 530 530 I zygote64: option[4]=-verbose:gc
01-01 00:00:20.100 530 530 I zygote64: option[5]=-Xms8m
01-01 00:00:20.100 530 530 I zygote64: option[6]=-Xmx384m
01-01 00:00:20.100 530 530 I zygote64: option[7]=-XX:HeapGrowthLimit=80m
01-01 00:00:20.100 530 530 I zygote64: option[8]=-XX:HeapMinFree=512k
01-01 00:00:20.100 530 530 I zygote64: option[9]=-XX:HeapMaxFree=8m
01-01 00:00:20.100 530 530 I zygote64: option[10]=-XX:HeapTargetUtilization=0.75
01-01 00:00:20.100 530 530 I zygote64: option[11]=-Xusejit:true
01-01 00:00:20.100 530 530 I zygote64: option[12]=-Xjitsaveprofilinginfo
01-01 00:00:20.101 530 530 I zygote64: option[13]=-XjdwpOptions:suspend=n,server=y
01-01 00:00:20.101 530 530 I zygote64: option[14]=-XjdwpProvider:default
01-01 00:00:20.101 530 530 I zygote64: option[15]=-Xlockprofthreshold:500
01-01 00:00:20.101 530 530 I zygote64: option[16]=-Ximage-compiler-option
01-01 00:00:20.101 530 530 I zygote64: option[17]=--runtime-arg
01-01 00:00:20.101 530 530 I zygote64: option[18]=-Ximage-compiler-option
01-01 00:00:20.101 530 530 I zygote64: option[19]=-Xms64m
01-01 00:00:20.101 530 530 I zygote64: option[20]=-Ximage-compiler-option
01-01 00:00:20.101 530 530 I zygote64: option[21]=--runtime-arg
01-01 00:00:20.101 530 530 I zygote64: option[22]=-Ximage-compiler-option
01-01 00:00:20.101 530 530 I zygote64: option[23]=-Xmx64m
01-01 00:00:20.101 530 530 I zygote64: option[24]=-Ximage-compiler-option
01-01 00:00:20.101 530 530 I zygote64: option[25]=--profile-file=/system/etc/boot-image.prof
01-01 00:00:20.101 530 530 I zygote64: option[26]=-Ximage-compiler-option
01-01 00:00:20.101 530 530 I zygote64: option[27]=--compiler-filter=speed-profile
01-01 00:00:20.101 530 530 I zygote64: option[28]=-Xcompiler-option
01-01 00:00:20.101 530 530 I zygote64: option[29]=--runtime-arg
01-01 00:00:20.101 530 530 I zygote64: option[30]=-Xcompiler-option
01-01 00:00:20.101 530 530 I zygote64: option[31]=-Xms64m
01-01 00:00:20.101 530 530 I zygote64: option[32]=-Xcompiler-option
01-01 00:00:20.101 530 530 I zygote64: option[33]=--runtime-arg
01-01 00:00:20.101 530 530 I zygote64: option[34]=-Xcompiler-option
01-01 00:00:20.101 530 530 I zygote64: option[35]=-Xmx512m
01-01 00:00:20.101 530 530 I zygote64: option[36]=-Ximage-compiler-option
01-01 00:00:20.101 530 530 I zygote64: option[37]=--instruction-set-variant=cortex-a72
01-01 00:00:20.101 530 530 I zygote64: option[38]=-Xcompiler-option
01-01 00:00:20.101 530 530 I zygote64: option[39]=--instruction-set-variant=cortex-a72
01-01 00:00:20.101 530 530 I zygote64: option[40]=-Ximage-compiler-option
01-01 00:00:20.101 530 530 I zygote64: option[41]=--instruction-set-features=default
01-01 00:00:20.101 530 530 I zygote64: option[42]=-Xcompiler-option
01-01 00:00:20.101 530 530 I zygote64: option[43]=--instruction-set-features=default
01-01 00:00:20.102 530 530 I zygote64: option[44]=-Duser.locale=en-US
01-01 00:00:20.102 530 530 I zygote64: option[45]=--cpu-abilist=arm64-v8a
01-01 00:00:20.102 530 530 I zygote64: option[46]=-Xcompiler-option
01-01 00:00:20.102 530 530 I zygote64: option[47]=--generate-mini-debug-info
01-01 00:00:20.102 530 530 I zygote64: option[48]=-Xcore-platform-api-policy:just-warn
01-01 00:00:20.102 530 530 I zygote64: option[49]=-Xfingerprint:Raspberry/omni_rpi4/rpi4:10/QKQ1.190716.003/1910071200:userdebug/release-keys
01-01 00:00:20.108 530 530 I zygote64: Core platform API reporting enabled, enforcing=false
01-01 00:00:20.160 140 140 I hwservicemanager: getTransport: Cannot find entry android.hardware.audio@5.0::IDevicesFactory/default in either framework or device manifest.
01-01 00:00:20.166 538 538 E audiohalservice: Could not get passthrough implementation for android.hardware.audio@5.0::IDevicesFactory/default.
01-01 00:00:20.167 140 140 I hwservicemanager: getTransport: Cannot find entry android.hardware.audio@4.0::IDevicesFactory/default in either framework or device manifest.
01-01 00:00:20.172 538 538 E audiohalservice: Could not get passthrough implementation for android.hardware.audio@4.0::IDevicesFactory/default.
01-01 00:00:20.210 538 538 I ServiceManagement: Registered android.hardware.audio@2.0::IDevicesFactory/default (start delay of 670ms)
01-01 00:00:20.210 538 538 I ServiceManagement: Removing namespace from process name android.hardware.audio@2.0-service to audio@2.0-service.
01-01 00:00:20.211 538 538 I audiohalservice: Registration complete for android.hardware.audio@2.0::IDevicesFactory/default.
01-01 00:00:20.212 140 140 I hwservicemanager: getTransport: Cannot find entry android.hardware.audio.effect@5.0::IEffectsFactory/default in either framework or device manifest.
01-01 00:00:20.213 538 538 E audiohalservice: Could not get passthrough implementation for android.hardware.audio.effect@5.0::IEffectsFactory/default.
01-01 00:00:20.214 140 140 I hwservicemanager: getTransport: Cannot find entry android.hardware.audio.effect@4.0::IEffectsFactory/default in either framework or device manifest.
01-01 00:00:20.215 538 538 E audiohalservice: Could not get passthrough implementation for android.hardware.audio.effect@4.0::IEffectsFactory/default.
01-01 00:00:20.295 538 538 I ServiceManagement: Registered android.hardware.audio.effect@2.0::IEffectsFactory/default (start delay of 755ms)
01-01 00:00:20.295 538 538 I audiohalservice: Registration complete for android.hardware.audio.effect@2.0::IEffectsFactory/default.
01-01 00:00:20.296 140 140 I hwservicemanager: getTransport: Cannot find entry android.hardware.soundtrigger@2.2::ISoundTriggerHw/default in either framework or device manifest.
01-01 00:00:20.297 538 538 E audiohalservice: Could not get passthrough implementation for android.hardware.soundtrigger@2.2::ISoundTriggerHw/default.
01-01 00:00:20.297 140 140 I hwservicemanager: getTransport: Cannot find entry android.hardware.soundtrigger@2.1::ISoundTriggerHw/default in either framework or device manifest.
01-01 00:00:20.304 538 538 E audiohalservice: Could not get passthrough implementation for android.hardware.soundtrigger@2.1::ISoundTriggerHw/default.
01-01 00:00:20.305 140 140 I hwservicemanager: getTransport: Cannot find entry android.hardware.soundtrigger@2.0::ISoundTriggerHw/default in either framework or device manifest.
01-01 00:00:20.306 538 538 E audiohalservice: Could not get passthrough implementation for android.hardware.soundtrigger@2.0::ISoundTriggerHw/default.
01-01 00:00:20.306 538 538 W audiohalservice: Could not register soundtrigger API 2.0, 2.1 nor 2.2
01-01 00:00:20.307 140 140 I hwservicemanager: getTransport: Cannot find entry android.hardware.bluetooth.audio@2.0::IBluetoothAudioProvidersFactory/default in either framework or device manifest.
01-01 00:00:20.307 538 538 E audiohalservice: Could not get passthrough implementation for android.hardware.bluetooth.audio@2.0::IBluetoothAudioProvidersFactory/default.
01-01 00:00:20.307 538 538 W audiohalservice: Could not register Bluetooth Audio API 2.0
01-01 00:00:20.308 140 140 I hwservicemanager: getTransport: Cannot find entry android.hardware.bluetooth.a2dp@1.0::IBluetoothAudioOffload/default in either framework or device manifest.
01-01 00:00:20.309 538 538 E audiohalservice: Could not get passthrough implementation for android.hardware.bluetooth.a2dp@1.0::IBluetoothAudioOffload/default.
01-01 00:00:20.309 538 538 W audiohalservice: Could not register Bluetooth audio offload 1.0
01-01 00:00:20.396 531 531 D ICU : Time zone APEX file found: /apex/com.android.tzdata/etc/icu/icu_tzdata.dat
01-01 00:00:20.451 530 530 D ICU : Time zone APEX file found: /apex/com.android.tzdata/etc/icu/icu_tzdata.dat
01-01 00:00:20.483 531 531 W zygote : JNI RegisterNativeMethods: attempt to register 0 native methods for android.media.AudioAttributes
01-01 00:00:20.502 531 531 I zygote : Explicit concurrent copying GC freed 302(38KB) AllocSpace objects, 0(0B) LOS objects, 98% free, 25KB/1561KB, paused 153us total 8.861ms
01-01 00:00:20.509 535 535 I netd : Setting up StrictController hooks: 633.0ms
01-01 00:00:20.509 535 535 E ClatdController: Cannot determine initial API level of the device.
01-01 00:00:20.509 535 535 I ClatdController: 4.9+ kernel and device shipped with Q+ - clat ebpf should work.
01-01 00:00:20.510 535 535 I netd : Initializing ClatdController: 0.4ms
01-01 00:00:20.513 535 535 I netd : Initializing traffic control: 2.9ms
01-01 00:00:20.524 531 531 I zygote : Explicit concurrent copying GC freed 5(32KB) AllocSpace objects, 0(0B) LOS objects, 98% free, 25KB/1561KB, paused 112us total 16.681ms
01-01 00:00:20.525 531 531 D Zygote32Timing: PostZygoteInitGC took to complete: 32ms
01-01 00:00:20.525 531 531 D Zygote32Timing: ZygoteInit took to complete: 32ms
01-01 00:00:20.526 535 535 I netd : Enabling bandwidth control: 13.3ms
01-01 00:00:20.531 535 535 E Netd : Error adding route 0.0.0.0/0 -> (null) dummy0 to table 1002: File exists
01-01 00:00:20.531 535 535 I netd : Initializing RouteController: 5.6ms
01-01 00:00:20.532 535 535 D XfrmController: XfrmController::ipSecAddXfrmInterface, line=1379
01-01 00:00:20.533 535 535 D XfrmController: XfrmController::ipSecRemoveTunnelInterface, line=1592
01-01 00:00:20.533 535 535 D XfrmController: deviceName=ipsec_test
01-01 00:00:20.535 530 530 W zygote64: JNI RegisterNativeMethods: attempt to register 0 native methods for android.media.AudioAttributes
01-01 00:00:20.539 531 531 I Zygote : Accepting command socket connections
01-01 00:00:20.542 530 530 D Zygote : begin preload
01-01 00:00:20.542 530 530 I Zygote : Calling ZygoteHooks.beginPreload()
01-01 00:00:20.559 530 530 D Zygote64Timing: BeginPreload took to complete: 16ms
01-01 00:00:20.559 530 530 I Zygote : Preloading classes...
01-01 00:00:20.560 535 535 D XfrmController: Sending Netlink XFRM Message: XFRM_MSG_FLUSHSA
01-01 00:00:20.560 535 535 D XfrmController: Sending Netlink XFRM Message: XFRM_MSG_FLUSHPOLICY
01-01 00:00:20.561 535 535 I netd : Initializing XfrmController: 29.1ms
01-01 00:00:20.562 530 530 W Zygote : Class not found for preloading: android.app.-$$Lambda$ActivityThread$ZXDWm3IBeFmLnFVblhB-IOZCr9o
01-01 00:00:20.563 536 536 I SurfaceFlinger: Using HWComposer service: 'default'
01-01 00:00:20.564 536 536 I SurfaceFlinger: SurfaceFlinger is starting
01-01 00:00:20.564 535 535 I libnetd_resolv: resolv_init: Initializing resolver
01-01 00:00:20.568 536 536 I SurfaceFlinger: Treble testing override: 'false'
01-01 00:00:20.569 536 536 W SurfaceFlinger: Unable to open libdolphin.so: dlopen failed: library "libdolphin.so" not found.
01-01 00:00:20.569 536 536 E SurfaceFlinger: Unable to open libframeextension.so: dlopen failed: library "libframeextension.so" not found.
01-01 00:00:20.600 536 536 I SurfaceFlinger: SurfaceFlinger's main thread ready to run. Initializing graphics H/W...
01-01 00:00:20.600 536 536 I SurfaceFlinger: Phase offset NS: 1000000
01-01 00:00:20.600 535 535 D MDnsDS : MDnsSdListener::Hander starting up
01-01 00:00:20.601 536 536 W SurfaceFlinger: Unable to open libdolphin.so: dlopen failed: library "libdolphin.so" not found.
01-01 00:00:20.602 536 580 W SurfaceFlinger: Ignoring VSYNC request while display is disconnected
01-01 00:00:20.602 535 535 I netd : Registering NetdNativeService: 0.7ms
01-01 00:00:20.602 536 536 W SurfaceFlinger: Unable to open libdolphin.so: dlopen failed: library "libdolphin.so" not found.
01-01 00:00:20.603 536 580 W SurfaceFlinger: Ignoring VSYNC request while display is disconnected
01-01 00:00:20.603 536 536 W SurfaceFlinger: Unable to open libdolphin.so: dlopen failed: library "libdolphin.so" not found.
01-01 00:00:20.604 536 581 W SurfaceFlinger: Ignoring VSYNC request while display is disconnected
01-01 00:00:20.604 536 536 W SurfaceFlinger: Unable to open libdolphin.so: dlopen failed: library "libdolphin.so" not found.
01-01 00:00:20.605 536 581 W SurfaceFlinger: Ignoring VSYNC request while display is disconnected
01-01 00:00:20.607 535 535 I ServiceManagement: Registered android.system.net.netd@1.1::INetd/default (start delay of 1096ms)
01-01 00:00:20.607 535 575 D MDnsDS : MDnsSdListener starting to monitor
01-01 00:00:20.607 535 575 D MDnsDS : Going to poll with pollCount 1
01-01 00:00:20.607 536 536 D RenderEngine: RenderEngine GLES Backend
01-01 00:00:20.612 535 535 I netd : Registering NetdHwService: 10.0ms
01-01 00:00:20.613 535 535 I netd : Netd started in 919ms
01-01 00:00:20.611 535 535 I netd : type=1400 audit(0.0:50): avc: denied { write } for name="tasks" dev="tmpfs" ino=1391 scontext=u:r:netd:s0 tcontext=u:object_r:device:s0 tclass=file permissive=1
01-01 00:00:20.611 535 535 I netd : type=1400 audit(0.0:51): avc: denied { open } for path="/dev/stune/foreground/tasks" dev="tmpfs" ino=1391 scontext=u:r:netd:s0 tcontext=u:object_r:device:s0 tclass=file permissive=1
01-01 00:00:20.639 536 536 D libEGL : loaded /vendor/lib64/egl/libEGL_swiftshader.so
01-01 00:00:20.660 530 530 W Zygote : Class not found for preloading: android.bluetooth.BluetoothA2dp$2
01-01 00:00:20.669 530 530 I PackageBackwardCompatibility: Could not find android.content.pm.AndroidTestBaseUpdater, ignoring
01-01 00:00:20.687 536 536 D libEGL : loaded /vendor/lib64/egl/libGLESv1_CM_swiftshader.so
01-01 00:00:20.696 536 536 D libEGL : loaded /vendor/lib64/egl/libGLESv2_swiftshader.so
01-01 00:00:20.696 533 533 I cameraserver: ServiceManager: 0xf0abe1a0
01-01 00:00:20.697 533 533 I CameraService: CameraService started (pid=533)
01-01 00:00:20.697 533 533 I CameraService: CameraService process starting
01-01 00:00:20.697 533 533 W BatteryNotifier: batterystats service unavailable!
01-01 00:00:20.697 533 533 W BatteryNotifier: batterystats service unavailable!
01-01 00:00:20.701 533 533 I : Waiting for activity service
01-01 00:00:20.745 536 536 I RenderEngine: EGL information:
01-01 00:00:20.745 536 536 I RenderEngine: vendor : Android
01-01 00:00:20.745 536 536 I RenderEngine: version : 1.4 Android META-EGL
01-01 00:00:20.745 536 536 I RenderEngine: extensions: EGL_KHR_get_all_proc_addresses EGL_ANDROID_presentation_time EGL_KHR_swap_buffers_with_damage EGL_ANDROID_get_native_client_buffer EGL_ANDROID_front_buffer_auto_refresh EGL_ANDROID_get_frame_timestamps EGL_EXT_surface_SMPTE2086_metadata EGL_EXT_surface_CTA861_3_metadata EGL_KHR_image_base EGL_KHR_gl_texture_2D_image EGL_KHR_gl_texture_cubemap_image EGL_KHR_gl_renderbuffer_image EGL_KHR_fence_sync EGL_KHR_create_context EGL_KHR_surfaceless_context EGL_ANDROID_recordable
01-01 00:00:20.745 536 536 I RenderEngine: Client API: OpenGL_ES
01-01 00:00:20.745 536 536 I RenderEngine: EGLSurface: 8-8-8-8, config=0x2f
01-01 00:00:20.753 534 534 I mediaserver: ServiceManager: 0xe94232a0
01-01 00:00:20.754 534 534 W BatteryNotifier: batterystats service unavailable!
01-01 00:00:20.755 534 534 W BatteryNotifier: batterystats service unavailable!
01-01 00:00:20.766 536 536 I RenderEngine: OpenGL ES informations:
01-01 00:00:20.766 536 536 I RenderEngine: vendor : Google Inc.
01-01 00:00:20.766 536 536 I RenderEngine: renderer : Google SwiftShader
01-01 00:00:20.767 536 536 I RenderEngine: version : OpenGL ES 3.0 SwiftShader 4.1.0.5
01-01 00:00:20.767 536 536 I RenderEngine: extensions: GL_EXT_debug_marker GL_OES_compressed_ETC1_RGB8_texture GL_OES_depth24 GL_OES_depth32 GL_OES_depth_texture GL_OES_depth_texture_cube_map GL_OES_EGL_image GL_OES_EGL_image_external GL_OES_EGL_image_external_essl3 GL_OES_EGL_sync GL_OES_element_index_uint GL_OES_fbo_render_mipmap GL_OES_framebuffer_object GL_OES_packed_depth_stencil GL_OES_rgb8_rgba8 GL_OES_standard_derivatives GL_OES_surfaceless_context GL_OES_texture_float GL_OES_texture_float_linear GL_OES_texture_half_float GL_OES_texture_half_float_linear GL_OES_texture_npot GL_OES_texture_3D GL_OES_vertex_array_object GL_OES_vertex_half_float GL_EXT_blend_minmax GL_EXT_color_buffer_float GL_EXT_color_buffer_half_float GL_EXT_draw_buffers GL_EXT_instanced_arrays GL_EXT_occlusion_query_boolean GL_EXT_read_format_bgra GL_EXT_texture_compression_dxt1 GL_EXT_texture_filter_anisotropic GL_EXT_texture_format_BGRA8888 GL_EXT_texture_rg GL_ARB_texture_rectangle GL_ANGLE_framebuffer_blit GL_ANGLE_framebuffer_multisample GL_ANGLE_instanced_arrays GL_ANG
01-01 00:00:20.767 536 536 I RenderEngine: GL_MAX_TEXTURE_SIZE = 8192
01-01 00:00:20.767 536 536 I RenderEngine: GL_MAX_VIEWPORT_DIMS = 8192
01-01 00:00:20.770 140 140 I hwservicemanager: getTransport: Cannot find entry android.hardware.graphics.mapper@3.0::IMapper/default in either framework or device manifest.
01-01 00:00:20.771 191 240 D ComposerHal: failed to get mapper 3.0 service, falling back to mapper 2.0
01-01 00:00:20.776 140 140 I hwservicemanager: getTransport: Cannot find entry vendor.display.config@1.16::IDisplayConfig/default in either framework or device manifest.
01-01 00:00:20.778 536 536 I HWComposer: Switching to legacy multi-display mode
01-01 00:00:20.779 140 140 I hwservicemanager: getTransport: Cannot find entry vendor.display.config@1.12::IDisplayConfig/default in either framework or device manifest.
01-01 00:00:20.782 140 140 I hwservicemanager: getTransport: Cannot find entry vendor.display.config@1.7::IDisplayConfig/default in either framework or device manifest.
01-01 00:00:20.782 140 140 I hwservicemanager: getTransport: Cannot find entry vendor.display.config@1.9::IDisplayConfig/default in either framework or device manifest.
01-01 00:00:20.831 532 532 I FastMixerState: sMaxFastTracks = 8
01-01 00:00:20.837 532 532 V MediaUtils: physMem: 8188407808
01-01 00:00:20.837 532 532 V MediaUtils: requested limit: 536870912
01-01 00:00:20.837 532 532 I libc : malloc_limit: Allocation limit enabled, max size 536870912 bytes
01-01 00:00:20.838 532 532 I audioserver: ServiceManager: 0x7564924dc0
01-01 00:00:20.838 532 532 W BatteryNotifier: batterystats service unavailable!
01-01 00:00:20.840 140 140 I hwservicemanager: getTransport: Cannot find entry android.hardware.audio@5.0::IDevicesFactory/default in either framework or device manifest.
01-01 00:00:20.841 140 140 I hwservicemanager: getTransport: Cannot find entry android.hardware.audio@4.0::IDevicesFactory/default in either framework or device manifest.
01-01 00:00:20.846 140 140 I hwservicemanager: getTransport: Cannot find entry android.hardware.audio.effect@5.0::IEffectsFactory/default in either framework or device manifest.
01-01 00:00:20.847 140 140 I hwservicemanager: getTransport: Cannot find entry android.hardware.audio.effect@4.0::IEffectsFactory/default in either framework or device manifest.
01-01 00:00:20.857 532 532 I AudioFlinger: Using default 3000 mSec as standby time.
01-01 00:00:20.859 532 532 E APM::Serializer: deserialize: Could not parse /odm/etc/audio_policy_configuration.xml document.
01-01 00:00:20.859 532 532 E APM::Serializer: deserialize: Could not parse /vendor/etc/audio/audio_policy_configuration.xml document.
01-01 00:00:20.873 532 532 E APM::AudioPolicyEngine/Config: parse: Could not parse document /vendor/etc/audio_policy_engine_configuration.xml
01-01 00:00:20.873 532 532 W APM::AudioPolicyEngine/Base: loadAudioPolicyEngineConfig: No configuration found, using default matching phone experience.
01-01 00:00:20.873 532 532 E APM::AudioPolicyEngine/Config: parseLegacyVolumeFile: Could not parse document /odm/etc/audio_policy_configuration.xml
01-01 00:00:20.892 538 538 D audio_hw_primary: mixer 0 name HDMI Playback Volume
01-01 00:00:20.893 538 538 D audio_hw_primary: mixer 1 name HDMI Playback Switch
01-01 00:00:20.895 538 538 W DeviceHAL: Error from HAL Device in function get_master_volume: Function not implemented
01-01 00:00:20.896 538 538 W DeviceHAL: Error from HAL Device in function get_master_mute: Function not implemented
01-01 00:00:20.896 538 538 W DeviceHAL: Error from HAL Device in function set_master_volume: Function not implemented
01-01 00:00:20.896 538 538 W DeviceHAL: Error from HAL Device in function set_master_mute: Function not implemented
01-01 00:00:20.897 532 532 I AudioFlinger: loadHwModule() Loaded primary audio interface, handle 10
01-01 00:00:20.897 532 532 I AudioFlinger: openOutput() this 0x756492f600, module 10 Device 0x2, SamplingRate 48000, Format 0x000001, Channels 0x3, flags 0x2
01-01 00:00:20.899 532 532 I AudioFlinger: HAL output buffer size 480 frames, normal sink buffer size 960 frames
01-01 00:00:20.900 140 140 I hwservicemanager: getTransport: Cannot find entry android.hardware.audio.effect@5.0::IEffectsFactory/default in either framework or device manifest.
01-01 00:00:20.901 140 140 I hwservicemanager: getTransport: Cannot find entry android.hardware.audio.effect@4.0::IEffectsFactory/default in either framework or device manifest.
01-01 00:00:20.905 538 538 E EffectsConfig: Could not parse effect configuration in any of the default locations.
01-01 00:00:20.906 538 538 E EffectsFactoryConfigLoader: Failed to parse XML configuration file
01-01 00:00:20.906 538 538 W EffectsFactory: Failed to load XML effect configuration, fallback to .conf
01-01 00:00:20.916 532 532 I BufferProvider: found effect "Multichannel Downmix To Stereo" from The Android Open Source Project
01-01 00:00:20.919 532 532 I AudioFlinger: Using module 10 as the primary audio interface
01-01 00:00:20.919 532 599 I AudioFlinger: AudioFlinger's thread 0x75649d5880 tid=599 ready to run
01-01 00:00:20.919 532 599 W AudioFlinger: no wake lock to update, system not ready yet
01-01 00:00:20.929 538 538 W DeviceHAL: Error from HAL Device in function set_voice_volume: Function not implemented
01-01 00:00:20.929 532 599 W AudioFlinger: no wake lock to update, system not ready yet
01-01 00:00:20.931 532 532 W AudioFlinger: moveEffects() bad srcOutput 0
01-01 00:00:20.965 532 532 E APM_AudioPolicyManager: initialize: Input device list is empty!
01-01 00:00:20.976 532 532 I bt_a2dp_hw: adev_open: adev_open in A2dp_hw module
01-01 00:00:20.976 532 532 I AudioFlinger: loadHwModule() Loaded a2dp audio interface, handle 18
01-01 00:00:20.976 532 532 E APM_AudioPolicyManager: initialize: Input device list is empty!
01-01 00:00:20.980 538 538 W DeviceHAL: Error from HAL Device in function set_master_volume: Function not implemented
01-01 00:00:20.980 532 532 I AudioFlinger: loadHwModule() Loaded usb audio interface, handle 26
01-01 00:00:20.981 532 532 E APM_AudioPolicyManager: initialize: Input device list is empty!
01-01 00:00:20.984 538 538 I r_submix: adev_open(name=audio_hw_if)
01-01 00:00:20.985 538 538 I r_submix: adev_init_check()
01-01 00:00:20.985 538 538 W DeviceHAL: Error from HAL Device in function set_master_volume: Function not implemented
01-01 00:00:20.985 538 538 W DeviceHAL: Error from HAL Device in function set_master_mute: Function not implemented
01-01 00:00:20.985 532 532 I AudioFlinger: loadHwModule() Loaded r_submix audio interface, handle 34
01-01 00:00:20.985 538 538 D r_submix: adev_open_input_stream(addr=0)
01-01 00:00:20.985 538 538 D r_submix: submix_audio_device_create_pipe_l(addr=0, idx=9)
01-01 00:00:20.985 538 538 D r_submix: now using address 0 for route 9
01-01 00:00:20.992 532 600 I AudioFlinger: AudioFlinger's thread 0x74d71c5300 tid=600 ready to run
01-01 00:00:20.992 538 538 I r_submix: in_standby()
01-01 00:00:20.994 532 600 W AudioFlinger: no wake lock to update, system not ready yet
01-01 00:00:20.995 538 538 I r_submix: in_standby()
01-01 00:00:21.085 530 530 E ActivityRecognitionHardware: activity_recognition HAL is deprecated. class_init is effectively a no-op
01-01 00:00:21.165 530 530 I zygote64: Thread[1,tid=530,Native,Thread*=0x7e05e46c00,peer=0x12c02220,"main"] recursive attempt to load library "libmedia_jni.so"
01-01 00:00:21.166 530 530 D MtpDeviceJNI: register_android_mtp_MtpDevice
01-01 00:00:21.166 530 530 I zygote64: Thread[1,tid=530,Native,Thread*=0x7e05e46c00,peer=0x12c02220,"main"] recursive attempt to load library "libmedia_jni.so"
01-01 00:00:21.166 530 530 I zygote64: Thread[1,tid=530,Native,Thread*=0x7e05e46c00,peer=0x12c02220,"main"] recursive attempt to load library "libmedia_jni.so"
01-01 00:00:21.184 530 530 W Zygote : Class not found for preloading: android.media.audiopolicy.AudioProductStrategies
01-01 00:00:21.185 530 530 W Zygote : Class not found for preloading: android.media.audiopolicy.AudioVolumeGroups
01-01 00:00:21.193 532 600 W AudioFlinger: no wake lock to update, system not ready yet
01-01 00:00:21.194 538 538 D r_submix: adev_close_input_stream()
01-01 00:00:21.194 538 538 D r_submix: submix_audio_device_release_pipe_l(idx=9) addr=0
01-01 00:00:21.194 538 538 D r_submix: submix_audio_device_destroy_pipe_l(): pipe destroyed
01-01 00:00:21.196 532 532 E EffectsConfig: Could not parse effect configuration in any of the default locations.
01-01 00:00:21.196 532 532 W AudioPolicyEffects: Failed to load XML effect configuration, fallback to .conf
01-01 00:00:21.197 532 532 I : Waiting for activity service
01-01 00:00:21.348 530 530 W Zygote : Class not found for preloading: android.view.-$$Lambda$SurfaceView$Cs7TGTdA1lXf9qW8VOJAfEsMjdk
01-01 00:00:21.353 536 536 D RenderEngine: shader cache generated - 48 shaders in 569.111755 ms
01-01 00:00:21.354 536 536 E SurfaceFlinger: Failed to create composer extension
01-01 00:00:21.356 536 536 I ServiceManagement: Registered android.frameworks.displayservice@1.0::IDisplayService/default (start delay of 1836ms)
01-01 00:00:21.356 530 530 W Zygote : Class not found for preloading: android.view.SurfaceView$3
01-01 00:00:21.356 536 536 D SurfaceFlinger: Setting power mode 2 on display 0
01-01 00:00:21.357 536 536 D SurfaceFlinger: Finished setting power mode 2 on display 0
01-01 00:00:21.363 530 530 W Zygote : Class not found for preloading: android.view.textclassifier.-$$Lambda$TextClassificationManager$JIaezIJbMig_-kVzN6oArzkTsJE
01-01 00:00:21.384 530 530 W Zygote : Class not found for preloading: com.android.internal.net.NetworkStatsFactory
01-01 00:00:21.391 530 530 W Zygote : Class not found for preloading: com.android.internal.telephony.-$$Lambda$PhoneSubInfoController$8HFbCDJDN1mrLJG980qYH5MGqMk
01-01 00:00:21.392 530 530 W Zygote : Class not found for preloading: com.android.internal.telephony.-$$Lambda$PhoneSubInfoController$U28a_EGx2cvmQhDfRRgonMt5Zrc
01-01 00:00:21.392 530 530 W Zygote : Class not found for preloading: com.android.internal.telephony.-$$Lambda$SubscriptionInfoUpdater$-zZXM9oMRZ3vZz7dJOG19J00Bmw
01-01 00:00:21.392 530 530 W Zygote : Class not found for preloading: com.android.internal.telephony.-$$Lambda$SubscriptionInfoUpdater$D5yF1HbS4cvCyoAj3FESkPtA_0g
01-01 00:00:21.393 530 530 W Zygote : Class not found for preloading: com.android.internal.telephony.-$$Lambda$SubscriptionInfoUpdater$MMx9iQX0JVqqMPLTUZhdBubFSzU
01-01 00:00:21.395 530 530 W Zygote : Class not found for preloading: com.android.internal.telephony.GsmCdmaPhone$3
01-01 00:00:21.398 530 530 W Zygote : Class not found for preloading: com.android.internal.telephony.NewNitzStateMachine$1
01-01 00:00:21.398 530 530 W Zygote : Class not found for preloading: com.android.internal.telephony.NewNitzStateMachine
01-01 00:00:21.398 530 530 W Zygote : Class not found for preloading: com.android.internal.telephony.NewTimeServiceHelper$1
01-01 00:00:21.399 530 530 W Zygote : Class not found for preloading: com.android.internal.telephony.NewTimeServiceHelper$Listener
01-01 00:00:21.399 530 530 W Zygote : Class not found for preloading: com.android.internal.telephony.NewTimeServiceHelper
01-01 00:00:21.399 530 530 W Zygote : Class not found for preloading: com.android.internal.telephony.PhoneConfigurationModels
01-01 00:00:21.402 530 530 W Zygote : Class not found for preloading: com.android.internal.telephony.SubscriptionController$ScLocalLog
01-01 00:00:21.403 530 530 W Zygote : Class not found for preloading: com.android.internal.telephony.UiccSmsController
01-01 00:00:21.404 530 530 W Zygote : Class not found for preloading: com.android.internal.telephony.dataconnection.DcController$2
01-01 00:00:21.406 530 530 W Zygote : Class not found for preloading: com.android.internal.telephony.imsphone.-$$Lambda$ImsPhoneCallTracker$QlPVd_3u4_verjHUDnkn6zaSe54
01-01 00:00:21.407 530 530 W Zygote : Class not found for preloading: com.android.internal.telephony.imsphone.ImsPhone$3
01-01 00:00:21.489 530 530 I Zygote : ...preloaded 7579 classes in 930ms.
01-01 00:00:21.489 530 530 I zygote64: VMRuntime.preloadDexCaches starting
01-01 00:00:21.577 530 530 I zygote64: VMRuntime.preloadDexCaches strings total=382902 before=9989 after=9989
01-01 00:00:21.577 530 530 I zygote64: VMRuntime.preloadDexCaches types total=36037 before=7232 after=7500
01-01 00:00:21.577 530 530 I zygote64: VMRuntime.preloadDexCaches fields total=162246 before=8020 after=8221
01-01 00:00:21.577 530 530 I zygote64: VMRuntime.preloadDexCaches methods total=283379 before=10936 after=11368
01-01 00:00:21.577 530 530 I zygote64: VMRuntime.preloadDexCaches finished
01-01 00:00:21.577 530 530 D Zygote64Timing: PreloadClasses took to complete: 1018ms
01-01 00:00:21.581 530 530 I zygote64: The ClassLoaderContext is a special shared library.
01-01 00:00:21.583 530 530 D ApplicationLoaders: Created zygote-cached class loader: /system/framework/android.hidl.base-V1.0-java.jar
01-01 00:00:21.586 530 530 I zygote64: The ClassLoaderContext is a special shared library.
01-01 00:00:21.588 530 530 D ApplicationLoaders: Created zygote-cached class loader: /system/framework/android.hidl.manager-V1.0-java.jar
01-01 00:00:21.588 530 530 D Zygote64Timing: CacheNonBootClasspathClassLoaders took to complete: 11ms
01-01 00:00:21.767 530 530 I Zygote : Preloading resources...
01-01 00:00:21.785 530 530 W Resources: Preloaded drawable resource #0x108027d (android:drawable/dialog_background_material) that varies with configuration!!
01-01 00:00:21.825 530 530 I Zygote : ...preloaded 64 resources in 57ms.
01-01 00:00:21.835 530 530 I Zygote : ...preloaded 41 resources in 10ms.
01-01 00:00:21.835 530 530 D Zygote64Timing: PreloadResources took to complete: 247ms
01-01 00:00:21.876 530 530 D libEGL : loaded /vendor/lib64/egl/libEGL_swiftshader.so
01-01 00:00:21.916 530 530 D libEGL : loaded /vendor/lib64/egl/libGLESv1_CM_swiftshader.so
01-01 00:00:21.925 530 530 D libEGL : loaded /vendor/lib64/egl/libGLESv2_swiftshader.so
01-01 00:00:21.949 603 603 D BootAnimation: BootAnimationStartTiming start time: 21948ms
01-01 00:00:21.949 603 603 D BootAnimation: BootAnimationPreloadTiming start time: 21949ms
01-01 00:00:21.959 603 603 D BootAnimation: BootAnimationPreloadStopTiming start time: 21959ms
01-01 00:00:21.964 140 140 I hwservicemanager: getTransport: Cannot find entry android.hardware.graphics.mapper@3.0::IMapper/default in either framework or device manifest.
01-01 00:00:21.964 536 574 W Gralloc3: mapper 3.x is not supported
01-01 00:00:21.978 530 530 I Zygote : Preloading shared libraries...
01-01 00:00:21.988 530 530 I Zygote : Called ZygoteHooks.endPreload()
01-01 00:00:21.989 530 530 I Zygote : Installed AndroidKeyStoreProvider in 1ms.
01-01 00:00:22.005 530 530 I Zygote : Warmed up JCA providers in 16ms.
01-01 00:00:22.005 530 530 D Zygote : end preload
01-01 00:00:22.006 530 530 D Zygote64Timing: ZygotePreload took to complete: 1464ms
01-01 00:00:22.009 603 607 D libEGL : loaded /vendor/lib64/egl/libEGL_swiftshader.so
01-01 00:00:22.053 603 607 D libEGL : loaded /vendor/lib64/egl/libGLESv1_CM_swiftshader.so
01-01 00:00:22.062 603 607 D libEGL : loaded /vendor/lib64/egl/libGLESv2_swiftshader.so
01-01 00:00:22.070 530 530 I zygote64: Explicit concurrent copying GC freed 63536(3536KB) AllocSpace objects, 17(408KB) LOS objects, 49% free, 2566KB/5132KB, paused 91us total 63.701ms
01-01 00:00:22.111 603 603 I BootAnimation: type=1400 audit(0.0:52): avc: denied { search } for name="graphics" dev="tmpfs" ino=11353 scontext=u:r:bootanim:s0 tcontext=u:object_r:graphics_device:s0 tclass=dir permissive=1
01-01 00:00:22.111 603 603 I BootAnimation: type=1400 audit(0.0:53): avc: denied { read } for name="fb0" dev="tmpfs" ino=11354 scontext=u:r:bootanim:s0 tcontext=u:object_r:graphics_device:s0 tclass=chr_file permissive=1
01-01 00:00:22.111 603 603 I BootAnimation: type=1400 audit(0.0:54): avc: denied { open } for path="/dev/graphics/fb0" dev="tmpfs" ino=11354 scontext=u:r:bootanim:s0 tcontext=u:object_r:graphics_device:s0 tclass=chr_file permissive=1
01-01 00:00:22.111 603 603 I BootAnimation: type=1400 audit(0.0:55): avc: denied { ioctl } for path="/dev/graphics/fb0" dev="tmpfs" ino=11354 ioctlcmd=0x4600 scontext=u:r:bootanim:s0 tcontext=u:object_r:graphics_device:s0 tclass=chr_file permissive=1
01-01 00:00:22.124 530 530 I zygote64: Explicit concurrent copying GC freed 6306(214KB) AllocSpace objects, 0(0B) LOS objects, 49% free, 2383KB/4767KB, paused 44us total 45.558ms
01-01 00:00:22.124 530 530 D Zygote64Timing: PostZygoteInitGC took to complete: 118ms
01-01 00:00:22.125 530 530 D Zygote64Timing: ZygoteInit took to complete: 1583ms
01-01 00:00:22.141 603 607 D BootAnimation: BootAnimationShownTiming start time: 22141ms
01-01 00:00:22.254 530 530 D Zygote : Forked child process 608
01-01 00:00:22.255 530 530 I Zygote : System server process 608 has been created
01-01 00:00:22.258 608 608 I Zygote : seccomp disabled by setenforce 0
01-01 00:00:22.258 530 530 I Zygote : Accepting command socket connections
01-01 00:00:22.272 608 608 I system_server: The ClassLoaderContext is a special shared library.
01-01 00:00:22.380 608 608 I SystemServer: InitBeforeStartServices
01-01 00:00:22.385 608 608 W SystemServer: System clock is before 1970; setting to 1970.
01-01 00:00:22.386 608 608 I SystemServer: Entered the Android system server!
01-01 00:00:22.337 608 608 I chatty : uid=1000 system_server identical 2 lines
01-01 00:00:22.341 608 608 I system_server: The ClassLoaderContext is a special shared library.
01-01 00:00:22.682 608 608 E UsbAlsaJackDetectorJNI: Can't register UsbAlsaJackDetector native methods
01-01 00:00:22.699 608 608 D SystemServerTiming: InitBeforeStartServices took to complete: 319ms
01-01 00:00:22.699 608 608 I SystemServer: StartServices
01-01 00:00:22.700 608 608 I SystemServer: StartWatchdog
01-01 00:00:22.708 608 608 D SystemServerTiming: StartWatchdog took to complete: 8ms
01-01 00:00:22.708 608 608 I SystemServer: Reading configuration...
01-01 00:00:22.708 608 608 I SystemServer: ReadingSystemConfig
01-01 00:00:22.709 608 608 D SystemServerTiming: ReadingSystemConfig took to complete: 1ms
01-01 00:00:22.710 608 608 I SystemServer: StartInstaller
01-01 00:00:22.710 608 608 I SystemServiceManager: Starting com.android.server.pm.Installer
01-01 00:00:22.710 608 638 D SystemServerInitThreadPool: Started executing ReadingSystemConfig
01-01 00:00:22.713 608 608 D SystemServerTiming: StartInstaller took to complete: 3ms
01-01 00:00:22.713 608 608 I SystemServer: DeviceIdentifiersPolicyService
01-01 00:00:22.713 608 608 I SystemServiceManager: Starting com.android.server.os.DeviceIdentifiersPolicyService
01-01 00:00:22.714 608 608 D SystemServerTiming: DeviceIdentifiersPolicyService took to complete: 1ms
01-01 00:00:22.714 608 608 I SystemServer: UriGrantsManagerService
01-01 00:00:22.714 608 608 I SystemServiceManager: Starting com.android.server.uri.UriGrantsManagerService$Lifecycle
01-01 00:00:22.715 608 608 D SystemServerTiming: UriGrantsManagerService took to complete: 1ms
01-01 00:00:22.715 608 608 I SystemServer: StartActivityManager
01-01 00:00:22.715 608 608 I SystemServiceManager: Starting com.android.server.wm.ActivityTaskManagerService$Lifecycle
01-01 00:00:22.716 608 638 I SystemConfig: Non-xml file /system/etc/sysconfig/microg-a5k in /system/etc/sysconfig directory, ignoring
01-01 00:00:22.717 608 608 I SystemServiceManager: Starting com.android.server.am.ActivityManagerService$Lifecycle
01-01 00:00:22.722 608 608 I ActivityManager: Memory class: 80
01-01 00:00:22.739 608 608 D BatteryStatsImpl: Reading daily items from /data/system/batterystats-daily.xml
01-01 00:00:22.744 140 140 I hwservicemanager: getTransport: Cannot find entry android.hardware.power.stats@1.0::IPowerStats/default in either framework or device manifest.
01-01 00:00:22.746 140 140 I hwservicemanager: getTransport: Cannot find entry android.hardware.power@1.0::IPower/default in either framework or device manifest.
01-01 00:00:22.746 608 645 E BatteryStatsService: Unable to load Power.Stats.HAL. Setting rail availability to false
01-01 00:00:22.747 608 645 E BluetoothAdapter: Bluetooth binder is null
01-01 00:00:22.748 608 645 E BatteryExternalStatsWorker: no controller energy info supplied for telephony
01-01 00:00:22.754 608 645 E KernelCpuUidFreqTimeReader: Failed to read /proc/uid_time_in_state: java.nio.file.NoSuchFileException: /proc/uid_time_in_state
01-01 00:00:22.757 608 645 W KernelCpuProcStringReader: File not found. It's normal if not implemented: /proc/uid_time_in_state
01-01 00:00:22.758 608 645 W KernelCpuProcStringReader: File not found. It's normal if not implemented: /proc/uid_concurrent_active_time
01-01 00:00:22.759 608 645 W KernelCpuProcStringReader: File not found. It's normal if not implemented: /proc/uid_concurrent_policy_time
01-01 00:00:22.761 608 645 W KernelMemoryBandwidthStats: No kernel memory bandwidth stats available
01-01 00:00:22.762 140 140 I hwservicemanager: getTransport: Cannot find entry android.hardware.power.stats@1.0::IPowerStats/default in either framework or device manifest.
01-01 00:00:22.763 140 140 I hwservicemanager: getTransport: Cannot find entry android.hardware.power@1.0::IPower/default in either framework or device manifest.
01-01 00:00:22.763 608 645 E BatteryStatsService: Unable to load Power Hal or power.stats HAL
01-01 00:00:22.773 608 638 W SystemConfig: No directory /product/etc/sysconfig, skipping
01-01 00:00:22.783 608 638 W SystemConfig: No directory /product_services/etc/sysconfig, skipping
01-01 00:00:22.784 608 638 W SystemConfig: No directory /product_services/etc/permissions, skipping
01-01 00:00:22.784 608 638 D SystemServerInitThreadPool: Finished executing ReadingSystemConfig
01-01 00:00:22.751 603 603 I BootAnimation: type=1400 audit(0.0:56): avc: denied { execmem } for scontext=u:r:bootanim:s0 tcontext=u:r:bootanim:s0 tclass=process permissive=1
01-01 00:00:22.890 608 608 I AppOps : No existing app ops /data/system/appops.xml; starting empty
01-01 00:00:22.892 608 608 I IntentFirewall: Read new rules (A:0 B:0 S:0)
01-01 00:00:22.891 608 608 I system_server: type=1400 audit(0.0:57): avc: denied { watch } for path="/data/system/ifw" dev="sda4" ino=120 scontext=u:r:system_server:s0 tcontext=u:object_r:system_data_file:s0 tclass=dir permissive=1
01-01 00:00:22.949 608 608 D AppOps : AppOpsService published
01-01 00:00:22.950 608 608 D SystemServerTiming: StartActivityManager took to complete: 235ms
01-01 00:00:22.950 608 608 I SystemServer: StartPowerManager
01-01 00:00:22.950 608 608 I SystemServiceManager: Starting com.android.server.power.PowerManagerService
01-01 00:00:22.955 140 140 I hwservicemanager: getTransport: Cannot find entry android.hardware.power@1.0::IPower/default in either framework or device manifest.
01-01 00:00:22.956 608 608 I PowerManagerService-JNI: Couldn't load power HAL service
01-01 00:00:22.960 608 608 D SystemServerTiming: StartPowerManager took to complete: 10ms
01-01 00:00:22.960 608 608 I SystemServer: StartThermalManager
01-01 00:00:22.960 608 608 I SystemServiceManager: Starting com.android.server.power.ThermalManagerService
01-01 00:00:22.961 608 608 D SystemServerTiming: StartThermalManager took to complete: 1ms
01-01 00:00:22.961 608 608 I SystemServer: InitPowerManagement
01-01 00:00:22.962 608 608 D SystemServerTiming: InitPowerManagement took to complete: 1ms
01-01 00:00:22.963 608 608 I SystemServer: StartRecoverySystemService
01-01 00:00:22.963 608 608 I SystemServiceManager: Starting com.android.server.RecoverySystemService
01-01 00:00:22.963 608 608 D SystemServerTiming: StartRecoverySystemService took to complete: 0ms
01-01 00:00:22.965 608 608 V RescueParty: Disabled because of manual property
01-01 00:00:22.965 608 608 I SystemServer: StartLightsService
01-01 00:00:22.965 608 608 I SystemServiceManager: Starting com.android.server.lights.LightsService
01-01 00:00:22.971 608 608 D SystemServerTiming: StartLightsService took to complete: 6ms
01-01 00:00:22.971 608 608 I SystemServer: StartSidekickService
01-01 00:00:22.971 608 608 D SystemServerTiming: StartSidekickService took to complete: 0ms
01-01 00:00:22.971 608 608 I SystemServer: StartDisplayManager
01-01 00:00:22.971 608 608 I SystemServiceManager: Starting com.android.server.display.DisplayManagerService
01-01 00:00:22.976 608 608 D SystemServerTiming: StartDisplayManager took to complete: 5ms
01-01 00:00:22.976 608 608 I SystemServer: WaitForDisplay
01-01 00:00:22.976 608 608 I SystemServiceManager: Starting phase 100
01-01 00:00:22.983 608 634 I DisplayManagerService: Display device added: DisplayDeviceInfo{"Built-in Screen": uniqueId="local:0", 1824 x 984, modeId 1, defaultModeId 1, supportedModes [{id=1, width=1824, height=984, fps=60.000004}], colorMode 0, supportedColorModes [0], HdrCapabilities android.view.Display$HdrCapabilities@40f16308, density 180, 159.757 x 160.215 dpi, appVsyncOff 1000000, presDeadline 16666666, touch INTERNAL, rotation 0, type BUILT_IN, address {port=0}, state UNKNOWN, FLAG_DEFAULT_DISPLAY, FLAG_ROTATES_WITH_CONTENT, FLAG_SECURE, FLAG_SUPPORTS_PROTECTED_BUFFERS, FLAG_ROUND}
01-01 00:00:22.984 140 140 I hwservicemanager: getTransport: Cannot find entry vendor.display.config@1.7::IDisplayConfig/default in either framework or device manifest.
01-01 00:00:22.984 536 536 D SurfaceFlinger: Setting power mode 2 on display 0
01-01 00:00:22.986 140 140 I hwservicemanager: getTransport: Cannot find entry android.hardware.light@2.0::ILight/default in either framework or device manifest.
01-01 00:00:22.986 608 608 D SystemServerTiming: WaitForDisplay took to complete: 10ms
01-01 00:00:22.986 608 634 I DisplayManagerService: Display device changed state: "Built-in Screen", ON
01-01 00:00:22.987 608 608 I SystemServer: StartPackageManagerService
01-01 00:00:22.987 608 608 I Watchdog: Pausing HandlerChecker: main thread for reason: packagemanagermain. Pause count: 1
01-01 00:00:22.998 608 608 W FileUtils: Failed to chmod(/data/system/packages.list): android.system.ErrnoException: chmod failed: ENOENT (No such file or directory)
01-01 00:00:23.004 608 608 D SELinuxMMAC: Using policy file /system/etc/selinux/plat_mac_permissions.xml
01-01 00:00:23.007 608 608 D SELinuxMMAC: Using policy file /vendor/etc/selinux/vendor_mac_permissions.xml
01-01 00:00:23.011 608 608 D FallbackCategoryProvider: Found 1 fallback categories
01-01 00:00:23.012 608 608 I PackageManager: No settings file; creating initial state
01-01 00:00:23.018 608 608 D PackageManager: Keeping known cache 19fad6177e2fe2f707197b0498391789f468866f
01-01 00:00:23.018 608 608 W PackageManager: Wiping cache directory because the system partition changed.
01-01 00:00:23.028 608 608 D PackageManager: No files in app dir /vendor/overlay
01-01 00:00:23.042 608 608 I PackageManager: /system/product/overlay/EmptyProductOverlay changed; collecting certs
01-01 00:00:23.062 161 163 E apexd : Can't open /product/apex for reading : No such file or directory
01-01 00:00:23.074 608 608 D PackageManager: No files in app dir /product_services/overlay
01-01 00:00:23.075 608 608 D PackageManager: No files in app dir /odm/overlay
01-01 00:00:23.075 608 608 D PackageManager: No files in app dir /oem/overlay
01-01 00:00:23.090 608 608 I PackageManager: /system/overlay/AccentColorSluttyPink changed; collecting certs
01-01 00:00:23.099 608 608 I PackageManager: /system/overlay/NavigationBarModeGesturalNarrowBack changed; collecting certs
01-01 00:00:23.120 608 608 I PackageManager: /system/overlay/DisplayCutoutEmulationDouble changed; collecting certs
01-01 00:00:23.127 608 608 I PackageManager: /system/overlay/IconPackRoundedSettings changed; collecting certs
01-01 00:00:23.142 608 608 I PackageManager: /system/overlay/PrimaryColorDarkGreen changed; collecting certs
01-01 00:00:23.157 608 608 I PackageManager: /system/overlay/IconPackCircularAndroid changed; collecting certs
01-01 00:00:23.165 608 608 I PackageManager: /system/overlay/PrimaryColorOmniBlack changed; collecting certs
01-01 00:00:23.171 608 608 I PackageManager: /system/overlay/FontNotoSerifSource changed; collecting certs
01-01 00:00:23.178 608 608 I PackageManager: /system/overlay/IconPackFilledSystemUI changed; collecting certs
01-01 00:00:23.185 608 608 I PackageManager: /system/overlay/AccentColorGoldenShower changed; collecting certs
01-01 00:00:23.194 608 608 I PackageManager: /system/overlay/AccentColorOmni changed; collecting certs
01-01 00:00:23.201 608 608 I PackageManager: /system/overlay/NavigationBarMode2Button changed; collecting certs
01-01 00:00:23.215 608 608 I PackageManager: /system/overlay/IconShapeSquircle changed; collecting certs
01-01 00:00:23.221 608 608 I PackageManager: /system/overlay/EmptyOverlay changed; collecting certs
01-01 00:00:23.231 608 608 I PackageManager: /system/overlay/IconPackCircularThemePicker changed; collecting certs
01-01 00:00:23.240 608 608 I PackageManager: /system/overlay/AccentColorRedDevil changed; collecting certs
01-01 00:00:23.246 608 608 I PackageManager: /system/overlay/DisplayCutoutEmulationCorner changed; collecting certs
01-01 00:00:23.249 140 140 I hwservicemanager: getTransport: Cannot find entry android.hardware.graphics.allocator@3.0::IAllocator/default in either framework or device manifest.
01-01 00:00:23.256 608 608 I PackageManager: /system/overlay/NavigationBarModeGesturalWideBack changed; collecting certs
01-01 00:00:23.260 536 574 W Gralloc3: allocator 3.x is not supported
01-01 00:00:23.269 140 140 I hwservicemanager: getTransport: Cannot find entry android.hardware.graphics.mapper@3.0::IMapper/default in either framework or device manifest.
01-01 00:00:23.270 603 607 W Gralloc3: mapper 3.x is not supported
01-01 00:00:23.275 608 608 I PackageManager: /system/overlay/AccentColorBlack changed; collecting certs
01-01 00:00:23.281 608 608 I PackageManager: /system/overlay/AccentColorOcean changed; collecting certs
01-01 00:00:23.287 608 608 I PackageManager: /system/overlay/IconPackFilledThemePicker changed; collecting certs
01-01 00:00:23.293 608 608 I PackageManager: /system/overlay/IconPackFilledLauncher changed; collecting certs
01-01 00:00:23.299 608 608 I PackageManager: /system/overlay/IconPackCircularSystemUI changed; collecting certs
01-01 00:00:23.305 608 608 I PackageManager: /system/overlay/DisplayCutoutEmulationTall changed; collecting certs
01-01 00:00:23.311 608 608 I PackageManager: /system/overlay/AccentColorGreen changed; collecting certs
