01-01 00:00:23.317 608 608 I PackageManager: /system/overlay/IconPackRoundedLauncher changed; collecting certs
01-01 00:00:23.324 608 608 I PackageManager: /system/overlay/FontLatoSource changed; collecting certs
01-01 00:00:23.330 608 608 I PackageManager: /system/overlay/NavigationBarModeGestural changed; collecting certs
01-01 00:00:23.337 608 608 I PackageManager: /system/overlay/IconPackFilledSettings changed; collecting certs
01-01 00:00:23.343 608 608 I PackageManager: /system/overlay/AccentColorPurple changed; collecting certs
01-01 00:00:23.350 608 608 I PackageManager: /system/overlay/AccentColorOrchid changed; collecting certs
01-01 00:00:23.356 608 608 I PackageManager: /system/overlay/IconShapeTeardrop changed; collecting certs
01-01 00:00:23.363 608 608 I PackageManager: /system/overlay/AccentColorBlueMonday changed; collecting certs
01-01 00:00:23.369 608 608 I PackageManager: /system/overlay/AccentColorSpace changed; collecting certs
01-01 00:00:23.375 608 608 I PackageManager: /system/overlay/PrimaryColorDeepBlue changed; collecting certs
01-01 00:00:23.381 608 608 I PackageManager: /system/overlay/IconShapeRoundedRect changed; collecting certs
01-01 00:00:23.386 608 608 I PackageManager: /system/overlay/IconShapeCircle changed; collecting certs
01-01 00:00:23.392 608 608 I PackageManager: /system/overlay/FontMuliSource changed; collecting certs
01-01 00:00:23.397 608 608 I PackageManager: /system/overlay/IconPackCircularSettings changed; collecting certs
01-01 00:00:23.403 608 608 I PackageManager: /system/overlay/PrimaryColorDarkBlue changed; collecting certs
01-01 00:00:23.408 608 608 I PackageManager: /system/overlay/IconPackFilledAndroid changed; collecting certs
01-01 00:00:23.413 608 608 I PackageManager: /system/overlay/AccentColorCinnamon changed; collecting certs
01-01 00:00:23.418 536 536 I SurfaceFlinger: Enter boot animation
01-01 00:00:23.418 608 608 I PackageManager: /system/overlay/IconPackRoundedSystemUI changed; collecting certs
01-01 00:00:23.419 140 140 I hwservicemanager: getTransport: Cannot find entry vendor.display.config@1.1::IDisplayConfig/default in either framework or device manifest.
01-01 00:00:23.425 608 608 I PackageManager: /system/overlay/NavigationBarModeGesturalExtraWideBack changed; collecting certs
01-01 00:00:23.430 608 608 I PackageManager: /system/overlay/NavigationBarMode3Button changed; collecting certs
01-01 00:00:23.436 608 608 I PackageManager: /system/overlay/IconPackRoundedAndroid changed; collecting certs
01-01 00:00:23.442 608 608 I PackageManager: /system/overlay/IconPackCircularLauncher changed; collecting certs
01-01 00:00:23.449 536 536 F libc : Fatal signal 11 (SIGSEGV), code 1 (SEGV_MAPERR), fault addr 0x762804e000 in tid 536 (surfaceflinger), pid 536 (surfaceflinger)
01-01 00:00:23.453 608 608 W PackageManager: Failed to parse /system/framework/oat: Missing base APK in /system/framework/oat
01-01 00:00:23.489 608 608 W PackageManager: Failed to parse /system/framework/arm64: Missing base APK in /system/framework/arm64
01-01 00:00:23.489 608 608 W PackageManager: Failed to parse /system/framework/arm: Missing base APK in /system/framework/arm
01-01 00:00:23.505 664 664 I crash_dump64: obtaining output fd from tombstoned, type: kDebuggerdTombstone
01-01 00:00:23.506 231 231 I /system/bin/tombstoned: received crash request for pid 536
01-01 00:00:23.507 664 664 I crash_dump64: performing dump of process 536 (target tid = 536)
01-01 00:00:23.515 664 664 F DEBUG : *** *** *** *** *** *** *** *** *** *** *** *** *** *** *** ***
01-01 00:00:23.515 664 664 F DEBUG : Build fingerprint: 'Raspberry/omni_rpi4/rpi4:10/QKQ1.190716.003/1910071200:userdebug/release-keys'
01-01 00:00:23.515 664 664 F DEBUG : Revision: 'd03114'
01-01 00:00:23.515 664 664 F DEBUG : ABI: 'arm64'
01-01 00:00:23.516 664 664 F DEBUG : Timestamp: 1970-01-01 00:00:23+0000
01-01 00:00:23.516 664 664 F DEBUG : pid: 536, tid: 536, name: surfaceflinger >>> /system/bin/surfaceflinger <<<
01-01 00:00:23.516 664 664 F DEBUG : uid: 1000
01-01 00:00:23.516 664 664 F DEBUG : signal 11 (SIGSEGV), code 1 (SEGV_MAPERR), fault addr 0x762804e000
01-01 00:00:23.517 664 664 F DEBUG : x0 000000762804e000 x1 0000000000000000 x2 0000000000000720 x3 00000076cfe77090
01-01 00:00:23.517 664 664 F DEBUG : x4 0000000000000000 x5 0000000000000720 x6 00000000000003d8 x7 0000007fce2db140
01-01 00:00:23.517 664 664 F DEBUG : x8 0000000000000720 x9 000000762804e010 x10 0000000000000720 x11 0000000000000015
01-01 00:00:23.517 664 664 F DEBUG : x12 00000076dd7685c0 x13 3db7a0a554264479 x14 0000000000000000 x15 0000000000000030
01-01 00:00:23.517 664 664 F DEBUG : x16 00000076dc91c950 x17 00000076dc8ab320 x18 00000076de32a000 x19 00000076cfdfc500
01-01 00:00:23.517 664 664 F DEBUG : x20 0000007fce2db270 x21 000000762804e000 x22 0000000000000000 x23 0000000000000064
01-01 00:00:23.517 664 664 F DEBUG : x24 000000000000006c x25 0000000000000000 x26 00000076d1ff35a6 x27 00000076d200e0a2
01-01 00:00:23.517 664 664 F DEBUG : x28 000000762804e000 x29 0000000000000000
01-01 00:00:23.517 664 664 F DEBUG : sp 0000007fce2db180 lr 00000076d23b8874 pc 00000076d237ad8c
01-01 00:00:23.564 608 658 I PackageParser: Parse times for '/system/framework/framework-res.apk': parse=99ms, update_cache=13 ms
01-01 00:00:23.634 608 608 I PackageManager: /system/framework/framework-res.apk changed; collecting certs
01-01 00:00:23.643 608 608 E PackageManager: Adding duplicate shared id: 1000 name=android
01-01 00:00:23.695 608 608 I PackageManager: /system/priv-app/TelephonyProvider changed; collecting certs
01-01 00:00:23.704 608 608 E PackageManager: Adding duplicate shared id: 1001 name=com.android.providers.telephony
01-01 00:00:23.739 608 608 I PackageManager: /system/priv-app/VpnDialogs changed; collecting certs
01-01 00:00:23.779 664 664 F DEBUG :
01-01 00:00:23.779 664 664 F DEBUG : backtrace:
01-01 00:00:23.779 664 664 F DEBUG : #00 pc 000000000046ed8c /vendor/lib64/egl/libGLESv2_swiftshader.so (sw::clear(unsigned int*, unsigned int, unsigned long)+36) (BuildId: 043b9d9a663e1002807fd7ee42340fb7)
01-01 00:00:23.779 664 664 F DEBUG : #01 pc 00000000004ac870 /vendor/lib64/egl/libGLESv2_swiftshader.so (sw::Blitter::fastClear(void*, sw::Format, sw::Surface*, sw::SliceRectT const&, unsigned int)+848) (BuildId: 043b9d9a663e1002807fd7ee42340fb7)
01-01 00:00:23.780 664 664 F DEBUG : #02 pc 00000000004ac464 /vendor/lib64/egl/libGLESv2_swiftshader.so (sw::Blitter::clear(void*, sw::Format, sw::Surface*, sw::SliceRectT const&, unsigned int)+60) (BuildId: 043b9d9a663e1002807fd7ee42340fb7)
01-01 00:00:23.780 664 664 F DEBUG : #03 pc 000000000049ccb8 /vendor/lib64/egl/libGLESv2_swiftshader.so (sw::Renderer::clear(void*, sw::Format, sw::Surface*, sw::RectT const&, unsigned int)+40) (BuildId: 043b9d9a663e1002807fd7ee42340fb7)
01-01 00:00:23.780 664 664 F DEBUG : #04 pc 00000000003fa4a8 /vendor/lib64/egl/libGLESv2_swiftshader.so (es2::Device::clearColor(float, float, float, float, unsigned int)+208) (BuildId: 043b9d9a663e1002807fd7ee42340fb7)
01-01 00:00:23.780 664 664 F DEBUG : #05 pc 00000000003f5d4c /vendor/lib64/egl/libGLESv2_swiftshader.so (es2::Context::clear(unsigned int)+188) (BuildId: 043b9d9a663e1002807fd7ee42340fb7)
01-01 00:00:23.780 664 664 F DEBUG : #06 pc 00000000003ff794 /vendor/lib64/egl/libGLESv2_swiftshader.so (gl::Clear(unsigned int)+100) (BuildId: 043b9d9a663e1002807fd7ee42340fb7)
01-01 00:00:23.780 664 664 F DEBUG : #07 pc 000000000012642c /system/lib64/libsurfaceflinger.so (android::renderengine::gl::GLESRenderEngine::clearWithColor(float, float, float, float)+100) (BuildId: 4f96534f5e65507697582d47eb972b19)
01-01 00:00:23.780 664 664 F DEBUG : #08 pc 0000000000128048 /system/lib64/libsurfaceflinger.so (android::renderengine::gl::GLESRenderEngine::drawLayers(android::renderengine::DisplaySettings const&, std::__1::vector> const&, ANativeWindowBuffer*, bool, android::base::unique_fd_impl&&, android::base::unique_fd_impl*)+504) (BuildId: 4f96534f5e65507697582d47eb972b19)
01-01 00:00:23.781 664 664 F DEBUG : #09 pc 00000000000e4880 /system/lib64/libsurfaceflinger.so (android::SurfaceFlinger::doComposeSurfaces(android::sp const&, android::Region const&, android::base::unique_fd_impl*)+4552) (BuildId: 4f96534f5e65507697582d47eb972b19)
01-01 00:00:23.781 664 664 F DEBUG : #10 pc 00000000000e0580 /system/lib64/libsurfaceflinger.so (android::SurfaceFlinger::handleMessageRefresh()+3232) (BuildId: 4f96534f5e65507697582d47eb972b19)
01-01 00:00:23.781 664 664 F DEBUG : #11 pc 00000000000df650 /system/lib64/libsurfaceflinger.so (android::SurfaceFlinger::onMessageReceived(int)+10016) (BuildId: 4f96534f5e65507697582d47eb972b19)
01-01 00:00:23.781 664 664 F DEBUG : #12 pc 0000000000017dfc /system/lib64/libutils.so (android::Looper::pollInner(int)+332) (BuildId: c86d46eeaacfed7a211e91a3841ad05d)
01-01 00:00:23.781 664 664 F DEBUG : #13 pc 0000000000017c10 /system/lib64/libutils.so (android::Looper::pollOnce(int, int*, int*, void**)+56) (BuildId: c86d46eeaacfed7a211e91a3841ad05d)
01-01 00:00:23.781 664 664 F DEBUG : #14 pc 00000000000ccf2c /system/lib64/libsurfaceflinger.so (android::impl::MessageQueue::waitMessage()+92) (BuildId: 4f96534f5e65507697582d47eb972b19)
01-01 00:00:23.781 664 664 F DEBUG : #15 pc 00000000000dbe1c /system/lib64/libsurfaceflinger.so (android::SurfaceFlinger::run()+20) (BuildId: 4f96534f5e65507697582d47eb972b19)
01-01 00:00:23.781 664 664 F DEBUG : #16 pc 0000000000003370 /system/bin/surfaceflinger (main+800) (BuildId: 9210356d1fe78f4557eeabdbe0cd5936)
01-01 00:00:23.781 664 664 F DEBUG : #17 pc 000000000007d844 /apex/com.android.runtime/lib64/bionic/libc.so (__libc_init+108) (BuildId: 642696a9594fbdd90f9aeb0bb5d31eb5)
01-01 00:00:23.786 608 608 I PackageManager: New shared user android.media: id=10049
01-01 00:00:23.787 608 608 I PackageManager: /system/priv-app/MediaProvider changed; collecting certs
01-01 00:00:23.794 608 608 E PackageManager: Adding duplicate app id: 10049 name=com.android.providers.media
01-01 00:00:23.816 608 668 I PackageParser: Parse times for '/system/priv-app/PermissionController': parse=147ms, update_cache=4 ms
01-01 00:00:23.817 608 608 I PackageManager: /system/priv-app/PermissionController changed; collecting certs
01-01 00:00:23.827 608 608 I PackageManager: /system/priv-app/LocalTransport changed; collecting certs
01-01 00:00:23.833 608 669 I PackageParser: Parse times for '/system/priv-app/GmsCore': parse=137ms, update_cache=35 ms
01-01 00:00:23.845 608 608 E PackageManager: Adding duplicate shared id: 1000 name=com.android.localtransport
01-01 00:00:23.847 608 608 I PackageManager: /system/priv-app/GmsCore changed; collecting certs
01-01 00:00:23.859 608 667 I PackageParser: Parse times for '/system/priv-app/TeleService': parse=187ms, update_cache=15 ms
01-01 00:00:23.884 608 608 I PackageManager: /system/priv-app/TeleService changed; collecting certs
01-01 00:00:23.908 608 608 E PackageManager: Adding duplicate shared id: 1001 name=com.android.phone
01-01 00:00:23.910 608 608 I PackageManager: /system/priv-app/SettingsProvider changed; collecting certs
01-01 00:00:23.948 608 608 E PackageManager: Adding duplicate shared id: 1000 name=com.android.providers.settings
01-01 00:00:23.982 608 608 I PackageManager: /system/priv-app/DownloadProviderUi changed; collecting certs
01-01 00:00:24.004 608 608 E PackageManager: Adding duplicate app id: 10049 name=com.android.providers.downloads.ui
01-01 00:00:24.006 608 608 I PackageManager: /system/priv-app/DynamicSystemInstallationService changed; collecting certs
01-01 00:00:24.023 608 608 E PackageManager: Adding duplicate shared id: 1000 name=com.android.dynsystem
01-01 00:00:24.027 608 608 I PackageManager: New shared user android.uid.calendar: id=10052
01-01 00:00:24.027 608 608 I PackageManager: /system/priv-app/CalendarProvider changed; collecting certs
01-01 00:00:24.051 608 670 W PackageParser: Ignoring duplicate uses-permissions/uses-permissions-sdk-m: android.permission.INSTALL_GRANT_RUNTIME_PERMISSIONS in package: com.android.shell at: Binary XML file line #127
01-01 00:00:24.051 608 608 E PackageManager: Adding duplicate app id: 10052 name=com.android.providers.calendar
01-01 00:00:24.053 608 608 I PackageManager: /system/priv-app/MmsService changed; collecting certs
01-01 00:00:24.058 608 608 E PackageManager: Adding duplicate shared id: 1001 name=com.android.mms.service
01-01 00:00:24.059 608 608 I PackageManager: /system/priv-app/ThemePicker changed; collecting certs
01-01 00:00:24.071 608 608 I PackageManager: /system/priv-app/AuroraStore changed; collecting certs
01-01 00:00:24.043 664 664 I crash_dump64: type=1400 audit(0.0:58): avc: denied { open } for path="/dev/__properties__/u:object_r:hwservicemanager_prop:s0" dev="tmpfs" ino=9374 scontext=u:r:crash_dump:s0 tcontext=u:object_r:hwservicemanager_prop:s0 tclass=file permissive=1
01-01 00:00:24.155 608 669 I PackageParser: Parse times for '/system/priv-app/ManagedProvisioning': parse=167ms, update_cache=3 ms
01-01 00:00:24.179 608 668 I PackageParser: Parse times for '/system/priv-app/DownloadProvider': parse=135ms, update_cache=1 ms
01-01 00:00:24.216 608 667 I PackageParser: Parse times for '/system/priv-app/Telecom': parse=199ms, update_cache=13 ms
01-01 00:00:24.229 664 664 E crash_dump64: unable to connect to activity manager: No such file or directory
01-01 00:00:24.229 231 231 E /system/bin/tombstoned: Tombstone written to: /data/tombstones/tombstone_02
01-01 00:00:24.257 608 634 E DisplayEventDispatcher: Display event receiver pipe was closed or an error occurred. events=0x9
01-01 00:00:24.257 603 603 W SurfaceComposerClient: ComposerService remote (surfaceflinger) died [0x77728473c0]
01-01 00:00:24.257 608 630 W SurfaceComposerClient: ComposerService remote (surfaceflinger) died [0x7e05e6fb60]
01-01 00:00:24.257 138 138 I ServiceManager: service 'SurfaceFlinger' died
01-01 00:00:24.257 603 603 D BootAnimation: SurfaceFlinger died, exiting...
01-01 00:00:24.258 191 240 D ComposerHal: destroying composer client
01-01 00:00:24.258 191 240 W ComposerHal: destroying client resources for display 0
01-01 00:00:24.258 191 240 W ComposerHal: performing a final presentDisplay
01-01 00:00:24.258 191 240 D ComposerHal: removed composer client
01-01 00:00:24.436 138 138 I ServiceManager: service 'display' died
01-01 00:00:24.436 138 138 I ServiceManager: service 'device_identifiers' died
01-01 00:00:24.436 138 138 I ServiceManager: service 'uri_grants' died
01-01 00:00:24.436 138 138 I ServiceManager: service 'activity_task' died
01-01 00:00:24.437 138 138 I ServiceManager: service 'batterystats' died
01-01 00:00:24.437 138 138 I ServiceManager: service 'appops' died
01-01 00:00:24.437 138 138 I ServiceManager: service 'power' died
01-01 00:00:24.437 138 138 I ServiceManager: service 'thermalservice' died
01-01 00:00:24.437 138 138 I ServiceManager: service 'recovery' died
01-01 00:00:24.475 138 138 I ServiceManager: service 'media.audio_flinger' died
01-01 00:00:24.476 538 538 I r_submix: adev_close()
01-01 00:00:24.495 138 138 I ServiceManager: service 'media.player' died
01-01 00:00:24.495 138 138 I ServiceManager: service 'media.resource_manager' died
01-01 00:00:24.507 138 138 I ServiceManager: service 'dnsresolver' died
01-01 00:00:24.507 138 138 I ServiceManager: service 'netd' died
01-01 00:00:24.548 138 138 I ServiceManager: service 'wificond' died
01-01 00:00:24.846 685 685 I wificond: wificond is starting up...
01-01 00:00:24.873 683 683 I netdClient: Skipping libnetd_client init since *we* are netd
01-01 00:00:24.886 683 683 I netd : netd 1.0 starting
01-01 00:00:24.910 683 683 I Netd : Loaded resolver library from /apex/com.android.resolv/lib64/libnetd_resolv.so
01-01 00:00:24.910 683 683 D TetherController: Setting IP forward enable = 0
01-01 00:00:25.081 683 683 I netd : Creating child chains: 109.6ms
01-01 00:00:25.082 683 683 I netd : Setting up OEM hooks: 0.3ms
01-01 00:00:25.082 683 683 I netd : Setting up FirewallController hooks: 0.1ms
01-01 00:00:25.094 683 683 I netd : Setting up TetherController hooks: 12.2ms
01-01 00:00:25.097 140 140 I hwservicemanager: getTransport: Cannot find entry android.hardware.audio@5.0::IDevicesFactory/default in either framework or device manifest.
01-01 00:00:25.099 686 686 E audiohalservice: Could not get passthrough implementation for android.hardware.audio@5.0::IDevicesFactory/default.
01-01 00:00:25.100 140 140 I hwservicemanager: getTransport: Cannot find entry android.hardware.audio@4.0::IDevicesFactory/default in either framework or device manifest.
01-01 00:00:25.104 683 683 I netd : Setting up BandwidthController hooks: 9.9ms
01-01 00:00:25.104 683 683 I netd : Setting up IdletimerController hooks: 0.2ms
01-01 00:00:25.108 686 686 E audiohalservice: Could not get passthrough implementation for android.hardware.audio@4.0::IDevicesFactory/default.
01-01 00:00:25.126 686 686 I ServiceManagement: Registered android.hardware.audio@2.0::IDevicesFactory/default (start delay of 485ms)
01-01 00:00:25.126 686 686 I ServiceManagement: Removing namespace from process name android.hardware.audio@2.0-service to audio@2.0-service.
01-01 00:00:25.127 686 686 I audiohalservice: Registration complete for android.hardware.audio@2.0::IDevicesFactory/default.
01-01 00:00:25.128 140 140 I hwservicemanager: getTransport: Cannot find entry android.hardware.audio.effect@5.0::IEffectsFactory/default in either framework or device manifest.
01-01 00:00:25.128 686 686 E audiohalservice: Could not get passthrough implementation for android.hardware.audio.effect@5.0::IEffectsFactory/default.
01-01 00:00:25.129 140 140 I hwservicemanager: getTransport: Cannot find entry android.hardware.audio.effect@4.0::IEffectsFactory/default in either framework or device manifest.
01-01 00:00:25.130 686 686 E audiohalservice: Could not get passthrough implementation for android.hardware.audio.effect@4.0::IEffectsFactory/default.
01-01 00:00:25.135 679 679 D AndroidRuntime: >>>>>> START com.android.internal.os.ZygoteInit uid 0 <<<<<<
01-01 00:00:25.147 679 679 I AndroidRuntime: Using default boot image
01-01 00:00:25.147 679 679 I AndroidRuntime: Leaving lock profiling enabled
01-01 00:00:25.151 679 679 I zygote : option[0]=-Xzygote
01-01 00:00:25.151 679 679 I zygote : option[1]=exit
01-01 00:00:25.151 679 679 I zygote : option[2]=vfprintf
01-01 00:00:25.151 679 679 I zygote : option[3]=sensitiveThread
01-01 00:00:25.151 679 679 I zygote : option[4]=-verbose:gc
01-01 00:00:25.151 679 679 I zygote : option[5]=-Xms8m
01-01 00:00:25.151 679 679 I zygote : option[6]=-Xmx384m
01-01 00:00:25.151 679 679 I zygote : option[7]=-XX:HeapGrowthLimit=80m
01-01 00:00:25.151 679 679 I zygote : option[8]=-XX:HeapMinFree=512k
01-01 00:00:25.151 679 679 I zygote : option[9]=-XX:HeapMaxFree=8m
01-01 00:00:25.151 679 679 I zygote : option[10]=-XX:HeapTargetUtilization=0.75
01-01 00:00:25.151 679 679 I zygote : option[11]=-Xusejit:true
01-01 00:00:25.151 679 679 I zygote : option[12]=-Xjitsaveprofilinginfo
01-01 00:00:25.151 679 679 I zygote : option[13]=-XjdwpOptions:suspend=n,server=y
01-01 00:00:25.151 679 679 I zygote : option[14]=-XjdwpProvider:default
01-01 00:00:25.152 679 679 I zygote : option[15]=-Xlockprofthreshold:500
01-01 00:00:25.152 679 679 I zygote : option[16]=-Ximage-compiler-option
01-01 00:00:25.152 679 679 I zygote : option[17]=--runtime-arg
01-01 00:00:25.152 679 679 I zygote : option[18]=-Ximage-compiler-option
01-01 00:00:25.152 679 679 I zygote : option[19]=-Xms64m
01-01 00:00:25.152 679 679 I zygote : option[20]=-Ximage-compiler-option
01-01 00:00:25.152 679 679 I zygote : option[21]=--runtime-arg
01-01 00:00:25.152 679 679 I zygote : option[22]=-Ximage-compiler-option
01-01 00:00:25.152 679 679 I zygote : option[23]=-Xmx64m
01-01 00:00:25.152 679 679 I zygote : option[24]=-Ximage-compiler-option
01-01 00:00:25.152 679 679 I zygote : option[25]=--profile-file=/system/etc/boot-image.prof
01-01 00:00:25.152 679 679 I zygote : option[26]=-Ximage-compiler-option
01-01 00:00:25.152 679 679 I zygote : option[27]=--compiler-filter=speed-profile
01-01 00:00:25.152 679 679 I zygote : option[28]=-Xcompiler-option
01-01 00:00:25.152 679 679 I zygote : option[29]=--runtime-arg
01-01 00:00:25.152 679 679 I zygote : option[30]=-Xcompiler-option
01-01 00:00:25.152 679 679 I zygote : option[31]=-Xms64m
01-01 00:00:25.152 679 679 I zygote : option[32]=-Xcompiler-option
01-01 00:00:25.152 679 679 I zygote : option[33]=--runtime-arg
01-01 00:00:25.152 679 679 I zygote : option[34]=-Xcompiler-option
01-01 00:00:25.152 679 679 I zygote : option[35]=-Xmx512m
01-01 00:00:25.152 679 679 I zygote : option[36]=-Ximage-compiler-option
01-01 00:00:25.152 679 679 I zygote : option[37]=--instruction-set-variant=cortex-a72
01-01 00:00:25.152 679 679 I zygote : option[38]=-Xcompiler-option
01-01 00:00:25.152 679 679 I zygote : option[39]=--instruction-set-variant=cortex-a72
01-01 00:00:25.153 679 679 I zygote : option[40]=-Ximage-compiler-option
01-01 00:00:25.153 679 679 I zygote : option[41]=--instruction-set-features=default
01-01 00:00:25.153 679 679 I zygote : option[42]=-Xcompiler-option
01-01 00:00:25.153 679 679 I zygote : option[43]=--instruction-set-features=default
01-01 00:00:25.153 679 679 I zygote : option[44]=-Duser.locale=en-US
01-01 00:00:25.153 679 679 I zygote : option[45]=--cpu-abilist=armeabi-v7a,armeabi
01-01 00:00:25.153 679 679 I zygote : option[46]=-Xcompiler-option
01-01 00:00:25.153 679 679 I zygote : option[47]=--generate-mini-debug-info
01-01 00:00:25.153 679 679 I zygote : option[48]=-Xcore-platform-api-policy:just-warn
01-01 00:00:25.153 679 679 I zygote : option[49]=-Xfingerprint:Raspberry/omni_rpi4/rpi4:10/QKQ1.190716.003/1910071200:userdebug/release-keys
01-01 00:00:25.159 679 679 I zygote : Core platform API reporting enabled, enforcing=false
01-01 00:00:25.162 678 678 D AndroidRuntime: >>>>>> START com.android.internal.os.ZygoteInit uid 0 <<<<<<
01-01 00:00:25.177 678 678 I AndroidRuntime: Using default boot image
01-01 00:00:25.177 678 678 I AndroidRuntime: Leaving lock profiling enabled
01-01 00:00:25.178 686 686 I ServiceManagement: Registered android.hardware.audio.effect@2.0::IEffectsFactory/default (start delay of 537ms)
01-01 00:00:25.178 686 686 I audiohalservice: Registration complete for android.hardware.audio.effect@2.0::IEffectsFactory/default.
01-01 00:00:25.179 140 140 I hwservicemanager: getTransport: Cannot find entry android.hardware.soundtrigger@2.2::ISoundTriggerHw/default in either framework or device manifest.
01-01 00:00:25.179 686 686 E audiohalservice: Could not get passthrough implementation for android.hardware.soundtrigger@2.2::ISoundTriggerHw/default.
01-01 00:00:25.180 140 140 I hwservicemanager: getTransport: Cannot find entry android.hardware.soundtrigger@2.1::ISoundTriggerHw/default in either framework or device manifest.
01-01 00:00:25.181 686 686 E audiohalservice: Could not get passthrough implementation for android.hardware.soundtrigger@2.1::ISoundTriggerHw/default.
01-01 00:00:25.181 678 678 I zygote64: option[0]=-Xzygote
01-01 00:00:25.181 678 678 I zygote64: option[1]=exit
01-01 00:00:25.181 678 678 I zygote64: option[2]=vfprintf
01-01 00:00:25.181 678 678 I zygote64: option[3]=sensitiveThread
01-01 00:00:25.181 678 678 I zygote64: option[4]=-verbose:gc
01-01 00:00:25.181 678 678 I zygote64: option[5]=-Xms8m
01-01 00:00:25.181 678 678 I zygote64: option[6]=-Xmx384m
01-01 00:00:25.181 678 678 I zygote64: option[7]=-XX:HeapGrowthLimit=80m
01-01 00:00:25.181 140 140 I hwservicemanager: getTransport: Cannot find entry android.hardware.soundtrigger@2.0::ISoundTriggerHw/default in either framework or device manifest.
01-01 00:00:25.181 678 678 I zygote64: option[8]=-XX:HeapMinFree=512k
01-01 00:00:25.181 678 678 I zygote64: option[9]=-XX:HeapMaxFree=8m
01-01 00:00:25.181 678 678 I zygote64: option[10]=-XX:HeapTargetUtilization=0.75
01-01 00:00:25.181 678 678 I zygote64: option[11]=-Xusejit:true
01-01 00:00:25.182 678 678 I zygote64: option[12]=-Xjitsaveprofilinginfo
01-01 00:00:25.182 678 678 I zygote64: option[13]=-XjdwpOptions:suspend=n,server=y
01-01 00:00:25.182 678 678 I zygote64: option[14]=-XjdwpProvider:default
01-01 00:00:25.182 678 678 I zygote64: option[15]=-Xlockprofthreshold:500
01-01 00:00:25.182 678 678 I zygote64: option[16]=-Ximage-compiler-option
01-01 00:00:25.182 678 678 I zygote64: option[17]=--runtime-arg
01-01 00:00:25.182 678 678 I zygote64: option[18]=-Ximage-compiler-option
01-01 00:00:25.182 678 678 I zygote64: option[19]=-Xms64m
01-01 00:00:25.182 678 678 I zygote64: option[20]=-Ximage-compiler-option
01-01 00:00:25.182 678 678 I zygote64: option[21]=--runtime-arg
01-01 00:00:25.182 678 678 I zygote64: option[22]=-Ximage-compiler-option
01-01 00:00:25.182 678 678 I zygote64: option[23]=-Xmx64m
01-01 00:00:25.182 686 686 E audiohalservice: Could not get passthrough implementation for android.hardware.soundtrigger@2.0::ISoundTriggerHw/default.
01-01 00:00:25.182 678 678 I zygote64: option[24]=-Ximage-compiler-option
01-01 00:00:25.182 686 686 W audiohalservice: Could not register soundtrigger API 2.0, 2.1 nor 2.2
01-01 00:00:25.182 678 678 I zygote64: option[25]=--profile-file=/system/etc/boot-image.prof
01-01 00:00:25.182 678 678 I zygote64: option[26]=-Ximage-compiler-option
01-01 00:00:25.182 678 678 I zygote64: option[27]=--compiler-filter=speed-profile
01-01 00:00:25.182 678 678 I zygote64: option[28]=-Xcompiler-option
01-01 00:00:25.182 678 678 I zygote64: option[29]=--runtime-arg
01-01 00:00:25.182 678 678 I zygote64: option[30]=-Xcompiler-option
01-01 00:00:25.182 678 678 I zygote64: option[31]=-Xms64m
01-01 00:00:25.182 678 678 I zygote64: option[32]=-Xcompiler-option
01-01 00:00:25.182 678 678 I zygote64: option[33]=--runtime-arg
01-01 00:00:25.182 678 678 I zygote64: option[34]=-Xcompiler-option
01-01 00:00:25.182 678 678 I zygote64: option[35]=-Xmx512m
01-01 00:00:25.182 678 678 I zygote64: option[36]=-Ximage-compiler-option
01-01 00:00:25.182 678 678 I zygote64: option[37]=--instruction-set-variant=cortex-a72
01-01 00:00:25.182 678 678 I zygote64: option[38]=-Xcompiler-option
01-01 00:00:25.182 678 678 I zygote64: option[39]=--instruction-set-variant=cortex-a72
01-01 00:00:25.182 678 678 I zygote64: option[40]=-Ximage-compiler-option
01-01 00:00:25.182 678 678 I zygote64: option[41]=--instruction-set-features=default
01-01 00:00:25.182 678 678 I zygote64: option[42]=-Xcompiler-option
01-01 00:00:25.183 678 678 I zygote64: option[43]=--instruction-set-features=default
01-01 00:00:25.183 678 678 I zygote64: option[44]=-Duser.locale=en-US
01-01 00:00:25.183 140 140 I hwservicemanager: getTransport: Cannot find entry android.hardware.bluetooth.audio@2.0::IBluetoothAudioProvidersFactory/default in either framework or device manifest.
01-01 00:00:25.183 678 678 I zygote64: option[45]=--cpu-abilist=arm64-v8a
01-01 00:00:25.183 678 678 I zygote64: option[46]=-Xcompiler-option
01-01 00:00:25.183 678 678 I zygote64: option[47]=--generate-mini-debug-info
01-01 00:00:25.183 678 678 I zygote64: option[48]=-Xcore-platform-api-policy:just-warn
01-01 00:00:25.183 678 678 I zygote64: option[49]=-Xfingerprint:Raspberry/omni_rpi4/rpi4:10/QKQ1.190716.003/1910071200:userdebug/release-keys
01-01 00:00:25.183 686 686 E audiohalservice: Could not get passthrough implementation for android.hardware.bluetooth.audio@2.0::IBluetoothAudioProvidersFactory/default.
01-01 00:00:25.183 686 686 W audiohalservice: Could not register Bluetooth Audio API 2.0
01-01 00:00:25.184 140 140 I hwservicemanager: getTransport: Cannot find entry android.hardware.bluetooth.a2dp@1.0::IBluetoothAudioOffload/default in either framework or device manifest.
01-01 00:00:25.185 686 686 E audiohalservice: Could not get passthrough implementation for android.hardware.bluetooth.a2dp@1.0::IBluetoothAudioOffload/default.
01-01 00:00:25.185 686 686 W audiohalservice: Could not register Bluetooth audio offload 1.0
01-01 00:00:25.189 678 678 I zygote64: Core platform API reporting enabled, enforcing=false
01-01 00:00:25.490 679 679 D ICU : Time zone APEX file found: /apex/com.android.tzdata/etc/icu/icu_tzdata.dat
01-01 00:00:25.524 678 678 D ICU : Time zone APEX file found: /apex/com.android.tzdata/etc/icu/icu_tzdata.dat
01-01 00:00:25.560 681 681 I cameraserver: ServiceManager: 0xf76231a0
01-01 00:00:25.560 681 681 I CameraService: CameraService started (pid=681)
01-01 00:00:25.560 681 681 I CameraService: CameraService process starting
01-01 00:00:25.560 681 681 W BatteryNotifier: batterystats service unavailable!
01-01 00:00:25.560 681 681 W BatteryNotifier: batterystats service unavailable!
01-01 00:00:25.580 679 679 W zygote : JNI RegisterNativeMethods: attempt to register 0 native methods for android.media.AudioAttributes
01-01 00:00:25.597 681 681 I : Waiting for activity service
01-01 00:00:25.599 679 679 I zygote : Explicit concurrent copying GC freed 302(38KB) AllocSpace objects, 0(0B) LOS objects, 98% free, 25KB/1561KB, paused 165us total 10.615ms
01-01 00:00:25.600 678 678 W zygote64: JNI RegisterNativeMethods: attempt to register 0 native methods for android.media.AudioAttributes
01-01 00:00:25.606 678 678 D Zygote : begin preload
01-01 00:00:25.606 678 678 I Zygote : Calling ZygoteHooks.beginPreload()
01-01 00:00:25.609 679 679 I zygote : Explicit concurrent copying GC freed 5(32KB) AllocSpace objects, 0(0B) LOS objects, 98% free, 25KB/1561KB, paused 116us total 8.686ms
01-01 00:00:25.609 679 679 D Zygote32Timing: PostZygoteInitGC took to complete: 20ms
01-01 00:00:25.609 679 679 D Zygote32Timing: ZygoteInit took to complete: 21ms
01-01 00:00:25.620 679 679 I Zygote : Accepting command socket connections
01-01 00:00:25.622 678 678 D Zygote64Timing: BeginPreload took to complete: 16ms
01-01 00:00:25.623 678 678 I Zygote : Preloading classes...
01-01 00:00:25.625 678 678 W Zygote : Class not found for preloading: android.app.-$$Lambda$ActivityThread$ZXDWm3IBeFmLnFVblhB-IOZCr9o
01-01 00:00:25.718 678 678 W Zygote : Class not found for preloading: android.bluetooth.BluetoothA2dp$2
01-01 00:00:25.719 680 680 I FastMixerState: sMaxFastTracks = 8
01-01 00:00:25.726 680 680 V MediaUtils: physMem: 8188407808
01-01 00:00:25.726 678 678 I PackageBackwardCompatibility: Could not find android.content.pm.AndroidTestBaseUpdater, ignoring
01-01 00:00:25.726 680 680 V MediaUtils: requested limit: 536870912
01-01 00:00:25.727 680 680 I libc : malloc_limit: Allocation limit enabled, max size 536870912 bytes
01-01 00:00:25.728 680 680 I audioserver: ServiceManager: 0x71816cfdc0
01-01 00:00:25.728 680 680 W BatteryNotifier: batterystats service unavailable!
01-01 00:00:25.730 140 140 I hwservicemanager: getTransport: Cannot find entry android.hardware.audio@5.0::IDevicesFactory/default in either framework or device manifest.
01-01 00:00:25.730 683 683 I netd : Setting up StrictController hooks: 626.2ms
01-01 00:00:25.730 683 683 E ClatdController: Cannot determine initial API level of the device.
01-01 00:00:25.730 683 683 I ClatdController: 4.9+ kernel and device shipped with Q+ - clat ebpf should work.
01-01 00:00:25.731 683 683 I netd : Initializing ClatdController: 0.4ms
01-01 00:00:25.734 683 683 I netd : Initializing traffic control: 3.1ms
01-01 00:00:25.737 684 684 I SurfaceFlinger: Using HWComposer service: 'default'
01-01 00:00:25.737 684 684 I SurfaceFlinger: SurfaceFlinger is starting
01-01 00:00:25.740 140 140 I hwservicemanager: getTransport: Cannot find entry android.hardware.audio@4.0::IDevicesFactory/default in either framework or device manifest.
01-01 00:00:25.744 684 684 I SurfaceFlinger: Treble testing override: 'false'
01-01 00:00:25.745 684 684 W SurfaceFlinger: Unable to open libdolphin.so: dlopen failed: library "libdolphin.so" not found.
01-01 00:00:25.745 684 684 E SurfaceFlinger: Unable to open libframeextension.so: dlopen failed: library "libframeextension.so" not found.
01-01 00:00:25.750 683 683 I netd : Enabling bandwidth control: 15.9ms
01-01 00:00:25.755 683 683 E Netd : Error adding route 0.0.0.0/0 -> (null) dummy0 to table 1002: File exists
01-01 00:00:25.755 683 683 I netd : Initializing RouteController: 5.5ms
01-01 00:00:25.756 683 683 D XfrmController: XfrmController::ipSecAddXfrmInterface, line=1379
01-01 00:00:25.761 683 683 D XfrmController: XfrmController::ipSecRemoveTunnelInterface, line=1592
01-01 00:00:25.761 683 683 D XfrmController: deviceName=ipsec_test
01-01 00:00:25.780 684 684 I SurfaceFlinger: SurfaceFlinger's main thread ready to run. Initializing graphics H/W...
01-01 00:00:25.780 684 684 I SurfaceFlinger: Phase offset NS: 1000000
01-01 00:00:25.781 140 140 I hwservicemanager: getTransport: Cannot find entry android.hardware.audio.effect@5.0::IEffectsFactory/default in either framework or device manifest.
01-01 00:00:25.783 684 684 W SurfaceFlinger: Unable to open libdolphin.so: dlopen failed: library "libdolphin.so" not found.
01-01 00:00:25.784 684 715 W SurfaceFlinger: Ignoring VSYNC request while display is disconnected
01-01 00:00:25.785 684 684 W SurfaceFlinger: Unable to open libdolphin.so: dlopen failed: library "libdolphin.so" not found.
01-01 00:00:25.785 684 715 W SurfaceFlinger: Ignoring VSYNC request while display is disconnected
01-01 00:00:25.785 684 684 W SurfaceFlinger: Unable to open libdolphin.so: dlopen failed: library "libdolphin.so" not found.
01-01 00:00:25.786 684 717 W SurfaceFlinger: Ignoring VSYNC request while display is disconnected
01-01 00:00:25.786 684 684 W SurfaceFlinger: Unable to open libdolphin.so: dlopen failed: library "libdolphin.so" not found.
01-01 00:00:25.787 684 717 W SurfaceFlinger: Ignoring VSYNC request while display is disconnected
01-01 00:00:25.787 684 684 D RenderEngine: RenderEngine GLES Backend
01-01 00:00:25.793 140 140 I hwservicemanager: getTransport: Cannot find entry android.hardware.audio.effect@4.0::IEffectsFactory/default in either framework or device manifest.
01-01 00:00:25.797 680 680 I AudioFlinger: Using default 3000 mSec as standby time.
01-01 00:00:25.799 680 680 E APM::Serializer: deserialize: Could not parse /odm/etc/audio_policy_configuration.xml document.
01-01 00:00:25.800 680 680 E APM::Serializer: deserialize: Could not parse /vendor/etc/audio/audio_policy_configuration.xml document.
01-01 00:00:25.804 683 683 D XfrmController: Sending Netlink XFRM Message: XFRM_MSG_FLUSHSA
01-01 00:00:25.815 683 683 I netd : type=1400 audit(0.0:61): avc: denied { write } for name="tasks" dev="tmpfs" ino=1391 scontext=u:r:netd:s0 tcontext=u:object_r:device:s0 tclass=file permissive=1
01-01 00:00:25.815 683 683 I netd : type=1400 audit(0.0:62): avc: denied { open } for path="/dev/stune/foreground/tasks" dev="tmpfs" ino=1391 scontext=u:r:netd:s0 tcontext=u:object_r:device:s0 tclass=file permissive=1
01-01 00:00:25.804 683 683 D XfrmController: Sending Netlink XFRM Message: XFRM_MSG_FLUSHPOLICY
01-01 00:00:25.804 683 683 I netd : Initializing XfrmController: 49.2ms
01-01 00:00:25.808 683 683 I libnetd_resolv: resolv_init: Initializing resolver
01-01 00:00:25.810 683 683 D MDnsDS : MDnsSdListener::Hander starting up
01-01 00:00:25.811 683 683 I netd : Registering NetdNativeService: 0.4ms
01-01 00:00:25.813 684 684 D libEGL : loaded /vendor/lib64/egl/libEGL_swiftshader.so
01-01 00:00:25.814 683 683 I ServiceManagement: Registered android.system.net.netd@1.1::INetd/default (start delay of 1204ms)
01-01 00:00:25.815 683 683 I netd : Registering NetdHwService: 3.6ms
01-01 00:00:25.815 683 683 I netd : Netd started in 929ms
01-01 00:00:25.821 683 737 D MDnsDS : MDnsSdListener starting to monitor
01-01 00:00:25.821 683 737 D MDnsDS : Going to poll with pollCount 1
01-01 00:00:25.833 680 680 E APM::AudioPolicyEngine/Config: parse: Could not parse document /vendor/etc/audio_policy_engine_configuration.xml
01-01 00:00:25.833 680 680 W APM::AudioPolicyEngine/Base: loadAudioPolicyEngineConfig: No configuration found, using default matching phone experience.
01-01 00:00:25.833 680 680 E APM::AudioPolicyEngine/Config: parseLegacyVolumeFile: Could not parse document /odm/etc/audio_policy_configuration.xml
01-01 00:00:25.854 686 686 D audio_hw_primary: mixer 0 name HDMI Playback Volume
01-01 00:00:25.854 686 686 D audio_hw_primary: mixer 1 name HDMI Playback Switch
01-01 00:00:25.856 686 686 W DeviceHAL: Error from HAL Device in function get_master_volume: Function not implemented
01-01 00:00:25.857 686 686 W DeviceHAL: Error from HAL Device in function get_master_mute: Function not implemented
01-01 00:00:25.857 686 686 W DeviceHAL: Error from HAL Device in function set_master_volume: Function not implemented
01-01 00:00:25.858 686 686 W DeviceHAL: Error from HAL Device in function set_master_mute: Function not implemented
01-01 00:00:25.858 680 680 I AudioFlinger: loadHwModule() Loaded primary audio interface, handle 10
01-01 00:00:25.859 680 680 I AudioFlinger: openOutput() this 0x71816da600, module 10 Device 0x2, SamplingRate 48000, Format 0x000001, Channels 0x3, flags 0x2
01-01 00:00:25.862 680 680 I AudioFlinger: HAL output buffer size 480 frames, normal sink buffer size 960 frames
01-01 00:00:25.863 140 140 I hwservicemanager: getTransport: Cannot find entry android.hardware.audio.effect@5.0::IEffectsFactory/default in either framework or device manifest.
01-01 00:00:25.865 140 140 I hwservicemanager: getTransport: Cannot find entry android.hardware.audio.effect@4.0::IEffectsFactory/default in either framework or device manifest.
01-01 00:00:25.867 684 684 D libEGL : loaded /vendor/lib64/egl/libGLESv1_CM_swiftshader.so
01-01 00:00:25.870 686 686 E EffectsConfig: Could not parse effect configuration in any of the default locations.
01-01 00:00:25.870 686 686 E EffectsFactoryConfigLoader: Failed to parse XML configuration file
01-01 00:00:25.870 686 686 W EffectsFactory: Failed to load XML effect configuration, fallback to .conf
01-01 00:00:25.875 684 684 D libEGL : loaded /vendor/lib64/egl/libGLESv2_swiftshader.so
01-01 00:00:25.881 680 680 I BufferProvider: found effect "Multichannel Downmix To Stereo" from The Android Open Source Project
01-01 00:00:25.883 680 680 I AudioFlinger: Using module 10 as the primary audio interface
01-01 00:00:25.889 680 747 I AudioFlinger: AudioFlinger's thread 0x7181780ec0 tid=747 ready to run
01-01 00:00:25.890 680 747 W AudioFlinger: no wake lock to update, system not ready yet
01-01 00:00:25.891 680 747 W AudioFlinger: no wake lock to update, system not ready yet
01-01 00:00:25.895 686 686 W DeviceHAL: Error from HAL Device in function set_voice_volume: Function not implemented
01-01 00:00:25.896 680 680 W AudioFlinger: moveEffects() bad srcOutput 0
01-01 00:00:25.927 684 684 I RenderEngine: EGL information:
01-01 00:00:25.927 684 684 I RenderEngine: vendor : Android
01-01 00:00:25.927 684 684 I RenderEngine: version : 1.4 Android META-EGL
01-01 00:00:25.927 684 684 I RenderEngine: extensions: EGL_KHR_get_all_proc_addresses EGL_ANDROID_presentation_time EGL_KHR_swap_buffers_with_damage EGL_ANDROID_get_native_client_buffer EGL_ANDROID_front_buffer_auto_refresh EGL_ANDROID_get_frame_timestamps EGL_EXT_surface_SMPTE2086_metadata EGL_EXT_surface_CTA861_3_metadata EGL_KHR_image_base EGL_KHR_gl_texture_2D_image EGL_KHR_gl_texture_cubemap_image EGL_KHR_gl_renderbuffer_image EGL_KHR_fence_sync EGL_KHR_create_context EGL_KHR_surfaceless_context EGL_ANDROID_recordable
01-01 00:00:25.927 684 684 I RenderEngine: Client API: OpenGL_ES
01-01 00:00:25.927 684 684 I RenderEngine: EGLSurface: 8-8-8-8, config=0x2f
01-01 00:00:25.932 680 680 E APM_AudioPolicyManager: initialize: Input device list is empty!
01-01 00:00:25.944 680 680 I bt_a2dp_hw: adev_open: adev_open in A2dp_hw module
01-01 00:00:25.944 680 680 I AudioFlinger: loadHwModule() Loaded a2dp audio interface, handle 18
01-01 00:00:25.944 680 680 E APM_AudioPolicyManager: initialize: Input device list is empty!
01-01 00:00:25.950 686 693 W DeviceHAL: Error from HAL Device in function set_master_volume: Function not implemented
01-01 00:00:25.951 680 680 I AudioFlinger: loadHwModule() Loaded usb audio interface, handle 26
01-01 00:00:25.951 680 680 E APM_AudioPolicyManager: initialize: Input device list is empty!
01-01 00:00:25.953 684 684 I RenderEngine: OpenGL ES informations:
01-01 00:00:25.953 684 684 I RenderEngine: vendor : Google Inc.
01-01 00:00:25.953 684 684 I RenderEngine: renderer : Google SwiftShader
01-01 00:00:25.953 684 684 I RenderEngine: version : OpenGL ES 3.0 SwiftShader 4.1.0.5
01-01 00:00:25.953 684 684 I RenderEngine: extensions: GL_EXT_debug_marker GL_OES_compressed_ETC1_RGB8_texture GL_OES_depth24 GL_OES_depth32 GL_OES_depth_texture GL_OES_depth_texture_cube_map GL_OES_EGL_image GL_OES_EGL_image_external GL_OES_EGL_image_external_essl3 GL_OES_EGL_sync GL_OES_element_index_uint GL_OES_fbo_render_mipmap GL_OES_framebuffer_object GL_OES_packed_depth_stencil GL_OES_rgb8_rgba8 GL_OES_standard_derivatives GL_OES_surfaceless_context GL_OES_texture_float GL_OES_texture_float_linear GL_OES_texture_half_float GL_OES_texture_half_float_linear GL_OES_texture_npot GL_OES_texture_3D GL_OES_vertex_array_object GL_OES_vertex_half_float GL_EXT_blend_minmax GL_EXT_color_buffer_float GL_EXT_color_buffer_half_float GL_EXT_draw_buffers GL_EXT_instanced_arrays GL_EXT_occlusion_query_boolean GL_EXT_read_format_bgra GL_EXT_texture_compression_dxt1 GL_EXT_texture_filter_anisotropic GL_EXT_texture_format_BGRA8888 GL_EXT_texture_rg GL_ARB_texture_rectangle GL_ANGLE_framebuffer_blit GL_ANGLE_framebuffer_multisample GL_ANGLE_instanced_arrays GL_ANG
01-01 00:00:25.953 684 684 I RenderEngine: GL_MAX_TEXTURE_SIZE = 8192
01-01 00:00:25.953 684 684 I RenderEngine: GL_MAX_VIEWPORT_DIMS = 8192
01-01 00:00:25.955 686 693 I r_submix: adev_open(name=audio_hw_if)
01-01 00:00:25.957 686 693 I r_submix: adev_init_check()
01-01 00:00:25.957 686 693 W DeviceHAL: Error from HAL Device in function set_master_volume: Function not implemented
01-01 00:00:25.958 140 140 I hwservicemanager: getTransport: Cannot find entry android.hardware.graphics.mapper@3.0::IMapper/default in either framework or device manifest.
01-01 00:00:25.958 686 693 W DeviceHAL: Error from HAL Device in function set_master_mute: Function not implemented
01-01 00:00:25.958 191 240 D ComposerHal: failed to get mapper 3.0 service, falling back to mapper 2.0
01-01 00:00:25.958 680 680 I AudioFlinger: loadHwModule() Loaded r_submix audio interface, handle 34
01-01 00:00:25.958 686 693 D r_submix: adev_open_input_stream(addr=0)
01-01 00:00:25.958 686 693 D r_submix: submix_audio_device_create_pipe_l(addr=0, idx=9)
01-01 00:00:25.958 686 693 D r_submix: now using address 0 for route 9
01-01 00:00:25.963 140 140 I hwservicemanager: getTransport: Cannot find entry vendor.display.config@1.16::IDisplayConfig/default in either framework or device manifest.
01-01 00:00:25.965 684 684 I HWComposer: Switching to legacy multi-display mode
01-01 00:00:25.966 140 140 I hwservicemanager: getTransport: Cannot find entry vendor.display.config@1.12::IDisplayConfig/default in either framework or device manifest.
01-01 00:00:25.967 680 751 I AudioFlinger: AudioFlinger's thread 0x718185a680 tid=751 ready to run
01-01 00:00:25.968 686 693 I r_submix: in_standby()
01-01 00:00:25.969 680 751 W AudioFlinger: no wake lock to update, system not ready yet
01-01 00:00:25.969 140 140 I hwservicemanager: getTransport: Cannot find entry vendor.display.config@1.7::IDisplayConfig/default in either framework or device manifest.
01-01 00:00:25.970 686 693 I r_submix: in_standby()
01-01 00:00:25.970 140 140 I hwservicemanager: getTransport: Cannot find entry vendor.display.config@1.9::IDisplayConfig/default in either framework or device manifest.
01-01 00:00:25.971 680 751 W AudioFlinger: no wake lock to update, system not ready yet
01-01 00:00:25.972 686 693 D r_submix: adev_close_input_stream()
01-01 00:00:25.972 686 693 D r_submix: submix_audio_device_release_pipe_l(idx=9) addr=0
01-01 00:00:25.972 686 693 D r_submix: submix_audio_device_destroy_pipe_l(): pipe destroyed
01-01 00:00:25.973 680 680 E EffectsConfig: Could not parse effect configuration in any of the default locations.
01-01 00:00:25.973 680 680 W AudioPolicyEffects: Failed to load XML effect configuration, fallback to .conf
01-01 00:00:25.974 680 680 I : Waiting for activity service
01-01 00:00:25.996 682 682 I mediaserver: ServiceManager: 0xf05232a0
01-01 00:00:25.997 682 682 W BatteryNotifier: batterystats service unavailable!
01-01 00:00:25.997 682 682 W BatteryNotifier: batterystats service unavailable!
01-01 00:00:26.145 678 678 E ActivityRecognitionHardware: activity_recognition HAL is deprecated. class_init is effectively a no-op
01-01 00:00:26.226 678 678 I zygote64: Thread[1,tid=678,Native,Thread*=0x73682d3c00,peer=0x12c02220,"main"] recursive attempt to load library "libmedia_jni.so"
01-01 00:00:26.226 678 678 D MtpDeviceJNI: register_android_mtp_MtpDevice
01-01 00:00:26.227 678 678 I zygote64: Thread[1,tid=678,Native,Thread*=0x73682d3c00,peer=0x12c02220,"main"] recursive attempt to load library "libmedia_jni.so"
01-01 00:00:26.227 678 678 I zygote64: Thread[1,tid=678,Native,Thread*=0x73682d3c00,peer=0x12c02220,"main"] recursive attempt to load library "libmedia_jni.so"
01-01 00:00:26.245 678 678 W Zygote : Class not found for preloading: android.media.audiopolicy.AudioProductStrategies
01-01 00:00:26.245 678 678 W Zygote : Class not found for preloading: android.media.audiopolicy.AudioVolumeGroups
01-01 00:00:26.406 678 678 W Zygote : Class not found for preloading: android.view.-$$Lambda$SurfaceView$Cs7TGTdA1lXf9qW8VOJAfEsMjdk
01-01 00:00:26.414 678 678 W Zygote : Class not found for preloading: android.view.SurfaceView$3
01-01 00:00:26.420 678 678 W Zygote : Class not found for preloading: android.view.textclassifier.-$$Lambda$TextClassificationManager$JIaezIJbMig_-kVzN6oArzkTsJE
01-01 00:00:26.441 678 678 W Zygote : Class not found for preloading: com.android.internal.net.NetworkStatsFactory
01-01 00:00:26.449 678 678 W Zygote : Class not found for preloading: com.android.internal.telephony.-$$Lambda$PhoneSubInfoController$8HFbCDJDN1mrLJG980qYH5MGqMk
01-01 00:00:26.449 678 678 W Zygote : Class not found for preloading: com.android.internal.telephony.-$$Lambda$PhoneSubInfoController$U28a_EGx2cvmQhDfRRgonMt5Zrc
01-01 00:00:26.450 678 678 W Zygote : Class not found for preloading: com.android.internal.telephony.-$$Lambda$SubscriptionInfoUpdater$-zZXM9oMRZ3vZz7dJOG19J00Bmw
01-01 00:00:26.450 678 678 W Zygote : Class not found for preloading: com.android.internal.telephony.-$$Lambda$SubscriptionInfoUpdater$D5yF1HbS4cvCyoAj3FESkPtA_0g
01-01 00:00:26.450 678 678 W Zygote : Class not found for preloading: com.android.internal.telephony.-$$Lambda$SubscriptionInfoUpdater$MMx9iQX0JVqqMPLTUZhdBubFSzU
01-01 00:00:26.453 678 678 W Zygote : Class not found for preloading: com.android.internal.telephony.GsmCdmaPhone$3
01-01 00:00:26.455 678 678 W Zygote : Class not found for preloading: com.android.internal.telephony.NewNitzStateMachine$1
01-01 00:00:26.456 678 678 W Zygote : Class not found for preloading: com.android.internal.telephony.NewNitzStateMachine
01-01 00:00:26.456 678 678 W Zygote : Class not found for preloading: com.android.internal.telephony.NewTimeServiceHelper$1
01-01 00:00:26.456 678 678 W Zygote : Class not found for preloading: com.android.internal.telephony.NewTimeServiceHelper$Listener
01-01 00:00:26.456 678 678 W Zygote : Class not found for preloading: com.android.internal.telephony.NewTimeServiceHelper
01-01 00:00:26.457 678 678 W Zygote : Class not found for preloading: com.android.internal.telephony.PhoneConfigurationModels
01-01 00:00:26.459 678 678 W Zygote : Class not found for preloading: com.android.internal.telephony.SubscriptionController$ScLocalLog
01-01 00:00:26.460 678 678 W Zygote : Class not found for preloading: com.android.internal.telephony.UiccSmsController
01-01 00:00:26.462 678 678 W Zygote : Class not found for preloading: com.android.internal.telephony.dataconnection.DcController$2
01-01 00:00:26.464 678 678 W Zygote : Class not found for preloading: com.android.internal.telephony.imsphone.-$$Lambda$ImsPhoneCallTracker$QlPVd_3u4_verjHUDnkn6zaSe54
01-01 00:00:26.464 678 678 W Zygote : Class not found for preloading: com.android.internal.telephony.imsphone.ImsPhone$3
01-01 00:00:26.545 678 678 I Zygote : ...preloaded 7579 classes in 922ms.
01-01 00:00:26.545 678 678 I zygote64: VMRuntime.preloadDexCaches starting
01-01 00:00:26.559 684 684 D RenderEngine: shader cache generated - 48 shaders in 588.283752 ms
01-01 00:00:26.560 684 684 E SurfaceFlinger: Failed to create composer extension
01-01 00:00:26.565 684 684 I ServiceManagement: Registered android.frameworks.displayservice@1.0::IDisplayService/default (start delay of 1945ms)
01-01 00:00:26.565 684 684 D SurfaceFlinger: Setting power mode 2 on display 0
01-01 00:00:26.566 684 684 D SurfaceFlinger: Finished setting power mode 2 on display 0
01-01 00:00:26.632 678 678 I zygote64: VMRuntime.preloadDexCaches strings total=382902 before=9989 after=9989
01-01 00:00:26.633 678 678 I zygote64: VMRuntime.preloadDexCaches types total=36037 before=7232 after=7500
01-01 00:00:26.633 678 678 I zygote64: VMRuntime.preloadDexCaches fields total=162246 before=8020 after=8221
01-01 00:00:26.633 678 678 I zygote64: VMRuntime.preloadDexCaches methods total=283379 before=10936 after=11368
01-01 00:00:26.633 678 678 I zygote64: VMRuntime.preloadDexCaches finished
01-01 00:00:26.633 678 678 D Zygote64Timing: PreloadClasses took to complete: 1011ms
01-01 00:00:26.636 678 678 I zygote64: The ClassLoaderContext is a special shared library.
01-01 00:00:26.638 678 678 D ApplicationLoaders: Created zygote-cached class loader: /system/framework/android.hidl.base-V1.0-java.jar
01-01 00:00:26.641 678 678 I zygote64: The ClassLoaderContext is a special shared library.
01-01 00:00:26.643 678 678 D ApplicationLoaders: Created zygote-cached class loader: /system/framework/android.hidl.manager-V1.0-java.jar
