01-01 00:00:26.643 678 678 D Zygote64Timing: CacheNonBootClasspathClassLoaders took to complete: 10ms
01-01 00:00:26.825 678 678 I Zygote : Preloading resources...
01-01 00:00:26.843 678 678 W Resources: Preloaded drawable resource #0x108027d (android:drawable/dialog_background_material) that varies with configuration!!
01-01 00:00:26.882 678 678 I Zygote : ...preloaded 64 resources in 57ms.
01-01 00:00:26.893 678 678 I Zygote : ...preloaded 41 resources in 11ms.
01-01 00:00:26.893 678 678 D Zygote64Timing: PreloadResources took to complete: 250ms
01-01 00:00:26.933 678 678 D libEGL : loaded /vendor/lib64/egl/libEGL_swiftshader.so
01-01 00:00:26.973 678 678 D libEGL : loaded /vendor/lib64/egl/libGLESv1_CM_swiftshader.so
01-01 00:00:26.982 678 678 D libEGL : loaded /vendor/lib64/egl/libGLESv2_swiftshader.so
01-01 00:00:27.033 678 678 I Zygote : Preloading shared libraries...
01-01 00:00:27.044 678 678 I Zygote : Called ZygoteHooks.endPreload()
01-01 00:00:27.045 678 678 I Zygote : Installed AndroidKeyStoreProvider in 1ms.
01-01 00:00:27.061 678 678 I Zygote : Warmed up JCA providers in 16ms.
01-01 00:00:27.061 678 678 D Zygote : end preload
01-01 00:00:27.061 678 678 D Zygote64Timing: ZygotePreload took to complete: 1455ms
01-01 00:00:27.126 678 678 I zygote64: Explicit concurrent copying GC freed 63536(3536KB) AllocSpace objects, 17(408KB) LOS objects, 49% free, 2566KB/5132KB, paused 114us total 64.975ms
01-01 00:00:27.161 755 755 D BootAnimation: BootAnimationStartTiming start time: 27161ms
01-01 00:00:27.161 755 755 D BootAnimation: BootAnimationPreloadTiming start time: 27161ms
01-01 00:00:27.172 755 755 D BootAnimation: BootAnimationPreloadStopTiming start time: 27172ms
01-01 00:00:27.177 140 140 I hwservicemanager: getTransport: Cannot find entry android.hardware.graphics.mapper@3.0::IMapper/default in either framework or device manifest.
01-01 00:00:27.177 684 708 W Gralloc3: mapper 3.x is not supported
01-01 00:00:27.181 678 678 I zygote64: Explicit concurrent copying GC freed 6306(214KB) AllocSpace objects, 0(0B) LOS objects, 49% free, 2383KB/4767KB, paused 41us total 46.220ms
01-01 00:00:27.181 678 678 D Zygote64Timing: PostZygoteInitGC took to complete: 120ms
01-01 00:00:27.181 678 678 D Zygote64Timing: ZygoteInit took to complete: 1575ms
01-01 00:00:27.223 755 759 D libEGL : loaded /vendor/lib64/egl/libEGL_swiftshader.so
01-01 00:00:27.266 755 759 D libEGL : loaded /vendor/lib64/egl/libGLESv1_CM_swiftshader.so
01-01 00:00:27.276 755 759 D libEGL : loaded /vendor/lib64/egl/libGLESv2_swiftshader.so
01-01 00:00:27.310 678 678 D Zygote : Forked child process 760
01-01 00:00:27.310 678 678 I Zygote : System server process 760 has been created
01-01 00:00:27.313 760 760 I Zygote : seccomp disabled by setenforce 0
01-01 00:00:27.313 678 678 I Zygote : Accepting command socket connections
01-01 00:00:27.323 755 755 I BootAnimation: type=1400 audit(0.0:63): avc: denied { search } for name="graphics" dev="tmpfs" ino=11353 scontext=u:r:bootanim:s0 tcontext=u:object_r:graphics_device:s0 tclass=dir permissive=1
01-01 00:00:27.323 755 755 I BootAnimation: type=1400 audit(0.0:64): avc: denied { read } for name="fb0" dev="tmpfs" ino=11354 scontext=u:r:bootanim:s0 tcontext=u:object_r:graphics_device:s0 tclass=chr_file permissive=1
01-01 00:00:27.323 755 755 I BootAnimation: type=1400 audit(0.0:65): avc: denied { open } for path="/dev/graphics/fb0" dev="tmpfs" ino=11354 scontext=u:r:bootanim:s0 tcontext=u:object_r:graphics_device:s0 tclass=chr_file permissive=1
01-01 00:00:27.323 755 755 I BootAnimation: type=1400 audit(0.0:66): avc: denied { ioctl } for path="/dev/graphics/fb0" dev="tmpfs" ino=11354 ioctlcmd=0x4600 scontext=u:r:bootanim:s0 tcontext=u:object_r:graphics_device:s0 tclass=chr_file permissive=1
01-01 00:00:27.326 760 760 I system_server: The ClassLoaderContext is a special shared library.
01-01 00:00:27.352 755 759 D BootAnimation: BootAnimationShownTiming start time: 27352ms
01-01 00:00:27.433 760 760 I SystemServer: InitBeforeStartServices
01-01 00:00:27.438 760 760 W SystemServer: System clock is before 1970; setting to 1970.
01-01 00:00:27.439 760 760 I SystemServer: Entered the Android system server!
01-01 00:00:27.391 760 760 I chatty : uid=1000 system_server identical 2 lines
01-01 00:00:27.395 760 760 I system_server: The ClassLoaderContext is a special shared library.
01-01 00:00:27.729 760 760 E UsbAlsaJackDetectorJNI: Can't register UsbAlsaJackDetector native methods
01-01 00:00:27.746 760 760 D SystemServerTiming: InitBeforeStartServices took to complete: 313ms
01-01 00:00:27.746 760 760 I SystemServer: StartServices
01-01 00:00:27.747 760 760 I SystemServer: StartWatchdog
01-01 00:00:27.755 760 760 D SystemServerTiming: StartWatchdog took to complete: 8ms
01-01 00:00:27.755 760 760 I SystemServer: Reading configuration...
01-01 00:00:27.756 760 760 I SystemServer: ReadingSystemConfig
01-01 00:00:27.757 760 760 D SystemServerTiming: ReadingSystemConfig took to complete: 1ms
01-01 00:00:27.757 760 760 I SystemServer: StartInstaller
01-01 00:00:27.757 760 760 I SystemServiceManager: Starting com.android.server.pm.Installer
01-01 00:00:27.759 760 790 D SystemServerInitThreadPool: Started executing ReadingSystemConfig
01-01 00:00:27.761 760 760 D SystemServerTiming: StartInstaller took to complete: 4ms
01-01 00:00:27.761 760 760 I SystemServer: DeviceIdentifiersPolicyService
01-01 00:00:27.761 760 760 I SystemServiceManager: Starting com.android.server.os.DeviceIdentifiersPolicyService
01-01 00:00:27.761 760 760 D SystemServerTiming: DeviceIdentifiersPolicyService took to complete: 0ms
01-01 00:00:27.762 760 760 I SystemServer: UriGrantsManagerService
01-01 00:00:27.762 760 760 I SystemServiceManager: Starting com.android.server.uri.UriGrantsManagerService$Lifecycle
01-01 00:00:27.763 760 760 D SystemServerTiming: UriGrantsManagerService took to complete: 1ms
01-01 00:00:27.763 760 760 I SystemServer: StartActivityManager
01-01 00:00:27.763 760 760 I SystemServiceManager: Starting com.android.server.wm.ActivityTaskManagerService$Lifecycle
01-01 00:00:27.764 760 790 I SystemConfig: Non-xml file /system/etc/sysconfig/microg-a5k in /system/etc/sysconfig directory, ignoring
01-01 00:00:27.765 760 760 I SystemServiceManager: Starting com.android.server.am.ActivityManagerService$Lifecycle
01-01 00:00:27.770 760 760 I ActivityManager: Memory class: 80
01-01 00:00:27.786 760 760 D BatteryStatsImpl: Reading daily items from /data/system/batterystats-daily.xml
01-01 00:00:27.792 140 140 I hwservicemanager: getTransport: Cannot find entry android.hardware.power.stats@1.0::IPowerStats/default in either framework or device manifest.
01-01 00:00:27.793 140 140 I hwservicemanager: getTransport: Cannot find entry android.hardware.power@1.0::IPower/default in either framework or device manifest.
01-01 00:00:27.794 760 797 E BatteryStatsService: Unable to load Power.Stats.HAL. Setting rail availability to false
01-01 00:00:27.795 760 797 E BluetoothAdapter: Bluetooth binder is null
01-01 00:00:27.796 760 797 E BatteryExternalStatsWorker: no controller energy info supplied for telephony
01-01 00:00:27.802 760 797 E KernelCpuUidFreqTimeReader: Failed to read /proc/uid_time_in_state: java.nio.file.NoSuchFileException: /proc/uid_time_in_state
01-01 00:00:27.806 760 797 W KernelCpuProcStringReader: File not found. It's normal if not implemented: /proc/uid_time_in_state
01-01 00:00:27.807 760 797 W KernelCpuProcStringReader: File not found. It's normal if not implemented: /proc/uid_concurrent_active_time
01-01 00:00:27.807 760 797 W KernelCpuProcStringReader: File not found. It's normal if not implemented: /proc/uid_concurrent_policy_time
01-01 00:00:27.811 760 797 W KernelMemoryBandwidthStats: No kernel memory bandwidth stats available
01-01 00:00:27.812 140 140 I hwservicemanager: getTransport: Cannot find entry android.hardware.power.stats@1.0::IPowerStats/default in either framework or device manifest.
01-01 00:00:27.813 140 140 I hwservicemanager: getTransport: Cannot find entry android.hardware.power@1.0::IPower/default in either framework or device manifest.
01-01 00:00:27.814 760 797 E BatteryStatsService: Unable to load Power Hal or power.stats HAL
01-01 00:00:27.823 760 790 W SystemConfig: No directory /product/etc/sysconfig, skipping
01-01 00:00:27.837 760 790 W SystemConfig: No directory /product_services/etc/sysconfig, skipping
01-01 00:00:27.837 760 790 W SystemConfig: No directory /product_services/etc/permissions, skipping
01-01 00:00:27.837 760 790 D SystemServerInitThreadPool: Finished executing ReadingSystemConfig
01-01 00:00:27.923 760 760 I AppOps : No existing app ops /data/system/appops.xml; starting empty
01-01 00:00:27.925 760 760 I IntentFirewall: Read new rules (A:0 B:0 S:0)
01-01 00:00:27.923 760 760 I system_server: type=1400 audit(0.0:67): avc: denied { watch } for path="/data/system/ifw" dev="sda4" ino=120 scontext=u:r:system_server:s0 tcontext=u:object_r:system_data_file:s0 tclass=dir permissive=1
01-01 00:00:27.955 755 755 I BootAnimation: type=1400 audit(0.0:68): avc: denied { execmem } for scontext=u:r:bootanim:s0 tcontext=u:r:bootanim:s0 tclass=process permissive=1
01-01 00:00:28.006 760 760 D AppOps : AppOpsService published
01-01 00:00:28.007 760 760 D SystemServerTiming: StartActivityManager took to complete: 244ms
01-01 00:00:28.008 760 760 I SystemServer: StartPowerManager
01-01 00:00:28.008 760 760 I SystemServiceManager: Starting com.android.server.power.PowerManagerService
01-01 00:00:28.014 140 140 I hwservicemanager: getTransport: Cannot find entry android.hardware.power@1.0::IPower/default in either framework or device manifest.
01-01 00:00:28.014 760 760 I PowerManagerService-JNI: Couldn't load power HAL service
01-01 00:00:28.019 760 760 D SystemServerTiming: StartPowerManager took to complete: 11ms
01-01 00:00:28.019 760 760 I SystemServer: StartThermalManager
01-01 00:00:28.019 760 760 I SystemServiceManager: Starting com.android.server.power.ThermalManagerService
01-01 00:00:28.020 760 760 D SystemServerTiming: StartThermalManager took to complete: 1ms
01-01 00:00:28.021 760 760 I SystemServer: InitPowerManagement
01-01 00:00:28.022 760 760 D SystemServerTiming: InitPowerManagement took to complete: 1ms
01-01 00:00:28.022 760 760 I SystemServer: StartRecoverySystemService
01-01 00:00:28.022 760 760 I SystemServiceManager: Starting com.android.server.RecoverySystemService
01-01 00:00:28.023 760 760 D SystemServerTiming: StartRecoverySystemService took to complete: 1ms
01-01 00:00:28.024 760 760 V RescueParty: Disabled because of manual property
01-01 00:00:28.024 760 760 I SystemServer: StartLightsService
01-01 00:00:28.024 760 760 I SystemServiceManager: Starting com.android.server.lights.LightsService
01-01 00:00:28.034 760 760 D SystemServerTiming: StartLightsService took to complete: 10ms
01-01 00:00:28.034 760 760 I SystemServer: StartSidekickService
01-01 00:00:28.034 760 760 D SystemServerTiming: StartSidekickService took to complete: 0ms
01-01 00:00:28.034 760 760 I SystemServer: StartDisplayManager
01-01 00:00:28.035 760 760 I SystemServiceManager: Starting com.android.server.display.DisplayManagerService
01-01 00:00:28.039 760 760 D SystemServerTiming: StartDisplayManager took to complete: 5ms
01-01 00:00:28.039 760 760 I SystemServer: WaitForDisplay
01-01 00:00:28.039 760 760 I SystemServiceManager: Starting phase 100
01-01 00:00:28.046 760 786 I DisplayManagerService: Display device added: DisplayDeviceInfo{"Built-in Screen": uniqueId="local:0", 1824 x 984, modeId 1, defaultModeId 1, supportedModes [{id=1, width=1824, height=984, fps=60.000004}], colorMode 0, supportedColorModes [0], HdrCapabilities android.view.Display$HdrCapabilities@40f16308, density 180, 159.757 x 160.215 dpi, appVsyncOff 1000000, presDeadline 16666666, touch INTERNAL, rotation 0, type BUILT_IN, address {port=0}, state UNKNOWN, FLAG_DEFAULT_DISPLAY, FLAG_ROTATES_WITH_CONTENT, FLAG_SECURE, FLAG_SUPPORTS_PROTECTED_BUFFERS, FLAG_ROUND}
01-01 00:00:28.047 140 140 I hwservicemanager: getTransport: Cannot find entry vendor.display.config@1.7::IDisplayConfig/default in either framework or device manifest.
01-01 00:00:28.047 684 684 D SurfaceFlinger: Setting power mode 2 on display 0
01-01 00:00:28.049 140 140 I hwservicemanager: getTransport: Cannot find entry android.hardware.light@2.0::ILight/default in either framework or device manifest.
01-01 00:00:28.049 760 760 D SystemServerTiming: WaitForDisplay took to complete: 10ms
01-01 00:00:28.049 760 786 I DisplayManagerService: Display device changed state: "Built-in Screen", ON
01-01 00:00:28.050 760 760 I SystemServer: StartPackageManagerService
01-01 00:00:28.050 760 760 I Watchdog: Pausing HandlerChecker: main thread for reason: packagemanagermain. Pause count: 1
01-01 00:00:28.061 760 760 W FileUtils: Failed to chmod(/data/system/packages.list): android.system.ErrnoException: chmod failed: ENOENT (No such file or directory)
01-01 00:00:28.067 760 760 D SELinuxMMAC: Using policy file /system/etc/selinux/plat_mac_permissions.xml
01-01 00:00:28.071 760 760 D SELinuxMMAC: Using policy file /vendor/etc/selinux/vendor_mac_permissions.xml
01-01 00:00:28.075 760 760 D FallbackCategoryProvider: Found 1 fallback categories
01-01 00:00:28.076 760 760 I PackageManager: No settings file; creating initial state
01-01 00:00:28.082 760 760 D PackageManager: Keeping known cache 19fad6177e2fe2f707197b0498391789f468866f
01-01 00:00:28.082 760 760 W PackageManager: Wiping cache directory because the system partition changed.
01-01 00:00:28.098 760 760 D PackageManager: No files in app dir /vendor/overlay
01-01 00:00:28.112 760 760 I PackageManager: /system/product/overlay/EmptyProductOverlay changed; collecting certs
01-01 00:00:28.133 161 163 E apexd : Can't open /product/apex for reading : No such file or directory
01-01 00:00:28.146 760 760 D PackageManager: No files in app dir /product_services/overlay
01-01 00:00:28.146 760 760 D PackageManager: No files in app dir /odm/overlay
01-01 00:00:28.146 760 760 D PackageManager: No files in app dir /oem/overlay
01-01 00:00:28.159 760 760 I PackageManager: /system/overlay/NavigationBarModeGesturalNarrowBack changed; collecting certs
01-01 00:00:28.168 760 760 I PackageManager: /system/overlay/AccentColorSluttyPink changed; collecting certs
01-01 00:00:28.175 760 760 I PackageManager: /system/overlay/IconPackCircularAndroid changed; collecting certs
01-01 00:00:28.197 760 760 I PackageManager: /system/overlay/DisplayCutoutEmulationDouble changed; collecting certs
01-01 00:00:28.211 760 760 I PackageManager: /system/overlay/IconPackRoundedSettings changed; collecting certs
01-01 00:00:28.222 760 760 I PackageManager: /system/overlay/PrimaryColorDarkGreen changed; collecting certs
01-01 00:00:28.236 760 760 I PackageManager: /system/overlay/PrimaryColorOmniBlack changed; collecting certs
01-01 00:00:28.242 760 760 I PackageManager: /system/overlay/FontNotoSerifSource changed; collecting certs
01-01 00:00:28.249 760 760 I PackageManager: /system/overlay/AccentColorGoldenShower changed; collecting certs
01-01 00:00:28.255 760 760 I PackageManager: /system/overlay/NavigationBarMode2Button changed; collecting certs
01-01 00:00:28.262 760 760 I PackageManager: /system/overlay/IconPackFilledSystemUI changed; collecting certs
01-01 00:00:28.268 760 760 I PackageManager: /system/overlay/AccentColorOmni changed; collecting certs
01-01 00:00:28.275 760 760 I PackageManager: /system/overlay/IconShapeSquircle changed; collecting certs
01-01 00:00:28.286 760 760 I PackageManager: /system/overlay/EmptyOverlay changed; collecting certs
01-01 00:00:28.295 760 760 I PackageManager: /system/overlay/AccentColorRedDevil changed; collecting certs
01-01 00:00:28.302 760 760 I PackageManager: /system/overlay/NavigationBarModeGesturalWideBack changed; collecting certs
01-01 00:00:28.311 760 760 I PackageManager: /system/overlay/IconPackCircularThemePicker changed; collecting certs
01-01 00:00:28.318 760 760 I PackageManager: /system/overlay/IconPackFilledThemePicker changed; collecting certs
01-01 00:00:28.328 760 760 I PackageManager: /system/overlay/AccentColorOcean changed; collecting certs
01-01 00:00:28.334 760 760 I PackageManager: /system/overlay/DisplayCutoutEmulationCorner changed; collecting certs
01-01 00:00:28.341 760 760 I PackageManager: /system/overlay/AccentColorBlack changed; collecting certs
01-01 00:00:28.347 760 760 I PackageManager: /system/overlay/IconPackFilledLauncher changed; collecting certs
01-01 00:00:28.354 760 760 I PackageManager: /system/overlay/IconPackCircularSystemUI changed; collecting certs
01-01 00:00:28.361 760 760 I PackageManager: /system/overlay/DisplayCutoutEmulationTall changed; collecting certs
01-01 00:00:28.367 760 760 I PackageManager: /system/overlay/AccentColorGreen changed; collecting certs
01-01 00:00:28.374 760 760 I PackageManager: /system/overlay/IconPackRoundedLauncher changed; collecting certs
01-01 00:00:28.381 760 760 I PackageManager: /system/overlay/FontLatoSource changed; collecting certs
01-01 00:00:28.388 760 760 I PackageManager: /system/overlay/NavigationBarModeGestural changed; collecting certs
01-01 00:00:28.394 760 760 I PackageManager: /system/overlay/AccentColorOrchid changed; collecting certs
01-01 00:00:28.402 760 760 I PackageManager: /system/overlay/AccentColorPurple changed; collecting certs
01-01 00:00:28.408 760 760 I PackageManager: /system/overlay/IconShapeTeardrop changed; collecting certs
01-01 00:00:28.415 760 760 I PackageManager: /system/overlay/IconPackFilledSettings changed; collecting certs
01-01 00:00:28.422 760 760 I PackageManager: /system/overlay/PrimaryColorDeepBlue changed; collecting certs
01-01 00:00:28.429 760 760 I PackageManager: /system/overlay/AccentColorBlueMonday changed; collecting certs
01-01 00:00:28.434 760 760 I PackageManager: /system/overlay/AccentColorSpace changed; collecting certs
01-01 00:00:28.439 760 760 I PackageManager: /system/overlay/IconPackCircularSettings changed; collecting certs
01-01 00:00:28.445 760 760 I PackageManager: /system/overlay/IconShapeCircle changed; collecting certs
01-01 00:00:28.451 760 760 I PackageManager: /system/overlay/IconShapeRoundedRect changed; collecting certs
01-01 00:00:28.455 760 760 I PackageManager: /system/overlay/FontMuliSource changed; collecting certs
01-01 00:00:28.460 760 760 I PackageManager: /system/overlay/AccentColorCinnamon changed; collecting certs
01-01 00:00:28.466 760 760 I PackageManager: /system/overlay/IconPackFilledAndroid changed; collecting certs
01-01 00:00:28.471 760 760 I PackageManager: /system/overlay/PrimaryColorDarkBlue changed; collecting certs
01-01 00:00:28.477 760 760 I PackageManager: /system/overlay/IconPackRoundedSystemUI changed; collecting certs
01-01 00:00:28.484 760 760 I PackageManager: /system/overlay/NavigationBarMode3Button changed; collecting certs
01-01 00:00:28.489 760 760 I PackageManager: /system/overlay/NavigationBarModeGesturalExtraWideBack changed; collecting certs
01-01 00:00:28.492 140 140 I hwservicemanager: getTransport: Cannot find entry android.hardware.graphics.allocator@3.0::IAllocator/default in either framework or device manifest.
01-01 00:00:28.493 684 708 W Gralloc3: allocator 3.x is not supported
01-01 00:00:28.494 760 760 I PackageManager: /system/overlay/IconPackRoundedAndroid changed; collecting certs
01-01 00:00:28.500 760 760 I PackageManager: /system/overlay/IconPackCircularLauncher changed; collecting certs
01-01 00:00:28.505 140 140 I hwservicemanager: getTransport: Cannot find entry android.hardware.graphics.mapper@3.0::IMapper/default in either framework or device manifest.
01-01 00:00:28.505 755 759 W Gralloc3: mapper 3.x is not supported
01-01 00:00:28.518 760 760 W PackageManager: Failed to parse /system/framework/arm64: Missing base APK in /system/framework/arm64
01-01 00:00:28.519 760 760 W PackageManager: Failed to parse /system/framework/oat: Missing base APK in /system/framework/oat
01-01 00:00:28.521 760 760 W PackageManager: Failed to parse /system/framework/arm: Missing base APK in /system/framework/arm
01-01 00:00:28.601 684 684 I SurfaceFlinger: Enter boot animation
01-01 00:00:28.602 140 140 I hwservicemanager: getTransport: Cannot find entry vendor.display.config@1.1::IDisplayConfig/default in either framework or device manifest.
01-01 00:00:28.630 760 810 I PackageParser: Parse times for '/system/framework/framework-res.apk': parse=93ms, update_cache=14 ms
01-01 00:00:28.631 760 760 I PackageManager: /system/framework/framework-res.apk changed; collecting certs
01-01 00:00:28.640 760 760 E PackageManager: Adding duplicate shared id: 1000 name=android
01-01 00:00:28.641 684 684 F libc : Fatal signal 11 (SIGSEGV), code 1 (SEGV_MAPERR), fault addr 0x762804e000 in tid 684 (surfaceflinger), pid 684 (surfaceflinger)
01-01 00:00:28.699 820 820 I crash_dump64: obtaining output fd from tombstoned, type: kDebuggerdTombstone
01-01 00:00:28.700 231 231 I /system/bin/tombstoned: received crash request for pid 684
01-01 00:00:28.701 820 820 I crash_dump64: performing dump of process 684 (target tid = 684)
01-01 00:00:28.704 760 760 I PackageManager: /system/priv-app/PermissionController changed; collecting certs
01-01 00:00:28.709 820 820 F DEBUG : *** *** *** *** *** *** *** *** *** *** *** *** *** *** *** ***
01-01 00:00:28.709 820 820 F DEBUG : Build fingerprint: 'Raspberry/omni_rpi4/rpi4:10/QKQ1.190716.003/1910071200:userdebug/release-keys'
01-01 00:00:28.709 820 820 F DEBUG : Revision: 'd03114'
01-01 00:00:28.709 820 820 F DEBUG : ABI: 'arm64'
01-01 00:00:28.711 820 820 F DEBUG : Timestamp: 1970-01-01 00:00:28+0000
01-01 00:00:28.711 820 820 F DEBUG : pid: 684, tid: 684, name: surfaceflinger >>> /system/bin/surfaceflinger <<<
01-01 00:00:28.711 820 820 F DEBUG : uid: 1000
01-01 00:00:28.711 820 820 F DEBUG : signal 11 (SIGSEGV), code 1 (SEGV_MAPERR), fault addr 0x762804e000
01-01 00:00:28.711 820 820 F DEBUG : x0 000000762804e000 x1 0000000000000000 x2 0000000000000720 x3 0000007980d1cc70
01-01 00:00:28.711 820 820 F DEBUG : x4 0000000000000000 x5 0000000000000720 x6 00000000000003d8 x7 0000007fcb836280
01-01 00:00:28.711 820 820 F DEBUG : x8 0000000000000720 x9 000000762804e010 x10 0000000000000720 x11 0000000000000015
01-01 00:00:28.711 820 820 F DEBUG : x12 000000798e6545c0 x13 312cabe5d6d6961b x14 0000000000000000 x15 0000000000000030
01-01 00:00:28.711 820 820 F DEBUG : x16 000000798dcb5950 x17 000000798dc44320 x18 000000798f8e2000 x19 0000007980ce3500
01-01 00:00:28.711 820 820 F DEBUG : x20 0000007fcb8363b0 x21 000000762804e000 x22 0000000000000000 x23 0000000000000064
01-01 00:00:28.711 820 820 F DEBUG : x24 000000000000006c x25 0000000000000000 x26 0000007982ef65a6 x27 0000007982f110a2
01-01 00:00:28.711 820 820 F DEBUG : x28 000000762804e000 x29 0000000000000000
01-01 00:00:28.711 820 820 F DEBUG : sp 0000007fcb8362c0 lr 00000079832bb874 pc 000000798327dd8c
01-01 00:00:28.719 760 760 I PackageManager: /system/priv-app/TelephonyProvider changed; collecting certs
01-01 00:00:28.741 760 760 E PackageManager: Adding duplicate shared id: 1001 name=com.android.providers.telephony
01-01 00:00:28.743 760 760 I PackageManager: /system/priv-app/VpnDialogs changed; collecting certs
01-01 00:00:28.759 760 760 I PackageManager: /system/priv-app/GmsCore changed; collecting certs
01-01 00:00:28.794 760 760 I PackageManager: New shared user android.media: id=10051
01-01 00:00:28.794 760 760 I PackageManager: /system/priv-app/MediaProvider changed; collecting certs
01-01 00:00:28.807 760 816 I PackageParser: Parse times for '/system/priv-app/TeleService': parse=110ms, update_cache=24 ms
01-01 00:00:28.808 760 760 E PackageManager: Adding duplicate app id: 10051 name=com.android.providers.media
01-01 00:00:28.826 760 760 I PackageManager: /system/priv-app/LocalTransport changed; collecting certs
01-01 00:00:28.849 760 760 E PackageManager: Adding duplicate shared id: 1000 name=com.android.localtransport
01-01 00:00:28.851 760 760 I PackageManager: /system/priv-app/DynamicSystemInstallationService changed; collecting certs
01-01 00:00:28.868 760 760 E PackageManager: Adding duplicate shared id: 1000 name=com.android.dynsystem
01-01 00:00:28.869 760 760 I PackageManager: /system/priv-app/SettingsProvider changed; collecting certs
01-01 00:00:28.880 760 760 E PackageManager: Adding duplicate shared id: 1000 name=com.android.providers.settings
01-01 00:00:28.882 760 760 I PackageManager: /system/priv-app/DownloadProviderUi changed; collecting certs
01-01 00:00:28.900 760 760 E PackageManager: Adding duplicate app id: 10051 name=com.android.providers.downloads.ui
01-01 00:00:28.912 760 760 I PackageManager: /system/priv-app/ThemePicker changed; collecting certs
01-01 00:00:28.928 760 760 I PackageManager: New shared user android.uid.calendar: id=10053
01-01 00:00:28.928 760 760 I PackageManager: /system/priv-app/CalendarProvider changed; collecting certs
01-01 00:00:28.934 760 819 W PackageParser: Ignoring duplicate uses-permissions/uses-permissions-sdk-m: android.permission.INSTALL_GRANT_RUNTIME_PERMISSIONS in package: com.android.shell at: Binary XML file line #127
01-01 00:00:28.942 760 760 E PackageManager: Adding duplicate app id: 10053 name=com.android.providers.calendar
01-01 00:00:28.944 760 760 I PackageManager: /system/priv-app/TeleService changed; collecting certs
01-01 00:00:28.950 760 760 E PackageManager: Adding duplicate shared id: 1001 name=com.android.phone
01-01 00:00:28.953 760 760 I PackageManager: /system/priv-app/AuroraStore changed; collecting certs
01-01 00:00:28.979 820 820 F DEBUG :
01-01 00:00:28.979 820 820 F DEBUG : backtrace:
01-01 00:00:28.979 820 820 F DEBUG : #00 pc 000000000046ed8c /vendor/lib64/egl/libGLESv2_swiftshader.so (sw::clear(unsigned int*, unsigned int, unsigned long)+36) (BuildId: 043b9d9a663e1002807fd7ee42340fb7)
01-01 00:00:28.979 820 820 F DEBUG : #01 pc 00000000004ac870 /vendor/lib64/egl/libGLESv2_swiftshader.so (sw::Blitter::fastClear(void*, sw::Format, sw::Surface*, sw::SliceRectT const&, unsigned int)+848) (BuildId: 043b9d9a663e1002807fd7ee42340fb7)
01-01 00:00:28.979 820 820 F DEBUG : #02 pc 00000000004ac464 /vendor/lib64/egl/libGLESv2_swiftshader.so (sw::Blitter::clear(void*, sw::Format, sw::Surface*, sw::SliceRectT const&, unsigned int)+60) (BuildId: 043b9d9a663e1002807fd7ee42340fb7)
01-01 00:00:28.979 820 820 F DEBUG : #03 pc 000000000049ccb8 /vendor/lib64/egl/libGLESv2_swiftshader.so (sw::Renderer::clear(void*, sw::Format, sw::Surface*, sw::RectT const&, unsigned int)+40) (BuildId: 043b9d9a663e1002807fd7ee42340fb7)
01-01 00:00:28.980 820 820 F DEBUG : #04 pc 00000000003fa4a8 /vendor/lib64/egl/libGLESv2_swiftshader.so (es2::Device::clearColor(float, float, float, float, unsigned int)+208) (BuildId: 043b9d9a663e1002807fd7ee42340fb7)
01-01 00:00:28.980 820 820 F DEBUG : #05 pc 00000000003f5d4c /vendor/lib64/egl/libGLESv2_swiftshader.so (es2::Context::clear(unsigned int)+188) (BuildId: 043b9d9a663e1002807fd7ee42340fb7)
01-01 00:00:28.980 820 820 F DEBUG : #06 pc 00000000003ff794 /vendor/lib64/egl/libGLESv2_swiftshader.so (gl::Clear(unsigned int)+100) (BuildId: 043b9d9a663e1002807fd7ee42340fb7)
01-01 00:00:28.980 820 820 F DEBUG : #07 pc 000000000012642c /system/lib64/libsurfaceflinger.so (android::renderengine::gl::GLESRenderEngine::clearWithColor(float, float, float, float)+100) (BuildId: 4f96534f5e65507697582d47eb972b19)
01-01 00:00:28.980 820 820 F DEBUG : #08 pc 0000000000128048 /system/lib64/libsurfaceflinger.so (android::renderengine::gl::GLESRenderEngine::drawLayers(android::renderengine::DisplaySettings const&, std::__1::vector> const&, ANativeWindowBuffer*, bool, android::base::unique_fd_impl&&, android::base::unique_fd_impl*)+504) (BuildId: 4f96534f5e65507697582d47eb972b19)
01-01 00:00:28.980 820 820 F DEBUG : #09 pc 00000000000e4880 /system/lib64/libsurfaceflinger.so (android::SurfaceFlinger::doComposeSurfaces(android::sp const&, android::Region const&, android::base::unique_fd_impl*)+4552) (BuildId: 4f96534f5e65507697582d47eb972b19)
01-01 00:00:28.980 820 820 F DEBUG : #10 pc 00000000000e0580 /system/lib64/libsurfaceflinger.so (android::SurfaceFlinger::handleMessageRefresh()+3232) (BuildId: 4f96534f5e65507697582d47eb972b19)
01-01 00:00:28.980 820 820 F DEBUG : #11 pc 00000000000df650 /system/lib64/libsurfaceflinger.so (android::SurfaceFlinger::onMessageReceived(int)+10016) (BuildId: 4f96534f5e65507697582d47eb972b19)
01-01 00:00:28.981 820 820 F DEBUG : #12 pc 0000000000017dfc /system/lib64/libutils.so (android::Looper::pollInner(int)+332) (BuildId: c86d46eeaacfed7a211e91a3841ad05d)
01-01 00:00:28.981 820 820 F DEBUG : #13 pc 0000000000017c10 /system/lib64/libutils.so (android::Looper::pollOnce(int, int*, int*, void**)+56) (BuildId: c86d46eeaacfed7a211e91a3841ad05d)
01-01 00:00:28.981 820 820 F DEBUG : #14 pc 00000000000ccf2c /system/lib64/libsurfaceflinger.so (android::impl::MessageQueue::waitMessage()+92) (BuildId: 4f96534f5e65507697582d47eb972b19)
01-01 00:00:28.981 820 820 F DEBUG : #15 pc 00000000000dbe1c /system/lib64/libsurfaceflinger.so (android::SurfaceFlinger::run()+20) (BuildId: 4f96534f5e65507697582d47eb972b19)
01-01 00:00:28.981 820 820 F DEBUG : #16 pc 0000000000003370 /system/bin/surfaceflinger (main+800) (BuildId: 9210356d1fe78f4557eeabdbe0cd5936)
01-01 00:00:28.981 820 820 F DEBUG : #17 pc 000000000007d844 /apex/com.android.runtime/lib64/bionic/libc.so (__libc_init+108) (BuildId: 642696a9594fbdd90f9aeb0bb5d31eb5)
01-01 00:00:29.127 760 760 I PackageManager: /system/priv-app/NetworkStack changed; collecting certs
01-01 00:00:29.141 760 760 E PackageManager: Adding duplicate shared id: 1073 name=com.android.networkstack
01-01 00:00:29.143 760 760 I PackageManager: /system/priv-app/PackageInstaller changed; collecting certs
01-01 00:00:29.150 760 760 I PackageManager: /system/priv-app/MmsService changed; collecting certs
01-01 00:00:29.156 760 760 E PackageManager: Adding duplicate shared id: 1001 name=com.android.mms.service
01-01 00:00:29.158 760 760 I PackageManager: New shared user android.uid.shared: id=10056
01-01 00:00:29.158 760 760 I PackageManager: /system/priv-app/UserDictionaryProvider changed; collecting certs
01-01 00:00:29.164 760 760 E PackageManager: Adding duplicate app id: 10056 name=com.android.providers.userdictionary
01-01 00:00:29.168 760 760 I PackageManager: /system/priv-app/StatementService changed; collecting certs
01-01 00:00:29.175 760 760 I PackageManager: /system/priv-app/ProxyHandler changed; collecting certs
01-01 00:00:29.180 760 760 I PackageManager: /system/priv-app/CtsShimPrivPrebuilt changed; collecting certs
01-01 00:00:29.196 760 760 I PackageManager: /system/priv-app/ExternalStorageProvider changed; collecting certs
01-01 00:00:29.202 760 760 I PackageManager: /system/priv-app/ManagedProvisioning changed; collecting certs
01-01 00:00:29.214 760 760 I PackageManager: /system/priv-app/Telecom changed; collecting certs
01-01 00:00:29.220 760 760 E PackageManager: Adding duplicate shared id: 1000 name=com.android.server.telecom
01-01 00:00:29.222 760 760 I PackageManager: /system/priv-app/DownloadProvider changed; collecting certs
01-01 00:00:29.228 760 760 E PackageManager: Adding duplicate app id: 10051 name=com.android.providers.downloads
01-01 00:00:29.230 760 760 I PackageManager: /system/priv-app/ExtServices changed; collecting certs
01-01 00:00:29.239 760 760 I PackageManager: /system/priv-app/Shell changed; collecting certs
01-01 00:00:29.245 760 760 E PackageManager: Adding duplicate shared id: 2000 name=com.android.shell
01-01 00:00:29.249 760 760 I PackageManager: /system/priv-app/NetworkPermissionConfig changed; collecting certs
01-01 00:00:29.259 760 760 E PackageManager: Adding duplicate shared id: 1073 name=com.android.networkstack.permissionconfig
01-01 00:00:29.261 760 760 I PackageManager: /system/priv-app/MatLog changed; collecting certs
01-01 00:00:29.280 760 760 I PackageManager: /system/priv-app/SharedStorageBackup changed; collecting certs
01-01 00:00:29.293 760 760 I PackageManager: /system/priv-app/InputDevices changed; collecting certs
01-01 00:00:29.305 760 818 I PackageParser: Parse times for '/system/priv-app/AuroraServices': parse=123ms, update_cache=12 ms
01-01 00:00:29.316 760 760 E PackageManager: Adding duplicate shared id: 1000 name=com.android.inputdevices
01-01 00:00:29.318 760 760 I PackageManager: /system/priv-app/FakeStore changed; collecting certs
01-01 00:00:29.325 820 820 E crash_dump64: unable to connect to activity manager: No such file or directory
01-01 00:00:29.325 231 231 E /system/bin/tombstoned: Tombstone written to: /data/tombstones/tombstone_03
01-01 00:00:29.330 760 760 I PackageManager: /system/priv-app/BlockedNumberProvider changed; collecting certs
01-01 00:00:29.342 760 786 E DisplayEventDispatcher: Display event receiver pipe was closed or an error occurred. events=0x9
01-01 00:00:29.343 760 778 W SurfaceComposerClient: ComposerService remote (surfaceflinger) died [0x73682fcb60]
01-01 00:00:29.343 138 138 I ServiceManager: service 'SurfaceFlinger' died
01-01 00:00:29.343 191 191 D ComposerHal: destroying composer client
01-01 00:00:29.343 191 191 W ComposerHal: destroying client resources for display 0
01-01 00:00:29.343 191 191 W ComposerHal: performing a final presentDisplay
01-01 00:00:29.343 191 191 D ComposerHal: removed composer client
01-01 00:00:29.343 760 760 E PackageManager: Adding duplicate app id: 10056 name=com.android.providers.blockednumber
01-01 00:00:29.343 755 755 W SurfaceComposerClient: ComposerService remote (surfaceflinger) died [0x7c5c90a3c0]
01-01 00:00:29.343 755 755 D BootAnimation: SurfaceFlinger died, exiting...
01-01 00:00:29.346 760 760 I PackageManager: /system/priv-app/MusicFX changed; collecting certs
01-01 00:00:29.351 760 760 I PackageManager: /system/priv-app/MtpDocumentsProvider changed; collecting certs
01-01 00:00:29.357 760 760 E PackageManager: Adding duplicate app id: 10051 name=com.android.mtp
01-01 00:00:29.359 760 760 I PackageManager: /system/priv-app/DocumentsUI changed; collecting certs
01-01 00:00:29.365 760 760 I PackageManager: /system/priv-app/AuroraServices changed; collecting certs
01-01 00:00:29.513 138 138 I ServiceManager: service 'recovery' died
01-01 00:00:29.513 138 138 I ServiceManager: service 'display' died
01-01 00:00:29.513 138 138 I ServiceManager: service 'device_identifiers' died
01-01 00:00:29.513 138 138 I ServiceManager: service 'uri_grants' died
01-01 00:00:29.513 138 138 I ServiceManager: service 'activity_task' died
01-01 00:00:29.513 138 138 I ServiceManager: service 'batterystats' died
01-01 00:00:29.513 138 138 I ServiceManager: service 'appops' died
01-01 00:00:29.513 138 138 I ServiceManager: service 'power' died
01-01 00:00:29.513 138 138 I ServiceManager: service 'thermalservice' died
01-01 00:00:29.559 138 138 I ServiceManager: service 'media.audio_flinger' died
01-01 00:00:29.559 686 686 I r_submix: adev_close()
01-01 00:00:29.580 138 138 I ServiceManager: service 'media.player' died
01-01 00:00:29.580 138 138 I ServiceManager: service 'media.resource_manager' died
01-01 00:00:29.592 138 138 I ServiceManager: service 'dnsresolver' died
01-01 00:00:29.592 138 138 I ServiceManager: service 'netd' died
01-01 00:00:29.644 138 138 I ServiceManager: service 'wificond' died
01-01 00:00:29.889 835 835 I netdClient: Skipping libnetd_client init since *we* are netd
01-01 00:00:29.903 835 835 I netd : netd 1.0 starting
01-01 00:00:29.918 835 835 I Netd : Loaded resolver library from /apex/com.android.resolv/lib64/libnetd_resolv.so
01-01 00:00:29.919 835 835 D TetherController: Setting IP forward enable = 0
01-01 00:00:30.039 837 837 I wificond: wificond is starting up...
01-01 00:00:30.119 835 835 I netd : Creating child chains: 157.7ms
01-01 00:00:30.119 835 835 I netd : Setting up OEM hooks: 0.3ms
01-01 00:00:30.119 835 835 I netd : Setting up FirewallController hooks: 0.1ms
01-01 00:00:30.138 835 835 I netd : Setting up TetherController hooks: 18.9ms
01-01 00:00:30.156 835 835 I netd : Setting up BandwidthController hooks: 18.0ms
01-01 00:00:30.156 835 835 I netd : Setting up IdletimerController hooks: 0.2ms
01-01 00:00:30.221 831 831 D AndroidRuntime: >>>>>> START com.android.internal.os.ZygoteInit uid 0 <<<<<<
01-01 00:00:30.233 831 831 I AndroidRuntime: Using default boot image
01-01 00:00:30.234 831 831 I AndroidRuntime: Leaving lock profiling enabled
01-01 00:00:30.237 831 831 I zygote : option[0]=-Xzygote
01-01 00:00:30.237 831 831 I zygote : option[1]=exit
01-01 00:00:30.238 831 831 I zygote : option[2]=vfprintf
01-01 00:00:30.238 831 831 I zygote : option[3]=sensitiveThread
01-01 00:00:30.238 831 831 I zygote : option[4]=-verbose:gc
01-01 00:00:30.238 831 831 I zygote : option[5]=-Xms8m
01-01 00:00:30.238 831 831 I zygote : option[6]=-Xmx384m
01-01 00:00:30.238 831 831 I zygote : option[7]=-XX:HeapGrowthLimit=80m
01-01 00:00:30.238 831 831 I zygote : option[8]=-XX:HeapMinFree=512k
01-01 00:00:30.238 831 831 I zygote : option[9]=-XX:HeapMaxFree=8m
01-01 00:00:30.238 831 831 I zygote : option[10]=-XX:HeapTargetUtilization=0.75
01-01 00:00:30.238 831 831 I zygote : option[11]=-Xusejit:true
01-01 00:00:30.238 831 831 I zygote : option[12]=-Xjitsaveprofilinginfo
01-01 00:00:30.238 831 831 I zygote : option[13]=-XjdwpOptions:suspend=n,server=y
01-01 00:00:30.238 831 831 I zygote : option[14]=-XjdwpProvider:default
01-01 00:00:30.238 831 831 I zygote : option[15]=-Xlockprofthreshold:500
01-01 00:00:30.238 831 831 I zygote : option[16]=-Ximage-compiler-option
01-01 00:00:30.238 831 831 I zygote : option[17]=--runtime-arg
01-01 00:00:30.238 831 831 I zygote : option[18]=-Ximage-compiler-option
01-01 00:00:30.238 831 831 I zygote : option[19]=-Xms64m
01-01 00:00:30.238 831 831 I zygote : option[20]=-Ximage-compiler-option
01-01 00:00:30.238 831 831 I zygote : option[21]=--runtime-arg
01-01 00:00:30.238 831 831 I zygote : option[22]=-Ximage-compiler-option
01-01 00:00:30.238 831 831 I zygote : option[23]=-Xmx64m
01-01 00:00:30.238 831 831 I zygote : option[24]=-Ximage-compiler-option
01-01 00:00:30.238 831 831 I zygote : option[25]=--profile-file=/system/etc/boot-image.prof
01-01 00:00:30.238 831 831 I zygote : option[26]=-Ximage-compiler-option
01-01 00:00:30.238 831 831 I zygote : option[27]=--compiler-filter=speed-profile
01-01 00:00:30.239 831 831 I zygote : option[28]=-Xcompiler-option
01-01 00:00:30.239 831 831 I zygote : option[29]=--runtime-arg
01-01 00:00:30.239 831 831 I zygote : option[30]=-Xcompiler-option
01-01 00:00:30.239 831 831 I zygote : option[31]=-Xms64m
01-01 00:00:30.239 830 830 D AndroidRuntime: >>>>>> START com.android.internal.os.ZygoteInit uid 0 <<<<<<
01-01 00:00:30.239 831 831 I zygote : option[32]=-Xcompiler-option
01-01 00:00:30.239 831 831 I zygote : option[33]=--runtime-arg
01-01 00:00:30.239 831 831 I zygote : option[34]=-Xcompiler-option
01-01 00:00:30.239 831 831 I zygote : option[35]=-Xmx512m
01-01 00:00:30.239 831 831 I zygote : option[36]=-Ximage-compiler-option
01-01 00:00:30.239 831 831 I zygote : option[37]=--instruction-set-variant=cortex-a72
01-01 00:00:30.239 831 831 I zygote : option[38]=-Xcompiler-option
01-01 00:00:30.239 831 831 I zygote : option[39]=--instruction-set-variant=cortex-a72
01-01 00:00:30.239 831 831 I zygote : option[40]=-Ximage-compiler-option
01-01 00:00:30.239 831 831 I zygote : option[41]=--instruction-set-features=default
01-01 00:00:30.239 831 831 I zygote : option[42]=-Xcompiler-option
01-01 00:00:30.239 831 831 I zygote : option[43]=--instruction-set-features=default
01-01 00:00:30.239 831 831 I zygote : option[44]=-Duser.locale=en-US
01-01 00:00:30.239 831 831 I zygote : option[45]=--cpu-abilist=armeabi-v7a,armeabi
01-01 00:00:30.239 831 831 I zygote : option[46]=-Xcompiler-option
01-01 00:00:30.239 831 831 I zygote : option[47]=--generate-mini-debug-info
01-01 00:00:30.239 831 831 I zygote : option[48]=-Xcore-platform-api-policy:just-warn
01-01 00:00:30.239 831 831 I zygote : option[49]=-Xfingerprint:Raspberry/omni_rpi4/rpi4:10/QKQ1.190716.003/1910071200:userdebug/release-keys
01-01 00:00:30.246 831 831 I zygote : Core platform API reporting enabled, enforcing=false
01-01 00:00:30.253 830 830 I AndroidRuntime: Using default boot image
01-01 00:00:30.253 830 830 I AndroidRuntime: Leaving lock profiling enabled
01-01 00:00:30.257 830 830 I zygote64: option[0]=-Xzygote
01-01 00:00:30.257 830 830 I zygote64: option[1]=exit
01-01 00:00:30.257 830 830 I zygote64: option[2]=vfprintf
01-01 00:00:30.257 830 830 I zygote64: option[3]=sensitiveThread
01-01 00:00:30.257 830 830 I zygote64: option[4]=-verbose:gc
01-01 00:00:30.257 830 830 I zygote64: option[5]=-Xms8m
01-01 00:00:30.257 830 830 I zygote64: option[6]=-Xmx384m
01-01 00:00:30.257 830 830 I zygote64: option[7]=-XX:HeapGrowthLimit=80m
01-01 00:00:30.257 830 830 I zygote64: option[8]=-XX:HeapMinFree=512k
01-01 00:00:30.257 830 830 I zygote64: option[9]=-XX:HeapMaxFree=8m
01-01 00:00:30.257 830 830 I zygote64: option[10]=-XX:HeapTargetUtilization=0.75
01-01 00:00:30.257 830 830 I zygote64: option[11]=-Xusejit:true
01-01 00:00:30.257 830 830 I zygote64: option[12]=-Xjitsaveprofilinginfo
01-01 00:00:30.257 830 830 I zygote64: option[13]=-XjdwpOptions:suspend=n,server=y
01-01 00:00:30.257 830 830 I zygote64: option[14]=-XjdwpProvider:default
01-01 00:00:30.258 830 830 I zygote64: option[15]=-Xlockprofthreshold:500
01-01 00:00:30.258 830 830 I zygote64: option[16]=-Ximage-compiler-option
01-01 00:00:30.258 830 830 I zygote64: option[17]=--runtime-arg
01-01 00:00:30.258 830 830 I zygote64: option[18]=-Ximage-compiler-option
01-01 00:00:30.258 830 830 I zygote64: option[19]=-Xms64m
01-01 00:00:30.258 830 830 I zygote64: option[20]=-Ximage-compiler-option
01-01 00:00:30.258 830 830 I zygote64: option[21]=--runtime-arg
01-01 00:00:30.258 830 830 I zygote64: option[22]=-Ximage-compiler-option
01-01 00:00:30.258 830 830 I zygote64: option[23]=-Xmx64m
01-01 00:00:30.258 830 830 I zygote64: option[24]=-Ximage-compiler-option
01-01 00:00:30.258 830 830 I zygote64: option[25]=--profile-file=/system/etc/boot-image.prof
01-01 00:00:30.258 830 830 I zygote64: option[26]=-Ximage-compiler-option
01-01 00:00:30.258 830 830 I zygote64: option[27]=--compiler-filter=speed-profile
01-01 00:00:30.258 830 830 I zygote64: option[28]=-Xcompiler-option
01-01 00:00:30.258 830 830 I zygote64: option[29]=--runtime-arg
01-01 00:00:30.258 830 830 I zygote64: option[30]=-Xcompiler-option
01-01 00:00:30.258 830 830 I zygote64: option[31]=-Xms64m
01-01 00:00:30.258 830 830 I zygote64: option[32]=-Xcompiler-option
01-01 00:00:30.258 830 830 I zygote64: option[33]=--runtime-arg
01-01 00:00:30.258 830 830 I zygote64: option[34]=-Xcompiler-option
01-01 00:00:30.258 830 830 I zygote64: option[35]=-Xmx512m
01-01 00:00:30.258 830 830 I zygote64: option[36]=-Ximage-compiler-option
01-01 00:00:30.258 830 830 I zygote64: option[37]=--instruction-set-variant=cortex-a72
01-01 00:00:30.258 830 830 I zygote64: option[38]=-Xcompiler-option
01-01 00:00:30.258 830 830 I zygote64: option[39]=--instruction-set-variant=cortex-a72
01-01 00:00:30.258 830 830 I zygote64: option[40]=-Ximage-compiler-option
01-01 00:00:30.258 830 830 I zygote64: option[41]=--instruction-set-features=default
01-01 00:00:30.258 830 830 I zygote64: option[42]=-Xcompiler-option
01-01 00:00:30.259 830 830 I zygote64: option[43]=--instruction-set-features=default
01-01 00:00:30.259 830 830 I zygote64: option[44]=-Duser.locale=en-US
01-01 00:00:30.259 830 830 I zygote64: option[45]=--cpu-abilist=arm64-v8a
01-01 00:00:30.259 830 830 I zygote64: option[46]=-Xcompiler-option
01-01 00:00:30.259 830 830 I zygote64: option[47]=--generate-mini-debug-info
01-01 00:00:30.259 830 830 I zygote64: option[48]=-Xcore-platform-api-policy:just-warn
01-01 00:00:30.259 830 830 I zygote64: option[49]=-Xfingerprint:Raspberry/omni_rpi4/rpi4:10/QKQ1.190716.003/1910071200:userdebug/release-keys
01-01 00:00:30.265 830 830 I zygote64: Core platform API reporting enabled, enforcing=false
01-01 00:00:30.274 140 140 I hwservicemanager: getTransport: Cannot find entry android.hardware.audio@5.0::IDevicesFactory/default in either framework or device manifest.
01-01 00:00:30.296 838 838 E audiohalservice: Could not get passthrough implementation for android.hardware.audio@5.0::IDevicesFactory/default.
01-01 00:00:30.298 140 140 I hwservicemanager: getTransport: Cannot find entry android.hardware.audio@4.0::IDevicesFactory/default in either framework or device manifest.
01-01 00:00:30.298 838 838 E audiohalservice: Could not get passthrough implementation for android.hardware.audio@4.0::IDevicesFactory/default.
01-01 00:00:30.331 838 838 I ServiceManagement: Registered android.hardware.audio@2.0::IDevicesFactory/default (start delay of 611ms)
01-01 00:00:30.331 838 838 I ServiceManagement: Removing namespace from process name android.hardware.audio@2.0-service to audio@2.0-service.
01-01 00:00:30.332 838 838 I audiohalservice: Registration complete for android.hardware.audio@2.0::IDevicesFactory/default.
01-01 00:00:30.345 140 140 I hwservicemanager: getTransport: Cannot find entry android.hardware.audio.effect@5.0::IEffectsFactory/default in either framework or device manifest.
01-01 00:00:30.345 838 838 E audiohalservice: Could not get passthrough implementation for android.hardware.audio.effect@5.0::IEffectsFactory/default.
01-01 00:00:30.356 140 140 I hwservicemanager: getTransport: Cannot find entry android.hardware.audio.effect@4.0::IEffectsFactory/default in either framework or device manifest.
01-01 00:00:30.357 838 838 E audiohalservice: Could not get passthrough implementation for android.hardware.audio.effect@4.0::IEffectsFactory/default.
01-01 00:00:30.470 836 836 I SurfaceFlinger: Using HWComposer service: 'default'
01-01 00:00:30.470 836 836 I SurfaceFlinger: SurfaceFlinger is starting
01-01 00:00:30.474 836 836 I SurfaceFlinger: Treble testing override: 'false'
01-01 00:00:30.474 836 836 W SurfaceFlinger: Unable to open libdolphin.so: dlopen failed: library "libdolphin.so" not found.
01-01 00:00:30.475 836 836 E SurfaceFlinger: Unable to open libframeextension.so: dlopen failed: library "libframeextension.so" not found.
01-01 00:00:30.492 838 838 I ServiceManagement: Registered android.hardware.audio.effect@2.0::IEffectsFactory/default (start delay of 772ms)
01-01 00:00:30.492 838 838 I audiohalservice: Registration complete for android.hardware.audio.effect@2.0::IEffectsFactory/default.
01-01 00:00:30.493 140 140 I hwservicemanager: getTransport: Cannot find entry android.hardware.soundtrigger@2.2::ISoundTriggerHw/default in either framework or device manifest.
01-01 00:00:30.496 838 838 E audiohalservice: Could not get passthrough implementation for android.hardware.soundtrigger@2.2::ISoundTriggerHw/default.
01-01 00:00:30.497 140 140 I hwservicemanager: getTransport: Cannot find entry android.hardware.soundtrigger@2.1::ISoundTriggerHw/default in either framework or device manifest.
01-01 00:00:30.500 838 838 E audiohalservice: Could not get passthrough implementation for android.hardware.soundtrigger@2.1::ISoundTriggerHw/default.
01-01 00:00:30.501 140 140 I hwservicemanager: getTransport: Cannot find entry android.hardware.soundtrigger@2.0::ISoundTriggerHw/default in either framework or device manifest.
01-01 00:00:30.504 838 838 E audiohalservice: Could not get passthrough implementation for android.hardware.soundtrigger@2.0::ISoundTriggerHw/default.
01-01 00:00:30.504 838 838 W audiohalservice: Could not register soundtrigger API 2.0, 2.1 nor 2.2
01-01 00:00:30.505 140 140 I hwservicemanager: getTransport: Cannot find entry android.hardware.bluetooth.audio@2.0::IBluetoothAudioProvidersFactory/default in either framework or device manifest.
01-01 00:00:30.508 838 838 E audiohalservice: Could not get passthrough implementation for android.hardware.bluetooth.audio@2.0::IBluetoothAudioProvidersFactory/default.
01-01 00:00:30.508 838 838 W audiohalservice: Could not register Bluetooth Audio API 2.0
01-01 00:00:30.509 140 140 I hwservicemanager: getTransport: Cannot find entry android.hardware.bluetooth.a2dp@1.0::IBluetoothAudioOffload/default in either framework or device manifest.
01-01 00:00:30.509 838 838 E audiohalservice: Could not get passthrough implementation for android.hardware.bluetooth.a2dp@1.0::IBluetoothAudioOffload/default.
01-01 00:00:30.509 838 838 W audiohalservice: Could not register Bluetooth audio offload 1.0
01-01 00:00:30.552 836 836 I SurfaceFlinger: SurfaceFlinger's main thread ready to run. Initializing graphics H/W...
01-01 00:00:30.552 836 836 I SurfaceFlinger: Phase offset NS: 1000000
01-01 00:00:30.554 836 836 W SurfaceFlinger: Unable to open libdolphin.so: dlopen failed: library "libdolphin.so" not found.
01-01 00:00:30.554 836 850 W SurfaceFlinger: Ignoring VSYNC request while display is disconnected
01-01 00:00:30.555 836 836 W SurfaceFlinger: Unable to open libdolphin.so: dlopen failed: library "libdolphin.so" not found.
01-01 00:00:30.555 836 850 W SurfaceFlinger: Ignoring VSYNC request while display is disconnected
01-01 00:00:30.556 836 836 W SurfaceFlinger: Unable to open libdolphin.so: dlopen failed: library "libdolphin.so" not found.
01-01 00:00:30.557 836 851 W SurfaceFlinger: Ignoring VSYNC request while display is disconnected
01-01 00:00:30.557 836 836 W SurfaceFlinger: Unable to open libdolphin.so: dlopen failed: library "libdolphin.so" not found.
01-01 00:00:30.557 836 851 W SurfaceFlinger: Ignoring VSYNC request while display is disconnected
01-01 00:00:30.558 836 836 D RenderEngine: RenderEngine GLES Backend
01-01 00:00:30.576 831 831 D ICU : Time zone APEX file found: /apex/com.android.tzdata/etc/icu/icu_tzdata.dat
01-01 00:00:30.582 836 836 D libEGL : loaded /vendor/lib64/egl/libEGL_swiftshader.so
01-01 00:00:30.605 830 830 D ICU : Time zone APEX file found: /apex/com.android.tzdata/etc/icu/icu_tzdata.dat
01-01 00:00:30.627 836 836 D libEGL : loaded /vendor/lib64/egl/libGLESv1_CM_swiftshader.so
