10-30 15:33:20.512 707 1839 D InputReader: Input event(4): value=1 when=58444979084000
10-30 15:33:20.512 707 1839 I InputReader: Touch event's action is 0x0 (deviceType=0) [pCnt=1, s=0.4367 ] when=58444979084000
10-30 15:33:20.513 707 1838 I InputDispatcher: Delivering touch to (2027): action: 0x4, toolType: 1
10-30 15:33:20.514 707 1838 I InputDispatcher: Delivering touch to (15296): action: 0x0, toolType: 1
10-30 15:33:20.514 15296 15296 D ViewRootImpl@4beb01a[Screen1]: ViewPostImeInputStage processPointer 0
10-30 15:33:20.566 707 1839 D InputReader: Input event(4): value=0 when=58445033711000
10-30 15:33:20.566 707 1839 I InputReader: Touch event's action is 0x1 (deviceType=0) [pCnt=1, s=] when=58445033711000
10-30 15:33:20.566 707 1838 I InputDispatcher: Delivering touch to (15296): action: 0x1, toolType: 1
10-30 15:33:20.566 15296 15296 D ViewRootImpl@4beb01a[Screen1]: ViewPostImeInputStage processPointer 1
10-30 15:33:20.586 15296 15421 E ClientSocketAI2Ext: ERROR_READ
10-30 15:33:20.586 15296 15421 E ClientSocketAI2Ext: java.net.SocketException: Socket closed
10-30 15:33:20.586 15296 15421 E ClientSocketAI2Ext: at java.net.SocketInputStream.read(SocketInputStream.java:186)
10-30 15:33:20.586 15296 15421 E ClientSocketAI2Ext: at java.net.SocketInputStream.read(SocketInputStream.java:120)
10-30 15:33:20.586 15296 15421 E ClientSocketAI2Ext: at java.net.SocketInputStream.read(SocketInputStream.java:106)
10-30 15:33:20.586 15296 15421 E ClientSocketAI2Ext: at com.gmail.at.moicjarod.ClientSocketAI2Ext$1.run(ClientSocketAI2Ext.java:193)
10-30 15:33:20.586 15296 15421 E ClientSocketAI2Ext: at java.lang.Thread.run(Thread.java:762)
10-30 15:33:20.586 15296 15421 E AndroidRuntime: FATAL EXCEPTION: Thread-5
10-30 15:33:20.586 15296 15421 E AndroidRuntime: Process: appinventor.ai_fmunoz.TestSocket, PID: 15296
10-30 15:33:20.586 15296 15421 E AndroidRuntime: com.google.appinventor.components.runtime.errors.YailRuntimeError: Connect error (read)Socket closed
10-30 15:33:20.586 15296 15421 E AndroidRuntime: at com.gmail.at.moicjarod.ClientSocketAI2Ext$1.run(ClientSocketAI2Ext.java:269)
10-30 15:33:20.586 15296 15421 E AndroidRuntime: at java.lang.Thread.run(Thread.java:762)
10-30 15:33:20.588 707 1920 D Debug : !@DumpState : SHIP
10-30 15:33:20.588 707 1920 D Debug : !@DumpState : debug level:0x4f4c
10-30 15:33:20.588 707 1920 D Debug : !@Dumpstate : Finally, system will skip dumpstate
10-30 15:33:20.589 707 1920 W ActivityManager: Force finishing activity appinventor.ai_fmunoz.TestSocket/.Screen1
10-30 15:33:20.589 707 1920 W MultiScreenManagerService: moveTaskBackToDisplayIfNeeded(): root is not base activity
10-30 15:33:20.592 707 1920 D ActivityManager: moveToFront() : reason=finishActivity adjustFocus setFocusedActivity isAttached=true TaskRecord{50c295ad0 #1618 I=com.sec.android.app.launcher/com.android.launcher3.Launcher U=0 StackId=0 sz=1}
10-30 15:33:20.593 707 1920 D ActivityManager: setFocusStackUnchecked: reason=finishActivity adjustFocus setFocusedActivity focusCandidate=ActivityStack{ab79ae2d0 stackId=0, 2 tasks} caller=com.android.server.am.ActivityStack.moveToFront:882 com.android.server.am.ActivityStackSupervisor.moveActivityStackToFront:2067
10-30 15:33:20.594 707 1920 W MultiScreenManagerService: moveTaskBackToDisplayIfNeeded(): root activity or app is null
10-30 15:33:20.601 707 707 D WifiTrafficPoller: notifyOnDataActivity() - mBusMaxLock.acquire()
10-30 15:33:20.604 707 1920 D WindowManager: [VIRTUALSCREEN] setFocused() :: mFocusedApp = AppWindowToken{8560991 token=Token{8fa87b8 ActivityRecord{5dd1a1bd0 u0 appinventor.ai_fmunoz.TestSocket/.Screen1 t1886}}}, newFocus = AppWindowToken{18a087c token=Token{752d36f ActivityRecord{572f64ed0 u0 com.sec.android.app.launcher/.activities.LauncherActivity t1618}}}
10-30 15:33:20.605 707 1920 D InputDispatcher: Focused application set to: xxxx
10-30 15:33:20.606 707 1920 D InputDispatcher: Focus left window: 15296
10-30 15:33:20.613 707 22318 D CustomFrequencyManagerService: acquireDVFSLockLocked : type : DVFS_MIN_LIMIT frequency : 1190400 uid : 1000 pid : 707 pkgName : AMS_APP_HOME@CPU_MIN@69
10-30 15:33:20.613 707 22318 D ActivityManagerPerformance: AMP_acquire() HOME
10-30 15:33:20.613 707 22318 E SemDvfsHintManager: mHintTimeout : 500
10-30 15:33:20.614 707 3415 D ActivityManagerPerformance: Received MSG_CFMS_HINT_AMS_HOME pkgName: com.sec.android.app.launcher
10-30 15:33:20.615 707 5451 D TelephonyManager: getAllCellInfo : Caller (PID / UID / TID): 707 / 1000 / 5451
10-30 15:33:20.622 15296 15296 D ViewRootImpl@4beb01a[Screen1]: MSG_WINDOW_FOCUS_CHANGED 0
10-30 15:33:20.624 15296 15296 I Form : Form Screen1 got onPause
10-30 15:33:20.626 707 744 D ScrollView: initGoToTop
10-30 15:33:20.632 707 3640 D ActivityManager: isCustomScaleDownAnimationAllowed() : false
10-30 15:33:20.632 707 3640 D ActivityManager: resumeTopActivityInnerLocked() : #0 prevTask=TaskRecord{ed212fad0 #1886 A=appinventor.ai_fmunoz.TestSocket U=0 StackId=1 sz=1} next=ActivityRecord{572f64ed0 u0 com.sec.android.app.launcher/.activities.LauncherActivity t1618} mFocusedStack=ActivityStack{ab79ae2d0 stackId=0, 2 tasks}
10-30 15:33:20.634 707 3640 D ActivityManager: applyOptionsLocked(), pendingOptions : null
10-30 15:33:20.641 707 3640 V WindowOrientationListener: OrientationSensorJudge.getProposedRotation, Rotation: 0
10-30 15:33:20.641 707 3640 V WindowOrientationListener: OrientationSensorJudge.getProposedRotation, Rotation: 0
10-30 15:33:20.641 707 3640 V WindowManager: rotationForOrientationLw(orient=5, last=0); user=0 sensorRotation=0 mLidState=-1 mDockMode=0 mHdmiPlugged=false
10-30 15:33:20.646 3583 3583 I Launcher: onWindowVisibilityChanged : false
10-30 15:33:20.647 3583 3583 D ViewRootImpl@e18394d[LauncherActivity]: mHardwareRenderer.destroy()#1
10-30 15:33:20.665 707 3553 V WindowManager: Relayout Window{229f3d0d0 u0 com.sec.android.app.launcher/com.sec.android.app.launcher.activities.LauncherActivity}: viewVisibility=4 req=720x1280 WM.LayoutParams{(0,0)(fillxfill) sim=#30 ty=1 fl=#81910d00 pfl=0x20000 fmt=-2 wanim=0x1030391 vsysui=0x700 needsMenuKey=2}
10-30 15:33:20.668 3583 3583 D ViewRootImpl@e18394d[LauncherActivity]: Relayout returned: oldFrame=[0,0][720,1280] newFrame=[0,0][720,1280] result=0x1 surface={isValid=false 0} surfaceGenerationChanged=false
10-30 15:33:20.676 707 3640 D MARsPolicyManager: handlePackageResumedFG pkgName = com.sec.android.app.launcher, userId = 0
10-30 15:33:20.676 707 1934 D GameManagerService: handleForegroundChange(). pkgName: com.sec.android.app.launcher, clsName: com.android.launcher3.Launcher,FgActivityName:com.sec.android.app.launcher/com.android.launcher3.Launcher
10-30 15:33:20.676 707 1934 D GamePkgDataHelper: getPkgData(). KILL_YOURSELF
10-30 15:33:20.676 707 1934 D GamePkgDataHelper: getPkgData(). com.sec.android.app.launcher
10-30 15:33:20.676 707 1934 D GameManagerService: there is not sem_perfomance_mode on setting
10-30 15:33:20.676 707 1934 D GameManagerService: notifyResumePause(). pkg: com.sec.android.app.launcher, type: 4, isMinimized: false, isTunableApp: false
10-30 15:33:20.676 707 1934 D GameManagerService: notifyResumePause(). do nothing. mKillNotiCount: 3
10-30 15:33:20.677 3583 3583 D HomeContainer: setAlpha : 1.0
10-30 15:33:20.690 3583 3583 V Launcher: Launcher.onResume()
10-30 15:33:20.692 707 16723 D WindowManager: addWindow: android.view.IWindow$Stub$Proxy@252de4a displayId=0
10-30 15:33:20.693 707 16723 D InputTransport: Input channel constructed: fd=456
10-30 15:33:20.693 707 16723 D InputTransport: Input channel constructed: fd=459
10-30 15:33:20.693 707 16723 D WindowManager: openInputChannel mInputChannel: 65c6d8 Toast (server)
10-30 15:33:20.693 707 744 D ViewRootImpl@8b147b5[TestSocket]: ThreadedRenderer.create() translucent=true
10-30 15:33:20.694 707 16723 V MARsPolicyManager: handelAlertToastWindowStarted pkgName = appinventor.ai_fmunoz.TestSocket, userId = 0
10-30 15:33:20.697 707 16723 D InputTransport: Input channel destroyed: fd=459
10-30 15:33:20.697 15296 15296 D InputTransport: Input channel constructed: fd=56
10-30 15:33:20.697 15296 15296 D ViewRootImpl@b9f2e8c[Toast]: setView = android.widget.TextView{f3da9d5 V.ED..... ......ID 0,0-0,0} touchMode=true
10-30 15:33:20.701 707 744 D WindowManager: addWindow: android.view.ViewRootImpl$W@fbaa31 displayId=0
10-30 15:33:20.702 707 744 D InputTransport: Input channel constructed: fd=459
10-30 15:33:20.702 707 744 D InputTransport: Input channel constructed: fd=461
10-30 15:33:20.702 707 744 D WindowManager: openInputChannel mInputChannel: be89516 Application Error: appinventor.ai_fmunoz.TestSocket (server)
10-30 15:33:20.703 707 744 V MARsPolicyManager: handelAlertToastWindowStarted pkgName = android, userId = 0
10-30 15:33:20.705 707 744 D InputDispatcher: Focus entered window: 707
10-30 15:33:20.706 707 744 D ViewRootImpl@8b147b5[TestSocket]: setView = DecorView@550eca2[TestSocket] touchMode=true
10-30 15:33:20.713 15296 15296 D ViewRootImpl@b9f2e8c[Toast]: dispatchAttachedToWindow
10-30 15:33:20.718 707 3160 V WindowManager: Relayout Window{65c6d8d0 u0 Toast}: viewVisibility=0 req=320x79 WM.LayoutParams{(0,64)(wrapxwrap) gr=#11 sim=#20 ty=2005 fl=#40088 fmt=-3 wanim=0x1030004 naviIconColor=0}
10-30 15:33:20.720 297 297 I SurfaceFlinger: id=1489 createSurf (1x1),1 flag=4, Toast
10-30 15:33:20.730 3583 3583 D ExternalRequestQueue: Getting and clearing EXTERNAL_REQUEST_LIST: []
10-30 15:33:20.731 3583 3583 D ExternalMethodQueue: Getting and clearing EXTERNAL_METHOD_LIST: null
10-30 15:33:20.731 3583 3583 D Launcher.HomeController: onResume HomeContainer current alpha = 1.0
10-30 15:33:20.731 3583 3583 D AppsCustomAdapter: notifyupdate : com.android.launcher3.Launcher@dbd60b6
10-30 15:33:20.731 3583 3583 D AppsDragController: needDeferToBind : true , false
10-30 15:33:20.732 3583 3583 D InputMethodManager: HSIFW - flag : 0 Pid : 3583
10-30 15:33:20.737 3144 3157 D ForegroundUtils: could not check pending caller
10-30 15:33:20.738 17555 17555 W SearchServiceClient: Starting with NO_SESSION handoverId is deprecated. Just don't. You will break.
10-30 15:33:20.738 17555 17555 W SearchServiceClient: com.google.android.apps.gsa.shared.util.common.f: SearchServiceClient: Starting with NO_SESSION handoverId is deprecated. Just don't. You will break.
10-30 15:33:20.738 17555 17555 W SearchServiceClient: at com.google.android.apps.gsa.shared.util.common.e.a(SourceFile:43)
10-30 15:33:20.738 17555 17555 W SearchServiceClient: at com.google.android.apps.gsa.shared.util.common.e.f(SourceFile:6)
10-30 15:33:20.738 17555 17555 W SearchServiceClient: at com.google.android.apps.gsa.search.shared.service.SearchServiceClient.a(SourceFile:119)
10-30 15:33:20.738 17555 17555 W SearchServiceClient: at com.google.android.apps.gsa.search.shared.service.SearchServiceClient.me(SourceFile:103)
10-30 15:33:20.738 17555 17555 W SearchServiceClient: at com.google.android.apps.gsa.nowoverlayservice.ay.j(SourceFile:18)
10-30 15:33:20.738 17555 17555 W SearchServiceClient: at com.google.android.libraries.gsa.e.b.n.ap(SourceFile:17)
10-30 15:33:20.738 17555 17555 W SearchServiceClient: at com.google.android.libraries.gsa.e.b.n.handleMessage(SourceFile:26)
10-30 15:33:20.738 17555 17555 W SearchServiceClient: at android.os.Handler.dispatchMessage(Handler.java:98)
10-30 15:33:20.738 17555 17555 W SearchServiceClient: at android.os.Looper.loop(Looper.java:154)
10-30 15:33:20.738 17555 17555 W SearchServiceClient: at android.app.ActivityThread.main(ActivityThread.java:6816)
10-30 15:33:20.738 17555 17555 W SearchServiceClient: at java.lang.reflect.Method.invoke(Native Method)
10-30 15:33:20.738 17555 17555 W SearchServiceClient: at com.android.internal.os.ZygoteInit$MethodAndArgsCaller.run(ZygoteInit.java:1563)
10-30 15:33:20.738 17555 17555 W SearchServiceClient: at com.android.internal.os.ZygoteInit.main(ZygoteInit.java:1451)
10-30 15:33:20.745 15296 15296 D ViewRootImpl@b9f2e8c[Toast]: Relayout returned: oldFrame=[0,0][0,0] newFrame=[200,688][520,767] result=0x27 surface={isValid=true -1317408768} surfaceGenerationChanged=true
10-30 15:33:20.746 15296 15296 D ViewRootImpl@b9f2e8c[Toast]: MSG_RESIZED_REPORT: frame=Rect(200, 688 - 520, 767) ci=Rect(0, 0 - 0, 0) vi=Rect(0, 0 - 0, 0) or=1
10-30 15:33:20.748 707 2624 W InputMethodManagerService: hideSoftInput : Ignoring, uid 10050: com.android.internal.view.IInputMethodClient$Stub$Proxy@cbc96dd
10-30 15:33:20.752 17555 17555 I WorkerManager: New handler created for worker [service] (manager: dccbc2, handler: e240dd3)
10-30 15:33:20.752 17555 17555 I WorkerHandler: New state for worker [service]: d (handler: e240dd3)
10-30 15:33:20.752 17555 17555 I SearchServiceCore: Event Bus thread is disabled; marking main thread as EventBus
10-30 15:33:20.758 19037 19037 I DMT-DropBoxReceiver: Received : android.intent.action.DROPBOX_ENTRY_ADDED
10-30 15:33:20.759 19037 19037 W ContextImpl: Calling a method in the system process without a qualified user: android.app.ContextImpl.startService:1403 android.content.ContextWrapper.startService:673 android.content.ContextWrapper.startService:673 com.samsung.android.sm.common.DropBoxReceiver.a:47 com.samsung.android.sm.common.DropBoxReceiver.onReceive:29
10-30 15:33:20.761 707 3638 D ActivityManager: post active user change for 0 fullscreen true isHomeActivity() true
10-30 15:33:20.761 707 3638 I WallpaperManagerService: switchPersonaWallpaper is called for personaId-0
10-30 15:33:20.761 707 707 D WallpaperManagerService: force update = false; persona id = 0; current user =0; current persona = 0
10-30 15:33:20.761 707 707 D KnoxKeyguardDelegate: clear Flag
10-30 15:33:20.762 3583 3583 I Launcher: onWindowVisibilityChanged : true
10-30 15:33:20.767 707 3162 D WindowManager: finishDrawingWindow: Window{65c6d8d0 u0 Toast} mDrawState=DRAW_PENDING
10-30 15:33:20.779 707 2121 V WindowManager: Relayout Window{229f3d0d0 u0 com.sec.android.app.launcher/com.sec.android.app.launcher.activities.LauncherActivity}: viewVisibility=0 req=720x1280 WM.LayoutParams{(0,0)(fillxfill) sim=#30 ty=1 fl=#81910d00 pfl=0x20000 fmt=-2 wanim=0x1030391 vsysui=0x700 needsMenuKey=2}
10-30 15:33:20.782 297 297 I SurfaceFlinger: id=1490 createSurf (720x1280),1 flag=4, com.sec.android.app.launcher/com.sec.android.app.launcher.activities.LauncherActivity
10-30 15:33:20.790 707 2121 D PowerManagerService: [api] acquire WakeLock flags=0x2000000a tag=WindowManager uid=1000 pid=707 ws=WorkSource{10136} pkg=android
10-30 15:33:20.793 3583 3583 D ViewRootImpl@e18394d[LauncherActivity]: Relayout returned: oldFrame=[0,0][720,1280] newFrame=[0,0][720,1280] result=0x7 surface={isValid=true -1899388928} surfaceGenerationChanged=true
10-30 15:33:20.793 3583 3583 D ViewRootImpl@e18394d[LauncherActivity]: mHardwareRenderer.initialize() mSurface={isValid=true -1899388928} hwInitialized=true
10-30 15:33:20.794 707 5451 D GamePkgDataHelper: getGamePkgData(). com.sec.android.app.launcher
10-30 15:33:20.797 707 5451 D GameManagerService: identifyGamePackage. com.sec.android.app.launcher
10-30 15:33:20.800 707 5451 D GamePkgDataHelper: getGamePkgData(). com.sec.android.app.launcher
10-30 15:33:20.802 707 5451 D GameManagerService: identifyGamePackage. com.sec.android.app.launcher
10-30 15:33:20.802 707 5451 D GamePkgDataHelper: getGamePkgData(). com.sec.android.app.launcher
10-30 15:33:20.803 3583 3583 D AppsAdapter: notifyupdate start : com.android.launcher3.Launcher@dbd60b6
10-30 15:33:20.804 3583 3583 D AppsCustomAdapter: no change items
10-30 15:33:20.804 3583 3583 D AppsAdapter: notifyupdate end : com.android.launcher3.Launcher@dbd60b6
10-30 15:33:20.805 707 744 D ViewRootImpl@8b147b5[TestSocket]: dispatchAttachedToWindow
10-30 15:33:20.815 707 5451 D GameManagerService: identifyGamePackage. com.sec.android.app.launcher
10-30 15:33:20.815 707 5451 D GamePkgDataHelper: getGamePkgData(). com.sec.android.app.launcher
10-30 15:33:20.818 707 744 V WindowManager: Relayout Window{be89516d0 u0 Application Error: appinventor.ai_fmunoz.TestSocket}: viewVisibility=0 req=676x295 WM.LayoutParams{(0,0)(wrapxwrap) gr=#11 sim=#120 ty=2003 fl=#1820002 pfl=0x110 fmt=-3 wanim=0x1030392 surfaceInsets=Rect(4, 4 - 4, 4) needsMenuKey=2 naviIconColor=0}
10-30 15:33:20.823 297 297 I SurfaceFlinger: id=1491 createSurf (9x9),1 flag=4, Application Error: appinventor.ai_fmunoz.TestSocket
10-30 15:33:20.833 17555 17555 I WorkerManager: New handler created for worker [searchplate] (manager: dccbc2, handler: 52a2bc4)
10-30 15:33:20.833 17555 17555 I WorkerHandler: New state for worker [searchplate]: d (handler: 52a2bc4)
10-30 15:33:20.837 297 297 D SurfaceFlinger: Display[0] configurations (* current):
10-30 15:33:20.837 297 297 D SurfaceFlinger: * 0: 720x1280, xdpi=281.352997, ydpi=282.713013, refresh=16666667
10-30 15:33:20.837 297 297 D SurfaceFlinger: numHwLayers=5, flags=00000000
10-30 15:33:20.837 297 297 D SurfaceFlinger: type | handle | hint | flag | tr | blnd | format | source crop (l,t,r,b) | frame | name
10-30 15:33:20.837 297 297 D SurfaceFlinger: -----------+----------+------+------+----+------+-------------+--------------------------------+------------------------+------
10-30 15:33:20.837 297 297 D SurfaceFlinger: HWC | a30a2180 | 0002 | 0000 | 00 | 0100 | RGBx_8888 | 0.0, 48.0, 720.0, 1280.0 | 0, 48, 720, 1280 | appinventor.ai_fmunoz.TestSocket/appinventor.ai_fmunoz.TestSocket.Screen1
10-30 15:33:20.837 297 297 D SurfaceFlinger: HWC | a30a37a0 | 0002 | 0000 | 00 | 0105 | RGBA_8888 | 0.0, 0.0, 720.0, 692.0 | 0, 588, 720, 1280 | InputMethod
10-30 15:33:20.837 297 297 D SurfaceFlinger: HWC | a30a22a0 | 0002 | 0000 | 00 | 0105 | RGBA_8888 | 0.0, 0.0, 720.0, 48.0 | 0, 0, 720, 48 | StatusBar
10-30 15:33:20.837 297 297 D SurfaceFlinger: HWC | a30a2a20 | 0002 | 0000 | 00 | 0105 | RGBA_8888 | 0.0, 0.0, 320.0, 79.0 | 200, 688, 520, 767 | Toast
10-30 15:33:20.837 297 297 D SurfaceFlinger: FB TARGET | a6da26e0 | 0000 | 000
10-30 15:33:20.837 297 297 D SurfaceFlinger: 0 | 00 | 0105 | RGBA_8888 | 0.0, 0.0, 720.0, 1280.0 | 0, 0, 720, 1280 | HWC_FRAMEBUFFER_TARGET
10-30 15:33:20.839 707 3160 D PackageManager: getComponentMetadataForIconTray : appinventor.ai_fmunoz.TestSocket.Screen1 does not exist in mServices
10-30 15:33:20.839 707 3160 D PackageManager: getComponentMetadataForIconTray : appinventor.ai_fmunoz.TestSocket.Screen1 does not exist in mProviders
10-30 15:33:20.839 707 3160 D PackageManager: getComponentMetadataForIconTray : appinventor.ai_fmunoz.TestSocket.Screen1 does not exist in mReceivers
10-30 15:33:20.840 2027 2027 D ApplicationPackageManager: updateItemMetaDataForFixedIconScale: package: appinventor.ai_fmunoz.TestSocket
10-30 15:33:20.840 17555 17555 W SessionLifecycleManager: Handover failed. Creating new session controller.
10-30 15:33:20.840 707 22318 D PackageManager: getSelectedMetaData : packageName(appinventor.ai_fmunoz.TestSocket) or Metadata strings {[Ljava.lang.String;@4b5f14d}
10-30 15:33:20.841 2027 2027 I ApplicationPackageManager: load=appinventor.ai_fmunoz.TestSocket, bg=144-144, dr=96-96, forDefault=true, density=0
10-30 15:33:20.841 2027 2027 I ApplicationPackageManager: scaled rate=201.0, size=96, alpha=0, hold=102
10-30 15:33:20.842 2027 2027 D ApplicationPackageManager: iconScale: getScale(): 201.0 getAlpha(): 0
10-30 15:33:20.846 17555 17555 I WorkerManager: New handler created for worker [optin] (manager: dccbc2, handler: fd20df4)
10-30 15:33:20.847 17555 17555 I WorkerHandler: New state for worker [optin]: d (handler: fd20df4)
10-30 15:33:20.848 707 744 D ViewRootImpl@8b147b5[TestSocket]: Relayout returned: oldFrame=[0,0][0,0] newFrame=[22,516][698,811] result=0x27 surface={isValid=true -1804763136} surfaceGenerationChanged=true
10-30 15:33:20.850 17555 17555 I WorkerManager: New handler created for worker [progress] (manager: dccbc2, handler: b1b3078)
10-30 15:33:20.850 707 1992 I OpenGLRenderer: Initialized EGL, version 1.4
10-30 15:33:20.850 707 1992 D OpenGLRenderer: Swap behavior 1
10-30 15:33:20.850 19037 15454 V CrashedAppLogging: isMasterSwitchOff : false
10-30 15:33:20.850 707 1992 W Adreno-EGL: : EGL_BAD_ATTRIBUTE
10-30 15:33:20.850 707 1992 I OpenGLRenderer: KHR Debugger is Disabled - EGL_BAD_ATTRIBUTE
10-30 15:33:20.850 17555 17555 I WorkerHandler: New state for worker [progress]: d (handler: b1b3078)
10-30 15:33:20.851 707 744 D ViewRootImpl@8b147b5[TestSocket]: mHardwareRenderer.initialize() mSurface={isValid=true -1804763136} hwInitialized=true
10-30 15:33:20.851 17555 17555 I WorkerManager: New handler created for worker [sharebear] (manager: dccbc2, handler: 91b27b6)
10-30 15:33:20.851 17555 17555 I WorkerHandler: New state for worker [sharebear]: d (handler: 91b27b6)
10-30 15:33:20.852 17555 17555 I WorkerManager: New handler created for worker [screensearch] (manager: dccbc2, handler: 30edc24)
10-30 15:33:20.853 17555 17555 I WorkerHandler: New state for worker [screensearch]: d (handler: 30edc24)
10-30 15:33:20.856 19037 15454 W PkgUtils: p: appinventor.ai_fmunoz.TestSocket, u:0
10-30 15:33:20.858 707 3553 D WindowManager: finishDrawingWindow: Window{229f3d0d0 u0 com.sec.android.app.launcher/com.sec.android.app.launcher.activities.LauncherActivity} mDrawState=DRAW_PENDING
10-30 15:33:20.859 707 744 D WindowManager: set systemUiVisibility of statusbar : systemUiFlags= 0x8 fullscreenStackSysUiFlag= 0x0
10-30 15:33:20.862 707 744 D ViewRootImpl@8b147b5[TestSocket]: MSG_WINDOW_FOCUS_CHANGED 1
10-30 15:33:20.863 707 744 D ViewRootImpl@8b147b5[TestSocket]: mHardwareRenderer.initializeIfNeeded()#2 mSurface={isValid=true -1804763136}
10-30 15:33:20.864 707 5451 D GameManagerService: identifyGamePackage. com.sec.android.app.launcher
10-30 15:33:20.864 707 5451 D GamePkgDataHelper: getGamePkgData(). com.sec.android.app.launcher
10-30 15:33:20.870 707 1928 D MdnieScenarioControlService: packageName : com.sec.android.app.launcher className : com.sec.android.app.launcher.activities.LauncherActivity
10-30 15:33:20.870 707 1928 V MdnieScenarioControlService: setUIMode from UI function(2)
10-30 15:33:20.874 2027 2027 I ApplicationPackageManager: load=appinventor.ai_fmunoz.TestSocket-crop, bg=96-96, dr=96-96
10-30 15:33:20.885 707 775 D LowEndSamsungAnimationCreator: createSamsungAnimation type/enter : 13/false
10-30 15:33:20.885 707 775 D LowEndSamsungAnimationCreator: createSamsungAnimation wallpaerXOffset : 0
10-30 15:33:20.885 707 775 D LowEndSamsungAnimationCreator: createSamsungAnimation isSplit/isFixedOrientation : false/false
10-30 15:33:20.885 707 775 D SamsungAnimationCreator: setAppWindowSize WINDOW_WIDTH/WINDOW_HEIGHT 720/1280
10-30 15:33:20.886 17555 17555 E PBSessionCacheImpl: sessionId[77209247354784834] not persisted.
10-30 15:33:20.889 17555 17555 I WorkerManager: New handler created for worker [searchboxroot] (manager: dccbc2, handler: f6b404c)
10-30 15:33:20.889 17555 17555 I WorkerHandler: New state for worker [searchboxroot]: d (handler: f6b404c)
10-30 15:33:20.890 2027 2027 D BarTransitions.PhoneStatusBarView: MODE_OPAQUE -> MODE_TRANSPARENT animate=true
10-30 15:33:20.890 17555 17555 I WorkerManager: New handler created for worker [actions] (manager: dccbc2, handler: 99a7a76)
10-30 15:33:20.890 17555 17555 I WorkerHandler: New state for worker [actions]: d (handler: 99a7a76)
10-30 15:33:20.893 17555 14838 I PBSessionCacheImpl: Deleted sessionId[77209247354784834] from persistence.
10-30 15:33:20.894 17555 17555 I WorkerManager: New handler created for worker [legacyui] (manager: dccbc2, handler: f2bc802)
10-30 15:33:20.894 17555 17555 I WorkerHandler: New state for worker [legacyui]: d (handler: f2bc802)
10-30 15:33:20.895 2027 2027 D WallpaperService: updateSurface forceRelayout=false redrawNeeded=false myWidth=720 myHeight=1280 fixedSize=true x = 0 y = 0 mWidth=720 mHeight=1280
10-30 15:33:20.895 2027 2027 D ImageWallpaper: onVisibilityChanged: mVisible=false visible=true
10-30 15:33:20.895 2027 2027 D ImageWallpaper: Visibility changed to visible=true
10-30 15:33:20.896 17555 17555 I WorkerManager: New handler created for worker [conversation] (manager: dccbc2, handler: 8665350)
10-30 15:33:20.896 17555 17555 I WorkerHandler: New state for worker [conversation]: d (handler: 8665350)
10-30 15:33:20.897 17555 17555 I WorkerManager: New handler created for worker [message] (manager: dccbc2, handler: c92624e)
10-30 15:33:20.898 17555 17555 I WorkerHandler: New state for worker [message]: d (handler: c92624e)
10-30 15:33:20.898 2027 2027 D ImageWallpaper: drawFrame=false rotation=0 mLastRotation=0 deviceWidth=720 deviceHeight=1280
10-30 15:33:20.898 2027 2027 D ImageWallpaper: drawFrame:[frame.width()]720[frame.height()]1280
10-30 15:33:20.898 2027 2027 D ImageWallpaper: surfaceDimensionsChanged=false mLastSurfaceRotation=0 mDisplayWidth=-1 mDisplayHeight=-1
10-30 15:33:20.898 2027 2027 D ImageWallpaper: redrawNeeded = false, mOffsetsChanged = false
10-30 15:33:20.898 2027 2027 D ImageWallpaper: Suppressed drawFrame since redraw is not needed and offsets have not changed.
10-30 15:33:20.898 17555 17555 I WorkerManager: New handler created for worker [context] (manager: dccbc2, handler: c65547c)
10-30 15:33:20.899 17555 17555 I WorkerHandler: New state for worker [context]: d (handler: c65547c)
10-30 15:33:20.900 17555 17555 I WorkerManager: New handler created for worker [actionvelogging] (manager: dccbc2, handler: cb6555a)
10-30 15:33:20.900 17555 17555 I WorkerHandler: New state for worker [actionvelogging]: d (handler: cb6555a)
10-30 15:33:20.900 17555 17555 I WorkerManager: New handler created for worker [sharedmicrodetection] (manager: dccbc2, handler: f13c68)
10-30 15:33:20.901 17555 17555 I WorkerHandler: New state for worker [sharedmicrodetection]: d (handler: f13c68)
10-30 15:33:20.902 17555 17555 I WorkerManager: New handler created for worker [networkmonitor] (manager: dccbc2, handler: 8b83d67)
10-30 15:33:20.902 17555 17555 I WorkerHandler: New state for worker [networkmonitor]: d (handler: 8b83d67)
10-30 15:33:20.903 17555 17555 I WorkerManager: New handler created for worker [audio] (manager: dccbc2, handler: 58b3bbd)
10-30 15:33:20.905 17555 17555 I WorkerHandler: New state for worker [audio]: d (handler: 58b3bbd)
10-30 15:33:20.907 17555 17555 I OptInState: There is a new client and it does not support opt-in. Dropping request.
10-30 15:33:20.908 17555 17555 I WorkerManager: New handler created for worker [logo_header] (manager: dccbc2, handler: d9d3080)
10-30 15:33:20.908 17555 17555 I WorkerHandler: New state for worker [logo_header]: d (handler: d9d3080)
10-30 15:33:20.916 707 2791 V WindowManager: Relayout Window{8332583d0 u0 appinventor.ai_fmunoz.TestSocket/appinventor.ai_fmunoz.TestSocket.Screen1}: viewVisibility=8 req=720x1280 WM.LayoutParams{(0,0)(fillxfill) sim=#112 ty=1 fl=#10100 wanim=0x1030001 needsMenuKey=1 naviIconColor=0}
10-30 15:33:20.926 707 3376 D ConnectivityService: filterNetworkStateForUid() uid: 10052 networkInfo: [type: WIFI[] - WIFI, state: CONNECTED/CONNECTED, reason: (unspecified), extra: "alertaV1", failover: false, available: true, roaming: false, metered: false]
10-30 15:33:20.934 707 3631 D ConnectivityService: filterNetworkStateForUid() uid: 10052 networkInfo: [type: WIFI[] - WIFI, state: CONNECTED/CONNECTED, reason: (unspecified), extra: "alertaV1", failover: false, available: true, roaming: false, metered: false]
10-30 15:33:20.938 297 297 D SurfaceFlinger: Display[0] configurations (* current):
10-30 15:33:20.938 297 297 D SurfaceFlinger: * 0: 720x1280, xdpi=281.352997, ydpi=282.713013, refresh=16666667
10-30 15:33:20.938 297 297 D SurfaceFlinger: numHwLayers=7, flags=00000000
10-30 15:33:20.938 297 297 D SurfaceFlinger: type | handle | hint | flag | tr | blnd | format | source crop (l,t,r,b) | frame | name
10-30 15:33:20.938 297 297 D SurfaceFlinger: -----------+----------+------+------+----+------+-------------+--------------------------------+------------------------+------
10-30 15:33:20.938 297 297 D SurfaceFlinger: HWC | a30a20c0 | 0002 | 0000 | 00 | 0100 | RGB_888 | 0.0, 0.0, 720.0, 1280.0 | 0, 0, 720, 1280 | com.android.systemui.ImageWallpaper
10-30 15:33:20.938 297 297 D SurfaceFlinger: HWC | a30a3bc0 | 0002 | 0000 | 00 | 0105 | RGBA_8888 | 119.0, 212.0, 600.0, 1067.0 | 0, 0, 720, 1280 | com.sec.android.app.launcher/com.sec.android.app.launcher.activities.LauncherActivity
10-30 15:33:20.938 297 297 D SurfaceFlinger: GLES | a30a2180 | 0000 | 0000 | 00 | 0100 | RGBx_8888 | 0.0, 48.0, 720.0, 1280.0 | 1, 50, 719, 1278 | appinventor.ai_fmunoz.TestSocket/appinventor.ai_fmunoz.TestSocket.Screen1
10-30 15:33:20.938 297 297 D SurfaceFlinger: GLES | a30a37a0 | 0000 | 0000 | 00 | 0105 | RGBA_8888
10-30 15:33:20.939 297 297 D SurfaceFlinger: | 0.0, 0.0, 720.0, 692.0 | 0, 588, 720, 1280 | InputMethod
10-30 15:33:20.939 297 297 D SurfaceFlinger: GLES | a30a2000 | 0000 | 0000 | 00 | 0105 | RGBA_8888 | 0.0, 0.0, 720.0, 48.0 | 0, 0, 720, 48 | StatusBar
10-30 15:33:20.939 297 297 D SurfaceFlinger: GLES | a30a2a20 | 0000 | 0000 | 00 | 0105 | RGBA_8888 | 0.0, 0.0, 320.0, 79.0 | 200, 688, 520, 767 | Toast
10-30 15:33:20.939 297 297 D SurfaceFlinger: FB TARGET | a6da2620 | 0000 | 0000 | 00 | 0105 | RGBA_8888 | 0.0, 0.0, 720.0, 1280.0 | 0, 0, 720, 1280 | HWC_FRAMEBUFFER_TARGET
10-30 15:33:20.951 707 3554 D WindowManager: adjustSystemUiVisibilityLw : vis= 0x8
10-30 15:33:20.953 15296 15296 D ViewRootImpl@4beb01a[Screen1]: Relayout returned: oldFrame=[0,0][720,1280] newFrame=[0,0][720,1280] result=0x5 surface={isValid=false 0} surfaceGenerationChanged=true
10-30 15:33:20.953 707 744 D WindowManager: finishDrawingWindow: Window{be89516d0 u0 Application Error: appinventor.ai_fmunoz.TestSocket} mDrawState=DRAW_PENDING
10-30 15:33:20.953 707 744 D ViewRootImpl@8b147b5[TestSocket]: MSG_RESIZED_REPORT: frame=Rect(22, 516 - 698, 811) ci=Rect(0, 0 - 0, 0) vi=Rect(0, 0 - 0, 0) or=1
10-30 15:33:20.954 707 721 D ConnectivityService: filterNetworkStateForUid() uid: 10052 networkInfo: [type: WIFI[] - WIFI, state: CONNECTED/CONNECTED, reason: (unspecified), extra: "alertaV1", failover: false, available: true, roaming: false, metered: false]
10-30 15:33:20.961 707 3376 D ConnectivityService: filterNetworkStateForUid() uid: 10052 networkInfo: [type: WIFI[] - WIFI, state: CONNECTED/CONNECTED, reason: (unspecified), extra: "alertaV1", failover: false, available: true, roaming: false, metered: false]
10-30 15:33:20.966 707 744 D WindowManager: finishDrawingWindow: Window{be89516d0 u0 Application Error: appinventor.ai_fmunoz.TestSocket} mDrawState=COMMIT_DRAW_PENDING
10-30 15:33:20.975 4724 4735 W PkgUtils: p: appinventor.ai_fmunoz.TestSocket, u:0
10-30 15:33:20.981 707 2121 D BatteryService: !@BatteryListener : batteryPropertiesChanged!
10-30 15:33:20.982 707 2121 D BatteryService: level:73, scale:100, status:2, health:2, present:true, voltage: 3886, temperature: 303, technology: Li-ion, AC powered:false, USB powered:true, POGO powered:false, Wireless powered:false, icon:17303763, invalid charger:0, maxChargingCurrent:0, maxChargingVoltage:0, chargeCounter:0
10-30 15:33:20.982 707 2121 D BatteryService: online:4, current avg:-337, charge type:1, power sharing:false, high voltage charger:false, capacity:280000, batterySWSelfDischarging:false, misc_event:0, current_event:0, current_now:-429
10-30 15:33:20.982 707 707 D BatteryService: Sending ACTION_BATTERY_CHANGED.
10-30 15:33:20.983 707 749 E BatteryStatsService: power: Missing API
10-30 15:33:21.032 297 297 D SurfaceFlinger: Display[0] configurations (* current):
10-30 15:33:21.032 297 297 D SurfaceFlinger: * 0: 720x1280, xdpi=281.352997, ydpi=282.713013, refresh=16666667
10-30 15:33:21.032 297 297 D SurfaceFlinger: numHwLayers=8, flags=00000000
10-30 15:33:21.032 297 297 D SurfaceFlinger: type | handle | hint | flag | tr | blnd | format | source crop (l,t,r,b) | frame | name
10-30 15:33:21.032 297 297 D SurfaceFlinger: -----------+----------+------+------+----+------+-------------+--------------------------------+------------------------+------
10-30 15:33:21.032 297 297 D SurfaceFlinger: HWC | a30a20c0 | 0002 | 0000 | 00 | 0100 | RGB_888 | 0.0, 0.0, 720.0, 1280.0 | 0, 0, 720, 1280 | com.android.systemui.ImageWallpaper
10-30 15:33:21.032 297 297 D SurfaceFlinger: HWC | a30a3bc0 | 0002 | 0000 | 00 | 0105 | RGBA_8888 | 86.0, 153.0, 634.0, 1126.0 | 0, 0, 720, 1279 | com.sec.android.app.launcher/com.sec.android.app.launcher.activities.LauncherActivity
10-30 15:33:21.032 297 297 D SurfaceFlinger: GLES | a30a2180 | 0000 | 0000 | 00 | 0100 | RGBx_8888 | 0.0, 48.0, 720.0, 1280.0 | 80, 180, 639, 1137 | appinventor.ai_fmunoz.TestSocket/appinventor.ai_fmunoz.TestSocket.Screen1
10-30 15:33:21.032 297 297 D SurfaceFlinger: GLES | a30a37a0 | 0000 | 0000 | 00 | 0105 | RGBA_8888
10-30 15:33:21.033 297 297 D SurfaceFlinger: | 0.0, 0.0, 720.0, 692.0 | 0, 588, 720, 1280 | InputMethod
10-30 15:33:21.033 297 297 D SurfaceFlinger: GLES | a30a3e00 | 0000 | 0000 | 00 | 0105 | RGBA_8888 | 0.0, 0.0, 684.0, 303.0 | 45, 523, 674, 801 | Application Error: appinventor.ai_fmunoz.TestSocket
10-30 15:33:21.033 297 297 D SurfaceFlinger: GLES | a30a22a0 | 0000 | 0000 | 00 | 0105 | RGBA_8888 | 0.0, 0.0, 720.0, 48.0 | 0, 0, 720, 48 | StatusBar
10-30 15:33:21.033 297 297 D SurfaceFlinger: GLES | a30a2a20 | 0000 | 0000 | 00 | 0105 | RGBA_8888 | 0.0, 0.0, 320.0, 79.0 | 200, 688, 520, 767 | Toast
10-30 15:33:21.033 297 297 D SurfaceFlinger: FB TARGET | a6da2560 | 0000 | 0000 | 00 | 0105 | RGBA_8888 | 0.0, 0.0, 720.0, 1280.0 | 0, 0, 720, 1280 | HWC_FRAMEBUFFER_TARGET
10-30 15:33:21.041 25963 26001 W bt_btif : btif_dm_upstreams_cback ev: BTA_DM_ENER_INFO_READ
10-30 15:33:21.045 297 297 D SurfaceFlinger: Display[0] configurations (* current):
10-30 15:33:21.045 297 297 D SurfaceFlinger: * 0: 720x1280, xdpi=281.352997, ydpi=282.713013, refresh=16666667
10-30 15:33:21.045 297 297 D SurfaceFlinger: numHwLayers=9, flags=00000000
10-30 15:33:21.045 297 297 D SurfaceFlinger: type | handle | hint | flag | tr | blnd | format | source crop (l,t,r,b) | frame | name
10-30 15:33:21.045 297 297 D SurfaceFlinger: -----------+----------+------+------+----+------+-------------+--------------------------------+------------------------+------
10-30 15:33:21.045 297 297 D SurfaceFlinger: HWC | a30a20c0 | 0002 | 0000 | 00 | 0100 | RGB_888 | 0.0, 0.0, 720.0, 1280.0 | 0, 0, 720, 1280 | com.android.systemui.ImageWallpaper
10-30 15:33:21.045 297 297 D SurfaceFlinger: HWC | a30a3bc0 | 0002 | 0000 | 00 | 0105 | RGBA_8888 | 76.0, 135.0, 644.0, 1144.0 | 0, 0, 720, 1280 | com.sec.android.app.launcher/com.sec.android.app.launcher.activities.LauncherActivity
10-30 15:33:21.045 297 297 D SurfaceFlinger: GLES | a30a2180 | 0000 | 0000 | 00 | 0100 | RGBx_8888 | 0.0, 47.0, 720.0, 1279.0 | 94, 202, 625, 1111 | appinventor.ai_fmunoz.TestSocket/appinventor.ai_fmunoz.TestSocket.Screen1
10-30 15:33:21.045 297 297 D SurfaceFlinger: GLES | a30a37a0 | 0000 | 0000 | 00 | 0105 | RGBA_8888
10-30 15:33:21.045 297 297 D SurfaceFlinger: | 0.0, 0.0, 720.0, 692.0 | 0, 588, 720, 1280 | InputMethod
10-30 15:33:21.045 297 297 D SurfaceFlinger: GLES | 00000000 | 0000 | 0001 | 00 | 0105 | ? ffffffff | 0.0, 0.0, -1.0, -1.0 | 0, 0, 720, 1280 | DimLayerController/Stack=0
10-30 15:33:21.045 297 297 D SurfaceFlinger: GLES | a30a3e00 | 0000 | 0000 | 00 | 0105 | RGBA_8888 | 0.0, 0.0, 684.0, 303.0 | 38, 520, 681, 805 | Application Error: appinventor.ai_fmunoz.TestSocket
10-30 15:33:21.045 297 297 D SurfaceFlinger: GLES | a30a2480 | 0000 | 0000 | 00 | 0105 | RGBA_8888 | 0.0, 0.0, 720.0, 48.0 | 0, 0, 720, 48 | StatusBar
10-30 15:33:21.045 297 297 D SurfaceFlinger: GLES | a30a2a20 | 0000 | 0000 | 00 | 0105 | RGBA_8888 | 0.0, 0.0, 320.0, 79.0 | 200, 688, 520, 767 | Toast
10-30 15:33:21.045 297 297 D SurfaceFlinger: FB TARGET | a6da26e0 | 0000 | 0000 | 00 | 0105 | RGBA_8888 | 0.0, 0.0, 720.0, 1280.0 | 0, 0, 720, 1280 | HWC_FRAMEBUFFER_TARGET
10-30 15:33:21.066 707 749 D BatteryStatsService: !@ mLastInfo WifiActivityEnergyInfo{ timestamp=241943546 mStackState=3 mControllerTxTimeMs=0 mControllerTxTimePerLevelMs=[] mControllerRxTimeMs=0 mControllerIdleTimeMs=15811670 mControllerEnergyUsed=0 }
10-30 15:33:21.067 707 749 D BatteryStatsService: !@ latest WifiActivityEnergyInfo{ timestamp=242266074 mStackState=3 mControllerTxTimeMs=0 mControllerTxTimePerLevelMs=[] mControllerRxTimeMs=0 mControllerIdleTimeMs=15868811 mControllerEnergyUsed=0 }
10-30 15:33:21.067 707 749 D BatteryStatsService: !@ delta timePeriodMs : 322528 txTimeMs : 0 rxTimeMs :0 idleTimeMs : 57141
10-30 15:33:21.075 707 749 E BatteryStatsService: modem info is invalid: ModemActivityInfo{ mTimestamp=0 mSleepTimeMs=0 mIdleTimeMs=0 mTxTimeMs[]=[0, 0, 0, 0, 0] mRxTimeMs=0 mEnergyUsed=0}
10-30 15:33:21.100 707 785 D PowerManagerService: [PSM] lowPowerModeEnabled: false (mLowPowerModeSetting: false, mIsPowered: true, mAutoLowPowerModeConfigured: false, mBatteryLevel: 73, mLowBatteryTriggerLevel: 0, mUltraPowerSavingModeEnabled: false, mEmergencyModeEnabled: false)
10-30 15:33:21.102 707 707 D SamsungPhoneWindowManager: ACTION_BATTERY_CHANGED - Level :: 73, battStatus :: 2
10-30 15:33:21.102 707 707 I MotionRecognitionService: Plugged
10-30 15:33:21.102 707 707 D MotionRecognitionService: mCableConnection= 1
10-30 15:33:21.102 707 707 D MotionRecognitionService: setPowerConnected : mGripEnabled = false
10-30 15:33:21.102 707 707 V UiModeManager: updateLocked: null action, mDockState=0, category=null
10-30 15:33:21.102 707 707 D UiModeManager: updateConfigurationLocked: mDockState=0; mCarMode=false; mNightMode=1; uiMode=17
10-30 15:33:21.102 707 707 D GameManagerService: new battery level: 73
10-30 15:33:21.102 707 707 D GameManagerService: identifyForegroundApp. com.sec.android.app.launcher
10-30 15:33:21.102 707 707 D GamePkgDataHelper: getGamePkgData(). com.sec.android.app.launcher
10-30 15:33:21.102 707 707 D GameManagerService: Foreground app: 0
10-30 15:33:21.102 707 707 D GameManagerService: identifyForegroundApp. com.sec.android.app.launcher
10-30 15:33:21.102 707 707 D GamePkgDataHelper: getGamePkgData(). com.sec.android.app.launcher
10-30 15:33:21.103 2027 2027 D KeyguardUpdateMonitor: received broadcast android.intent.action.BATTERY_CHANGED, #start
10-30 15:33:21.103 2027 2027 D KeyguardUpdateMonitor: received broadcast android.intent.action.BATTERY_CHANGED, #end
10-30 15:33:21.107 2027 2027 D PowerUI : showing power sharing dialogfalse
10-30 15:33:21.107 2027 2027 D PowerUI : priorPlugType = 2 mPlugType = 2
10-30 15:33:21.107 2027 2027 D PowerUI.Notification: Charging estimate time is not supported and connected cable is not a fast/slow charger, so return!
10-30 15:33:21.109 2027 2027 D BatteryMeterDrawable: isSomethingChanged - true
10-30 15:33:21.109 2027 2027 D BatteryMeterDrawable: isSomethingChanged - true
10-30 15:33:21.109 2027 2027 D BatteryController: onReceive - ACTION_BATTERY_CHANGED : mLevel = 73
10-30 15:33:21.109 25963 25963 V HeadsetService: HeadsetService - Received Intent.ACTION_BATTERY_CHANGED
10-30 15:33:21.109 25963 26030 D HeadsetStateMachine: Disconnected process message: 10, size: 0
10-30 15:33:21.111 4339 4339 E MtpServerJNI: server is null in send_object_removed
10-30 15:33:21.114 707 707 D CustomFrequencyManagerService: releaseDVFSLockLocked : Getting Lock type frm List : DVFS_MIN_LIMIT frequency : 1190400 uid : 1000 pid : 707 tag : AMS_APP_HOME@CPU_MIN@69
10-30 15:33:21.114 707 3415 D ActivityManagerPerformance: Received MSG_ENABLE_ACT_RESUME_TAIL r: ActivityRecord{572f64ed0 u0 com.sec.android.app.launcher/.activities.LauncherActivity t1618}
10-30 15:33:21.116 707 3415 D CustomFrequencyManagerService: acquireDVFSLockLocked : type : DVFS_MIN_LIMIT frequency : 1190400 uid : 1000 pid : 707 pkgName : AMS_RESUME_TAIL@CPU_MIN@15
10-30 15:33:21.117 707 3415 D ActivityManagerPerformance: AMP_acquire() TAIL
10-30 15:33:21.230 297 297 D SurfaceFlinger: Display[0] configurations (* current):
10-30 15:33:21.230 297 297 D SurfaceFlinger: * 0: 720x1280, xdpi=281.352997, ydpi=282.713013, refresh=16666667
10-30 15:33:21.230 297 297 D SurfaceFlinger: numHwLayers=8, flags=00000000
10-30 15:33:21.230 297 297 D SurfaceFlinger: type | handle | hint | flag | tr | blnd | format | source crop (l,t,r,b) | frame | name
10-30 15:33:21.230 297 297 D SurfaceFlinger: -----------+----------+------+------+----+------+-------------+--------------------------------+------------------------+------
10-30 15:33:21.230 297 297 D SurfaceFlinger: HWC | a30a20c0 | 0002 | 0000 | 00 | 0100 | RGB_888 | 0.0, 0.0, 720.0, 1280.0 | 0, 0, 720, 1280 | com.android.systemui.ImageWallpaper
10-30 15:33:21.230 297 297 D SurfaceFlinger: HWC | a30a3bc0 | 0002 | 0000 | 00 | 0105 | RGBA_8888 | 1.0, 3.0, 718.0, 1277.0 | 0, 0, 720, 1280 | com.sec.android.app.launcher/com.sec.android.app.launcher.activities.LauncherActivity
10-30 15:33:21.230 297 297 D SurfaceFlinger: HWC | a30a37a0 | 0002 | 0000 | 00 | 0105 | RGBA_8888 | 0.0, 0.0, 720.0, 692.0 | 0, 588, 720, 1280 | InputMethod
10-30 15:33:21.230 297 297 D SurfaceFlinger: GLES | 00000000 | 0000 | 0001 | 00 | 0105 | ? ffffffff | 0.0, 0.0, -1.0, -1.0 | 0, 0, 720, 1280 | Di
10-30 15:33:21.230 297 297 D SurfaceFlinger: mLayerController/Stack=0
10-30 15:33:21.230 297 297 D SurfaceFlinger: GLES | a30a3e00 | 0000 | 0000 | 00 | 0105 | RGBA_8888 | 0.0, 0.0, 684.0, 303.0 | 15, 510, 705, 816 | Application Error: appinventor.ai_fmunoz.TestSocket
10-30 15:33:21.230 297 297 D SurfaceFlinger: GLES | a30a22a0 | 0000 | 0000 | 00 | 0105 | RGBA_8888 | 0.0, 0.0, 720.0, 48.0 | 0, 0, 720, 48 | StatusBar
10-30 15:33:21.230 297 297 D SurfaceFlinger: GLES | a30a2a20 | 0000 | 0000 | 00 | 0105 | RGBA_8888 | 0.0, 0.0, 320.0, 79.0 | 200, 688, 520, 767 | Toast
10-30 15:33:21.230 297 297 D SurfaceFlinger: FB TARGET | a6da2560 | 0000 | 0000 | 00 | 0105 | RGBA_8888 | 0.0, 0.0, 720.0, 1280.0 | 0, 0, 720, 1280 | HWC_FRAMEBUFFER_TARGET
10-30 15:33:21.241 2027 2806 D WallpaperService: resized:[frame]Rect(0, 0 - 720, 1280) [newConfig] is null
10-30 15:33:21.241 2027 2027 D WallpaperService: MSG_WINDOW_RESIZED
10-30 15:33:21.241 2027 2027 D WallpaperService: updateSurface forceRelayout=true redrawNeeded=false myWidth=720 myHeight=1280 fixedSize=true x = 0 y = 0 mWidth=720 mHeight=1280
10-30 15:33:21.241 2027 2027 V WallpaperService: Changes: creating=false format=false size=false
10-30 15:33:21.244 707 721 V WindowManager: Relayout Window{5a25fdfd0 u0 com.android.systemui.ImageWallpaper}: viewVisibility=0 req=720x1280 WM.LayoutParams{(0,0)(720x1280) gr=#800033 ty=2013 fl=#10318 fmt=2 wanim=0x10302f2 naviIconColor=0}
10-30 15:33:21.254 2027 2027 V WallpaperService: New surface=Surface(name=null)/@0x85334bf, frame=Rect(0, 0 - 720, 1280),relayoutResult=1, mConfiguration={0 1.0 themeSeq = 0 showBtnBg = -1 ?mcc?mnc ?localeList ?layoutDir ?swdp ?wdp ?hdp ?density ?lsize ?long ?orien ?uimode ?night ?touch ?keyb/?/? ?nav/?}
10-30 15:33:21.255 2027 2027 V WallpaperService: Wallpaper size has changed : 720, 1280
10-30 15:33:21.255 2027 2027 D ImageWallpaper: onOffsetsChanged: xOffset=0.0, yOffset=0.0, xOffsetStep=0.0, yOffsetStep=0.0, xPixels=0, yPixels=0
10-30 15:33:21.255 2027 2027 D ImageWallpaper: drawFrame=false rotation=0 mLastRotation=0 deviceWidth=720 deviceHeight=1280
10-30 15:33:21.255 2027 2027 D ImageWallpaper: drawFrame:[frame.width()]720[frame.height()]1280
10-30 15:33:21.255 2027 2027 D ImageWallpaper: surfaceDimensionsChanged=false mLastSurfaceRotation=0 mDisplayWidth=-1 mDisplayHeight=-1
10-30 15:33:21.255 2027 2027 D ImageWallpaper: redrawNeeded = false, mOffsetsChanged = false
10-30 15:33:21.255 2027 2027 D ImageWallpaper: Suppressed drawFrame since redraw is not needed and offsets have not changed.
10-30 15:33:21.279 15296 15296 I Form : Form Screen1 got onStop
10-30 15:33:21.279 15296 15296 I Form : Form Screen1 got onDestroy
10-30 15:33:21.285 3144 5708 D ForegroundUtils: could not check pending caller
10-30 15:33:21.294 15296 15296 D ViewRootImpl@4beb01a[Screen1]: dispatchDetachedFromWindow
10-30 15:33:21.295 707 3162 D WindowManager: disposeInputChannel mInputChannel: 8332583 appinventor.ai_fmunoz.TestSocket/appinventor.ai_fmunoz.TestSocket.Screen1 (server)
10-30 15:33:21.295 297 3234 I SurfaceFlinger: id=1484 Removed appinventor.ai_fmunoz.TestSocket/appinventor.ai_fmunoz.TestSocket.Screen1 (6/10)
10-30 15:33:21.305 707 3162 D InputTransport: Input channel destroyed: fd=452
10-30 15:33:21.306 15296 15296 D InputTransport: Input channel destroyed: fd=54
10-30 15:33:21.336 3583 3831 W OpenGLRenderer: Incorrectly called buildLayer on View: WorkspaceCellLayoutChildren, destroying layer...
10-30 15:33:21.336 3583 3831 W OpenGLRenderer: Incorrectly called buildLayer on View: WorkspaceCellLayoutChildren, destroying layer...
10-30 15:33:21.416 707 1928 D MdnieScenarioControlService: packageName : com.sec.android.app.launcher className : com.sec.android.app.launcher.activities.LauncherActivity
10-30 15:33:21.416 707 1928 V MdnieScenarioControlService: setUIMode from UI function(2)
10-30 15:33:21.602 707 707 D WifiTrafficPoller: notifyOnDataActivity() - mBusMaxLock.acquire()
10-30 15:33:21.617 707 707 D CustomFrequencyManagerService: releaseDVFSLockLocked : Getting Lock type frm List : DVFS_MIN_LIMIT frequency : 1190400 uid : 1000 pid : 707 tag : AMS_RESUME_TAIL@CPU_MIN@15
10-30 15:33:22.146 707 5451 D SSRM:j : SIOP:: AP = 360, PST = 337 (W:30), BAT = 303, CHG = 0
10-30 15:33:22.158 2027 2262 D NetworkController.MobileSignalController(0/1): onSignalStrengthsChanged signalStrength=SignalStrength: 99 99 -120 -160 -120 -1 -1 31 -67 -7 152 2147483647 2147483647 0x4000 gsm|lte level=4
10-30 15:33:22.158 2027 2262 D NetworkController.MobileSignalController(0/1): getMobileIconGroup(): 13
10-30 15:33:22.516 707 736 D SensorService: [SO] -1.745 4.978 8.115
10-30 15:33:22.604 707 707 D WifiTrafficPoller: notifyOnDataActivity() - mBusMaxLock.acquire()
10-30 15:33:22.678 707 3005 E Watchdog: !@Sync 1944 [2018-10-30 15:33:22.678]
10-30 15:33:23.048 425 484 D DataRouter: After the usb select
10-30 15:33:23.049 425 484 D DataRouter: read usb data[len:1]
10-30 15:33:23.049 425 484 D DataRouter: read usb data message:A
10-30 15:33:23.049 425 484 D DataRouter: Before the usb select
10-30 15:33:23.051 425 484 D DataRouter: After the usb select
10-30 15:33:23.051 425 484 D DataRouter: read usb data[len:2]
10-30 15:33:23.051 425 484 D DataRouter: read usb data message:T+
10-30 15:33:23.052 425 484 D DataRouter: Before the usb select
10-30 15:33:23.052 425 484 D DataRouter: After the usb select
10-30 15:33:23.052 425 484 D DataRouter: read usb data[len:1]
10-30 15:33:23.052 425 484 D DataRouter: read usb data message:C
10-30 15:33:23.052 425 484 D DataRouter: Before the usb select
10-30 15:33:23.053 425 484 D DataRouter: After the usb select
10-30 15:33:23.053 425 484 D DataRouter: read usb data[len:1]
10-30 15:33:23.053 425 484 D DataRouter: read usb data message:I
10-30 15:33:23.053 425 484 D DataRouter: Before the usb select
10-30 15:33:23.054 425 484 D DataRouter: After the usb select
10-30 15:33:23.054 425 484 D DataRouter: read usb data[len:1]
10-30 15:33:23.054 425 484 D DataRouter: read usb data message:N
10-30 15:33:23.054 425 484 D DataRouter: Before the usb select
10-30 15:33:23.055 425 484 D DataRouter: After the usb select
10-30 15:33:23.055 425 484 D DataRouter: read usb data[len:1]
10-30 15:33:23.055 425 484 D DataRouter: read usb data message:D
10-30 15:33:23.055 425 484 D DataRouter: Before the usb select
10-30 15:33:23.056 425 484 D DataRouter: After the usb select
10-30 15:33:23.056 425 484 D DataRouter: read usb data[len:1]
10-30 15:33:23.056 425 484 D DataRouter: read usb data message:?
10-30 15:33:23.056 425 484 D DataRouter: Before the usb select
10-30 15:33:23.057 425 484 D DataRouter: After the usb select
10-30 15:33:23.057 425 484 D DataRouter: read usb data[len:1]
10-30 15:33:23.057 425 484 D DataRouter: read usb data message:
10-30 15:33:23.057 425 484 D DataRouter: Before the usb select
10-30 15:33:23.058 425 1769 D DataRouter: write [32] bytes of data to USB fd[7]
10-30 15:33:23.145 2027 2262 D NetworkController.MobileSignalController(0/1): onSignalStrengthsChanged signalStrength=SignalStrength: 99 99 -120 -160 -120 -1 -1 31 -67 -7 138 2147483647 2147483647 0x4000 gsm|lte level=4
10-30 15:33:23.145 2027 2262 D NetworkController.MobileSignalController(0/1): getMobileIconGroup(): 13
10-30 15:33:23.183 707 736 D SensorService: [SO] 0.133 0.326 9.564
10-30 15:33:23.183 707 736 D SensorService: [SO] [0 -> 255]
10-30 15:33:23.183 707 744 V WindowOrientationListener: OrientationSensorJudge.onSensorChanged, Rotation: -1
10-30 15:33:23.508 707 707 V DeviceStorageMonitorService: restatDataDir : /data= 323393/369824
10-30 15:33:23.509 707 707 V DeviceStorageMonitorService: freeMemory=4386111488
10-30 15:33:23.509 707 707 I DeviceStorageMonitorService: Posting Message again