01-17 14:22:14.526 3315 2719 D bauth_FPBAuthService: FPBAuthService, 1333
01-17 14:22:14.526 3315 2719 D bauth_FPBAuthService: FPBAuthService, 1339
01-17 14:22:14.526 3315 2719 D bauth_FPBAuthService: fpop : 100022
01-17 14:22:14.526 3315 2719 D fingerprintd: onAcquired(10003)
01-17 14:22:14.528 3315 2719 D bauth_FPBAuthService: FPBAuthService, 3557
01-17 14:22:14.528 3768 3768 I FingerprintService: handleAcquired : acquiredInfo=10003
01-17 14:22:14.528 3315 2719 I TLC_BAUTH: Call FP cmd 0x6;1222
01-17 14:22:14.529 3315 2719 I tlc_communication: Send Trustlet TCI Message;214
01-17 14:22:14.529 3315 2719 I tlc_communication: mcNotify is completed;224
01-17 14:22:14.529 3768 5325 D CustomFrequencyManagerService: acquireDVFSLockLocked : type : DVFS_MIN_LIMIT frequency : 1248000 uid : 1000 pid : 3768 pkgName : KEYGUARD_FINGERPRINT_BOOST@1
01-17 14:22:14.531 3768 4054 D PowerManagerService: [api] [s] userActivity : event: 0 flags: 0 (uid: 10005 pid: 4222) eventTime = 126573798
01-17 14:22:14.532 4222 4222 D KeyguardFingerPrint: onAuthenticationAcquired() = 10003
01-17 14:22:14.532 4222 4222 D KeyguardFingerPrint: fingerprint applyBooster
01-17 14:22:14.532 3768 5324 D CustomFrequencyManagerService: releaseDVFSLockLocked : Getting Lock type frm List : DVFS_MIN_LIMIT frequency : 1248000 uid : 1000 pid : 3768 tag : KEYGUARD_FINGERPRINT_BOOST@1
01-17 14:22:14.537 3768 5298 D CustomFrequencyManagerService: acquireDVFSLockLocked : type : DVFS_MIN_LIMIT frequency : 1248000 uid : 1000 pid : 3768 pkgName : KEYGUARD_FINGERPRINT_BOOST@1
01-17 14:22:14.539 3768 5292 D PowerManagerService: [api] [s] userActivity : event: 0 flags: 0 (uid: 10005 pid: 4222) eventTime = 126573806
01-17 14:22:14.573 3768 4072 D ConnectivityService: updateCapabilities: oldCap = [ Transports: WIFI Capabilities: NOT_METERED&INTERNET&NOT_RESTRICTED&TRUSTED&NOT_VPN&VALIDATED LinkUpBandwidth>=1048576Kbps LinkDnBandwidth>=1048576Kbps SignalStrength: -63], newCap = [ Transports: WIFI Capabilities: NOT_METERED&INTERNET&NOT_RESTRICTED&TRUSTED&NOT_VPN LinkUpBandwidth>=1048576Kbps LinkDnBandwidth>=1048576Kbps SignalStrength: -69]
01-17 14:22:14.573 3768 4072 D ConnectivityService: rematching NetworkAgentInfo [WIFI () - 551]
01-17 14:22:14.573 3768 4072 D ConnectivityService: network has: [ Transports: WIFI Capabilities: NOT_METERED&INTERNET&NOT_RESTRICTED&TRUSTED&NOT_VPN&VALIDATED LinkUpBandwidth>=1048576Kbps LinkDnBandwidth>=1048576Kbps SignalStrength: -69]
01-17 14:22:14.573 3768 4072 D ConnectivityService: checking if request is satisfied: NetworkRequest [ id=926, legacyType=-1, [ Capabilities: INTERNET&NOT_RESTRICTED&TRUSTED] ]
01-17 14:22:14.573 3768 4072 D ConnectivityService: checking if request is satisfied: NetworkRequest [ id=627, legacyType=-1, [ Capabilities: INTERNET&NOT_RESTRICTED&TRUSTED] ]
01-17 14:22:14.573 3768 4072 D ConnectivityService: checking if request is satisfied: NetworkRequest [ id=64, legacyType=-1, [ Capabilities: INTERNET&NOT_RESTRICTED&TRUSTED] ]
01-17 14:22:14.573 3768 4072 D ConnectivityService: checking if request is satisfied: NetworkRequest [ id=8, legacyType=-1, [ Transports: WIFI Capabilities: INTERNET&NOT_RESTRICTED&TRUSTED&NOT_VPN] ]
01-17 14:22:14.573 3768 4072 D ConnectivityService: checking if request is satisfied: NetworkRequest [ id=63, legacyType=-1, [ Capabilities: INTERNET&NOT_RESTRICTED&TRUSTED] ]
01-17 14:22:14.573 3768 4072 D ConnectivityService: Network NetworkAgentInfo [WIFI () - 551] was already satisfying request 1. No change.
01-17 14:22:14.574 3768 4072 D ConnectivityService: checking if request is satisfied: NetworkRequest [ id=1252, legacyType=-1, [ Capabilities: INTERNET&NOT_RESTRICTED&TRUSTED] ]
01-17 14:22:14.574 3768 4072 D ConnectivityService: checking if request is satisfied: NetworkRequest [ id=3, legacyType=-1, [] ]
01-17 14:22:14.574 3768 4072 D ConnectivityService: checking if request is satisfied: NetworkRequest [ id=903, legacyType=-1, [ Transports: CELLULAR Capabilities: IMS&TRUSTED&NOT_VPN] ]
01-17 14:22:14.574 3768 4072 D ConnectivityService: checking if request is satisfied: NetworkRequest [ id=5, legacyType=-1, [] ]
01-17 14:22:14.574 3768 4072 D ConnectivityService: checking if request is satisfied: NetworkRequest [ id=628, legacyType=-1, [ Capabilities: INTERNET&NOT_RESTRICTED&TRUSTED] ]
01-17 14:22:14.574 3768 4072 D ConnectivityService: checking if request is satisfied: NetworkRequest [ id=4, legacyType=-1, [ Transports: WIFI Capabilities: INTERNET&NOT_RESTRICTED&TRUSTED&NOT_VPN] ]
01-17 14:22:14.574 3768 4072 D ConnectivityService: checking if request is satisfied: NetworkRequest [ id=9, legacyType=-1, [ Transports: CELLULAR|WIFI Capabilities: NOT_RESTRICTED&TRUSTED&NOT_VPN] ]
01-17 14:22:14.574 3768 4072 D ConnectivityService: checking if request is satisfied: NetworkRequest [ id=787, legacyType=-1, [ Capabilities: INTERNET&NOT_RESTRICTED&TRUSTED] ]
01-17 14:22:14.574 3768 4072 D ConnectivityService: checking if request is satisfied: NetworkRequest [ id=19, legacyType=-1, [ Capabilities: INTERNET&NOT_RESTRICTED&TRUSTED] ]
01-17 14:22:14.574 3768 4072 D ConnectivityService: checking if request is satisfied: NetworkRequest [ id=1250, legacyType=-1, [ Capabilities: INTERNET&NOT_RESTRICTED&TRUSTED] ]
01-17 14:22:14.574 3768 4072 D ConnectivityService: checking if request is satisfied: NetworkRequest [ id=7, legacyType=-1, [ Transports: CELLULAR Capabilities: INTERNET&NOT_RESTRICTED&TRUSTED&NOT_VPN] ]
01-17 14:22:14.574 3768 4072 D ConnectivityService: checking if request is satisfied: NetworkRequest [ id=1210, legacyType=-1, [ Transports: WIFI Capabilities: INTERNET&NOT_RESTRICTED&TRUSTED&NOT_VPN] ]
01-17 14:22:14.574 3768 4072 D ConnectivityService: checking if request is satisfied: NetworkRequest [ id=6, legacyType=-1, [ Transports: WIFI Capabilities: INTERNET&NOT_RESTRICTED&TRUSTED&NOT_VPN] ]
01-17 14:22:14.574 3768 4072 D ConnectivityService: checking if request is satisfied: NetworkRequest [ id=1262, legacyType=-1, [ Capabilities: INTERNET&NOT_RESTRICTED&TRUSTED] ]
01-17 14:22:14.574 3768 4072 D ConnectivityService: checking if request is satisfied: NetworkRequest [ id=639, legacyType=-1, [ Capabilities: INTERNET&NOT_RESTRICTED&TRUSTED&NOT_VPN] ]
01-17 14:22:14.574 3768 4072 D ConnectivityService: checking if request is satisfied: NetworkRequest [ id=1271, legacyType=-1, [ Capabilities: INTERNET&NOT_RESTRICTED&TRUSTED] ]
01-17 14:22:14.574 3768 4072 D ConnectivityService: checking if request is satisfied: NetworkRequest [ id=12, legacyType=-1, [ Transports: WIFI Capabilities: INTERNET&NOT_RESTRICTED&TRUSTED&NOT_VPN] ]
01-17 14:22:14.574 3768 4072 D ConnectivityService: checking if request is satisfied: NetworkRequest [ id=1261, legacyType=-1, [ Capabilities: INTERNET&NOT_RESTRICTED&TRUSTED] ]
01-17 14:22:14.574 3768 4072 D ConnectivityService: checking if request is satisfied: NetworkRequest [ id=1272, legacyType=-1, [ Capabilities: INTERNET&NOT_RESTRICTED&TRUSTED] ]
01-17 14:22:14.574 3768 4072 D ConnectivityService: rematching NetworkAgentInfo [MOBILE (LTE) - 539]
01-17 14:22:14.574 3768 4072 D ConnectivityService: network has: [ Transports: CELLULAR Capabilities: IMS&NOT_METERED&NOT_RESTRICTED&TRUSTED&NOT_VPN&VALIDATED LinkUpBandwidth>=51200Kbps LinkDnBandwidth>=102400Kbps Specifier: <1>]
01-17 14:22:14.574 3768 4072 D ConnectivityService: checking if request is satisfied: NetworkRequest [ id=926, legacyType=-1, [ Capabilities: INTERNET&NOT_RESTRICTED&TRUSTED] ]
01-17 14:22:14.575 4222 4499 D NetworkController: onReceive: intent=Intent { act=android.net.wifi.RSSI_CHANGED flg=0x4000010 launchParam=MultiScreenLaunchParams { mDisplayId=0 mFlags=0 } bqHint=1 (has extras) }
01-17 14:22:14.575 3768 4072 D ConnectivityService: checking if request is satisfied: NetworkRequest [ id=627, legacyType=-1, [ Capabilities: INTERNET&NOT_RESTRICTED&TRUSTED] ]
01-17 14:22:14.575 3768 4072 D ConnectivityService: checking if request is satisfied: NetworkRequest [ id=64, legacyType=-1, [ Capabilities: INTERNET&NOT_RESTRICTED&TRUSTED] ]
01-17 14:22:14.575 3768 4072 D ConnectivityService: checking if request is satisfied: NetworkRequest [ id=8, legacyType=-1, [ Transports: WIFI Capabilities: INTERNET&NOT_RESTRICTED&TRUSTED&NOT_VPN] ]
01-17 14:22:14.575 3768 4072 D ConnectivityService: checking if request is satisfied: NetworkRequest [ id=63, legacyType=-1, [ Capabilities: INTERNET&NOT_RESTRICTED&TRUSTED] ]
01-17 14:22:14.575 3768 4072 D ConnectivityService: checking if request is satisfied: NetworkRequest [ id=1, legacyType=-1, [ Capabilities: INTERNET&NOT_RESTRICTED&TRUSTED&NOT_VPN] ]
01-17 14:22:14.575 3768 4072 D ConnectivityService: checking if request is satisfied: NetworkRequest [ id=1252, legacyType=-1, [ Capabilities: INTERNET&NOT_RESTRICTED&TRUSTED] ]
01-17 14:22:14.575 3768 4072 D ConnectivityService: checking if request is satisfied: NetworkRequest [ id=3, legacyType=-1, [] ]
01-17 14:22:14.575 3768 4072 D ConnectivityService: Network NetworkAgentInfo [MOBILE (LTE) - 539] was already satisfying request 903. No change.
01-17 14:22:14.575 3768 4072 D ConnectivityService: checking if request is satisfied: NetworkRequest [ id=5, legacyType=-1, [] ]
01-17 14:22:14.575 3768 4072 D ConnectivityService: checking if request is satisfied: NetworkRequest [ id=628, legacyType=-1, [ Capabilities: INTERNET&NOT_RESTRICTED&TRUSTED] ]
01-17 14:22:14.575 3768 4072 D ConnectivityService: checking if request is satisfied: NetworkRequest [ id=4, legacyType=-1, [ Transports: WIFI Capabilities: INTERNET&NOT_RESTRICTED&TRUSTED&NOT_VPN] ]
01-17 14:22:14.575 3768 4072 D ConnectivityService: checking if request is satisfied: NetworkRequest [ id=9, legacyType=-1, [ Transports: CELLULAR|WIFI Capabilities: NOT_RESTRICTED&TRUSTED&NOT_VPN] ]
01-17 14:22:14.575 3768 4072 D ConnectivityService: checking if request is satisfied: NetworkRequest [ id=787, legacyType=-1, [ Capabilities: INTERNET&NOT_RESTRICTED&TRUSTED] ]
01-17 14:22:14.575 3768 4072 D ConnectivityService: checking if request is satisfied: NetworkRequest [ id=19, legacyType=-1, [ Capabilities: INTERNET&NOT_RESTRICTED&TRUSTED] ]
01-17 14:22:14.575 3768 4072 D ConnectivityService: checking if request is satisfied: NetworkRequest [ id=1250, legacyType=-1, [ Capabilities: INTERNET&NOT_RESTRICTED&TRUSTED] ]
01-17 14:22:14.575 3768 4072 D ConnectivityService: checking if request is satisfied: NetworkRequest [ id=7, legacyType=-1, [ Transports: CELLULAR Capabilities: INTERNET&NOT_RESTRICTED&TRUSTED&NOT_VPN] ]
01-17 14:22:14.575 3768 4072 D ConnectivityService: checking if request is satisfied: NetworkRequest [ id=1210, legacyType=-1, [ Transports: WIFI Capabilities: INTERNET&NOT_RESTRICTED&TRUSTED&NOT_VPN] ]
01-17 14:22:14.575 3768 4072 D ConnectivityService: checking if request is satisfied: NetworkRequest [ id=6, legacyType=-1, [ Transports: WIFI Capabilities: INTERNET&NOT_RESTRICTED&TRUSTED&NOT_VPN] ]
01-17 14:22:14.575 3768 4072 D ConnectivityService: checking if request is satisfied: NetworkRequest [ id=1262, legacyType=-1, [ Capabilities: INTERNET&NOT_RESTRICTED&TRUSTED] ]
01-17 14:22:14.575 3768 4072 D ConnectivityService: checking if request is satisfied: NetworkRequest [ id=639, legacyType=-1, [ Capabilities: INTERNET&NOT_RESTRICTED&TRUSTED&NOT_VPN] ]
01-17 14:22:14.575 3768 4072 D ConnectivityService: checking if request is satisfied: NetworkRequest [ id=1271, legacyType=-1, [ Capabilities: INTERNET&NOT_RESTRICTED&TRUSTED] ]
01-17 14:22:14.575 3768 4072 D ConnectivityService: checking if request is satisfied: NetworkRequest [ id=12, legacyType=-1, [ Transports: WIFI Capabilities: INTERNET&NOT_RESTRICTED&TRUSTED&NOT_VPN] ]
01-17 14:22:14.576 3768 4072 D ConnectivityService: checking if request is satisfied: NetworkRequest [ id=1261, legacyType=-1, [ Capabilities: INTERNET&NOT_RESTRICTED&TRUSTED] ]
01-17 14:22:14.576 3768 4072 D ConnectivityService: checking if request is satisfied: NetworkRequest [ id=1272, legacyType=-1, [ Capabilities: INTERNET&NOT_RESTRICTED&TRUSTED] ]
01-17 14:22:14.576 3768 4072 D ConnectivityService: notifyType CAP_CHANGED for NetworkAgentInfo [WIFI () - 551]
01-17 14:22:14.576 3768 4072 D ConnectivityService: sending notification for NetworkRequest [ id=1, legacyType=-1, [ Capabilities: INTERNET&NOT_RESTRICTED&TRUSTED&NOT_VPN] ]
01-17 14:22:14.576 3768 4072 D ConnectivityService: sending notification for NetworkRequest [ id=3, legacyType=-1, [] ]
01-17 14:22:14.576 3768 4072 D ConnectivityService: sending notification CAP_CHANGED for NetworkRequest [ id=3, legacyType=-1, [] ]
01-17 14:22:14.577 3768 4072 D ConnectivityService: sending notification for NetworkRequest [ id=4, legacyType=-1, [ Transports: WIFI Capabilities: INTERNET&NOT_RESTRICTED&TRUSTED&NOT_VPN] ]
01-17 14:22:14.577 3768 4072 D ConnectivityService: sending notification CAP_CHANGED for NetworkRequest [ id=4, legacyType=-1, [ Transports: WIFI Capabilities: INTERNET&NOT_RESTRICTED&TRUSTED&NOT_VPN] ]
01-17 14:22:14.577 3768 4072 D ConnectivityService: sending notification for NetworkRequest [ id=5, legacyType=-1, [] ]
01-17 14:22:14.577 3768 4072 D ConnectivityService: sending notification CAP_CHANGED for NetworkRequest [ id=5, legacyType=-1, [] ]
01-17 14:22:14.577 3768 4072 D ConnectivityService: sending notification for NetworkRequest [ id=6, legacyType=-1, [ Transports: WIFI Capabilities: INTERNET&NOT_RESTRICTED&TRUSTED&NOT_VPN] ]
01-17 14:22:14.577 3768 4072 D ConnectivityService: sending notification CAP_CHANGED for NetworkRequest [ id=6, legacyType=-1, [ Transports: WIFI Capabilities: INTERNET&NOT_RESTRICTED&TRUSTED&NOT_VPN] ]
01-17 14:22:14.577 3768 4072 D ConnectivityService: sending notification for NetworkRequest [ id=8, legacyType=-1, [ Transports: WIFI Capabilities: INTERNET&NOT_RESTRICTED&TRUSTED&NOT_VPN] ]
01-17 14:22:14.577 27471 27488 D [ACT]:ao: processing priority = HIGH
01-17 14:22:14.577 3768 4072 D ConnectivityService: sending notification CAP_CHANGED for NetworkRequest [ id=8, legacyType=-1, [ Transports: WIFI Capabilities: INTERNET&NOT_RESTRICTED&TRUSTED&NOT_VPN] ]
01-17 14:22:14.577 3768 4072 D ConnectivityService: sending notification for NetworkRequest [ id=9, legacyType=-1, [ Transports: CELLULAR|WIFI Capabilities: NOT_RESTRICTED&TRUSTED&NOT_VPN] ]
01-17 14:22:14.577 3768 4072 D ConnectivityService: sending notification CAP_CHANGED for NetworkRequest [ id=9, legacyType=-1, [ Transports: CELLULAR|WIFI Capabilities: NOT_RESTRICTED&TRUSTED&NOT_VPN] ]
01-17 14:22:14.577 3768 4072 D ConnectivityService: sending notification for NetworkRequest [ id=12, legacyType=-1, [ Transports: WIFI Capabilities: INTERNET&NOT_RESTRICTED&TRUSTED&NOT_VPN] ]
01-17 14:22:14.577 3768 4072 D ConnectivityService: sending notification CAP_CHANGED for NetworkRequest [ id=12, legacyType=-1, [ Transports: WIFI Capabilities: INTERNET&NOT_RESTRICTED&TRUSTED&NOT_VPN] ]
01-17 14:22:14.577 3768 4072 D ConnectivityService: sending notification for NetworkRequest [ id=19, legacyType=-1, [ Capabilities: INTERNET&NOT_RESTRICTED&TRUSTED] ]
01-17 14:22:14.578 3768 4072 D ConnectivityService: sending notification CAP_CHANGED for NetworkRequest [ id=19, legacyType=-1, [ Capabilities: INTERNET&NOT_RESTRICTED&TRUSTED] ]
01-17 14:22:14.578 3768 4072 D ConnectivityService: sending notification for NetworkRequest [ id=63, legacyType=-1, [ Capabilities: INTERNET&NOT_RESTRICTED&TRUSTED] ]
01-17 14:22:14.578 3768 4072 D ConnectivityService: sending notification CAP_CHANGED for NetworkRequest [ id=63, legacyType=-1, [ Capabilities: INTERNET&NOT_RESTRICTED&TRUSTED] ]
01-17 14:22:14.578 3768 4072 D ConnectivityService: sending notification for NetworkRequest [ id=64, legacyType=-1, [ Capabilities: INTERNET&NOT_RESTRICTED&TRUSTED] ]
01-17 14:22:14.578 3768 4072 D ConnectivityService: sending notification CAP_CHANGED for NetworkRequest [ id=64, legacyType=-1, [ Capabilities: INTERNET&NOT_RESTRICTED&TRUSTED] ]
01-17 14:22:14.578 3768 4072 D ConnectivityService: sending notification for NetworkRequest [ id=627, legacyType=-1, [ Capabilities: INTERNET&NOT_RESTRICTED&TRUSTED] ]
01-17 14:22:14.578 3768 4072 D ConnectivityService: sending notification CAP_CHANGED for NetworkRequest [ id=627, legacyType=-1, [ Capabilities: INTERNET&NOT_RESTRICTED&TRUSTED] ]
01-17 14:22:14.578 3768 4072 D ConnectivityService: sending notification for NetworkRequest [ id=628, legacyType=-1, [ Capabilities: INTERNET&NOT_RESTRICTED&TRUSTED] ]
01-17 14:22:14.578 3768 4072 D ConnectivityService: sending notification CAP_CHANGED for NetworkRequest [ id=628, legacyType=-1, [ Capabilities: INTERNET&NOT_RESTRICTED&TRUSTED] ]
01-17 14:22:14.578 3768 4072 D ConnectivityService: sending notification for NetworkRequest [ id=639, legacyType=-1, [ Capabilities: INTERNET&NOT_RESTRICTED&TRUSTED&NOT_VPN] ]
01-17 14:22:14.579 3768 4072 D ConnectivityService: sending notification CAP_CHANGED for NetworkRequest [ id=639, legacyType=-1, [ Capabilities: INTERNET&NOT_RESTRICTED&TRUSTED&NOT_VPN] ]
01-17 14:22:14.579 3768 4072 D ConnectivityService: sending notification for NetworkRequest [ id=787, legacyType=-1, [ Capabilities: INTERNET&NOT_RESTRICTED&TRUSTED] ]
01-17 14:22:14.579 3768 4072 D ConnectivityService: sending notification CAP_CHANGED for NetworkRequest [ id=787, legacyType=-1, [ Capabilities: INTERNET&NOT_RESTRICTED&TRUSTED] ]
01-17 14:22:14.579 3768 4072 D ConnectivityService: sending notification for NetworkRequest [ id=926, legacyType=-1, [ Capabilities: INTERNET&NOT_RESTRICTED&TRUSTED] ]
01-17 14:22:14.579 3768 4072 D ConnectivityService: sending notification CAP_CHANGED for NetworkRequest [ id=926, legacyType=-1, [ Capabilities: INTERNET&NOT_RESTRICTED&TRUSTED] ]
01-17 14:22:14.579 3768 4072 D ConnectivityService: sending notification for NetworkRequest [ id=1210, legacyType=-1, [ Transports: WIFI Capabilities: INTERNET&NOT_RESTRICTED&TRUSTED&NOT_VPN] ]
01-17 14:22:14.579 3768 4072 D ConnectivityService: sending notification CAP_CHANGED for NetworkRequest [ id=1210, legacyType=-1, [ Transports: WIFI Capabilities: INTERNET&NOT_RESTRICTED&TRUSTED&NOT_VPN] ]
01-17 14:22:14.579 3768 4072 D ConnectivityService: sending notification for NetworkRequest [ id=1250, legacyType=-1, [ Capabilities: INTERNET&NOT_RESTRICTED&TRUSTED] ]
01-17 14:22:14.579 3768 4072 D ConnectivityService: sending notification CAP_CHANGED for NetworkRequest [ id=1250, legacyType=-1, [ Capabilities: INTERNET&NOT_RESTRICTED&TRUSTED] ]
01-17 14:22:14.579 3768 4072 D ConnectivityService: sending notification for NetworkRequest [ id=1252, legacyType=-1, [ Capabilities: INTERNET&NOT_RESTRICTED&TRUSTED] ]
01-17 14:22:14.580 3768 4072 D ConnectivityService: sending notification CAP_CHANGED for NetworkRequest [ id=1252, legacyType=-1, [ Capabilities: INTERNET&NOT_RESTRICTED&TRUSTED] ]
01-17 14:22:14.580 3768 4072 D ConnectivityService: sending notification for NetworkRequest [ id=1261, legacyType=-1, [ Capabilities: INTERNET&NOT_RESTRICTED&TRUSTED] ]
01-17 14:22:14.580 3768 4072 D ConnectivityService: sending notification CAP_CHANGED for NetworkRequest [ id=1261, legacyType=-1, [ Capabilities: INTERNET&NOT_RESTRICTED&TRUSTED] ]
01-17 14:22:14.580 3768 4072 D ConnectivityService: sending notification for NetworkRequest [ id=1262, legacyType=-1, [ Capabilities: INTERNET&NOT_RESTRICTED&TRUSTED] ]
01-17 14:22:14.580 3768 4072 D ConnectivityService: sending notification CAP_CHANGED for NetworkRequest [ id=1262, legacyType=-1, [ Capabilities: INTERNET&NOT_RESTRICTED&TRUSTED] ]
01-17 14:22:14.580 3768 4072 D ConnectivityService: sending notification for NetworkRequest [ id=1271, legacyType=-1, [ Capabilities: INTERNET&NOT_RESTRICTED&TRUSTED] ]
01-17 14:22:14.580 3768 4072 D ConnectivityService: sending notification CAP_CHANGED for NetworkRequest [ id=1271, legacyType=-1, [ Capabilities: INTERNET&NOT_RESTRICTED&TRUSTED] ]
01-17 14:22:14.580 3768 4072 D ConnectivityService: sending notification for NetworkRequest [ id=1272, legacyType=-1, [ Capabilities: INTERNET&NOT_RESTRICTED&TRUSTED] ]
01-17 14:22:14.580 3768 4072 D ConnectivityService: sending notification CAP_CHANGED for NetworkRequest [ id=1272, legacyType=-1, [ Capabilities: INTERNET&NOT_RESTRICTED&TRUSTED] ]
01-17 14:22:14.581 27443 27465 D [ACT]:ao: processing priority = HIGH
01-17 14:22:14.628 4684 2739 D FusedRequestManager_FLP: manageRemoveGmsRequest, remove balanced_power request from com.google.android.googlequicksearchbox through GooglePlayService
01-17 14:22:14.650 3768 5649 D BatteryService: !@BatteryListener : batteryPropertiesChanged!
01-17 14:22:14.650 3768 5649 D BatteryService: level:77, scale:100, status:2, health:2, present:true, voltage: 4077, temperature: 248, technology: Li-ion, AC powered:false, USB powered:true, POGO powered:false, Wireless powered:false, icon:17303682, invalid charger:0, maxChargingCurrent:0, maxChargingVoltage:0, chargeCounter:0
01-17 14:22:14.650 3768 5649 D BatteryService: online:6, current avg:675, charge type:1, power sharing:false, high voltage charger:false, capacity:280000, batterySWSelfDischarging:false, misc_event:0, current_now:118
01-17 14:22:14.650 3768 3768 D BatteryService: Sending ACTION_BATTERY_CHANGED.
01-17 14:22:14.652 3768 3768 V UiModeManager: updateLocked: null action, mDockState=0, category=null
01-17 14:22:14.652 3768 3768 D UiModeManager: updateConfigurationLocked: mDockState=0; mCarMode=false; mNightMode=1; uiMode=17
01-17 14:22:14.652 3768 3768 D GameManagerService: new battery level: 77
01-17 14:22:14.653 4222 4222 D KeyguardUpdateMonitor: received broadcast android.intent.action.BATTERY_CHANGED
01-17 14:22:14.653 4222 4222 D KeyguardUpdateMonitor: handleBatteryUpdate
01-17 14:22:14.655 4222 4222 D PowerUI : priorPlugType = 2 mPlugType = 2
01-17 14:22:14.656 4222 4222 D PowerUI.Notification: showChargingNotice oldChargingType : 1 currentChargingType : 1 oldChargingTime : 3010000 mChargingTime : 2996000
01-17 14:22:14.656 4222 4222 D PowerUI.Notification: showChargingNotification()
01-17 14:22:14.657 4158 4158 V HeadsetService: HeadsetService - Received Intent.ACTION_BATTERY_CHANGED
01-17 14:22:14.657 4158 12859 D HeadsetStateMachine: Disconnected process message: 10, size: 0
01-17 14:22:14.660 3768 5643 D ApplicationPolicy: isStatusBarNotificationAllowedAsUser: packageName = com.android.systemui,userId = -1
01-17 14:22:14.661 4222 4222 D BatteryMeterDrawable: isSomethingChanged - false
01-17 14:22:14.661 4222 4222 D BatteryMeterDrawable: isSomethingChanged - false
01-17 14:22:14.662 4222 4222 D CoverUpdateMonitor: received broadcast android.intent.action.BATTERY_CHANGED
01-17 14:22:14.665 5444 5741 D StreamDBQueue: Promised revision #128206 to queue a new op
01-17 14:22:14.665 5444 5741 D BaseStreamManager: Promised set @ r#128206 for (com.android.systemui,tag=charging_state,id=2131951673,notifKey=-1|com.android.systemui|2131951673|charging_state|10005)
01-17 14:22:14.669 5444 5948 D DynamicBucketRankerImpl: StreamItemId{notifKey=-1|com.android.systemui|2131951673|charging_state|10005, packageName=com.android.systemui, tag=charging_state, id=2131951673, revision=128206, originalRevision=128175, updateCount=29} in bucket #3 (Ongoing)
01-17 14:22:14.669 5444 5948 D WatchStreamDB: com.google.android.clockwork.common.stream.TopLevelStreamItem@4d79bcd ranked at index 0
01-17 14:22:14.669 5444 5948 D NewStreamAdapter: Publishing revision #128206 to adapter clients
01-17 14:22:14.675 5458 5458 E ApplicationPackageManager: checkSettingsForIconTray value : 0
01-17 14:22:14.753 3315 2719 I tlc_communication: mcWaitNotification is completed;237
01-17 14:22:14.753 3315 2719 I TLC_BAUTH: Check the Trustlet return code is completed;1288
01-17 14:22:14.753 3315 2719 D bauth_FPBAuthService: check_opcode status = 2, opcode = 0, func_ret_val = 0, function_status = 1, timeout = 0
01-17 14:22:14.753 3315 2719 D bauth_FPBAuthService: FPBAuthService, 3660
01-17 14:22:14.753 3315 2719 D bauth_FPBAuthService: fpop : 100024
01-17 14:22:14.753 3315 2719 D fingerprintd: onAcquired(10005)
01-17 14:22:14.753 3315 2719 D bauth_FPBAuthService: FPBAuthService, 3715
01-17 14:22:14.753 3315 2719 D bauth_FPBAuthService: fpop : 100010
01-17 14:22:14.753 3315 2719 D fingerprintd: onAuthenticated(fid=3, gid=0)
01-17 14:22:14.753 3768 3768 I FingerprintService: handleAcquired : acquiredInfo=10005
01-17 14:22:14.753 4222 4222 D KeyguardFingerPrint: onAuthenticationAcquired() = 10005
01-17 14:22:14.753 4222 4222 D KeyguardFingerPrint: fingerprint applyBooster
01-17 14:22:14.754 3768 5649 D CustomFrequencyManagerService: releaseDVFSLockLocked : Getting Lock type frm List : DVFS_MIN_LIMIT frequency : 1248000 uid : 1000 pid : 3768 tag : KEYGUARD_FINGERPRINT_BOOST@1
01-17 14:22:14.758 3315 2719 I TLC_BAUTH: Call FP cmd 0xc (46);1557
01-17 14:22:14.759 3768 3768 I FingerprintService: handleAuthenticated : true
01-17 14:22:14.759 3315 2719 I TLC_BAUTH: reqUserID = User_0 | User_0;1614
01-17 14:22:14.759 3315 2719 I tlc_communication: Send Trustlet TCI Message;214
01-17 14:22:14.760 3315 2719 I tlc_communication: mcNotify is completed;224
01-17 14:22:14.761 3768 5705 D CustomFrequencyManagerService: acquireDVFSLockLocked : type : DVFS_MIN_LIMIT frequency : 1248000 uid : 1000 pid : 3768 pkgName : KEYGUARD_FINGERPRINT_BOOST@1
01-17 14:22:14.761 3768 3768 W ContextImpl: Calling a method in the system process without a qualified user: android.app.ContextImpl.sendBroadcast:906 com.android.server.fingerprint.FingerprintService.insertSurveyLog:2043 com.android.server.fingerprint.FingerprintService$10.insertSurveyLog:1171 com.android.server.fingerprint.AuthenticationClient.onAuthenticated:140 com.android.server.fingerprint.FingerprintService.handleAuthenticated:449
01-17 14:22:14.762 3768 3768 I FingerprintService: sendFingerprintBigdata() mSemHqmManager.sendHWParamToHQM !!!
01-17 14:22:14.763 3315 3315 V fingerprintd: stopAuthentication()
01-17 14:22:14.763 3315 3315 D bauth_service: BAuthService, 754
01-17 14:22:14.763 3768 5292 D PowerManagerService: [api] [s] userActivity : event: 0 flags: 0 (uid: 10005 pid: 4222) eventTime = 126574029
01-17 14:22:14.763 3315 3315 D bauth_FPBAuthService: FPBAuthService, 636
01-17 14:22:14.763 3315 3315 D bauth_FPBAuthService: FPBAuthService, 636
01-17 14:22:14.763 3315 3315 D bauth_FPBAuthService: FPBAuthService, 1136
01-17 14:22:14.763 3768 3768 W FingerprintService: stopAuthentication FP_FINISH (1ms) RESULT: 0
01-17 14:22:14.764 3768 3768 W ContextImpl: Calling a method in the system process without a qualified user: android.app.ContextImpl.sendBroadcast:906 com.android.server.fingerprint.FingerprintService.insertSurveyLog:2043 com.android.server.fingerprint.FingerprintService.handleAuthenticated:458 com.android.server.fingerprint.FingerprintService$5$4.run:1430 android.os.Handler.handleCallback:751
01-17 14:22:14.764 4222 4222 D KeyguardFingerPrint: onAuthenticationSucceeded()
01-17 14:22:14.764 3315 2719 I tlc_communication: mcWaitNotification is completed;237
01-17 14:22:14.764 3315 2719 I TLC_BAUTH: Check the Trustlet return code is completed;1665
01-17 14:22:14.764 3315 2719 D bauth_FPBAuthSensorControl: FPBAuthSensorControl, 552
01-17 14:22:14.765 3768 3768 I FingerprintService: sendFingerprintBigdata() mSemHqmManager.sendHWParamToHQM !!!
01-17 14:22:14.776 4947 4947 D io_stats: !@ 8,0 r 8593510 393091524 w 3678663 76482540 d 367792 41407224 f 1097928 1096739 iot 8361140 7423783 th 296480 0 0 pt 0 inp 0 1 126574.042
01-17 14:22:14.783 4222 31763 D KeyguardViewMediator: setKeyguardEnabled(true)
01-17 14:22:14.783 3768 3886 D UsbDeviceManager: setEnabledFunctions functions=mtp,adb, forceRestart=false
01-17 14:22:14.783 3315 2719 D bauth_FPBAuthSensorControl: FPBAuthSensorControl, 552
01-17 14:22:14.783 3315 2719 I TLC_BAUTH: Call FP cmd 0x7;1303
01-17 14:22:14.783 3315 2719 I tlc_communication: Send Trustlet TCI Message;214
01-17 14:22:14.783 3315 2719 I tlc_communication: mcNotify is completed;224
01-17 14:22:14.784 3768 3886 D SecContentProvider: query(), uri = 17 selection = isUsbDebuggingEnabled
01-17 14:22:14.784 3768 3886 D SecContentProvider: called from android.uid.system:1000
01-17 14:22:14.784 3768 3886 D UsbDeviceManager: setEnabledFunctions mtp,adb
01-17 14:22:14.791 3768 5305 E DevicePolicyManagerService: semGetAllowBluetoothMode - value retunrs : 2
01-17 14:22:14.791 4222 4222 D KeyguardBottomAreaShortcutView: UpdateShortcutIcon, th : 1, enable : false, shouldDisableShortcut ? false, mUserSetupComplete ? true
01-17 14:22:14.791 31071 31071 E MtpService: In MTPAPP onReceive:android.app.action.DEVICE_POLICY_MANAGER_STATE_CHANGED
01-17 14:22:14.791 3768 5292 D PackageManager: setEnabledSetting : userId = 0 packageName = com.android.nfc cmp = com.android.nfc.BeamShareActivity newState = 2 callingPackage = 1027
01-17 14:22:14.792 4158 4158 I PanService: Intent IT Policy2, Tethering IT Policy true
01-17 14:22:14.792 3768 4960 E DevicePolicyManagerService: semGetAllowBluetoothMode - value retunrs : 2
01-17 14:22:14.793 4222 4222 V KeyguardBottomAreaShortcutView: onUnlockMethodStateChanged old=false, new=false
01-17 14:22:14.793 4222 4222 D ScrimController: mIsSecure = true
01-17 14:22:14.793 4222 4222 D FingerprintController: onFingerprintAuthenticated userId = 0 mMode = 5 wasDeviceInteractive = true
01-17 14:22:14.793 4222 4222 D KeyguardViewMediator: keyguardDone(true)
01-17 14:22:14.793 3768 5642 D PowerManagerService: [api] [s] userActivity : event: 0 flags: 0 (uid: 10005 pid: 4222) eventTime = 126574060
01-17 14:22:14.794 3768 3768 E ApplicationPackageManager: checkSettingsForIconTray value : 0
01-17 14:22:14.794 3768 3768 E ApplicationPackageManager: checkSettingsForIconTray value : 0
01-17 14:22:14.797 3768 3768 D MountService: mPolicyReceiver ::
01-17 14:22:14.797 3768 5317 D CustomFrequencyManagerService: acquireDVFSLockLocked : type : DVFS_MIN_LIMIT frequency : 1248000 uid : 1000 pid : 3768 pkgName : UNLOCKSCREEN_BOOSTER@2
01-17 14:22:14.797 3768 3768 W MountService: hasDeviceRestriction: storage_itpolicy from_intent true
01-17 14:22:14.797 3768 3768 W MountService: hasDeviceRestriction: check is true
01-17 14:22:14.797 3768 3768 D MountService: ApplyCurrentSdCardPolicy :: false
01-17 14:22:14.797 3768 3768 I WifiDevicePolicyManager: onReceive android.app.action.DEVICE_POLICY_MANAGER_STATE_CHANGED
01-17 14:22:14.797 3768 3768 I WifiDevicePolicyManager: Receive IP Policy Intent - policy changed : false
01-17 14:22:14.797 3768 3768 I WifiDevicePolicyManager: handleSecurityPolicyMHS() allowWifiAp (true)
01-17 14:22:14.797 3768 3768 D Tethering: [ActiveSync] onReceive() ACTION_DEVICE_POLICY_MANAGER_STATE_CHANGED intent
01-17 14:22:14.797 3768 3768 D Tethering: Current userid =0
01-17 14:22:14.798 4222 4222 D KeyguardFingerPrint: reportSuccessfulStrongAuthUnlockAttempt()
01-17 14:22:14.798 3768 3768 D Tethering: [ActiveSync] internet sharing is NOT blocked
01-17 14:22:14.798 3768 3768 D Tethering: [ActiveSync] onReceive() Internet sharing is NOT banned any more.
01-17 14:22:14.798 3768 3768 D PersonaManagerService: Received the DPM state change broadcast
01-17 14:22:14.799 3768 3913 D PersonaManagerService: checkIfAdminHasBeenRemoved(0)
01-17 14:22:14.800 3768 7004 D FingerprintService: getEnrolledFingerprints : userId = 0
01-17 14:22:14.800 4222 4222 D KeyguardFingerPrint: reportSuccessfulStrongAuthUnlockAttempt(canceled mStrongAuthNotTimeOutPendingIntent)
01-17 14:22:14.800 3768 4062 D SamsungAlarmManager: Cancel Alarm calling from uid:10005 pid :4222 / op:PendingIntent{ff1a8e7: PendingIntentRecord{fc9e241 com.android.systemui broadcastIntent}}
01-17 14:22:14.807 4222 4222 D KeyguardViewMediator: handleKeyguardDone
01-17 14:22:14.808 4222 4222 D KeyguardViewMediator: handleHide
01-17 14:22:14.808 4222 4222 D KeyguardViewMediator: keyguardGoingAway
01-17 14:22:14.809 3768 3793 D ActivityManager: resumeTopActivityInnerLocked() : #1 prevTask=null next=ActivityRecord{56740a6d0 u0 com.google.android.apps.docs/.doclist.activity.DocListActivity t15978} mFocusedStack=ActivityStack{9425ef3d0 stackId=1, 6 tasks}
01-17 14:22:14.810 3768 3793 D CustomFrequencyManagerService: acquireDVFSLockLocked : type : DVFS_MIN_LIMIT frequency : 1560000 uid : 1000 pid : 3768 pkgName : AMS_RESUME@CPU_MIN@7
01-17 14:22:14.810 3768 3793 D ActivityManager: mActivityResumeBooster.acquire()
01-17 14:22:14.814 3768 3793 D GameManagerService: sem_perfomance_mode: 0
01-17 14:22:14.814 3768 3768 D GameManagerService: NotifyRunnable. pkg: com.google.android.apps.docs, type: 4, isMinimized: false, isTunableApp: false
01-17 14:22:14.814 3768 3768 D GameManagerService: do nothing. mKillNotiCount: 3
01-17 14:22:14.815 6827 27362 I TrayUsageStatesWatcher: noteResumeComponent : ComponentInfo{com.google.android.apps.docs/com.google.android.apps.docs.doclist.activity.DocListActivity}
01-17 14:22:14.821 3768 3888 D KnoxTimeoutHandler: notifyActivityDrawn [MsgParam] userId: 0 fullscreen is true showWhenlocked is false isMutiwindowRecord is false multiwindowstyle is 1
01-17 14:22:14.821 3768 3768 D KnoxTimeoutHandler: activityDrawn [MsgParam] userId: 0 fullscreen is true showWhenlocked is false isMutiwindowRecord is false multiwindowstyle is 1
01-17 14:22:14.822 3768 3768 I KnoxTimeoutHandler: SD activityfalse
01-17 14:22:14.822 3768 3768 I KnoxTimeoutHandler: Fullscreen and mCurrent is not KNOX user. Hence hide keyguard
01-17 14:22:14.825 4222 4222 D KeyguardFingerPrint: shouldListenForFingerprint ( isFingerprintEnabled = true , mKeyguardIsVisible = true , mDeviceInteractive = true , mBouncer = false , mGoingToSleep = false , mSwitchingUser = false , mFingerprintAlreadyAuthenticated = true , mKeyguardUnlocking = false
01-17 14:22:14.825 3768 3888 V WindowManager: Now policy shown: Window{9c0f571d0 u0 com.google.android.apps.docs/com.google.android.apps.docs.doclist.activity.DocListActivity}
01-17 14:22:14.831 4222 4222 V KeyguardFingerPrint: startListeningForFingerprint()
01-17 14:22:14.836 3768 5325 D FingerprintService: getEnrolledFingerprints : userId = 0
01-17 14:22:14.837 3768 5305 I FingerprintService: cancelAuthentication : token=android.os.BinderProxy@79291e9 from pid=4222, from uid=10005
01-17 14:22:14.838 3768 7004 I FingerprintService: authenticate: groudId=0 from pid=4222
01-17 14:22:14.838 4222 4222 D KeyguardBottomAreaShortcutView: UpdateShortcutIcon, th : 1, enable : false, shouldDisableShortcut ? false, mUserSetupComplete ? true
01-17 14:22:14.838 3315 3315 D bauth_service: BAuthService, 371
01-17 14:22:14.838 3315 3315 D bauth_FPBAuthService: thread id : 1, preenroll_flag : 0, nd cnt : 0
01-17 14:22:14.838 3315 3315 D bauth_service: BAuthService, 390
01-17 14:22:14.838 3768 3768 D FingerprintService: ClientMonitor: 10000000000000000000000000010111
01-17 14:22:14.840 4222 4222 D KeyguardViewMediator: handleStartKeyguardExitAnimation startTime=126574081 fadeoutDuration=430
01-17 14:22:14.840 4222 4222 D PhoneStatusBar: disable: < expand icons* alerts system_info* back HOME RECENT clock SEARCH quick_settings
> 01-17 14:22:14.841 3315 3315 V fingerprintd: authenticate(sid=0, gid=0)
01-17 14:22:14.841 3315 3315 D bauth_service: BAuthService, 324
01-17 14:22:14.841 3315 3315 D bauth_service: BAuthService, 54
01-17 14:22:14.841 3315 3315 D bauth_service: BAuthService, 70
01-17 14:22:14.845 4222 4222 D PhoneStatusBar: setBarState: KGRD -> SHD
01-17 14:22:14.845 3768 4032 D Sensors : M requested delay = 200000000, modified delay = 0
01-17 14:22:14.850 4222 4222 D SensorManager: unregisterListener ::
01-17 14:22:14.851 3315 3315 D bauth_Worker: Worker, 48
01-17 14:22:14.851 3315 3315 D bauth_FPBAuthService: thread id : 1, preenroll_flag : 0, nd cnt : 0
01-17 14:22:14.851 3315 3315 D bauth_service: BAuthService, 365
01-17 14:22:14.851 3315 2719 I tlc_communication: mcWaitNotification is completed;237
01-17 14:22:14.851 3768 3768 W FingerprintService: startAuthentication FP_FINISH (12ms) RESULT: 0
01-17 14:22:14.851 3315 2719 I TLC_BAUTH: Check the Trustlet return code is completed;1353
01-17 14:22:14.851 3315 2719 D bauth_FPBAuthService: FPBAuthService, 1146
01-17 14:22:14.851 3315 2719 D bauth_FPBAuthSensorControl: FPBAuthSensorControl, 432
01-17 14:22:14.852 3315 2719 D bauth_FPBAuthService: FPBAuthService, 1159
01-17 14:22:14.852 3315 2719 I TLC_BAUTH: Call FP cmd 0xa;1504
01-17 14:22:14.852 3315 2719 I tlc_communication: Send Trustlet TCI Message;214
01-17 14:22:14.852 3315 2719 I tlc_communication: mcNotify is completed;224
01-17 14:22:14.866 4222 4534 D Tile.RotationLockTile: onRotationLockStateChangedtrue
01-17 14:22:14.867 4222 4222 D KeyguardWallpaperController: mShowing=false, mOccluded=false, mFadingAway=false, match_parent=true
01-17 14:22:14.867 4222 4222 D WallpaperViewController: mWallpaperView.onPause()
01-17 14:22:14.868 4222 4222 V KeyguardUpdateMonitor: *** unregister callback for com.android.keyguard.CarrierText$1@2d87978
01-17 14:22:14.868 4222 4222 V KeyguardUpdateMonitor: *** unregister callback for com.android.keyguard.EmergencyButton$1@5fe7851
01-17 14:22:14.868 4222 4222 V KeyguardUpdateMonitor: *** unregister callback for com.android.keyguard.KeyguardPinBasedInputView$1@b18badb
01-17 14:22:14.869 4222 4222 V KeyguardUpdateMonitor: *** unregister callback for com.android.keyguard.KeyguardSecurityContainer$1@f3ae765
01-17 14:22:14.869 4222 4222 D KeyguardUpdateMonitor: onKeyguardVisibilityChanged(false)
01-17 14:22:14.869 4222 4534 D TileLifecycleManager: onStartListening
01-17 14:22:14.870 4222 4222 D KeyguardFingerPrint: shouldListenForFingerprint ( isFingerprintEnabled = false , mKeyguardIsVisible = false , mDeviceInteractive = true , mBouncer = false , mGoingToSleep = false , mSwitchingUser = false , mFingerprintAlreadyAuthenticated = false , mKeyguardUnlocking = false
01-17 14:22:14.870 4222 4222 D KeyguardFingerPrint: shouldListenForFingerprint ( fingerprint is not enabled. )
01-17 14:22:14.870 4222 4222 V KeyguardFingerPrint: stopListeningForFingerprint()
01-17 14:22:14.870 3315 2719 I tlc_communication: mcWaitNotification is completed;237
01-17 14:22:14.870 3315 2719 I TLC_BAUTH: Check the Trustlet return code is completed;1540
01-17 14:22:14.870 3315 2719 D bauth_FPBAuthService: FPBAuthService, 3935
01-17 14:22:14.870 3315 2719 D bauth_FPBAuthService: FPBAuthService, 4230
01-17 14:22:14.870 3768 5325 I FingerprintService: cancelAuthentication : token=android.os.BinderProxy@79291e9 from pid=4222, from uid=10005
01-17 14:22:14.870 3315 2719 D : fprc : cc
01-17 14:22:14.870 3315 2719 D bauth_FPBAuthSensorControl: FPBAuthSensorControl, 800
01-17 14:22:14.870 3315 2719 D bauth_FPBAuthSensorControl: FPBAuthSensorControl, 636
01-17 14:22:14.870 3315 2719 D bauth_FPBAuthSensorControl: FPBAuthSensorControl, 644
01-17 14:22:14.870 3768 3768 I FingerprintService: stopPendingClient : CurrentClient = com.android.systemui
01-17 14:22:14.870 4222 4222 D KeyguardUpdateMonitor: sendKeyguardStateUpdated(false, false, false)
01-17 14:22:14.871 3315 3315 V fingerprintd: stopAuthentication()
01-17 14:22:14.871 3315 3315 D bauth_service: BAuthService, 754
01-17 14:22:14.871 3315 3315 D bauth_FPBAuthService: FPBAuthService, 636
01-17 14:22:14.871 3315 3315 D bauth_FPBAuthService: FPBAuthService, 636
01-17 14:22:14.871 3315 3315 D bauth_FPBAuthService: FPBAuthService, 1136
01-17 14:22:14.871 3768 3768 W FingerprintService: stopAuthentication FP_FINISH (1ms) RESULT: 0
01-17 14:22:14.871 27597 27597 D PSMUtils: getCurrentPowerSavingMode: 0
01-17 14:22:14.872 3768 3768 I FingerprintService: ClientMonitor[android.os.BinderProxy@79291e9] : onError : error=5
01-17 14:22:14.872 4222 4222 D KeyguardViewMediator: adjustStatusBarLocked: mShowing=false mOccluded=false isSecure=true --> flags=0x0
01-17 14:22:14.873 3315 2719 D bauth_FPBAuthSensorControl: FPBAuthSensorControl, 552
01-17 14:22:14.873 3315 2719 D bauth_FPBAuthService: FPBAuthService, 1177
01-17 14:22:14.873 3315 2719 D bauth_Worker: Worker, 72
01-17 14:22:14.874 3315 2745 D bauth_FPBAuthService: BAuthSessionOpen Skip
01-17 14:22:14.874 3315 2745 D bauth_FPBAuthService: FPBAuthService, 3368
01-17 14:22:14.874 3315 2745 D bauth_FPBAuthService: wci 0 61
01-17 14:22:14.874 3315 2745 E bauth_FPBAuthService: the current identify thread is already terminated.. crnt = 0 , old = 61
01-17 14:22:14.874 3315 2745 D bauth_FPBAuthService: FPBAuthService, 4230
01-17 14:22:14.874 3315 2745 D : fprc : cc
01-17 14:22:14.874 3315 2745 D bauth_FPBAuthSensorControl: FPBAuthSensorControl, 800
01-17 14:22:14.874 3315 2745 D bauth_FPBAuthSensorControl: FPBAuthSensorControl, 636
01-17 14:22:14.874 3315 2745 D bauth_FPBAuthSensorControl: FPBAuthSensorControl, 644
01-17 14:22:14.874 3315 2745 D bauth_FPBAuthService: FPBAuthService, 1177
01-17 14:22:14.874 3315 2745 D bauth_Worker: Worker, 72
01-17 14:22:14.875 4222 11505 D Tile.CustomTile: updateState : Label = Power
01-17 14:22:14.875 4222 11505 D Tile.CustomTile: saving, State = 1, Icon = Icon(typ=RESOURCE pkg=com.android.settings id=0x7f0203ab)
01-17 14:22:14.875 27629 27629 D AbsListView: viewType is heaer or footer
01-17 14:22:14.875 27629 27629 D AbsListView: viewType is heaer or footer
01-17 14:22:14.876 4222 4222 D KeyguardFingerPrint: setDisableBiometircBySecurityDialog( false )
01-17 14:22:14.878 3768 4959 V WindowManager: Relayout Window{f50537bd0 u0 StatusBar}: viewVisibility=0 req=1080x1920 WM.LayoutParams{(0,0)(fillxfill) gr=#30 sim=#10 ty=2000 fl=#81840048 fmt=-3 vsysui=0x600 naviIconColor=0}
01-17 14:22:14.878 3768 5705 E SdpServiceKeeper: isLicensed {pid:4222 uid:10005 userid:0 doPkg:null}
01-17 14:22:14.878 3768 5705 E SdpServiceKeeper: System app. Skip license activation
01-17 14:22:14.878 3768 2748 D TspStateManagerInternal: update cmd=set_grip_data,1,40,10,10,0
01-17 14:22:14.878 3768 3849 D WindowManager: set systemUiVisibility of statusbar : vis= 0x708
01-17 14:22:14.879 3768 4959 V WindowManager: rotationForOrientationLw(orient=-1, last=0); user=0 USER_ROTATION_LOCKED sensorRotation=-1 mLidState=-1 mDockMode=0 mHdmiPlugged=false
01-17 14:22:14.880 3768 5324 E SdpServiceKeeper: isLicensed {pid:4222 uid:10005 userid:0 doPkg:null}
01-17 14:22:14.880 3768 5324 E SdpServiceKeeper: System app. Skip license activation
01-17 14:22:14.882 3768 4959 D InputDispatcher: Focus left window: 4222
01-17 14:22:14.882 3768 4959 D InputDispatcher: Focus entered window: 27629
01-17 14:22:14.882 3768 4959 D PowerManagerService: [api] setUserActivityTimeoutOverrideFromWindowManagerInternal: timeoutMillis: -1
01-17 14:22:14.882 3768 4959 D PowerManagerService: [s] getScreenOffTimeoutLocked: 4000 -> 30000
01-17 14:22:14.882 3768 4959 D PowerManagerService: [api] setScreenDimDurationOverrideFromWindowManagerInternal: timeoutMillis: -1
01-17 14:22:14.883 3768 4119 D WifiWatchdogStateMachine: [|203] []
01-17 14:22:14.886 4222 4222 W View : requestLayout() improperly called by android.widget.TextView{b72232d V.ED..... ......ID 0,1830-1080,1920 #7f1303c9 app:id/notification_panel_carrier_label} during layout: running second layout pass
01-17 14:22:14.886 4222 4222 I ViewRootImpl@422b422[StatusBar]: requestLayout is already in process
01-17 14:22:14.888 5427 5427 I PeopleStripeVisibilityController: UserPresentBroadcastReceiver : action = android.intent.action.USER_PRESENT
01-17 14:22:14.888 3768 5317 D CoverManagerWhiteLists: isAllowedToUse : SIGNATURE_MATCH
01-17 14:22:14.889 6827 6827 I TrayVisibilityController: UserPresentBroadcastReceiver : action = android.intent.action.USER_PRESENT
01-17 14:22:14.890 5248 2749 D NfcService: call the applyRouting
01-17 14:22:14.890 5248 2749 D NfcService: Screen Cmd value : 3
01-17 14:22:14.891 26887 26887 I SpayFw_TapAndGoPreloadTimer: Action : android.intent.action.USER_PRESENT
01-17 14:22:14.896 3768 3768 D ClientCertificateManager Service: updateLockStatus, user.id 0
01-17 14:22:14.896 3768 3768 I : CCM JNI: In ccm_update_lock_status
01-17 14:22:14.896 3768 3768 I TZ_CCM_C_Initialize: : DEBUG_CONTAINER_PROBLEM Enter TZ_CCM_C_Initialize_TLC!
01-17 14:22:14.896 3768 3768 I TZ_CCM_C_Initialize: : pInitArgs 0x7fc81110b0 has not called C_Init before.
01-17 14:22:14.896 3768 3768 I TZ_CCM_C_Initialize: : &ctx = 0x720112e2c8
01-17 14:22:14.896 3768 3768 E TZ: client_server_communication: comm_request(0x71fed66cc0) pImpl->serverName : CCM
01-17 14:22:14.896 3768 3768 E TZ: client_server_communication: comm_request(0x71fed66cc0) pImpl->sconn : 0x71e6c39480
01-17 14:22:14.896 3768 3768 E TZ: client_server_communication: comm_request(0x71fed66cc0) pImpl->sconn->getInterfaceDescriptor() : CCM
01-17 14:22:14.896 3768 3768 I TZ: client_server_communication: Cmd id = 47, len = 19456
01-17 14:22:14.896 3768 3768 I TZ: client_server_communication: Calling Communicate()
01-17 14:22:14.897 3980 3984 I TLC_SERVER: BnTLCServer::onTransact(2) 16
01-17 14:22:14.897 3980 3984 I TLC_SERVER: COMM
01-17 14:22:14.901 5248 2749 D SecNfcJni: RoutingManager::commitRouting
01-17 14:22:14.901 5248 6795 E SecNfcJni: nfaConnectionCallback: unknown event ????
01-17 14:22:14.901 5248 6795 D SecNfcJni: RoutingManager::nfaEeCallback: NFA_EE_UPDATED_EVT
01-17 14:22:14.901 5248 6795 E SecNfcNfa: nfa_dm_check_set_config () p_stored=-15118881, p_value=-417312400, p_cur_len=-15118880
01-17 14:22:14.901 5248 6795 E SecNfcNfa: nfa_dm_check_set_config () update 2
01-17 14:22:14.903 3768 3768 I TZ_CCM_C_Finalize: : DEBUG_CONTAINER_PROBLEM Exercising TZ_CCM_C_Finalize_TLC
01-17 14:22:14.903 3768 5292 D SdpManagerService: unlock :: Internal... 0
01-17 14:22:14.903 3768 3768 I TZ_CCM_C_Finalize: : There are connections; No C_Finalize for pInitArgs 0x7fc81110b0
01-17 14:22:14.903 3768 5292 D SdpManagerService: SecureUnlock :: User : 0, Type : 1
01-17 14:22:14.903 3768 3768 D UniversalCredentialManagerService: inside mBReciever onReceive : android.intent.action.USER_PRESENT
01-17 14:22:14.903 3768 5292 D SdpManagerService: SecureUnlock :: Quality for user 0 = 196608
01-17 14:22:14.904 3768 5292 D SdpManagerService: SecureUnlock :: Low security level found...!!! 0
01-17 14:22:14.904 3768 5292 D SdpManagerService: unlock :: onDeviceUnLocked from TIMA 0
01-17 14:22:14.907 3768 5292 D TimaService: TIMA3: FipsKeyStore3_init
01-17 14:22:14.907 3768 5292 D TimaService: TIMA: in getTimaVersion
01-17 14:22:14.907 3768 5292 D TimaService: TIMA: in getTimaStatus
01-17 14:22:14.907 3768 5292 D TimaService: TIMA: in getTimaStatus
01-17 14:22:14.907 3768 5292 I TLC_TZ_KEYSTORE: : TZ_KEYSTORE_fips_initialize
01-17 14:22:14.907 3768 5292 I TLC_TZ_KEYSTORE: : creating new keystore context...
01-17 14:22:14.907 3768 5292 I TLC_TZ_KEYSTORE: : initializing ccm context...
01-17 14:22:14.907 3768 5292 I TLC_TZ_KEYSTORE: : root = 0, root_strlen = 1
01-17 14:22:14.907 3768 5292 I TLC_TZ_KEYSTORE: : process = ffffffff000000000000000000000013, process_strlen = 32
01-17 14:22:14.907 3768 5292 I TZ: mc_tlc_communication: input max_sendmsg_size = 1080
01-17 14:22:14.907 3768 5292 I TZ: mc_tlc_communication: input max_recvmsg_size = 1080
01-17 14:22:14.907 3768 5292 I TZ: mc_tlc_communication: root = 0, root_len = 1
01-17 14:22:14.907 3768 5292 I TZ: mc_tlc_communication: process = ffffffff000000000000000000000013, process_strlen = 32
01-17 14:22:14.907 3768 5292 I TZ: mc_tlc_communication: aligned max_sendmsg_size = 1088
01-17 14:22:14.907 3768 5292 I TZ: mc_tlc_communication: aligned max_recvmsg_size = 1088
01-17 14:22:14.907 3768 5292 I TZ: mc_tlc_communication: device_id = 0x0
01-17 14:22:14.907 3768 5292 I TZ: mc_tlc_communication: tlc_open() was called
01-17 14:22:14.907 3768 5292 I TZ: mc_tlc_communication: Opening MobiCore device
01-17 14:22:14.907 3768 5292 I TZ: mc_tlc_communication: Allocating message buffer for TCI
01-17 14:22:14.907 3768 5292 I TZ: mc_tlc_communication: Opening the session
01-17 14:22:14.908 4222 4222 D KeyguardUpdateMonitor: handleKeyguardStateUpdated(Bundle[{timeStamp=1516198934870, occluded=false, bouncerShowing=false, showing=false}])
01-17 14:22:14.909 4222 4222 D KeyguardFingerPrint: onAuthenticationError()
01-17 14:22:14.909 3768 4959 D PowerManagerService: [api] [s] userActivity : event: 0 flags: 0 (uid: 10005 pid: 4222) eventTime = 126574175
01-17 14:22:14.909 4222 2751 D KeyguardUpdateMonitor: broadcasted intent= Intent { act=com.samsung.keyguard.KEYGUARD_STATE_UPDATE launchParam=MultiScreenLaunchParams { mDisplayId=0 mFlags=0 } (has extras) }
01-17 14:22:14.909 4222 4222 D KeyguardFingerPrint: handleFingerprintError( FINGERPRINT_ERROR_CANCELED )
01-17 14:22:14.909 4222 4222 D PhoneStatusBar: disable: < expand icons alerts system_info back home* recent* clock search* quick_settings
> 01-17 14:22:14.910 3768 5291 D DevicePolicyManagerService: PfW getPlayForWorkProxy() 0
01-17 14:22:14.911 4222 4222 D KeyguardBottomAreaShortcutView: UpdateShortcutIcon, th : 1, enable : false, shouldDisableShortcut ? false, mUserSetupComplete ? true
01-17 14:22:14.911 3768 5291 D DevicePolicyManagerService: PfW getPlayForWorkProxy() flags & FLAG_ALLOW_PROXY_FOR_PFW 0
01-17 14:22:14.911 3768 5291 D DevicePolicyManagerService: PfW getPlayForWorkProxy() flag 0 does not allow PfW
01-17 14:22:14.913 4222 4222 V KeyguardBottomAreaShortcutView: onUnlockMethodStateChanged old=false, new=false
01-17 14:22:14.913 4222 4222 D ScrimController: mIsSecure = true
01-17 14:22:14.915 5248 2749 D NfcService: call ListenModeRouting
01-17 14:22:14.915 5248 2749 D NfcService: index : 0
01-17 14:22:14.915 5248 2749 D NfcService: index : 1
01-17 14:22:14.915 5248 2749 D NfcService: index : 2
01-17 14:22:14.918 3768 4020 D FingerprintService: getEnrolledFingerprints : userId = 0
01-17 14:22:14.919 4222 4222 D SwipeDoorsillDetector: reset()com.android.systemui.statusbar.phone.NotificationPanelView.resetViews:812 com.android.systemui.statusbar.phone.PanelBar.collapsePanel:173 com.android.systemui.statusbar.phone.PhoneStatusBar.makeExpandedInvisible:3885 com.android.systemui.statusbar.phone.PhoneStatusBarView$1.run:52
01-17 14:22:14.920 3768 3768 D AccessibilityManagerService: readMagniferWindowEnabledSettingLocked() magniferWindowEnabled = false/ userState.mIsMagniferWindowEnabled = false
01-17 14:22:14.920 3768 3768 D KnoxVpnEngineService: Vpn Receiver : android.intent.action.USER_PRESENT
