01-17 14:21:37.931 3768 3768 D SamsungAlarmManager: setInexact Listener (T:2/F:0/AC:false) 20180117T142428 - CU:1000/CP:3768
01-17 14:21:37.986 3768 4039 D WifiStateMachine: Current network is: "SKY03AE5" , ID is: 1
01-17 14:21:37.986 3768 4072 D ConnectivityService: updateNetworkScore for NetworkAgentInfo [WIFI () - 551] to 60
01-17 14:21:37.986 3768 4072 D ConnectivityService: rematching NetworkAgentInfo [WIFI () - 551]
01-17 14:21:37.986 3768 4072 D ConnectivityService: network has: [ Transports: WIFI Capabilities: NOT_METERED&INTERNET&NOT_RESTRICTED&TRUSTED&NOT_VPN&VALIDATED LinkUpBandwidth>=1048576Kbps LinkDnBandwidth>=1048576Kbps SignalStrength: -64]
01-17 14:21:37.986 3768 4072 D ConnectivityService: checking if request is satisfied: NetworkRequest [ id=926, legacyType=-1, [ Capabilities: INTERNET&NOT_RESTRICTED&TRUSTED] ]
01-17 14:21:37.987 3768 4072 D ConnectivityService: checking if request is satisfied: NetworkRequest [ id=627, legacyType=-1, [ Capabilities: INTERNET&NOT_RESTRICTED&TRUSTED] ]
01-17 14:21:37.987 3768 4072 D ConnectivityService: checking if request is satisfied: NetworkRequest [ id=64, legacyType=-1, [ Capabilities: INTERNET&NOT_RESTRICTED&TRUSTED] ]
01-17 14:21:37.987 3768 4072 D ConnectivityService: checking if request is satisfied: NetworkRequest [ id=8, legacyType=-1, [ Transports: WIFI Capabilities: INTERNET&NOT_RESTRICTED&TRUSTED&NOT_VPN] ]
01-17 14:21:37.987 3768 4072 D ConnectivityService: checking if request is satisfied: NetworkRequest [ id=63, legacyType=-1, [ Capabilities: INTERNET&NOT_RESTRICTED&TRUSTED] ]
01-17 14:21:37.987 3768 4072 D ConnectivityService: Network NetworkAgentInfo [WIFI () - 551] was already satisfying request 1. No change.
01-17 14:21:37.987 3768 4072 D ConnectivityService: checking if request is satisfied: NetworkRequest [ id=1252, legacyType=-1, [ Capabilities: INTERNET&NOT_RESTRICTED&TRUSTED] ]
01-17 14:21:37.987 3768 4072 D ConnectivityService: checking if request is satisfied: NetworkRequest [ id=3, legacyType=-1, [] ]
01-17 14:21:37.987 3768 4072 D ConnectivityService: checking if request is satisfied: NetworkRequest [ id=903, legacyType=-1, [ Transports: CELLULAR Capabilities: IMS&TRUSTED&NOT_VPN] ]
01-17 14:21:37.987 3768 4072 D ConnectivityService: checking if request is satisfied: NetworkRequest [ id=5, legacyType=-1, [] ]
01-17 14:21:37.987 3768 4072 D ConnectivityService: checking if request is satisfied: NetworkRequest [ id=628, legacyType=-1, [ Capabilities: INTERNET&NOT_RESTRICTED&TRUSTED] ]
01-17 14:21:37.987 3768 4072 D ConnectivityService: checking if request is satisfied: NetworkRequest [ id=4, legacyType=-1, [ Transports: WIFI Capabilities: INTERNET&NOT_RESTRICTED&TRUSTED&NOT_VPN] ]
01-17 14:21:37.987 3768 4072 D ConnectivityService: checking if request is satisfied: NetworkRequest [ id=9, legacyType=-1, [ Transports: CELLULAR|WIFI Capabilities: NOT_RESTRICTED&TRUSTED&NOT_VPN] ]
01-17 14:21:37.987 3768 4072 D ConnectivityService: checking if request is satisfied: NetworkRequest [ id=787, legacyType=-1, [ Capabilities: INTERNET&NOT_RESTRICTED&TRUSTED] ]
01-17 14:21:37.987 3768 4072 D ConnectivityService: checking if request is satisfied: NetworkRequest [ id=19, legacyType=-1, [ Capabilities: INTERNET&NOT_RESTRICTED&TRUSTED] ]
01-17 14:21:37.987 3768 4072 D ConnectivityService: checking if request is satisfied: NetworkRequest [ id=1250, legacyType=-1, [ Capabilities: INTERNET&NOT_RESTRICTED&TRUSTED] ]
01-17 14:21:37.987 3768 4072 D ConnectivityService: checking if request is satisfied: NetworkRequest [ id=7, legacyType=-1, [ Transports: CELLULAR Capabilities: INTERNET&NOT_RESTRICTED&TRUSTED&NOT_VPN] ]
01-17 14:21:37.988 3768 4072 D ConnectivityService: checking if request is satisfied: NetworkRequest [ id=1210, legacyType=-1, [ Transports: WIFI Capabilities: INTERNET&NOT_RESTRICTED&TRUSTED&NOT_VPN] ]
01-17 14:21:37.988 3768 4072 D ConnectivityService: checking if request is satisfied: NetworkRequest [ id=6, legacyType=-1, [ Transports: WIFI Capabilities: INTERNET&NOT_RESTRICTED&TRUSTED&NOT_VPN] ]
01-17 14:21:37.988 3768 4072 D ConnectivityService: checking if request is satisfied: NetworkRequest [ id=1262, legacyType=-1, [ Capabilities: INTERNET&NOT_RESTRICTED&TRUSTED] ]
01-17 14:21:37.988 3768 4072 D ConnectivityService: checking if request is satisfied: NetworkRequest [ id=639, legacyType=-1, [ Capabilities: INTERNET&NOT_RESTRICTED&TRUSTED&NOT_VPN] ]
01-17 14:21:37.988 3768 4072 D ConnectivityService: checking if request is satisfied: NetworkRequest [ id=1271, legacyType=-1, [ Capabilities: INTERNET&NOT_RESTRICTED&TRUSTED] ]
01-17 14:21:37.988 3768 4072 D ConnectivityService: checking if request is satisfied: NetworkRequest [ id=12, legacyType=-1, [ Transports: WIFI Capabilities: INTERNET&NOT_RESTRICTED&TRUSTED&NOT_VPN] ]
01-17 14:21:37.988 3768 4072 D ConnectivityService: checking if request is satisfied: NetworkRequest [ id=1261, legacyType=-1, [ Capabilities: INTERNET&NOT_RESTRICTED&TRUSTED] ]
01-17 14:21:37.988 3768 4072 D ConnectivityService: checking if request is satisfied: NetworkRequest [ id=1272, legacyType=-1, [ Capabilities: INTERNET&NOT_RESTRICTED&TRUSTED] ]
01-17 14:21:37.988 3768 4072 D ConnectivityService: rematching NetworkAgentInfo [MOBILE (LTE) - 539]
01-17 14:21:37.988 3768 4072 D ConnectivityService: network has: [ Transports: CELLULAR Capabilities: IMS&NOT_METERED&NOT_RESTRICTED&TRUSTED&NOT_VPN&VALIDATED LinkUpBandwidth>=51200Kbps LinkDnBandwidth>=102400Kbps Specifier: <1>]
01-17 14:21:37.988 3768 4072 D ConnectivityService: checking if request is satisfied: NetworkRequest [ id=926, legacyType=-1, [ Capabilities: INTERNET&NOT_RESTRICTED&TRUSTED] ]
01-17 14:21:37.988 3768 4072 D ConnectivityService: checking if request is satisfied: NetworkRequest [ id=627, legacyType=-1, [ Capabilities: INTERNET&NOT_RESTRICTED&TRUSTED] ]
01-17 14:21:37.989 3768 4072 D ConnectivityService: checking if request is satisfied: NetworkRequest [ id=64, legacyType=-1, [ Capabilities: INTERNET&NOT_RESTRICTED&TRUSTED] ]
01-17 14:21:37.989 3768 4072 D ConnectivityService: checking if request is satisfied: NetworkRequest [ id=8, legacyType=-1, [ Transports: WIFI Capabilities: INTERNET&NOT_RESTRICTED&TRUSTED&NOT_VPN] ]
01-17 14:21:37.989 3768 4072 D ConnectivityService: checking if request is satisfied: NetworkRequest [ id=63, legacyType=-1, [ Capabilities: INTERNET&NOT_RESTRICTED&TRUSTED] ]
01-17 14:21:37.989 3768 4072 D ConnectivityService: checking if request is satisfied: NetworkRequest [ id=1, legacyType=-1, [ Capabilities: INTERNET&NOT_RESTRICTED&TRUSTED&NOT_VPN] ]
01-17 14:21:37.989 3768 4072 D ConnectivityService: checking if request is satisfied: NetworkRequest [ id=1252, legacyType=-1, [ Capabilities: INTERNET&NOT_RESTRICTED&TRUSTED] ]
01-17 14:21:37.989 3768 4072 D ConnectivityService: checking if request is satisfied: NetworkRequest [ id=3, legacyType=-1, [] ]
01-17 14:21:37.989 3768 4072 D ConnectivityService: Network NetworkAgentInfo [MOBILE (LTE) - 539] was already satisfying request 903. No change.
01-17 14:21:37.989 3768 4072 D ConnectivityService: checking if request is satisfied: NetworkRequest [ id=5, legacyType=-1, [] ]
01-17 14:21:37.989 3768 4072 D ConnectivityService: checking if request is satisfied: NetworkRequest [ id=628, legacyType=-1, [ Capabilities: INTERNET&NOT_RESTRICTED&TRUSTED] ]
01-17 14:21:37.989 3768 4072 D ConnectivityService: checking if request is satisfied: NetworkRequest [ id=4, legacyType=-1, [ Transports: WIFI Capabilities: INTERNET&NOT_RESTRICTED&TRUSTED&NOT_VPN] ]
01-17 14:21:37.989 3768 4072 D ConnectivityService: checking if request is satisfied: NetworkRequest [ id=9, legacyType=-1, [ Transports: CELLULAR|WIFI Capabilities: NOT_RESTRICTED&TRUSTED&NOT_VPN] ]
01-17 14:21:37.989 3768 4072 D ConnectivityService: checking if request is satisfied: NetworkRequest [ id=787, legacyType=-1, [ Capabilities: INTERNET&NOT_RESTRICTED&TRUSTED] ]
01-17 14:21:37.989 3768 4072 D ConnectivityService: checking if request is satisfied: NetworkRequest [ id=19, legacyType=-1, [ Capabilities: INTERNET&NOT_RESTRICTED&TRUSTED] ]
01-17 14:21:37.989 3768 4072 D ConnectivityService: checking if request is satisfied: NetworkRequest [ id=1250, legacyType=-1, [ Capabilities: INTERNET&NOT_RESTRICTED&TRUSTED] ]
01-17 14:21:37.989 3768 4072 D ConnectivityService: checking if request is satisfied: NetworkRequest [ id=7, legacyType=-1, [ Transports: CELLULAR Capabilities: INTERNET&NOT_RESTRICTED&TRUSTED&NOT_VPN] ]
01-17 14:21:37.989 3768 4072 D ConnectivityService: checking if request is satisfied: NetworkRequest [ id=1210, legacyType=-1, [ Transports: WIFI Capabilities: INTERNET&NOT_RESTRICTED&TRUSTED&NOT_VPN] ]
01-17 14:21:37.990 3768 4072 D ConnectivityService: checking if request is satisfied: NetworkRequest [ id=6, legacyType=-1, [ Transports: WIFI Capabilities: INTERNET&NOT_RESTRICTED&TRUSTED&NOT_VPN] ]
01-17 14:21:37.990 3768 4072 D ConnectivityService: checking if request is satisfied: NetworkRequest [ id=1262, legacyType=-1, [ Capabilities: INTERNET&NOT_RESTRICTED&TRUSTED] ]
01-17 14:21:37.990 3768 4072 D ConnectivityService: checking if request is satisfied: NetworkRequest [ id=639, legacyType=-1, [ Capabilities: INTERNET&NOT_RESTRICTED&TRUSTED&NOT_VPN] ]
01-17 14:21:37.990 3768 4072 D ConnectivityService: checking if request is satisfied: NetworkRequest [ id=1271, legacyType=-1, [ Capabilities: INTERNET&NOT_RESTRICTED&TRUSTED] ]
01-17 14:21:37.990 3768 4072 D ConnectivityService: checking if request is satisfied: NetworkRequest [ id=12, legacyType=-1, [ Transports: WIFI Capabilities: INTERNET&NOT_RESTRICTED&TRUSTED&NOT_VPN] ]
01-17 14:21:37.990 3768 4072 D ConnectivityService: checking if request is satisfied: NetworkRequest [ id=1261, legacyType=-1, [ Capabilities: INTERNET&NOT_RESTRICTED&TRUSTED] ]
01-17 14:21:37.990 3768 4072 D ConnectivityService: checking if request is satisfied: NetworkRequest [ id=1272, legacyType=-1, [ Capabilities: INTERNET&NOT_RESTRICTED&TRUSTED] ]
01-17 14:21:37.990 3768 4072 D ConnectivityService: sending new Min Network Score(100): NetworkRequest [ id=1, legacyType=-1, [ Capabilities: INTERNET&NOT_RESTRICTED&TRUSTED&NOT_VPN] ]
01-17 14:21:37.992 3768 4035 D WIFI_P2P: new score 100 for exisiting request NetworkRequest [ id=1, legacyType=-1, [ Capabilities: INTERNET&NOT_RESTRICTED&TRUSTED&NOT_VPN] ]
01-17 14:21:37.992 3768 4035 D WIFI_P2P: my score=60, my filter=[ Transports: WIFI Capabilities: WIFI_P2P&NOT_RESTRICTED&TRUSTED&NOT_VPN LinkUpBandwidth>=1048576Kbps LinkDnBandwidth>=1048576Kbps]
01-17 14:21:37.992 3768 4035 D WIFI_P2P: evalRequest
01-17 14:21:37.992 3768 4035 D WIFI_P2P: done
01-17 14:21:37.993 3768 4039 D WIFI : new score 100 for exisiting request NetworkRequest [ id=1, legacyType=-1, [ Capabilities: INTERNET&NOT_RESTRICTED&TRUSTED&NOT_VPN] ]
01-17 14:21:37.993 3768 4039 D WIFI : my score=60, my filter=[ Transports: WIFI Capabilities: NOT_METERED&INTERNET&NOT_RESTRICTED&TRUSTED&NOT_VPN LinkUpBandwidth>=1048576Kbps LinkDnBandwidth>=1048576Kbps]
01-17 14:21:37.993 3768 4039 D WIFI : evalRequest
01-17 14:21:37.993 3768 4039 D WIFI : done
01-17 14:21:37.993 3768 4125 D Ethernet: new score 100 for exisiting request NetworkRequest [ id=1, legacyType=-1, [ Capabilities: INTERNET&NOT_RESTRICTED&TRUSTED&NOT_VPN] ]
01-17 14:21:37.993 3768 4125 D Ethernet: my score=-1, my filter=[ Transports: ETHERNET Capabilities: INTERNET&NOT_RESTRICTED&TRUSTED&NOT_VPN LinkUpBandwidth>=100000Kbps LinkDnBandwidth>=100000Kbps]
01-17 14:21:37.994 3768 4125 D Ethernet: evalRequest
01-17 14:21:37.994 3768 4125 D Ethernet: done
01-17 14:21:37.994 3768 4039 D WIFI_UT : new score 100 for exisiting request NetworkRequest [ id=1, legacyType=-1, [ Capabilities: INTERNET&NOT_RESTRICTED&TRUSTED&NOT_VPN] ]
01-17 14:21:37.995 3768 4039 D WIFI_UT : my score=2147483647, my filter=[ Transports: WIFI Capabilities: NOT_METERED&INTERNET&NOT_RESTRICTED&TRUSTED&NOT_VPN LinkUpBandwidth>=1048576Kbps LinkDnBandwidth>=1048576Kbps]
01-17 14:21:37.995 3768 4039 D WIFI_UT : evalRequest
01-17 14:21:37.995 3768 4039 D WIFI_UT : done
01-17 14:21:37.998 4145 4145 D PhoneSwitcherNetworkRequstListener: new score 100 for exisiting request NetworkRequest [ id=1, legacyType=-1, [ Capabilities: INTERNET&NOT_RESTRICTED&TRUSTED&NOT_VPN] ]
01-17 14:21:37.998 4145 4145 D PhoneSwitcherNetworkRequstListener: my score=101, my filter=[ Transports: CELLULAR Capabilities: MMS&SUPL&DUN&FOTA&IMS&CBS&IA&RCS&XCAP&EIMS&INTERNET&NOT_RESTRICTED&TRUSTED&NOT_VPN&ENT1 Specifier: <*>]
01-17 14:21:37.998 4145 4145 D PhoneSwitcherNetworkRequstListener: evalRequest
01-17 14:21:37.998 4145 4145 D PhoneSwitcherNetworkRequstListener: done
01-17 14:21:38.115 3768 3847 D SamsungAlarmManager: setExact Listener (T:2/F:0/AC:false) 20180117T142148 - CU:1000/CP:3768
01-17 14:21:38.116 3768 3847 I SamsungAlarmManager: setLocked to kernel - T:2 / 20180117T142148, SetElapsed=306918550, nowELAPSED=306908614
01-17 14:21:38.284 3768 3779 I art : Background sticky concurrent mark sweep GC freed 132496(15MB) AllocSpace objects, 5(496KB) LOS objects, 12% free, 71MB/81MB, paused 4.032ms total 101.448ms
01-17 14:21:38.577 27471 27488 D [ACT]:ao: processing priority = HIGH
01-17 14:21:38.580 27443 27465 D [ACT]:ao: processing priority = HIGH
01-17 14:21:39.747 4947 4947 D io_stats: !@ 8,0 r 8593334 393083596 w 3678335 76476812 d 367757 41405944 f 1097832 1096643 iot 8360510 7423210 th 302924 0 0 pt 0 inp 0 0 126539.013
01-17 14:21:40.577 27471 27488 D [ACT]:ao: processing priority = NORMAL
01-17 14:21:40.580 27443 27465 D [ACT]:ao: processing priority = NORMAL
01-17 14:21:40.939 3768 4122 D WifiWatchdogStateMachine: [|1] []
01-17 14:21:41.119 3768 4039 D WifiStateMachine: Current network is: "SKY03AE5" , ID is: 1
01-17 14:21:41.120 3768 4072 D ConnectivityService: updateNetworkScore for NetworkAgentInfo [WIFI () - 551] to 56
01-17 14:21:41.120 3768 4072 D ConnectivityService: rematching NetworkAgentInfo [WIFI () - 551]
01-17 14:21:41.120 3768 4072 D ConnectivityService: network has: [ Transports: WIFI Capabilities: NOT_METERED&INTERNET&NOT_RESTRICTED&TRUSTED&NOT_VPN&VALIDATED LinkUpBandwidth>=1048576Kbps LinkDnBandwidth>=1048576Kbps SignalStrength: -64]
01-17 14:21:41.121 3768 4072 D ConnectivityService: checking if request is satisfied: NetworkRequest [ id=926, legacyType=-1, [ Capabilities: INTERNET&NOT_RESTRICTED&TRUSTED] ]
01-17 14:21:41.121 3768 4072 D ConnectivityService: checking if request is satisfied: NetworkRequest [ id=627, legacyType=-1, [ Capabilities: INTERNET&NOT_RESTRICTED&TRUSTED] ]
01-17 14:21:41.121 3768 4072 D ConnectivityService: checking if request is satisfied: NetworkRequest [ id=64, legacyType=-1, [ Capabilities: INTERNET&NOT_RESTRICTED&TRUSTED] ]
01-17 14:21:41.122 3768 4072 D ConnectivityService: checking if request is satisfied: NetworkRequest [ id=8, legacyType=-1, [ Transports: WIFI Capabilities: INTERNET&NOT_RESTRICTED&TRUSTED&NOT_VPN] ]
01-17 14:21:41.122 3768 4072 D ConnectivityService: checking if request is satisfied: NetworkRequest [ id=63, legacyType=-1, [ Capabilities: INTERNET&NOT_RESTRICTED&TRUSTED] ]
01-17 14:21:41.122 3768 4072 D ConnectivityService: Network NetworkAgentInfo [WIFI () - 551] was already satisfying request 1. No change.
01-17 14:21:41.122 3768 4072 D ConnectivityService: checking if request is satisfied: NetworkRequest [ id=1252, legacyType=-1, [ Capabilities: INTERNET&NOT_RESTRICTED&TRUSTED] ]
01-17 14:21:41.122 3768 4072 D ConnectivityService: checking if request is satisfied: NetworkRequest [ id=3, legacyType=-1, [] ]
01-17 14:21:41.123 3768 4072 D ConnectivityService: checking if request is satisfied: NetworkRequest [ id=903, legacyType=-1, [ Transports: CELLULAR Capabilities: IMS&TRUSTED&NOT_VPN] ]
01-17 14:21:41.123 3768 4072 D ConnectivityService: checking if request is satisfied: NetworkRequest [ id=5, legacyType=-1, [] ]
01-17 14:21:41.123 3768 4072 D ConnectivityService: checking if request is satisfied: NetworkRequest [ id=628, legacyType=-1, [ Capabilities: INTERNET&NOT_RESTRICTED&TRUSTED] ]
01-17 14:21:41.124 3768 4072 D ConnectivityService: checking if request is satisfied: NetworkRequest [ id=4, legacyType=-1, [ Transports: WIFI Capabilities: INTERNET&NOT_RESTRICTED&TRUSTED&NOT_VPN] ]
01-17 14:21:41.124 3768 4072 D ConnectivityService: checking if request is satisfied: NetworkRequest [ id=9, legacyType=-1, [ Transports: CELLULAR|WIFI Capabilities: NOT_RESTRICTED&TRUSTED&NOT_VPN] ]
01-17 14:21:41.124 3768 4072 D ConnectivityService: checking if request is satisfied: NetworkRequest [ id=787, legacyType=-1, [ Capabilities: INTERNET&NOT_RESTRICTED&TRUSTED] ]
01-17 14:21:41.125 3768 4072 D ConnectivityService: checking if request is satisfied: NetworkRequest [ id=19, legacyType=-1, [ Capabilities: INTERNET&NOT_RESTRICTED&TRUSTED] ]
01-17 14:21:41.125 3768 4072 D ConnectivityService: checking if request is satisfied: NetworkRequest [ id=1250, legacyType=-1, [ Capabilities: INTERNET&NOT_RESTRICTED&TRUSTED] ]
01-17 14:21:41.125 3768 4072 D ConnectivityService: checking if request is satisfied: NetworkRequest [ id=7, legacyType=-1, [ Transports: CELLULAR Capabilities: INTERNET&NOT_RESTRICTED&TRUSTED&NOT_VPN] ]
01-17 14:21:41.125 3768 4072 D ConnectivityService: checking if request is satisfied: NetworkRequest [ id=1210, legacyType=-1, [ Transports: WIFI Capabilities: INTERNET&NOT_RESTRICTED&TRUSTED&NOT_VPN] ]
01-17 14:21:41.126 3768 4072 D ConnectivityService: checking if request is satisfied: NetworkRequest [ id=6, legacyType=-1, [ Transports: WIFI Capabilities: INTERNET&NOT_RESTRICTED&TRUSTED&NOT_VPN] ]
01-17 14:21:41.126 3768 4072 D ConnectivityService: checking if request is satisfied: NetworkRequest [ id=1262, legacyType=-1, [ Capabilities: INTERNET&NOT_RESTRICTED&TRUSTED] ]
01-17 14:21:41.126 3768 4072 D ConnectivityService: checking if request is satisfied: NetworkRequest [ id=639, legacyType=-1, [ Capabilities: INTERNET&NOT_RESTRICTED&TRUSTED&NOT_VPN] ]
01-17 14:21:41.126 3768 4072 D ConnectivityService: checking if request is satisfied: NetworkRequest [ id=1271, legacyType=-1, [ Capabilities: INTERNET&NOT_RESTRICTED&TRUSTED] ]
01-17 14:21:41.127 3768 4072 D ConnectivityService: checking if request is satisfied: NetworkRequest [ id=12, legacyType=-1, [ Transports: WIFI Capabilities: INTERNET&NOT_RESTRICTED&TRUSTED&NOT_VPN] ]
01-17 14:21:41.127 3768 4072 D ConnectivityService: checking if request is satisfied: NetworkRequest [ id=1261, legacyType=-1, [ Capabilities: INTERNET&NOT_RESTRICTED&TRUSTED] ]
01-17 14:21:41.127 3768 4072 D ConnectivityService: checking if request is satisfied: NetworkRequest [ id=1272, legacyType=-1, [ Capabilities: INTERNET&NOT_RESTRICTED&TRUSTED] ]
01-17 14:21:41.127 3768 4072 D ConnectivityService: rematching NetworkAgentInfo [MOBILE (LTE) - 539]
01-17 14:21:41.128 3768 4072 D ConnectivityService: network has: [ Transports: CELLULAR Capabilities: IMS&NOT_METERED&NOT_RESTRICTED&TRUSTED&NOT_VPN&VALIDATED LinkUpBandwidth>=51200Kbps LinkDnBandwidth>=102400Kbps Specifier: <1>]
01-17 14:21:41.128 3768 4072 D ConnectivityService: checking if request is satisfied: NetworkRequest [ id=926, legacyType=-1, [ Capabilities: INTERNET&NOT_RESTRICTED&TRUSTED] ]
01-17 14:21:41.128 3768 4072 D ConnectivityService: checking if request is satisfied: NetworkRequest [ id=627, legacyType=-1, [ Capabilities: INTERNET&NOT_RESTRICTED&TRUSTED] ]
01-17 14:21:41.128 3768 4072 D ConnectivityService: checking if request is satisfied: NetworkRequest [ id=64, legacyType=-1, [ Capabilities: INTERNET&NOT_RESTRICTED&TRUSTED] ]
01-17 14:21:41.129 3768 4072 D ConnectivityService: checking if request is satisfied: NetworkRequest [ id=8, legacyType=-1, [ Transports: WIFI Capabilities: INTERNET&NOT_RESTRICTED&TRUSTED&NOT_VPN] ]
01-17 14:21:41.129 3768 4072 D ConnectivityService: checking if request is satisfied: NetworkRequest [ id=63, legacyType=-1, [ Capabilities: INTERNET&NOT_RESTRICTED&TRUSTED] ]
01-17 14:21:41.129 3768 4072 D ConnectivityService: checking if request is satisfied: NetworkRequest [ id=1, legacyType=-1, [ Capabilities: INTERNET&NOT_RESTRICTED&TRUSTED&NOT_VPN] ]
01-17 14:21:41.129 3768 4072 D ConnectivityService: checking if request is satisfied: NetworkRequest [ id=1252, legacyType=-1, [ Capabilities: INTERNET&NOT_RESTRICTED&TRUSTED] ]
01-17 14:21:41.129 3768 4072 D ConnectivityService: checking if request is satisfied: NetworkRequest [ id=3, legacyType=-1, [] ]
01-17 14:21:41.129 3768 4072 D ConnectivityService: Network NetworkAgentInfo [MOBILE (LTE) - 539] was already satisfying request 903. No change.
01-17 14:21:41.130 3768 4072 D ConnectivityService: checking if request is satisfied: NetworkRequest [ id=5, legacyType=-1, [] ]
01-17 14:21:41.130 3768 4072 D ConnectivityService: checking if request is satisfied: NetworkRequest [ id=628, legacyType=-1, [ Capabilities: INTERNET&NOT_RESTRICTED&TRUSTED] ]
01-17 14:21:41.130 3768 4072 D ConnectivityService: checking if request is satisfied: NetworkRequest [ id=4, legacyType=-1, [ Transports: WIFI Capabilities: INTERNET&NOT_RESTRICTED&TRUSTED&NOT_VPN] ]
01-17 14:21:41.130 3768 4072 D ConnectivityService: checking if request is satisfied: NetworkRequest [ id=9, legacyType=-1, [ Transports: CELLULAR|WIFI Capabilities: NOT_RESTRICTED&TRUSTED&NOT_VPN] ]
01-17 14:21:41.130 3768 4072 D ConnectivityService: checking if request is satisfied: NetworkRequest [ id=787, legacyType=-1, [ Capabilities: INTERNET&NOT_RESTRICTED&TRUSTED] ]
01-17 14:21:41.131 3768 4072 D ConnectivityService: checking if request is satisfied: NetworkRequest [ id=19, legacyType=-1, [ Capabilities: INTERNET&NOT_RESTRICTED&TRUSTED] ]
01-17 14:21:41.131 3768 4072 D ConnectivityService: checking if request is satisfied: NetworkRequest [ id=1250, legacyType=-1, [ Capabilities: INTERNET&NOT_RESTRICTED&TRUSTED] ]
01-17 14:21:41.131 3768 4072 D ConnectivityService: checking if request is satisfied: NetworkRequest [ id=7, legacyType=-1, [ Transports: CELLULAR Capabilities: INTERNET&NOT_RESTRICTED&TRUSTED&NOT_VPN] ]
01-17 14:21:41.131 3768 4072 D ConnectivityService: checking if request is satisfied: NetworkRequest [ id=1210, legacyType=-1, [ Transports: WIFI Capabilities: INTERNET&NOT_RESTRICTED&TRUSTED&NOT_VPN] ]
01-17 14:21:41.132 3768 4072 D ConnectivityService: checking if request is satisfied: NetworkRequest [ id=6, legacyType=-1, [ Transports: WIFI Capabilities: INTERNET&NOT_RESTRICTED&TRUSTED&NOT_VPN] ]
01-17 14:21:41.132 3768 4072 D ConnectivityService: checking if request is satisfied: NetworkRequest [ id=1262, legacyType=-1, [ Capabilities: INTERNET&NOT_RESTRICTED&TRUSTED] ]
01-17 14:21:41.132 3768 4072 D ConnectivityService: checking if request is satisfied: NetworkRequest [ id=639, legacyType=-1, [ Capabilities: INTERNET&NOT_RESTRICTED&TRUSTED&NOT_VPN] ]
01-17 14:21:41.132 3768 4072 D ConnectivityService: checking if request is satisfied: NetworkRequest [ id=1271, legacyType=-1, [ Capabilities: INTERNET&NOT_RESTRICTED&TRUSTED] ]
01-17 14:21:41.133 3768 4072 D ConnectivityService: checking if request is satisfied: NetworkRequest [ id=12, legacyType=-1, [ Transports: WIFI Capabilities: INTERNET&NOT_RESTRICTED&TRUSTED&NOT_VPN] ]
01-17 14:21:41.133 3768 4072 D ConnectivityService: checking if request is satisfied: NetworkRequest [ id=1261, legacyType=-1, [ Capabilities: INTERNET&NOT_RESTRICTED&TRUSTED] ]
01-17 14:21:41.134 3768 4072 D ConnectivityService: checking if request is satisfied: NetworkRequest [ id=1272, legacyType=-1, [ Capabilities: INTERNET&NOT_RESTRICTED&TRUSTED] ]
01-17 14:21:41.134 3768 4072 D ConnectivityService: sending new Min Network Score(100): NetworkRequest [ id=1, legacyType=-1, [ Capabilities: INTERNET&NOT_RESTRICTED&TRUSTED&NOT_VPN] ]
01-17 14:21:41.136 3768 4035 D WIFI_P2P: new score 100 for exisiting request NetworkRequest [ id=1, legacyType=-1, [ Capabilities: INTERNET&NOT_RESTRICTED&TRUSTED&NOT_VPN] ]
01-17 14:21:41.136 3768 4035 D WIFI_P2P: my score=60, my filter=[ Transports: WIFI Capabilities: WIFI_P2P&NOT_RESTRICTED&TRUSTED&NOT_VPN LinkUpBandwidth>=1048576Kbps LinkDnBandwidth>=1048576Kbps]
01-17 14:21:41.136 3768 4035 D WIFI_P2P: evalRequest
01-17 14:21:41.136 3768 4035 D WIFI_P2P: done
01-17 14:21:41.141 3768 4039 D WIFI : new score 100 for exisiting request NetworkRequest [ id=1, legacyType=-1, [ Capabilities: INTERNET&NOT_RESTRICTED&TRUSTED&NOT_VPN] ]
01-17 14:21:41.142 3768 4039 D WIFI : my score=60, my filter=[ Transports: WIFI Capabilities: NOT_METERED&INTERNET&NOT_RESTRICTED&TRUSTED&NOT_VPN LinkUpBandwidth>=1048576Kbps LinkDnBandwidth>=1048576Kbps]
01-17 14:21:41.142 3768 4039 D WIFI : evalRequest
01-17 14:21:41.142 3768 4039 D WIFI : done
01-17 14:21:41.142 3768 4039 D WIFI_UT : new score 100 for exisiting request NetworkRequest [ id=1, legacyType=-1, [ Capabilities: INTERNET&NOT_RESTRICTED&TRUSTED&NOT_VPN] ]
01-17 14:21:41.142 3768 4039 D WIFI_UT : my score=2147483647, my filter=[ Transports: WIFI Capabilities: NOT_METERED&INTERNET&NOT_RESTRICTED&TRUSTED&NOT_VPN LinkUpBandwidth>=1048576Kbps LinkDnBandwidth>=1048576Kbps]
01-17 14:21:41.142 3768 4039 D WIFI_UT : evalRequest
01-17 14:21:41.142 3768 4039 D WIFI_UT : done
01-17 14:21:41.143 3768 4125 D Ethernet: new score 100 for exisiting request NetworkRequest [ id=1, legacyType=-1, [ Capabilities: INTERNET&NOT_RESTRICTED&TRUSTED&NOT_VPN] ]
01-17 14:21:41.144 3768 4125 D Ethernet: my score=-1, my filter=[ Transports: ETHERNET Capabilities: INTERNET&NOT_RESTRICTED&TRUSTED&NOT_VPN LinkUpBandwidth>=100000Kbps LinkDnBandwidth>=100000Kbps]
01-17 14:21:41.144 3768 4125 D Ethernet: evalRequest
01-17 14:21:41.144 3768 4125 D Ethernet: done
01-17 14:21:41.144 4145 4145 D PhoneSwitcherNetworkRequstListener: new score 100 for exisiting request NetworkRequest [ id=1, legacyType=-1, [ Capabilities: INTERNET&NOT_RESTRICTED&TRUSTED&NOT_VPN] ]
01-17 14:21:41.146 4145 4145 D PhoneSwitcherNetworkRequstListener: my score=101, my filter=[ Transports: CELLULAR Capabilities: MMS&SUPL&DUN&FOTA&IMS&CBS&IA&RCS&XCAP&EIMS&INTERNET&NOT_RESTRICTED&TRUSTED&NOT_VPN&ENT1 Specifier: <*>]
01-17 14:21:41.146 4145 4145 D PhoneSwitcherNetworkRequstListener: evalRequest
01-17 14:21:41.146 4145 4145 D PhoneSwitcherNetworkRequstListener: done
01-17 14:21:41.251 3768 4121 D WifiWatchdogStateMachine.QualitySocketHandler: response code: 204
01-17 14:21:41.253 3768 4121 W ContextImpl: Calling a method in the system process without a qualified user: android.app.ContextImpl.sendBroadcast:906 com.android.server.wifi.WifiWatchdogStateMachine$QualitySocketHandler.handleMessage:4728 android.os.Handler.dispatchMessage:102 android.os.Looper.loop:154 android.os.HandlerThread.run:61
01-17 14:21:42.578 27471 27488 D [ACT]:ao: processing priority = HIGH
01-17 14:21:42.580 27443 27465 D [ACT]:ao: processing priority = HIGH
01-17 14:21:43.432 7255 7285 I art : Background sticky concurrent mark sweep GC freed 86310(5MB) AllocSpace objects, 11(236KB) LOS objects, 5% free, 135MB/142MB, paused 2.490ms total 129.933ms
01-17 14:21:43.982 3768 3768 D UsbMonitorService: readUsbState++
01-17 14:21:43.984 3768 3768 D UsbMonitorService: !@readUsbState 0 0 0 0 0 0 0 0 0 0 0 0 0 0 0 0 0 0 0 0 0 0 0 0 0 0 0 0 0
01-17 14:21:43.986 3768 3768 D UsbMonitorService: failed to write /efs/usb_hw_param/usb_hw_param.log , java.io.FileNotFoundException: /efs/usb_hw_param/usb_hw_param.log (No such file or directory)
01-17 14:21:43.987 3768 3768 D UsbMonitorService: Posting Message again
01-17 14:21:44.157 3768 4039 D WifiStateMachine: Current network is: "SKY03AE5" , ID is: 1
01-17 14:21:44.486 3768 5703 D BatteryService: !@BatteryListener : batteryPropertiesChanged!
01-17 14:21:44.487 3768 5703 D BatteryService: level:77, scale:100, status:2, health:2, present:true, voltage: 4205, temperature: 247, technology: Li-ion, AC powered:false, USB powered:true, POGO powered:false, Wireless powered:false, icon:17303682, invalid charger:0, maxChargingCurrent:0, maxChargingVoltage:0, chargeCounter:0
01-17 14:21:44.488 3768 5703 D BatteryService: online:6, current avg:570, charge type:1, power sharing:false, high voltage charger:false, capacity:280000, batterySWSelfDischarging:false, misc_event:0, current_now:712
01-17 14:21:44.488 3768 3768 D BatteryService: Sending ACTION_BATTERY_CHANGED.
01-17 14:21:44.493 3768 3890 D PowerManagerService: [PSM] lowPowerModeEnabled: false (mLowPowerModeSetting: false, mIsPowered: true, mAutoLowPowerModeConfigured: false, mBatteryLevel: 77, mLowBatteryTriggerLevel: 0, mUltraPowerSavingModeEnabled: false, mEmergencyModeEnabled: false)
01-17 14:21:44.508 3768 3768 V UiModeManager: updateLocked: null action, mDockState=0, category=null
01-17 14:21:44.508 3768 3768 D UiModeManager: updateConfigurationLocked: mDockState=0; mCarMode=false; mNightMode=1; uiMode=17
01-17 14:21:44.508 3768 3768 D GameManagerService: new battery level: 77
01-17 14:21:44.514 4222 4222 D KeyguardUpdateMonitor: received broadcast android.intent.action.BATTERY_CHANGED
01-17 14:21:44.515 4222 4222 D KeyguardUpdateMonitor: handleBatteryUpdate
01-17 14:21:44.517 4158 4277 W bt_btif : btif_dm_upstreams_cback ev: BTA_DM_ENER_INFO_READ
01-17 14:21:44.524 3768 3853 E BatteryStatsService: power: Missing API
01-17 14:21:44.530 4222 4222 D PowerUI : priorPlugType = 2 mPlugType = 2
01-17 14:21:44.543 4158 4158 V HeadsetService: HeadsetService - Received Intent.ACTION_BATTERY_CHANGED
01-17 14:21:44.543 4158 12859 D HeadsetStateMachine: Disconnected process message: 10, size: 0
01-17 14:21:44.565 5605 5605 E MtpServerJNI: server is null in send_object_removed
01-17 14:21:44.566 3768 3853 E BatteryStatsService: modem info is invalid: ModemActivityInfo{ mTimestamp=0 mSleepTimeMs=0 mIdleTimeMs=0 mTxTimeMs[]=[0, 0, 0, 0, 0] mRxTimeMs=0 mEnergyUsed=0}
01-17 14:21:44.567 4222 4222 D PowerUI.Notification: showChargingNotice oldChargingType : 1 currentChargingType : 1 oldChargingTime : 3035000 mChargingTime : 3021000
01-17 14:21:44.567 4222 4222 D PowerUI.Notification: showChargingNotification()
01-17 14:21:44.572 3768 3793 D ApplicationPolicy: isStatusBarNotificationAllowedAsUser: packageName = com.android.systemui,userId = -1
01-17 14:21:44.582 27443 27465 D [ACT]:ao: processing priority = NORMAL
01-17 14:21:44.589 27471 27488 D [ACT]:ao: processing priority = NORMAL
01-17 14:21:44.589 4222 4222 D BatteryMeterDrawable: isSomethingChanged - true
01-17 14:21:44.590 4222 4222 D BatteryMeterDrawable: isSomethingChanged - true
01-17 14:21:44.591 4222 4222 D CoverUpdateMonitor: received broadcast android.intent.action.BATTERY_CHANGED
01-17 14:21:44.600 5444 5741 D StreamDBQueue: Promised revision #128204 to queue a new op
01-17 14:21:44.600 5444 5741 D BaseStreamManager: Promised set @ r#128204 for (com.android.systemui,tag=charging_state,id=2131951673,notifKey=-1|com.android.systemui|2131951673|charging_state|10005)
01-17 14:21:44.602 5444 5948 D DynamicBucketRankerImpl: StreamItemId{notifKey=-1|com.android.systemui|2131951673|charging_state|10005, packageName=com.android.systemui, tag=charging_state, id=2131951673, revision=128204, originalRevision=128175, updateCount=27} in bucket #3 (Ongoing)
01-17 14:21:44.603 5444 5948 D WatchStreamDB: com.google.android.clockwork.common.stream.TopLevelStreamItem@3d2f81b ranked at index 0
01-17 14:21:44.604 5444 5948 D NewStreamAdapter: Publishing revision #128204 to adapter clients
01-17 14:21:44.609 4222 4222 D CoverBroadcastManager: ACTION_BATTERY_CHANGED : when=1516198904608, item=status=2 / plugged=2 / level=77 / health=2 / batteryOnline=6 / highVoltage=false
01-17 14:21:44.628 5458 5458 E ApplicationPackageManager: checkSettingsForIconTray value : 0
01-17 14:21:44.750 4947 4947 D io_stats: !@ 8,0 r 8593334 393083596 w 3678350 76477012 d 367758 41406312 f 1097840 1096651 iot 8360540 7423241 th 305132 0 0 pt 0 inp 0 0 126544.017
01-17 14:21:44.768 3768 7202 D SSRM:k : SIOP:: AP = 300, PST = 310 (W:14), CP = 249, CUR = 574, LCD = 79
01-17 14:21:46.578 27471 27488 D [ACT]:ao: processing priority = HIGH
01-17 14:21:46.580 27443 27465 D [ACT]:ao: processing priority = HIGH
01-17 14:21:47.192 3768 4039 D WifiStateMachine: Current network is: "SKY03AE5" , ID is: 1
01-17 14:21:48.052 3768 3969 D SamsungAlarmManager: Expired : 4
01-17 14:21:48.053 3768 3969 I SamsungAlarmManager: setLocked to kernel - T:2 / 20180117T142406, SetElapsed=307057135, nowELAPSED=306918551
01-17 14:21:48.053 3768 3969 V SamsungAlarmManager: Sending to uid : 1000 listener=android.app.AlarmManager$ListenerWrapper@4209398 alarm=Alarm{8f4c9e5 type 2 when 306918550 android}
01-17 14:21:48.060 3768 3768 D SamsungAlarmManager: setExact Listener (T:2/F:0/AC:false) 20180117T142148 - CU:1000/CP:3768
01-17 14:21:48.061 3768 3768 I SamsungAlarmManager: setLocked to kernel - T:2 / 20180117T142149, SetElapsed=306919552, nowELAPSED=306918559
01-17 14:21:48.326 3768 3847 I ActivityManager: KPU : put [com.sec.android.widgetapp.samsungapps] : 4248 K
01-17 14:21:48.326 3768 3847 I ActivityManager: Killing 2051:com.sec.android.widgetapp.samsungapps/u0a44 (adj 906): DHA:empty #33
01-17 14:21:48.360 3768 8541 D ActivityManager: cleanUpApplicationRecord -- 2051
01-17 14:21:48.362 5248 6985 D ForegroundUtils: could not check pending caller
01-17 14:21:48.413 3275 3334 D Sensorhubs: readContextData: 1, 1, 26, 1, 3, 20, -2, -108, 1, 1
01-17 14:21:48.415 3768 3973 D SensorHubManager: onGetSensorHubDataLocked: library(10) = 1, 1, 26, 1, 3, 20, -2, -108, 1, 1
01-17 14:21:48.416 3768 3972 D CAE : onGetSensorHubData(SensorHubParserProvider.java:92) - onGetSensorHubData Event [event buffer len :10], AP_WAKEUP
01-17 14:21:48.417 3768 3972 I CAE : parse(SensorHubParserProvider.java:189) - buffer size = 10
01-17 14:21:48.418 3768 3972 I CAE : parse(SensorHubParserProvider.java:200) - 1, 1, 26, 1, 3, 20, -2, -108, 1, 1,
01-17 14:21:48.420 3768 3972 D CAE : display(ContextProvider.java:375) - ================= ACTIVITY_TRACKER =================
01-17 14:21:48.421 3768 3972 I CAE : display(ContextProvider.java:391) - Accuracy=[1], OperationMode=[0], ActivityType=[1], TimeStamp=[1516198907540]
01-17 14:21:48.423 3768 3975 D SemContextService: updateContext() : event = Activity Tracker
01-17 14:21:48.424 3768 3768 D SemContextManager: onSemContextChanged() : event = Activity Tracker
01-17 14:21:48.425 3768 3768 D SContextManager: onSContextChanged() : event = Activity Tracker
01-17 14:21:48.425 3768 3768 D WifiService: onSContextChanged(): status - 1, mPrevActivityStatus - 1, accuracy - 1
01-17 14:21:48.577 27471 27488 D [ACT]:ao: processing priority = NORMAL
01-17 14:21:48.580 27443 27465 D [ACT]:ao: processing priority = NORMAL
01-17 14:21:48.731 3768 3779 I art : Background sticky concurrent mark sweep GC freed 109582(12MB) AllocSpace objects, 20(576KB) LOS objects, 14% free, 70MB/81MB, paused 5.340ms total 101.823ms
01-17 14:21:48.978 3768 4122 D WifiWatchdogStateMachine: [|1] []
01-17 14:21:49.051 3768 3890 D PowerManagerService: [s] UserActivityState : 1 -> 2
01-17 14:21:49.051 3768 3890 D PowerManagerService: mDisplayReady: false
01-17 14:21:49.052 3768 3890 D DisplayPowerController: animateScreenStateChange[0]: target=2
01-17 14:21:49.052 3768 3890 D DisplayPowerController: [Dual Screen Compatible] state[0] :2
01-17 14:21:49.052 3768 3890 D DisplayPowerController: getFinalBrightness : Summary is 57 -> 57
01-17 14:21:49.052 3768 3890 D DisplayPowerController: Animating brightness: target=57, rate=2000 (PSM:false, AB limit:(-1 ~ -1) MB Limit:(-1 ~ -1))
01-17 14:21:49.054 3768 3890 D PowerManagerService: [s] DisplayPowerCallbacks : onStateChanged()
01-17 14:21:49.054 3768 3969 D SamsungAlarmManager: Expired : 4
01-17 14:21:49.054 3768 3890 D PowerManagerService: mDisplayReady: true
01-17 14:21:49.056 3768 3969 I SamsungAlarmManager: setLocked to kernel - T:2 / 20180117T142406, SetElapsed=307057135, nowELAPSED=306919553
01-17 14:21:49.056 3768 3969 V SamsungAlarmManager: Sending to uid : 1000 listener=android.app.AlarmManager$ListenerWrapper@1dbecba alarm=Alarm{63b509d type 2 when 306918706 android}
01-17 14:21:49.070 3768 3890 D DisplayPowerController: animateScreenStateChange[0]: target=2
01-17 14:21:49.070 3768 4136 D lights : lcd : 57 +
01-17 14:21:49.070 3768 3890 D DisplayPowerController: [Dual Screen Compatible] state[0] :2
01-17 14:21:49.071 3768 3890 D DisplayPowerController: getFinalBrightness : Summary is 57 -> 57
01-17 14:21:49.071 3768 3890 D DisplayPowerController: Animating brightness: target=57, rate=2000 (PSM:false, AB limit:(-1 ~ -1) MB Limit:(-1 ~ -1))
01-17 14:21:49.073 3768 3768 D SamsungAlarmManager: setInexact Listener (T:2/F:0/AC:false) 20180117T142428 - CU:1000/CP:3768
01-17 14:21:49.079 3768 4136 D lights : lcd : 57 -
01-17 14:21:49.138 3768 4121 D WifiWatchdogStateMachine.QualitySocketHandler: response code: 204
01-17 14:21:49.139 3768 4121 W ContextImpl: Calling a method in the system process without a qualified user: android.app.ContextImpl.sendBroadcast:906 com.android.server.wifi.WifiWatchdogStateMachine$QualitySocketHandler.handleMessage:4728 android.os.Handler.dispatchMessage:102 android.os.Looper.loop:154 android.os.HandlerThread.run:61
01-17 14:21:49.755 4947 4947 D io_stats: !@ 8,0 r 8593334 393083596 w 3678370 76477932 d 367760 41406688 f 1097842 1096653 iot 8360580 7423272 th 304720 0 0 pt 0 inp 0 0 126549.020
01-17 14:21:50.226 3768 4039 D WifiStateMachine: Current network is: "SKY03AE5" , ID is: 1
01-17 14:21:50.578 27471 27488 D [ACT]:ao: processing priority = HIGH
01-17 14:21:50.580 27443 27465 D [ACT]:ao: processing priority = HIGH
01-17 14:21:52.577 27471 27488 D [ACT]:ao: processing priority = LOW
01-17 14:21:52.580 27443 27465 D [ACT]:ao: processing priority = LOW
01-17 14:21:52.639 3768 3969 D SamsungAlarmManager: Expired : 8
01-17 14:21:52.640 3768 3969 I SamsungAlarmManager: setLocked to kernel - T:3 / 20180117T142200, SetElapsed=306930498, nowELAPSED=306923138
01-17 14:21:52.641 3768 3969 V SamsungAlarmManager: Sending to uid : 10017 listener=android.os.BinderProxy@1fce19c alarm=Alarm{84f655 type 3 when 306923136 com.google.android.gms}
01-17 14:21:52.690 5169 5169 I GeofencerStateMachine: sendTransitions: location=Location[fused 52.595914,-2.144807 acc=20 et=+3d13h15m23s142ms alt=172.6999969482422 {Bundle[mParcelledData.dataSize=572]}]
01-17 14:21:52.712 5169 9155 I Places : Converted 4 out of 4 WiFi scans
01-17 14:21:52.715 3768 5324 D SamsungAlarmManager: setExact Listener (T:3/F:1/AC:false) 20180117T142258 - CU:10017/CP:5169
01-17 14:21:52.732 5169 30977 W ctxmgr : [AclManager]No 2 for (accnt=account#14540770#, com.google.android.gms(10017):UserLocationProducer, vrsn=11951000, 0, 3pPkg = null , 3pMdlId = null , pid = 5169). Was: 2 for 1, account#14540770#
01-17 14:21:52.744 5169 30977 W ctxmgr : [AclManager]No 2 for (accnt=account#-81402417#, com.google.android.gms(10017):UserLocationProducer, vrsn=11951000, 0, 3pPkg = null , 3pMdlId = null , pid = 5169). Was: 2 for 1, account#-81402417#
01-17 14:21:52.753 5169 30977 W ctxmgr : [AclManager]No 2 for (accnt=account#-748956241#, com.google.android.gms(10017):UserLocationProducer, vrsn=11951000, 0, 3pPkg = null , 3pMdlId = null , pid = 5169). Was: 2 for 1, account#-748956241#
01-17 14:21:52.768 5169 32764 I GCoreUlr: Successfully inserted 1 locations
01-17 14:21:53.259 3768 4039 D WifiStateMachine: Current network is: "SKY03AE5" , ID is: 1
01-17 14:21:54.554 3768 5644 D BatteryService: !@BatteryListener : batteryPropertiesChanged!
01-17 14:21:54.555 3768 5644 D BatteryService: level:77, scale:100, status:2, health:2, present:true, voltage: 4210, temperature: 248, technology: Li-ion, AC powered:false, USB powered:true, POGO powered:false, Wireless powered:false, icon:17303682, invalid charger:0, maxChargingCurrent:0, maxChargingVoltage:0, chargeCounter:0
01-17 14:21:54.555 3768 5644 D BatteryService: online:6, current avg:657, charge type:1, power sharing:false, high voltage charger:false, capacity:280000, batterySWSelfDischarging:false, misc_event:0, current_now:763
01-17 14:21:54.555 3768 3768 D BatteryService: Sending ACTION_BATTERY_CHANGED.
01-17 14:21:54.565 3768 3768 V UiModeManager: updateLocked: null action, mDockState=0, category=null
01-17 14:21:54.565 3768 3768 D UiModeManager: updateConfigurationLocked: mDockState=0; mCarMode=false; mNightMode=1; uiMode=17
01-17 14:21:54.568 3768 3768 D GameManagerService: new battery level: 77
01-17 14:21:54.573 4222 4222 D KeyguardUpdateMonitor: received broadcast android.intent.action.BATTERY_CHANGED
01-17 14:21:54.574 4222 4222 D KeyguardUpdateMonitor: handleBatteryUpdate
01-17 14:21:54.578 27471 27488 D [ACT]:ao: processing priority = HIGH
01-17 14:21:54.580 27443 27465 D [ACT]:ao: processing priority = HIGH
01-17 14:21:54.587 4222 4222 D PowerUI : priorPlugType = 2 mPlugType = 2
01-17 14:21:54.589 4222 4222 D PowerUI.Notification: showChargingNotice oldChargingType : 1 currentChargingType : 1 oldChargingTime : 3021000 mChargingTime : 3010000
01-17 14:21:54.589 4222 4222 D PowerUI.Notification: showChargingNotification()
01-17 14:21:54.600 4158 4158 V HeadsetService: HeadsetService - Received Intent.ACTION_BATTERY_CHANGED
01-17 14:21:54.600 4158 12859 D HeadsetStateMachine: Disconnected process message: 10, size: 0
01-17 14:21:54.614 3768 5292 D ApplicationPolicy: isStatusBarNotificationAllowedAsUser: packageName = com.android.systemui,userId = -1
01-17 14:21:54.635 4222 4222 D BatteryMeterDrawable: isSomethingChanged - false
01-17 14:21:54.636 4222 4222 D BatteryMeterDrawable: isSomethingChanged - false
01-17 14:21:54.638 4222 4222 D CoverUpdateMonitor: received broadcast android.intent.action.BATTERY_CHANGED
01-17 14:21:54.642 5444 5741 D StreamDBQueue: Promised revision #128205 to queue a new op
01-17 14:21:54.643 5444 5741 D BaseStreamManager: Promised set @ r#128205 for (com.android.systemui,tag=charging_state,id=2131951673,notifKey=-1|com.android.systemui|2131951673|charging_state|10005)
01-17 14:21:54.645 5444 5948 D DynamicBucketRankerImpl: StreamItemId{notifKey=-1|com.android.systemui|2131951673|charging_state|10005, packageName=com.android.systemui, tag=charging_state, id=2131951673, revision=128205, originalRevision=128175, updateCount=28} in bucket #3 (Ongoing)
01-17 14:21:54.646 5444 5948 D WatchStreamDB: com.google.android.clockwork.common.stream.TopLevelStreamItem@e9066f6 ranked at index 0
01-17 14:21:54.648 5444 5948 D NewStreamAdapter: Publishing revision #128205 to adapter clients
01-17 14:21:54.665 5458 5458 E ApplicationPackageManager: checkSettingsForIconTray value : 0
01-17 14:21:54.760 4947 4947 D io_stats: !@ 8,0 r 8593342 393084544 w 3678385 76478128 d 367761 41407056 f 1097850 1096661 iot 8360620 7423309 th 304620 0 0 pt 0 inp 0 0 126554.025
01-17 14:21:54.841 3768 7202 D SSRM:k : SIOP:: AP = 290, PST = 305 (W:14), CP = 242, CUR = 655, LCD = 57
01-17 14:21:54.954 3768 3779 I art : Background sticky concurrent mark sweep GC freed 86990(9MB) AllocSpace objects, 19(1964KB) LOS objects, 14% free, 69MB/81MB, paused 4.738ms total 129.185ms
01-17 14:21:55.003 3768 4122 D WifiWatchdogStateMachine: [|1] []
01-17 14:21:55.050 3768 3890 D PowerManagerService: [s] UserActivityState : 2 -> 4
01-17 14:21:55.051 3768 3890 I PowerManagerService: Nap time (uid 1000)...
01-17 14:21:55.051 3768 3890 D PowerManagerService: handleSandman : startDreaming: false (canDreamLocked: false canDozeLocked: false)
01-17 14:21:55.051 3768 3890 I PowerManagerService: !@[ps] Screen__Off - 1773 : dream(timeout) (2)
01-17 14:21:55.052 3768 3890 I PowerManagerService: Going to sleep due to screen timeout (uid 1000)...
01-17 14:21:55.052 3768 3890 D InputManager-JNI: setInteractive(false)
01-17 14:21:55.052 3768 3890 D InputManager-JNI: setBlockDeviceFromNative
01-17 14:21:55.052 3768 3890 D InputManager: sBDM(): isSet=false deviceType=1 isForce=true caller=inputdispatcher.forcetouch
01-17 14:21:55.053 3768 3890 D InputManager: sBDM(): requested caller not exist!
01-17 14:21:55.053 3768 3890 D InputReader: mBlockedDevices=0x00000000
01-17 14:21:55.054 3768 3890 D PowerManagerService: mDisplayReady: false
01-17 14:21:55.054 3768 3890 D DisplayPowerController: animateScreenStateChange[0]: target=1
01-17 14:21:55.055 3768 3890 D ColorFade: prepare: mode=4
01-17 14:21:55.055 3768 4133 D NetworkPolicy: onScreenStateChanged, state: false, reason: 3
01-17 14:21:55.056 27629 27629 V InputMethodManager: Starting input: tba=android.view.inputmethod.EditorInfo@52b4d5f nm : com.google.android.apps.docs ic=null
01-17 14:21:55.057 4222 11505 D KeyguardViewMediator: onStartedGoingToSleep(3)
01-17 14:21:55.057 27629 27629 I InputMethodManager: [IMM] startInputInner - mService.startInputOrWindowGainedFocus
01-17 14:21:55.057 3197 3197 I SurfaceFlinger: id=10411 createSurf (1080x1920),2 flag=404, DolorFade
01-17 14:21:55.070 4222 11505 D KeyguardViewMediator: Lock timeout lockAfterTimeout=5000 policyTimeout=0 displayTimeout=30000
01-17 14:21:55.070 4222 11505 D KeyguardViewMediator: timeout = 5000
01-17 14:21:55.076 30084 30084 I GoogleInputMethod: onFinishInput() : Dummy InputConnection bound
01-17 14:21:55.077 3768 3793 D InputTransport: Input channel constructed: fd=385
01-17 14:21:55.078 3768 3793 D InputTransport: Input channel destroyed: fd=385
01-17 14:21:55.080 27629 27629 D InputTransport: Input channel constructed: fd=87
01-17 14:21:55.081 27629 27629 D InputTransport: Input channel destroyed: fd=90
01-17 14:21:55.081 30084 30084 I GoogleInputMethod: onStartInput() : Dummy InputConnection bound
01-17 14:21:55.082 3768 3890 D PowerManagerUtil: Excessive delay in ColorFade : createSurface: 26ms
01-17 14:21:55.089 3768 3890 D mali_winsys: EGLint new_window_surface(egl_winsys_display*, void*, EGLSurface, EGLConfig, egl_winsys_surface**, egl_color_buffer_format*, EGLBoolean) returns 0x3000, [1080x1920]-format:1
01-17 14:21:55.103 3768 4050 D SamsungAlarmManager: setExact Intent (T:2/F:5/AC:false) 20180117T142200 - CU:10005/CP:4222
01-17 14:21:55.104 3768 4050 I SamsungAlarmManager: setLocked to kernel - T:2 / 20180117T142200, SetElapsed=306930568, nowELAPSED=306925602
01-17 14:21:55.105 4222 11505 D KeyguardViewMediator: setting alarm to turn off keyguard, seq = 1774
01-17 14:21:55.107 4222 11505 D KeyguardViewMediator: notifyStartedGoingToSleep
01-17 14:21:55.109 4222 4222 D KeyguardFingerPrint: shouldListenForFingerprint ( isFingerprintEnabled = false , mKeyguardIsVisible = false , mDeviceInteractive = true , mBouncer = false , mGoingToSleep = true , mSwitchingUser = false , mFingerprintAlreadyAuthenticated = false , mKeyguardUnlocking = false
01-17 14:21:55.109 4222 4222 D KeyguardFingerPrint: shouldListenForFingerprint ( fingerprint is not enabled. )
01-17 14:21:55.109 4222 4222 V KeyguardFingerPrint: stopListeningForFingerprint()
01-17 14:21:55.109 4222 4222 D KeyguardViewMediator: handleNotifyStartedGoingToSleep
01-17 14:21:55.140 3768 3890 D ColorFade: ColorFade is ready
01-17 14:21:55.141 3768 3890 D DisplayPowerController: ColorFade: onAnimationStart
01-17 14:21:55.141 3768 3890 D DisplayPowerController: [Dual Screen Compatible] state[0] :2
01-17 14:21:55.141 3768 3890 D AutomaticBrightnessController: [DAB] no lux value from sensor manager
01-17 14:21:55.141 3768 4135 D AutomaticBrightnessController: [DAB] setLightSensorEnabled : unregisterListenerRunnable
01-17 14:21:55.142 3768 4135 D SemContextService: removeListener() : Listener = com.samsung.android.hardware.context.SemContextService$Listener@2f1e5e, Service = Auto Brightness, used = 0
01-17 14:21:55.143 3768 4135 W CAE : unregisterCallback(ContextAwareService.java:208) - [unregi 01] Mutex is locked for AUTO_BRIGHTNESS
01-17 14:21:55.145 3768 4135 V CAE : stop(ContextProvider.java:155)
01-17 14:21:55.147 3768 4135 V CAE : clear(AutoBrightnessRunner.java:267)
01-17 14:21:55.148 3768 4135 V CAE : disable(AutoBrightnessRunner.java:256)
01-17 14:21:55.149 3768 4135 I CAE : sendCmdToSensorHub(SensorHubCommManager.java:162) - -78, 48, 0, 0,
01-17 14:21:55.149 3768 4135 D SensorHubManager: SendSensorHubData: send data = -78, 48, 0, 0
01-17 14:21:55.151 3275 3275 D Sensorhubs: sendContextData: -78, 48, 0, 0
01-17 14:21:55.152 3768 4121 D WifiWatchdogStateMachine.QualitySocketHandler: response code: 204
01-17 14:21:55.154 3768 4121 W ContextImpl: Calling a method in the system process without a qualified user: android.app.ContextImpl.sendBroadcast:906 com.android.server.wifi.WifiWatchdogStateMachine$QualitySocketHandler.handleMessage:4728 android.os.Handler.dispatchMessage:102 android.os.Looper.loop:154 android.os.HandlerThread.run:61
01-17 14:21:55.157 3768 4135 D CAE : getFaultDetectionResult(AutoBrightnessRunner.java:281) - true
01-17 14:21:55.159 3768 4135 I CAE : notifyCmdProcessResultObserver(ContextProvider.java:627) - CheckResult = 0, Cause = Success
01-17 14:21:55.172 3768 4135 D CAE : doCommendProcess(ContextAwareService.java:435) - complete notify the operation result.
01-17 14:21:55.177 3768 4135 I CAE : displayUsedCountForService(ContextAwareService.java:527) - totalCnt = 0, serviceCount = 0, subCollectionCount = 0
01-17 14:21:55.178 3768 4135 D CAE : showListenerList(ContextAwareService.java:368) - ===== Context Aware Service List =====
01-17 14:21:55.178 3768 4135 I CAE : showListenerList(ContextAwareService.java:377) - Listener : com.samsung.android.contextaware.manager.ContextAwareService$Listener@40115b, Service : ACTIVITY_TRACKER_CURRENT_INFO(1)
01-17 14:21:55.184 3768 4135 I CAE : showListenerList(ContextAwareService.java:377) - Listener : com.samsung.android.contextaware.manager.ContextAwareService$Listener@40115b, Service : ACTIVITY_TRACKER(1)
01-17 14:21:55.185 3768 4135 I CAE : showListenerList(ContextAwareService.java:377) - Listener : com.samsung.android.contextaware.manager.ContextAwareService$Listener@2072bb5, Service : ANY_MOTION_DETECTOR_RUNNER(1)
01-17 14:21:55.187 3768 4135 W CAE : unregisterCallback(ContextAwareService.java:243) - [unregi 02] Mutex is unlocked for AUTO_BRIGHTNESS
01-17 14:21:55.187 3768 4135 D SemContextService: .unregisterCallback : 3, client=
01-17 14:21:55.187 3768 4135 D SemContextService: ===== SemContext Service List =====
