01-17 14:22:14.920 3768 3768 D LightsService: [api] [SvcLED] turnOff:: id = 6 (uid: 1000 pid: 3768)
01-17 14:22:14.920 3768 3768 D PowerManagerUtil: fileWriteString to /sys/power/wake_lock, LightsService
01-17 14:22:14.920 3768 3768 D LightsService: [SvcLED] setSvcLedStateLocked:: SvcLEDState : 0x0 -> 0x0 | SvcLED(id=6) set Off
01-17 14:22:14.920 3768 3768 D UsbDeviceManager: Keyguard Lock/Unlock
01-17 14:22:14.920 3768 3894 D LightsService: [SvcLED] handleForcedSvcLEDTask()
01-17 14:22:14.921 3768 3894 D LightsService: [SvcLED] setSvcLedLightLocked :: Current SvcLED(id=5) maintains its priority right
01-17 14:22:14.921 3768 3894 D PowerManagerUtil: fileWriteString to /sys/power/wake_unlock, LightsService
01-17 14:22:14.921 3768 3768 D UsbDeviceManager: Keyguard Unlock Receiver - NO NEED TO UPDATE USB NOTI
01-17 14:22:14.921 3768 3768 I MdnieScenarioControlService: action : android.intent.action.USER_PRESENT
01-17 14:22:14.921 3768 4027 I KnoxVpnEngineService: vpn handle : Message received
01-17 14:22:14.921 3768 3768 D MdnieScenarioControlService: packageName : com.google.android.apps.docs className : com.google.android.apps.docs.doclist.activity.DocListActivity
01-17 14:22:14.922 3768 3768 I PalmMotion: [PALM] SURFACE_MOTION_ENGINE: 1 SURFACE_PALM_TOUCH: 0
01-17 14:22:14.922 3768 3768 I PalmMotion: [PALM] SURFACE_PALM_SWIPE: 0
01-17 14:22:14.922 3768 3768 D PalmMotion: [PALM] SETTINGS : [TOUCH: false] [SWEEP: false]
01-17 14:22:14.922 3768 3768 D PalmMotion: [PALM] ACCEPTED : [hero2lte] PALM_CNT : 2, M_TOUCH : 50.0, M_SWEEP : 100.0, E_SWEEP : 2.0, IGNORE_M_SWEEP : false
01-17 14:22:14.922 3768 3768 I KnoxKeyguardUpdateMonitor: onTrustManagedChanged user 0, managed:false
01-17 14:22:14.922 3768 3768 I KnoxKeyguardUpdateMonitor: onTrustChanged user:0, enable:false
01-17 14:22:14.922 3768 3768 D UniversalCredentialManagerService: ****MSG_LOCK_STATUS_UPDATE block started****
01-17 14:22:14.922 3768 3768 D UniversalCredentialManagerService: notifyChangeToPlugin is called for Lock status update...
01-17 14:22:14.922 3768 3768 D UcmService: notifyChangeToPlugin event 16
01-17 14:22:14.922 3768 3768 D UcmService: checkCallerPermissionFor is called for method-notifyChangeToPlugin
01-17 14:22:14.922 3768 3768 D UniversalCredentialManagerService: ****MSG_LOCK_STATUS_UPDATE block ended****
01-17 14:22:14.925 5531 5628 E ContactsProvider_EventLog: Flush buffer to file cnt : 1 size : 0Kb duration : 2ms lastUpdatedAfter : 16213 ms mFlush_time_threasold : 2000 mCurrentSize : 223
01-17 14:22:14.925 4222 4222 D PhoneStatusBar: disable: < expand icons alerts system_info back home recent clock search quick_settings
> 01-17 14:22:14.925 4222 4222 D ViewRootImpl@422b422[StatusBar]: MSG_WINDOW_FOCUS_CHANGED 0
01-17 14:22:14.926 5169 5169 I TrustAgent: [TrustletManager] registerTrustlet: Bluetooth
01-17 14:22:14.926 5169 5169 I TrustAgent: [GoogleTrustAgentChimeraService] Can provide trust state change to:true.
01-17 14:22:14.926 5169 5169 I TrustAgent: [GoogleTrustAgentChimeraService] setManagingTrust(true)
01-17 14:22:14.927 3768 3768 I KnoxKeyguardUpdateMonitor: onTrustManagedChanged user 0, managed:true
01-17 14:22:14.927 3768 3768 I KnoxKeyguardUpdateMonitor: onTrustChanged user:0, enable:false
01-17 14:22:14.927 4222 4222 D vol.SecVolumeDialog: mLockScreenBroadcastReceiver : onReceive() : intent=Intent { act=android.intent.action.USER_PRESENT flg=0x24000010 launchParam=MultiScreenLaunchParams { mDisplayId=0 mFlags=0 } bqHint=1 }
01-17 14:22:14.927 4222 4222 D vol.SecVolumeDialog: mLockScreenBroadcastReceiver : call onDismiss mLockScreenDialog()
01-17 14:22:14.928 3768 5292 I TZ: mc_tlc_communication: tlc_open() succeeded
01-17 14:22:14.928 3768 5292 I TLC_TZ_KEYSTORE: : ctx = 0x71a223cf00, comm = 0x71a223cee0, sendmsg = 0x71e2e24000, recvmsg = 0x71e2e24440
01-17 14:22:14.928 3768 5292 I TZ_init: : TZ_init: fips_init_TLC sending initialization request...
01-17 14:22:14.928 3768 5292 I TZ_init: : TZ_init: sending initialization request...
01-17 14:22:14.929 5169 5169 I TrustAgent: [TrustletManager] registerTrustlet: Connectionless-BLE
01-17 14:22:14.930 4222 4222 D KeyguardWallpaperController: mShowing=false, mOccluded=false, mFadingAway=false, match_parent=true
01-17 14:22:14.934 3768 4032 D WindowManager: addWindow: android.view.IWindow$Stub$Proxy@68e65f2 displayId=0
01-17 14:22:14.934 5169 5169 I TrustAgent: [TrustletManager] registerTrustlet: NFC
01-17 14:22:14.934 5169 5169 I TrustAgent: [TrustletManager] registerTrustlet: PhonePosition
01-17 14:22:14.934 3768 4032 D InputTransport: Input channel constructed: fd=550
01-17 14:22:14.935 3768 4032 D InputTransport: Input channel constructed: fd=551
01-17 14:22:14.935 3768 3849 D WindowManager: set systemUiVisibility of statusbar : vis= 0x8
01-17 14:22:14.936 3768 4032 D InputDispatcher: Focus left window: 27629
01-17 14:22:14.936 3768 4032 D InputDispatcher: Focus entered window: 27629
01-17 14:22:14.936 3768 4032 D InputTransport: Input channel destroyed: fd=551
01-17 14:22:14.936 27629 27629 D InputTransport: Input channel constructed: fd=90
01-17 14:22:14.937 27629 27629 D ViewRootImpl@10d5a0d[DocListActivity]: setView = DecorView@72d7dc2[] touchMode=true
01-17 14:22:14.938 4222 4222 D LockIcon: state = 0, mLastState = 0, mDeviceInteractive = true, mLastDeviceInteractive = true, mScreenOn = true, mLastScreenOn = true
01-17 14:22:14.939 3768 5643 D WindowManager: adjustSystemUiVisibilityLw : vis= 0x708
01-17 14:22:14.939 5169 5169 I Coffee-NearbyAlertTracker: startTracking
01-17 14:22:14.941 3768 5292 I TZ_init: : TZ_init: successful initialization
01-17 14:22:14.941 3768 5292 I TLC_TZ_KEYSTORE: fips_self_test: : TZ_KEYSTORE_fips_self_test_START...
01-17 14:22:14.942 4222 4222 D KeyguardBottomAreaShortcutView: UpdateShortcutIcon, th : 1, enable : false, shouldDisableShortcut ? false, mUserSetupComplete ? true
01-17 14:22:14.944 3768 5703 D DevicePolicyManagerService: PfW getPlayForWorkProxy() 0
01-17 14:22:14.944 4222 4534 D Tile.AirplaneModeTile: # of NON-poweroff( in servicestate) : 1
01-17 14:22:14.944 4222 4222 V KeyguardBottomAreaShortcutView: onUnlockMethodStateChanged old=false, new=false
01-17 14:22:14.944 4222 4222 D ScrimController: mIsSecure = true
01-17 14:22:14.944 3768 5292 I TLC_TZ_KEYSTORE: fips_self_test: : TZ_KEYSTORE_fips_self_test_END...
01-17 14:22:14.944 3768 5292 E TLC_TZ_KEYSTORE: : Self Test Succeded
01-17 14:22:14.944 3768 5292 I TZ: mc_tlc_communication: tlc_close() was called
01-17 14:22:14.944 3768 5703 D DevicePolicyManagerService: PfW getPlayForWorkProxy() flags & FLAG_ALLOW_PROXY_FOR_PFW 0
01-17 14:22:14.944 3768 5292 I TZ: mc_tlc_communication: Closing the session
01-17 14:22:14.944 3768 5703 D DevicePolicyManagerService: PfW getPlayForWorkProxy() flag 0 does not allow PfW
01-17 14:22:14.945 5169 5169 I Coffee-HomeAddressChangeTracker: fetch for account manjot.chana93@gmail.com
01-17 14:22:14.945 5169 5169 I Coffee-HomeFetcher: return existing home address!
01-17 14:22:14.945 5169 5169 I Coffee-HomeAddressChangeTracker: home address is not changed.
01-17 14:22:14.945 5169 5169 I Coffee-HomeAddressChangeTracker: fetch for account grimerewind@gmail.com
01-17 14:22:14.945 5169 5169 I Coffee-HomeFetcher: return existing home address!
01-17 14:22:14.945 5169 5169 I Coffee-HomeAddressChangeTracker: fetch for account thouholymeme@gmail.com
01-17 14:22:14.945 5169 5169 I Coffee-HomeFetcher: return existing home address!
01-17 14:22:14.945 5169 5169 I Coffee-HomeAddressChangeTracker: fetch for account gurdarshanchana@gmail.com
01-17 14:22:14.945 5169 5169 I Coffee-HomeFetcher: return existing home address!
01-17 14:22:14.945 5169 5169 I Coffee-HomeAddressChangeTracker: fetch for account dxmtradinguk@gmail.com
01-17 14:22:14.945 4222 4534 D Tile.AirplaneModeTile: handleUpdateState: value false state.dim false
01-17 14:22:14.945 5169 5169 I Coffee-HomeFetcher: return existing home address!
01-17 14:22:14.946 5169 5169 I TrustAgent: [TrustletManager] registerTrustlet: Place
01-17 14:22:14.947 3768 5292 I TZ: mc_tlc_communication: Freeing message buffer
01-17 14:22:14.947 3768 5292 I TZ: mc_tlc_communication: Closing MobiCore device
01-17 14:22:14.947 3768 5292 I TZ: mc_tlc_communication: tlc_close() succeeded
01-17 14:22:14.947 3768 5292 E TLC_TZ_KEYSTORE: : Count : 1, Ret : 0
01-17 14:22:14.947 3768 5292 E : TimaKeyStore: tima_check_tzdriver success : 0
01-17 14:22:14.947 3768 5292 D TimaHelper: checkTimaStatus() - Version FIPS3.0, Status0, Validation : true
01-17 14:22:14.949 3768 5292 D TimaService: TIMA3: FipsKeyStore3_init
01-17 14:22:14.949 3768 5292 D TimaService: TIMA: in getTimaVersion
01-17 14:22:14.949 3768 5292 D TimaService: TIMA: in getTimaStatus
01-17 14:22:14.949 3768 5292 D TimaService: TIMA: in getTimaStatus
01-17 14:22:14.949 3768 5292 I TLC_TZ_KEYSTORE: : TZ_KEYSTORE_fips_initialize
01-17 14:22:14.949 3768 5292 I TLC_TZ_KEYSTORE: : creating new keystore context...
01-17 14:22:14.949 3768 5292 I TLC_TZ_KEYSTORE: : initializing ccm context...
01-17 14:22:14.949 3768 5292 I TLC_TZ_KEYSTORE: : root = 0, root_strlen = 1
01-17 14:22:14.949 3768 5292 I TLC_TZ_KEYSTORE: : process = ffffffff000000000000000000000013, process_strlen = 32
01-17 14:22:14.949 3768 5292 I TZ: mc_tlc_communication: input max_sendmsg_size = 1080
01-17 14:22:14.949 3768 5292 I TZ: mc_tlc_communication: input max_recvmsg_size = 1080
01-17 14:22:14.949 3768 5292 I TZ: mc_tlc_communication: root = 0, root_len = 1
01-17 14:22:14.949 3768 5292 I TZ: mc_tlc_communication: process = ffffffff000000000000000000000013, process_strlen = 32
01-17 14:22:14.949 3768 5292 I TZ: mc_tlc_communication: aligned max_sendmsg_size = 1088
01-17 14:22:14.949 3768 5292 I TZ: mc_tlc_communication: aligned max_recvmsg_size = 1088
01-17 14:22:14.949 3768 5292 I TZ: mc_tlc_communication: device_id = 0x0
01-17 14:22:14.949 3768 5292 I TZ: mc_tlc_communication: tlc_open() was called
01-17 14:22:14.949 3768 5292 I TZ: mc_tlc_communication: Opening MobiCore device
01-17 14:22:14.949 3768 5292 I TZ: mc_tlc_communication: Allocating message buffer for TCI
01-17 14:22:14.949 3768 5292 I TZ: mc_tlc_communication: Opening the session
01-17 14:22:14.949 4222 4222 D LockIcon: state = 0, mLastState = 0, mDeviceInteractive = true, mLastDeviceInteractive = true, mScreenOn = true, mLastScreenOn = true
01-17 14:22:14.949 5169 5169 I TrustAgent: [VoiceUnlockTrustletChimeraService] #isSupported true
01-17 14:22:14.950 3768 4054 V WindowManager: Relayout Window{f50537bd0 u0 StatusBar}: viewVisibility=0 req=1080x72 WM.LayoutParams{(0,0)(fillx72) gr=#30 sim=#10 ty=2000 fl=#81840048 fmt=-3 vsysui=0x600 naviIconColor=0}
01-17 14:22:14.951 5169 5169 I TrustAgent: [VoiceUnlockTrustletChimeraService] #isSupported true
01-17 14:22:14.952 3768 5649 D ActivityManager: post active user change for 0 fullscreen true isHomeActivity() false
01-17 14:22:14.955 4145 5586 D TP/MmsSmsProvider: query, match:4000, calling pid = 5427, accessRestricted = true
01-17 14:22:14.964 3768 5292 I TZ: mc_tlc_communication: tlc_open() succeeded
01-17 14:22:14.964 3768 5292 I TLC_TZ_KEYSTORE: : ctx = 0x71a223cf00, comm = 0x71a223cee0, sendmsg = 0x71e2e24000, recvmsg = 0x71e2e24440
01-17 14:22:14.964 3768 5292 I TZ_init: : TZ_init: fips_init_TLC sending initialization request...
01-17 14:22:14.964 3768 5292 I TZ_init: : TZ_init: sending initialization request...
01-17 14:22:14.967 3768 5649 D KnoxTimeoutHandler: postActiveUserChange [MsgParam] userId: 0 fullscreen is true showWhenlocked is false isMutiwindowRecord is false multiwindowstyle is 0
01-17 14:22:14.967 3768 3768 D KnoxTimeoutHandler: handleActiveUserChange [MsgParam] userId: 0 fullscreen is true showWhenlocked is false isMutiwindowRecord is false multiwindowstyle is 0
01-17 14:22:14.967 5169 5169 I TrustAgent: [VoiceUnlockTrustletChimeraService] VoiceUnlockTrustlerChimeraService initializeTrustlet()
01-17 14:22:14.967 5169 5169 I TrustAgent: [VoiceUnlockTrustletChimeraService] validateCanUnlock false
01-17 14:22:14.967 5169 5169 I TrustAgent: [TrustletManager] registerTrustlet: Voiceunlock
01-17 14:22:14.971 4145 5586 D TP/MmsSmsProvider: query, match 4000:Elapsed time : 15.290 ms
01-17 14:22:14.971 3768 3768 I KnoxTimeoutHandler: Shared devices show user statefalse
01-17 14:22:14.972 3768 3888 D KnoxTimeoutHandler: notifyActivityDrawn [MsgParam] userId: 0 fullscreen is true showWhenlocked is false isMutiwindowRecord is false multiwindowstyle is 1
01-17 14:22:14.972 3768 5292 I TZ_init: : TZ_init: successful initialization
01-17 14:22:14.972 3768 3768 D KnoxTimeoutHandler: activityDrawn [MsgParam] userId: 0 fullscreen is true showWhenlocked is false isMutiwindowRecord is false multiwindowstyle is 1
01-17 14:22:14.972 3768 5292 I TLC_TZ_KEYSTORE: fips_self_test: : TZ_KEYSTORE_fips_self_test_START...
01-17 14:22:14.974 3768 3768 I KnoxTimeoutHandler: SD activityfalse
01-17 14:22:14.974 3768 3768 I KnoxTimeoutHandler: Fullscreen and mCurrent is not KNOX user. Hence hide keyguard
01-17 14:22:14.975 5169 5169 I TrustAgent: [TrustletManager] registerTrustlet: Face
01-17 14:22:14.977 5169 5169 I TrustAgent: [TrustletManager] registerTrustlet: Car
01-17 14:22:14.980 3768 5292 I TLC_TZ_KEYSTORE: fips_self_test: : TZ_KEYSTORE_fips_self_test_END...
01-17 14:22:14.980 3768 5292 E TLC_TZ_KEYSTORE: : Self Test Succeded
01-17 14:22:14.980 3768 5292 I TZ: mc_tlc_communication: tlc_close() was called
01-17 14:22:14.980 3768 5292 I TZ: mc_tlc_communication: Closing the session
01-17 14:22:14.980 4222 4356 D mali_winsys: EGLint new_window_surface(egl_winsys_display*, void*, EGLSurface, EGLConfig, egl_winsys_surface**, egl_color_buffer_format*, EGLBoolean) returns 0x3000, [1080x72]-format:1
01-17 14:22:14.981 4222 4222 D KeyguardWallpaperController: onLayoutChange() v: com.android.systemui.statusbar.BackDropView{1b2b47f I.E...... ......ID 0,0-1080,72 #7f1303e2 app:id/backdrop}, bottom : 72, oldBottom : 1920
01-17 14:22:14.981 4222 4222 D KeyguardWallpaperController: mShowing=false, mOccluded=false, mFadingAway=false, match_parent=false
01-17 14:22:14.986 27629 28345 W ktx : Application name is not set. Call Builder#setApplicationName.
01-17 14:22:14.989 3768 5292 I TZ: mc_tlc_communication: Freeing message buffer
01-17 14:22:14.989 3768 5292 I TZ: mc_tlc_communication: Closing MobiCore device
01-17 14:22:14.989 3768 5292 I TZ: mc_tlc_communication: tlc_close() succeeded
01-17 14:22:14.989 3768 5292 E TLC_TZ_KEYSTORE: : Count : 1, Ret : 0
01-17 14:22:14.989 3768 5292 E : TimaKeyStore: tima_check_tzdriver success : 0
01-17 14:22:14.989 3768 5643 V WindowManager: Relayout Window{9c0f571d0 u0 com.google.android.apps.docs/com.google.android.apps.docs.doclist.activity.DocListActivity}: viewVisibility=0 req=1080x1920 WM.LayoutParams{(0,0)(fillxfill) sim=#110 ty=1 fl=#81810100 pfl=0x20000 wanim=0x1030465 vsysui=0x700 needsMenuKey=2 naviIconColor=0}
01-17 14:22:14.991 3768 5292 I FipsTimaKeyStore: CCM is available on this device
01-17 14:22:14.995 3768 5280 D WindowManager: adjustSystemUiVisibilityLw : vis= 0x8
01-17 14:22:15.003 4222 4222 V hong : mid yDiff = 438
01-17 14:22:15.003 4222 4222 V hong : mid yDiff = 438
01-17 14:22:15.007 3768 4032 I CocktailPolicyManager: findMatchedPolicy: find policy = 1
01-17 14:22:15.008 6827 6827 I CocktailBarUiController: onUpdateCocktail: 11
01-17 14:22:15.008 6827 6827 I CocktailBarPanelManager: updatePanelItem: updateContainedPanel - 11
01-17 14:22:15.009 6827 7696 E SharedPreferencesImpl: Couldn't create directory for SharedPreferences file /data/user/0/com.samsung.android.service.peoplestripe/shared_prefs/setting.xml
01-17 14:22:15.010 6827 7696 E SharedPreferencesImpl: Couldn't create directory for SharedPreferences file /data/user/0/com.samsung.android.service.peoplestripe/shared_prefs/setting.xml
01-17 14:22:15.011 27629 27629 D AbsListView: viewType is heaer or footer
01-17 14:22:15.011 27629 27629 D AbsListView: viewType is heaer or footer
01-17 14:22:15.011 6827 6827 D PanelDescriptionView: updateHelpView: Apps edge2130903041 --> 2130903041 helpview reapplied0
01-17 14:22:15.012 6827 6827 D CocktailBarUiController: postUpdatePanel: 1
01-17 14:22:15.014 3768 5316 V WindowManager: Relayout Window{4bb7ac0d0 u0 com.google.android.apps.docs/com.google.android.apps.docs.doclist.activity.DocListActivity}: viewVisibility=0 req=228x387 WM.LayoutParams{(0,0)(wrapxwrap) gr=#11 sim=#120 ty=2 fl=#1800000 fmt=-2 wanim=0x1030002 needsMenuKey=2 naviIconColor=0}
01-17 14:22:15.015 3197 3197 I SurfaceFlinger: id=10413 createSurf (1x1),1 flag=4, EocListActi
01-17 14:22:15.015 3768 5292 I FipsTimaKeyStore: CCM is enabled for this user
01-17 14:22:15.015 3768 5292 I FipsTimaKeyStore: in getPkcs11KeyStoreInstance
01-17 14:22:15.016 3768 5292 W FipsTimaKeyStore: getSlotIdForCaller returned : 0
01-17 14:22:15.016 3768 5292 D OpenSSLHelper_Pkcs11: OpenSSLEngineHelper- constructor
01-17 14:22:15.016 3768 5292 D OpenSSLHelper_Pkcs11: register_engine function
01-17 14:22:15.016 3768 5292 D [OPENSSL HELPER NATIVE secpkcs11]: registerSSLEngineKeychain registerSSLEngineKeychain is called...
01-17 14:22:15.016 3768 5292 D [SECPKCS11 ENGINE]: a matching Secpkcs11Engine was already initialized: slotId = 0
01-17 14:22:15.016 3768 5292 E OpenSSLHelper_Pkcs11: register_engine success
01-17 14:22:15.016 3768 5292 I FipsTimaKeyStore: successfully added pkcs11 provider to the provider list
01-17 14:22:15.016 3768 5292 D TimaService: TIMA3: FipsKeyStore3_exist
01-17 14:22:15.016 3768 5292 D TimaService: TIMA: in getTimaVersion
01-17 14:22:15.016 3768 5292 D TimaService: TIMA: in getTimaStatus
01-17 14:22:15.016 3768 5292 D TimaService: TIMA: in getTimaStatus
01-17 14:22:15.016 3768 5292 I : TimaKeyStore: tima_KeyStore3_exist_JNI
01-17 14:22:15.016 3768 5292 I : TimaKeyStore: callingUid is 1000
01-17 14:22:15.016 3768 5292 E TLC_TZ_KEYSTORE: : Inside TZ_KEYSTORE_encrypt_filename()
01-17 14:22:15.016 3768 5292 I TLC_TZ_KEYSTORE: : creating new keystore context...
01-17 14:22:15.016 3768 5292 I TLC_TZ_KEYSTORE: : initializing ccm context...
01-17 14:22:15.016 3768 5292 I TLC_TZ_KEYSTORE: : root = 0, root_strlen = 1
01-17 14:22:15.016 3768 5292 I TLC_TZ_KEYSTORE: : process = ffffffff000000000000000000000013, process_strlen = 32
01-17 14:22:15.016 3768 5292 I TZ: mc_tlc_communication: input max_sendmsg_size = 1080
01-17 14:22:15.016 3768 5292 I TZ: mc_tlc_communication: input max_recvmsg_size = 1080
01-17 14:22:15.016 3768 5292 I TZ: mc_tlc_communication: root = 0, root_len = 1
01-17 14:22:15.017 3768 5292 I TZ: mc_tlc_communication: process = ffffffff000000000000000000000013, process_strlen = 32
01-17 14:22:15.017 3768 5292 I TZ: mc_tlc_communication: aligned max_sendmsg_size = 1088
01-17 14:22:15.017 3768 5292 I TZ: mc_tlc_communication: aligned max_recvmsg_size = 1088
01-17 14:22:15.017 3768 5292 I TZ: mc_tlc_communication: device_id = 0x0
01-17 14:22:15.017 3768 5292 I TZ: mc_tlc_communication: tlc_open() was called
01-17 14:22:15.017 3768 5292 I TZ: mc_tlc_communication: Opening MobiCore device
01-17 14:22:15.017 3768 5292 I TZ: mc_tlc_communication: Allocating message buffer for TCI
01-17 14:22:15.017 3768 5292 I TZ: mc_tlc_communication: Opening the session
01-17 14:22:15.019 5169 5169 I Coffee-NearbyAlertTracker: requestNearbyAlerts(com.google.android.gms.trustlet.place.internal.PlaceTrustletChimeraService@2282a10)
01-17 14:22:15.019 5169 5169 I Coffee-NearbyAlertTracker: The place id list is empty.
01-17 14:22:15.038 27629 28149 D mali_winsys: EGLint new_window_surface(egl_winsys_display*, void*, EGLSurface, EGLConfig, egl_winsys_surface**, egl_color_buffer_format*, EGLBoolean) returns 0x3000, [228x387]-format:1
01-17 14:22:15.042 27629 27629 D ViewRootImpl@b6d739a[DocListActivity]: MSG_WINDOW_FOCUS_CHANGED 1
01-17 14:22:15.043 27629 27629 V InputMethodManager: Starting input: tba=android.view.inputmethod.EditorInfo@b39bd04 nm : com.google.android.apps.docs ic=null
01-17 14:22:15.043 27629 27629 I InputMethodManager: [IMM] startInputInner - mService.startInputOrWindowGainedFocus
01-17 14:22:15.044 3768 5306 D InputMethodManagerService: windowGainedFocus mCurrentFocusedUserId - 0 and mSecureKeypadEnabled-false
01-17 14:22:15.044 3768 5306 D InputTransport: Input channel constructed: fd=552
01-17 14:22:15.044 3768 5306 D InputTransport: Input channel destroyed: fd=552
01-17 14:22:15.044 27629 27629 D InputTransport: Input channel constructed: fd=106
01-17 14:22:15.044 27629 27629 D InputTransport: Input channel destroyed: fd=87
01-17 14:22:15.046 27629 27629 D ViewRootImpl@10d5a0d[DocListActivity]: MSG_WINDOW_FOCUS_CHANGED 1
01-17 14:22:15.046 27629 27629 V InputMethodManager: Starting input: tba=android.view.inputmethod.EditorInfo@17a570 nm : com.google.android.apps.docs ic=null
01-17 14:22:15.046 27629 27629 I InputMethodManager: [IMM] startInputInner - mService.startInputOrWindowGainedFocus
01-17 14:22:15.046 3768 5648 D InputMethodManagerService: windowGainedFocus mCurrentFocusedUserId - 0 and mSecureKeypadEnabled-false
01-17 14:22:15.049 3768 5648 D InputMethodManagerService: mDesktopModeManager null!
01-17 14:22:15.049 3768 5648 D InputTransport: Input channel constructed: fd=552
01-17 14:22:15.049 3768 5648 D InputTransport: Input channel destroyed: fd=552
01-17 14:22:15.049 3307 3307 I keymaster_tee: [INFO]: (nwd_keymaster_mdfpp.cpp:788) entered get_key_characteristics function.
01-17 14:22:15.050 27629 27629 D InputTransport: Input channel constructed: fd=103
01-17 14:22:15.050 27629 27629 D InputTransport: Input channel destroyed: fd=106
01-17 14:22:15.051 3768 5292 I TZ: mc_tlc_communication: tlc_open() succeeded
01-17 14:22:15.051 3768 5292 I TLC_TZ_KEYSTORE: : ctx = 0x71a223cf00, comm = 0x71a223cf60, sendmsg = 0x71e2e24000, recvmsg = 0x71e2e24440
01-17 14:22:15.051 3768 5292 I TLC_TZ_COMMON: get_filename: : TZ_COMMON: Get_filename - allow_hashing: 0
01-17 14:22:15.051 3768 5292 I TLC_TZ_COMMON: get_filename: : TZ GetFN : priv_data.in_filename: 1000_KS_SKEY_PersonaPwdResetToken0, len: 34
01-17 14:22:15.051 3768 5292 I TLC_TZ_COMMON: get_filename: : TZ CCM : priv_data.in_fn_len: 34
01-17 14:22:15.051 3768 5292 I TLC_TZ_COMMON: get_filename: : TZ GetFN : Starting
01-17 14:22:15.051 4145 15166 D TP/MmsSmsProvider: query, match:4000, calling pid = 5427, accessRestricted = true
01-17 14:22:15.053 30084 30084 I GoogleInputMethod: onFinishInput() : Dummy InputConnection bound
01-17 14:22:15.054 30084 30084 I GoogleInputMethod: onStartInput() : Dummy InputConnection bound
01-17 14:22:15.055 30084 30084 I GoogleInputMethod: onFinishInput() : Dummy InputConnection bound
01-17 14:22:15.055 30084 30084 I GoogleInputMethod: onStartInput() : Dummy InputConnection bound
01-17 14:22:15.057 3307 3307 D keymaster_tee: [DEBUG]: (nwd_keymaster_mobicore.c:400) TA return code: 0 (0x00000000)
01-17 14:22:15.057 3307 3307 D keymaster_tee: [DEBUG]: (nwd_keymaster_mobicore.c:405) TLC_COMMAND(e): cmd = 0x00000009, ret = 0x00000000
01-17 14:22:15.057 3307 3307 D keymaster_tee: [DEBUG]: (nwd_keymaster_packing.c:112) *******hw_enforced*********
01-17 14:22:15.057 3307 3307 D keymaster_tee: [DEBUG]: (nwd_keymaster_packing.c:36) *********print_params***********
01-17 14:22:15.057 3307 3307 D keymaster_tee: [DEBUG]: (nwd_keymaster_packing.c:37) params->length = 9
01-17 14:22:15.057 3307 3307 D keymaster_tee: [DEBUG]: (nwd_keymaster_packing.c:43) tc_KM_TAG_KEY_SIZE params->params[0].tag = 0x30000003
01-17 14:22:15.057 3307 3307 D keymaster_tee: [DEBUG]: (nwd_keymaster_packing.c:60) tc_KM_UINT 128 0x00000080
01-17 14:22:15.057 3307 3307 D keymaster_tee: [DEBUG]: (nwd_keymaster_packing.c:43) tc_KM_TAG_ALGORITHM params->params[1].tag = 0x10000002
01-17 14:22:15.057 3307 3307 D keymaster_tee: [DEBUG]: (nwd_keymaster_packing.c:48) tc_KM_ENUM 32 0x00000020
01-17 14:22:15.057 3307 3307 D keymaster_tee: [DEBUG]: (nwd_keymaster_packing.c:43) tc_KM_TAG_PURPOSE params->params[2].tag = 0x20000001
01-17 14:22:15.057 3307 3307 D keymaster_tee: [DEBUG]: (nwd_keymaster_packing.c:52) tc_KM_ENUM_REP 0 0x00000000
01-17 14:22:15.057 3307 3307 D keymaster_tee: [DEBUG]: (nwd_keymaster_packing.c:43) tc_KM_TAG_BLOCK_MODE params->params[3].tag = 0x20000004
01-17 14:22:15.057 3307 3307 D keymaster_tee: [DEBUG]: (nwd_keymaster_packing.c:52) tc_KM_ENUM_REP 2 0x00000002
01-17 14:22:15.057 3307 3307 D keymaster_tee: [DEBUG]: (nwd_keymaster_packing.c:43) tc_KM_TAG_PADDING params->params[4].tag = 0x20000006
01-17 14:22:15.057 3307 3307 D keymaster_tee: [DEBUG]: (nwd_keymaster_packing.c:52) tc_KM_ENUM_REP 64 0x00000040
01-17 14:22:15.057 3307 3307 D keymaster_tee: [DEBUG]: (nwd_keymaster_packing.c:43) tc_KM_TAG_USER_SECURE_ID params->params[5].tag = 0xa00001f6
01-17 14:22:15.057 3307 3307 D keymaster_tee: [DEBUG]: (nwd_keymaster_packing.c:79) tc_KM_ULONG_REP 1647634251795397217
01-17 14:22:15.057 3307 3307 D keymaster_tee: [DEBUG]: (nwd_keymaster_packing.c:43) tc_KM_TAG_USER_AUTH_TYPE params->params[6].tag = 0x100001f8
01-17 14:22:15.057 3307 3307 D keymaster_tee: [DEBUG]: (nwd_keymaster_packing.c:48) tc_KM_ENUM 3 0x00000003
01-17 14:22:15.057 3307 3307 D keymaster_tee: [DEBUG]: (nwd_keymaster_packing.c:43) tc_KM_TAG_AUTH_TIMEOUT params->params[7].tag = 0x300001f9
01-17 14:22:15.057 3307 3307 D keymaster_tee: [DEBUG]: (nwd_keymaster_packing.c:60) tc_KM_UINT 30 0x0000001e
01-17 14:22:15.057 3307 3307 D keymaster_tee: [DEBUG]: (nwd_keymaster_packing.c:43) tc_KM_TAG_ORIGIN params->params[8].tag = 0x100002be
01-17 14:22:15.057 3307 3307 D keymaster_tee: [DEBUG]: (nwd_keymaster_packing.c:48) tc_KM_ENUM 0 0x00000000
01-17 14:22:15.057 3307 3307 D keymaster_tee: [DEBUG]: (nwd_keymaster_packing.c:107) *************************************
01-17 14:22:15.057 3307 3307 D keymaster_tee: [DEBUG]: (nwd_keymaster_packing.c:114) *******sw_enforced*********
01-17 14:22:15.057 3307 3307 D keymaster_tee: [DEBUG]: (nwd_keymaster_packing.c:36) *********print_params***********
01-17 14:22:15.057 3307 3307 D keymaster_tee: [DEBUG]: (nwd_keymaster_packing.c:37) params->length = 1
01-17 14:22:15.057 3307 3307 D keymaster_tee: [DEBUG]: (nwd_keymaster_packing.c:43) tc_KM_TAG_CREATION_DATETIME params->params[0].tag = 0x600002bd
01-17 14:22:15.057 3307 3307 D keymaster_tee: [DEBUG]: (nwd_keymaster_packing.c:87) tc_KM_DATE 1513345414000
01-17 14:22:15.057 3307 3307 D keymaster_tee: [DEBUG]: (nwd_keymaster_packing.c:107) *************************************
01-17 14:22:15.057 3307 3307 I keymaster_tee: [INFO]: (nwd_keymaster_mdfpp.cpp:802) exit get_key_characteristics function, returns 0
01-17 14:22:15.058 4145 15166 D TP/MmsSmsProvider: query, match 4000:Elapsed time : 6.820 ms
01-17 14:22:15.059 26842 26842 D SAMSUNGPAY: [SpayBroadcastReceiver] onReceive() action = android.intent.action.USER_PRESENT
01-17 14:22:15.059 26842 26842 I SAMSUNGPAY: [SpayCommonUtils] No SimplePay card. Don't start service
01-17 14:22:15.061 7255 2758 I Authzen : [DeviceStateSyncManager] The server is in sync with current state. Nothing to do
01-17 14:22:15.062 3768 5292 I TLC_TZ_COMMON: get_filename: : TZ GetFN : enc filename: 608B917ACC53E6791B20229FE3BB4BF668B968E0D728FF1DB62952DB06AE287DF670532CAD9FD82EC50FB0F14DABE91191D28012009B5C1D82B82FB80EF8088A
01-17 14:22:15.062 3768 5292 I TZ: mc_tlc_communication: tlc_close() was called
01-17 14:22:15.062 3768 5292 I TZ: mc_tlc_communication: Closing the session
01-17 14:22:15.066 3307 3307 I keymaster_tee: [INFO]: (nwd_keymaster_mdfpp.cpp:788) entered get_key_characteristics function.
01-17 14:22:15.066 3768 5292 I TZ: mc_tlc_communication: Freeing message buffer
01-17 14:22:15.066 3768 5292 I TZ: mc_tlc_communication: Closing MobiCore device
01-17 14:22:15.066 3768 5292 I TZ: mc_tlc_communication: tlc_close() succeeded
01-17 14:22:15.066 3768 5292 E TLC_TZ_KEYSTORE: : Count : 1, Ret : 0
01-17 14:22:15.066 3768 5292 I : TimaKeyStore: encryptFilename : filename is: 608B917ACC53E6791B20229FE3BB4BF668B968E0D728FF1DB62952DB06AE287DF670532CAD9FD82EC50FB0F14DABE91191D28012009B5C1D82B82FB80EF8088A
01-17 14:22:15.066 3768 5292 I : TimaKeyStore: /data/misc/fips_tima_keystore/user_0/608B917ACC53E6791B20229FE3BB4BF668B968E0D728FF1DB62952DB06AE287DF670532CAD9FD82EC50FB0F14DABE91191D28012009B5C1D82B82FB80EF8088A exists
01-17 14:22:15.067 3768 5292 D TimaService: TIMA3: FipsKeyStore3_exist
01-17 14:22:15.067 3768 5292 D TimaService: TIMA: in getTimaVersion
01-17 14:22:15.067 3768 5292 D TimaService: TIMA: in getTimaStatus
01-17 14:22:15.067 3768 5292 D TimaService: TIMA: in getTimaStatus
01-17 14:22:15.067 3768 5292 I : TimaKeyStore: tima_KeyStore3_exist_JNI
01-17 14:22:15.067 3768 5292 I : TimaKeyStore: callingUid is 1000
01-17 14:22:15.067 3768 5292 E TLC_TZ_KEYSTORE: : Inside TZ_KEYSTORE_encrypt_filename()
01-17 14:22:15.067 3768 5292 I TLC_TZ_KEYSTORE: : creating new keystore context...
01-17 14:22:15.067 3768 5292 I TLC_TZ_KEYSTORE: : initializing ccm context...
01-17 14:22:15.067 3768 5292 I TLC_TZ_KEYSTORE: : root = 0, root_strlen = 1
01-17 14:22:15.067 3768 5292 I TLC_TZ_KEYSTORE: : process = ffffffff000000000000000000000013, process_strlen = 32
01-17 14:22:15.067 3768 5292 I TZ: mc_tlc_communication: input max_sendmsg_size = 1080
01-17 14:22:15.067 3768 5292 I TZ: mc_tlc_communication: input max_recvmsg_size = 1080
01-17 14:22:15.067 3768 5292 I TZ: mc_tlc_communication: root = 0, root_len = 1
01-17 14:22:15.067 3768 5292 I TZ: mc_tlc_communication: process = ffffffff000000000000000000000013, process_strlen = 32
01-17 14:22:15.067 3768 5292 I TZ: mc_tlc_communication: aligned max_sendmsg_size = 1088
01-17 14:22:15.067 3768 5292 I TZ: mc_tlc_communication: aligned max_recvmsg_size = 1088
01-17 14:22:15.067 3768 5292 I TZ: mc_tlc_communication: device_id = 0x0
01-17 14:22:15.067 3768 5292 I TZ: mc_tlc_communication: tlc_open() was called
01-17 14:22:15.067 3768 5292 I TZ: mc_tlc_communication: Opening MobiCore device
01-17 14:22:15.067 3768 5292 I TZ: mc_tlc_communication: Allocating message buffer for TCI
01-17 14:22:15.067 3768 5292 I TZ: mc_tlc_communication: Opening the session
01-17 14:22:15.070 3768 5702 D PackageManager: setEnabledSetting : userId = 0 packageName = com.instagram.android cmp = com.instagram.push.fbns.FbnsInitBroadcastReceiver newState = 1 callingPackage = 10188
01-17 14:22:15.071 3307 3307 D keymaster_tee: [DEBUG]: (nwd_keymaster_mobicore.c:400) TA return code: 0 (0x00000000)
01-17 14:22:15.071 3307 3307 D keymaster_tee: [DEBUG]: (nwd_keymaster_mobicore.c:405) TLC_COMMAND(e): cmd = 0x00000009, ret = 0x00000000
01-17 14:22:15.071 3307 3307 D keymaster_tee: [DEBUG]: (nwd_keymaster_packing.c:112) *******hw_enforced*********
01-17 14:22:15.071 3307 3307 D keymaster_tee: [DEBUG]: (nwd_keymaster_packing.c:36) *********print_params***********
01-17 14:22:15.071 3307 3307 D keymaster_tee: [DEBUG]: (nwd_keymaster_packing.c:37) params->length = 9
01-17 14:22:15.071 3307 3307 D keymaster_tee: [DEBUG]: (nwd_keymaster_packing.c:43) tc_KM_TAG_KEY_SIZE params->params[0].tag = 0x30000003
01-17 14:22:15.071 3307 3307 D keymaster_tee: [DEBUG]: (nwd_keymaster_packing.c:60) tc_KM_UINT 128 0x00000080
01-17 14:22:15.071 3307 3307 D keymaster_tee: [DEBUG]: (nwd_keymaster_packing.c:43) tc_KM_TAG_ALGORITHM params->params[1].tag = 0x10000002
01-17 14:22:15.071 3307 3307 D keymaster_tee: [DEBUG]: (nwd_keymaster_packing.c:48) tc_KM_ENUM 32 0x00000020
01-17 14:22:15.071 3307 3307 D keymaster_tee: [DEBUG]: (nwd_keymaster_packing.c:43) tc_KM_TAG_PURPOSE params->params[2].tag = 0x20000001
01-17 14:22:15.071 3307 3307 D keymaster_tee: [DEBUG]: (nwd_keymaster_packing.c:52) tc_KM_ENUM_REP 0 0x00000000
01-17 14:22:15.071 3307 3307 D keymaster_tee: [DEBUG]: (nwd_keymaster_packing.c:43) tc_KM_TAG_BLOCK_MODE params->params[3].tag = 0x20000004
01-17 14:22:15.071 3307 3307 D keymaster_tee: [DEBUG]: (nwd_keymaster_packing.c:52) tc_KM_ENUM_REP 2 0x00000002
01-17 14:22:15.071 3307 3307 D keymaster_tee: [DEBUG]: (nwd_keymaster_packing.c:43) tc_KM_TAG_PADDING params->params[4].tag = 0x20000006
01-17 14:22:15.071 3307 3307 D keymaster_tee: [DEBUG]: (nwd_keymaster_packing.c:52) tc_KM_ENUM_REP 64 0x00000040
01-17 14:22:15.071 3307 3307 D keymaster_tee: [DEBUG]: (nwd_keymaster_packing.c:43) tc_KM_TAG_USER_SECURE_ID params->params[5].tag = 0xa00001f6
01-17 14:22:15.071 3307 3307 D keymaster_tee: [DEBUG]: (nwd_keymaster_packing.c:79) tc_KM_ULONG_REP 1647634251795397217
01-17 14:22:15.071 3307 3307 D keymaster_tee: [DEBUG]: (nwd_keymaster_packing.c:43) tc_KM_TAG_USER_AUTH_TYPE params->params[6].tag = 0x100001f8
01-17 14:22:15.071 3307 3307 D keymaster_tee: [DEBUG]: (nwd_keymaster_packing.c:48) tc_KM_ENUM 3 0x00000003
01-17 14:22:15.071 3307 3307 D keymaster_tee: [DEBUG]: (nwd_keymaster_packing.c:43) tc_KM_TAG_AUTH_TIMEOUT params->params[7].tag = 0x300001f9
01-17 14:22:15.071 3307 3307 D keymaster_tee: [DEBUG]: (nwd_keymaster_packing.c:60) tc_KM_UINT 30 0x0000001e
01-17 14:22:15.071 3307 3307 D keymaster_tee: [DEBUG]: (nwd_keymaster_packing.c:43) tc_KM_TAG_ORIGIN params->params[8].tag = 0x100002be
01-17 14:22:15.071 3307 3307 D keymaster_tee: [DEBUG]: (nwd_keymaster_packing.c:48) tc_KM_ENUM 0 0x00000000
01-17 14:22:15.071 3307 3307 D keymaster_tee: [DEBUG]: (nwd_keymaster_packing.c:107) *************************************
01-17 14:22:15.071 3307 3307 D keymaster_tee: [DEBUG]: (nwd_keymaster_packing.c:114) *******sw_enforced*********
01-17 14:22:15.071 3307 3307 D keymaster_tee: [DEBUG]: (nwd_keymaster_packing.c:36) *********print_params***********
01-17 14:22:15.071 3307 3307 D keymaster_tee: [DEBUG]: (nwd_keymaster_packing.c:37) params->length = 1
01-17 14:22:15.071 3307 3307 D keymaster_tee: [DEBUG]: (nwd_keymaster_packing.c:43) tc_KM_TAG_CREATION_DATETIME params->params[0].tag = 0x600002bd
01-17 14:22:15.071 3307 3307 D keymaster_tee: [DEBUG]: (nwd_keymaster_packing.c:87) tc_KM_DATE 1513345414000
01-17 14:22:15.071 3307 3307 D keymaster_tee: [DEBUG]: (nwd_keymaster_packing.c:107) *************************************
01-17 14:22:15.071 3307 3307 I keymaster_tee: [INFO]: (nwd_keymaster_mdfpp.cpp:802) exit get_key_characteristics function, returns 0
01-17 14:22:15.072 3307 3307 I keymaster_tee: [INFO]: (nwd_keymaster_mdfpp.cpp:741) entered add_rng_entropy function.
01-17 14:22:15.072 3307 3307 D keymaster_tee: [DEBUG]: (nwd_keymaster_tc_api.c:891) ******PRNG ENTROPY***NWD****
01-17 14:22:15.074 3307 3307 D keymaster_tee: [DEBUG]: (nwd_keymaster_mobicore.c:400) TA return code: 0 (0x00000000)
01-17 14:22:15.074 3307 3307 D keymaster_tee: [DEBUG]: (nwd_keymaster_mobicore.c:405) TLC_COMMAND(e): cmd = 0x00000007, ret = 0x00000000
01-17 14:22:15.074 3307 3307 I keymaster_tee: [INFO]: (nwd_keymaster_mdfpp.cpp:752) exit add_rng_entropy function, returns 0
01-17 14:22:15.074 3307 3307 I keymaster_tee: [INFO]: (nwd_keymaster_mdfpp.cpp:788) entered get_key_characteristics function.
01-17 14:22:15.079 3768 3793 D PackageManager: setEnabledSetting : userId = 0 packageName = com.instagram.android cmp = com.facebook.rti.push.service.FbnsService newState = 1 callingPackage = 10188
01-17 14:22:15.080 3768 5317 D WindowManager: finishDrawingWindow: Window{4bb7ac0d0 u0 com.google.android.apps.docs/com.google.android.apps.docs.doclist.activity.DocListActivity} mDrawState=DRAW_PENDING
01-17 14:22:15.081 3307 3307 D keymaster_tee: [DEBUG]: (nwd_keymaster_mobicore.c:400) TA return code: 0 (0x00000000)
01-17 14:22:15.081 3307 3307 D keymaster_tee: [DEBUG]: (nwd_keymaster_mobicore.c:405) TLC_COMMAND(e): cmd = 0x00000009, ret = 0x00000000
01-17 14:22:15.081 3307 3307 D keymaster_tee: [DEBUG]: (nwd_keymaster_packing.c:112) *******hw_enforced*********
01-17 14:22:15.081 3307 3307 D keymaster_tee: [DEBUG]: (nwd_keymaster_packing.c:36) *********print_params***********
01-17 14:22:15.081 3307 3307 D keymaster_tee: [DEBUG]: (nwd_keymaster_packing.c:37) params->length = 9
01-17 14:22:15.081 3307 3307 D keymaster_tee: [DEBUG]: (nwd_keymaster_packing.c:43) tc_KM_TAG_KEY_SIZE params->params[0].tag = 0x30000003
01-17 14:22:15.081 3307 3307 D keymaster_tee: [DEBUG]: (nwd_keymaster_packing.c:60) tc_KM_UINT 128 0x00000080
01-17 14:22:15.081 3307 3307 D keymaster_tee: [DEBUG]: (nwd_keymaster_packing.c:43) tc_KM_TAG_ALGORITHM params->params[1].tag = 0x10000002
01-17 14:22:15.081 3307 3307 D keymaster_tee: [DEBUG]: (nwd_keymaster_packing.c:48) tc_KM_ENUM 32 0x00000020
01-17 14:22:15.081 3307 3307 D keymaster_tee: [DEBUG]: (nwd_keymaster_packing.c:43) tc_KM_TAG_PURPOSE params->params[2].tag = 0x20000001
01-17 14:22:15.081 3307 3307 D keymaster_tee: [DEBUG]: (nwd_keymaster_packing.c:52) tc_KM_ENUM_REP 0 0x00000000
01-17 14:22:15.081 3307 3307 D keymaster_tee: [DEBUG]: (nwd_keymaster_packing.c:43) tc_KM_TAG_BLOCK_MODE params->params[3].tag = 0x20000004
01-17 14:22:15.081 3307 3307 D keymaster_tee: [DEBUG]: (nwd_keymaster_packing.c:52) tc_KM_ENUM_REP 2 0x00000002
01-17 14:22:15.081 3307 3307 D keymaster_tee: [DEBUG]: (nwd_keymaster_packing.c:43) tc_KM_TAG_PADDING params->params[4].tag = 0x20000006
01-17 14:22:15.081 3307 3307 D keymaster_tee: [DEBUG]: (nwd_keymaster_packing.c:52) tc_KM_ENUM_REP 64 0x00000040
01-17 14:22:15.081 3307 3307 D keymaster_tee: [DEBUG]: (nwd_keymaster_packing.c:43) tc_KM_TAG_USER_SECURE_ID params->params[5].tag = 0xa00001f6
01-17 14:22:15.081 3307 3307 D keymaster_tee: [DEBUG]: (nwd_keymaster_packing.c:79) tc_KM_ULONG_REP 1647634251795397217
01-17 14:22:15.081 3307 3307 D keymaster_tee: [DEBUG]: (nwd_keymaster_packing.c:43) tc_KM_TAG_USER_AUTH_TYPE params->params[6].tag = 0x100001f8
01-17 14:22:15.081 3307 3307 D keymaster_tee: [DEBUG]: (nwd_keymaster_packing.c:48) tc_KM_ENUM 3 0x00000003
01-17 14:22:15.081 3307 3307 D keymaster_tee: [DEBUG]: (nwd_keymaster_packing.c:43) tc_KM_TAG_AUTH_TIMEOUT params->params[7].tag = 0x300001f9
01-17 14:22:15.081 3307 3307 D keymaster_tee: [DEBUG]: (nwd_keymaster_packing.c:60) tc_KM_UINT 30 0x0000001e
01-17 14:22:15.081 3307 3307 D keymaster_tee: [DEBUG]: (nwd_keymaster_packing.c:43) tc_KM_TAG_ORIGIN params->params[8].tag = 0x100002be
01-17 14:22:15.081 3307 3307 D keymaster_tee: [DEBUG]: (nwd_keymaster_packing.c:48) tc_KM_ENUM 0 0x00000000
01-17 14:22:15.082 3307 3307 D keymaster_tee: [DEBUG]: (nwd_keymaster_packing.c:107) *************************************
01-17 14:22:15.082 3307 3307 D keymaster_tee: [DEBUG]: (nwd_keymaster_packing.c:114) *******sw_enforced*********
01-17 14:22:15.082 3307 3307 D keymaster_tee: [DEBUG]: (nwd_keymaster_packing.c:36) *********print_params***********
01-17 14:22:15.082 3307 3307 D keymaster_tee: [DEBUG]: (nwd_keymaster_packing.c:37) params->length = 1
01-17 14:22:15.084 3307 3307 D keymaster_tee: [DEBUG]: (nwd_keymaster_packing.c:43) tc_KM_TAG_CREATION_DATETIME params->params[0].tag = 0x600002bd
01-17 14:22:15.084 3307 3307 D keymaster_tee: [DEBUG]: (nwd_keymaster_packing.c:87) tc_KM_DATE 1513345414000
01-17 14:22:15.084 3307 3307 D keymaster_tee: [DEBUG]: (nwd_keymaster_packing.c:107) *************************************
01-17 14:22:15.084 3307 3307 I keymaster_tee: [INFO]: (nwd_keymaster_mdfpp.cpp:802) exit get_key_characteristics function, returns 0
01-17 14:22:15.084 3307 3307 D SoftKeymaster: system/keymaster/soft_keymaster_device.cpp, Line 697: Not performing software digesting for algorithm 32
01-17 14:22:15.084 3307 3307 D SoftKeymaster: system/keymaster/soft_keymaster_device.cpp, Line 1208: Operation supported by Keymaster MDFPP Mobicore HAL, passing through to keymaster1 module
01-17 14:22:15.084 3307 3307 I keymaster_tee: [INFO]: (nwd_keymaster_mdfpp.cpp:878) entered begin function.
01-17 14:22:15.096 3768 3888 V WindowManager: Now policy shown: Window{4bb7ac0d0 u0 com.google.android.apps.docs/com.google.android.apps.docs.doclist.activity.DocListActivity}
01-17 14:22:15.102 3768 3888 D KnoxTimeoutHandler: notifyActivityDrawn [MsgParam] userId: 0 fullscreen is true showWhenlocked is false isMutiwindowRecord is false multiwindowstyle is 1
01-17 14:22:15.103 3768 3768 D KnoxTimeoutHandler: activityDrawn [MsgParam] userId: 0 fullscreen is true showWhenlocked is false isMutiwindowRecord is false multiwindowstyle is 1
01-17 14:22:15.105 3768 3768 I KnoxTimeoutHandler: SD activityfalse
01-17 14:22:15.105 3768 3768 I KnoxTimeoutHandler: Fullscreen and mCurrent is not KNOX user. Hence hide keyguard
01-17 14:22:15.106 3768 5292 I TZ: mc_tlc_communication: tlc_open() succeeded
01-17 14:22:15.106 3768 5292 I TLC_TZ_KEYSTORE: : ctx = 0x71a223cf00, comm = 0x71a223cf60, sendmsg = 0x71e2e24000, recvmsg = 0x71e2e24440
01-17 14:22:15.106 3768 5292 I TLC_TZ_COMMON: get_filename: : TZ_COMMON: Get_filename - allow_hashing: 0
01-17 14:22:15.106 3768 5292 I TLC_TZ_COMMON: get_filename: : TZ GetFN : priv_data.in_filename: 1000_KS_SKEY_PersonaPwdResetToken0, len: 34
01-17 14:22:15.106 3768 5292 I TLC_TZ_COMMON: get_filename: : TZ CCM : priv_data.in_fn_len: 34
01-17 14:22:15.106 3768 5292 I TLC_TZ_COMMON: get_filename: : TZ GetFN : Starting
01-17 14:22:15.107 3307 3307 D keymaster_tee: [DEBUG]: (nwd_keymaster_mobicore.c:400) TA return code: 0 (0x00000000)
01-17 14:22:15.107 3307 3307 D keymaster_tee: [DEBUG]: (nwd_keymaster_mobicore.c:405) TLC_COMMAND(e): cmd = 0x0000000E, ret = 0x00000000
01-17 14:22:15.108 3307 3307 I keymaster_tee: [INFO]: (nwd_keymaster_mdfpp.cpp:887) exit begin function, returns 0
01-17 14:22:15.109 3307 3307 I keymaster_tee: [INFO]: (nwd_keymaster_mdfpp.cpp:918) entered finish function.
01-17 14:22:15.111 27629 27629 D ViewRootImpl@10d5a0d[DocListActivity]: MSG_RESIZED_REPORT: ci=Rect(0, 0 - 0, 0) vi=Rect(0, 0 - 0, 0) or=1
01-17 14:22:15.111 3307 3307 D keymaster_tee: [DEBUG]: (nwd_keymaster_mobicore.c:400) TA return code: 0 (0x00000000)
01-17 14:22:15.111 3307 3307 D keymaster_tee: [DEBUG]: (nwd_keymaster_mobicore.c:405) TLC_COMMAND(e): cmd = 0x00000010, ret = 0x00000000
01-17 14:22:15.111 3307 3307 I keymaster_tee: [INFO]: (nwd_keymaster_mdfpp.cpp:928) exit finish function, returns 0
01-17 14:22:15.112 3307 3307 W keystore: ENTER abort from uid 10017
01-17 14:22:15.114 3768 5292 I TLC_TZ_COMMON: get_filename: : TZ GetFN : enc filename: 608B917ACC53E6791B20229FE3BB4BF668B968E0D728FF1DB62952DB06AE287DF670532CAD9FD82EC50FB0F14DABE91191D28012009B5C1D82B82FB80EF8088A
01-17 14:22:15.114 3768 5292 I TZ: mc_tlc_communication: tlc_close() was called
01-17 14:22:15.114 3768 5292 I TZ: mc_tlc_communication: Closing the session
01-17 14:22:15.116 27629 27629 D ViewRootImpl@10d5a0d[DocListActivity]: dispatchDetachedFromWindow
01-17 14:22:15.117 3768 5292 I TZ: mc_tlc_communication: Freeing message buffer
01-17 14:22:15.117 3768 5292 I TZ: mc_tlc_communication: Closing MobiCore device
01-17 14:22:15.117 3768 5292 I TZ: mc_tlc_communication: tlc_close() succeeded
01-17 14:22:15.117 3768 5292 E TLC_TZ_KEYSTORE: : Count : 1, Ret : 0
01-17 14:22:15.117 3768 5292 I : TimaKeyStore: encryptFilename : filename is: 608B917ACC53E6791B20229FE3BB4BF668B968E0D728FF1DB62952DB06AE287DF670532CAD9FD82EC50FB0F14DABE91191D28012009B5C1D82B82FB80EF8088A
01-17 14:22:15.117 3768 3849 D WindowManager: set systemUiVisibility of statusbar : vis= 0x708
01-17 14:22:15.117 3768 5292 I : TimaKeyStore: /data/misc/fips_tima_keystore/user_0/608B917ACC53E6791B20229FE3BB4BF668B968E0D728FF1DB62952DB06AE287DF670532CAD9FD82EC50FB0F14DABE91191D28012009B5C1D82B82FB80EF8088A exists
01-17 14:22:15.119 3768 5292 D FipsTimaKeyStore: isAliasAcessPermitted - getSlotIdForCaller returned : -1
01-17 14:22:15.119 3768 5292 D TimaService: TIMA3: FipsKeyStore3_exist
01-17 14:22:15.119 3768 5292 D TimaService: TIMA: in getTimaVersion
01-17 14:22:15.119 3768 5317 D InputDispatcher: Focus left window: 27629
01-17 14:22:15.119 3768 5292 D TimaService: TIMA: in getTimaStatus
01-17 14:22:15.119 3768 5292 D TimaService: TIMA: in getTimaStatus
01-17 14:22:15.119 3768 5317 D InputDispatcher: Focus entered window: 27629
01-17 14:22:15.119 3768 5317 D InputTransport: Input channel destroyed: fd=550
01-17 14:22:15.119 3768 5292 I : TimaKeyStore: tima_KeyStore3_exist_JNI
01-17 14:22:15.119 3768 5292 I : TimaKeyStore: callingUid is 1000
01-17 14:22:15.121 27629 27629 D InputTransport: Input channel destroyed: fd=90
01-17 14:22:15.121 3768 5292 E TLC_TZ_KEYSTORE: : Inside TZ_KEYSTORE_encrypt_filename()
01-17 14:22:15.121 27629 27629 W Glide : Load failed for ThumbnailModel[0, null, null, null] with size [672x288]
01-17 14:22:15.121 27629 27629 W Glide : class ach: Failed to load resource
01-17 14:22:15.121 27629 27629 W Glide : Cause (1 of 1): class ach: Fetching data failed, class java.io.InputStream, REMOTE
01-17 14:22:15.121 27629 27629 W Glide : Cause (1 of 1): class aam: Failed executing request through HttpExecutor
01-17 14:22:15.121 3768 5292 I TLC_TZ_KEYSTORE: : creating new keystore context...
01-17 14:22:15.121 3768 5292 I TLC_TZ_KEYSTORE: : initializing ccm context...
01-17 14:22:15.121 3768 5292 I TLC_TZ_KEYSTORE: : root = 0, root_strlen = 1
01-17 14:22:15.121 3768 5292 I TLC_TZ_KEYSTORE: : process = ffffffff000000000000000000000013, process_strlen = 32
01-17 14:22:15.121 3768 5292 I TZ: mc_tlc_communication: input max_sendmsg_size = 1080
01-17 14:22:15.121 3768 5292 I TZ: mc_tlc_communication: input max_recvmsg_size = 1080
01-17 14:22:15.121 3768 5292 I TZ: mc_tlc_communication: root = 0, root_len = 1
01-17 14:22:15.121 3768 5292 I TZ: mc_tlc_communication: process = ffffffff000000000000000000000013, process_strlen = 32
01-17 14:22:15.121 3768 5292 I TZ: mc_tlc_communication: aligned max_sendmsg_size = 1088
01-17 14:22:15.121 3768 5292 I TZ: mc_tlc_communication: aligned max_recvmsg_size = 1088
01-17 14:22:15.121 27629 27629 W Glide : Load failed for ThumbnailModel[0, null, null, null] with size [672x288]
01-17 14:22:15.121 27629 27629 W Glide : class ach: Failed to load resource
01-17 14:22:15.121 27629 27629 W Glide : Cause (1 of 1): class ach: Fetching data failed, class java.io.InputStream, REMOTE
01-17 14:22:15.121 27629 27629 W Glide : Cause (1 of 1): class aam: Failed executing request through HttpExecutor
01-17 14:22:15.121 3768 5292 I TZ: mc_tlc_communication: device_id = 0x0
01-17 14:22:15.121 3768 5292 I TZ: mc_tlc_communication: tlc_open() was called
01-17 14:22:15.121 3768 5292 I TZ: mc_tlc_communication: Opening MobiCore device
01-17 14:22:15.121 3768 5292 I TZ: mc_tlc_communication: Allocating message buffer for TCI
01-17 14:22:15.121 27629 27629 W Glide : Load failed for ThumbnailModel[0, null, null, null] with size [672x288]
01-17 14:22:15.121 27629 27629 W Glide : class ach: Failed to load resource
01-17 14:22:15.121 27629 27629 W Glide : Cause (1 of 1): class ach: Fetching data failed, class java.io.InputStream, REMOTE
01-17 14:22:15.121 27629 27629 W Glide : Cause (1 of 1): class aam: Failed executing request through HttpExecutor
01-17 14:22:15.121 3768 5292 I TZ: mc_tlc_communication: Opening the session
01-17 14:22:15.121 27629 27629 W Glide : Load failed for ThumbnailModel[0, null, null, null] with size [672x288]
01-17 14:22:15.121 27629 27629 W Glide : class ach: Failed to load resource
01-17 14:22:15.121 27629 27629 W Glide : Cause (1 of 1): class ach: Fetching data failed, class java.io.InputStream, REMOTE
01-17 14:22:15.121 27629 27629 W Glide : Cause (1 of 1): class aam: Failed executing request through HttpExecutor
01-17 14:22:15.123 3768 5305 D WindowManager: adjustSystemUiVisibilityLw : vis= 0x708
01-17 14:22:15.135 27629 27629 D AbsListView: viewType is heaer or footer
01-17 14:22:15.135 27629 27629 D AbsListView: viewType is heaer or footer
01-17 14:22:15.139 3768 5292 I TZ: mc_tlc_communication: tlc_open() succeeded
01-17 14:22:15.139 3768 5292 I TLC_TZ_KEYSTORE: : ctx = 0x71a223cf00, comm = 0x71a223cf60, sendmsg = 0x71e2e24000, recvmsg = 0x71e2e24440
01-17 14:22:15.139 3768 5292 I TLC_TZ_COMMON: get_filename: : TZ_COMMON: Get_filename - allow_hashing: 0
01-17 14:22:15.139 3768 5292 I TLC_TZ_COMMON: get_filename: : TZ GetFN : priv_data.in_filename: 1000_KS_SKEY_PersonaPwdResetToken0, len: 34
01-17 14:22:15.139 3768 5292 I TLC_TZ_COMMON: get_filename: : TZ CCM : priv_data.in_fn_len: 34
01-17 14:22:15.139 3768 5292 I TLC_TZ_COMMON: get_filename: : TZ GetFN : Starting
01-17 14:22:15.140 27629 27629 W Glide : Load failed for ThumbnailModel[0, null, null, null] with size [672x288]
01-17 14:22:15.140 27629 27629 W Glide : class ach: Failed to load resource
01-17 14:22:15.140 27629 27629 W Glide : Cause (1 of 1): class ach: Fetching data failed, class java.io.InputStream, REMOTE
01-17 14:22:15.140 27629 27629 W Glide : Cause (1 of 1): class aam: Failed executing request through HttpExecutor
01-17 14:22:15.140 27629 27629 W Glide : Load failed for ThumbnailModel[0, null, null, null] with size [672x288]
01-17 14:22:15.140 27629 27629 W Glide : class ach: Failed to load resource
01-17 14:22:15.140 27629 27629 W Glide : Cause (1 of 1): class ach: Fetching data failed, class java.io.InputStream, REMOTE
01-17 14:22:15.140 27629 27629 W Glide : Cause (1 of 1): class aam: Failed executing request through HttpExecutor
01-17 14:22:15.141 27629 27629 W Glide : Load failed for ThumbnailModel[0, null, null, null] with size [672x288]
01-17 14:22:15.141 27629 27629 W Glide : class ach: Failed to load resource
01-17 14:22:15.141 27629 27629 W Glide : Cause (1 of 1): class ach: Fetching data failed, class java.io.InputStream, REMOTE
01-17 14:22:15.141 27629 27629 W Glide : Cause (1 of 1): class aam: Failed executing request through HttpExecutor
01-17 14:22:15.141 27629 27629 W Glide : Load failed for ThumbnailModel[0, null, null, null] with size [672x288]
01-17 14:22:15.141 27629 27629 W Glide : class ach: Failed to load resource
01-17 14:22:15.141 27629 27629 W Glide : Cause (1 of 1): class ach: Fetching data failed, class java.io.InputStream, REMOTE
01-17 14:22:15.141 27629 27629 W Glide : Cause (1 of 1): class aam: Failed executing request through HttpExecutor
01-17 14:22:15.142 27629 27629 D ViewRootImpl@b6d739a[DocListActivity]: MSG_WINDOW_FOCUS_CHANGED 0
01-17 14:22:15.143 27629 27629 D ViewRootImpl@b6d739a[DocListActivity]: MSG_WINDOW_FOCUS_CHANGED 1
01-17 14:22:15.144 27629 27629 V InputMethodManager: Starting input: tba=android.view.inputmethod.EditorInfo@9296aff nm : com.google.android.apps.docs ic=null
