01-17 14:22:23.596 3768 4072 D ConnectivityService: checking if request is satisfied: NetworkRequest [ id=787, legacyType=-1, [ Capabilities: INTERNET&NOT_RESTRICTED&TRUSTED] ]
01-17 14:22:23.596 3768 4072 D ConnectivityService: checking if request is satisfied: NetworkRequest [ id=19, legacyType=-1, [ Capabilities: INTERNET&NOT_RESTRICTED&TRUSTED] ]
01-17 14:22:23.596 3768 4072 D ConnectivityService: checking if request is satisfied: NetworkRequest [ id=1250, legacyType=-1, [ Capabilities: INTERNET&NOT_RESTRICTED&TRUSTED] ]
01-17 14:22:23.596 3768 4072 D ConnectivityService: checking if request is satisfied: NetworkRequest [ id=7, legacyType=-1, [ Transports: CELLULAR Capabilities: INTERNET&NOT_RESTRICTED&TRUSTED&NOT_VPN] ]
01-17 14:22:23.596 3768 4072 D ConnectivityService: checking if request is satisfied: NetworkRequest [ id=1210, legacyType=-1, [ Transports: WIFI Capabilities: INTERNET&NOT_RESTRICTED&TRUSTED&NOT_VPN] ]
01-17 14:22:23.597 3768 4072 D ConnectivityService: checking if request is satisfied: NetworkRequest [ id=6, legacyType=-1, [ Transports: WIFI Capabilities: INTERNET&NOT_RESTRICTED&TRUSTED&NOT_VPN] ]
01-17 14:22:23.597 3768 4072 D ConnectivityService: checking if request is satisfied: NetworkRequest [ id=1262, legacyType=-1, [ Capabilities: INTERNET&NOT_RESTRICTED&TRUSTED] ]
01-17 14:22:23.597 3768 4072 D ConnectivityService: checking if request is satisfied: NetworkRequest [ id=639, legacyType=-1, [ Capabilities: INTERNET&NOT_RESTRICTED&TRUSTED&NOT_VPN] ]
01-17 14:22:23.597 3768 4072 D ConnectivityService: checking if request is satisfied: NetworkRequest [ id=1271, legacyType=-1, [ Capabilities: INTERNET&NOT_RESTRICTED&TRUSTED] ]
01-17 14:22:23.597 3768 4072 D ConnectivityService: checking if request is satisfied: NetworkRequest [ id=12, legacyType=-1, [ Transports: WIFI Capabilities: INTERNET&NOT_RESTRICTED&TRUSTED&NOT_VPN] ]
01-17 14:22:23.597 3768 4072 D ConnectivityService: checking if request is satisfied: NetworkRequest [ id=1261, legacyType=-1, [ Capabilities: INTERNET&NOT_RESTRICTED&TRUSTED] ]
01-17 14:22:23.597 3768 4072 D ConnectivityService: checking if request is satisfied: NetworkRequest [ id=1272, legacyType=-1, [ Capabilities: INTERNET&NOT_RESTRICTED&TRUSTED] ]
01-17 14:22:23.597 3768 4072 D ConnectivityService: notifyType CAP_CHANGED for NetworkAgentInfo [WIFI () - 551]
01-17 14:22:23.597 3768 4072 D ConnectivityService: sending notification for NetworkRequest [ id=1, legacyType=-1, [ Capabilities: INTERNET&NOT_RESTRICTED&TRUSTED&NOT_VPN] ]
01-17 14:22:23.597 3768 4072 D ConnectivityService: sending notification for NetworkRequest [ id=3, legacyType=-1, [] ]
01-17 14:22:23.598 3768 4072 D ConnectivityService: sending notification CAP_CHANGED for NetworkRequest [ id=3, legacyType=-1, [] ]
01-17 14:22:23.600 3768 4072 D ConnectivityService: sending notification for NetworkRequest [ id=4, legacyType=-1, [ Transports: WIFI Capabilities: INTERNET&NOT_RESTRICTED&TRUSTED&NOT_VPN] ]
01-17 14:22:23.600 3768 4072 D ConnectivityService: sending notification CAP_CHANGED for NetworkRequest [ id=4, legacyType=-1, [ Transports: WIFI Capabilities: INTERNET&NOT_RESTRICTED&TRUSTED&NOT_VPN] ]
01-17 14:22:23.601 3768 4072 D ConnectivityService: sending notification for NetworkRequest [ id=5, legacyType=-1, [] ]
01-17 14:22:23.601 3768 4072 D ConnectivityService: sending notification CAP_CHANGED for NetworkRequest [ id=5, legacyType=-1, [] ]
01-17 14:22:23.601 3768 4072 D ConnectivityService: sending notification for NetworkRequest [ id=6, legacyType=-1, [ Transports: WIFI Capabilities: INTERNET&NOT_RESTRICTED&TRUSTED&NOT_VPN] ]
01-17 14:22:23.601 3768 4072 D ConnectivityService: sending notification CAP_CHANGED for NetworkRequest [ id=6, legacyType=-1, [ Transports: WIFI Capabilities: INTERNET&NOT_RESTRICTED&TRUSTED&NOT_VPN] ]
01-17 14:22:23.602 3768 4072 D ConnectivityService: sending notification for NetworkRequest [ id=8, legacyType=-1, [ Transports: WIFI Capabilities: INTERNET&NOT_RESTRICTED&TRUSTED&NOT_VPN] ]
01-17 14:22:23.602 3768 4072 D ConnectivityService: sending notification CAP_CHANGED for NetworkRequest [ id=8, legacyType=-1, [ Transports: WIFI Capabilities: INTERNET&NOT_RESTRICTED&TRUSTED&NOT_VPN] ]
01-17 14:22:23.602 3768 4072 D ConnectivityService: sending notification for NetworkRequest [ id=9, legacyType=-1, [ Transports: CELLULAR|WIFI Capabilities: NOT_RESTRICTED&TRUSTED&NOT_VPN] ]
01-17 14:22:23.603 3768 4072 D ConnectivityService: sending notification CAP_CHANGED for NetworkRequest [ id=9, legacyType=-1, [ Transports: CELLULAR|WIFI Capabilities: NOT_RESTRICTED&TRUSTED&NOT_VPN] ]
01-17 14:22:23.605 3768 4072 D ConnectivityService: sending notification for NetworkRequest [ id=12, legacyType=-1, [ Transports: WIFI Capabilities: INTERNET&NOT_RESTRICTED&TRUSTED&NOT_VPN] ]
01-17 14:22:23.605 3768 4072 D ConnectivityService: sending notification CAP_CHANGED for NetworkRequest [ id=12, legacyType=-1, [ Transports: WIFI Capabilities: INTERNET&NOT_RESTRICTED&TRUSTED&NOT_VPN] ]
01-17 14:22:23.605 3768 4072 D ConnectivityService: sending notification for NetworkRequest [ id=19, legacyType=-1, [ Capabilities: INTERNET&NOT_RESTRICTED&TRUSTED] ]
01-17 14:22:23.606 3768 4072 D ConnectivityService: sending notification CAP_CHANGED for NetworkRequest [ id=19, legacyType=-1, [ Capabilities: INTERNET&NOT_RESTRICTED&TRUSTED] ]
01-17 14:22:23.607 3768 4072 D ConnectivityService: sending notification for NetworkRequest [ id=63, legacyType=-1, [ Capabilities: INTERNET&NOT_RESTRICTED&TRUSTED] ]
01-17 14:22:23.607 3768 4072 D ConnectivityService: sending notification CAP_CHANGED for NetworkRequest [ id=63, legacyType=-1, [ Capabilities: INTERNET&NOT_RESTRICTED&TRUSTED] ]
01-17 14:22:23.610 3768 4072 D ConnectivityService: sending notification for NetworkRequest [ id=64, legacyType=-1, [ Capabilities: INTERNET&NOT_RESTRICTED&TRUSTED] ]
01-17 14:22:23.610 3768 4072 D ConnectivityService: sending notification CAP_CHANGED for NetworkRequest [ id=64, legacyType=-1, [ Capabilities: INTERNET&NOT_RESTRICTED&TRUSTED] ]
01-17 14:22:23.613 4222 4499 D NetworkController: onReceive: intent=Intent { act=android.net.wifi.RSSI_CHANGED flg=0x4000010 launchParam=MultiScreenLaunchParams { mDisplayId=0 mFlags=0 } bqHint=1 (has extras) }
01-17 14:22:23.614 3768 4072 D ConnectivityService: sending notification for NetworkRequest [ id=627, legacyType=-1, [ Capabilities: INTERNET&NOT_RESTRICTED&TRUSTED] ]
01-17 14:22:23.614 3768 4072 D ConnectivityService: sending notification CAP_CHANGED for NetworkRequest [ id=627, legacyType=-1, [ Capabilities: INTERNET&NOT_RESTRICTED&TRUSTED] ]
01-17 14:22:23.615 3768 4072 D ConnectivityService: sending notification for NetworkRequest [ id=628, legacyType=-1, [ Capabilities: INTERNET&NOT_RESTRICTED&TRUSTED] ]
01-17 14:22:23.616 3768 4072 D ConnectivityService: sending notification CAP_CHANGED for NetworkRequest [ id=628, legacyType=-1, [ Capabilities: INTERNET&NOT_RESTRICTED&TRUSTED] ]
01-17 14:22:23.616 3768 4072 D ConnectivityService: sending notification for NetworkRequest [ id=639, legacyType=-1, [ Capabilities: INTERNET&NOT_RESTRICTED&TRUSTED&NOT_VPN] ]
01-17 14:22:23.616 3768 4072 D ConnectivityService: sending notification CAP_CHANGED for NetworkRequest [ id=639, legacyType=-1, [ Capabilities: INTERNET&NOT_RESTRICTED&TRUSTED&NOT_VPN] ]
01-17 14:22:23.617 3768 4072 D ConnectivityService: sending notification for NetworkRequest [ id=787, legacyType=-1, [ Capabilities: INTERNET&NOT_RESTRICTED&TRUSTED] ]
01-17 14:22:23.617 3768 4072 D ConnectivityService: sending notification CAP_CHANGED for NetworkRequest [ id=787, legacyType=-1, [ Capabilities: INTERNET&NOT_RESTRICTED&TRUSTED] ]
01-17 14:22:23.618 3768 4072 D ConnectivityService: sending notification for NetworkRequest [ id=926, legacyType=-1, [ Capabilities: INTERNET&NOT_RESTRICTED&TRUSTED] ]
01-17 14:22:23.618 3768 4072 D ConnectivityService: sending notification CAP_CHANGED for NetworkRequest [ id=926, legacyType=-1, [ Capabilities: INTERNET&NOT_RESTRICTED&TRUSTED] ]
01-17 14:22:23.619 3768 4072 D ConnectivityService: sending notification for NetworkRequest [ id=1210, legacyType=-1, [ Transports: WIFI Capabilities: INTERNET&NOT_RESTRICTED&TRUSTED&NOT_VPN] ]
01-17 14:22:23.619 3768 4072 D ConnectivityService: sending notification CAP_CHANGED for NetworkRequest [ id=1210, legacyType=-1, [ Transports: WIFI Capabilities: INTERNET&NOT_RESTRICTED&TRUSTED&NOT_VPN] ]
01-17 14:22:23.620 3768 4072 D ConnectivityService: sending notification for NetworkRequest [ id=1250, legacyType=-1, [ Capabilities: INTERNET&NOT_RESTRICTED&TRUSTED] ]
01-17 14:22:23.621 3768 4072 D ConnectivityService: sending notification CAP_CHANGED for NetworkRequest [ id=1250, legacyType=-1, [ Capabilities: INTERNET&NOT_RESTRICTED&TRUSTED] ]
01-17 14:22:23.621 3768 4072 D ConnectivityService: sending notification for NetworkRequest [ id=1252, legacyType=-1, [ Capabilities: INTERNET&NOT_RESTRICTED&TRUSTED] ]
01-17 14:22:23.621 3768 4072 D ConnectivityService: sending notification CAP_CHANGED for NetworkRequest [ id=1252, legacyType=-1, [ Capabilities: INTERNET&NOT_RESTRICTED&TRUSTED] ]
01-17 14:22:23.621 3768 4072 D ConnectivityService: sending notification for NetworkRequest [ id=1261, legacyType=-1, [ Capabilities: INTERNET&NOT_RESTRICTED&TRUSTED] ]
01-17 14:22:23.622 3768 4072 D ConnectivityService: sending notification CAP_CHANGED for NetworkRequest [ id=1261, legacyType=-1, [ Capabilities: INTERNET&NOT_RESTRICTED&TRUSTED] ]
01-17 14:22:23.623 3768 4072 D ConnectivityService: sending notification for NetworkRequest [ id=1262, legacyType=-1, [ Capabilities: INTERNET&NOT_RESTRICTED&TRUSTED] ]
01-17 14:22:23.624 3768 4072 D ConnectivityService: sending notification CAP_CHANGED for NetworkRequest [ id=1262, legacyType=-1, [ Capabilities: INTERNET&NOT_RESTRICTED&TRUSTED] ]
01-17 14:22:23.624 3768 4072 D ConnectivityService: sending notification for NetworkRequest [ id=1271, legacyType=-1, [ Capabilities: INTERNET&NOT_RESTRICTED&TRUSTED] ]
01-17 14:22:23.624 3768 4072 D ConnectivityService: sending notification CAP_CHANGED for NetworkRequest [ id=1271, legacyType=-1, [ Capabilities: INTERNET&NOT_RESTRICTED&TRUSTED] ]
01-17 14:22:23.625 3768 4072 D ConnectivityService: sending notification for NetworkRequest [ id=1272, legacyType=-1, [ Capabilities: INTERNET&NOT_RESTRICTED&TRUSTED] ]
01-17 14:22:23.625 3768 4072 D ConnectivityService: sending notification CAP_CHANGED for NetworkRequest [ id=1272, legacyType=-1, [ Capabilities: INTERNET&NOT_RESTRICTED&TRUSTED] ]
01-17 14:22:23.625 3768 4072 D ConnectivityService: sending notification for NetworkRequest [ id=1275, legacyType=-1, [ Capabilities: INTERNET&NOT_RESTRICTED&TRUSTED] ]
01-17 14:22:23.626 3768 4072 D ConnectivityService: sending notification CAP_CHANGED for NetworkRequest [ id=1275, legacyType=-1, [ Capabilities: INTERNET&NOT_RESTRICTED&TRUSTED] ]
01-17 14:22:23.930 27629 27639 I art : Background partial concurrent mark sweep GC freed 141181(7MB) AllocSpace objects, 13(672KB) LOS objects, 40% free, 23MB/39MB, paused 1.457ms total 104.253ms
01-17 14:22:23.962 3768 4960 D Sensors : M requested delay = 200000000, modified delay = 0
01-17 14:22:23.973 29623 29623 D SensorManager: unregisterListener ::
01-17 14:22:23.984 3768 5701 I Sensors : Proximity old sensor_state 279168, new sensor_state : 279040 en : 0
01-17 14:22:23.988 3768 4054 I Sensors : Light old sensor_state 279040, new sensor_state : 278528 en : 0
01-17 14:22:23.993 22436 22436 D SensorManager: unregisterListener ::
01-17 14:22:24.329 27629 2848 W FileOpenerIntentCreatorImpl: Opener: [ResolveInfo{3867809 com.google.android.packageinstaller/com.android.packageinstaller.PackageInstallerActivity m=0x608000}]
01-17 14:22:24.341 3768 5298 I ActivityManager: START u0 {act=android.intent.action.VIEW typ=application/vnd.android.package-archive flg=0x80000 cmp=ComponentInfo{com.google.android.packageinstaller/com.android.packageinstaller.PackageInstallerActivity}} from uid 10125 on display 0
01-17 14:22:24.344 3768 5298 D ActivityManager: ActivityRecord() Constructor : multiScreenAttrs=MultiScreenAttrs{mDisplayId=0, mBaseDisplayId=0, mBaseActivity=false}
01-17 14:22:24.346 3768 5298 D CustomFrequencyManagerService: acquireDVFSLockLocked : type : DVFS_MIN_LIMIT frequency : 1560000 uid : 1000 pid : 3768 pkgName : AMS_RESUME@CPU_MIN@7
01-17 14:22:24.348 3768 5298 D ActivityManager: mActivityResumeBooster.acquire()
01-17 14:22:24.350 3768 5298 I MultiWindowManagerService: setTaskDimensions: Task=TaskRecord{dbb4eeed0 #15979 A=com.google.android.packageinstaller U=0 StackId=1 sz=1} minWidth=-1 minHeight=-1 maxWidth=-1 maxHeight=-1
01-17 14:22:24.350 3768 5298 D ActivityManager: moveToFront() : reason=startedActivity setFocusedActivity isAttached=true TaskRecord{dbb4eeed0 #15979 A=com.google.android.packageinstaller U=0 StackId=1 sz=1}
01-17 14:22:24.351 3768 5298 D InputDispatcher: Focused application set to: xxxx
01-17 14:22:24.352 3768 5298 D InputDispatcher: Focus left window: 27629
01-17 14:22:24.352 3768 5298 D ActivityManager: resumeTopActivityInnerLocked() : #1 prevTask=TaskRecord{dbb4eeed0 #15979 A=com.google.android.packageinstaller U=0 StackId=1 sz=1} next=ActivityRecord{2512aa2d0 u0 com.google.android.packageinstaller/com.android.packageinstaller.PackageInstallerActivity t15979} mFocusedStack=ActivityStack{9425ef3d0 stackId=1, 7 tasks}
01-17 14:22:24.352 3768 3849 D WindowManager: set systemUiVisibility of statusbar : vis= 0x608
01-17 14:22:24.352 3768 5298 D ActivityTrigger: ActivityTrigger activityPauseTrigger
01-17 14:22:24.353 3768 5298 D GameManagerService: sem_perfomance_mode: 0
01-17 14:22:24.357 3768 5325 D WindowManager: adjustSystemUiVisibilityLw : vis= 0x608
01-17 14:22:24.358 3768 3888 D WindowManager: addWindow: android.view.ViewRootImpl$W@f3317a1 displayId=0
01-17 14:22:24.358 3768 3888 D InputTransport: Input channel constructed: fd=493
01-17 14:22:24.358 3768 3888 D InputTransport: Input channel constructed: fd=520
01-17 14:22:24.359 3768 3888 D ViewRootImpl@3a9c408[packageinstaller]: setView = DecorView@1e9a187[packageinstaller] touchMode=true
01-17 14:22:24.369 3768 3888 V WindowManager: Relayout Window{17a4dc6d0 u0 Starting com.google.android.packageinstaller}: viewVisibility=0 req=1080x1848 WM.LayoutParams{(0,0)(fillxfill) sim=#20 ty=3 fl=#81830118 pfl=0x20011 wanim=0x1030465 vsysui=0x600 needsMenuKey=2 naviIconColor=0}
01-17 14:22:24.369 27629 27629 D ViewRootImpl@ff5cf2d[DocumentOpenerActivityDelegate]: dispatchDetachedFromWindow
01-17 14:22:24.371 3197 3197 I SurfaceFlinger: id=10422 createSurf (1x1),1 flag=404, qackageinst
01-17 14:22:24.413 3768 5291 D InputTransport: Input channel destroyed: fd=490
01-17 14:22:24.414 27629 27629 D InputTransport: Input channel destroyed: fd=101
01-17 14:22:24.416 3768 5705 D ActivityManager: resumeTopActivityInnerLocked() : #1 prevTask=TaskRecord{297fcb8d0 #15978 A=com.google.android.apps.docs U=0 StackId=1 sz=2} next=ActivityRecord{2512aa2d0 u0 com.google.android.packageinstaller/com.android.packageinstaller.PackageInstallerActivity t15979} mFocusedStack=ActivityStack{9425ef3d0 stackId=1, 7 tasks}
01-17 14:22:24.425 3768 3888 D WindowManager: finishDrawingWindow: Window{17a4dc6d0 u0 Starting com.google.android.packageinstaller} mDrawState=DRAW_PENDING
01-17 14:22:24.498 3768 5705 D MountService: getExternalStorageMountMode : 2
01-17 14:22:24.498 3768 5705 D MountService: getExternalStorageMountMode : 3
01-17 14:22:24.498 3768 5705 D MountService: getExternalStorageMountMode : final mountMode=2, uid : 10022, packageName : com.google.android.packageinstaller
01-17 14:22:24.516 3768 5705 I ActivityManager: Start proc 2857:com.google.android.packageinstaller/u0a22 for activity com.google.android.packageinstaller/com.android.packageinstaller.PackageInstallerActivity
01-17 14:22:24.516 2857 2857 E Zygote : v2
01-17 14:22:24.516 2857 2857 I libpersona: KNOX_SDCARD checking this for 10022
01-17 14:22:24.516 2857 2857 I libpersona: KNOX_SDCARD not a persona
01-17 14:22:24.517 2857 2857 E Zygote : accessInfo : 0
01-17 14:22:24.518 2857 2857 W SELinux : SELinux selinux_android_compute_policy_index : Policy Index[2], Con:u:r:zygote:s0 SPD:SEPF_SECMOBILE_7.0_0006 RAM:SEPF_SECMOBILE_7.0_0009, [-1 -1 -9 -1 0 1]
01-17 14:22:24.519 2857 2857 I SELinux : SELinux: seapp_context_lookup: seinfo=untrusted, level=s0:c512,c768, pkgname=com.google.android.packageinstaller
01-17 14:22:24.541 2857 2857 D TimaKeyStoreProvider: TimaSignature is unavailable
01-17 14:22:24.541 2857 2857 D ActivityThread: Added TimaKeyStore provider
01-17 14:22:24.577 27471 27488 D [ACT]:ao: processing priority = LOW
01-17 14:22:24.580 27443 27465 D [ACT]:ao: processing priority = LOW
01-17 14:22:24.580 27629 27629 E ViewRootImpl: sendUserActionEvent() mView == null
01-17 14:22:24.581 3768 4959 I ActivityManager: DSS on for com.google.android.packageinstaller and scale is 1.0
01-17 14:22:24.600 3768 4959 D GameManagerService: sem_perfomance_mode: 0
01-17 14:22:24.600 3768 3768 D GameManagerService: NotifyRunnable. pkg: com.google.android.packageinstaller, type: 4, isMinimized: false, isTunableApp: false
01-17 14:22:24.600 3768 3768 D GameManagerService: do nothing. mKillNotiCount: 3
01-17 14:22:24.611 5248 5259 D ForegroundUtils: could not check pending caller
01-17 14:22:24.611 3768 3888 I WindowManager_SurfaceController: Destroying surface Surface(name=com.google.android.apps.docs/com.google.android.apps.docs.doclist.documentopener.DocumentOpenerActivityDelegate) called by com.android.server.wm.WindowStateAnimator.destroySurface:2840 com.android.server.wm.WindowStateAnimator.destroySurfaceLocked:1070 com.android.server.wm.WindowState.removeLocked:1783 com.android.server.wm.WindowManagerService.removeWindowInnerLocked:2889 com.android.server.wm.AppWindowToken.destroySurfaces:415 com.android.server.wm.AppWindowToken.destroySurfaces:376 com.android.server.wm.WindowStateAnimator.finishExit:654 com.android.server.wm.WindowStateAnimator.stepAnimationLocked:564
01-17 14:22:24.611 3197 3995 I SurfaceFlinger: id=10421 Removed EocumentOpe (6/9)
01-17 14:22:24.612 3197 3197 W SurfaceFlinger: couldn't log to binary event log: overflow.
01-17 14:22:24.621 3768 3849 D WindowManager: set systemUiVisibility of statusbar : vis= 0x608
01-17 14:22:24.621 3768 7202 D GameManagerService: identifyGamePackage. com.google.android.packageinstaller
01-17 14:22:24.623 3768 7202 D GameManagerService: identifyGamePackage. com.google.android.packageinstaller
01-17 14:22:24.624 26887 26901 I SpayFw_SpayProcessStatusChangeMonitor: fg Change, pid : 2857 , isNotify : true , isForeground : true , fg list : [27629, 2857]
01-17 14:22:24.627 3768 5648 V WindowManager: Relayout Window{9c0f571d0 u0 com.google.android.apps.docs/com.google.android.apps.docs.doclist.activity.DocListActivity}: viewVisibility=8 req=1080x1920 WM.LayoutParams{(0,0)(fillxfill) sim=#110 ty=1 fl=#81810100 pfl=0x20000 wanim=0x1030465 vsysui=0x700 needsMenuKey=2 naviIconColor=0}
01-17 14:22:24.627 26887 26901 I SpayFw_TapAndGoPreloadTimer: start : Timer scheduled
01-17 14:22:24.630 2857 2857 W System : ClassLoader referenced unknown path: /system/priv-app/GooglePackageInstaller/lib/arm64
01-17 14:22:24.633 3768 7202 D GameManagerService: identifyGamePackage. com.google.android.packageinstaller
01-17 14:22:24.642 2857 2857 D ContextRelationMgrBrdg: loadKlass() : caller=com.samsung.android.bridge.multiscreen.common.ContextRelationManagerBridge.:28 android.app.LoadedApk.makeApplication:840
01-17 14:22:24.649 3768 5306 V WindowManager: Relayout Window{114bfdd0 u0 com.google.android.apps.docs/com.google.android.apps.docs.doclist.documentopener.DocumentOpenerActivityDelegate}: viewVisibility=8 req=1080x1920 WM.LayoutParams{(0,0)(fillxfill) sim=#120 ty=1 fl=#81810100 pfl=0x20000 fmt=-2 wanim=0x1030000 vsysui=0x600 needsMenuKey=2 naviIconColor=0}
01-17 14:22:24.691 3768 5642 D BatteryService: !@BatteryListener : batteryPropertiesChanged!
01-17 14:22:24.692 3768 5642 D BatteryService: level:77, scale:100, status:2, health:2, present:true, voltage: 4146, temperature: 248, technology: Li-ion, AC powered:false, USB powered:true, POGO powered:false, Wireless powered:false, icon:17303682, invalid charger:0, maxChargingCurrent:0, maxChargingVoltage:0, chargeCounter:0
01-17 14:22:24.692 27629 2873 W ktx : Application name is not set. Call Builder#setApplicationName.
01-17 14:22:24.692 3768 5642 D BatteryService: online:6, current avg:425, charge type:1, power sharing:false, high voltage charger:false, capacity:280000, batterySWSelfDischarging:false, misc_event:0, current_now:-385
01-17 14:22:24.692 3768 3768 D BatteryService: Sending ACTION_BATTERY_CHANGED.
01-17 14:22:24.696 3768 3768 V UiModeManager: updateLocked: null action, mDockState=0, category=null
01-17 14:22:24.696 3768 3768 D UiModeManager: updateConfigurationLocked: mDockState=0; mCarMode=false; mNightMode=1; uiMode=17
01-17 14:22:24.697 3768 3768 D GameManagerService: new battery level: 77
01-17 14:22:24.703 4222 4222 D KeyguardUpdateMonitor: received broadcast android.intent.action.BATTERY_CHANGED
01-17 14:22:24.703 4222 4222 D KeyguardUpdateMonitor: handleBatteryUpdate
01-17 14:22:24.706 3768 4960 D WindowManager: addWindow: android.view.IWindow$Stub$Proxy@b92ff9b displayId=0
01-17 14:22:24.707 3768 4960 D InputTransport: Input channel constructed: fd=531
01-17 14:22:24.707 3768 4960 D InputTransport: Input channel constructed: fd=537
01-17 14:22:24.708 4222 4222 D PowerUI : priorPlugType = 2 mPlugType = 2
01-17 14:22:24.708 3768 4960 D InputTransport: Input channel destroyed: fd=537
01-17 14:22:24.708 2857 2857 D InputTransport: Input channel constructed: fd=58
01-17 14:22:24.709 4222 4222 D PowerUI.Notification: showChargingNotice oldChargingType : 1 currentChargingType : 1 oldChargingTime : 2996000 mChargingTime : 2985000
01-17 14:22:24.709 4222 4222 D PowerUI.Notification: showChargingNotification()
01-17 14:22:24.710 2857 2857 D ViewRootImpl@457e009[PackageInstallerActivity]: setView = DecorView@fa3520e[PackageInstallerActivity] touchMode=true
01-17 14:22:24.711 4158 4158 V HeadsetService: HeadsetService - Received Intent.ACTION_BATTERY_CHANGED
01-17 14:22:24.712 4158 12859 D HeadsetStateMachine: Disconnected process message: 10, size: 0
01-17 14:22:24.715 3768 5317 D ActivityManager: post active user change for 0 fullscreen true isHomeActivity() false
01-17 14:22:24.715 3768 5317 D KnoxTimeoutHandler: postActiveUserChange [MsgParam] userId: 0 fullscreen is true showWhenlocked is false isMutiwindowRecord is false multiwindowstyle is 0
01-17 14:22:24.716 3768 3768 D KnoxTimeoutHandler: handleActiveUserChange [MsgParam] userId: 0 fullscreen is true showWhenlocked is false isMutiwindowRecord is false multiwindowstyle is 0
01-17 14:22:24.717 3768 3768 I KnoxTimeoutHandler: Shared devices show user statefalse
01-17 14:22:24.717 3768 5305 D ApplicationPolicy: isStatusBarNotificationAllowedAsUser: packageName = com.android.systemui,userId = -1
01-17 14:22:24.721 4222 4222 D BatteryMeterDrawable: isSomethingChanged - false
01-17 14:22:24.721 4222 4222 D BatteryMeterDrawable: isSomethingChanged - false
01-17 14:22:24.721 4222 4222 D CoverUpdateMonitor: received broadcast android.intent.action.BATTERY_CHANGED
01-17 14:22:24.731 3768 5644 V WindowManager: Relayout Window{7002b11d0 u0 com.google.android.packageinstaller/com.android.packageinstaller.PackageInstallerActivity}: viewVisibility=0 req=1080x1848 WM.LayoutParams{(0,0)(fillxfill) sim=#120 ty=1 fl=#81810100 pfl=0x20000 wanim=0x1030465 vsysui=0x600 needsMenuKey=2 naviIconColor=0}
01-17 14:22:24.731 3197 3197 I SurfaceFlinger: id=10423 createSurf (1x1),1 flag=404, QackageInst
01-17 14:22:24.733 5458 5458 E ApplicationPackageManager: checkSettingsForIconTray value : 0
01-17 14:22:24.733 5444 5741 D StreamDBQueue: Promised revision #128207 to queue a new op
01-17 14:22:24.734 5444 5741 D BaseStreamManager: Promised set @ r#128207 for (com.android.systemui,tag=charging_state,id=2131951673,notifKey=-1|com.android.systemui|2131951673|charging_state|10005)
01-17 14:22:24.735 5444 5948 D DynamicBucketRankerImpl: StreamItemId{notifKey=-1|com.android.systemui|2131951673|charging_state|10005, packageName=com.android.systemui, tag=charging_state, id=2131951673, revision=128207, originalRevision=128175, updateCount=30} in bucket #3 (Ongoing)
01-17 14:22:24.736 5444 5948 D WatchStreamDB: com.google.android.clockwork.common.stream.TopLevelStreamItem@cf8dbd0 ranked at index 0
01-17 14:22:24.736 5444 5948 D NewStreamAdapter: Publishing revision #128207 to adapter clients
01-17 14:22:24.742 3768 4104 D MdnieScenarioControlService: packageName : com.google.android.packageinstaller className : com.android.packageinstaller.PackageInstallerActivity
01-17 14:22:24.744 3768 5644 D InputDispatcher: Focus entered window: 2857
01-17 14:22:24.751 2857 2874 I OpenGLRenderer: Initialized EGL, version 1.4
01-17 14:22:24.751 2857 2874 D OpenGLRenderer: Swap behavior 1
01-17 14:22:24.755 2857 2874 D libGLESv1: STS_GLApi : DTS is not allowed for Package : com.google.android.packageinstaller
01-17 14:22:24.756 2857 2874 D mali_winsys: EGLint new_window_surface(egl_winsys_display*, void*, EGLSurface, EGLConfig, egl_winsys_surface**, egl_color_buffer_format*, EGLBoolean) returns 0x3000, [1080x1920]-format:1
01-17 14:22:24.759 2857 2857 D ViewRootImpl@457e009[PackageInstallerActivity]: MSG_RESIZED_REPORT: ci=Rect(0, 72 - 0, 0) vi=Rect(0, 72 - 0, 0) or=1
01-17 14:22:24.759 2857 2857 D ViewRootImpl@457e009[PackageInstallerActivity]: MSG_WINDOW_FOCUS_CHANGED 1
01-17 14:22:24.759 2857 2857 V InputMethodManager: Starting input: tba=android.view.inputmethod.EditorInfo@7b3f158 nm : com.google.android.packageinstaller ic=null
01-17 14:22:24.760 2857 2857 I InputMethodManager: [IMM] startInputInner - mService.startInputOrWindowGainedFocus
01-17 14:22:24.760 3768 5701 D InputMethodManagerService: windowGainedFocus mCurrentFocusedUserId - 0 and mSecureKeypadEnabled-false
01-17 14:22:24.760 3768 5701 D InputMethodManagerService: mDesktopModeManager null!
01-17 14:22:24.760 3768 5701 V InputMethodManagerService: Creating new session for client ClientState{f97fa77 uid 10022 pid 2857}
01-17 14:22:24.760 3768 5701 D InputTransport: Input channel constructed: fd=549
01-17 14:22:24.760 3768 5701 D InputTransport: Input channel constructed: fd=550
01-17 14:22:24.761 3768 5701 D InputTransport: Input channel destroyed: fd=550
01-17 14:22:24.762 27629 27629 D InputTransport: Input channel destroyed: fd=87
01-17 14:22:24.763 30084 14745 D InputTransport: Input channel constructed: fd=79
01-17 14:22:24.768 3768 5324 D InputTransport: Input channel constructed: fd=537
01-17 14:22:24.768 3768 5324 D InputTransport: Input channel destroyed: fd=537
01-17 14:22:24.769 2857 2868 D InputTransport: Input channel constructed: fd=67
01-17 14:22:24.770 30084 30084 I GoogleInputMethod: onFinishInput() : Dummy InputConnection bound
01-17 14:22:24.770 30084 30084 I GoogleInputMethod: onStartInput() : Dummy InputConnection bound
01-17 14:22:24.778 4947 4947 D io_stats: !@ 8,0 r 8594505 393161368 w 3679047 76502268 d 367854 41423972 f 1098032 1096843 iot 8362610 7425236 th 290076 0 0 pt 0 inp 0 0 126584.044
01-17 14:22:24.782 3768 8541 D WindowManager: finishDrawingWindow: Window{7002b11d0 u0 com.google.android.packageinstaller/com.android.packageinstaller.PackageInstallerActivity} mDrawState=DRAW_PENDING
01-17 14:22:24.782 2857 2857 V InputMethodManager: Starting input: tba=android.view.inputmethod.EditorInfo@d36c2b1 nm : com.google.android.packageinstaller ic=null
01-17 14:22:24.784 3768 3779 I art : Background partial concurrent mark sweep GC freed 41252(4MB) AllocSpace objects, 25(5MB) LOS objects, 19% free, 66MB/82MB, paused 1.989ms total 231.587ms
01-17 14:22:24.786 3768 3888 D KnoxTimeoutHandler: notifyActivityDrawn [MsgParam] userId: 0 fullscreen is true showWhenlocked is false isMutiwindowRecord is false multiwindowstyle is 1
01-17 14:22:24.786 3768 3768 D KnoxTimeoutHandler: activityDrawn [MsgParam] userId: 0 fullscreen is true showWhenlocked is false isMutiwindowRecord is false multiwindowstyle is 1
01-17 14:22:24.786 3768 3888 I ActivityManager: Displayed com.google.android.packageinstaller/com.android.packageinstaller.PackageInstallerActivity: +290ms
01-17 14:22:24.786 3768 3888 D ViewRootImpl@3a9c408[packageinstaller]: dispatchDetachedFromWindow
01-17 14:22:24.787 3768 3768 I KnoxTimeoutHandler: SD activityfalse
01-17 14:22:24.787 3768 3768 I KnoxTimeoutHandler: Fullscreen and mCurrent is not KNOX user. Hence hide keyguard
01-17 14:22:24.788 3768 3888 D InputTransport: Input channel destroyed: fd=493
01-17 14:22:24.788 3768 3888 D InputTransport: Input channel destroyed: fd=520
01-17 14:22:24.977 3768 3888 I WindowManager_SurfaceController: Destroying surface Surface(name=Starting com.google.android.packageinstaller) called by com.android.server.wm.WindowStateAnimator.destroySurface:2840 com.android.server.wm.WindowStateAnimator.destroySurfaceLocked:1070 com.android.server.wm.WindowState.destroyOrSaveSurface:2561 com.android.server.wm.AppWindowToken.destroySurfaces:412 com.android.server.wm.AppWindowToken.destroySurfaces:376 com.android.server.wm.WindowStateAnimator.finishExit:654 com.android.server.wm.WindowStateAnimator.stepAnimationLocked:564 com.android.server.wm.WindowAnimator.updateWindowsLocked:439
01-17 14:22:24.977 3197 3204 I SurfaceFlinger: id=10422 Removed qackageinst (7/9)
01-17 14:22:24.980 3197 3204 I SurfaceFlinger: id=10422 Removed qackageinst (-2/9)
01-17 14:22:25.028 2857 2857 V InputMethodManager: Starting input: tba=android.view.inputmethod.EditorInfo@622cb04 nm : com.google.android.packageinstaller ic=null
01-17 14:22:25.029 2857 2857 I InputMethodManager: [IMM] startInputInner - mService.startInputOrWindowGainedFocus
01-17 14:22:25.029 3768 5306 D InputTransport: Input channel constructed: fd=493
01-17 14:22:25.030 3768 5306 D InputTransport: Input channel destroyed: fd=493
01-17 14:22:25.030 2857 2857 D InputTransport: Input channel constructed: fd=68
01-17 14:22:25.030 30084 30084 I GoogleInputMethod: onFinishInput() : Dummy InputConnection bound
01-17 14:22:25.030 2857 2857 D InputTransport: Input channel destroyed: fd=67
01-17 14:22:25.030 30084 30084 I GoogleInputMethod: onStartInput() : Dummy InputConnection bound
01-17 14:22:25.111 3768 3888 D CustomFrequencyManagerService: releaseDVFSLockLocked : Getting Lock type frm List : DVFS_MIN_LIMIT frequency : 1560000 uid : 1000 pid : 3768 tag : AMS_RESUME@CPU_MIN@7
01-17 14:22:25.111 3768 3888 D ActivityManager: mActivityResumeBooster.release()
01-17 14:22:25.112 3768 3848 D ActivityTrigger: ActivityTrigger activityStopTrigger
01-17 14:22:25.114 3768 3848 D ActivityTrigger: ActivityTrigger activityStopTrigger
01-17 14:22:25.121 3768 3848 D ActivityManager: mActivityResumeBoosterTail.acquire()
01-17 14:22:25.123 3768 3848 D CustomFrequencyManagerService: acquireDVFSLockLocked : type : DVFS_MIN_LIMIT frequency : 1560000 uid : 1000 pid : 3768 pkgName : AMS_RESUME_TAIL@CPU_MIN@13
01-17 14:22:25.129 3768 3888 D KnoxTimeoutHandler: notifyActivityDrawn [MsgParam] userId: 0 fullscreen is true showWhenlocked is false isMutiwindowRecord is false multiwindowstyle is 1
01-17 14:22:25.129 3768 3768 D KnoxTimeoutHandler: activityDrawn [MsgParam] userId: 0 fullscreen is true showWhenlocked is false isMutiwindowRecord is false multiwindowstyle is 1
01-17 14:22:25.130 3768 3768 I KnoxTimeoutHandler: SD activityfalse
01-17 14:22:25.130 3768 3768 I KnoxTimeoutHandler: Fullscreen and mCurrent is not KNOX user. Hence hide keyguard
01-17 14:22:25.150 3768 5649 I WindowManager_SurfaceController: Destroying surface Surface(name=com.google.android.apps.docs/com.google.android.apps.docs.doclist.documentopener.DocumentOpenerActivityDelegate) called by com.android.server.wm.WindowStateAnimator.destroySurface:2840 com.android.server.wm.WindowStateAnimator.destroySurfaceLocked:1070 com.android.server.wm.WindowState.destroyOrSaveSurface:2561 com.android.server.wm.AppWindowToken.destroySurfaces:412 com.android.server.wm.AppWindowToken.destroySurfaces:376 com.android.server.wm.AppWindowToken.notifyAppStopped:456 com.android.server.wm.WindowManagerService.notifyAppStopped:5199 com.android.server.am.ActivityStack.activityStoppedLocked:1573
01-17 14:22:25.150 3197 3204 I SurfaceFlinger: id=10418 Removed EocumentOpe (4/8)
01-17 14:22:25.150 3197 3996 I SurfaceFlinger: id=10418 Removed EocumentOpe (-2/8)
01-17 14:22:25.152 5248 5260 D ForegroundUtils: could not check pending caller
01-17 14:22:25.153 26887 27034 I SpayFw_SpayProcessStatusChangeMonitor: fg Change, pid : 27629 , isNotify : true , isForeground : false , fg list : [2857]
01-17 14:22:25.155 26887 27034 I SpayFw_TapAndGoPreloadTimer: start : Timer scheduled
01-17 14:22:25.283 3768 4104 D MdnieScenarioControlService: packageName : com.google.android.packageinstaller className : com.android.packageinstaller.PackageInstallerActivity
01-17 14:22:25.425 3768 3768 D CustomFrequencyManagerService: releaseDVFSLockLocked : Getting Lock type frm List : DVFS_MIN_LIMIT frequency : 1560000 uid : 1000 pid : 3768 tag : AMS_RESUME_TAIL@CPU_MIN@13
01-17 14:22:25.588 3768 4039 D WifiStateMachine: Current network is: "SKY03AE5" , ID is: 1
01-17 14:22:26.577 27471 27488 D [ACT]:ao: processing priority = HIGH
01-17 14:22:26.580 27443 27465 D [ACT]:ao: processing priority = HIGH
01-17 14:22:26.603 3768 4072 D ConnectivityService: updateCapabilities: oldCap = [ Transports: WIFI Capabilities: NOT_METERED&INTERNET&NOT_RESTRICTED&TRUSTED&NOT_VPN&VALIDATED LinkUpBandwidth>=1048576Kbps LinkDnBandwidth>=1048576Kbps SignalStrength: -61], newCap = [ Transports: WIFI Capabilities: NOT_METERED&INTERNET&NOT_RESTRICTED&TRUSTED&NOT_VPN LinkUpBandwidth>=1048576Kbps LinkDnBandwidth>=1048576Kbps SignalStrength: -66]
01-17 14:22:26.603 3768 4072 D ConnectivityService: rematching NetworkAgentInfo [WIFI () - 551]
01-17 14:22:26.604 3768 4072 D ConnectivityService: network has: [ Transports: WIFI Capabilities: NOT_METERED&INTERNET&NOT_RESTRICTED&TRUSTED&NOT_VPN&VALIDATED LinkUpBandwidth>=1048576Kbps LinkDnBandwidth>=1048576Kbps SignalStrength: -66]
01-17 14:22:26.610 3768 4072 D ConnectivityService: checking if request is satisfied: NetworkRequest [ id=926, legacyType=-1, [ Capabilities: INTERNET&NOT_RESTRICTED&TRUSTED] ]
01-17 14:22:26.610 3768 4072 D ConnectivityService: checking if request is satisfied: NetworkRequest [ id=627, legacyType=-1, [ Capabilities: INTERNET&NOT_RESTRICTED&TRUSTED] ]
01-17 14:22:26.611 3768 4072 D ConnectivityService: checking if request is satisfied: NetworkRequest [ id=64, legacyType=-1, [ Capabilities: INTERNET&NOT_RESTRICTED&TRUSTED] ]
01-17 14:22:26.611 3768 4072 D ConnectivityService: checking if request is satisfied: NetworkRequest [ id=8, legacyType=-1, [ Transports: WIFI Capabilities: INTERNET&NOT_RESTRICTED&TRUSTED&NOT_VPN] ]
01-17 14:22:26.612 3768 4072 D ConnectivityService: checking if request is satisfied: NetworkRequest [ id=63, legacyType=-1, [ Capabilities: INTERNET&NOT_RESTRICTED&TRUSTED] ]
01-17 14:22:26.612 3768 4072 D ConnectivityService: Network NetworkAgentInfo [WIFI () - 551] was already satisfying request 1. No change.
01-17 14:22:26.612 3768 4072 D ConnectivityService: checking if request is satisfied: NetworkRequest [ id=1252, legacyType=-1, [ Capabilities: INTERNET&NOT_RESTRICTED&TRUSTED] ]
01-17 14:22:26.613 3768 4072 D ConnectivityService: checking if request is satisfied: NetworkRequest [ id=3, legacyType=-1, [] ]
01-17 14:22:26.613 3768 4072 D ConnectivityService: checking if request is satisfied: NetworkRequest [ id=903, legacyType=-1, [ Transports: CELLULAR Capabilities: IMS&TRUSTED&NOT_VPN] ]
01-17 14:22:26.613 3768 4072 D ConnectivityService: checking if request is satisfied: NetworkRequest [ id=5, legacyType=-1, [] ]
01-17 14:22:26.614 3768 4072 D ConnectivityService: checking if request is satisfied: NetworkRequest [ id=628, legacyType=-1, [ Capabilities: INTERNET&NOT_RESTRICTED&TRUSTED] ]
01-17 14:22:26.614 3768 4072 D ConnectivityService: checking if request is satisfied: NetworkRequest [ id=4, legacyType=-1, [ Transports: WIFI Capabilities: INTERNET&NOT_RESTRICTED&TRUSTED&NOT_VPN] ]
01-17 14:22:26.615 3768 4072 D ConnectivityService: checking if request is satisfied: NetworkRequest [ id=9, legacyType=-1, [ Transports: CELLULAR|WIFI Capabilities: NOT_RESTRICTED&TRUSTED&NOT_VPN] ]
01-17 14:22:26.615 3768 4072 D ConnectivityService: checking if request is satisfied: NetworkRequest [ id=1275, legacyType=-1, [ Capabilities: INTERNET&NOT_RESTRICTED&TRUSTED] ]
01-17 14:22:26.616 3768 4072 D ConnectivityService: checking if request is satisfied: NetworkRequest [ id=787, legacyType=-1, [ Capabilities: INTERNET&NOT_RESTRICTED&TRUSTED] ]
01-17 14:22:26.616 3768 4072 D ConnectivityService: checking if request is satisfied: NetworkRequest [ id=19, legacyType=-1, [ Capabilities: INTERNET&NOT_RESTRICTED&TRUSTED] ]
01-17 14:22:26.616 3768 4072 D ConnectivityService: checking if request is satisfied: NetworkRequest [ id=1250, legacyType=-1, [ Capabilities: INTERNET&NOT_RESTRICTED&TRUSTED] ]
01-17 14:22:26.616 3768 4072 D ConnectivityService: checking if request is satisfied: NetworkRequest [ id=7, legacyType=-1, [ Transports: CELLULAR Capabilities: INTERNET&NOT_RESTRICTED&TRUSTED&NOT_VPN] ]
01-17 14:22:26.616 3768 4072 D ConnectivityService: checking if request is satisfied: NetworkRequest [ id=1210, legacyType=-1, [ Transports: WIFI Capabilities: INTERNET&NOT_RESTRICTED&TRUSTED&NOT_VPN] ]
01-17 14:22:26.617 3768 4072 D ConnectivityService: checking if request is satisfied: NetworkRequest [ id=6, legacyType=-1, [ Transports: WIFI Capabilities: INTERNET&NOT_RESTRICTED&TRUSTED&NOT_VPN] ]
01-17 14:22:26.617 3768 4072 D ConnectivityService: checking if request is satisfied: NetworkRequest [ id=1262, legacyType=-1, [ Capabilities: INTERNET&NOT_RESTRICTED&TRUSTED] ]
01-17 14:22:26.617 3768 4072 D ConnectivityService: checking if request is satisfied: NetworkRequest [ id=639, legacyType=-1, [ Capabilities: INTERNET&NOT_RESTRICTED&TRUSTED&NOT_VPN] ]
01-17 14:22:26.618 3768 4072 D ConnectivityService: checking if request is satisfied: NetworkRequest [ id=1271, legacyType=-1, [ Capabilities: INTERNET&NOT_RESTRICTED&TRUSTED] ]
01-17 14:22:26.618 3768 4072 D ConnectivityService: checking if request is satisfied: NetworkRequest [ id=12, legacyType=-1, [ Transports: WIFI Capabilities: INTERNET&NOT_RESTRICTED&TRUSTED&NOT_VPN] ]
01-17 14:22:26.618 3768 4072 D ConnectivityService: checking if request is satisfied: NetworkRequest [ id=1261, legacyType=-1, [ Capabilities: INTERNET&NOT_RESTRICTED&TRUSTED] ]
01-17 14:22:26.618 3768 4072 D ConnectivityService: checking if request is satisfied: NetworkRequest [ id=1272, legacyType=-1, [ Capabilities: INTERNET&NOT_RESTRICTED&TRUSTED] ]
01-17 14:22:26.619 3768 4072 D ConnectivityService: rematching NetworkAgentInfo [MOBILE (LTE) - 539]
01-17 14:22:26.619 3768 4072 D ConnectivityService: network has: [ Transports: CELLULAR Capabilities: IMS&NOT_METERED&NOT_RESTRICTED&TRUSTED&NOT_VPN&VALIDATED LinkUpBandwidth>=51200Kbps LinkDnBandwidth>=102400Kbps Specifier: <1>]
01-17 14:22:26.619 3768 4072 D ConnectivityService: checking if request is satisfied: NetworkRequest [ id=926, legacyType=-1, [ Capabilities: INTERNET&NOT_RESTRICTED&TRUSTED] ]
01-17 14:22:26.620 3768 4072 D ConnectivityService: checking if request is satisfied: NetworkRequest [ id=627, legacyType=-1, [ Capabilities: INTERNET&NOT_RESTRICTED&TRUSTED] ]
01-17 14:22:26.620 3768 4072 D ConnectivityService: checking if request is satisfied: NetworkRequest [ id=64, legacyType=-1, [ Capabilities: INTERNET&NOT_RESTRICTED&TRUSTED] ]
01-17 14:22:26.620 3768 4072 D ConnectivityService: checking if request is satisfied: NetworkRequest [ id=8, legacyType=-1, [ Transports: WIFI Capabilities: INTERNET&NOT_RESTRICTED&TRUSTED&NOT_VPN] ]
01-17 14:22:26.620 3768 4072 D ConnectivityService: checking if request is satisfied: NetworkRequest [ id=63, legacyType=-1, [ Capabilities: INTERNET&NOT_RESTRICTED&TRUSTED] ]
01-17 14:22:26.620 3768 4072 D ConnectivityService: checking if request is satisfied: NetworkRequest [ id=1, legacyType=-1, [ Capabilities: INTERNET&NOT_RESTRICTED&TRUSTED&NOT_VPN] ]
01-17 14:22:26.621 3768 4072 D ConnectivityService: checking if request is satisfied: NetworkRequest [ id=1252, legacyType=-1, [ Capabilities: INTERNET&NOT_RESTRICTED&TRUSTED] ]
01-17 14:22:26.621 3768 4072 D ConnectivityService: checking if request is satisfied: NetworkRequest [ id=3, legacyType=-1, [] ]
01-17 14:22:26.621 3768 4072 D ConnectivityService: Network NetworkAgentInfo [MOBILE (LTE) - 539] was already satisfying request 903. No change.
01-17 14:22:26.621 4222 4499 D NetworkController: onReceive: intent=Intent { act=android.net.wifi.RSSI_CHANGED flg=0x4000010 launchParam=MultiScreenLaunchParams { mDisplayId=0 mFlags=0 } bqHint=1 (has extras) }
01-17 14:22:26.621 3768 4072 D ConnectivityService: checking if request is satisfied: NetworkRequest [ id=5, legacyType=-1, [] ]
01-17 14:22:26.622 3768 4072 D ConnectivityService: checking if request is satisfied: NetworkRequest [ id=628, legacyType=-1, [ Capabilities: INTERNET&NOT_RESTRICTED&TRUSTED] ]
01-17 14:22:26.622 3768 4072 D ConnectivityService: checking if request is satisfied: NetworkRequest [ id=4, legacyType=-1, [ Transports: WIFI Capabilities: INTERNET&NOT_RESTRICTED&TRUSTED&NOT_VPN] ]
01-17 14:22:26.622 3768 4072 D ConnectivityService: checking if request is satisfied: NetworkRequest [ id=9, legacyType=-1, [ Transports: CELLULAR|WIFI Capabilities: NOT_RESTRICTED&TRUSTED&NOT_VPN] ]
01-17 14:22:26.622 3768 4072 D ConnectivityService: checking if request is satisfied: NetworkRequest [ id=1275, legacyType=-1, [ Capabilities: INTERNET&NOT_RESTRICTED&TRUSTED] ]
01-17 14:22:26.622 3768 4072 D ConnectivityService: checking if request is satisfied: NetworkRequest [ id=787, legacyType=-1, [ Capabilities: INTERNET&NOT_RESTRICTED&TRUSTED] ]
01-17 14:22:26.623 3768 4072 D ConnectivityService: checking if request is satisfied: NetworkRequest [ id=19, legacyType=-1, [ Capabilities: INTERNET&NOT_RESTRICTED&TRUSTED] ]
01-17 14:22:26.623 3768 4072 D ConnectivityService: checking if request is satisfied: NetworkRequest [ id=1250, legacyType=-1, [ Capabilities: INTERNET&NOT_RESTRICTED&TRUSTED] ]
01-17 14:22:26.624 3768 4072 D ConnectivityService: checking if request is satisfied: NetworkRequest [ id=7, legacyType=-1, [ Transports: CELLULAR Capabilities: INTERNET&NOT_RESTRICTED&TRUSTED&NOT_VPN] ]
01-17 14:22:26.624 3768 4072 D ConnectivityService: checking if request is satisfied: NetworkRequest [ id=1210, legacyType=-1, [ Transports: WIFI Capabilities: INTERNET&NOT_RESTRICTED&TRUSTED&NOT_VPN] ]
01-17 14:22:26.624 3768 4072 D ConnectivityService: checking if request is satisfied: NetworkRequest [ id=6, legacyType=-1, [ Transports: WIFI Capabilities: INTERNET&NOT_RESTRICTED&TRUSTED&NOT_VPN] ]
01-17 14:22:26.625 3768 4072 D ConnectivityService: checking if request is satisfied: NetworkRequest [ id=1262, legacyType=-1, [ Capabilities: INTERNET&NOT_RESTRICTED&TRUSTED] ]
01-17 14:22:26.625 3768 4072 D ConnectivityService: checking if request is satisfied: NetworkRequest [ id=639, legacyType=-1, [ Capabilities: INTERNET&NOT_RESTRICTED&TRUSTED&NOT_VPN] ]
01-17 14:22:26.625 3768 4072 D ConnectivityService: checking if request is satisfied: NetworkRequest [ id=1271, legacyType=-1, [ Capabilities: INTERNET&NOT_RESTRICTED&TRUSTED] ]
01-17 14:22:26.625 3768 4072 D ConnectivityService: checking if request is satisfied: NetworkRequest [ id=12, legacyType=-1, [ Transports: WIFI Capabilities: INTERNET&NOT_RESTRICTED&TRUSTED&NOT_VPN] ]
01-17 14:22:26.625 3768 4072 D ConnectivityService: checking if request is satisfied: NetworkRequest [ id=1261, legacyType=-1, [ Capabilities: INTERNET&NOT_RESTRICTED&TRUSTED] ]
01-17 14:22:26.626 3768 4072 D ConnectivityService: checking if request is satisfied: NetworkRequest [ id=1272, legacyType=-1, [ Capabilities: INTERNET&NOT_RESTRICTED&TRUSTED] ]
01-17 14:22:26.626 3768 4072 D ConnectivityService: notifyType CAP_CHANGED for NetworkAgentInfo [WIFI () - 551]
01-17 14:22:26.626 3768 4072 D ConnectivityService: sending notification for NetworkRequest [ id=1, legacyType=-1, [ Capabilities: INTERNET&NOT_RESTRICTED&TRUSTED&NOT_VPN] ]
01-17 14:22:26.626 3768 4072 D ConnectivityService: sending notification for NetworkRequest [ id=3, legacyType=-1, [] ]
01-17 14:22:26.627 3768 4072 D ConnectivityService: sending notification CAP_CHANGED for NetworkRequest [ id=3, legacyType=-1, [] ]
01-17 14:22:26.627 3768 4072 D ConnectivityService: sending notification for NetworkRequest [ id=4, legacyType=-1, [ Transports: WIFI Capabilities: INTERNET&NOT_RESTRICTED&TRUSTED&NOT_VPN] ]
01-17 14:22:26.627 3768 4072 D ConnectivityService: sending notification CAP_CHANGED for NetworkRequest [ id=4, legacyType=-1, [ Transports: WIFI Capabilities: INTERNET&NOT_RESTRICTED&TRUSTED&NOT_VPN] ]
01-17 14:22:26.628 3768 4072 D ConnectivityService: sending notification for NetworkRequest [ id=5, legacyType=-1, [] ]
01-17 14:22:26.629 3768 4072 D ConnectivityService: sending notification CAP_CHANGED for NetworkRequest [ id=5, legacyType=-1, [] ]
01-17 14:22:26.629 3768 4072 D ConnectivityService: sending notification for NetworkRequest [ id=6, legacyType=-1, [ Transports: WIFI Capabilities: INTERNET&NOT_RESTRICTED&TRUSTED&NOT_VPN] ]
01-17 14:22:26.630 3768 4072 D ConnectivityService: sending notification CAP_CHANGED for NetworkRequest [ id=6, legacyType=-1, [ Transports: WIFI Capabilities: INTERNET&NOT_RESTRICTED&TRUSTED&NOT_VPN] ]
01-17 14:22:26.630 3768 4072 D ConnectivityService: sending notification for NetworkRequest [ id=8, legacyType=-1, [ Transports: WIFI Capabilities: INTERNET&NOT_RESTRICTED&TRUSTED&NOT_VPN] ]
01-17 14:22:26.631 3768 4072 D ConnectivityService: sending notification CAP_CHANGED for NetworkRequest [ id=8, legacyType=-1, [ Transports: WIFI Capabilities: INTERNET&NOT_RESTRICTED&TRUSTED&NOT_VPN] ]
01-17 14:22:26.631 3768 4072 D ConnectivityService: sending notification for NetworkRequest [ id=9, legacyType=-1, [ Transports: CELLULAR|WIFI Capabilities: NOT_RESTRICTED&TRUSTED&NOT_VPN] ]
01-17 14:22:26.631 3768 4072 D ConnectivityService: sending notification CAP_CHANGED for NetworkRequest [ id=9, legacyType=-1, [ Transports: CELLULAR|WIFI Capabilities: NOT_RESTRICTED&TRUSTED&NOT_VPN] ]
01-17 14:22:26.632 3768 4072 D ConnectivityService: sending notification for NetworkRequest [ id=12, legacyType=-1, [ Transports: WIFI Capabilities: INTERNET&NOT_RESTRICTED&TRUSTED&NOT_VPN] ]
01-17 14:22:26.632 3768 4072 D ConnectivityService: sending notification CAP_CHANGED for NetworkRequest [ id=12, legacyType=-1, [ Transports: WIFI Capabilities: INTERNET&NOT_RESTRICTED&TRUSTED&NOT_VPN] ]
01-17 14:22:26.633 3768 4072 D ConnectivityService: sending notification for NetworkRequest [ id=19, legacyType=-1, [ Capabilities: INTERNET&NOT_RESTRICTED&TRUSTED] ]
01-17 14:22:26.633 3768 4072 D ConnectivityService: sending notification CAP_CHANGED for NetworkRequest [ id=19, legacyType=-1, [ Capabilities: INTERNET&NOT_RESTRICTED&TRUSTED] ]
01-17 14:22:26.634 3768 4072 D ConnectivityService: sending notification for NetworkRequest [ id=63, legacyType=-1, [ Capabilities: INTERNET&NOT_RESTRICTED&TRUSTED] ]
01-17 14:22:26.634 3768 4072 D ConnectivityService: sending notification CAP_CHANGED for NetworkRequest [ id=63, legacyType=-1, [ Capabilities: INTERNET&NOT_RESTRICTED&TRUSTED] ]
01-17 14:22:26.635 3768 4072 D ConnectivityService: sending notification for NetworkRequest [ id=64, legacyType=-1, [ Capabilities: INTERNET&NOT_RESTRICTED&TRUSTED] ]
01-17 14:22:26.635 3768 4072 D ConnectivityService: sending notification CAP_CHANGED for NetworkRequest [ id=64, legacyType=-1, [ Capabilities: INTERNET&NOT_RESTRICTED&TRUSTED] ]
01-17 14:22:26.636 3768 4072 D ConnectivityService: sending notification for NetworkRequest [ id=627, legacyType=-1, [ Capabilities: INTERNET&NOT_RESTRICTED&TRUSTED] ]
01-17 14:22:26.636 3768 4072 D ConnectivityService: sending notification CAP_CHANGED for NetworkRequest [ id=627, legacyType=-1, [ Capabilities: INTERNET&NOT_RESTRICTED&TRUSTED] ]
01-17 14:22:26.637 3768 4072 D ConnectivityService: sending notification for NetworkRequest [ id=628, legacyType=-1, [ Capabilities: INTERNET&NOT_RESTRICTED&TRUSTED] ]
01-17 14:22:26.639 3768 4072 D ConnectivityService: sending notification CAP_CHANGED for NetworkRequest [ id=628, legacyType=-1, [ Capabilities: INTERNET&NOT_RESTRICTED&TRUSTED] ]
01-17 14:22:26.640 3768 4072 D ConnectivityService: sending notification for NetworkRequest [ id=639, legacyType=-1, [ Capabilities: INTERNET&NOT_RESTRICTED&TRUSTED&NOT_VPN] ]
01-17 14:22:26.640 3768 4072 D ConnectivityService: sending notification CAP_CHANGED for NetworkRequest [ id=639, legacyType=-1, [ Capabilities: INTERNET&NOT_RESTRICTED&TRUSTED&NOT_VPN] ]
01-17 14:22:26.641 3768 4072 D ConnectivityService: sending notification for NetworkRequest [ id=787, legacyType=-1, [ Capabilities: INTERNET&NOT_RESTRICTED&TRUSTED] ]
01-17 14:22:26.641 3768 4072 D ConnectivityService: sending notification CAP_CHANGED for NetworkRequest [ id=787, legacyType=-1, [ Capabilities: INTERNET&NOT_RESTRICTED&TRUSTED] ]
01-17 14:22:26.642 3768 4072 D ConnectivityService: sending notification for NetworkRequest [ id=926, legacyType=-1, [ Capabilities: INTERNET&NOT_RESTRICTED&TRUSTED] ]
01-17 14:22:26.642 3768 4072 D ConnectivityService: sending notification CAP_CHANGED for NetworkRequest [ id=926, legacyType=-1, [ Capabilities: INTERNET&NOT_RESTRICTED&TRUSTED] ]
01-17 14:22:26.643 3768 4072 D ConnectivityService: sending notification for NetworkRequest [ id=1210, legacyType=-1, [ Transports: WIFI Capabilities: INTERNET&NOT_RESTRICTED&TRUSTED&NOT_VPN] ]
01-17 14:22:26.643 3768 4072 D ConnectivityService: sending notification CAP_CHANGED for NetworkRequest [ id=1210, legacyType=-1, [ Transports: WIFI Capabilities: INTERNET&NOT_RESTRICTED&TRUSTED&NOT_VPN] ]
