01-17 14:21:21.799 3768 4072 D ConnectivityService: checking if request is satisfied: NetworkRequest [ id=1261, legacyType=-1, [ Capabilities: INTERNET&NOT_RESTRICTED&TRUSTED] ]
01-17 14:21:21.799 3768 4072 D ConnectivityService: checking if request is satisfied: NetworkRequest [ id=1272, legacyType=-1, [ Capabilities: INTERNET&NOT_RESTRICTED&TRUSTED] ]
01-17 14:21:21.799 3768 4072 D ConnectivityService: rematching NetworkAgentInfo [MOBILE (LTE) - 539]
01-17 14:21:21.799 3768 4072 D ConnectivityService: network has: [ Transports: CELLULAR Capabilities: IMS&NOT_METERED&NOT_RESTRICTED&TRUSTED&NOT_VPN&VALIDATED LinkUpBandwidth>=51200Kbps LinkDnBandwidth>=102400Kbps Specifier: <1>]
01-17 14:21:21.799 3768 4072 D ConnectivityService: checking if request is satisfied: NetworkRequest [ id=926, legacyType=-1, [ Capabilities: INTERNET&NOT_RESTRICTED&TRUSTED] ]
01-17 14:21:21.799 3768 4072 D ConnectivityService: checking if request is satisfied: NetworkRequest [ id=627, legacyType=-1, [ Capabilities: INTERNET&NOT_RESTRICTED&TRUSTED] ]
01-17 14:21:21.799 3768 4072 D ConnectivityService: checking if request is satisfied: NetworkRequest [ id=64, legacyType=-1, [ Capabilities: INTERNET&NOT_RESTRICTED&TRUSTED] ]
01-17 14:21:21.799 3768 4072 D ConnectivityService: checking if request is satisfied: NetworkRequest [ id=8, legacyType=-1, [ Transports: WIFI Capabilities: INTERNET&NOT_RESTRICTED&TRUSTED&NOT_VPN] ]
01-17 14:21:21.799 3768 4072 D ConnectivityService: checking if request is satisfied: NetworkRequest [ id=63, legacyType=-1, [ Capabilities: INTERNET&NOT_RESTRICTED&TRUSTED] ]
01-17 14:21:21.799 3768 4072 D ConnectivityService: checking if request is satisfied: NetworkRequest [ id=1, legacyType=-1, [ Capabilities: INTERNET&NOT_RESTRICTED&TRUSTED&NOT_VPN] ]
01-17 14:21:21.799 3768 4072 D ConnectivityService: checking if request is satisfied: NetworkRequest [ id=1252, legacyType=-1, [ Capabilities: INTERNET&NOT_RESTRICTED&TRUSTED] ]
01-17 14:21:21.799 3768 4072 D ConnectivityService: checking if request is satisfied: NetworkRequest [ id=3, legacyType=-1, [] ]
01-17 14:21:21.799 3768 4072 D ConnectivityService: Network NetworkAgentInfo [MOBILE (LTE) - 539] was already satisfying request 903. No change.
01-17 14:21:21.799 3768 4072 D ConnectivityService: checking if request is satisfied: NetworkRequest [ id=5, legacyType=-1, [] ]
01-17 14:21:21.799 4222 4499 D NetworkController: onReceive: intent=Intent { act=android.net.wifi.RSSI_CHANGED flg=0x4000010 launchParam=MultiScreenLaunchParams { mDisplayId=0 mFlags=0 } bqHint=1 (has extras) }
01-17 14:21:21.799 3768 4072 D ConnectivityService: checking if request is satisfied: NetworkRequest [ id=628, legacyType=-1, [ Capabilities: INTERNET&NOT_RESTRICTED&TRUSTED] ]
01-17 14:21:21.799 3768 4072 D ConnectivityService: checking if request is satisfied: NetworkRequest [ id=4, legacyType=-1, [ Transports: WIFI Capabilities: INTERNET&NOT_RESTRICTED&TRUSTED&NOT_VPN] ]
01-17 14:21:21.799 3768 4072 D ConnectivityService: checking if request is satisfied: NetworkRequest [ id=9, legacyType=-1, [ Transports: CELLULAR|WIFI Capabilities: NOT_RESTRICTED&TRUSTED&NOT_VPN] ]
01-17 14:21:21.799 3768 4072 D ConnectivityService: checking if request is satisfied: NetworkRequest [ id=787, legacyType=-1, [ Capabilities: INTERNET&NOT_RESTRICTED&TRUSTED] ]
01-17 14:21:21.800 3768 4072 D ConnectivityService: checking if request is satisfied: NetworkRequest [ id=19, legacyType=-1, [ Capabilities: INTERNET&NOT_RESTRICTED&TRUSTED] ]
01-17 14:21:21.800 3768 4072 D ConnectivityService: checking if request is satisfied: NetworkRequest [ id=1250, legacyType=-1, [ Capabilities: INTERNET&NOT_RESTRICTED&TRUSTED] ]
01-17 14:21:21.800 3768 4072 D ConnectivityService: checking if request is satisfied: NetworkRequest [ id=7, legacyType=-1, [ Transports: CELLULAR Capabilities: INTERNET&NOT_RESTRICTED&TRUSTED&NOT_VPN] ]
01-17 14:21:21.800 3768 4072 D ConnectivityService: checking if request is satisfied: NetworkRequest [ id=1210, legacyType=-1, [ Transports: WIFI Capabilities: INTERNET&NOT_RESTRICTED&TRUSTED&NOT_VPN] ]
01-17 14:21:21.800 3768 4072 D ConnectivityService: checking if request is satisfied: NetworkRequest [ id=6, legacyType=-1, [ Transports: WIFI Capabilities: INTERNET&NOT_RESTRICTED&TRUSTED&NOT_VPN] ]
01-17 14:21:21.800 3768 4072 D ConnectivityService: checking if request is satisfied: NetworkRequest [ id=1262, legacyType=-1, [ Capabilities: INTERNET&NOT_RESTRICTED&TRUSTED] ]
01-17 14:21:21.800 3768 4072 D ConnectivityService: checking if request is satisfied: NetworkRequest [ id=639, legacyType=-1, [ Capabilities: INTERNET&NOT_RESTRICTED&TRUSTED&NOT_VPN] ]
01-17 14:21:21.800 3768 4072 D ConnectivityService: checking if request is satisfied: NetworkRequest [ id=1271, legacyType=-1, [ Capabilities: INTERNET&NOT_RESTRICTED&TRUSTED] ]
01-17 14:21:21.800 3768 4072 D ConnectivityService: checking if request is satisfied: NetworkRequest [ id=12, legacyType=-1, [ Transports: WIFI Capabilities: INTERNET&NOT_RESTRICTED&TRUSTED&NOT_VPN] ]
01-17 14:21:21.800 3768 4072 D ConnectivityService: checking if request is satisfied: NetworkRequest [ id=1261, legacyType=-1, [ Capabilities: INTERNET&NOT_RESTRICTED&TRUSTED] ]
01-17 14:21:21.800 3768 4072 D ConnectivityService: checking if request is satisfied: NetworkRequest [ id=1272, legacyType=-1, [ Capabilities: INTERNET&NOT_RESTRICTED&TRUSTED] ]
01-17 14:21:21.800 3768 4072 D ConnectivityService: notifyType CAP_CHANGED for NetworkAgentInfo [WIFI () - 551]
01-17 14:21:21.800 3768 4072 D ConnectivityService: sending notification for NetworkRequest [ id=1, legacyType=-1, [ Capabilities: INTERNET&NOT_RESTRICTED&TRUSTED&NOT_VPN] ]
01-17 14:21:21.800 3768 4072 D ConnectivityService: sending notification for NetworkRequest [ id=3, legacyType=-1, [] ]
01-17 14:21:21.800 3768 4072 D ConnectivityService: sending notification CAP_CHANGED for NetworkRequest [ id=3, legacyType=-1, [] ]
01-17 14:21:21.800 3768 4072 D ConnectivityService: sending notification for NetworkRequest [ id=4, legacyType=-1, [ Transports: WIFI Capabilities: INTERNET&NOT_RESTRICTED&TRUSTED&NOT_VPN] ]
01-17 14:21:21.800 3768 4072 D ConnectivityService: sending notification CAP_CHANGED for NetworkRequest [ id=4, legacyType=-1, [ Transports: WIFI Capabilities: INTERNET&NOT_RESTRICTED&TRUSTED&NOT_VPN] ]
01-17 14:21:21.801 3768 4072 D ConnectivityService: sending notification for NetworkRequest [ id=5, legacyType=-1, [] ]
01-17 14:21:21.801 3768 4072 D ConnectivityService: sending notification CAP_CHANGED for NetworkRequest [ id=5, legacyType=-1, [] ]
01-17 14:21:21.801 3768 4072 D ConnectivityService: sending notification for NetworkRequest [ id=6, legacyType=-1, [ Transports: WIFI Capabilities: INTERNET&NOT_RESTRICTED&TRUSTED&NOT_VPN] ]
01-17 14:21:21.801 3768 4072 D ConnectivityService: sending notification CAP_CHANGED for NetworkRequest [ id=6, legacyType=-1, [ Transports: WIFI Capabilities: INTERNET&NOT_RESTRICTED&TRUSTED&NOT_VPN] ]
01-17 14:21:21.802 3768 4072 D ConnectivityService: sending notification for NetworkRequest [ id=8, legacyType=-1, [ Transports: WIFI Capabilities: INTERNET&NOT_RESTRICTED&TRUSTED&NOT_VPN] ]
01-17 14:21:21.802 3768 3779 I art : Background partial concurrent mark sweep GC freed 118550(15MB) AllocSpace objects, 34(8MB) LOS objects, 19% free, 66MB/82MB, paused 1.841ms total 289.767ms
01-17 14:21:21.802 3768 4072 D ConnectivityService: sending notification CAP_CHANGED for NetworkRequest [ id=8, legacyType=-1, [ Transports: WIFI Capabilities: INTERNET&NOT_RESTRICTED&TRUSTED&NOT_VPN] ]
01-17 14:21:21.802 3768 4072 D ConnectivityService: sending notification for NetworkRequest [ id=9, legacyType=-1, [ Transports: CELLULAR|WIFI Capabilities: NOT_RESTRICTED&TRUSTED&NOT_VPN] ]
01-17 14:21:21.802 3768 4072 D ConnectivityService: sending notification CAP_CHANGED for NetworkRequest [ id=9, legacyType=-1, [ Transports: CELLULAR|WIFI Capabilities: NOT_RESTRICTED&TRUSTED&NOT_VPN] ]
01-17 14:21:21.802 3768 4072 D ConnectivityService: sending notification for NetworkRequest [ id=12, legacyType=-1, [ Transports: WIFI Capabilities: INTERNET&NOT_RESTRICTED&TRUSTED&NOT_VPN] ]
01-17 14:21:21.802 3768 4072 D ConnectivityService: sending notification CAP_CHANGED for NetworkRequest [ id=12, legacyType=-1, [ Transports: WIFI Capabilities: INTERNET&NOT_RESTRICTED&TRUSTED&NOT_VPN] ]
01-17 14:21:21.803 3768 4072 D ConnectivityService: sending notification for NetworkRequest [ id=19, legacyType=-1, [ Capabilities: INTERNET&NOT_RESTRICTED&TRUSTED] ]
01-17 14:21:21.803 3768 4072 D ConnectivityService: sending notification CAP_CHANGED for NetworkRequest [ id=19, legacyType=-1, [ Capabilities: INTERNET&NOT_RESTRICTED&TRUSTED] ]
01-17 14:21:21.803 3768 4072 D ConnectivityService: sending notification for NetworkRequest [ id=63, legacyType=-1, [ Capabilities: INTERNET&NOT_RESTRICTED&TRUSTED] ]
01-17 14:21:21.803 3768 4072 D ConnectivityService: sending notification CAP_CHANGED for NetworkRequest [ id=63, legacyType=-1, [ Capabilities: INTERNET&NOT_RESTRICTED&TRUSTED] ]
01-17 14:21:21.803 3768 4072 D ConnectivityService: sending notification for NetworkRequest [ id=64, legacyType=-1, [ Capabilities: INTERNET&NOT_RESTRICTED&TRUSTED] ]
01-17 14:21:21.803 3768 4072 D ConnectivityService: sending notification CAP_CHANGED for NetworkRequest [ id=64, legacyType=-1, [ Capabilities: INTERNET&NOT_RESTRICTED&TRUSTED] ]
01-17 14:21:21.803 3768 4072 D ConnectivityService: sending notification for NetworkRequest [ id=627, legacyType=-1, [ Capabilities: INTERNET&NOT_RESTRICTED&TRUSTED] ]
01-17 14:21:21.803 3768 4072 D ConnectivityService: sending notification CAP_CHANGED for NetworkRequest [ id=627, legacyType=-1, [ Capabilities: INTERNET&NOT_RESTRICTED&TRUSTED] ]
01-17 14:21:21.803 3768 4072 D ConnectivityService: sending notification for NetworkRequest [ id=628, legacyType=-1, [ Capabilities: INTERNET&NOT_RESTRICTED&TRUSTED] ]
01-17 14:21:21.803 3768 4072 D ConnectivityService: sending notification CAP_CHANGED for NetworkRequest [ id=628, legacyType=-1, [ Capabilities: INTERNET&NOT_RESTRICTED&TRUSTED] ]
01-17 14:21:21.803 3768 4072 D ConnectivityService: sending notification for NetworkRequest [ id=639, legacyType=-1, [ Capabilities: INTERNET&NOT_RESTRICTED&TRUSTED&NOT_VPN] ]
01-17 14:21:21.803 3768 4072 D ConnectivityService: sending notification CAP_CHANGED for NetworkRequest [ id=639, legacyType=-1, [ Capabilities: INTERNET&NOT_RESTRICTED&TRUSTED&NOT_VPN] ]
01-17 14:21:21.804 3768 4072 D ConnectivityService: sending notification for NetworkRequest [ id=787, legacyType=-1, [ Capabilities: INTERNET&NOT_RESTRICTED&TRUSTED] ]
01-17 14:21:21.804 3768 4072 D ConnectivityService: sending notification CAP_CHANGED for NetworkRequest [ id=787, legacyType=-1, [ Capabilities: INTERNET&NOT_RESTRICTED&TRUSTED] ]
01-17 14:21:21.804 3768 4072 D ConnectivityService: sending notification for NetworkRequest [ id=926, legacyType=-1, [ Capabilities: INTERNET&NOT_RESTRICTED&TRUSTED] ]
01-17 14:21:21.804 3768 4072 D ConnectivityService: sending notification CAP_CHANGED for NetworkRequest [ id=926, legacyType=-1, [ Capabilities: INTERNET&NOT_RESTRICTED&TRUSTED] ]
01-17 14:21:21.804 3768 4072 D ConnectivityService: sending notification for NetworkRequest [ id=1210, legacyType=-1, [ Transports: WIFI Capabilities: INTERNET&NOT_RESTRICTED&TRUSTED&NOT_VPN] ]
01-17 14:21:21.804 3768 4072 D ConnectivityService: sending notification CAP_CHANGED for NetworkRequest [ id=1210, legacyType=-1, [ Transports: WIFI Capabilities: INTERNET&NOT_RESTRICTED&TRUSTED&NOT_VPN] ]
01-17 14:21:21.804 3768 4072 D ConnectivityService: sending notification for NetworkRequest [ id=1250, legacyType=-1, [ Capabilities: INTERNET&NOT_RESTRICTED&TRUSTED] ]
01-17 14:21:21.804 3768 4072 D ConnectivityService: sending notification CAP_CHANGED for NetworkRequest [ id=1250, legacyType=-1, [ Capabilities: INTERNET&NOT_RESTRICTED&TRUSTED] ]
01-17 14:21:21.804 3768 4072 D ConnectivityService: sending notification for NetworkRequest [ id=1252, legacyType=-1, [ Capabilities: INTERNET&NOT_RESTRICTED&TRUSTED] ]
01-17 14:21:21.804 3768 4072 D ConnectivityService: sending notification CAP_CHANGED for NetworkRequest [ id=1252, legacyType=-1, [ Capabilities: INTERNET&NOT_RESTRICTED&TRUSTED] ]
01-17 14:21:21.804 3768 4072 D ConnectivityService: sending notification for NetworkRequest [ id=1261, legacyType=-1, [ Capabilities: INTERNET&NOT_RESTRICTED&TRUSTED] ]
01-17 14:21:21.805 3768 4072 D ConnectivityService: sending notification CAP_CHANGED for NetworkRequest [ id=1261, legacyType=-1, [ Capabilities: INTERNET&NOT_RESTRICTED&TRUSTED] ]
01-17 14:21:21.805 3768 4072 D ConnectivityService: sending notification for NetworkRequest [ id=1262, legacyType=-1, [ Capabilities: INTERNET&NOT_RESTRICTED&TRUSTED] ]
01-17 14:21:21.805 3768 4072 D ConnectivityService: sending notification CAP_CHANGED for NetworkRequest [ id=1262, legacyType=-1, [ Capabilities: INTERNET&NOT_RESTRICTED&TRUSTED] ]
01-17 14:21:21.805 3768 4072 D ConnectivityService: sending notification for NetworkRequest [ id=1271, legacyType=-1, [ Capabilities: INTERNET&NOT_RESTRICTED&TRUSTED] ]
01-17 14:21:21.805 3768 4072 D ConnectivityService: sending notification CAP_CHANGED for NetworkRequest [ id=1271, legacyType=-1, [ Capabilities: INTERNET&NOT_RESTRICTED&TRUSTED] ]
01-17 14:21:21.805 3768 4072 D ConnectivityService: sending notification for NetworkRequest [ id=1272, legacyType=-1, [ Capabilities: INTERNET&NOT_RESTRICTED&TRUSTED] ]
01-17 14:21:21.805 3768 4072 D ConnectivityService: sending notification CAP_CHANGED for NetworkRequest [ id=1272, legacyType=-1, [ Capabilities: INTERNET&NOT_RESTRICTED&TRUSTED] ]
01-17 14:21:21.818 32158 32192 I PlayCommon: [7168] com.google.android.play.a.h.e(262): Preparing logs for uploading
01-17 14:21:21.857 3768 7202 D CustomFrequencyManagerService: releaseDVFSLockLocked : Getting Lock type frm List : DVFS_MIN_LIMIT frequency : 1144000 uid : 1000 pid : 3768 tag : SMOOTH_SCROLL@CPU_MIN@38
01-17 14:21:21.865 32158 32192 I PlayCommon: [7168] com.google.android.play.a.h.a(503): Connecting to server: https://play.googleapis.com/play/log?format=raw&proto_v2=true
01-17 14:21:21.874 3768 7202 D CustomFrequencyManagerService: releaseDVFSLockLocked : Getting Lock type frm List : DVFS_MIN_LIMIT frequency : 728000 uid : 1000 pid : 3768 tag : LISTVIEW_SCROLL@CPU_MIN@43
01-17 14:21:21.879 32158 32192 I System.out: (HTTPLog)-Static: isSBSettingEnabled false
01-17 14:21:21.879 32158 32192 I System.out: (HTTPLog)-Static: isSBSettingEnabled false
01-17 14:21:21.882 3312 3866 D EnterpriseController: netId is 0
01-17 14:21:21.882 3312 3866 D Netd : getNetworkForDns: using netid 551 for uid 10040
01-17 14:21:21.882 3312 3866 D DnsProxyListener: DNSDBG::dns addrinfo af 0
01-17 14:21:22.160 3768 3969 D SamsungAlarmManager: Expired : 4
01-17 14:21:22.160 3768 3969 I SamsungAlarmManager: setLocked to kernel - T:2 / 20180117T142406, SetElapsed=307057135, nowELAPSED=306892658
01-17 14:21:22.160 3768 3969 I SamsungAlarmManager: setLocked to kernel - T:3 / 20180117T142152, SetElapsed=306923136, nowELAPSED=306892658
01-17 14:21:22.161 3768 3969 V SamsungAlarmManager: Sending to uid : 1000 listener=android.app.AlarmManager$ListenerWrapper@307161 alarm=Alarm{6fa042a type 2 when 306892658 android}
01-17 14:21:22.163 3768 3993 D InputReader: Input event(4): value=1 when=126521430466000
01-17 14:21:22.164 3768 3993 D InputReader: Input event(4): value=1 when=126521430466000
01-17 14:21:22.164 3768 3993 I InputReader: Touch event's action is 0x0 (deviceType=0) [pCnt=1, s=0.39030 ] when=126521430466000
01-17 14:21:22.164 3768 3993 D InputReader: lastThreadEndTime = 126520762721599, currentThreadStartTime = 126520762724791, diff = 0
01-17 14:21:22.164 3768 3768 D SamsungAlarmManager: setExact Listener (T:2/F:0/AC:false) 20180117T142122 - CU:1000/CP:3768
01-17 14:21:22.164 3768 3992 I InputDispatcher: Delivering touch to (4222): action: 0x4, toolType: 1
01-17 14:21:22.164 3768 3768 I SamsungAlarmManager: setLocked to kernel - T:2 / 20180117T142123, SetElapsed=306893659, nowELAPSED=306892662
01-17 14:21:22.164 3768 3992 I InputDispatcher: Delivering touch to (27629): action: 0x0, toolType: 1
01-17 14:21:22.172 27629 27629 D ViewRootImpl@b6d739a[DocListActivity]: ViewPostImeInputStage processPointer 0
01-17 14:21:22.223 27629 27629 D InputMethodManager: HSI from window - flag : 0 Pid : 27629
01-17 14:21:22.224 3768 7202 D CustomFrequencyManagerService: acquireDVFSLockLocked : type : DVFS_MIN_LIMIT frequency : 728000 uid : 1000 pid : 3768 pkgName : LISTVIEW_SCROLL@CPU_MIN@43
01-17 14:21:22.224 3768 4020 D InputMethodManagerService: mDesktopModeManager null!
01-17 14:21:22.226 32158 32239 I PlayCommon: [7199] com.google.android.play.a.h.e(262): Preparing logs for uploading
01-17 14:21:22.227 32158 32239 I PlayCommon: [7199] com.google.android.play.a.h.e(266): No file ready to send
01-17 14:21:22.245 32158 32241 I PlayCommon: [7201] com.google.android.play.a.h.e(262): Preparing logs for uploading
01-17 14:21:22.247 32158 32241 I PlayCommon: [7201] com.google.android.play.a.h.e(266): No file ready to send
01-17 14:21:22.254 3768 3993 D InputReader: Input event(4): value=0 when=126521521492000
01-17 14:21:22.254 3768 3993 D InputReader: Input event(4): value=0 when=126521521492000
01-17 14:21:22.255 3768 3993 I InputReader: Touch event's action is 0x1 (deviceType=0) [pCnt=1, s=] when=126521521492000
01-17 14:21:22.255 3768 3992 I InputDispatcher: Delivering touch to (27629): action: 0x1, toolType: 1
01-17 14:21:22.256 3768 7202 D CustomFrequencyManagerService: releaseDVFSLockLocked : Getting Lock type frm List : DVFS_MIN_LIMIT frequency : 728000 uid : 1000 pid : 3768 tag : GESTURE_DETECTED@CPU_MIN@36
01-17 14:21:22.257 3768 7202 D CustomFrequencyManagerService: acquireDVFSLockLocked : type : DVFS_MIN_LIMIT frequency : 728000 uid : 1000 pid : 3768 pkgName : GESTURE_DETECTED@CPU_MIN@36
01-17 14:21:22.260 32158 32242 I PlayCommon: [7202] com.google.android.play.a.h.e(262): Preparing logs for uploading
01-17 14:21:22.260 27629 27629 D ViewRootImpl@b6d739a[DocListActivity]: ViewPostImeInputStage processPointer 1
01-17 14:21:22.262 32158 32242 I PlayCommon: [7202] com.google.android.play.a.h.e(266): No file ready to send
01-17 14:21:22.262 3768 7202 D CustomFrequencyManagerService: acquireDVFSLockLocked : type : DVFS_MIN_LIMIT frequency : 1144000 uid : 1000 pid : 3768 pkgName : SMOOTH_SCROLL@CPU_MIN@38
01-17 14:21:22.275 32158 32243 I PlayCommon: [7203] com.google.android.play.a.h.e(262): Preparing logs for uploading
01-17 14:21:22.276 32158 32243 I PlayCommon: [7203] com.google.android.play.a.h.e(266): No file ready to send
01-17 14:21:22.319 27629 27629 D AbsListView: viewType is heaer or footer
01-17 14:21:22.319 27629 27629 D AbsListView: viewType is heaer or footer
01-17 14:21:22.321 27629 27629 D AbsListView: viewType is heaer or footer
01-17 14:21:22.322 27629 27629 D AbsListView: viewType is heaer or footer
01-17 14:21:22.338 27629 27629 D AbsListView: viewType is heaer or footer
01-17 14:21:22.338 27629 27629 D AbsListView: viewType is heaer or footer
01-17 14:21:22.504 3768 7202 D CustomFrequencyManagerService: releaseDVFSLockLocked : Getting Lock type frm List : DVFS_MIN_LIMIT frequency : 1144000 uid : 1000 pid : 3768 tag : SMOOTH_SCROLL@CPU_MIN@38
01-17 14:21:22.521 3768 7202 D CustomFrequencyManagerService: releaseDVFSLockLocked : Getting Lock type frm List : DVFS_MIN_LIMIT frequency : 728000 uid : 1000 pid : 3768 tag : LISTVIEW_SCROLL@CPU_MIN@43
01-17 14:21:22.577 27471 27488 D [ACT]:ao: processing priority = HIGH
01-17 14:21:22.580 27443 27465 D [ACT]:ao: processing priority = HIGH
01-17 14:21:22.756 3768 3993 D InputReader: Input event(4): value=1 when=126522023207000
01-17 14:21:22.756 3768 3993 D InputReader: Input event(4): value=1 when=126522023207000
01-17 14:21:22.756 3768 3993 I InputReader: Touch event's action is 0x0 (deviceType=0) [pCnt=1, s=0.39031 ] when=126522023207000
01-17 14:21:22.757 3768 3993 D InputReader: lastThreadEndTime = 126521521809983, currentThreadStartTime = 126521521813175, diff = 0
01-17 14:21:22.757 3768 3992 I InputDispatcher: Delivering touch to (4222): action: 0x4, toolType: 1
01-17 14:21:22.757 3768 3992 I InputDispatcher: Delivering touch to (27629): action: 0x0, toolType: 1
01-17 14:21:22.757 27629 27629 D ViewRootImpl@b6d739a[DocListActivity]: ViewPostImeInputStage processPointer 0
01-17 14:21:22.820 27629 27629 D InputMethodManager: HSI from window - flag : 0 Pid : 27629
01-17 14:21:22.820 3768 5317 D InputMethodManagerService: mDesktopModeManager null!
01-17 14:21:22.821 3768 7202 D CustomFrequencyManagerService: acquireDVFSLockLocked : type : DVFS_MIN_LIMIT frequency : 728000 uid : 1000 pid : 3768 pkgName : LISTVIEW_SCROLL@CPU_MIN@43
01-17 14:21:22.835 27629 27629 D AbsListView: viewType is heaer or footer
01-17 14:21:22.835 27629 27629 D AbsListView: viewType is heaer or footer
01-17 14:21:22.866 3768 4039 D WifiStateMachine: Current network is: "SKY03AE5" , ID is: 1
01-17 14:21:22.867 3768 4072 D ConnectivityService: updateNetworkScore for NetworkAgentInfo [WIFI () - 551] to 60
01-17 14:21:22.867 3768 4072 D ConnectivityService: rematching NetworkAgentInfo [WIFI () - 551]
01-17 14:21:22.867 3768 4072 D ConnectivityService: network has: [ Transports: WIFI Capabilities: NOT_METERED&INTERNET&NOT_RESTRICTED&TRUSTED&NOT_VPN&VALIDATED LinkUpBandwidth>=1048576Kbps LinkDnBandwidth>=1048576Kbps SignalStrength: -67]
01-17 14:21:22.867 3768 4072 D ConnectivityService: checking if request is satisfied: NetworkRequest [ id=926, legacyType=-1, [ Capabilities: INTERNET&NOT_RESTRICTED&TRUSTED] ]
01-17 14:21:22.868 3768 4072 D ConnectivityService: checking if request is satisfied: NetworkRequest [ id=627, legacyType=-1, [ Capabilities: INTERNET&NOT_RESTRICTED&TRUSTED] ]
01-17 14:21:22.868 3768 4072 D ConnectivityService: checking if request is satisfied: NetworkRequest [ id=64, legacyType=-1, [ Capabilities: INTERNET&NOT_RESTRICTED&TRUSTED] ]
01-17 14:21:22.868 3768 4072 D ConnectivityService: checking if request is satisfied: NetworkRequest [ id=8, legacyType=-1, [ Transports: WIFI Capabilities: INTERNET&NOT_RESTRICTED&TRUSTED&NOT_VPN] ]
01-17 14:21:22.868 3768 4072 D ConnectivityService: checking if request is satisfied: NetworkRequest [ id=63, legacyType=-1, [ Capabilities: INTERNET&NOT_RESTRICTED&TRUSTED] ]
01-17 14:21:22.868 3768 4072 D ConnectivityService: Network NetworkAgentInfo [WIFI () - 551] was already satisfying request 1. No change.
01-17 14:21:22.868 3768 4072 D ConnectivityService: checking if request is satisfied: NetworkRequest [ id=1252, legacyType=-1, [ Capabilities: INTERNET&NOT_RESTRICTED&TRUSTED] ]
01-17 14:21:22.868 3768 4072 D ConnectivityService: checking if request is satisfied: NetworkRequest [ id=3, legacyType=-1, [] ]
01-17 14:21:22.868 3768 4072 D ConnectivityService: checking if request is satisfied: NetworkRequest [ id=903, legacyType=-1, [ Transports: CELLULAR Capabilities: IMS&TRUSTED&NOT_VPN] ]
01-17 14:21:22.868 3768 4072 D ConnectivityService: checking if request is satisfied: NetworkRequest [ id=5, legacyType=-1, [] ]
01-17 14:21:22.868 3768 4072 D ConnectivityService: checking if request is satisfied: NetworkRequest [ id=628, legacyType=-1, [ Capabilities: INTERNET&NOT_RESTRICTED&TRUSTED] ]
01-17 14:21:22.868 3768 4072 D ConnectivityService: checking if request is satisfied: NetworkRequest [ id=4, legacyType=-1, [ Transports: WIFI Capabilities: INTERNET&NOT_RESTRICTED&TRUSTED&NOT_VPN] ]
01-17 14:21:22.868 3768 4072 D ConnectivityService: checking if request is satisfied: NetworkRequest [ id=9, legacyType=-1, [ Transports: CELLULAR|WIFI Capabilities: NOT_RESTRICTED&TRUSTED&NOT_VPN] ]
01-17 14:21:22.868 3768 4072 D ConnectivityService: checking if request is satisfied: NetworkRequest [ id=787, legacyType=-1, [ Capabilities: INTERNET&NOT_RESTRICTED&TRUSTED] ]
01-17 14:21:22.868 3768 4072 D ConnectivityService: checking if request is satisfied: NetworkRequest [ id=19, legacyType=-1, [ Capabilities: INTERNET&NOT_RESTRICTED&TRUSTED] ]
01-17 14:21:22.868 3768 4072 D ConnectivityService: checking if request is satisfied: NetworkRequest [ id=1250, legacyType=-1, [ Capabilities: INTERNET&NOT_RESTRICTED&TRUSTED] ]
01-17 14:21:22.869 3768 4072 D ConnectivityService: checking if request is satisfied: NetworkRequest [ id=7, legacyType=-1, [ Transports: CELLULAR Capabilities: INTERNET&NOT_RESTRICTED&TRUSTED&NOT_VPN] ]
01-17 14:21:22.869 3768 4072 D ConnectivityService: checking if request is satisfied: NetworkRequest [ id=1210, legacyType=-1, [ Transports: WIFI Capabilities: INTERNET&NOT_RESTRICTED&TRUSTED&NOT_VPN] ]
01-17 14:21:22.869 3768 4072 D ConnectivityService: checking if request is satisfied: NetworkRequest [ id=6, legacyType=-1, [ Transports: WIFI Capabilities: INTERNET&NOT_RESTRICTED&TRUSTED&NOT_VPN] ]
01-17 14:21:22.869 3768 4072 D ConnectivityService: checking if request is satisfied: NetworkRequest [ id=1262, legacyType=-1, [ Capabilities: INTERNET&NOT_RESTRICTED&TRUSTED] ]
01-17 14:21:22.869 3768 4072 D ConnectivityService: checking if request is satisfied: NetworkRequest [ id=639, legacyType=-1, [ Capabilities: INTERNET&NOT_RESTRICTED&TRUSTED&NOT_VPN] ]
01-17 14:21:22.869 3768 4072 D ConnectivityService: checking if request is satisfied: NetworkRequest [ id=1271, legacyType=-1, [ Capabilities: INTERNET&NOT_RESTRICTED&TRUSTED] ]
01-17 14:21:22.869 3768 4072 D ConnectivityService: checking if request is satisfied: NetworkRequest [ id=12, legacyType=-1, [ Transports: WIFI Capabilities: INTERNET&NOT_RESTRICTED&TRUSTED&NOT_VPN] ]
01-17 14:21:22.869 3768 4072 D ConnectivityService: checking if request is satisfied: NetworkRequest [ id=1261, legacyType=-1, [ Capabilities: INTERNET&NOT_RESTRICTED&TRUSTED] ]
01-17 14:21:22.869 3768 4072 D ConnectivityService: checking if request is satisfied: NetworkRequest [ id=1272, legacyType=-1, [ Capabilities: INTERNET&NOT_RESTRICTED&TRUSTED] ]
01-17 14:21:22.869 3768 4072 D ConnectivityService: rematching NetworkAgentInfo [MOBILE (LTE) - 539]
01-17 14:21:22.869 3768 4072 D ConnectivityService: network has: [ Transports: CELLULAR Capabilities: IMS&NOT_METERED&NOT_RESTRICTED&TRUSTED&NOT_VPN&VALIDATED LinkUpBandwidth>=51200Kbps LinkDnBandwidth>=102400Kbps Specifier: <1>]
01-17 14:21:22.870 3768 4072 D ConnectivityService: checking if request is satisfied: NetworkRequest [ id=926, legacyType=-1, [ Capabilities: INTERNET&NOT_RESTRICTED&TRUSTED] ]
01-17 14:21:22.870 3768 4072 D ConnectivityService: checking if request is satisfied: NetworkRequest [ id=627, legacyType=-1, [ Capabilities: INTERNET&NOT_RESTRICTED&TRUSTED] ]
01-17 14:21:22.870 3768 4072 D ConnectivityService: checking if request is satisfied: NetworkRequest [ id=64, legacyType=-1, [ Capabilities: INTERNET&NOT_RESTRICTED&TRUSTED] ]
01-17 14:21:22.870 3768 4072 D ConnectivityService: checking if request is satisfied: NetworkRequest [ id=8, legacyType=-1, [ Transports: WIFI Capabilities: INTERNET&NOT_RESTRICTED&TRUSTED&NOT_VPN] ]
01-17 14:21:22.870 3768 4072 D ConnectivityService: checking if request is satisfied: NetworkRequest [ id=63, legacyType=-1, [ Capabilities: INTERNET&NOT_RESTRICTED&TRUSTED] ]
01-17 14:21:22.870 3768 4072 D ConnectivityService: checking if request is satisfied: NetworkRequest [ id=1, legacyType=-1, [ Capabilities: INTERNET&NOT_RESTRICTED&TRUSTED&NOT_VPN] ]
01-17 14:21:22.870 3768 4072 D ConnectivityService: checking if request is satisfied: NetworkRequest [ id=1252, legacyType=-1, [ Capabilities: INTERNET&NOT_RESTRICTED&TRUSTED] ]
01-17 14:21:22.870 3768 4072 D ConnectivityService: checking if request is satisfied: NetworkRequest [ id=3, legacyType=-1, [] ]
01-17 14:21:22.870 3768 4072 D ConnectivityService: Network NetworkAgentInfo [MOBILE (LTE) - 539] was already satisfying request 903. No change.
01-17 14:21:22.870 3768 4072 D ConnectivityService: checking if request is satisfied: NetworkRequest [ id=5, legacyType=-1, [] ]
01-17 14:21:22.870 3768 4072 D ConnectivityService: checking if request is satisfied: NetworkRequest [ id=628, legacyType=-1, [ Capabilities: INTERNET&NOT_RESTRICTED&TRUSTED] ]
01-17 14:21:22.870 3768 4072 D ConnectivityService: checking if request is satisfied: NetworkRequest [ id=4, legacyType=-1, [ Transports: WIFI Capabilities: INTERNET&NOT_RESTRICTED&TRUSTED&NOT_VPN] ]
01-17 14:21:22.870 3768 4072 D ConnectivityService: checking if request is satisfied: NetworkRequest [ id=9, legacyType=-1, [ Transports: CELLULAR|WIFI Capabilities: NOT_RESTRICTED&TRUSTED&NOT_VPN] ]
01-17 14:21:22.870 3768 4072 D ConnectivityService: checking if request is satisfied: NetworkRequest [ id=787, legacyType=-1, [ Capabilities: INTERNET&NOT_RESTRICTED&TRUSTED] ]
01-17 14:21:22.871 3768 4072 D ConnectivityService: checking if request is satisfied: NetworkRequest [ id=19, legacyType=-1, [ Capabilities: INTERNET&NOT_RESTRICTED&TRUSTED] ]
01-17 14:21:22.871 3768 4072 D ConnectivityService: checking if request is satisfied: NetworkRequest [ id=1250, legacyType=-1, [ Capabilities: INTERNET&NOT_RESTRICTED&TRUSTED] ]
01-17 14:21:22.871 3768 4072 D ConnectivityService: checking if request is satisfied: NetworkRequest [ id=7, legacyType=-1, [ Transports: CELLULAR Capabilities: INTERNET&NOT_RESTRICTED&TRUSTED&NOT_VPN] ]
01-17 14:21:22.871 3768 4072 D ConnectivityService: checking if request is satisfied: NetworkRequest [ id=1210, legacyType=-1, [ Transports: WIFI Capabilities: INTERNET&NOT_RESTRICTED&TRUSTED&NOT_VPN] ]
01-17 14:21:22.871 3768 4072 D ConnectivityService: checking if request is satisfied: NetworkRequest [ id=6, legacyType=-1, [ Transports: WIFI Capabilities: INTERNET&NOT_RESTRICTED&TRUSTED&NOT_VPN] ]
01-17 14:21:22.871 3768 4072 D ConnectivityService: checking if request is satisfied: NetworkRequest [ id=1262, legacyType=-1, [ Capabilities: INTERNET&NOT_RESTRICTED&TRUSTED] ]
01-17 14:21:22.871 3768 4072 D ConnectivityService: checking if request is satisfied: NetworkRequest [ id=639, legacyType=-1, [ Capabilities: INTERNET&NOT_RESTRICTED&TRUSTED&NOT_VPN] ]
01-17 14:21:22.871 3768 4072 D ConnectivityService: checking if request is satisfied: NetworkRequest [ id=1271, legacyType=-1, [ Capabilities: INTERNET&NOT_RESTRICTED&TRUSTED] ]
01-17 14:21:22.871 3768 4072 D ConnectivityService: checking if request is satisfied: NetworkRequest [ id=12, legacyType=-1, [ Transports: WIFI Capabilities: INTERNET&NOT_RESTRICTED&TRUSTED&NOT_VPN] ]
01-17 14:21:22.871 3768 4072 D ConnectivityService: checking if request is satisfied: NetworkRequest [ id=1261, legacyType=-1, [ Capabilities: INTERNET&NOT_RESTRICTED&TRUSTED] ]
01-17 14:21:22.871 3768 4072 D ConnectivityService: checking if request is satisfied: NetworkRequest [ id=1272, legacyType=-1, [ Capabilities: INTERNET&NOT_RESTRICTED&TRUSTED] ]
01-17 14:21:22.872 3768 4072 D ConnectivityService: sending new Min Network Score(100): NetworkRequest [ id=1, legacyType=-1, [ Capabilities: INTERNET&NOT_RESTRICTED&TRUSTED&NOT_VPN] ]
01-17 14:21:22.872 3768 4035 D WIFI_P2P: new score 100 for exisiting request NetworkRequest [ id=1, legacyType=-1, [ Capabilities: INTERNET&NOT_RESTRICTED&TRUSTED&NOT_VPN] ]
01-17 14:21:22.872 3768 4125 D Ethernet: new score 100 for exisiting request NetworkRequest [ id=1, legacyType=-1, [ Capabilities: INTERNET&NOT_RESTRICTED&TRUSTED&NOT_VPN] ]
01-17 14:21:22.873 3768 4125 D Ethernet: my score=-1, my filter=[ Transports: ETHERNET Capabilities: INTERNET&NOT_RESTRICTED&TRUSTED&NOT_VPN LinkUpBandwidth>=100000Kbps LinkDnBandwidth>=100000Kbps]
01-17 14:21:22.873 3768 4125 D Ethernet: evalRequest
01-17 14:21:22.873 3768 4125 D Ethernet: done
01-17 14:21:22.873 3768 4039 D WIFI : new score 100 for exisiting request NetworkRequest [ id=1, legacyType=-1, [ Capabilities: INTERNET&NOT_RESTRICTED&TRUSTED&NOT_VPN] ]
01-17 14:21:22.873 3768 4035 D WIFI_P2P: my score=60, my filter=[ Transports: WIFI Capabilities: WIFI_P2P&NOT_RESTRICTED&TRUSTED&NOT_VPN LinkUpBandwidth>=1048576Kbps LinkDnBandwidth>=1048576Kbps]
01-17 14:21:22.873 3768 4035 D WIFI_P2P: evalRequest
01-17 14:21:22.873 3768 4035 D WIFI_P2P: done
01-17 14:21:22.873 3768 4039 D WIFI : my score=60, my filter=[ Transports: WIFI Capabilities: NOT_METERED&INTERNET&NOT_RESTRICTED&TRUSTED&NOT_VPN LinkUpBandwidth>=1048576Kbps LinkDnBandwidth>=1048576Kbps]
01-17 14:21:22.873 3768 4039 D WIFI : evalRequest
01-17 14:21:22.873 3768 4039 D WIFI : done
01-17 14:21:22.873 4145 4145 D PhoneSwitcherNetworkRequstListener: new score 100 for exisiting request NetworkRequest [ id=1, legacyType=-1, [ Capabilities: INTERNET&NOT_RESTRICTED&TRUSTED&NOT_VPN] ]
01-17 14:21:22.873 3768 4039 D WIFI_UT : new score 100 for exisiting request NetworkRequest [ id=1, legacyType=-1, [ Capabilities: INTERNET&NOT_RESTRICTED&TRUSTED&NOT_VPN] ]
01-17 14:21:22.873 4145 4145 D PhoneSwitcherNetworkRequstListener: my score=101, my filter=[ Transports: CELLULAR Capabilities: MMS&SUPL&DUN&FOTA&IMS&CBS&IA&RCS&XCAP&EIMS&INTERNET&NOT_RESTRICTED&TRUSTED&NOT_VPN&ENT1 Specifier: <*>]
01-17 14:21:22.873 4145 4145 D PhoneSwitcherNetworkRequstListener: evalRequest
01-17 14:21:22.873 3768 4039 D WIFI_UT : my score=2147483647, my filter=[ Transports: WIFI Capabilities: NOT_METERED&INTERNET&NOT_RESTRICTED&TRUSTED&NOT_VPN LinkUpBandwidth>=1048576Kbps LinkDnBandwidth>=1048576Kbps]
01-17 14:21:22.873 4145 4145 D PhoneSwitcherNetworkRequstListener: done
01-17 14:21:22.873 3768 4039 D WIFI_UT : evalRequest
01-17 14:21:22.873 3768 4039 D WIFI_UT : done
01-17 14:21:22.907 3768 3993 D InputReader: Input event(4): value=0 when=126522173614000
01-17 14:21:22.907 3768 3993 D InputReader: Input event(4): value=0 when=126522173614000
01-17 14:21:22.907 3768 3993 I InputReader: Touch event's action is 0x1 (deviceType=0) [pCnt=1, s=] when=126522173614000
01-17 14:21:22.907 3768 3992 I InputDispatcher: Delivering touch to (27629): action: 0x1, toolType: 1
01-17 14:21:22.907 27629 27629 D ViewRootImpl@b6d739a[DocListActivity]: ViewPostImeInputStage processPointer 1
01-17 14:21:22.908 3768 7202 D CustomFrequencyManagerService: releaseDVFSLockLocked : Getting Lock type frm List : DVFS_MIN_LIMIT frequency : 728000 uid : 1000 pid : 3768 tag : GESTURE_DETECTED@CPU_MIN@36
01-17 14:21:22.908 3768 7202 D CustomFrequencyManagerService: acquireDVFSLockLocked : type : DVFS_MIN_LIMIT frequency : 728000 uid : 1000 pid : 3768 pkgName : GESTURE_DETECTED@CPU_MIN@36
01-17 14:21:22.908 3768 7202 D CustomFrequencyManagerService: acquireDVFSLockLocked : type : DVFS_MIN_LIMIT frequency : 1144000 uid : 1000 pid : 3768 pkgName : SMOOTH_SCROLL@CPU_MIN@38
01-17 14:21:23.117 3768 7202 D CustomFrequencyManagerService: releaseDVFSLockLocked : Getting Lock type frm List : DVFS_MIN_LIMIT frequency : 1144000 uid : 1000 pid : 3768 tag : SMOOTH_SCROLL@CPU_MIN@38
01-17 14:21:23.134 3768 7202 D CustomFrequencyManagerService: releaseDVFSLockLocked : Getting Lock type frm List : DVFS_MIN_LIMIT frequency : 728000 uid : 1000 pid : 3768 tag : LISTVIEW_SCROLL@CPU_MIN@43
01-17 14:21:23.161 3768 3969 D SamsungAlarmManager: Expired : 4
01-17 14:21:23.161 3768 3969 I SamsungAlarmManager: setLocked to kernel - T:2 / 20180117T142406, SetElapsed=307057135, nowELAPSED=306893659
01-17 14:21:23.161 3768 3969 V SamsungAlarmManager: Sending to uid : 1000 listener=android.app.AlarmManager$ListenerWrapper@834c21b alarm=Alarm{b3aee82 type 2 when 306892797 android}
01-17 14:21:23.169 3768 3768 D SamsungAlarmManager: setInexact Listener (T:2/F:0/AC:false) 20180117T142428 - CU:1000/CP:3768
01-17 14:21:23.207 3768 3993 D InputReader: Input event(4): value=1 when=126522474091000
01-17 14:21:23.207 3768 3993 D InputReader: Input event(4): value=1 when=126522474091000
01-17 14:21:23.207 3768 3993 I InputReader: Touch event's action is 0x0 (deviceType=0) [pCnt=1, s=0.39032 ] when=126522474091000
01-17 14:21:23.207 3768 3993 D InputReader: lastThreadEndTime = 126522173899444, currentThreadStartTime = 126522173902559, diff = 0
01-17 14:21:23.207 3768 3992 I InputDispatcher: Delivering touch to (4222): action: 0x4, toolType: 1
01-17 14:21:23.208 3768 3992 I InputDispatcher: Delivering touch to (27629): action: 0x0, toolType: 1
01-17 14:21:23.208 27629 27629 D ViewRootImpl@b6d739a[DocListActivity]: ViewPostImeInputStage processPointer 0
01-17 14:21:23.240 32158 32192 I PlayCommon: [7168] com.google.android.play.a.h.a(560): Successfully uploaded logs.
01-17 14:21:23.257 3768 3992 D PowerManagerService: [api] userActivityFromNative : 10 (event: 2 flags: 0) eventTime = 126522523
01-17 14:21:23.283 27629 27629 D InputMethodManager: HSI from window - flag : 0 Pid : 27629
01-17 14:21:23.285 3768 7012 D InputMethodManagerService: mDesktopModeManager null!
01-17 14:21:23.286 3768 7202 D CustomFrequencyManagerService: acquireDVFSLockLocked : type : DVFS_MIN_LIMIT frequency : 728000 uid : 1000 pid : 3768 pkgName : LISTVIEW_SCROLL@CPU_MIN@43
01-17 14:21:23.333 3768 3847 D SamsungAlarmManager: setExact Listener (T:2/F:0/AC:false) 20180117T142133 - CU:1000/CP:3768
01-17 14:21:23.333 3768 3847 I SamsungAlarmManager: setLocked to kernel - T:2 / 20180117T142133, SetElapsed=306903827, nowELAPSED=306893831
01-17 14:21:23.357 3768 3993 D InputReader: Input event(4): value=0 when=126522623622000
01-17 14:21:23.357 3768 3993 D InputReader: Input event(4): value=0 when=126522623622000
01-17 14:21:23.357 3768 3993 I InputReader: Touch event's action is 0x1 (deviceType=0) [pCnt=1, s=] when=126522623622000
01-17 14:21:23.357 3768 3992 I InputDispatcher: Delivering touch to (27629): action: 0x1, toolType: 1
01-17 14:21:23.358 27629 27629 D ViewRootImpl@b6d739a[DocListActivity]: ViewPostImeInputStage processPointer 1
01-17 14:21:23.359 3768 7202 D CustomFrequencyManagerService: releaseDVFSLockLocked : Getting Lock type frm List : DVFS_MIN_LIMIT frequency : 728000 uid : 1000 pid : 3768 tag : GESTURE_DETECTED@CPU_MIN@36
01-17 14:21:23.360 3768 7202 D CustomFrequencyManagerService: acquireDVFSLockLocked : type : DVFS_MIN_LIMIT frequency : 728000 uid : 1000 pid : 3768 pkgName : GESTURE_DETECTED@CPU_MIN@36
01-17 14:21:23.368 3768 7202 D CustomFrequencyManagerService: releaseDVFSLockLocked : Getting Lock type frm List : DVFS_MIN_LIMIT frequency : 728000 uid : 1000 pid : 3768 tag : LISTVIEW_SCROLL@CPU_MIN@43
01-17 14:21:23.618 3768 5701 D DevicePolicyManagerService: PfW getPlayForWorkProxy() 0
01-17 14:21:23.619 3768 5701 D DevicePolicyManagerService: PfW getPlayForWorkProxy() flags & FLAG_ALLOW_PROXY_FOR_PFW 0
01-17 14:21:23.619 3768 5701 D DevicePolicyManagerService: PfW getPlayForWorkProxy() flag 0 does not allow PfW
01-17 14:21:23.621 27629 2636 W SyncManagerImpl: Initiating sync for AccountId c83413e1 (com.google.android.apps.docs)
01-17 14:21:23.626 3768 5298 D DevicePolicyManagerService: PfW getPlayForWorkProxy() 0
01-17 14:21:23.627 3768 5298 D DevicePolicyManagerService: PfW getPlayForWorkProxy() flags & FLAG_ALLOW_PROXY_FOR_PFW 0
01-17 14:21:23.627 3768 5298 D DevicePolicyManagerService: PfW getPlayForWorkProxy() flag 0 does not allow PfW
01-17 14:21:23.637 27629 2636 W SyncManagerImpl: Started sync for AccountId c83413e1
01-17 14:21:23.640 27629 2636 W Flag : Duration spec must be at least 2 characters long:
01-17 14:21:23.645 3768 4062 D DevicePolicyManagerService: PfW getPlayForWorkProxy() 0
01-17 14:21:23.646 3768 4062 D DevicePolicyManagerService: PfW getPlayForWorkProxy() flags & FLAG_ALLOW_PROXY_FOR_PFW 0
01-17 14:21:23.646 3768 4062 D DevicePolicyManagerService: PfW getPlayForWorkProxy() flag 0 does not allow PfW
01-17 14:21:23.658 27629 27629 D TextView: setTypeface with style : 0
01-17 14:21:23.671 27629 28565 W ktx : Application name is not set. Call Builder#setApplicationName.
01-17 14:21:23.672 3768 5280 D DevicePolicyManagerService: PfW getPlayForWorkProxy() 0
01-17 14:21:23.673 27629 2421 W ktx : Application name is not set. Call Builder#setApplicationName.
01-17 14:21:23.683 3768 5280 D DevicePolicyManagerService: PfW getPlayForWorkProxy() flags & FLAG_ALLOW_PROXY_FOR_PFW 0
01-17 14:21:23.683 3768 5280 D DevicePolicyManagerService: PfW getPlayForWorkProxy() flag 0 does not allow PfW
01-17 14:21:23.716 3768 4032 D DevicePolicyManagerService: PfW getPlayForWorkProxy() 0
01-17 14:21:23.718 3768 4032 D DevicePolicyManagerService: PfW getPlayForWorkProxy() flags & FLAG_ALLOW_PROXY_FOR_PFW 0
01-17 14:21:23.719 3768 4032 D DevicePolicyManagerService: PfW getPlayForWorkProxy() flag 0 does not allow PfW
01-17 14:21:23.719 27629 27629 D TextView: setTypeface with style : 0
01-17 14:21:23.719 3768 3779 I art : Background sticky concurrent mark sweep GC freed 137249(13MB) AllocSpace objects, 24(4MB) LOS objects, 15% free, 70MB/82MB, paused 6.370ms total 88.444ms
01-17 14:21:23.723 27629 27629 D TextView: setTypeface with style : 0
01-17 14:21:23.738 3768 5703 D DevicePolicyManagerService: PfW getPlayForWorkProxy() 0
01-17 14:21:23.741 3768 5703 D DevicePolicyManagerService: PfW getPlayForWorkProxy() flags & FLAG_ALLOW_PROXY_FOR_PFW 0
01-17 14:21:23.741 3768 5703 D DevicePolicyManagerService: PfW getPlayForWorkProxy() flag 0 does not allow PfW
01-17 14:21:23.748 27629 27629 W View : requestLayout() improperly called by android.widget.FrameLayout{4cb5c3e V.E...... ......ID 0,144-1080,660} during layout: running second layout pass
01-17 14:21:23.748 27629 27629 I ViewRootImpl@b6d739a[DocListActivity]: requestLayout is already in process
01-17 14:21:23.756 27629 27629 W ContentSyncJobService: [179127208] onStartJob ANY_NETWORK_JOB
01-17 14:21:23.757 3768 5279 D DevicePolicyManagerService: PfW getPlayForWorkProxy() 0
01-17 14:21:23.758 3768 5279 D DevicePolicyManagerService: PfW getPlayForWorkProxy() flags & FLAG_ALLOW_PROXY_FOR_PFW 0
01-17 14:21:23.758 3768 5279 D DevicePolicyManagerService: PfW getPlayForWorkProxy() flag 0 does not allow PfW
01-17 14:21:23.772 3768 7004 D DevicePolicyManagerService: PfW getPlayForWorkProxy() 0
01-17 14:21:23.773 27629 28594 W ktx : Application name is not set. Call Builder#setApplicationName.
01-17 14:21:23.774 3768 7004 D DevicePolicyManagerService: PfW getPlayForWorkProxy() flags & FLAG_ALLOW_PROXY_FOR_PFW 0
01-17 14:21:23.774 3768 7004 D DevicePolicyManagerService: PfW getPlayForWorkProxy() flag 0 does not allow PfW
01-17 14:21:23.807 27629 27629 D TextView: setTypeface with style : 0
01-17 14:21:23.814 27629 27629 D TextView: setTypeface with style : 0
01-17 14:21:23.815 27629 2636 W ktx : Application name is not set. Call Builder#setApplicationName.
01-17 14:21:23.852 27629 27629 W View : requestLayout() improperly called by android.widget.FrameLayout{fdb8967 V.E...... ......ID 0,144-1080,660} during layout: running second layout pass
01-17 14:21:23.852 27629 27629 I ViewRootImpl@b6d739a[DocListActivity]: requestLayout is already in process
01-17 14:21:23.872 3768 3847 I SamsungAlarmManager: setLocked to kernel - T:2 / 20180117T142406, SetElapsed=307057135, nowELAPSED=306894370
01-17 14:21:23.873 3768 3847 D SamsungAlarmManager: setExact Listener (T:2/F:0/AC:false) 20180117T142133 - CU:1000/CP:3768
01-17 14:21:23.873 3768 3847 I SamsungAlarmManager: setLocked to kernel - T:2 / 20180117T142133, SetElapsed=306903956, nowELAPSED=306894370
01-17 14:21:23.878 3768 3847 D SamsungAlarmManager: setInexact Listener (T:2/F:0/AC:false) 20180117T143955 - CU:1000/CP:3768
01-17 14:21:23.953 3768 3847 I SamsungAlarmManager: setLocked to kernel - T:2 / 20180117T142406, SetElapsed=307057135, nowELAPSED=306894450
01-17 14:21:23.953 3768 3847 D SamsungAlarmManager: setInexact Listener (T:2/F:0/AC:false) 20180117T142428 - CU:1000/CP:3768
01-17 14:21:23.955 3768 3847 D SamsungAlarmManager: setInexact Listener (T:2/F:0/AC:false) 20180117T143955 - CU:1000/CP:3768
01-17 14:21:23.989 27629 2441 W ContentSyncJobService: [179127208] Finished ANY_NETWORK_JOB
01-17 14:21:24.189 27629 2636 W SyncManagerImpl: Sync for AccountId c83413e1 took 413 ms
01-17 14:21:24.205 27629 2636 W SyncManagerImpl: Sync completed for AccountId c83413e1 (com.google.android.apps.docs)
01-17 14:21:24.230 3768 5643 D WindowManager: addWindow: android.view.IWindow$Stub$Proxy@c0c7eb displayId=0
01-17 14:21:24.230 3768 5643 D InputTransport: Input channel constructed: fd=385
01-17 14:21:24.230 3768 5643 D InputTransport: Input channel constructed: fd=490
01-17 14:21:24.231 3768 3849 D WindowManager: set systemUiVisibility of statusbar : vis= 0x8
01-17 14:21:24.231 3768 5643 D InputDispatcher: Focus left window: 27629
01-17 14:21:24.231 3768 5643 D InputDispatcher: Focus entered window: 27629
01-17 14:21:24.232 3768 5643 D InputTransport: Input channel destroyed: fd=490
01-17 14:21:24.232 3768 5292 D WindowManager: adjustSystemUiVisibilityLw : vis= 0x8
01-17 14:21:24.232 27629 27629 D InputTransport: Input channel constructed: fd=102
01-17 14:21:24.232 27629 27629 D ViewRootImpl@60c2f4b[DocListActivity]: setView = DecorView@89b2d28[] touchMode=true
01-17 14:21:24.246 3768 5324 V WindowManager: Relayout Window{3e773e1d0 u0 com.google.android.apps.docs/com.google.android.apps.docs.doclist.activity.DocListActivity}: viewVisibility=0 req=228x387 WM.LayoutParams{(0,0)(wrapxwrap) gr=#11 sim=#120 ty=2 fl=#1800000 fmt=-2 wanim=0x1030002 needsMenuKey=2 naviIconColor=0}
01-17 14:21:24.247 3197 3197 I SurfaceFlinger: id=10407 createSurf (1x1),1 flag=4, EocListActi
01-17 14:21:24.266 27629 28149 D mali_winsys: EGLint new_window_surface(egl_winsys_display*, void*, EGLSurface, EGLConfig, egl_winsys_surface**, egl_color_buffer_format*, EGLBoolean) returns 0x3000, [228x387]-format:1
01-17 14:21:24.266 27629 27629 D ViewRootImpl@60c2f4b[DocListActivity]: MSG_WINDOW_FOCUS_CHANGED 1
01-17 14:21:24.267 27629 27629 V InputMethodManager: Starting input: tba=android.view.inputmethod.EditorInfo@aa13cc3 nm : com.google.android.apps.docs ic=null
01-17 14:21:24.267 27629 27629 I InputMethodManager: [IMM] startInputInner - mService.startInputOrWindowGainedFocus
01-17 14:21:24.267 3768 5306 D InputMethodManagerService: windowGainedFocus mCurrentFocusedUserId - 0 and mSecureKeypadEnabled-false
01-17 14:21:24.267 3768 5306 D InputMethodManagerService: mDesktopModeManager null!
01-17 14:21:24.267 3768 5306 D InputTransport: Input channel constructed: fd=490
01-17 14:21:24.267 3768 5306 D InputTransport: Input channel destroyed: fd=490
01-17 14:21:24.267 27629 27629 D InputTransport: Input channel constructed: fd=87
01-17 14:21:24.267 27629 27629 D InputTransport: Input channel destroyed: fd=101
01-17 14:21:24.268 30084 30084 I GoogleInputMethod: onFinishInput() : Dummy InputConnection bound
01-17 14:21:24.268 30084 30084 I GoogleInputMethod: onStartInput() : Dummy InputConnection bound
01-17 14:21:24.283 3768 4960 D WindowManager: finishDrawingWindow: Window{3e773e1d0 u0 com.google.android.apps.docs/com.google.android.apps.docs.doclist.activity.DocListActivity} mDrawState=DRAW_PENDING
01-17 14:21:24.288 3768 3888 D KnoxTimeoutHandler: notifyActivityDrawn [MsgParam] userId: 0 fullscreen is true showWhenlocked is false isMutiwindowRecord is false multiwindowstyle is 1
01-17 14:21:24.291 27629 27629 D ViewRootImpl@60c2f4b[DocListActivity]: dispatchDetachedFromWindow
01-17 14:21:24.292 3768 4959 I WindowManager_SurfaceController: Destroying surface Surface(name=com.google.android.apps.docs/com.google.android.apps.docs.doclist.activity.DocListActivity) called by com.android.server.wm.WindowStateAnimator.destroySurface:2840 com.android.server.wm.WindowStateAnimator.destroySurfaceLocked:1070 com.android.server.wm.WindowState.removeLocked:1783 com.android.server.wm.WindowManagerService.removeWindowInnerLocked:2889 com.android.server.wm.WindowManagerService.removeWindowLocked:2829 com.android.server.wm.WindowManagerService.removeWindowLocked:2654 com.android.server.wm.WindowManagerService.removeWindow:2649 com.android.server.wm.Session.remove:218
01-17 14:21:24.293 3197 3202 I SurfaceFlinger: id=10407 Removed EocListActi (5/7)
01-17 14:21:24.293 3197 3202 I SurfaceFlinger: id=10407 Removed EocListActi (-2/7)
01-17 14:21:24.294 3768 4959 D InputDispatcher: Focus left window: 27629
01-17 14:21:24.294 3768 4959 D InputTransport: Input channel destroyed: fd=385
01-17 14:21:24.295 3768 3849 D WindowManager: set systemUiVisibility of statusbar : vis= 0x708
01-17 14:21:24.295 3768 4959 D InputDispatcher: Focus entered window: 27629
01-17 14:21:24.295 27629 27629 D InputTransport: Input channel destroyed: fd=102
01-17 14:21:24.297 27629 27629 E ViewRootImpl: sendUserActionEvent() mView == null
01-17 14:21:24.298 27629 27629 D ViewRootImpl@b6d739a[DocListActivity]: MSG_WINDOW_FOCUS_CHANGED 0
01-17 14:21:24.313 27629 27629 E ViewRootImpl: sendUserActionEvent() mView == null
01-17 14:21:24.313 27629 27629 D ViewRootImpl@b6d739a[DocListActivity]: MSG_WINDOW_FOCUS_CHANGED 1
01-17 14:21:24.315 27629 27629 V InputMethodManager: Starting input: tba=android.view.inputmethod.EditorInfo@7f15079 nm : com.google.android.apps.docs ic=null
01-17 14:21:24.315 27629 27629 I InputMethodManager: [IMM] startInputInner - mService.startInputOrWindowGainedFocus
01-17 14:21:24.315 3768 5642 D InputMethodManagerService: windowGainedFocus mCurrentFocusedUserId - 0 and mSecureKeypadEnabled-false
01-17 14:21:24.316 3768 5642 D InputMethodManagerService: mDesktopModeManager null!
01-17 14:21:24.316 3768 5642 D InputTransport: Input channel constructed: fd=385
01-17 14:21:24.316 3768 5642 D InputTransport: Input channel destroyed: fd=385
01-17 14:21:24.316 27629 27629 D InputTransport: Input channel constructed: fd=101
01-17 14:21:24.316 27629 27629 D InputTransport: Input channel destroyed: fd=87
01-17 14:21:24.316 30084 30084 I GoogleInputMethod: onFinishInput() : Dummy InputConnection bound
01-17 14:21:24.317 30084 30084 I GoogleInputMethod: onStartInput() : Dummy InputConnection bound
01-17 14:21:24.326 3768 3768 D KnoxTimeoutHandler: activityDrawn [MsgParam] userId: 0 fullscreen is true showWhenlocked is false isMutiwindowRecord is false multiwindowstyle is 1
01-17 14:21:24.327 3768 3768 I KnoxTimeoutHandler: SD activityfalse
01-17 14:21:24.327 3768 3768 I KnoxTimeoutHandler: Fullscreen and mCurrent is not KNOX user. Hence hide keyguard
01-17 14:21:24.327 3768 5705 D WindowManager: adjustSystemUiVisibilityLw : vis= 0x708
