01-17 14:21:24.339 3768 3847 D SamsungAlarmManager: setInexact Listener (T:2/F:0/AC:false) 20180117T142134 - CU:1000/CP:3768
01-17 14:21:24.339 3768 3847 I SamsungAlarmManager: setLocked to kernel - T:2 / 20180117T142134, SetElapsed=306904834, nowELAPSED=306894836
01-17 14:21:24.344 3768 4054 D BatteryService: !@BatteryListener : batteryPropertiesChanged!
01-17 14:21:24.344 3768 4054 D BatteryService: level:76, scale:100, status:2, health:2, present:true, voltage: 3992, temperature: 247, technology: Li-ion, AC powered:false, USB powered:true, POGO powered:false, Wireless powered:false, icon:17303682, invalid charger:0, maxChargingCurrent:0, maxChargingVoltage:0, chargeCounter:0
01-17 14:21:24.344 3768 4054 D BatteryService: online:6, current avg:375, charge type:1, power sharing:false, high voltage charger:false, capacity:280000, batterySWSelfDischarging:false, misc_event:0, current_now:-267
01-17 14:21:24.390 3768 3768 D BatteryService: Sending ACTION_BATTERY_CHANGED.
01-17 14:21:24.393 4222 4222 D KeyguardUpdateMonitor: received broadcast android.intent.action.BATTERY_CHANGED
01-17 14:21:24.393 4222 4222 D KeyguardUpdateMonitor: handleBatteryUpdate
01-17 14:21:24.400 4222 4222 D PowerUI : priorPlugType = 2 mPlugType = 2
01-17 14:21:24.401 4222 4222 D PowerUI.Notification: showChargingNotice oldChargingType : 1 currentChargingType : 1 oldChargingTime : 3046000 mChargingTime : 3046000
01-17 14:21:24.402 4222 4222 D PowerUI.Notification: There is no change about charging status, so return!
01-17 14:21:24.402 4158 4158 V HeadsetService: HeadsetService - Received Intent.ACTION_BATTERY_CHANGED
01-17 14:21:24.402 4158 12859 D HeadsetStateMachine: Disconnected process message: 10, size: 0
01-17 14:21:24.407 4222 4222 D BatteryMeterDrawable: isSomethingChanged - false
01-17 14:21:24.407 4222 4222 D BatteryMeterDrawable: isSomethingChanged - false
01-17 14:21:24.407 4222 4222 D CoverUpdateMonitor: received broadcast android.intent.action.BATTERY_CHANGED
01-17 14:21:24.409 3768 3768 V UiModeManager: updateLocked: null action, mDockState=0, category=null
01-17 14:21:24.409 3768 3768 D UiModeManager: updateConfigurationLocked: mDockState=0; mCarMode=false; mNightMode=1; uiMode=17
01-17 14:21:24.409 3768 3768 D GameManagerService: new battery level: 76
01-17 14:21:24.409 3768 3768 D GameManagerService: before send intent to GameIntentService
01-17 14:21:24.412 3768 3768 D GameManagerService: after send intent to GameIntentService. componentName:ComponentInfo{com.enhance.gameservice/com.enhance.gameservice.GameIntentService}
01-17 14:21:24.417 32580 2640 D GOS:GameIntentService: onHandleIntent. begin
01-17 14:21:24.417 32580 2640 D GOS:GameIntentService: onHandleIntent. GameIntentService. type 6
01-17 14:21:24.417 32580 2640 D GOS:GameIntentService: batteryLevel: 76
01-17 14:21:24.417 32580 2640 D GOS:GameIntentService: new deviceStatusLevel: 0
01-17 14:21:24.417 32580 2640 D GOS:GameIntentService: prev deviceStatusLevel: 0
01-17 14:21:24.546 27629 27629 D TextView: setTypeface with style : 0
01-17 14:21:24.549 27629 27629 D TextView: setTypeface with style : 0
01-17 14:21:24.577 27471 27488 D [ACT]:ao: processing priority = NORMAL
01-17 14:21:24.579 27629 27629 D TextView: setTypeface with style : 0
01-17 14:21:24.580 27443 27465 D [ACT]:ao: processing priority = NORMAL
01-17 14:21:24.612 3768 7202 D SSRM:k : SIOP:: AP = 340, PST = 298 (W:6), CP = 248, CUR = 358, LCD = 79
01-17 14:21:24.628 3768 5317 D WindowManager: addWindow: android.view.IWindow$Stub$Proxy@421be19 displayId=0
01-17 14:21:24.629 3768 5317 D InputTransport: Input channel constructed: fd=385
01-17 14:21:24.629 3768 5317 D InputTransport: Input channel constructed: fd=490
01-17 14:21:24.629 3768 3849 D WindowManager: set systemUiVisibility of statusbar : vis= 0x8
01-17 14:21:24.629 3768 5317 D InputDispatcher: Focus left window: 27629
01-17 14:21:24.629 3768 5317 D InputDispatcher: Focus entered window: 27629
01-17 14:21:24.630 3768 5317 D InputTransport: Input channel destroyed: fd=490
01-17 14:21:24.630 27629 27629 D InputTransport: Input channel constructed: fd=102
01-17 14:21:24.630 27629 27629 D ViewRootImpl@f8b723a[DocListActivity]: setView = DecorView@e097eeb[] touchMode=true
01-17 14:21:24.632 3768 3793 V WindowManager: Relayout Window{fe018bfd0 u0 com.google.android.apps.docs/com.google.android.apps.docs.doclist.activity.DocListActivity}: viewVisibility=0 req=228x387 WM.LayoutParams{(0,0)(wrapxwrap) gr=#11 sim=#120 ty=2 fl=#1800000 fmt=-2 wanim=0x1030002 needsMenuKey=2 naviIconColor=0}
01-17 14:21:24.632 3197 3197 I SurfaceFlinger: id=10408 createSurf (1x1),1 flag=4, EocListActi
01-17 14:21:24.637 3768 3847 E SyncManager: Job params not found for 104104
01-17 14:21:24.650 3768 5316 D WindowManager: adjustSystemUiVisibilityLw : vis= 0x8
01-17 14:21:24.650 27629 28149 D mali_winsys: EGLint new_window_surface(egl_winsys_display*, void*, EGLSurface, EGLConfig, egl_winsys_surface**, egl_color_buffer_format*, EGLBoolean) returns 0x3000, [228x387]-format:1
01-17 14:21:24.652 27629 27629 D ViewRootImpl@f8b723a[DocListActivity]: MSG_WINDOW_FOCUS_CHANGED 1
01-17 14:21:24.652 27629 27629 V InputMethodManager: Starting input: tba=android.view.inputmethod.EditorInfo@8aa0e92 nm : com.google.android.apps.docs ic=null
01-17 14:21:24.652 27629 27629 I InputMethodManager: [IMM] startInputInner - mService.startInputOrWindowGainedFocus
01-17 14:21:24.653 3768 5279 D InputMethodManagerService: windowGainedFocus mCurrentFocusedUserId - 0 and mSecureKeypadEnabled-false
01-17 14:21:24.653 3768 5279 D InputMethodManagerService: mDesktopModeManager null!
01-17 14:21:24.653 3768 5279 D InputTransport: Input channel constructed: fd=493
01-17 14:21:24.654 3768 5279 D InputTransport: Input channel destroyed: fd=493
01-17 14:21:24.654 30084 30084 I GoogleInputMethod: onFinishInput() : Dummy InputConnection bound
01-17 14:21:24.654 27629 27629 D InputTransport: Input channel constructed: fd=87
01-17 14:21:24.654 27629 27629 D InputTransport: Input channel destroyed: fd=101
01-17 14:21:24.654 30084 30084 I GoogleInputMethod: onStartInput() : Dummy InputConnection bound
01-17 14:21:24.659 27629 27629 D ViewRootImpl@f8b723a[DocListActivity]: dispatchDetachedFromWindow
01-17 14:21:24.659 3768 7004 I WindowManager_SurfaceController: Destroying surface Surface(name=com.google.android.apps.docs/com.google.android.apps.docs.doclist.activity.DocListActivity) called by com.android.server.wm.WindowStateAnimator.destroySurface:2840 com.android.server.wm.WindowStateAnimator.destroySurfaceLocked:1070 com.android.server.wm.WindowState.removeLocked:1783 com.android.server.wm.WindowManagerService.removeWindowInnerLocked:2889 com.android.server.wm.WindowManagerService.removeWindowLocked:2829 com.android.server.wm.WindowManagerService.removeWindowLocked:2654 com.android.server.wm.WindowManagerService.removeWindow:2649 com.android.server.wm.Session.remove:218
01-17 14:21:24.660 3197 29886 I SurfaceFlinger: id=10408 Removed EocListActi (5/7)
01-17 14:21:24.660 3197 3995 I SurfaceFlinger: id=10408 Removed EocListActi (-2/7)
01-17 14:21:24.661 3768 7004 D InputDispatcher: Focus left window: 27629
01-17 14:21:24.661 3768 7004 D InputTransport: Input channel destroyed: fd=385
01-17 14:21:24.663 3768 3849 D WindowManager: set systemUiVisibility of statusbar : vis= 0x708
01-17 14:21:24.663 3768 7004 D InputDispatcher: Focus entered window: 27629
01-17 14:21:24.664 27629 27629 D InputTransport: Input channel destroyed: fd=102
01-17 14:21:24.665 3768 3888 D KnoxTimeoutHandler: notifyActivityDrawn [MsgParam] userId: 0 fullscreen is true showWhenlocked is false isMutiwindowRecord is false multiwindowstyle is 1
01-17 14:21:24.683 3768 3768 D KnoxTimeoutHandler: activityDrawn [MsgParam] userId: 0 fullscreen is true showWhenlocked is false isMutiwindowRecord is false multiwindowstyle is 1
01-17 14:21:24.683 27629 27629 E ViewRootImpl: sendUserActionEvent() mView == null
01-17 14:21:24.691 3768 5644 D WindowManager: adjustSystemUiVisibilityLw : vis= 0x708
01-17 14:21:24.692 3768 3768 I KnoxTimeoutHandler: SD activityfalse
01-17 14:21:24.692 3768 3768 I KnoxTimeoutHandler: Fullscreen and mCurrent is not KNOX user. Hence hide keyguard
01-17 14:21:24.694 27629 27629 D ViewRootImpl@b6d739a[DocListActivity]: MSG_WINDOW_FOCUS_CHANGED 1
01-17 14:21:24.698 27629 27629 V InputMethodManager: Starting input: tba=android.view.inputmethod.EditorInfo@7c4e063 nm : com.google.android.apps.docs ic=null
01-17 14:21:24.698 27629 27629 I InputMethodManager: [IMM] startInputInner - mService.startInputOrWindowGainedFocus
01-17 14:21:24.699 3768 5324 D InputMethodManagerService: windowGainedFocus mCurrentFocusedUserId - 0 and mSecureKeypadEnabled-false
01-17 14:21:24.700 3768 5324 D InputMethodManagerService: mDesktopModeManager null!
01-17 14:21:24.701 3768 5324 D InputTransport: Input channel constructed: fd=490
01-17 14:21:24.701 3768 5324 D InputTransport: Input channel destroyed: fd=490
01-17 14:21:24.702 27629 27629 D InputTransport: Input channel constructed: fd=102
01-17 14:21:24.702 27629 27629 D InputTransport: Input channel destroyed: fd=87
01-17 14:21:24.702 27629 27629 E ViewRootImpl: sendUserActionEvent() mView == null
01-17 14:21:24.703 30084 30084 I GoogleInputMethod: onFinishInput() : Dummy InputConnection bound
01-17 14:21:24.704 30084 30084 I GoogleInputMethod: onStartInput() : Dummy InputConnection bound
01-17 14:21:24.717 3768 3779 I art : Background sticky concurrent mark sweep GC freed 71889(6MB) AllocSpace objects, 17(1484KB) LOS objects, 5% free, 78MB/82MB, paused 6.679ms total 64.582ms
01-17 14:21:24.735 4947 4947 D io_stats: !@ 8,0 r 8592899 393046152 w 3678163 76451560 d 367693 41383412 f 1097762 1096573 iot 8359310 7422122 th 296320 0 0 pt 0 inp 0 1 126524.002
01-17 14:21:24.785 3768 3847 I SamsungAlarmManager: setLocked to kernel - T:2 / 20180117T142406, SetElapsed=307057135, nowELAPSED=306895283
01-17 14:21:24.785 3768 3847 D SamsungAlarmManager: setExact Listener (T:2/F:0/AC:false) 20180117T142134 - CU:1000/CP:3768
01-17 14:21:24.785 3768 3847 I SamsungAlarmManager: setLocked to kernel - T:2 / 20180117T142134, SetElapsed=306904834, nowELAPSED=306895283
01-17 14:21:24.788 3768 3847 D SamsungAlarmManager: setInexact Listener (T:2/F:0/AC:false) 20180117T143955 - CU:1000/CP:3768
01-17 14:21:24.827 3768 3779 I art : Background sticky concurrent mark sweep GC freed 61676(5MB) AllocSpace objects, 14(2MB) LOS objects, 6% free, 77MB/82MB, paused 5.962ms total 54.942ms
01-17 14:21:24.872 3768 3847 I SamsungAlarmManager: setLocked to kernel - T:2 / 20180117T142406, SetElapsed=307057135, nowELAPSED=306895370
01-17 14:21:24.872 3768 3847 D SamsungAlarmManager: setExact Listener (T:2/F:0/AC:false) 20180117T142134 - CU:1000/CP:3768
01-17 14:21:24.872 3768 3847 I SamsungAlarmManager: setLocked to kernel - T:2 / 20180117T142134, SetElapsed=306904908, nowELAPSED=306895370
01-17 14:21:24.875 3768 3847 D SamsungAlarmManager: setInexact Listener (T:2/F:0/AC:false) 20180117T143955 - CU:1000/CP:3768
01-17 14:21:24.930 3768 3768 D CustomFrequencyManagerService: releaseDVFSLockLocked : Getting Lock type frm List : DVFS_MIN_LIMIT frequency : 728000 uid : 1000 pid : 3768 tag : GESTURE_DETECTED@CPU_MIN@36
01-17 14:21:24.971 3768 3847 I SamsungAlarmManager: setLocked to kernel - T:2 / 20180117T142406, SetElapsed=307057135, nowELAPSED=306895469
01-17 14:21:24.972 3768 3847 D SamsungAlarmManager: setExact Listener (T:2/F:0/AC:false) 20180117T142134 - CU:1000/CP:3768
01-17 14:21:24.972 3768 3847 I SamsungAlarmManager: setLocked to kernel - T:2 / 20180117T142134, SetElapsed=306904969, nowELAPSED=306895470
01-17 14:21:24.979 3768 3847 D SamsungAlarmManager: setInexact Listener (T:2/F:0/AC:false) 20180117T143955 - CU:1000/CP:3768
01-17 14:21:25.049 3768 3993 D InputReader: Input event(4): value=1 when=126524316169000
01-17 14:21:25.049 3768 3993 D InputReader: Input event(4): value=1 when=126524316169000
01-17 14:21:25.049 3768 3993 I InputReader: Touch event's action is 0x0 (deviceType=0) [pCnt=1, s=0.39033 ] when=126524316169000
01-17 14:21:25.049 3768 3993 D InputReader: lastThreadEndTime = 126522624084405, currentThreadStartTime = 126522624088867, diff = 0
01-17 14:21:25.050 3768 3992 I InputDispatcher: Delivering touch to (4222): action: 0x4, toolType: 1
01-17 14:21:25.055 3768 3992 I InputDispatcher: Delivering touch to (27629): action: 0x0, toolType: 1
01-17 14:21:25.055 27629 27629 D ViewRootImpl@b6d739a[DocListActivity]: ViewPostImeInputStage processPointer 0
01-17 14:21:25.062 3768 3847 I SamsungAlarmManager: setLocked to kernel - T:2 / 20180117T142406, SetElapsed=307057135, nowELAPSED=306895560
01-17 14:21:25.062 3768 3847 D SamsungAlarmManager: setExact Listener (T:2/F:0/AC:false) 20180117T142134 - CU:1000/CP:3768
01-17 14:21:25.062 3768 3847 I SamsungAlarmManager: setLocked to kernel - T:2 / 20180117T142134, SetElapsed=306905060, nowELAPSED=306895560
01-17 14:21:25.064 3768 3847 D SamsungAlarmManager: setInexact Listener (T:2/F:0/AC:false) 20180117T143955 - CU:1000/CP:3768
01-17 14:21:25.109 27629 27629 D InputMethodManager: HSI from window - flag : 0 Pid : 27629
01-17 14:21:25.110 3768 7202 D CustomFrequencyManagerService: acquireDVFSLockLocked : type : DVFS_MIN_LIMIT frequency : 728000 uid : 1000 pid : 3768 pkgName : LISTVIEW_SCROLL@CPU_MIN@43
01-17 14:21:25.110 3768 5324 D InputMethodManagerService: mDesktopModeManager null!
01-17 14:21:25.138 3768 3847 I SamsungAlarmManager: setLocked to kernel - T:2 / 20180117T142406, SetElapsed=307057135, nowELAPSED=306895636
01-17 14:21:25.138 3768 3847 D SamsungAlarmManager: setInexact Listener (T:2/F:0/AC:false) 20180117T142428 - CU:1000/CP:3768
01-17 14:21:25.140 3768 3847 D SamsungAlarmManager: setInexact Listener (T:2/F:0/AC:false) 20180117T143955 - CU:1000/CP:3768
01-17 14:21:25.165 3768 3993 D InputReader: Input event(4): value=0 when=126524432530000
01-17 14:21:25.165 3768 3993 D InputReader: Input event(4): value=0 when=126524432530000
01-17 14:21:25.165 3768 3993 I InputReader: Touch event's action is 0x1 (deviceType=0) [pCnt=1, s=] when=126524432530000
01-17 14:21:25.166 3768 3992 I InputDispatcher: Delivering touch to (27629): action: 0x1, toolType: 1
01-17 14:21:25.166 27629 2642 W SyncManagerImpl: Initiating sync for AccountId c83413e1 (com.google.android.apps.docs)
01-17 14:21:25.167 27629 27629 D ViewRootImpl@b6d739a[DocListActivity]: ViewPostImeInputStage processPointer 1
01-17 14:21:25.168 3768 7202 D CustomFrequencyManagerService: acquireDVFSLockLocked : type : DVFS_MIN_LIMIT frequency : 728000 uid : 1000 pid : 3768 pkgName : GESTURE_DETECTED@CPU_MIN@36
01-17 14:21:25.168 3768 7202 D CustomFrequencyManagerService: acquireDVFSLockLocked : type : DVFS_MIN_LIMIT frequency : 1144000 uid : 1000 pid : 3768 pkgName : SMOOTH_SCROLL@CPU_MIN@38
01-17 14:21:25.185 27629 2642 W SyncManagerImpl: Started sync for AccountId c83413e1
01-17 14:21:25.186 3768 4054 I ActivityManager: KPU : put [com.samsung.android.fingerprint.service] : 3688 K
01-17 14:21:25.186 3768 4054 I ActivityManager: Killing 22493:com.samsung.android.fingerprint.service/1000 (adj 906): DHA:SPC_empty #33
01-17 14:21:25.194 27629 2642 W Flag : Duration spec must be at least 2 characters long:
01-17 14:21:25.198 3768 5280 D DevicePolicyManagerService: PfW getPlayForWorkProxy() 0
01-17 14:21:25.199 3768 5280 D DevicePolicyManagerService: PfW getPlayForWorkProxy() flags & FLAG_ALLOW_PROXY_FOR_PFW 0
01-17 14:21:25.199 3768 5280 D DevicePolicyManagerService: PfW getPlayForWorkProxy() flag 0 does not allow PfW
01-17 14:21:25.203 3768 4959 D DevicePolicyManagerService: PfW getPlayForWorkProxy() 0
01-17 14:21:25.204 3768 4959 D DevicePolicyManagerService: PfW getPlayForWorkProxy() flags & FLAG_ALLOW_PROXY_FOR_PFW 0
01-17 14:21:25.204 3768 4959 D DevicePolicyManagerService: PfW getPlayForWorkProxy() flag 0 does not allow PfW
01-17 14:21:25.208 27629 27629 D AbsListView: viewType is heaer or footer
01-17 14:21:25.208 27629 27629 D AbsListView: viewType is heaer or footer
01-17 14:21:25.210 27629 27629 D AbsListView: viewType is heaer or footer
01-17 14:21:25.210 27629 27629 D AbsListView: viewType is heaer or footer
01-17 14:21:25.211 3768 5649 D DevicePolicyManagerService: PfW getPlayForWorkProxy() 0
01-17 14:21:25.212 3196 3196 I ServiceManager: service 'fingerprint_service' died
01-17 14:21:25.212 3768 4050 D ActivityManager: cleanUpApplicationRecord -- 22493
01-17 14:21:25.212 3768 4050 W ActivityManager: Scheduling restart of crashed service com.samsung.android.fingerprint.service/.FingerprintServiceStarter in 1000ms
01-17 14:21:25.213 5248 411 D ForegroundUtils: could not check pending caller
01-17 14:21:25.214 3768 5649 D DevicePolicyManagerService: PfW getPlayForWorkProxy() flags & FLAG_ALLOW_PROXY_FOR_PFW 0
01-17 14:21:25.214 3768 5649 D DevicePolicyManagerService: PfW getPlayForWorkProxy() flag 0 does not allow PfW
01-17 14:21:25.226 27629 27629 D AbsListView: viewType is heaer or footer
01-17 14:21:25.226 27629 27629 D AbsListView: viewType is heaer or footer
01-17 14:21:25.229 3768 5642 D DevicePolicyManagerService: PfW getPlayForWorkProxy() 0
01-17 14:21:25.232 3768 5642 D DevicePolicyManagerService: PfW getPlayForWorkProxy() flags & FLAG_ALLOW_PROXY_FOR_PFW 0
01-17 14:21:25.232 3768 5642 D DevicePolicyManagerService: PfW getPlayForWorkProxy() flag 0 does not allow PfW
01-17 14:21:25.241 3768 3793 D DevicePolicyManagerService: PfW getPlayForWorkProxy() 0
01-17 14:21:25.242 3768 3793 D DevicePolicyManagerService: PfW getPlayForWorkProxy() flags & FLAG_ALLOW_PROXY_FOR_PFW 0
01-17 14:21:25.242 3768 3793 D DevicePolicyManagerService: PfW getPlayForWorkProxy() flag 0 does not allow PfW
01-17 14:21:25.245 27629 27629 D AbsListView: viewType is heaer or footer
01-17 14:21:25.245 27629 27629 D AbsListView: viewType is heaer or footer
01-17 14:21:25.249 3768 5643 D DevicePolicyManagerService: PfW getPlayForWorkProxy() 0
01-17 14:21:25.250 3768 5643 D DevicePolicyManagerService: PfW getPlayForWorkProxy() flags & FLAG_ALLOW_PROXY_FOR_PFW 0
01-17 14:21:25.250 3768 5643 D DevicePolicyManagerService: PfW getPlayForWorkProxy() flag 0 does not allow PfW
01-17 14:21:25.280 27629 2642 W ktx : Application name is not set. Call Builder#setApplicationName.
01-17 14:21:25.306 3768 3847 D SamsungAlarmManager: setExact Listener (T:2/F:0/AC:false) 20180117T142135 - CU:1000/CP:3768
01-17 14:21:25.306 3768 3847 I SamsungAlarmManager: setLocked to kernel - T:2 / 20180117T142135, SetElapsed=306905729, nowELAPSED=306895804
01-17 14:21:25.408 3768 7202 D CustomFrequencyManagerService: releaseDVFSLockLocked : Getting Lock type frm List : DVFS_MIN_LIMIT frequency : 1144000 uid : 1000 pid : 3768 tag : SMOOTH_SCROLL@CPU_MIN@38
01-17 14:21:25.425 3768 7202 D CustomFrequencyManagerService: releaseDVFSLockLocked : Getting Lock type frm List : DVFS_MIN_LIMIT frequency : 728000 uid : 1000 pid : 3768 tag : LISTVIEW_SCROLL@CPU_MIN@43
01-17 14:21:25.620 3768 3779 I art : Background partial concurrent mark sweep GC freed 212745(21MB) AllocSpace objects, 67(15MB) LOS objects, 18% free, 70MB/86MB, paused 1.956ms total 215.412ms
01-17 14:21:25.674 3768 3847 I SamsungAlarmManager: setLocked to kernel - T:2 / 20180117T142406, SetElapsed=307057135, nowELAPSED=306896172
01-17 14:21:25.674 3768 3847 D SamsungAlarmManager: setExact Listener (T:2/F:0/AC:false) 20180117T142135 - CU:1000/CP:3768
01-17 14:21:25.674 3768 3847 I SamsungAlarmManager: setLocked to kernel - T:2 / 20180117T142135, SetElapsed=306905879, nowELAPSED=306896172
01-17 14:21:25.676 3768 3847 D SamsungAlarmManager: setInexact Listener (T:2/F:0/AC:false) 20180117T143955 - CU:1000/CP:3768
01-17 14:21:25.728 3768 3847 I SamsungAlarmManager: setLocked to kernel - T:2 / 20180117T142406, SetElapsed=307057135, nowELAPSED=306896226
01-17 14:21:25.728 3768 3847 D SamsungAlarmManager: setExact Listener (T:2/F:0/AC:false) 20180117T142135 - CU:1000/CP:3768
01-17 14:21:25.728 3768 3847 I SamsungAlarmManager: setLocked to kernel - T:2 / 20180117T142135, SetElapsed=306906038, nowELAPSED=306896226
01-17 14:21:25.730 3768 3847 D SamsungAlarmManager: setInexact Listener (T:2/F:0/AC:false) 20180117T143955 - CU:1000/CP:3768
01-17 14:21:25.736 27629 28193 W ktx : Application name is not set. Call Builder#setApplicationName.
01-17 14:21:25.774 27629 27629 D AbsListView: viewType is heaer or footer
01-17 14:21:25.774 27629 27629 D AbsListView: viewType is heaer or footer
01-17 14:21:25.793 3768 4072 D ConnectivityService: updateCapabilities: oldCap = [ Transports: WIFI Capabilities: NOT_METERED&INTERNET&NOT_RESTRICTED&TRUSTED&NOT_VPN&VALIDATED LinkUpBandwidth>=1048576Kbps LinkDnBandwidth>=1048576Kbps SignalStrength: -67], newCap = [ Transports: WIFI Capabilities: NOT_METERED&INTERNET&NOT_RESTRICTED&TRUSTED&NOT_VPN LinkUpBandwidth>=1048576Kbps LinkDnBandwidth>=1048576Kbps SignalStrength: -63]
01-17 14:21:25.793 3768 4072 D ConnectivityService: rematching NetworkAgentInfo [WIFI () - 551]
01-17 14:21:25.793 3768 4072 D ConnectivityService: network has: [ Transports: WIFI Capabilities: NOT_METERED&INTERNET&NOT_RESTRICTED&TRUSTED&NOT_VPN&VALIDATED LinkUpBandwidth>=1048576Kbps LinkDnBandwidth>=1048576Kbps SignalStrength: -63]
01-17 14:21:25.794 3768 4072 D ConnectivityService: checking if request is satisfied: NetworkRequest [ id=926, legacyType=-1, [ Capabilities: INTERNET&NOT_RESTRICTED&TRUSTED] ]
01-17 14:21:25.794 3768 4072 D ConnectivityService: checking if request is satisfied: NetworkRequest [ id=627, legacyType=-1, [ Capabilities: INTERNET&NOT_RESTRICTED&TRUSTED] ]
01-17 14:21:25.794 3768 4072 D ConnectivityService: checking if request is satisfied: NetworkRequest [ id=64, legacyType=-1, [ Capabilities: INTERNET&NOT_RESTRICTED&TRUSTED] ]
01-17 14:21:25.794 3768 4072 D ConnectivityService: checking if request is satisfied: NetworkRequest [ id=8, legacyType=-1, [ Transports: WIFI Capabilities: INTERNET&NOT_RESTRICTED&TRUSTED&NOT_VPN] ]
01-17 14:21:25.795 3768 4072 D ConnectivityService: checking if request is satisfied: NetworkRequest [ id=63, legacyType=-1, [ Capabilities: INTERNET&NOT_RESTRICTED&TRUSTED] ]
01-17 14:21:25.795 3768 4072 D ConnectivityService: Network NetworkAgentInfo [WIFI () - 551] was already satisfying request 1. No change.
01-17 14:21:25.796 3768 4072 D ConnectivityService: checking if request is satisfied: NetworkRequest [ id=1252, legacyType=-1, [ Capabilities: INTERNET&NOT_RESTRICTED&TRUSTED] ]
01-17 14:21:25.796 3768 4072 D ConnectivityService: checking if request is satisfied: NetworkRequest [ id=3, legacyType=-1, [] ]
01-17 14:21:25.797 3768 4072 D ConnectivityService: checking if request is satisfied: NetworkRequest [ id=903, legacyType=-1, [ Transports: CELLULAR Capabilities: IMS&TRUSTED&NOT_VPN] ]
01-17 14:21:25.797 3768 4072 D ConnectivityService: checking if request is satisfied: NetworkRequest [ id=5, legacyType=-1, [] ]
01-17 14:21:25.797 3768 4072 D ConnectivityService: checking if request is satisfied: NetworkRequest [ id=628, legacyType=-1, [ Capabilities: INTERNET&NOT_RESTRICTED&TRUSTED] ]
01-17 14:21:25.797 3768 4072 D ConnectivityService: checking if request is satisfied: NetworkRequest [ id=4, legacyType=-1, [ Transports: WIFI Capabilities: INTERNET&NOT_RESTRICTED&TRUSTED&NOT_VPN] ]
01-17 14:21:25.798 3768 4072 D ConnectivityService: checking if request is satisfied: NetworkRequest [ id=9, legacyType=-1, [ Transports: CELLULAR|WIFI Capabilities: NOT_RESTRICTED&TRUSTED&NOT_VPN] ]
01-17 14:21:25.798 3768 4072 D ConnectivityService: checking if request is satisfied: NetworkRequest [ id=787, legacyType=-1, [ Capabilities: INTERNET&NOT_RESTRICTED&TRUSTED] ]
01-17 14:21:25.798 3768 4072 D ConnectivityService: checking if request is satisfied: NetworkRequest [ id=19, legacyType=-1, [ Capabilities: INTERNET&NOT_RESTRICTED&TRUSTED] ]
01-17 14:21:25.798 3768 4072 D ConnectivityService: checking if request is satisfied: NetworkRequest [ id=1250, legacyType=-1, [ Capabilities: INTERNET&NOT_RESTRICTED&TRUSTED] ]
01-17 14:21:25.799 3768 4072 D ConnectivityService: checking if request is satisfied: NetworkRequest [ id=7, legacyType=-1, [ Transports: CELLULAR Capabilities: INTERNET&NOT_RESTRICTED&TRUSTED&NOT_VPN] ]
01-17 14:21:25.799 3768 4072 D ConnectivityService: checking if request is satisfied: NetworkRequest [ id=1210, legacyType=-1, [ Transports: WIFI Capabilities: INTERNET&NOT_RESTRICTED&TRUSTED&NOT_VPN] ]
01-17 14:21:25.799 3768 4072 D ConnectivityService: checking if request is satisfied: NetworkRequest [ id=6, legacyType=-1, [ Transports: WIFI Capabilities: INTERNET&NOT_RESTRICTED&TRUSTED&NOT_VPN] ]
01-17 14:21:25.799 3768 4072 D ConnectivityService: checking if request is satisfied: NetworkRequest [ id=1262, legacyType=-1, [ Capabilities: INTERNET&NOT_RESTRICTED&TRUSTED] ]
01-17 14:21:25.799 3768 4072 D ConnectivityService: checking if request is satisfied: NetworkRequest [ id=639, legacyType=-1, [ Capabilities: INTERNET&NOT_RESTRICTED&TRUSTED&NOT_VPN] ]
01-17 14:21:25.799 3768 4072 D ConnectivityService: checking if request is satisfied: NetworkRequest [ id=1271, legacyType=-1, [ Capabilities: INTERNET&NOT_RESTRICTED&TRUSTED] ]
01-17 14:21:25.799 4222 4499 D NetworkController: onReceive: intent=Intent { act=android.net.wifi.RSSI_CHANGED flg=0x4000010 launchParam=MultiScreenLaunchParams { mDisplayId=0 mFlags=0 } bqHint=1 (has extras) }
01-17 14:21:25.799 3768 4072 D ConnectivityService: checking if request is satisfied: NetworkRequest [ id=12, legacyType=-1, [ Transports: WIFI Capabilities: INTERNET&NOT_RESTRICTED&TRUSTED&NOT_VPN] ]
01-17 14:21:25.799 3768 4072 D ConnectivityService: checking if request is satisfied: NetworkRequest [ id=1261, legacyType=-1, [ Capabilities: INTERNET&NOT_RESTRICTED&TRUSTED] ]
01-17 14:21:25.799 3768 4072 D ConnectivityService: checking if request is satisfied: NetworkRequest [ id=1272, legacyType=-1, [ Capabilities: INTERNET&NOT_RESTRICTED&TRUSTED] ]
01-17 14:21:25.799 3768 4072 D ConnectivityService: rematching NetworkAgentInfo [MOBILE (LTE) - 539]
01-17 14:21:25.800 27629 2642 W SyncManagerImpl: Sync for AccountId c83413e1 took 548 ms
01-17 14:21:25.800 3768 4072 D ConnectivityService: network has: [ Transports: CELLULAR Capabilities: IMS&NOT_METERED&NOT_RESTRICTED&TRUSTED&NOT_VPN&VALIDATED LinkUpBandwidth>=51200Kbps LinkDnBandwidth>=102400Kbps Specifier: <1>]
01-17 14:21:25.800 3768 4072 D ConnectivityService: checking if request is satisfied: NetworkRequest [ id=926, legacyType=-1, [ Capabilities: INTERNET&NOT_RESTRICTED&TRUSTED] ]
01-17 14:21:25.800 3768 4072 D ConnectivityService: checking if request is satisfied: NetworkRequest [ id=627, legacyType=-1, [ Capabilities: INTERNET&NOT_RESTRICTED&TRUSTED] ]
01-17 14:21:25.800 3768 4072 D ConnectivityService: checking if request is satisfied: NetworkRequest [ id=64, legacyType=-1, [ Capabilities: INTERNET&NOT_RESTRICTED&TRUSTED] ]
01-17 14:21:25.800 3768 4072 D ConnectivityService: checking if request is satisfied: NetworkRequest [ id=8, legacyType=-1, [ Transports: WIFI Capabilities: INTERNET&NOT_RESTRICTED&TRUSTED&NOT_VPN] ]
01-17 14:21:25.800 3768 4072 D ConnectivityService: checking if request is satisfied: NetworkRequest [ id=63, legacyType=-1, [ Capabilities: INTERNET&NOT_RESTRICTED&TRUSTED] ]
01-17 14:21:25.800 3768 4072 D ConnectivityService: checking if request is satisfied: NetworkRequest [ id=1, legacyType=-1, [ Capabilities: INTERNET&NOT_RESTRICTED&TRUSTED&NOT_VPN] ]
01-17 14:21:25.800 3768 4072 D ConnectivityService: checking if request is satisfied: NetworkRequest [ id=1252, legacyType=-1, [ Capabilities: INTERNET&NOT_RESTRICTED&TRUSTED] ]
01-17 14:21:25.801 3768 4072 D ConnectivityService: checking if request is satisfied: NetworkRequest [ id=3, legacyType=-1, [] ]
01-17 14:21:25.801 3768 4072 D ConnectivityService: Network NetworkAgentInfo [MOBILE (LTE) - 539] was already satisfying request 903. No change.
01-17 14:21:25.801 3768 4072 D ConnectivityService: checking if request is satisfied: NetworkRequest [ id=5, legacyType=-1, [] ]
01-17 14:21:25.801 3768 4072 D ConnectivityService: checking if request is satisfied: NetworkRequest [ id=628, legacyType=-1, [ Capabilities: INTERNET&NOT_RESTRICTED&TRUSTED] ]
01-17 14:21:25.801 3768 4072 D ConnectivityService: checking if request is satisfied: NetworkRequest [ id=4, legacyType=-1, [ Transports: WIFI Capabilities: INTERNET&NOT_RESTRICTED&TRUSTED&NOT_VPN] ]
01-17 14:21:25.801 3768 4072 D ConnectivityService: checking if request is satisfied: NetworkRequest [ id=9, legacyType=-1, [ Transports: CELLULAR|WIFI Capabilities: NOT_RESTRICTED&TRUSTED&NOT_VPN] ]
01-17 14:21:25.801 3768 4072 D ConnectivityService: checking if request is satisfied: NetworkRequest [ id=787, legacyType=-1, [ Capabilities: INTERNET&NOT_RESTRICTED&TRUSTED] ]
01-17 14:21:25.802 3768 4072 D ConnectivityService: checking if request is satisfied: NetworkRequest [ id=19, legacyType=-1, [ Capabilities: INTERNET&NOT_RESTRICTED&TRUSTED] ]
01-17 14:21:25.802 3768 4072 D ConnectivityService: checking if request is satisfied: NetworkRequest [ id=1250, legacyType=-1, [ Capabilities: INTERNET&NOT_RESTRICTED&TRUSTED] ]
01-17 14:21:25.802 3768 4072 D ConnectivityService: checking if request is satisfied: NetworkRequest [ id=7, legacyType=-1, [ Transports: CELLULAR Capabilities: INTERNET&NOT_RESTRICTED&TRUSTED&NOT_VPN] ]
01-17 14:21:25.802 3768 4072 D ConnectivityService: checking if request is satisfied: NetworkRequest [ id=1210, legacyType=-1, [ Transports: WIFI Capabilities: INTERNET&NOT_RESTRICTED&TRUSTED&NOT_VPN] ]
01-17 14:21:25.802 3768 4072 D ConnectivityService: checking if request is satisfied: NetworkRequest [ id=6, legacyType=-1, [ Transports: WIFI Capabilities: INTERNET&NOT_RESTRICTED&TRUSTED&NOT_VPN] ]
01-17 14:21:25.802 3768 4072 D ConnectivityService: checking if request is satisfied: NetworkRequest [ id=1262, legacyType=-1, [ Capabilities: INTERNET&NOT_RESTRICTED&TRUSTED] ]
01-17 14:21:25.803 3768 4072 D ConnectivityService: checking if request is satisfied: NetworkRequest [ id=639, legacyType=-1, [ Capabilities: INTERNET&NOT_RESTRICTED&TRUSTED&NOT_VPN] ]
01-17 14:21:25.803 3768 4072 D ConnectivityService: checking if request is satisfied: NetworkRequest [ id=1271, legacyType=-1, [ Capabilities: INTERNET&NOT_RESTRICTED&TRUSTED] ]
01-17 14:21:25.803 3768 4072 D ConnectivityService: checking if request is satisfied: NetworkRequest [ id=12, legacyType=-1, [ Transports: WIFI Capabilities: INTERNET&NOT_RESTRICTED&TRUSTED&NOT_VPN] ]
01-17 14:21:25.804 3768 4072 D ConnectivityService: checking if request is satisfied: NetworkRequest [ id=1261, legacyType=-1, [ Capabilities: INTERNET&NOT_RESTRICTED&TRUSTED] ]
01-17 14:21:25.804 3768 4072 D ConnectivityService: checking if request is satisfied: NetworkRequest [ id=1272, legacyType=-1, [ Capabilities: INTERNET&NOT_RESTRICTED&TRUSTED] ]
01-17 14:21:25.804 3768 4072 D ConnectivityService: notifyType CAP_CHANGED for NetworkAgentInfo [WIFI () - 551]
01-17 14:21:25.804 3768 4072 D ConnectivityService: sending notification for NetworkRequest [ id=1, legacyType=-1, [ Capabilities: INTERNET&NOT_RESTRICTED&TRUSTED&NOT_VPN] ]
01-17 14:21:25.804 3768 4072 D ConnectivityService: sending notification for NetworkRequest [ id=3, legacyType=-1, [] ]
01-17 14:21:25.805 3768 4072 D ConnectivityService: sending notification CAP_CHANGED for NetworkRequest [ id=3, legacyType=-1, [] ]
01-17 14:21:25.805 3768 4072 D ConnectivityService: sending notification for NetworkRequest [ id=4, legacyType=-1, [ Transports: WIFI Capabilities: INTERNET&NOT_RESTRICTED&TRUSTED&NOT_VPN] ]
01-17 14:21:25.805 3768 4072 D ConnectivityService: sending notification CAP_CHANGED for NetworkRequest [ id=4, legacyType=-1, [ Transports: WIFI Capabilities: INTERNET&NOT_RESTRICTED&TRUSTED&NOT_VPN] ]
01-17 14:21:25.805 3768 4072 D ConnectivityService: sending notification for NetworkRequest [ id=5, legacyType=-1, [] ]
01-17 14:21:25.805 3768 4072 D ConnectivityService: sending notification CAP_CHANGED for NetworkRequest [ id=5, legacyType=-1, [] ]
01-17 14:21:25.805 3768 4072 D ConnectivityService: sending notification for NetworkRequest [ id=6, legacyType=-1, [ Transports: WIFI Capabilities: INTERNET&NOT_RESTRICTED&TRUSTED&NOT_VPN] ]
01-17 14:21:25.805 3768 4072 D ConnectivityService: sending notification CAP_CHANGED for NetworkRequest [ id=6, legacyType=-1, [ Transports: WIFI Capabilities: INTERNET&NOT_RESTRICTED&TRUSTED&NOT_VPN] ]
01-17 14:21:25.805 3768 4072 D ConnectivityService: sending notification for NetworkRequest [ id=8, legacyType=-1, [ Transports: WIFI Capabilities: INTERNET&NOT_RESTRICTED&TRUSTED&NOT_VPN] ]
01-17 14:21:25.805 3768 4072 D ConnectivityService: sending notification CAP_CHANGED for NetworkRequest [ id=8, legacyType=-1, [ Transports: WIFI Capabilities: INTERNET&NOT_RESTRICTED&TRUSTED&NOT_VPN] ]
01-17 14:21:25.805 3768 4072 D ConnectivityService: sending notification for NetworkRequest [ id=9, legacyType=-1, [ Transports: CELLULAR|WIFI Capabilities: NOT_RESTRICTED&TRUSTED&NOT_VPN] ]
01-17 14:21:25.805 3768 4072 D ConnectivityService: sending notification CAP_CHANGED for NetworkRequest [ id=9, legacyType=-1, [ Transports: CELLULAR|WIFI Capabilities: NOT_RESTRICTED&TRUSTED&NOT_VPN] ]
01-17 14:21:25.805 3768 4072 D ConnectivityService: sending notification for NetworkRequest [ id=12, legacyType=-1, [ Transports: WIFI Capabilities: INTERNET&NOT_RESTRICTED&TRUSTED&NOT_VPN] ]
01-17 14:21:25.805 3768 4072 D ConnectivityService: sending notification CAP_CHANGED for NetworkRequest [ id=12, legacyType=-1, [ Transports: WIFI Capabilities: INTERNET&NOT_RESTRICTED&TRUSTED&NOT_VPN] ]
01-17 14:21:25.806 3768 4072 D ConnectivityService: sending notification for NetworkRequest [ id=19, legacyType=-1, [ Capabilities: INTERNET&NOT_RESTRICTED&TRUSTED] ]
01-17 14:21:25.806 3768 4072 D ConnectivityService: sending notification CAP_CHANGED for NetworkRequest [ id=19, legacyType=-1, [ Capabilities: INTERNET&NOT_RESTRICTED&TRUSTED] ]
01-17 14:21:25.806 3768 4072 D ConnectivityService: sending notification for NetworkRequest [ id=63, legacyType=-1, [ Capabilities: INTERNET&NOT_RESTRICTED&TRUSTED] ]
01-17 14:21:25.806 3768 4072 D ConnectivityService: sending notification CAP_CHANGED for NetworkRequest [ id=63, legacyType=-1, [ Capabilities: INTERNET&NOT_RESTRICTED&TRUSTED] ]
01-17 14:21:25.806 3768 4072 D ConnectivityService: sending notification for NetworkRequest [ id=64, legacyType=-1, [ Capabilities: INTERNET&NOT_RESTRICTED&TRUSTED] ]
01-17 14:21:25.806 3768 4072 D ConnectivityService: sending notification CAP_CHANGED for NetworkRequest [ id=64, legacyType=-1, [ Capabilities: INTERNET&NOT_RESTRICTED&TRUSTED] ]
01-17 14:21:25.806 3768 4072 D ConnectivityService: sending notification for NetworkRequest [ id=627, legacyType=-1, [ Capabilities: INTERNET&NOT_RESTRICTED&TRUSTED] ]
01-17 14:21:25.807 3768 4072 D ConnectivityService: sending notification CAP_CHANGED for NetworkRequest [ id=627, legacyType=-1, [ Capabilities: INTERNET&NOT_RESTRICTED&TRUSTED] ]
01-17 14:21:25.807 3768 4072 D ConnectivityService: sending notification for NetworkRequest [ id=628, legacyType=-1, [ Capabilities: INTERNET&NOT_RESTRICTED&TRUSTED] ]
01-17 14:21:25.807 3768 4072 D ConnectivityService: sending notification CAP_CHANGED for NetworkRequest [ id=628, legacyType=-1, [ Capabilities: INTERNET&NOT_RESTRICTED&TRUSTED] ]
01-17 14:21:25.807 3768 4072 D ConnectivityService: sending notification for NetworkRequest [ id=639, legacyType=-1, [ Capabilities: INTERNET&NOT_RESTRICTED&TRUSTED&NOT_VPN] ]
01-17 14:21:25.808 3768 4072 D ConnectivityService: sending notification CAP_CHANGED for NetworkRequest [ id=639, legacyType=-1, [ Capabilities: INTERNET&NOT_RESTRICTED&TRUSTED&NOT_VPN] ]
01-17 14:21:25.808 3768 4072 D ConnectivityService: sending notification for NetworkRequest [ id=787, legacyType=-1, [ Capabilities: INTERNET&NOT_RESTRICTED&TRUSTED] ]
01-17 14:21:25.808 3768 4072 D ConnectivityService: sending notification CAP_CHANGED for NetworkRequest [ id=787, legacyType=-1, [ Capabilities: INTERNET&NOT_RESTRICTED&TRUSTED] ]
01-17 14:21:25.808 3768 4072 D ConnectivityService: sending notification for NetworkRequest [ id=926, legacyType=-1, [ Capabilities: INTERNET&NOT_RESTRICTED&TRUSTED] ]
01-17 14:21:25.808 3768 4072 D ConnectivityService: sending notification CAP_CHANGED for NetworkRequest [ id=926, legacyType=-1, [ Capabilities: INTERNET&NOT_RESTRICTED&TRUSTED] ]
01-17 14:21:25.808 3768 4072 D ConnectivityService: sending notification for NetworkRequest [ id=1210, legacyType=-1, [ Transports: WIFI Capabilities: INTERNET&NOT_RESTRICTED&TRUSTED&NOT_VPN] ]
01-17 14:21:25.808 3768 4072 D ConnectivityService: sending notification CAP_CHANGED for NetworkRequest [ id=1210, legacyType=-1, [ Transports: WIFI Capabilities: INTERNET&NOT_RESTRICTED&TRUSTED&NOT_VPN] ]
01-17 14:21:25.808 3768 4072 D ConnectivityService: sending notification for NetworkRequest [ id=1250, legacyType=-1, [ Capabilities: INTERNET&NOT_RESTRICTED&TRUSTED] ]
01-17 14:21:25.808 3768 4072 D ConnectivityService: sending notification CAP_CHANGED for NetworkRequest [ id=1250, legacyType=-1, [ Capabilities: INTERNET&NOT_RESTRICTED&TRUSTED] ]
01-17 14:21:25.808 27629 2642 W SyncManagerImpl: Sync completed for AccountId c83413e1 (com.google.android.apps.docs)
01-17 14:21:25.808 3768 4072 D ConnectivityService: sending notification for NetworkRequest [ id=1252, legacyType=-1, [ Capabilities: INTERNET&NOT_RESTRICTED&TRUSTED] ]
01-17 14:21:25.809 3768 4072 D ConnectivityService: sending notification CAP_CHANGED for NetworkRequest [ id=1252, legacyType=-1, [ Capabilities: INTERNET&NOT_RESTRICTED&TRUSTED] ]
01-17 14:21:25.809 3768 4072 D ConnectivityService: sending notification for NetworkRequest [ id=1261, legacyType=-1, [ Capabilities: INTERNET&NOT_RESTRICTED&TRUSTED] ]
01-17 14:21:25.809 3768 4072 D ConnectivityService: sending notification CAP_CHANGED for NetworkRequest [ id=1261, legacyType=-1, [ Capabilities: INTERNET&NOT_RESTRICTED&TRUSTED] ]
01-17 14:21:25.809 3768 4072 D ConnectivityService: sending notification for NetworkRequest [ id=1262, legacyType=-1, [ Capabilities: INTERNET&NOT_RESTRICTED&TRUSTED] ]
01-17 14:21:25.809 3768 4072 D ConnectivityService: sending notification CAP_CHANGED for NetworkRequest [ id=1262, legacyType=-1, [ Capabilities: INTERNET&NOT_RESTRICTED&TRUSTED] ]
01-17 14:21:25.809 3768 4072 D ConnectivityService: sending notification for NetworkRequest [ id=1271, legacyType=-1, [ Capabilities: INTERNET&NOT_RESTRICTED&TRUSTED] ]
01-17 14:21:25.809 3768 4072 D ConnectivityService: sending notification CAP_CHANGED for NetworkRequest [ id=1271, legacyType=-1, [ Capabilities: INTERNET&NOT_RESTRICTED&TRUSTED] ]
01-17 14:21:25.809 3768 4072 D ConnectivityService: sending notification for NetworkRequest [ id=1272, legacyType=-1, [ Capabilities: INTERNET&NOT_RESTRICTED&TRUSTED] ]
01-17 14:21:25.809 3768 4072 D ConnectivityService: sending notification CAP_CHANGED for NetworkRequest [ id=1272, legacyType=-1, [ Capabilities: INTERNET&NOT_RESTRICTED&TRUSTED] ]
01-17 14:21:25.813 3768 3847 I SamsungAlarmManager: setLocked to kernel - T:2 / 20180117T142406, SetElapsed=307057135, nowELAPSED=306896311
01-17 14:21:25.813 3768 3847 D SamsungAlarmManager: setExact Listener (T:2/F:0/AC:false) 20180117T142135 - CU:1000/CP:3768
01-17 14:21:25.813 3768 3847 I SamsungAlarmManager: setLocked to kernel - T:2 / 20180117T142135, SetElapsed=306906126, nowELAPSED=306896311
01-17 14:21:25.815 3768 3847 D SamsungAlarmManager: setInexact Listener (T:2/F:0/AC:false) 20180117T143955 - CU:1000/CP:3768
01-17 14:21:25.857 3768 5316 D WindowManager: addWindow: android.view.IWindow$Stub$Proxy@4ec264a displayId=0
01-17 14:21:25.857 3768 5316 D InputTransport: Input channel constructed: fd=385
01-17 14:21:25.857 3768 5316 D InputTransport: Input channel constructed: fd=490
01-17 14:21:25.858 3768 3849 D WindowManager: set systemUiVisibility of statusbar : vis= 0x8
01-17 14:21:25.858 3768 5316 D InputDispatcher: Focus left window: 27629
01-17 14:21:25.858 3768 5316 D InputDispatcher: Focus entered window: 27629
01-17 14:21:25.858 3768 5316 D InputTransport: Input channel destroyed: fd=490
01-17 14:21:25.859 27629 27629 D InputTransport: Input channel constructed: fd=101
01-17 14:21:25.859 27629 27629 D ViewRootImpl@7080016[DocListActivity]: setView = DecorView@572ed97[] touchMode=true
01-17 14:21:25.864 3768 5705 D WindowManager: adjustSystemUiVisibilityLw : vis= 0x8
01-17 14:21:25.874 3768 4062 V WindowManager: Relayout Window{6944ed8d0 u0 com.google.android.apps.docs/com.google.android.apps.docs.doclist.activity.DocListActivity}: viewVisibility=0 req=228x387 WM.LayoutParams{(0,0)(wrapxwrap) gr=#11 sim=#120 ty=2 fl=#1800000 fmt=-2 wanim=0x1030002 needsMenuKey=2 naviIconColor=0}
01-17 14:21:25.874 3197 3197 I SurfaceFlinger: id=10409 createSurf (1x1),1 flag=4, EocListActi
01-17 14:21:25.875 3768 4039 D WifiStateMachine: Current network is: "SKY03AE5" , ID is: 1
01-17 14:21:25.879 3768 3847 I SamsungAlarmManager: setLocked to kernel - T:2 / 20180117T142406, SetElapsed=307057135, nowELAPSED=306896377
01-17 14:21:25.879 3768 3847 D SamsungAlarmManager: setInexact Listener (T:2/F:0/AC:false) 20180117T142428 - CU:1000/CP:3768
01-17 14:21:25.881 3768 3847 D SamsungAlarmManager: setInexact Listener (T:2/F:0/AC:false) 20180117T143955 - CU:1000/CP:3768
01-17 14:21:25.892 27629 28149 D mali_winsys: EGLint new_window_surface(egl_winsys_display*, void*, EGLSurface, EGLConfig, egl_winsys_surface**, egl_color_buffer_format*, EGLBoolean) returns 0x3000, [228x387]-format:1
01-17 14:21:25.895 27629 27629 D ViewRootImpl@7080016[DocListActivity]: MSG_WINDOW_FOCUS_CHANGED 1
01-17 14:21:25.895 27629 27629 V InputMethodManager: Starting input: tba=android.view.inputmethod.EditorInfo@a36fbee nm : com.google.android.apps.docs ic=null
01-17 14:21:25.895 27629 27629 I InputMethodManager: [IMM] startInputInner - mService.startInputOrWindowGainedFocus
01-17 14:21:25.895 3768 3792 D InputMethodManagerService: windowGainedFocus mCurrentFocusedUserId - 0 and mSecureKeypadEnabled-false
01-17 14:21:25.895 3768 3792 D InputMethodManagerService: mDesktopModeManager null!
01-17 14:21:25.896 3768 3792 D InputTransport: Input channel constructed: fd=493
01-17 14:21:25.896 3768 3792 D InputTransport: Input channel destroyed: fd=493
01-17 14:21:25.896 27629 27629 D InputTransport: Input channel constructed: fd=90
01-17 14:21:25.896 27629 27629 D InputTransport: Input channel destroyed: fd=102
01-17 14:21:25.897 30084 30084 I GoogleInputMethod: onFinishInput() : Dummy InputConnection bound
01-17 14:21:25.897 30084 30084 I GoogleInputMethod: onStartInput() : Dummy InputConnection bound
01-17 14:21:25.903 3768 5291 D WindowManager: finishDrawingWindow: Window{6944ed8d0 u0 com.google.android.apps.docs/com.google.android.apps.docs.doclist.activity.DocListActivity} mDrawState=DRAW_PENDING
01-17 14:21:25.907 3768 3888 D KnoxTimeoutHandler: notifyActivityDrawn [MsgParam] userId: 0 fullscreen is true showWhenlocked is false isMutiwindowRecord is false multiwindowstyle is 1
01-17 14:21:25.910 27629 27629 D ViewRootImpl@7080016[DocListActivity]: dispatchDetachedFromWindow
01-17 14:21:25.911 3768 3849 D WindowManager: set systemUiVisibility of statusbar : vis= 0x708
01-17 14:21:25.912 3768 5317 D InputDispatcher: Focus left window: 27629
01-17 14:21:25.912 3768 5317 D InputDispatcher: Focus entered window: 27629
01-17 14:21:25.912 3768 5317 D InputTransport: Input channel destroyed: fd=385
01-17 14:21:25.912 27629 27629 D InputTransport: Input channel destroyed: fd=101
01-17 14:21:25.913 27629 27629 E ViewRootImpl: sendUserActionEvent() mView == null
01-17 14:21:25.914 27629 27629 D ViewRootImpl@b6d739a[DocListActivity]: MSG_WINDOW_FOCUS_CHANGED 0
01-17 14:21:25.915 27629 27629 D ViewRootImpl@b6d739a[DocListActivity]: MSG_WINDOW_FOCUS_CHANGED 1
01-17 14:21:25.916 27629 27629 V InputMethodManager: Starting input: tba=android.view.inputmethod.EditorInfo@41d0f25 nm : com.google.android.apps.docs ic=null
01-17 14:21:25.916 27629 27629 I InputMethodManager: [IMM] startInputInner - mService.startInputOrWindowGainedFocus
01-17 14:21:25.918 3768 4050 D InputMethodManagerService: windowGainedFocus mCurrentFocusedUserId - 0 and mSecureKeypadEnabled-false
01-17 14:21:25.918 3768 4050 D InputMethodManagerService: mDesktopModeManager null!
01-17 14:21:25.918 3768 4050 D InputTransport: Input channel constructed: fd=385
01-17 14:21:25.918 3768 4050 D InputTransport: Input channel destroyed: fd=385
01-17 14:21:25.919 27629 27629 D InputTransport: Input channel constructed: fd=102
01-17 14:21:25.919 27629 27629 D InputTransport: Input channel destroyed: fd=90
01-17 14:21:25.919 27629 27629 E ViewRootImpl: sendUserActionEvent() mView == null
01-17 14:21:25.919 30084 30084 I GoogleInputMethod: onFinishInput() : Dummy InputConnection bound
01-17 14:21:25.920 30084 30084 I GoogleInputMethod: onStartInput() : Dummy InputConnection bound
01-17 14:21:25.937 3768 3768 D KnoxTimeoutHandler: activityDrawn [MsgParam] userId: 0 fullscreen is true showWhenlocked is false isMutiwindowRecord is false multiwindowstyle is 1
01-17 14:21:25.938 3768 3768 I KnoxTimeoutHandler: SD activityfalse
01-17 14:21:25.938 3768 3768 I KnoxTimeoutHandler: Fullscreen and mCurrent is not KNOX user. Hence hide keyguard
01-17 14:21:25.940 3768 4959 D WindowManager: adjustSystemUiVisibilityLw : vis= 0x708
01-17 14:21:26.171 3768 3888 I WindowManager_SurfaceController: Destroying surface Surface(name=com.google.android.apps.docs/com.google.android.apps.docs.doclist.activity.DocListActivity) called by com.android.server.wm.WindowStateAnimator.destroySurface:2840 com.android.server.wm.WindowStateAnimator.destroySurfaceLocked:1070 com.android.server.wm.WindowState.destroyOrSaveSurface:2561 com.android.server.wm.AppWindowToken.destroySurfaces:412 com.android.server.wm.AppWindowToken.destroySurfaces:376 com.android.server.wm.WindowStateAnimator.finishExit:654 com.android.server.wm.WindowStateAnimator.stepAnimationLocked:564 com.android.server.wm.WindowAnimator.updateWindowsLocked:439
01-17 14:21:26.171 3197 3202 I SurfaceFlinger: id=10409 Removed EocListActi (5/7)
01-17 14:21:26.173 3197 3202 I SurfaceFlinger: id=10409 Removed EocListActi (-2/7)
01-17 14:21:26.201 3768 3847 D SamsungAlarmManager: setExact Listener (T:2/F:0/AC:false) 20180117T142136 - CU:1000/CP:3768
01-17 14:21:26.201 3768 3847 I SamsungAlarmManager: setLocked to kernel - T:2 / 20180117T142136, SetElapsed=306906646, nowELAPSED=306896699
01-17 14:21:26.216 3768 3848 D MountService: getExternalStorageMountMode : 1
01-17 14:21:26.216 3768 3848 D MountService: getExternalStorageMountMode : 3
01-17 14:21:26.216 3768 3848 D MountService: getExternalStorageMountMode : final mountMode=1, uid : 1000, packageName : com.samsung.android.fingerprint.service
01-17 14:21:26.230 2644 2644 E Zygote : v2
01-17 14:21:26.230 2644 2644 I libpersona: KNOX_SDCARD checking this for 1000
01-17 14:21:26.230 2644 2644 I libpersona: KNOX_SDCARD not a persona
01-17 14:21:26.230 2644 2644 E Zygote : accessInfo : 0
01-17 14:21:26.231 2644 2644 W SELinux : SELinux selinux_android_compute_policy_index : Policy Index[2], Con:u:r:zygote:s0 SPD:SEPF_SECMOBILE_7.0_0006 RAM:SEPF_SECMOBILE_7.0_0009, [-1 -1 -9 -1 0 1]
01-17 14:21:26.231 3768 3848 I ActivityManager: Start proc 2644:com.samsung.android.fingerprint.service/1000 for service com.samsung.android.fingerprint.service/.FingerprintServiceStarter
01-17 14:21:26.231 2644 2644 I SELinux : SELinux: seapp_context_lookup: seinfo=platform, pkgname=com.samsung.android.fingerprint.service
01-17 14:21:26.273 2644 2644 D TimaKeyStoreProvider: TimaSignature is unavailable
01-17 14:21:26.273 2644 2644 D ActivityThread: Added TimaKeyStore provider
01-17 14:21:26.275 3768 7004 I ActivityManager: DSS on for com.samsung.android.fingerprint.service and scale is 1.0
01-17 14:21:26.277 3768 7004 I ActivityManager: KPU : put [com.samsung.android.intelligenceservice2] : 4484 K
01-17 14:21:26.277 3768 7004 I ActivityManager: Killing 1944:com.samsung.android.intelligenceservice2/5010 (adj 906): DHA:empty #33
01-17 14:21:26.304 2644 2644 W System : ClassLoader referenced unknown path: /system/priv-app/FingerprintService2/lib/arm64
01-17 14:21:26.313 3768 5643 D ActivityManager: cleanUpApplicationRecord -- 1944
01-17 14:21:26.314 5248 5260 D ForegroundUtils: could not check pending caller
01-17 14:21:26.315 2644 2644 D ContextRelationMgrBrdg: loadKlass() : caller=com.samsung.android.bridge.multiscreen.common.ContextRelationManagerBridge.:28 android.app.LoadedApk.makeApplication:840
01-17 14:21:26.319 2644 2644 I FPMS_FingerprintServiceStarter: onStartCommand: action=null
01-17 14:21:26.319 2644 2644 I FPMS_FingerprintServiceStarter: Creating FingerprintManagerService..., start flag: false, User = 0
01-17 14:21:26.322 2644 2644 I FPMS_Config: initFailedFingerprintAttemptsFromPrefrence : failCountPref = -1
01-17 14:21:26.401 3768 3847 I SamsungAlarmManager: setLocked to kernel - T:2 / 20180117T142406, SetElapsed=307057135, nowELAPSED=306896899
01-17 14:21:26.401 3768 3847 D SamsungAlarmManager: setExact Listener (T:2/F:0/AC:false) 20180117T142136 - CU:1000/CP:3768
01-17 14:21:26.402 3768 3847 I SamsungAlarmManager: setLocked to kernel - T:2 / 20180117T142136, SetElapsed=306906646, nowELAPSED=306896899
01-17 14:21:26.407 3768 3847 D SamsungAlarmManager: setInexact Listener (T:2/F:0/AC:false) 20180117T143955 - CU:1000/CP:3768
01-17 14:21:26.577 27471 27488 D [ACT]:ao: processing priority = HIGH
01-17 14:21:26.580 27443 27465 D [ACT]:ao: processing priority = HIGH
01-17 14:21:26.797 3768 4072 D ConnectivityService: updateCapabilities: oldCap = [ Transports: WIFI Capabilities: NOT_METERED&INTERNET&NOT_RESTRICTED&TRUSTED&NOT_VPN&VALIDATED LinkUpBandwidth>=1048576Kbps LinkDnBandwidth>=1048576Kbps SignalStrength: -63], newCap = [ Transports: WIFI Capabilities: NOT_METERED&INTERNET&NOT_RESTRICTED&TRUSTED&NOT_VPN LinkUpBandwidth>=1048576Kbps LinkDnBandwidth>=1048576Kbps SignalStrength: -64]
01-17 14:21:26.797 3768 4072 D ConnectivityService: rematching NetworkAgentInfo [WIFI () - 551]
