01-17 14:22:44.764 3042 3042 E Zygote : v2
01-17 14:22:44.764 3042 3042 I libpersona: KNOX_SDCARD checking this for 10021
01-17 14:22:44.764 3042 3042 I libpersona: KNOX_SDCARD not a persona
01-17 14:22:44.765 3042 3042 E Zygote : accessInfo : 0
01-17 14:22:44.765 3042 3042 W SELinux : SELinux selinux_android_compute_policy_index : Policy Index[2], Con:u:r:zygote:s0 SPD:SEPF_SECMOBILE_7.0_0006 RAM:SEPF_SECMOBILE_7.0_0009, [-1 -1 -9 -1 0 1]
01-17 14:22:44.766 3042 3042 I SELinux : SELinux: seapp_context_lookup: seinfo=untrusted, level=s0:c512,c768, pkgname=com.google.android.partnersetup
01-17 14:22:44.774 3768 4062 D Debug : !@DumpState : SHIP
01-17 14:22:44.774 3768 4062 D Debug : !@DumpState : debug level:0x4f4c
01-17 14:22:44.774 3768 4062 D Debug : !@Dumpstate : Finally, system will skip dumpstate
01-17 14:22:44.777 3768 4062 W ActivityManager: Force finishing activity appinventor.ai_manjot_chana93.Soundboard_Base/.Screen1
01-17 14:22:44.777 3768 4062 W MultiScreenManagerService: moveTaskBackToDisplayIfNeeded(): root is not base activity
01-17 14:22:44.778 3768 4062 D ActivityManager: moveToFront() : reason=finishActivity adjustFocus setFocusedActivity isAttached=true TaskRecord{297fcb8d0 #15978 A=com.google.android.apps.docs U=0 StackId=1 sz=2}
01-17 14:22:44.782 3768 4062 D InputDispatcher: Focused application set to: xxxx
01-17 14:22:44.782 3768 4062 D ActivityTrigger: ActivityTrigger activityPauseTrigger
01-17 14:22:44.783 3768 4062 D GameManagerService: sem_perfomance_mode: 0
01-17 14:22:44.786 3768 4062 W ActivityManager: Force finishing activity appinventor.ai_manjot_chana93.Soundboard_Base/.Screen1
01-17 14:22:44.786 3768 4062 W ActivityManager: Duplicate finish request for ActivityRecord{b61972dd0 u0 appinventor.ai_manjot_chana93.Soundboard_Base/.Screen1 t15980 f}
01-17 14:22:44.791 3768 5325 D SamsungAlarmManager: setInexact Listener (T:2/F:0/AC:false) 20180117T142259 - CU:1000/CP:3768
01-17 14:22:44.791 3768 5325 I SamsungAlarmManager: setLocked to kernel - T:2 / 20180117T142259, SetElapsed=306989831, nowELAPSED=306975289
01-17 14:22:44.792 4947 4947 D io_stats: !@ 8,0 r 8595592 393203656 w 3679456 76530688 d 367895 41431704 f 1098200 1097011 iot 8363850 7426302 th 284988 0 0 pt 0 inp 1 1 126604.058
01-17 14:22:44.797 3042 3042 D TimaKeyStoreProvider: TimaSignature is unavailable
01-17 14:22:44.797 3042 3042 D ActivityThread: Added TimaKeyStore provider
01-17 14:22:44.798 7255 9790 I Icing : IndexChimeraService.getServiceInterface callingPackage=com.google.android.gms componentName=AppsCorpus serviceId=32
01-17 14:22:44.806 3768 5649 I ActivityManager: DSS on for com.google.android.partnersetup and scale is 1.0
01-17 14:22:44.837 3768 5291 D BatteryService: !@BatteryListener : batteryPropertiesChanged!
01-17 14:22:44.839 3768 5291 D BatteryService: level:77, scale:100, status:2, health:2, present:true, voltage: 4035, temperature: 249, technology: Li-ion, AC powered:false, USB powered:true, POGO powered:false, Wireless powered:false, icon:17303682, invalid charger:0, maxChargingCurrent:0, maxChargingVoltage:0, chargeCounter:0
01-17 14:22:44.839 3768 5291 D BatteryService: online:6, current avg:357, charge type:1, power sharing:false, high voltage charger:false, capacity:280000, batterySWSelfDischarging:false, misc_event:0, current_now:-510
01-17 14:22:44.842 32580 2988 D GOS:RequestHeaderForV3: google_advertising_id : 56248736-da72-464e-91d1-cd5c36e9dc0e
01-17 14:22:44.842 32580 2988 D GOS:RequestHeaderForV3: availableFeatureFlag : 51519442628887
01-17 14:22:44.842 32580 2988 D GOS:RequestHeaderForV3: serverFeatureFlagPolicy : NNNNN000NNNNNN0N1NN00NN000NN00NNNN0N0NNNN0NNNNNNNNNN
01-17 14:22:44.842 32580 2988 D GOS:RequestHeaderForV3: defaultFeatureFlag : 274882278167
01-17 14:22:44.842 32580 2988 D GOS:RequestHeaderForV3: enabledFeatureFlag : 274878148887
01-17 14:22:44.842 32580 2988 D GOS:NetworkConnector: mBaseUrl: https://service.game-mode.net/gamemode
01-17 14:22:44.842 32580 2988 D GOS:NetworkConnector: getPkgData(), packageName : appinventor.ai_manjot_chana93.Soundboard_Base
01-17 14:22:44.843 32580 2988 D GOS:NetworkConnector: Sending GET request to URL : https://service.game-mode.net/gamemode/mode/value/package/?device_name=hero2lte&package_name=appinventor.ai_manjot_chana93.Soundboard_Base&installer_package_name=com.google.android.packageinstaller&installed_time=1516198964842
01-17 14:22:44.843 3768 3849 D WindowManager: addWindow: android.view.ViewRootImpl$W@99520f7 displayId=0
01-17 14:22:44.844 3768 3849 D InputTransport: Input channel constructed: fd=548
01-17 14:22:44.844 3768 3849 D InputTransport: Input channel constructed: fd=550
01-17 14:22:44.847 3768 3849 V MARsPolicyManager: handelAlertToastWindowStarted pkgName = android
01-17 14:22:44.848 3042 3042 I art : Starting a blocking GC AddRemoveAppImageSpace
01-17 14:22:44.849 3768 3849 D InputDispatcher: Focus entered window: 3768
01-17 14:22:44.849 32580 2988 D GOS:NetworkConnector: Header Key : version_i, Value : G935FXXS1DQKH
01-17 14:22:44.849 32580 2988 D GOS:NetworkConnector: Header Key : is_test, Value : false
01-17 14:22:44.849 32580 2988 D GOS:NetworkConnector: Header Key : gms_version, Value : 10.7
01-17 14:22:44.849 32580 2988 D GOS:NetworkConnector: Header Key : version_r, Value : 7.0
01-17 14:22:44.849 32580 2988 D GOS:NetworkConnector: Header Key : model_name, Value : SM-G935F
01-17 14:22:44.849 32580 2988 D GOS:NetworkConnector: Header Key : appVersionCodeFull, Value : 118900000
01-17 14:22:44.849 32580 2988 D GOS:NetworkConnector: Header Key : google_advertising_id, Value : 56248736-da72-464e-91d1-cd5c36e9dc0e
01-17 14:22:44.849 32580 2988 D GOS:NetworkConnector: Header Key : installed_sec_game_family, Value : com.samsung.android.game.gamehome:disabled,com.samsung.android.game.gametools:disabled
01-17 14:22:44.849 32580 2988 D GOS:NetworkConnector: Header Key : app_version_code, Value : 1189
01-17 14:22:44.849 32580 2988 D GOS:NetworkConnector: Header Key : mnc, Value : 15
01-17 14:22:44.849 3042 3042 W System : ClassLoader referenced unknown path: /system/priv-app/GooglePartnerSetup/lib/arm64
01-17 14:22:44.849 32580 2988 D GOS:NetworkConnector: Header Key : app_version_name, Value : 1.1.89
01-17 14:22:44.849 32580 2988 D GOS:NetworkConnector: Header Key : device_name, Value : hero2lte
01-17 14:22:44.849 32580 2988 D GOS:NetworkConnector: Header Key : mcc, Value : 234
01-17 14:22:44.849 3768 3849 D ViewRootImpl@e0f64f6[Soundboard_Base]: setView = DecorView@22931cd[Soundboard_Base] touchMode=true
01-17 14:22:44.849 32580 2988 D GOS:NetworkConnector: Header Key : appVersionNameFull, Value : 1.1.89.0
01-17 14:22:44.851 32580 2988 I System.out: (HTTPLog)-Static: isSBSettingEnabled false
01-17 14:22:44.853 3768 3058 D TspStateManagerInternal: update cmd=set_grip_data,1,60,10,32,768
01-17 14:22:44.857 32580 2988 I System.out: (HTTPLog)-Static: isSBSettingEnabled false
01-17 14:22:44.862 3768 3779 I art : Background sticky concurrent mark sweep GC freed 111420(17MB) AllocSpace objects, 11(1512KB) LOS objects, 15% free, 70MB/84MB, paused 4.120ms total 112.647ms
01-17 14:22:44.862 3042 3042 D ContextRelationMgrBrdg: loadKlass() : caller=com.samsung.android.bridge.multiscreen.common.ContextRelationManagerBridge.:28 android.app.LoadedApk.makeApplication:840
01-17 14:22:44.864 32580 2988 I System.out: (HTTPLog)-Static: isSBSettingEnabled false
01-17 14:22:44.864 32580 2988 I System.out: (HTTPLog)-Static: isSBSettingEnabled false
01-17 14:22:44.866 3312 3866 D EnterpriseController: netId is 0
01-17 14:22:44.866 3312 3866 D Netd : getNetworkForDns: using netid 551 for uid 10126
01-17 14:22:44.866 3312 3866 D DnsProxyListener: DNSDBG::dns addrinfo af 0
01-17 14:22:44.894 27443 27443 I SystemBroadcastReceiver: onReceive. Timestamp - 17-01-2018 14:22:44.892
01-17 14:22:44.894 27443 27443 I SystemBroadcastReceiver: Intent received - android.intent.action.PACKAGE_ADDED
01-17 14:22:44.894 27443 27443 I SystemBroadcastReceiver: NotificationFeature is disabled. Returning from onReceive
01-17 14:22:44.899 3768 3768 D BatteryService: Sending ACTION_BATTERY_CHANGED.
01-17 14:22:44.901 3768 5291 D PackageManager: setEnabledSetting : userId = 0 packageName = com.microsoft.office.excel cmp = com.microsoft.android.crosssell.activities.WordCrossSellHandlerActivity newState = 2 callingPackage = 10013
01-17 14:22:44.901 3768 3849 V WindowManager: Relayout Window{a947b64d0 u0 Application Error: appinventor.ai_manjot_chana93.Soundboard_Base}: viewVisibility=0 req=1015x442 WM.LayoutParams{(0,0)(wrapxwrap) gr=#11 sim=#120 ty=2003 fl=#1820002 pfl=0x110 fmt=-3 wanim=0x103038b surfaceInsets=Rect(6, 6 - 6, 6) needsMenuKey=2 naviIconColor=0}
01-17 14:22:44.901 3768 7012 D PackageManager: setEnabledSetting : userId = 0 packageName = com.microsoft.office.excel cmp = com.microsoft.android.crosssell.activities.PowerpointCrossSellHandlerActivity newState = 2 callingPackage = 10013
01-17 14:22:44.901 3197 3197 I SurfaceFlinger: id=10427 createSurf (13x13),1 flag=4, Toundboard_
01-17 14:22:44.905 4222 4222 D KeyguardUpdateMonitor: received broadcast android.intent.action.BATTERY_CHANGED
01-17 14:22:44.906 4222 4222 D KeyguardUpdateMonitor: handleBatteryUpdate
01-17 14:22:44.909 4222 4222 D PowerUI : priorPlugType = 2 mPlugType = 2
01-17 14:22:44.910 4222 4222 D PowerUI.Notification: showChargingNotice oldChargingType : 1 currentChargingType : 1 oldChargingTime : 2985000 mChargingTime : 2971000
01-17 14:22:44.910 4222 4222 D PowerUI.Notification: showChargingNotification()
01-17 14:22:44.910 4158 4158 V HeadsetService: HeadsetService - Received Intent.ACTION_BATTERY_CHANGED
01-17 14:22:44.910 4158 12859 D HeadsetStateMachine: Disconnected process message: 10, size: 0
01-17 14:22:44.917 3768 4959 D ApplicationPolicy: isStatusBarNotificationAllowedAsUser: packageName = com.android.systemui,userId = -1
01-17 14:22:44.922 3768 4143 I OpenGLRenderer: Initialized EGL, version 1.4
01-17 14:22:44.922 3768 4143 D OpenGLRenderer: Swap behavior 1
01-17 14:22:44.923 27471 27471 I SystemBroadcastReceiver: onReceive. Timestamp - 17-01-2018 14:22:44.920
01-17 14:22:44.923 27471 27471 I SystemBroadcastReceiver: Intent received - android.intent.action.PACKAGE_ADDED
01-17 14:22:44.924 27471 27471 I SystemBroadcastReceiver: NotificationFeature is disabled. Returning from onReceive
01-17 14:22:44.924 3768 3849 D WindowManager: set systemUiVisibility of statusbar : vis= 0x0
01-17 14:22:44.924 3768 3849 D ViewRootImpl@e0f64f6[Soundboard_Base]: MSG_WINDOW_FOCUS_CHANGED 1
01-17 14:22:44.924 3768 3849 D WindowManager: set systemUiVisibility of statusbar : vis= 0x8
01-17 14:22:44.932 3768 4143 D mali_winsys: EGLint new_window_surface(egl_winsys_display*, void*, EGLSurface, EGLConfig, egl_winsys_surface**, egl_color_buffer_format*, EGLBoolean) returns 0x3000, [1027x454]-format:1
01-17 14:22:44.934 4222 4222 D BatteryMeterDrawable: isSomethingChanged - false
01-17 14:22:44.934 4222 4222 D BatteryMeterDrawable: isSomethingChanged - false
01-17 14:22:44.935 4222 4222 D CoverUpdateMonitor: received broadcast android.intent.action.BATTERY_CHANGED
01-17 14:22:44.941 3768 4050 D PackageManager: setEnabledSetting : userId = 0 packageName = com.microsoft.office.powerpoint cmp = com.microsoft.android.crosssell.activities.WordCrossSellHandlerActivity newState = 2 callingPackage = 10013
01-17 14:22:44.942 3768 5292 D PackageManager: setEnabledSetting : userId = 0 packageName = com.microsoft.office.powerpoint cmp = com.microsoft.android.crosssell.activities.ExcelCrossSellHandlerActivity newState = 2 callingPackage = 10013
01-17 14:22:44.942 3768 5701 D PackageManager: setEnabledSetting : userId = 0 packageName = com.microsoft.office.powerpoint cmp = com.microsoft.android.crosssell.activities.PowerpointCrossSellHandlerActivity newState = 2 callingPackage = 10013
01-17 14:22:44.957 3768 3768 V UiModeManager: updateLocked: null action, mDockState=0, category=null
01-17 14:22:44.957 3768 3768 D UiModeManager: updateConfigurationLocked: mDockState=0; mCarMode=false; mNightMode=1; uiMode=17
01-17 14:22:44.958 3768 3768 D GameManagerService: new battery level: 77
01-17 14:22:44.965 1834 1834 I SystemBroadcastReceiver: onReceive. Timestamp - 17-01-2018 14:22:44.959
01-17 14:22:44.965 1834 1834 I SystemBroadcastReceiver: Intent received - android.intent.action.PACKAGE_ADDED
01-17 14:22:44.965 1834 1834 I SystemBroadcastReceiver: NotificationFeature is disabled. Returning from onReceive
01-17 14:22:44.982 3768 3849 D WindowManager: finishDrawingWindow: Window{a947b64d0 u0 Application Error: appinventor.ai_manjot_chana93.Soundboard_Base} mDrawState=DRAW_PENDING
01-17 14:22:44.983 3768 3849 D ViewRootImpl@e0f64f6[Soundboard_Base]: MSG_RESIZED_REPORT: ci=Rect(0, 0 - 0, 0) vi=Rect(0, 0 - 0, 0) or=1
01-17 14:22:44.990 3768 4050 D PackageManager: setEnabledSetting : userId = 0 packageName = com.microsoft.office.word cmp = com.microsoft.android.crosssell.activities.WordCrossSellHandlerActivity newState = 2 callingPackage = 10013
01-17 14:22:44.993 3768 5316 D PackageManager: setEnabledSetting : userId = 0 packageName = com.microsoft.office.word cmp = com.microsoft.android.crosssell.activities.ExcelCrossSellHandlerActivity newState = 2 callingPackage = 10013
01-17 14:22:44.995 3768 5317 D PackageManager: setEnabledSetting : userId = 0 packageName = com.microsoft.office.word cmp = com.microsoft.android.crosssell.activities.PowerpointCrossSellHandlerActivity newState = 2 callingPackage = 10013
01-17 14:22:45.002 27703 27703 I NetworkConnectReceiver: onReceive
01-17 14:22:45.007 27703 27703 D NetworkManagerUtils: getSubId subId:1
01-17 14:22:45.011 27703 27703 D NetworkManagerUtils: subscriberId=234159175941686
01-17 14:22:45.013 3768 5292 D MountService: getExternalStorageMountMode : 1
01-17 14:22:45.013 3768 5292 D MountService: getExternalStorageMountMode : 3
01-17 14:22:45.013 3768 5292 D MountService: getExternalStorageMountMode : final mountMode=1, uid : 10001, packageName : com.samsung.android.app.appsedge
01-17 14:22:45.017 7255 31546 E Icing : Failed to update per-doc-data with usage report
01-17 14:22:45.017 7255 31546 E Icing : Failed to update per-doc-data with usage report
01-17 14:22:45.017 7255 31546 E Icing : Failed to update per-doc-data with usage report
01-17 14:22:45.018 7255 31546 E Icing : Failed to update per-doc-data with usage report
01-17 14:22:45.030 3768 5292 I ActivityManager: Start proc 3067:com.samsung.android.app.appsedge/u0a1 for broadcast com.samsung.android.app.appsedge/.edgepanel.AppsEdgePanelProvider
01-17 14:22:45.031 3067 3067 E Zygote : v2
01-17 14:22:45.031 3067 3067 I libpersona: KNOX_SDCARD checking this for 10001
01-17 14:22:45.031 3067 3067 I libpersona: KNOX_SDCARD not a persona
01-17 14:22:45.033 3067 3067 E Zygote : accessInfo : 0
01-17 14:22:45.034 3067 3067 W SELinux : SELinux selinux_android_compute_policy_index : Policy Index[2], Con:u:r:zygote:s0 SPD:SEPF_SECMOBILE_7.0_0006 RAM:SEPF_SECMOBILE_7.0_0009, [-1 -1 -9 -1 0 1]
01-17 14:22:45.037 3067 3067 I SELinux : SELinux: seapp_context_lookup: seinfo=platform, level=s0:c512,c768, pkgname=com.samsung.android.app.appsedge
01-17 14:22:45.062 3067 3067 D TimaKeyStoreProvider: TimaSignature is unavailable
01-17 14:22:45.062 3067 3067 D ActivityThread: Added TimaKeyStore provider
01-17 14:22:45.064 3768 5642 I ActivityManager: DSS on for com.samsung.android.app.appsedge and scale is 1.0
01-17 14:22:45.121 3768 5702 D WindowManager: adjustSystemUiVisibilityLw : vis= 0x8
01-17 14:22:45.121 3067 3067 W System : ClassLoader referenced unknown path: /system/priv-app/AppsEdgePanel/lib/arm64
01-17 14:22:45.134 5444 5741 D StreamDBQueue: Promised revision #128208 to queue a new op
01-17 14:22:45.134 5444 5741 D BaseStreamManager: Promised set @ r#128208 for (com.android.systemui,tag=charging_state,id=2131951673,notifKey=-1|com.android.systemui|2131951673|charging_state|10005)
01-17 14:22:45.135 5444 5948 D DynamicBucketRankerImpl: StreamItemId{notifKey=-1|com.android.systemui|2131951673|charging_state|10005, packageName=com.android.systemui, tag=charging_state, id=2131951673, revision=128208, originalRevision=128175, updateCount=31} in bucket #3 (Ongoing)
01-17 14:22:45.135 5444 5948 D WatchStreamDB: com.google.android.clockwork.common.stream.TopLevelStreamItem@ab69ffb ranked at index 0
01-17 14:22:45.135 5444 5948 D NewStreamAdapter: Publishing revision #128208 to adapter clients
01-17 14:22:45.141 3067 3067 D ContextRelationMgrBrdg: loadKlass() : caller=com.samsung.android.bridge.multiscreen.common.ContextRelationManagerBridge.:28 android.app.LoadedApk.makeApplication:840
01-17 14:22:45.144 3768 3849 D WindowManager: finishDrawingWindow: Window{a947b64d0 u0 Application Error: appinventor.ai_manjot_chana93.Soundboard_Base} mDrawState=HAS_DRAWN
01-17 14:22:45.151 3067 3067 D AppsEdgePanelProvider: onReceive action = android.intent.action.PACKAGE_ADDED
01-17 14:22:45.153 5458 5458 E ApplicationPackageManager: checkSettingsForIconTray value : 0
01-17 14:22:45.156 3768 4960 D MountService: getExternalStorageMountMode : 1
01-17 14:22:45.156 3768 4960 D MountService: getExternalStorageMountMode : 3
01-17 14:22:45.156 3768 4960 D MountService: getExternalStorageMountMode : final mountMode=1, uid : 1000, packageName : com.samsung.android.app.mirrorlink
01-17 14:22:45.168 3080 3080 E Zygote : v2
01-17 14:22:45.168 3080 3080 I libpersona: KNOX_SDCARD checking this for 1000
01-17 14:22:45.168 3080 3080 I libpersona: KNOX_SDCARD not a persona
01-17 14:22:45.168 3080 3080 E Zygote : accessInfo : 0
01-17 14:22:45.169 3080 3080 W SELinux : SELinux selinux_android_compute_policy_index : Policy Index[2], Con:u:r:zygote:s0 SPD:SEPF_SECMOBILE_7.0_0006 RAM:SEPF_SECMOBILE_7.0_0009, [-1 -1 -9 -1 0 1]
01-17 14:22:45.170 3080 3080 I SELinux : SELinux: seapp_context_lookup: seinfo=platform, pkgname=com.samsung.android.app.mirrorlink
01-17 14:22:45.173 3768 4960 I ActivityManager: Start proc 3080:com.samsung.android.app.mirrorlink/1000 for broadcast com.samsung.android.app.mirrorlink/com.samsung.android.mirrorlink.acms.receivers.AcmsPackageEventListener
01-17 14:22:45.193 3080 3080 D TimaKeyStoreProvider: TimaSignature is unavailable
01-17 14:22:45.194 3080 3080 D ActivityThread: Added TimaKeyStore provider
01-17 14:22:45.195 3768 5642 I ActivityManager: DSS on for com.samsung.android.app.mirrorlink and scale is 1.0
01-17 14:22:45.200 7255 31546 I Icing : App usage reports: 1
01-17 14:22:45.200 7255 31546 I Icing : Usage reports ok 2, Failed Usage reports 4, indexed 1, rejected 0, imm upload false
01-17 14:22:45.214 3080 3080 I art : Starting a blocking GC AddRemoveAppImageSpace
01-17 14:22:45.215 3080 3080 W System : ClassLoader referenced unknown path: /system/app/MirrorLink/lib/arm
01-17 14:22:45.227 3080 3080 D ContextRelationMgrBrdg: loadKlass() : caller=com.samsung.android.bridge.multiscreen.common.ContextRelationManagerBridge.:28 android.app.LoadedApk.makeApplication:840
01-17 14:22:45.234 7255 31546 I Icing : Usage reports ok 0, Failed Usage reports 0, indexed 0, rejected 0, imm upload false
01-17 14:22:45.241 3080 3080 D AcmsPackageEventListener: action2:android.intent.action.PACKAGE_ADDED
01-17 14:22:45.241 3080 3080 D AcmsPackageEventListener: pkgName:appinventor.ai_manjot_chana93.Soundboard_Base ,10277
01-17 14:22:45.243 3768 5279 D MountService: getExternalStorageMountMode : 1
01-17 14:22:45.243 3768 5279 D MountService: getExternalStorageMountMode : 3
01-17 14:22:45.243 3768 5279 D MountService: getExternalStorageMountMode : final mountMode=1, uid : 10062, packageName : com.samsung.android.app.taskedge
01-17 14:22:45.255 3100 3100 E Zygote : v2
01-17 14:22:45.255 3100 3100 I libpersona: KNOX_SDCARD checking this for 10062
01-17 14:22:45.255 3100 3100 I libpersona: KNOX_SDCARD not a persona
01-17 14:22:45.256 3100 3100 E Zygote : accessInfo : 0
01-17 14:22:45.256 3100 3100 W SELinux : SELinux selinux_android_compute_policy_index : Policy Index[2], Con:u:r:zygote:s0 SPD:SEPF_SECMOBILE_7.0_0006 RAM:SEPF_SECMOBILE_7.0_0009, [-1 -1 -9 -1 0 1]
01-17 14:22:45.257 3100 3100 I SELinux : SELinux: seapp_context_lookup: seinfo=platform, level=s0:c512,c768, pkgname=com.samsung.android.app.taskedge
01-17 14:22:45.259 3768 5279 I ActivityManager: Start proc 3100:com.samsung.android.app.taskedge/u0a62 for broadcast com.samsung.android.app.taskedge/.edgepanel.TaskEdgePanelProvider
01-17 14:22:45.264 3768 5279 I ActivityManager: KPU : put [com.sec.spp.push:RemoteNotiProcess] : 3956 K
01-17 14:22:45.264 3768 5279 I ActivityManager: Killing 2086:com.sec.spp.push:RemoteNotiProcess/u0a38 (adj 906): DHA:empty #33
01-17 14:22:45.287 3768 3848 W ActivityManager: Activity pause timeout for ActivityRecord{b61972dd0 u0 appinventor.ai_manjot_chana93.Soundboard_Base/.Screen1 t15980 f}
01-17 14:22:45.293 3768 3848 D ActivityManager: resumeTopActivityInnerLocked() : #1 prevTask=TaskRecord{2ed7929d0 #15980 A=appinventor.ai_manjot_chana93.Soundboard_Base U=0 StackId=1 sz=1} next=ActivityRecord{d4915cbd0 u0 com.google.android.apps.docs/.doclist.documentopener.DocumentOpenerActivityDelegate t15978} mFocusedStack=ActivityStack{9425ef3d0 stackId=1, 8 tasks}
01-17 14:22:45.298 3100 3100 D TimaKeyStoreProvider: TimaSignature is unavailable
01-17 14:22:45.298 3100 3100 D ActivityThread: Added TimaKeyStore provider
01-17 14:22:45.299 32580 2988 D GOS:NetworkConnector: Response Code : 200
01-17 14:22:45.300 3768 3848 I WindowManager: Failed to capture screenshot of Token{e6b4462 ActivityRecord{b61972dd0 u0 appinventor.ai_manjot_chana93.Soundboard_Base/.Screen1 t15980 f}} appWin=Window{be95c47d0 u0 Starting appinventor.ai_manjot_chana93.Soundboard_Base} drawState=4
01-17 14:22:45.300 32580 2988 D GOS:NetworkConnector: {"code":"201001","message":"Success","package_name":"appinventor.ai_manjot_chana93.Soundboard_Base","category_code":"undefined","game_genre":"N/A","device_group":"hero_lsi","game_oracle_cache":false,"cache":false}
01-17 14:22:45.302 3260 3260 E audit : type=1320 audit(1516198965.291:7987):
01-17 14:22:45.302 32580 2988 D GOS:NetworkConnector: Response, responseCode 200, URL: https://service.game-mode.net/gamemode/mode/value/package/?device_name=hero2lte&package_name=appinventor.ai_manjot_chana93.Soundboard_Base&installer_package_name=com.google.android.packageinstaller&installed_time=1516198964842, response: {"code":"201001","message":"Success","package_name":"appinventor.ai_manjot_chana93.Soundboard_Base","category_code":"undefined","game_genre":"N/A","device_group":"hero_lsi","game_oracle_cache":false,"cache":false}
01-17 14:22:45.303 32580 2988 D GOS:NetworkConnector: getPkgData(), request: /mode/value/package/?device_name=hero2lte&package_name=appinventor.ai_manjot_chana93.Soundboard_Base&installer_package_name=com.google.android.packageinstaller&installed_time=1516198964842, response: {"code":"201001","message":"Success","package_name":"appinventor.ai_manjot_chana93.Soundboard_Base","category_code":"undefined","game_genre":"N/A","device_group":"hero_lsi","game_oracle_cache":false,"cache":false}
01-17 14:22:45.303 32580 2988 D GOS:ResponseParser: parsePkgData()
01-17 14:22:45.303 32580 2988 D GOS:ResponseParser: code: 201001
01-17 14:22:45.303 32580 2988 D GOS:ResponseParser: message: Success
01-17 14:22:45.303 32580 2988 D GOS:ResponseParser: parsePkgDataJsonObj()
01-17 14:22:45.303 32580 2988 D GOS:ResponseParser: parsePkgDataJsonObj(), packageName: appinventor.ai_manjot_chana93.Soundboard_Base
01-17 14:22:45.305 3768 3792 V WindowManager: Relayout Window{114bfdd0 u0 com.google.android.apps.docs/com.google.android.apps.docs.doclist.documentopener.DocumentOpenerActivityDelegate}: viewVisibility=4 req=1080x1920 WM.LayoutParams{(0,0)(fillxfill) sim=#120 ty=1 fl=#81810100 pfl=0x20000 fmt=-2 wanim=0x1030000 vsysui=0x600 needsMenuKey=2 naviIconColor=0}
01-17 14:22:45.306 32580 2988 D GOS:ResponseParser: category_code: undefined
01-17 14:22:45.306 32580 2988 D GOS:ResponseParser: categorized_by: 2
01-17 14:22:45.306 32580 2988 D GOS:ResponseParser: game_genre: N/A
01-17 14:22:45.306 32580 2988 D GOS:ResponseParser: No value for default_dss
01-17 14:22:45.306 32580 2988 D GOS:ResponseParser: No value for default_dfs
01-17 14:22:45.306 32580 2988 D GOS:ResponseParser: No value for default_dts
01-17 14:22:45.307 32580 2988 D GOS:ResponseParser: No value for default_odtc
01-17 14:22:45.307 32580 2988 D GOS:ResponseParser: No value for each_mode_dss
01-17 14:22:45.307 32580 2988 D GOS:ResponseParser: No value for each_mode_dfs
01-17 14:22:45.308 32580 2988 D GOS:ResponseParser: No value for each_mode_dts
01-17 14:22:45.308 32580 2988 D GOS:ResponseParser: No value for each_mode_odtc
01-17 14:22:45.308 32580 2988 D GOS:ResponseParser: No value for feature_flag_inst
01-17 14:22:45.308 32580 2988 D GOS:ResponseParser: No value for aspect_ratio_values
01-17 14:22:45.309 32580 2988 D GOS:ResponseParser: No value for aspect_ratio_recommended
01-17 14:22:45.309 32580 2988 D GOS:ResponseParser: No value for siop_level
01-17 14:22:45.309 32580 2988 D GOS:ResponseParser: No value for default_cpu_level
01-17 14:22:45.309 32580 2988 D GOS:ResponseParser: No value for default_gpu_level
01-17 14:22:45.309 32580 2988 D GOS:ResponseParser: No value for cam_fps
01-17 14:22:45.309 32580 2988 D GOS:ResponseParser: No value for cam_binning
01-17 14:22:45.309 32580 2988 D GOS:ResponseParser: No value for default_target_short_side
01-17 14:22:45.310 32580 2988 D GOS:ResponseParser: No value for each_mode_target_short_side
01-17 14:22:45.310 32580 2988 D GOS:ResponseParser: No value for governor_settings
01-17 14:22:45.310 32580 2988 D GOS:ResponseParser: JSONException. No value for shift_temperature
01-17 14:22:45.310 32580 2988 D GOS:ResponseParser: JSONException. No value for game_sdk
01-17 14:22:45.310 32580 2988 D GOS:ResponseParser: parsePkgDataJsonObj(), pkgName: appinventor.ai_manjot_chana93.Soundboard_Base, customFeatureFlag: 274882278167
01-17 14:22:45.310 32580 2988 D GOS:FeaturePolicyParser: isValidCondition(), map : {service_ver=9.2, optimizer_ver=1189.0, manager_ver=10.7, os_sdk_ver=24.0}
01-17 14:22:45.310 32580 2988 D GOS:ResponseParser: parsePkgDataJsonObj(), serverFeatureFlagPolicy changed by JSON policy : null
01-17 14:22:45.311 3260 3260 E audit : type=1320 audit(1516198965.301:7988):
01-17 14:22:45.311 32580 2988 D GOS:PkgData: PkgData(), pkgName: appinventor.ai_manjot_chana93.Soundboard_Base
01-17 14:22:45.311 32580 2988 D GOS:PkgData: setCustomFeatureFlag, pkgName: appinventor.ai_manjot_chana93.Soundboard_Base, old featureFlag: 274882278167, new featureFlag: 274882278167
01-17 14:22:45.319 3768 3848 D GameManagerService: sem_perfomance_mode: 0
01-17 14:22:45.319 3768 3768 D GameManagerService: NotifyRunnable. pkg: com.google.android.apps.docs, type: 4, isMinimized: false, isTunableApp: false
01-17 14:22:45.319 3768 3768 D GameManagerService: do nothing. mKillNotiCount: 3
01-17 14:22:45.322 3260 3260 E audit : type=1320 audit(1516198965.311:7989):
01-17 14:22:45.325 3768 5649 D ActivityManager: cleanUpApplicationRecord -- 2086
01-17 14:22:45.326 32580 2988 D GOS:DatabaseHelper: updateOrAddPkgData(), add appinventor.ai_manjot_chana93.Soundboard_Base
01-17 14:22:45.326 32580 2988 D GOS:DataManager: addPkgDataFromServer(), A package was added : appinventor.ai_manjot_chana93.Soundboard_Base as undefined
01-17 14:22:45.327 3768 5643 I ActivityManager: DSS on for com.samsung.android.app.taskedge and scale is 1.0
01-17 14:22:45.328 32580 2988 D GOS:PkgData: PkgData(), pkgName: appinventor.ai_manjot_chana93.Soundboard_Base
01-17 14:22:45.328 32580 2988 D GOS:PkgData: setCustomFeatureFlag, pkgName: appinventor.ai_manjot_chana93.Soundboard_Base, old featureFlag: 274882278167, new featureFlag: 274882278167
01-17 14:22:45.328 32580 2988 D GOS:DatabaseHelper: getNotificationDataBasedOnSelectedOption
01-17 14:22:45.330 32580 2988 D GOS:DatabaseHelper: getNotificationDataBasedOnSelectedOption size: 0
01-17 14:22:45.330 32580 2988 D GOS:NotiUtil: Received APP INSTALL Intent
01-17 14:22:45.332 3260 3260 E audit : type=1320 audit(1516198965.321:7990):
01-17 14:22:45.332 32580 2988 D GOS:PkgData: PkgData(), pkgName: appinventor.ai_manjot_chana93.Soundboard_Base
01-17 14:22:45.332 32580 2988 D GOS:PkgData: setCustomFeatureFlag, pkgName: appinventor.ai_manjot_chana93.Soundboard_Base, old featureFlag: 274882278167, new featureFlag: 274882278167
01-17 14:22:45.332 32580 2988 D GOS:MainIntentService: there is gamemanger. don't start GameService
01-17 14:22:45.332 5248 411 D ForegroundUtils: could not check pending caller
01-17 14:22:45.336 3768 7202 D GameManagerService: identifyGamePackage. com.google.android.apps.docs
01-17 14:22:45.336 26887 26901 I SpayFw_SpayProcessStatusChangeMonitor: fg Change, pid : 27629 , isNotify : true , isForeground : true , fg list : [27629, 2990, 2857]
01-17 14:22:45.341 26887 26909 D BufferedFileLogger: cleanupLogs
01-17 14:22:45.344 5248 411 D ForegroundUtils: could not check pending caller
01-17 14:22:45.344 26887 26901 I SpayFw_TapAndGoPreloadTimer: start : Timer scheduled
01-17 14:22:45.345 32580 32580 D GOS:MainIntentService: onDestroy
01-17 14:22:45.346 3100 3100 W System : ClassLoader referenced unknown path: /system/priv-app/TaskEdgePanel/lib/arm64
01-17 14:22:45.347 3768 3888 D KnoxTimeoutHandler: notifyActivityDrawn [MsgParam] userId: 0 fullscreen is true showWhenlocked is false isMutiwindowRecord is false multiwindowstyle is 1
01-17 14:22:45.347 3768 3768 D KnoxTimeoutHandler: activityDrawn [MsgParam] userId: 0 fullscreen is true showWhenlocked is false isMutiwindowRecord is false multiwindowstyle is 1
01-17 14:22:45.350 3768 3768 I KnoxTimeoutHandler: SD activityfalse
01-17 14:22:45.350 3768 3768 I KnoxTimeoutHandler: Fullscreen and mCurrent is not KNOX user. Hence hide keyguard
01-17 14:22:45.356 3768 5644 I ActivityManager: KPU : put [com.wssnps] : 3960 K
01-17 14:22:45.357 3768 5644 I ActivityManager: Killing 2104:com.wssnps/1000 (adj 906): DHA:empty #33
01-17 14:22:45.358 3100 3100 D ContextRelationMgrBrdg: loadKlass() : caller=com.samsung.android.bridge.multiscreen.common.ContextRelationManagerBridge.:28 android.app.LoadedApk.makeApplication:840
01-17 14:22:45.362 3768 7202 D GameManagerService: identifyGamePackage. com.google.android.apps.docs
01-17 14:22:45.362 3768 7202 D GameManagerService: identifyGamePackage. com.google.android.apps.docs
01-17 14:22:45.367 3100 3100 D TaskEdgePanelProvider: onReceive android.intent.action.PACKAGE_ADDED
01-17 14:22:45.369 3768 5298 D DevicePolicyManagerService: PfW getPlayForWorkProxy() 0
01-17 14:22:45.370 3768 5298 D DevicePolicyManagerService: PfW getPlayForWorkProxy() flags & FLAG_ALLOW_PROXY_FOR_PFW 0
01-17 14:22:45.370 3768 5298 D DevicePolicyManagerService: PfW getPlayForWorkProxy() flag 0 does not allow PfW
01-17 14:22:45.370 3768 4032 I ActivityManager: KPU : put [com.scee.psxandroid] : 1112 K
01-17 14:22:45.370 3768 4032 I ActivityManager: Killing 2117:com.scee.psxandroid/u0a244 (adj 906): DHA:empty #33
01-17 14:22:45.373 3768 5305 W MultiScreenManagerService: moveTaskBackToDisplayIfNeeded(): The task has more than one activity
01-17 14:22:45.374 3768 5305 D ActivityManager: moveToFront() : reason=finishActivity adjustFocus setFocusedActivity isAttached=true TaskRecord{297fcb8d0 #15978 A=com.google.android.apps.docs U=0 StackId=1 sz=2}
01-17 14:22:45.375 3768 5305 D InputDispatcher: Focused application set to: xxxx
01-17 14:22:45.376 3768 5305 D ActivityTrigger: ActivityTrigger activityPauseTrigger
01-17 14:22:45.377 3768 5305 D GameManagerService: sem_perfomance_mode: 0
01-17 14:22:45.379 3768 4054 D ActivityManager: post active user change for 0 fullscreen false isHomeActivity() false
01-17 14:22:45.379 3768 4054 D KnoxTimeoutHandler: postActiveUserChange [MsgParam] userId: 0 fullscreen is false showWhenlocked is false isMutiwindowRecord is false multiwindowstyle is 0
01-17 14:22:45.389 3768 7004 V WindowManager: Relayout Window{9c0f571d0 u0 com.google.android.apps.docs/com.google.android.apps.docs.doclist.activity.DocListActivity}: viewVisibility=0 req=1080x1920 WM.LayoutParams{(0,0)(fillxfill) sim=#110 ty=1 fl=#81810100 pfl=0x20000 wanim=0x1030465 vsysui=0x700 needsMenuKey=2 naviIconColor=0}
01-17 14:22:45.395 3768 5316 D ActivityManager: cleanUpApplicationRecord -- 2104
01-17 14:22:45.400 23557 23557 I [SC]SCloudReceiver: onReceive: android.intent.action.PACKAGE_ADDED
01-17 14:22:45.406 27629 28149 D mali_winsys: EGLint new_window_surface(egl_winsys_display*, void*, EGLSurface, EGLConfig, egl_winsys_surface**, egl_color_buffer_format*, EGLBoolean) returns 0x3000, [1080x1920]-format:1
01-17 14:22:45.415 3768 7004 D ActivityManager: cleanUpApplicationRecord -- 2117
01-17 14:22:45.419 3768 3768 D KnoxTimeoutHandler: handleActiveUserChange [MsgParam] userId: 0 fullscreen is false showWhenlocked is false isMutiwindowRecord is false multiwindowstyle is 0
01-17 14:22:45.420 3768 3768 I KnoxTimeoutHandler: Shared devices show user statefalse
01-17 14:22:45.420 3768 3768 I KnoxTimeoutHandler: Target Activity is not fullscreen. We will not show this activity0
01-17 14:22:45.430 27629 27629 D AbsListView: viewType is heaer or footer
01-17 14:22:45.430 27629 27629 D AbsListView: viewType is heaer or footer
01-17 14:22:45.441 3768 7004 D MountService: getExternalStorageMountMode : 1
01-17 14:22:45.441 3768 7004 D MountService: getExternalStorageMountMode : 3
01-17 14:22:45.441 3768 7004 D MountService: getExternalStorageMountMode : final mountMode=1, uid : 1000, packageName : com.samsung.android.themecenter
01-17 14:22:45.441 3768 3768 I Telecom : TelecomFeature: getContactsPackageName: com.samsung.android.contacts: TSI.gDDP@LAo
01-17 14:22:45.441 3768 3768 I Telecom : com.android.server.telecom.TelecomServiceImpl$1: getSystemDialerPackage: com.samsung.android.contacts: TSI.gDDP@LAo
01-17 14:22:45.441 3768 3768 I Telecom : TelecomFeature: getContactsPackageName: com.samsung.android.contacts
01-17 14:22:45.456 3768 7004 I ActivityManager: Start proc 3139:com.samsung.android.themecenter/1000 for broadcast com.samsung.android.themecenter/com.samsung.android.thememanager.ThemeManagerReceiver
01-17 14:22:45.456 5248 6985 D ForegroundUtils: could not check pending caller
01-17 14:22:45.457 5248 6985 D ForegroundUtils: could not check pending caller
01-17 14:22:45.457 3139 3139 E Zygote : v2
01-17 14:22:45.457 3139 3139 I libpersona: KNOX_SDCARD checking this for 1000
01-17 14:22:45.457 3139 3139 I libpersona: KNOX_SDCARD not a persona
01-17 14:22:45.459 3139 3139 E Zygote : accessInfo : 0
01-17 14:22:45.459 3139 3139 W SELinux : SELinux selinux_android_compute_policy_index : Policy Index[2], Con:u:r:zygote:s0 SPD:SEPF_SECMOBILE_7.0_0006 RAM:SEPF_SECMOBILE_7.0_0009, [-1 -1 -9 -1 0 1]
01-17 14:22:45.461 3139 3139 I SELinux : SELinux: seapp_context_lookup: seinfo=platform, pkgname=com.samsung.android.themecenter
01-17 14:22:45.465 3768 5279 D ActivityManager: resumeTopActivityInnerLocked() : #1 prevTask=TaskRecord{297fcb8d0 #15978 A=com.google.android.apps.docs U=0 StackId=1 sz=2} next=ActivityRecord{56740a6d0 u0 com.google.android.apps.docs/.doclist.activity.DocListActivity t15978} mFocusedStack=ActivityStack{9425ef3d0 stackId=1, 8 tasks}
01-17 14:22:45.480 3139 3139 D TimaKeyStoreProvider: TimaSignature is unavailable
01-17 14:22:45.481 3139 3139 D ActivityThread: Added TimaKeyStore provider
01-17 14:22:45.484 3768 5279 D GameManagerService: sem_perfomance_mode: 0
01-17 14:22:45.484 3768 3768 D GameManagerService: NotifyRunnable. pkg: com.google.android.apps.docs, type: 4, isMinimized: false, isTunableApp: false
01-17 14:22:45.484 3768 3768 D GameManagerService: do nothing. mKillNotiCount: 3
01-17 14:22:45.485 4222 4222 E ApplicationPackageManager: checkSettingsForIconTray value : 0
01-17 14:22:45.485 4222 4222 E ApplicationPackageManager: checkSettingsForIconTray value : 0
01-17 14:22:45.492 3768 4032 D PackageManager: getComponentMetadataForIconTray : appinventor.ai_manjot_chana93.Soundboard_Base.Screen1 does not exist in mServices
01-17 14:22:45.492 3768 4032 D PackageManager: getComponentMetadataForIconTray : appinventor.ai_manjot_chana93.Soundboard_Base.Screen1 does not exist in mProviders
01-17 14:22:45.492 3768 4032 D PackageManager: getComponentMetadataForIconTray : appinventor.ai_manjot_chana93.Soundboard_Base.Screen1 does not exist in mReceivers
01-17 14:22:45.492 4222 4222 I ApplicationPackageManager: load=appinventor.ai_manjot_chana93.Soundboard_Base, bg=144-144, dr=144-144, forDefault=true
01-17 14:22:45.492 4222 4222 E ApplicationPackageManager: checkSettingsForIconTray value : 0
01-17 14:22:45.495 4222 4222 I ApplicationPackageManager: scaled rate=0.88, size=144, alpha=0, hold=26, target=144
01-17 14:22:45.500 3768 3888 D KnoxTimeoutHandler: notifyActivityDrawn [MsgParam] userId: 0 fullscreen is true showWhenlocked is false isMutiwindowRecord is false multiwindowstyle is 1
01-17 14:22:45.501 3768 3768 D KnoxTimeoutHandler: activityDrawn [MsgParam] userId: 0 fullscreen is true showWhenlocked is false isMutiwindowRecord is false multiwindowstyle is 1
01-17 14:22:45.501 3768 4020 I ActivityManager: DSS on for com.samsung.android.themecenter and scale is 1.0
01-17 14:22:45.504 3768 3768 I KnoxTimeoutHandler: SD activityfalse
01-17 14:22:45.504 3768 3768 I KnoxTimeoutHandler: Fullscreen and mCurrent is not KNOX user. Hence hide keyguard
01-17 14:22:45.505 3768 4104 D MdnieScenarioControlService: packageName : com.google.android.apps.docs className : com.google.android.apps.docs.doclist.activity.DocListActivity
01-17 14:22:45.518 3139 3139 W System : ClassLoader referenced unknown path: /system/priv-app/ThemeCenter/lib/arm64
01-17 14:22:45.524 3768 5306 D WindowManager: finishDrawingWindow: Window{9c0f571d0 u0 com.google.android.apps.docs/com.google.android.apps.docs.doclist.activity.DocListActivity} mDrawState=HAS_DRAWN
01-17 14:22:45.526 7255 7642 I System.out: (HTTPLog)-Static: isSBSettingEnabled false
01-17 14:22:45.526 7255 7642 I System.out: (HTTPLog)-Static: isSBSettingEnabled false
01-17 14:22:45.527 3312 3866 D EnterpriseController: netId is 0
01-17 14:22:45.527 3312 3866 D Netd : getNetworkForDns: using netid 551 for uid 10017
01-17 14:22:45.527 3312 3866 D DnsProxyListener: DNSDBG::dns addrinfo af 0
01-17 14:22:45.531 27629 27629 W Glide : Load failed for ThumbnailModel[0, null, null, null] with size [672x288]
01-17 14:22:45.531 27629 27629 W Glide : class ach: Failed to load resource
01-17 14:22:45.531 27629 27629 W Glide : Cause (1 of 1): class ach: Fetching data failed, class java.io.InputStream, REMOTE
01-17 14:22:45.531 27629 27629 W Glide : Cause (1 of 1): class aam: Failed executing request through HttpExecutor
01-17 14:22:45.537 3139 3139 D ContextRelationMgrBrdg: loadKlass() : caller=com.samsung.android.bridge.multiscreen.common.ContextRelationManagerBridge.:28 android.app.LoadedApk.makeApplication:840
01-17 14:22:45.542 3768 4050 D DevicePolicyManagerService: PfW getPlayForWorkProxy() 0
01-17 14:22:45.543 3768 4050 D DevicePolicyManagerService: PfW getPlayForWorkProxy() flags & FLAG_ALLOW_PROXY_FOR_PFW 0
01-17 14:22:45.543 3768 4050 D DevicePolicyManagerService: PfW getPlayForWorkProxy() flag 0 does not allow PfW
01-17 14:22:45.545 3139 3139 I ThemeManagerReceiver: ThemeManagerReceiver onReceive android.intent.action.PACKAGE_ADDED
01-17 14:22:45.554 3768 5292 D MountService: getExternalStorageMountMode : 3
01-17 14:22:45.554 3768 5292 D MountService: getExternalStorageMountMode : 3
01-17 14:22:45.554 3768 5292 D MountService: getExternalStorageMountMode : final mountMode=3, uid : 10026, packageName : com.sec.android.app.samsungapps
01-17 14:22:45.556 3768 7012 D WindowManager: addWindow: android.view.IWindow$Stub$Proxy@d949030 displayId=0
01-17 14:22:45.557 3768 7012 D InputTransport: Input channel constructed: fd=558
01-17 14:22:45.557 3768 7012 D InputTransport: Input channel constructed: fd=562
01-17 14:22:45.557 3768 7012 D InputTransport: Input channel destroyed: fd=562
01-17 14:22:45.558 27629 27629 D InputTransport: Input channel constructed: fd=87
01-17 14:22:45.558 27629 27629 D ViewRootImpl@72bd2ad[DocListActivity]: setView = DecorView@6a799e2[] touchMode=true
01-17 14:22:45.568 3768 5292 I ActivityManager: Start proc 3154:com.sec.android.app.samsungapps/u0a26 for broadcast com.sec.android.app.samsungapps/.MyPackageReplacedReceiver
01-17 14:22:45.568 3154 3154 E Zygote : v2
01-17 14:22:45.568 3154 3154 I libpersona: KNOX_SDCARD checking this for 10026
01-17 14:22:45.568 3154 3154 I libpersona: KNOX_SDCARD not a persona
01-17 14:22:45.568 3154 3154 E Zygote : accessInfo : 0
01-17 14:22:45.569 3154 3154 W SELinux : SELinux selinux_android_compute_policy_index : Policy Index[2], Con:u:r:zygote:s0 SPD:SEPF_SECMOBILE_7.0_0006 RAM:SEPF_SECMOBILE_7.0_0009, [-1 -1 -9 -1 0 1]
01-17 14:22:45.570 3154 3154 I SELinux : SELinux: seapp_context_lookup: seinfo=samsung, level=s0:c512,c768, pkgname=com.sec.android.app.samsungapps
01-17 14:22:45.571 3768 5292 I ActivityManager: KPU : put [com.android.printspooler] : 4040 K
01-17 14:22:45.571 3768 5292 I ActivityManager: Killing 1799:com.android.printspooler/u0a175 (adj 906): DHA:empty #33
01-17 14:22:45.575 7255 7642 W Conscrypt: Could not set socket write timeout:
01-17 14:22:45.576 3768 5702 D DevicePolicyManagerService: PfW getPlayForWorkProxy() 0
01-17 14:22:45.577 7255 7642 W Conscrypt: java.lang.reflect.Method.invoke(Native Method)
01-17 14:22:45.577 7255 7642 W Conscrypt: com.google.android.gms.org.conscrypt.Platform.setSocketWriteTimeout(:com.google.android.gms@11951448:13)
01-17 14:22:45.579 3768 5702 D DevicePolicyManagerService: PfW getPlayForWorkProxy() flags & FLAG_ALLOW_PROXY_FOR_PFW 0
01-17 14:22:45.579 3768 5702 D DevicePolicyManagerService: PfW getPlayForWorkProxy() flag 0 does not allow PfW
01-17 14:22:45.584 3768 5316 D ActivityManager: post active user change for 0 fullscreen true isHomeActivity() false
01-17 14:22:45.584 3768 5316 D KnoxTimeoutHandler: postActiveUserChange [MsgParam] userId: 0 fullscreen is true showWhenlocked is false isMutiwindowRecord is false multiwindowstyle is 0
01-17 14:22:45.586 3768 3768 D KnoxTimeoutHandler: handleActiveUserChange [MsgParam] userId: 0 fullscreen is true showWhenlocked is false isMutiwindowRecord is false multiwindowstyle is 0
01-17 14:22:45.587 3260 3260 E audit : type=1320 audit(1516198965.581:7991):
01-17 14:22:45.589 3768 3768 I KnoxTimeoutHandler: Shared devices show user statefalse
01-17 14:22:45.593 3768 5642 V WindowManager: Relayout Window{2e81a2ed0 u0 com.google.android.apps.docs/com.google.android.apps.docs.doclist.activity.DocListActivity}: viewVisibility=0 req=228x387 WM.LayoutParams{(0,0)(wrapxwrap) gr=#11 sim=#120 ty=2 fl=#1800000 fmt=-2 wanim=0x1030002 needsMenuKey=2 naviIconColor=0}
01-17 14:22:45.594 3197 3197 I SurfaceFlinger: id=10428 createSurf (1x1),1 flag=4, EocListActi
01-17 14:22:45.597 3154 3154 D TimaKeyStoreProvider: TimaSignature is unavailable
01-17 14:22:45.597 3154 3154 D ActivityThread: Added TimaKeyStore provider
01-17 14:22:45.602 3260 3260 E audit : type=1320 audit(1516198965.591:7992):
01-17 14:22:45.607 3768 4032 I ActivityManager: DSS on for com.sec.android.app.samsungapps and scale is 1.0
01-17 14:22:45.608 27629 28345 W ktx : Application name is not set. Call Builder#setApplicationName.
01-17 14:22:45.619 3260 3260 E audit : type=1320 audit(1516198965.611:7993):
01-17 14:22:45.629 3260 3260 E audit : type=1320 audit(1516198965.621:7994):
01-17 14:22:45.630 7255 7642 W Conscrypt: Could not set socket write timeout:
01-17 14:22:45.631 7255 7642 W Conscrypt: java.lang.reflect.Method.invoke(Native Method)
01-17 14:22:45.631 7255 7642 W Conscrypt: com.google.android.gms.org.conscrypt.Platform.setSocketWriteTimeout(:com.google.android.gms@11951448:13)
01-17 14:22:45.636 27629 28149 D mali_winsys: EGLint new_window_surface(egl_winsys_display*, void*, EGLSurface, EGLConfig, egl_winsys_surface**, egl_color_buffer_format*, EGLBoolean) returns 0x3000, [228x387]-format:1
01-17 14:22:45.651 27629 27629 D AbsListView: viewType is heaer or footer
01-17 14:22:45.651 27629 27629 D AbsListView: viewType is heaer or footer
01-17 14:22:45.658 3768 5324 V WindowManager: Relayout Window{114bfdd0 u0 com.google.android.apps.docs/com.google.android.apps.docs.doclist.documentopener.DocumentOpenerActivityDelegate}: viewVisibility=8 req=1080x1920 WM.LayoutParams{(0,0)(fillxfill) sim=#120 ty=1 fl=#81810100 pfl=0x20000 fmt=-2 wanim=0x1030000 vsysui=0x600 needsMenuKey=2 naviIconColor=0}
01-17 14:22:45.660 3154 3154 I art : Starting a blocking GC AddRemoveAppImageSpace
01-17 14:22:45.666 3154 3154 W System : ClassLoader referenced unknown path: /data/app/com.sec.android.app.samsungapps-1/lib/arm64
01-17 14:22:45.681 3154 3154 D ContextRelationMgrBrdg: loadKlass() : caller=com.samsung.android.bridge.multiscreen.common.ContextRelationManagerBridge.:28 android.app.LoadedApk.makeApplication:840
01-17 14:22:45.697 3768 5291 D WindowManager: finishDrawingWindow: Window{2e81a2ed0 u0 com.google.android.apps.docs/com.google.android.apps.docs.doclist.activity.DocListActivity} mDrawState=DRAW_PENDING
01-17 14:22:45.698 3768 4960 D ActivityManager: cleanUpApplicationRecord -- 1799
01-17 14:22:45.701 5248 5260 D ForegroundUtils: could not check pending caller
01-17 14:22:45.707 3154 3154 D SamsungApps: GalaxyApps Application onCreate calling...
01-17 14:22:45.720 27629 27629 D ViewRootImpl@72bd2ad[DocListActivity]: MSG_RESIZED_REPORT: ci=Rect(0, 0 - 0, 0) vi=Rect(0, 0 - 0, 0) or=1
01-17 14:22:45.724 27629 27629 D ViewRootImpl@72bd2ad[DocListActivity]: dispatchDetachedFromWindow
01-17 14:22:45.725 3154 3154 D SamsungAnalytics:1.8.25: newThread on Executor
01-17 14:22:45.725 3154 3154 D SamsungAnalytics:1.8.25: [Tracker] Tracker start:1.8.25
01-17 14:22:45.731 3154 3178 D SamsungAnalytics:1.8.25: [DLS Sender] Network unavailable.
01-17 14:22:45.732 3154 3178 D SamsungAnalytics:1.8.25: [Setting Sender] Send fail
01-17 14:22:45.733 3768 5703 I WindowManager_SurfaceController: Destroying surface Surface(name=com.google.android.apps.docs/com.google.android.apps.docs.doclist.activity.DocListActivity) called by com.android.server.wm.WindowStateAnimator.destroySurface:2840 com.android.server.wm.WindowStateAnimator.destroySurfaceLocked:1070 com.android.server.wm.WindowState.removeLocked:1783 com.android.server.wm.WindowManagerService.removeWindowInnerLocked:2889 com.android.server.wm.WindowManagerService.removeWindowLocked:2829 com.android.server.wm.WindowManagerService.removeWindowLocked:2654 com.android.server.wm.WindowManagerService.removeWindow:2649 com.android.server.wm.Session.remove:218
01-17 14:22:45.733 3197 3995 I SurfaceFlinger: id=10428 Removed EocListActi (5/10)
01-17 14:22:45.734 3197 3995 I SurfaceFlinger: id=10428 Removed EocListActi (-2/10)
01-17 14:22:45.735 3154 3154 V ConcreteDeviceInfoLoader: deviceInfo simOperator : 23415
01-17 14:22:45.749 3768 5703 D InputTransport: Input channel destroyed: fd=558
01-17 14:22:45.751 27629 27629 D InputTransport: Input channel destroyed: fd=87
01-17 14:22:45.751 3768 3888 D KnoxTimeoutHandler: notifyActivityDrawn [MsgParam] userId: 0 fullscreen is true showWhenlocked is false isMutiwindowRecord is false multiwindowstyle is 1
01-17 14:22:45.752 3768 3768 D KnoxTimeoutHandler: activityDrawn [MsgParam] userId: 0 fullscreen is true showWhenlocked is false isMutiwindowRecord is false multiwindowstyle is 1
01-17 14:22:45.753 3768 3768 I KnoxTimeoutHandler: SD activityfalse
01-17 14:22:45.753 3768 3768 I KnoxTimeoutHandler: Fullscreen and mCurrent is not KNOX user. Hence hide keyguard
01-17 14:22:45.763 3154 3154 V ConcreteDeviceInfoLoader: deviceInfo simOperator : 23415
01-17 14:22:45.770 3154 3154 V ConcreteDeviceInfoLoader: deviceInfo simOperator : 23415
01-17 14:22:45.771 3312 3866 D EnterpriseController: netId is 0
01-17 14:22:45.771 3312 3866 D Netd : getNetworkForDns: using netid 551 for uid 10125
01-17 14:22:45.771 3312 3866 D DnsProxyListener: DNSDBG::dns addrinfo af 0
01-17 14:22:45.774 3154 3154 D [SAUI] : StickerCenterInfo::::StickerCenterInfo
01-17 14:22:45.776 27629 27629 D AbsListView: viewType is heaer or footer
01-17 14:22:45.776 27629 27629 D AbsListView: viewType is heaer or footer
01-17 14:22:45.778 3154 3154 D NetworkSecurityConfig: No Network Security Config specified, using platform default
01-17 14:22:45.787 3154 3154 D [SAUI] : StickerCenterAsyncQueryHandler::::startAllStickerItemInfoQuery content://null/noBlob/sticker/*
01-17 14:22:45.789 3154 3184 E ActivityThread: Failed to find provider info for null
01-17 14:22:45.796 3768 7004 D DevicePolicyManagerService: PfW getPlayForWorkProxy() 0
01-17 14:22:45.796 27629 28565 W ktx : Application name is not set. Call Builder#setApplicationName.
01-17 14:22:45.797 3154 3154 D Sppmt : Test mode:false, cfgFileExist:false, canWrite:false
01-17 14:22:45.802 3768 7004 D DevicePolicyManagerService: PfW getPlayForWorkProxy() flags & FLAG_ALLOW_PROXY_FOR_PFW 0
01-17 14:22:45.802 3768 7004 D DevicePolicyManagerService: PfW getPlayForWorkProxy() flag 0 does not allow PfW
01-17 14:22:45.812 3312 3866 D EnterpriseController: netId is 0
01-17 14:22:45.812 3312 3866 D Netd : getNetworkForDns: using netid 551 for uid 10125
01-17 14:22:45.812 3312 3866 D DnsProxyListener: DNSDBG::dns addrinfo af 0
01-17 14:22:45.814 3154 3154 D SamsungApps: GalaxyApps Application onCreate called...
01-17 14:22:45.821 3768 5306 D MountService: getExternalStorageMountMode : 1
01-17 14:22:45.821 3768 5306 D MountService: getExternalStorageMountMode : 3
01-17 14:22:45.821 3768 5306 D MountService: getExternalStorageMountMode : final mountMode=1, uid : 10180, packageName : com.sec.android.app.sbrowser
01-17 14:22:45.821 27629 27629 D AbsListView: viewType is heaer or footer
01-17 14:22:45.821 27629 27629 D AbsListView: viewType is heaer or footer
01-17 14:22:45.834 3194 3194 E Zygote : v2
01-17 14:22:45.834 3194 3194 I libpersona: KNOX_SDCARD checking this for 10180
01-17 14:22:45.834 3194 3194 I libpersona: KNOX_SDCARD not a persona
01-17 14:22:45.834 3194 3194 E Zygote : isSdpEnabledProcess - SDP enabled
