01-17 14:21:16.786 3768 4072 D ConnectivityService: checking if request is satisfied: NetworkRequest [ id=3, legacyType=-1, [] ]
01-17 14:21:16.786 3768 4072 D ConnectivityService: Network NetworkAgentInfo [MOBILE (LTE) - 539] was already satisfying request 903. No change.
01-17 14:21:16.786 3768 4072 D ConnectivityService: checking if request is satisfied: NetworkRequest [ id=5, legacyType=-1, [] ]
01-17 14:21:16.787 3768 4072 D ConnectivityService: checking if request is satisfied: NetworkRequest [ id=628, legacyType=-1, [ Capabilities: INTERNET&NOT_RESTRICTED&TRUSTED] ]
01-17 14:21:16.787 3768 4072 D ConnectivityService: checking if request is satisfied: NetworkRequest [ id=4, legacyType=-1, [ Transports: WIFI Capabilities: INTERNET&NOT_RESTRICTED&TRUSTED&NOT_VPN] ]
01-17 14:21:16.787 3768 4072 D ConnectivityService: checking if request is satisfied: NetworkRequest [ id=9, legacyType=-1, [ Transports: CELLULAR|WIFI Capabilities: NOT_RESTRICTED&TRUSTED&NOT_VPN] ]
01-17 14:21:16.787 3768 4072 D ConnectivityService: checking if request is satisfied: NetworkRequest [ id=787, legacyType=-1, [ Capabilities: INTERNET&NOT_RESTRICTED&TRUSTED] ]
01-17 14:21:16.787 3768 4072 D ConnectivityService: checking if request is satisfied: NetworkRequest [ id=19, legacyType=-1, [ Capabilities: INTERNET&NOT_RESTRICTED&TRUSTED] ]
01-17 14:21:16.787 3768 4072 D ConnectivityService: checking if request is satisfied: NetworkRequest [ id=1250, legacyType=-1, [ Capabilities: INTERNET&NOT_RESTRICTED&TRUSTED] ]
01-17 14:21:16.787 3768 4072 D ConnectivityService: checking if request is satisfied: NetworkRequest [ id=7, legacyType=-1, [ Transports: CELLULAR Capabilities: INTERNET&NOT_RESTRICTED&TRUSTED&NOT_VPN] ]
01-17 14:21:16.787 3768 4072 D ConnectivityService: checking if request is satisfied: NetworkRequest [ id=1210, legacyType=-1, [ Transports: WIFI Capabilities: INTERNET&NOT_RESTRICTED&TRUSTED&NOT_VPN] ]
01-17 14:21:16.787 3768 4072 D ConnectivityService: checking if request is satisfied: NetworkRequest [ id=6, legacyType=-1, [ Transports: WIFI Capabilities: INTERNET&NOT_RESTRICTED&TRUSTED&NOT_VPN] ]
01-17 14:21:16.787 3768 4072 D ConnectivityService: checking if request is satisfied: NetworkRequest [ id=1262, legacyType=-1, [ Capabilities: INTERNET&NOT_RESTRICTED&TRUSTED] ]
01-17 14:21:16.787 3768 4072 D ConnectivityService: checking if request is satisfied: NetworkRequest [ id=639, legacyType=-1, [ Capabilities: INTERNET&NOT_RESTRICTED&TRUSTED&NOT_VPN] ]
01-17 14:21:16.787 3768 4072 D ConnectivityService: checking if request is satisfied: NetworkRequest [ id=1271, legacyType=-1, [ Capabilities: INTERNET&NOT_RESTRICTED&TRUSTED] ]
01-17 14:21:16.788 3768 4072 D ConnectivityService: checking if request is satisfied: NetworkRequest [ id=12, legacyType=-1, [ Transports: WIFI Capabilities: INTERNET&NOT_RESTRICTED&TRUSTED&NOT_VPN] ]
01-17 14:21:16.788 3768 4072 D ConnectivityService: checking if request is satisfied: NetworkRequest [ id=1261, legacyType=-1, [ Capabilities: INTERNET&NOT_RESTRICTED&TRUSTED] ]
01-17 14:21:16.788 3768 4072 D ConnectivityService: checking if request is satisfied: NetworkRequest [ id=1272, legacyType=-1, [ Capabilities: INTERNET&NOT_RESTRICTED&TRUSTED] ]
01-17 14:21:16.788 3768 4072 D ConnectivityService: notifyType CAP_CHANGED for NetworkAgentInfo [WIFI () - 551]
01-17 14:21:16.788 3768 4072 D ConnectivityService: sending notification for NetworkRequest [ id=1, legacyType=-1, [ Capabilities: INTERNET&NOT_RESTRICTED&TRUSTED&NOT_VPN] ]
01-17 14:21:16.788 3768 4072 D ConnectivityService: sending notification for NetworkRequest [ id=3, legacyType=-1, [] ]
01-17 14:21:16.788 3768 4072 D ConnectivityService: sending notification CAP_CHANGED for NetworkRequest [ id=3, legacyType=-1, [] ]
01-17 14:21:16.788 3768 4072 D ConnectivityService: sending notification for NetworkRequest [ id=4, legacyType=-1, [ Transports: WIFI Capabilities: INTERNET&NOT_RESTRICTED&TRUSTED&NOT_VPN] ]
01-17 14:21:16.788 3768 4072 D ConnectivityService: sending notification CAP_CHANGED for NetworkRequest [ id=4, legacyType=-1, [ Transports: WIFI Capabilities: INTERNET&NOT_RESTRICTED&TRUSTED&NOT_VPN] ]
01-17 14:21:16.789 3768 4072 D ConnectivityService: sending notification for NetworkRequest [ id=5, legacyType=-1, [] ]
01-17 14:21:16.789 3768 4072 D ConnectivityService: sending notification CAP_CHANGED for NetworkRequest [ id=5, legacyType=-1, [] ]
01-17 14:21:16.789 3768 4072 D ConnectivityService: sending notification for NetworkRequest [ id=6, legacyType=-1, [ Transports: WIFI Capabilities: INTERNET&NOT_RESTRICTED&TRUSTED&NOT_VPN] ]
01-17 14:21:16.790 3768 4072 D ConnectivityService: sending notification CAP_CHANGED for NetworkRequest [ id=6, legacyType=-1, [ Transports: WIFI Capabilities: INTERNET&NOT_RESTRICTED&TRUSTED&NOT_VPN] ]
01-17 14:21:16.791 3768 4072 D ConnectivityService: sending notification for NetworkRequest [ id=8, legacyType=-1, [ Transports: WIFI Capabilities: INTERNET&NOT_RESTRICTED&TRUSTED&NOT_VPN] ]
01-17 14:21:16.791 3768 4072 D ConnectivityService: sending notification CAP_CHANGED for NetworkRequest [ id=8, legacyType=-1, [ Transports: WIFI Capabilities: INTERNET&NOT_RESTRICTED&TRUSTED&NOT_VPN] ]
01-17 14:21:16.791 3768 4072 D ConnectivityService: sending notification for NetworkRequest [ id=9, legacyType=-1, [ Transports: CELLULAR|WIFI Capabilities: NOT_RESTRICTED&TRUSTED&NOT_VPN] ]
01-17 14:21:16.791 3768 4072 D ConnectivityService: sending notification CAP_CHANGED for NetworkRequest [ id=9, legacyType=-1, [ Transports: CELLULAR|WIFI Capabilities: NOT_RESTRICTED&TRUSTED&NOT_VPN] ]
01-17 14:21:16.792 3768 4072 D ConnectivityService: sending notification for NetworkRequest [ id=12, legacyType=-1, [ Transports: WIFI Capabilities: INTERNET&NOT_RESTRICTED&TRUSTED&NOT_VPN] ]
01-17 14:21:16.792 3768 4072 D ConnectivityService: sending notification CAP_CHANGED for NetworkRequest [ id=12, legacyType=-1, [ Transports: WIFI Capabilities: INTERNET&NOT_RESTRICTED&TRUSTED&NOT_VPN] ]
01-17 14:21:16.792 3768 4072 D ConnectivityService: sending notification for NetworkRequest [ id=19, legacyType=-1, [ Capabilities: INTERNET&NOT_RESTRICTED&TRUSTED] ]
01-17 14:21:16.792 3768 4072 D ConnectivityService: sending notification CAP_CHANGED for NetworkRequest [ id=19, legacyType=-1, [ Capabilities: INTERNET&NOT_RESTRICTED&TRUSTED] ]
01-17 14:21:16.793 3768 4072 D ConnectivityService: sending notification for NetworkRequest [ id=63, legacyType=-1, [ Capabilities: INTERNET&NOT_RESTRICTED&TRUSTED] ]
01-17 14:21:16.793 3768 4072 D ConnectivityService: sending notification CAP_CHANGED for NetworkRequest [ id=63, legacyType=-1, [ Capabilities: INTERNET&NOT_RESTRICTED&TRUSTED] ]
01-17 14:21:16.794 3768 4072 D ConnectivityService: sending notification for NetworkRequest [ id=64, legacyType=-1, [ Capabilities: INTERNET&NOT_RESTRICTED&TRUSTED] ]
01-17 14:21:16.794 3768 4072 D ConnectivityService: sending notification CAP_CHANGED for NetworkRequest [ id=64, legacyType=-1, [ Capabilities: INTERNET&NOT_RESTRICTED&TRUSTED] ]
01-17 14:21:16.795 3768 4072 D ConnectivityService: sending notification for NetworkRequest [ id=627, legacyType=-1, [ Capabilities: INTERNET&NOT_RESTRICTED&TRUSTED] ]
01-17 14:21:16.795 3768 4072 D ConnectivityService: sending notification CAP_CHANGED for NetworkRequest [ id=627, legacyType=-1, [ Capabilities: INTERNET&NOT_RESTRICTED&TRUSTED] ]
01-17 14:21:16.796 3768 4072 D ConnectivityService: sending notification for NetworkRequest [ id=628, legacyType=-1, [ Capabilities: INTERNET&NOT_RESTRICTED&TRUSTED] ]
01-17 14:21:16.796 3768 4072 D ConnectivityService: sending notification CAP_CHANGED for NetworkRequest [ id=628, legacyType=-1, [ Capabilities: INTERNET&NOT_RESTRICTED&TRUSTED] ]
01-17 14:21:16.797 3768 4072 D ConnectivityService: sending notification for NetworkRequest [ id=639, legacyType=-1, [ Capabilities: INTERNET&NOT_RESTRICTED&TRUSTED&NOT_VPN] ]
01-17 14:21:16.797 3768 4072 D ConnectivityService: sending notification CAP_CHANGED for NetworkRequest [ id=639, legacyType=-1, [ Capabilities: INTERNET&NOT_RESTRICTED&TRUSTED&NOT_VPN] ]
01-17 14:21:16.797 3768 4072 D ConnectivityService: sending notification for NetworkRequest [ id=787, legacyType=-1, [ Capabilities: INTERNET&NOT_RESTRICTED&TRUSTED] ]
01-17 14:21:16.797 3768 4072 D ConnectivityService: sending notification CAP_CHANGED for NetworkRequest [ id=787, legacyType=-1, [ Capabilities: INTERNET&NOT_RESTRICTED&TRUSTED] ]
01-17 14:21:16.798 3768 4072 D ConnectivityService: sending notification for NetworkRequest [ id=926, legacyType=-1, [ Capabilities: INTERNET&NOT_RESTRICTED&TRUSTED] ]
01-17 14:21:16.798 3768 4072 D ConnectivityService: sending notification CAP_CHANGED for NetworkRequest [ id=926, legacyType=-1, [ Capabilities: INTERNET&NOT_RESTRICTED&TRUSTED] ]
01-17 14:21:16.798 3768 4072 D ConnectivityService: sending notification for NetworkRequest [ id=1210, legacyType=-1, [ Transports: WIFI Capabilities: INTERNET&NOT_RESTRICTED&TRUSTED&NOT_VPN] ]
01-17 14:21:16.798 3768 4072 D ConnectivityService: sending notification CAP_CHANGED for NetworkRequest [ id=1210, legacyType=-1, [ Transports: WIFI Capabilities: INTERNET&NOT_RESTRICTED&TRUSTED&NOT_VPN] ]
01-17 14:21:16.799 3768 4072 D ConnectivityService: sending notification for NetworkRequest [ id=1250, legacyType=-1, [ Capabilities: INTERNET&NOT_RESTRICTED&TRUSTED] ]
01-17 14:21:16.799 3768 4072 D ConnectivityService: sending notification CAP_CHANGED for NetworkRequest [ id=1250, legacyType=-1, [ Capabilities: INTERNET&NOT_RESTRICTED&TRUSTED] ]
01-17 14:21:16.799 3768 4072 D ConnectivityService: sending notification for NetworkRequest [ id=1252, legacyType=-1, [ Capabilities: INTERNET&NOT_RESTRICTED&TRUSTED] ]
01-17 14:21:16.800 3768 4072 D ConnectivityService: sending notification CAP_CHANGED for NetworkRequest [ id=1252, legacyType=-1, [ Capabilities: INTERNET&NOT_RESTRICTED&TRUSTED] ]
01-17 14:21:16.800 3768 4072 D ConnectivityService: sending notification for NetworkRequest [ id=1261, legacyType=-1, [ Capabilities: INTERNET&NOT_RESTRICTED&TRUSTED] ]
01-17 14:21:16.800 3768 4072 D ConnectivityService: sending notification CAP_CHANGED for NetworkRequest [ id=1261, legacyType=-1, [ Capabilities: INTERNET&NOT_RESTRICTED&TRUSTED] ]
01-17 14:21:16.801 3768 4072 D ConnectivityService: sending notification for NetworkRequest [ id=1262, legacyType=-1, [ Capabilities: INTERNET&NOT_RESTRICTED&TRUSTED] ]
01-17 14:21:16.802 3768 4072 D ConnectivityService: sending notification CAP_CHANGED for NetworkRequest [ id=1262, legacyType=-1, [ Capabilities: INTERNET&NOT_RESTRICTED&TRUSTED] ]
01-17 14:21:16.805 3768 4072 D ConnectivityService: sending notification for NetworkRequest [ id=1271, legacyType=-1, [ Capabilities: INTERNET&NOT_RESTRICTED&TRUSTED] ]
01-17 14:21:16.805 3768 4072 D ConnectivityService: sending notification CAP_CHANGED for NetworkRequest [ id=1271, legacyType=-1, [ Capabilities: INTERNET&NOT_RESTRICTED&TRUSTED] ]
01-17 14:21:16.806 3768 4072 D ConnectivityService: sending notification for NetworkRequest [ id=1272, legacyType=-1, [ Capabilities: INTERNET&NOT_RESTRICTED&TRUSTED] ]
01-17 14:21:16.806 3768 4072 D ConnectivityService: sending notification CAP_CHANGED for NetworkRequest [ id=1272, legacyType=-1, [ Capabilities: INTERNET&NOT_RESTRICTED&TRUSTED] ]
01-17 14:21:16.808 4222 4499 D NetworkController: onReceive: intent=Intent { act=android.net.wifi.RSSI_CHANGED flg=0x4000010 launchParam=MultiScreenLaunchParams { mDisplayId=0 mFlags=0 } bqHint=1 (has extras) }
01-17 14:21:16.824 3768 4039 D WifiStateMachine: Current network is: "SKY03AE5" , ID is: 1
01-17 14:21:18.577 27471 27488 D [ACT]:ao: processing priority = HIGH
01-17 14:21:18.580 27443 27465 D [ACT]:ao: processing priority = HIGH
01-17 14:21:19.095 5169 5179 I art : Background partial concurrent mark sweep GC freed 272286(17MB) AllocSpace objects, 5(148KB) LOS objects, 39% free, 24MB/40MB, paused 1.387ms total 299.888ms
01-17 14:21:19.734 4947 4947 D io_stats: !@ 8,0 r 8592704 393042388 w 3677708 76428044 d 367660 41375532 f 1097669 1096480 iot 8358410 7421309 th 295624 0 0 pt 0 inp 0 0 126519.000
01-17 14:21:19.848 3768 4039 D WifiStateMachine: Current network is: "SKY03AE5" , ID is: 1
01-17 14:21:19.848 3768 4072 D ConnectivityService: updateNetworkScore for NetworkAgentInfo [WIFI () - 551] to 56
01-17 14:21:19.848 3768 4072 D ConnectivityService: rematching NetworkAgentInfo [WIFI () - 551]
01-17 14:21:19.848 3768 4072 D ConnectivityService: network has: [ Transports: WIFI Capabilities: NOT_METERED&INTERNET&NOT_RESTRICTED&TRUSTED&NOT_VPN&VALIDATED LinkUpBandwidth>=1048576Kbps LinkDnBandwidth>=1048576Kbps SignalStrength: -64]
01-17 14:21:19.848 3768 4072 D ConnectivityService: checking if request is satisfied: NetworkRequest [ id=926, legacyType=-1, [ Capabilities: INTERNET&NOT_RESTRICTED&TRUSTED] ]
01-17 14:21:19.848 3768 4072 D ConnectivityService: checking if request is satisfied: NetworkRequest [ id=627, legacyType=-1, [ Capabilities: INTERNET&NOT_RESTRICTED&TRUSTED] ]
01-17 14:21:19.848 3768 4072 D ConnectivityService: checking if request is satisfied: NetworkRequest [ id=64, legacyType=-1, [ Capabilities: INTERNET&NOT_RESTRICTED&TRUSTED] ]
01-17 14:21:19.848 3768 4072 D ConnectivityService: checking if request is satisfied: NetworkRequest [ id=8, legacyType=-1, [ Transports: WIFI Capabilities: INTERNET&NOT_RESTRICTED&TRUSTED&NOT_VPN] ]
01-17 14:21:19.848 3768 4072 D ConnectivityService: checking if request is satisfied: NetworkRequest [ id=63, legacyType=-1, [ Capabilities: INTERNET&NOT_RESTRICTED&TRUSTED] ]
01-17 14:21:19.848 3768 4072 D ConnectivityService: Network NetworkAgentInfo [WIFI () - 551] was already satisfying request 1. No change.
01-17 14:21:19.848 3768 4072 D ConnectivityService: checking if request is satisfied: NetworkRequest [ id=1252, legacyType=-1, [ Capabilities: INTERNET&NOT_RESTRICTED&TRUSTED] ]
01-17 14:21:19.848 3768 4072 D ConnectivityService: checking if request is satisfied: NetworkRequest [ id=3, legacyType=-1, [] ]
01-17 14:21:19.849 3768 4072 D ConnectivityService: checking if request is satisfied: NetworkRequest [ id=903, legacyType=-1, [ Transports: CELLULAR Capabilities: IMS&TRUSTED&NOT_VPN] ]
01-17 14:21:19.849 3768 4072 D ConnectivityService: checking if request is satisfied: NetworkRequest [ id=5, legacyType=-1, [] ]
01-17 14:21:19.849 3768 4072 D ConnectivityService: checking if request is satisfied: NetworkRequest [ id=628, legacyType=-1, [ Capabilities: INTERNET&NOT_RESTRICTED&TRUSTED] ]
01-17 14:21:19.849 3768 4072 D ConnectivityService: checking if request is satisfied: NetworkRequest [ id=4, legacyType=-1, [ Transports: WIFI Capabilities: INTERNET&NOT_RESTRICTED&TRUSTED&NOT_VPN] ]
01-17 14:21:19.849 3768 4072 D ConnectivityService: checking if request is satisfied: NetworkRequest [ id=9, legacyType=-1, [ Transports: CELLULAR|WIFI Capabilities: NOT_RESTRICTED&TRUSTED&NOT_VPN] ]
01-17 14:21:19.849 3768 4072 D ConnectivityService: checking if request is satisfied: NetworkRequest [ id=787, legacyType=-1, [ Capabilities: INTERNET&NOT_RESTRICTED&TRUSTED] ]
01-17 14:21:19.849 3768 4072 D ConnectivityService: checking if request is satisfied: NetworkRequest [ id=19, legacyType=-1, [ Capabilities: INTERNET&NOT_RESTRICTED&TRUSTED] ]
01-17 14:21:19.849 3768 4072 D ConnectivityService: checking if request is satisfied: NetworkRequest [ id=1250, legacyType=-1, [ Capabilities: INTERNET&NOT_RESTRICTED&TRUSTED] ]
01-17 14:21:19.850 3768 4072 D ConnectivityService: checking if request is satisfied: NetworkRequest [ id=7, legacyType=-1, [ Transports: CELLULAR Capabilities: INTERNET&NOT_RESTRICTED&TRUSTED&NOT_VPN] ]
01-17 14:21:19.850 3768 4072 D ConnectivityService: checking if request is satisfied: NetworkRequest [ id=1210, legacyType=-1, [ Transports: WIFI Capabilities: INTERNET&NOT_RESTRICTED&TRUSTED&NOT_VPN] ]
01-17 14:21:19.850 3768 4072 D ConnectivityService: checking if request is satisfied: NetworkRequest [ id=6, legacyType=-1, [ Transports: WIFI Capabilities: INTERNET&NOT_RESTRICTED&TRUSTED&NOT_VPN] ]
01-17 14:21:19.850 3768 4072 D ConnectivityService: checking if request is satisfied: NetworkRequest [ id=1262, legacyType=-1, [ Capabilities: INTERNET&NOT_RESTRICTED&TRUSTED] ]
01-17 14:21:19.850 3768 4072 D ConnectivityService: checking if request is satisfied: NetworkRequest [ id=639, legacyType=-1, [ Capabilities: INTERNET&NOT_RESTRICTED&TRUSTED&NOT_VPN] ]
01-17 14:21:19.850 3768 4072 D ConnectivityService: checking if request is satisfied: NetworkRequest [ id=1271, legacyType=-1, [ Capabilities: INTERNET&NOT_RESTRICTED&TRUSTED] ]
01-17 14:21:19.850 3768 4072 D ConnectivityService: checking if request is satisfied: NetworkRequest [ id=12, legacyType=-1, [ Transports: WIFI Capabilities: INTERNET&NOT_RESTRICTED&TRUSTED&NOT_VPN] ]
01-17 14:21:19.850 3768 4072 D ConnectivityService: checking if request is satisfied: NetworkRequest [ id=1261, legacyType=-1, [ Capabilities: INTERNET&NOT_RESTRICTED&TRUSTED] ]
01-17 14:21:19.850 3768 4072 D ConnectivityService: checking if request is satisfied: NetworkRequest [ id=1272, legacyType=-1, [ Capabilities: INTERNET&NOT_RESTRICTED&TRUSTED] ]
01-17 14:21:19.850 3768 4072 D ConnectivityService: rematching NetworkAgentInfo [MOBILE (LTE) - 539]
01-17 14:21:19.851 3768 4072 D ConnectivityService: network has: [ Transports: CELLULAR Capabilities: IMS&NOT_METERED&NOT_RESTRICTED&TRUSTED&NOT_VPN&VALIDATED LinkUpBandwidth>=51200Kbps LinkDnBandwidth>=102400Kbps Specifier: <1>]
01-17 14:21:19.851 3768 4072 D ConnectivityService: checking if request is satisfied: NetworkRequest [ id=926, legacyType=-1, [ Capabilities: INTERNET&NOT_RESTRICTED&TRUSTED] ]
01-17 14:21:19.851 3768 4072 D ConnectivityService: checking if request is satisfied: NetworkRequest [ id=627, legacyType=-1, [ Capabilities: INTERNET&NOT_RESTRICTED&TRUSTED] ]
01-17 14:21:19.851 3768 4072 D ConnectivityService: checking if request is satisfied: NetworkRequest [ id=64, legacyType=-1, [ Capabilities: INTERNET&NOT_RESTRICTED&TRUSTED] ]
01-17 14:21:19.851 3768 4072 D ConnectivityService: checking if request is satisfied: NetworkRequest [ id=8, legacyType=-1, [ Transports: WIFI Capabilities: INTERNET&NOT_RESTRICTED&TRUSTED&NOT_VPN] ]
01-17 14:21:19.851 3768 4072 D ConnectivityService: checking if request is satisfied: NetworkRequest [ id=63, legacyType=-1, [ Capabilities: INTERNET&NOT_RESTRICTED&TRUSTED] ]
01-17 14:21:19.851 3768 4072 D ConnectivityService: checking if request is satisfied: NetworkRequest [ id=1, legacyType=-1, [ Capabilities: INTERNET&NOT_RESTRICTED&TRUSTED&NOT_VPN] ]
01-17 14:21:19.851 3768 4072 D ConnectivityService: checking if request is satisfied: NetworkRequest [ id=1252, legacyType=-1, [ Capabilities: INTERNET&NOT_RESTRICTED&TRUSTED] ]
01-17 14:21:19.851 3768 4072 D ConnectivityService: checking if request is satisfied: NetworkRequest [ id=3, legacyType=-1, [] ]
01-17 14:21:19.851 3768 4072 D ConnectivityService: Network NetworkAgentInfo [MOBILE (LTE) - 539] was already satisfying request 903. No change.
01-17 14:21:19.852 3768 4072 D ConnectivityService: checking if request is satisfied: NetworkRequest [ id=5, legacyType=-1, [] ]
01-17 14:21:19.852 3768 4072 D ConnectivityService: checking if request is satisfied: NetworkRequest [ id=628, legacyType=-1, [ Capabilities: INTERNET&NOT_RESTRICTED&TRUSTED] ]
01-17 14:21:19.852 3768 4072 D ConnectivityService: checking if request is satisfied: NetworkRequest [ id=4, legacyType=-1, [ Transports: WIFI Capabilities: INTERNET&NOT_RESTRICTED&TRUSTED&NOT_VPN] ]
01-17 14:21:19.852 3768 4072 D ConnectivityService: checking if request is satisfied: NetworkRequest [ id=9, legacyType=-1, [ Transports: CELLULAR|WIFI Capabilities: NOT_RESTRICTED&TRUSTED&NOT_VPN] ]
01-17 14:21:19.852 3768 4072 D ConnectivityService: checking if request is satisfied: NetworkRequest [ id=787, legacyType=-1, [ Capabilities: INTERNET&NOT_RESTRICTED&TRUSTED] ]
01-17 14:21:19.852 3768 4072 D ConnectivityService: checking if request is satisfied: NetworkRequest [ id=19, legacyType=-1, [ Capabilities: INTERNET&NOT_RESTRICTED&TRUSTED] ]
01-17 14:21:19.852 3768 4072 D ConnectivityService: checking if request is satisfied: NetworkRequest [ id=1250, legacyType=-1, [ Capabilities: INTERNET&NOT_RESTRICTED&TRUSTED] ]
01-17 14:21:19.852 3768 4072 D ConnectivityService: checking if request is satisfied: NetworkRequest [ id=7, legacyType=-1, [ Transports: CELLULAR Capabilities: INTERNET&NOT_RESTRICTED&TRUSTED&NOT_VPN] ]
01-17 14:21:19.852 3768 4072 D ConnectivityService: checking if request is satisfied: NetworkRequest [ id=1210, legacyType=-1, [ Transports: WIFI Capabilities: INTERNET&NOT_RESTRICTED&TRUSTED&NOT_VPN] ]
01-17 14:21:19.852 3768 4072 D ConnectivityService: checking if request is satisfied: NetworkRequest [ id=6, legacyType=-1, [ Transports: WIFI Capabilities: INTERNET&NOT_RESTRICTED&TRUSTED&NOT_VPN] ]
01-17 14:21:19.852 3768 4072 D ConnectivityService: checking if request is satisfied: NetworkRequest [ id=1262, legacyType=-1, [ Capabilities: INTERNET&NOT_RESTRICTED&TRUSTED] ]
01-17 14:21:19.852 3768 4072 D ConnectivityService: checking if request is satisfied: NetworkRequest [ id=639, legacyType=-1, [ Capabilities: INTERNET&NOT_RESTRICTED&TRUSTED&NOT_VPN] ]
01-17 14:21:19.852 3768 4072 D ConnectivityService: checking if request is satisfied: NetworkRequest [ id=1271, legacyType=-1, [ Capabilities: INTERNET&NOT_RESTRICTED&TRUSTED] ]
01-17 14:21:19.853 3768 4072 D ConnectivityService: checking if request is satisfied: NetworkRequest [ id=12, legacyType=-1, [ Transports: WIFI Capabilities: INTERNET&NOT_RESTRICTED&TRUSTED&NOT_VPN] ]
01-17 14:21:19.853 3768 4072 D ConnectivityService: checking if request is satisfied: NetworkRequest [ id=1261, legacyType=-1, [ Capabilities: INTERNET&NOT_RESTRICTED&TRUSTED] ]
01-17 14:21:19.853 3768 4072 D ConnectivityService: checking if request is satisfied: NetworkRequest [ id=1272, legacyType=-1, [ Capabilities: INTERNET&NOT_RESTRICTED&TRUSTED] ]
01-17 14:21:19.853 3768 4072 D ConnectivityService: sending new Min Network Score(100): NetworkRequest [ id=1, legacyType=-1, [ Capabilities: INTERNET&NOT_RESTRICTED&TRUSTED&NOT_VPN] ]
01-17 14:21:19.854 3768 4035 D WIFI_P2P: new score 100 for exisiting request NetworkRequest [ id=1, legacyType=-1, [ Capabilities: INTERNET&NOT_RESTRICTED&TRUSTED&NOT_VPN] ]
01-17 14:21:19.854 3768 4035 D WIFI_P2P: my score=60, my filter=[ Transports: WIFI Capabilities: WIFI_P2P&NOT_RESTRICTED&TRUSTED&NOT_VPN LinkUpBandwidth>=1048576Kbps LinkDnBandwidth>=1048576Kbps]
01-17 14:21:19.854 3768 4035 D WIFI_P2P: evalRequest
01-17 14:21:19.854 3768 4035 D WIFI_P2P: done
01-17 14:21:19.854 3768 4039 D WIFI : new score 100 for exisiting request NetworkRequest [ id=1, legacyType=-1, [ Capabilities: INTERNET&NOT_RESTRICTED&TRUSTED&NOT_VPN] ]
01-17 14:21:19.854 3768 4039 D WIFI : my score=60, my filter=[ Transports: WIFI Capabilities: NOT_METERED&INTERNET&NOT_RESTRICTED&TRUSTED&NOT_VPN LinkUpBandwidth>=1048576Kbps LinkDnBandwidth>=1048576Kbps]
01-17 14:21:19.854 3768 4039 D WIFI : evalRequest
01-17 14:21:19.854 3768 4039 D WIFI : done
01-17 14:21:19.855 3768 4039 D WIFI_UT : new score 100 for exisiting request NetworkRequest [ id=1, legacyType=-1, [ Capabilities: INTERNET&NOT_RESTRICTED&TRUSTED&NOT_VPN] ]
01-17 14:21:19.855 3768 4039 D WIFI_UT : my score=2147483647, my filter=[ Transports: WIFI Capabilities: NOT_METERED&INTERNET&NOT_RESTRICTED&TRUSTED&NOT_VPN LinkUpBandwidth>=1048576Kbps LinkDnBandwidth>=1048576Kbps]
01-17 14:21:19.855 3768 4039 D WIFI_UT : evalRequest
01-17 14:21:19.855 3768 4039 D WIFI_UT : done
01-17 14:21:19.855 3768 4125 D Ethernet: new score 100 for exisiting request NetworkRequest [ id=1, legacyType=-1, [ Capabilities: INTERNET&NOT_RESTRICTED&TRUSTED&NOT_VPN] ]
01-17 14:21:19.855 3768 4125 D Ethernet: my score=-1, my filter=[ Transports: ETHERNET Capabilities: INTERNET&NOT_RESTRICTED&TRUSTED&NOT_VPN LinkUpBandwidth>=100000Kbps LinkDnBandwidth>=100000Kbps]
01-17 14:21:19.855 3768 4125 D Ethernet: evalRequest
01-17 14:21:19.855 3768 4125 D Ethernet: done
01-17 14:21:19.857 4145 4145 D PhoneSwitcherNetworkRequstListener: new score 100 for exisiting request NetworkRequest [ id=1, legacyType=-1, [ Capabilities: INTERNET&NOT_RESTRICTED&TRUSTED&NOT_VPN] ]
01-17 14:21:19.857 4145 4145 D PhoneSwitcherNetworkRequstListener: my score=101, my filter=[ Transports: CELLULAR Capabilities: MMS&SUPL&DUN&FOTA&IMS&CBS&IA&RCS&XCAP&EIMS&INTERNET&NOT_RESTRICTED&TRUSTED&NOT_VPN&ENT1 Specifier: <*>]
01-17 14:21:19.857 4145 4145 D PhoneSwitcherNetworkRequstListener: evalRequest
01-17 14:21:19.857 4145 4145 D PhoneSwitcherNetworkRequstListener: done
01-17 14:21:20.578 27471 27488 D [ACT]:ao: processing priority = LOW
01-17 14:21:20.580 27443 27465 D [ACT]:ao: processing priority = LOW
01-17 14:21:20.790 3768 4072 D ConnectivityService: updateCapabilities: oldCap = [ Transports: WIFI Capabilities: NOT_METERED&INTERNET&NOT_RESTRICTED&TRUSTED&NOT_VPN&VALIDATED LinkUpBandwidth>=1048576Kbps LinkDnBandwidth>=1048576Kbps SignalStrength: -64], newCap = [ Transports: WIFI Capabilities: NOT_METERED&INTERNET&NOT_RESTRICTED&TRUSTED&NOT_VPN LinkUpBandwidth>=1048576Kbps LinkDnBandwidth>=1048576Kbps SignalStrength: -62]
01-17 14:21:20.790 3768 4072 D ConnectivityService: rematching NetworkAgentInfo [WIFI () - 551]
01-17 14:21:20.790 3768 4072 D ConnectivityService: network has: [ Transports: WIFI Capabilities: NOT_METERED&INTERNET&NOT_RESTRICTED&TRUSTED&NOT_VPN&VALIDATED LinkUpBandwidth>=1048576Kbps LinkDnBandwidth>=1048576Kbps SignalStrength: -62]
01-17 14:21:20.791 3768 4072 D ConnectivityService: checking if request is satisfied: NetworkRequest [ id=926, legacyType=-1, [ Capabilities: INTERNET&NOT_RESTRICTED&TRUSTED] ]
01-17 14:21:20.791 3768 4072 D ConnectivityService: checking if request is satisfied: NetworkRequest [ id=627, legacyType=-1, [ Capabilities: INTERNET&NOT_RESTRICTED&TRUSTED] ]
01-17 14:21:20.791 3768 4072 D ConnectivityService: checking if request is satisfied: NetworkRequest [ id=64, legacyType=-1, [ Capabilities: INTERNET&NOT_RESTRICTED&TRUSTED] ]
01-17 14:21:20.791 3768 4072 D ConnectivityService: checking if request is satisfied: NetworkRequest [ id=8, legacyType=-1, [ Transports: WIFI Capabilities: INTERNET&NOT_RESTRICTED&TRUSTED&NOT_VPN] ]
01-17 14:21:20.791 3768 4072 D ConnectivityService: checking if request is satisfied: NetworkRequest [ id=63, legacyType=-1, [ Capabilities: INTERNET&NOT_RESTRICTED&TRUSTED] ]
01-17 14:21:20.791 3768 4072 D ConnectivityService: Network NetworkAgentInfo [WIFI () - 551] was already satisfying request 1. No change.
01-17 14:21:20.792 3768 4072 D ConnectivityService: checking if request is satisfied: NetworkRequest [ id=1252, legacyType=-1, [ Capabilities: INTERNET&NOT_RESTRICTED&TRUSTED] ]
01-17 14:21:20.792 3768 4072 D ConnectivityService: checking if request is satisfied: NetworkRequest [ id=3, legacyType=-1, [] ]
01-17 14:21:20.792 3768 4072 D ConnectivityService: checking if request is satisfied: NetworkRequest [ id=903, legacyType=-1, [ Transports: CELLULAR Capabilities: IMS&TRUSTED&NOT_VPN] ]
01-17 14:21:20.793 3768 4072 D ConnectivityService: checking if request is satisfied: NetworkRequest [ id=5, legacyType=-1, [] ]
01-17 14:21:20.793 3768 4072 D ConnectivityService: checking if request is satisfied: NetworkRequest [ id=628, legacyType=-1, [ Capabilities: INTERNET&NOT_RESTRICTED&TRUSTED] ]
01-17 14:21:20.793 3768 4072 D ConnectivityService: checking if request is satisfied: NetworkRequest [ id=4, legacyType=-1, [ Transports: WIFI Capabilities: INTERNET&NOT_RESTRICTED&TRUSTED&NOT_VPN] ]
01-17 14:21:20.794 3768 4072 D ConnectivityService: checking if request is satisfied: NetworkRequest [ id=9, legacyType=-1, [ Transports: CELLULAR|WIFI Capabilities: NOT_RESTRICTED&TRUSTED&NOT_VPN] ]
01-17 14:21:20.794 3768 4072 D ConnectivityService: checking if request is satisfied: NetworkRequest [ id=787, legacyType=-1, [ Capabilities: INTERNET&NOT_RESTRICTED&TRUSTED] ]
01-17 14:21:20.794 3768 4072 D ConnectivityService: checking if request is satisfied: NetworkRequest [ id=19, legacyType=-1, [ Capabilities: INTERNET&NOT_RESTRICTED&TRUSTED] ]
01-17 14:21:20.795 3768 4072 D ConnectivityService: checking if request is satisfied: NetworkRequest [ id=1250, legacyType=-1, [ Capabilities: INTERNET&NOT_RESTRICTED&TRUSTED] ]
01-17 14:21:20.795 3768 4072 D ConnectivityService: checking if request is satisfied: NetworkRequest [ id=7, legacyType=-1, [ Transports: CELLULAR Capabilities: INTERNET&NOT_RESTRICTED&TRUSTED&NOT_VPN] ]
01-17 14:21:20.796 3768 4072 D ConnectivityService: checking if request is satisfied: NetworkRequest [ id=1210, legacyType=-1, [ Transports: WIFI Capabilities: INTERNET&NOT_RESTRICTED&TRUSTED&NOT_VPN] ]
01-17 14:21:20.796 3768 4072 D ConnectivityService: checking if request is satisfied: NetworkRequest [ id=6, legacyType=-1, [ Transports: WIFI Capabilities: INTERNET&NOT_RESTRICTED&TRUSTED&NOT_VPN] ]
01-17 14:21:20.796 3768 4072 D ConnectivityService: checking if request is satisfied: NetworkRequest [ id=1262, legacyType=-1, [ Capabilities: INTERNET&NOT_RESTRICTED&TRUSTED] ]
01-17 14:21:20.796 3768 4072 D ConnectivityService: checking if request is satisfied: NetworkRequest [ id=639, legacyType=-1, [ Capabilities: INTERNET&NOT_RESTRICTED&TRUSTED&NOT_VPN] ]
01-17 14:21:20.796 3768 4072 D ConnectivityService: checking if request is satisfied: NetworkRequest [ id=1271, legacyType=-1, [ Capabilities: INTERNET&NOT_RESTRICTED&TRUSTED] ]
01-17 14:21:20.797 3768 4072 D ConnectivityService: checking if request is satisfied: NetworkRequest [ id=12, legacyType=-1, [ Transports: WIFI Capabilities: INTERNET&NOT_RESTRICTED&TRUSTED&NOT_VPN] ]
01-17 14:21:20.797 3768 4072 D ConnectivityService: checking if request is satisfied: NetworkRequest [ id=1261, legacyType=-1, [ Capabilities: INTERNET&NOT_RESTRICTED&TRUSTED] ]
01-17 14:21:20.797 3768 4072 D ConnectivityService: checking if request is satisfied: NetworkRequest [ id=1272, legacyType=-1, [ Capabilities: INTERNET&NOT_RESTRICTED&TRUSTED] ]
01-17 14:21:20.798 3768 4072 D ConnectivityService: rematching NetworkAgentInfo [MOBILE (LTE) - 539]
01-17 14:21:20.798 3768 4072 D ConnectivityService: network has: [ Transports: CELLULAR Capabilities: IMS&NOT_METERED&NOT_RESTRICTED&TRUSTED&NOT_VPN&VALIDATED LinkUpBandwidth>=51200Kbps LinkDnBandwidth>=102400Kbps Specifier: <1>]
01-17 14:21:20.798 3768 4072 D ConnectivityService: checking if request is satisfied: NetworkRequest [ id=926, legacyType=-1, [ Capabilities: INTERNET&NOT_RESTRICTED&TRUSTED] ]
01-17 14:21:20.798 3768 4072 D ConnectivityService: checking if request is satisfied: NetworkRequest [ id=627, legacyType=-1, [ Capabilities: INTERNET&NOT_RESTRICTED&TRUSTED] ]
01-17 14:21:20.799 3768 4072 D ConnectivityService: checking if request is satisfied: NetworkRequest [ id=64, legacyType=-1, [ Capabilities: INTERNET&NOT_RESTRICTED&TRUSTED] ]
01-17 14:21:20.799 3768 4072 D ConnectivityService: checking if request is satisfied: NetworkRequest [ id=8, legacyType=-1, [ Transports: WIFI Capabilities: INTERNET&NOT_RESTRICTED&TRUSTED&NOT_VPN] ]
01-17 14:21:20.799 3768 4072 D ConnectivityService: checking if request is satisfied: NetworkRequest [ id=63, legacyType=-1, [ Capabilities: INTERNET&NOT_RESTRICTED&TRUSTED] ]
01-17 14:21:20.799 3768 4072 D ConnectivityService: checking if request is satisfied: NetworkRequest [ id=1, legacyType=-1, [ Capabilities: INTERNET&NOT_RESTRICTED&TRUSTED&NOT_VPN] ]
01-17 14:21:20.799 3768 4072 D ConnectivityService: checking if request is satisfied: NetworkRequest [ id=1252, legacyType=-1, [ Capabilities: INTERNET&NOT_RESTRICTED&TRUSTED] ]
01-17 14:21:20.799 3768 4072 D ConnectivityService: checking if request is satisfied: NetworkRequest [ id=3, legacyType=-1, [] ]
01-17 14:21:20.799 3768 4072 D ConnectivityService: Network NetworkAgentInfo [MOBILE (LTE) - 539] was already satisfying request 903. No change.
01-17 14:21:20.799 3768 4072 D ConnectivityService: checking if request is satisfied: NetworkRequest [ id=5, legacyType=-1, [] ]
01-17 14:21:20.800 3768 4072 D ConnectivityService: checking if request is satisfied: NetworkRequest [ id=628, legacyType=-1, [ Capabilities: INTERNET&NOT_RESTRICTED&TRUSTED] ]
01-17 14:21:20.800 3768 4072 D ConnectivityService: checking if request is satisfied: NetworkRequest [ id=4, legacyType=-1, [ Transports: WIFI Capabilities: INTERNET&NOT_RESTRICTED&TRUSTED&NOT_VPN] ]
01-17 14:21:20.800 3768 4072 D ConnectivityService: checking if request is satisfied: NetworkRequest [ id=9, legacyType=-1, [ Transports: CELLULAR|WIFI Capabilities: NOT_RESTRICTED&TRUSTED&NOT_VPN] ]
01-17 14:21:20.800 3768 4072 D ConnectivityService: checking if request is satisfied: NetworkRequest [ id=787, legacyType=-1, [ Capabilities: INTERNET&NOT_RESTRICTED&TRUSTED] ]
01-17 14:21:20.800 3768 4072 D ConnectivityService: checking if request is satisfied: NetworkRequest [ id=19, legacyType=-1, [ Capabilities: INTERNET&NOT_RESTRICTED&TRUSTED] ]
01-17 14:21:20.800 3768 4072 D ConnectivityService: checking if request is satisfied: NetworkRequest [ id=1250, legacyType=-1, [ Capabilities: INTERNET&NOT_RESTRICTED&TRUSTED] ]
01-17 14:21:20.801 3768 4072 D ConnectivityService: checking if request is satisfied: NetworkRequest [ id=7, legacyType=-1, [ Transports: CELLULAR Capabilities: INTERNET&NOT_RESTRICTED&TRUSTED&NOT_VPN] ]
01-17 14:21:20.801 4222 4499 D NetworkController: onReceive: intent=Intent { act=android.net.wifi.RSSI_CHANGED flg=0x4000010 launchParam=MultiScreenLaunchParams { mDisplayId=0 mFlags=0 } bqHint=1 (has extras) }
01-17 14:21:20.801 3768 4072 D ConnectivityService: checking if request is satisfied: NetworkRequest [ id=1210, legacyType=-1, [ Transports: WIFI Capabilities: INTERNET&NOT_RESTRICTED&TRUSTED&NOT_VPN] ]
01-17 14:21:20.801 3768 4072 D ConnectivityService: checking if request is satisfied: NetworkRequest [ id=6, legacyType=-1, [ Transports: WIFI Capabilities: INTERNET&NOT_RESTRICTED&TRUSTED&NOT_VPN] ]
01-17 14:21:20.801 3768 4072 D ConnectivityService: checking if request is satisfied: NetworkRequest [ id=1262, legacyType=-1, [ Capabilities: INTERNET&NOT_RESTRICTED&TRUSTED] ]
01-17 14:21:20.802 3768 4072 D ConnectivityService: checking if request is satisfied: NetworkRequest [ id=639, legacyType=-1, [ Capabilities: INTERNET&NOT_RESTRICTED&TRUSTED&NOT_VPN] ]
01-17 14:21:20.802 3768 4072 D ConnectivityService: checking if request is satisfied: NetworkRequest [ id=1271, legacyType=-1, [ Capabilities: INTERNET&NOT_RESTRICTED&TRUSTED] ]
01-17 14:21:20.802 3768 4072 D ConnectivityService: checking if request is satisfied: NetworkRequest [ id=12, legacyType=-1, [ Transports: WIFI Capabilities: INTERNET&NOT_RESTRICTED&TRUSTED&NOT_VPN] ]
01-17 14:21:20.802 3768 4072 D ConnectivityService: checking if request is satisfied: NetworkRequest [ id=1261, legacyType=-1, [ Capabilities: INTERNET&NOT_RESTRICTED&TRUSTED] ]
01-17 14:21:20.802 3768 4072 D ConnectivityService: checking if request is satisfied: NetworkRequest [ id=1272, legacyType=-1, [ Capabilities: INTERNET&NOT_RESTRICTED&TRUSTED] ]
01-17 14:21:20.803 3768 4072 D ConnectivityService: notifyType CAP_CHANGED for NetworkAgentInfo [WIFI () - 551]
01-17 14:21:20.803 3768 4072 D ConnectivityService: sending notification for NetworkRequest [ id=1, legacyType=-1, [ Capabilities: INTERNET&NOT_RESTRICTED&TRUSTED&NOT_VPN] ]
01-17 14:21:20.803 3768 4072 D ConnectivityService: sending notification for NetworkRequest [ id=3, legacyType=-1, [] ]
01-17 14:21:20.803 3768 4072 D ConnectivityService: sending notification CAP_CHANGED for NetworkRequest [ id=3, legacyType=-1, [] ]
01-17 14:21:20.805 3768 4072 D ConnectivityService: sending notification for NetworkRequest [ id=4, legacyType=-1, [ Transports: WIFI Capabilities: INTERNET&NOT_RESTRICTED&TRUSTED&NOT_VPN] ]
01-17 14:21:20.806 3768 4072 D ConnectivityService: sending notification CAP_CHANGED for NetworkRequest [ id=4, legacyType=-1, [ Transports: WIFI Capabilities: INTERNET&NOT_RESTRICTED&TRUSTED&NOT_VPN] ]
01-17 14:21:20.807 3768 4072 D ConnectivityService: sending notification for NetworkRequest [ id=5, legacyType=-1, [] ]
01-17 14:21:20.807 3768 4072 D ConnectivityService: sending notification CAP_CHANGED for NetworkRequest [ id=5, legacyType=-1, [] ]
01-17 14:21:20.807 3768 4072 D ConnectivityService: sending notification for NetworkRequest [ id=6, legacyType=-1, [ Transports: WIFI Capabilities: INTERNET&NOT_RESTRICTED&TRUSTED&NOT_VPN] ]
01-17 14:21:20.808 3768 4072 D ConnectivityService: sending notification CAP_CHANGED for NetworkRequest [ id=6, legacyType=-1, [ Transports: WIFI Capabilities: INTERNET&NOT_RESTRICTED&TRUSTED&NOT_VPN] ]
01-17 14:21:20.808 3768 4072 D ConnectivityService: sending notification for NetworkRequest [ id=8, legacyType=-1, [ Transports: WIFI Capabilities: INTERNET&NOT_RESTRICTED&TRUSTED&NOT_VPN] ]
01-17 14:21:20.809 3768 4072 D ConnectivityService: sending notification CAP_CHANGED for NetworkRequest [ id=8, legacyType=-1, [ Transports: WIFI Capabilities: INTERNET&NOT_RESTRICTED&TRUSTED&NOT_VPN] ]
01-17 14:21:20.809 3768 4072 D ConnectivityService: sending notification for NetworkRequest [ id=9, legacyType=-1, [ Transports: CELLULAR|WIFI Capabilities: NOT_RESTRICTED&TRUSTED&NOT_VPN] ]
01-17 14:21:20.810 3768 4072 D ConnectivityService: sending notification CAP_CHANGED for NetworkRequest [ id=9, legacyType=-1, [ Transports: CELLULAR|WIFI Capabilities: NOT_RESTRICTED&TRUSTED&NOT_VPN] ]
01-17 14:21:20.810 3768 4072 D ConnectivityService: sending notification for NetworkRequest [ id=12, legacyType=-1, [ Transports: WIFI Capabilities: INTERNET&NOT_RESTRICTED&TRUSTED&NOT_VPN] ]
01-17 14:21:20.810 3768 4072 D ConnectivityService: sending notification CAP_CHANGED for NetworkRequest [ id=12, legacyType=-1, [ Transports: WIFI Capabilities: INTERNET&NOT_RESTRICTED&TRUSTED&NOT_VPN] ]
01-17 14:21:20.811 3768 4072 D ConnectivityService: sending notification for NetworkRequest [ id=19, legacyType=-1, [ Capabilities: INTERNET&NOT_RESTRICTED&TRUSTED] ]
01-17 14:21:20.811 3768 4072 D ConnectivityService: sending notification CAP_CHANGED for NetworkRequest [ id=19, legacyType=-1, [ Capabilities: INTERNET&NOT_RESTRICTED&TRUSTED] ]
01-17 14:21:20.813 3768 4072 D ConnectivityService: sending notification for NetworkRequest [ id=63, legacyType=-1, [ Capabilities: INTERNET&NOT_RESTRICTED&TRUSTED] ]
01-17 14:21:20.813 3768 4072 D ConnectivityService: sending notification CAP_CHANGED for NetworkRequest [ id=63, legacyType=-1, [ Capabilities: INTERNET&NOT_RESTRICTED&TRUSTED] ]
01-17 14:21:20.814 3768 4072 D ConnectivityService: sending notification for NetworkRequest [ id=64, legacyType=-1, [ Capabilities: INTERNET&NOT_RESTRICTED&TRUSTED] ]
01-17 14:21:20.815 3768 4072 D ConnectivityService: sending notification CAP_CHANGED for NetworkRequest [ id=64, legacyType=-1, [ Capabilities: INTERNET&NOT_RESTRICTED&TRUSTED] ]
01-17 14:21:20.816 3768 4072 D ConnectivityService: sending notification for NetworkRequest [ id=627, legacyType=-1, [ Capabilities: INTERNET&NOT_RESTRICTED&TRUSTED] ]
01-17 14:21:20.816 3768 4072 D ConnectivityService: sending notification CAP_CHANGED for NetworkRequest [ id=627, legacyType=-1, [ Capabilities: INTERNET&NOT_RESTRICTED&TRUSTED] ]
01-17 14:21:20.817 3768 4072 D ConnectivityService: sending notification for NetworkRequest [ id=628, legacyType=-1, [ Capabilities: INTERNET&NOT_RESTRICTED&TRUSTED] ]
01-17 14:21:20.817 3768 4072 D ConnectivityService: sending notification CAP_CHANGED for NetworkRequest [ id=628, legacyType=-1, [ Capabilities: INTERNET&NOT_RESTRICTED&TRUSTED] ]
01-17 14:21:20.817 3768 4072 D ConnectivityService: sending notification for NetworkRequest [ id=639, legacyType=-1, [ Capabilities: INTERNET&NOT_RESTRICTED&TRUSTED&NOT_VPN] ]
01-17 14:21:20.818 3768 4072 D ConnectivityService: sending notification CAP_CHANGED for NetworkRequest [ id=639, legacyType=-1, [ Capabilities: INTERNET&NOT_RESTRICTED&TRUSTED&NOT_VPN] ]
01-17 14:21:20.818 3768 4072 D ConnectivityService: sending notification for NetworkRequest [ id=787, legacyType=-1, [ Capabilities: INTERNET&NOT_RESTRICTED&TRUSTED] ]
01-17 14:21:20.818 3768 4072 D ConnectivityService: sending notification CAP_CHANGED for NetworkRequest [ id=787, legacyType=-1, [ Capabilities: INTERNET&NOT_RESTRICTED&TRUSTED] ]
01-17 14:21:20.819 3768 4072 D ConnectivityService: sending notification for NetworkRequest [ id=926, legacyType=-1, [ Capabilities: INTERNET&NOT_RESTRICTED&TRUSTED] ]
01-17 14:21:20.819 3768 4072 D ConnectivityService: sending notification CAP_CHANGED for NetworkRequest [ id=926, legacyType=-1, [ Capabilities: INTERNET&NOT_RESTRICTED&TRUSTED] ]
01-17 14:21:20.821 3768 4072 D ConnectivityService: sending notification for NetworkRequest [ id=1210, legacyType=-1, [ Transports: WIFI Capabilities: INTERNET&NOT_RESTRICTED&TRUSTED&NOT_VPN] ]
01-17 14:21:20.822 3768 4072 D ConnectivityService: sending notification CAP_CHANGED for NetworkRequest [ id=1210, legacyType=-1, [ Transports: WIFI Capabilities: INTERNET&NOT_RESTRICTED&TRUSTED&NOT_VPN] ]
01-17 14:21:20.823 3768 4072 D ConnectivityService: sending notification for NetworkRequest [ id=1250, legacyType=-1, [ Capabilities: INTERNET&NOT_RESTRICTED&TRUSTED] ]
01-17 14:21:20.824 3768 4072 D ConnectivityService: sending notification CAP_CHANGED for NetworkRequest [ id=1250, legacyType=-1, [ Capabilities: INTERNET&NOT_RESTRICTED&TRUSTED] ]
01-17 14:21:20.824 3768 4072 D ConnectivityService: sending notification for NetworkRequest [ id=1252, legacyType=-1, [ Capabilities: INTERNET&NOT_RESTRICTED&TRUSTED] ]
01-17 14:21:20.824 3768 4072 D ConnectivityService: sending notification CAP_CHANGED for NetworkRequest [ id=1252, legacyType=-1, [ Capabilities: INTERNET&NOT_RESTRICTED&TRUSTED] ]
01-17 14:21:20.827 3768 4072 D ConnectivityService: sending notification for NetworkRequest [ id=1261, legacyType=-1, [ Capabilities: INTERNET&NOT_RESTRICTED&TRUSTED] ]
01-17 14:21:20.827 3768 4072 D ConnectivityService: sending notification CAP_CHANGED for NetworkRequest [ id=1261, legacyType=-1, [ Capabilities: INTERNET&NOT_RESTRICTED&TRUSTED] ]
01-17 14:21:20.828 3768 4072 D ConnectivityService: sending notification for NetworkRequest [ id=1262, legacyType=-1, [ Capabilities: INTERNET&NOT_RESTRICTED&TRUSTED] ]
01-17 14:21:20.831 3768 4072 D ConnectivityService: sending notification CAP_CHANGED for NetworkRequest [ id=1262, legacyType=-1, [ Capabilities: INTERNET&NOT_RESTRICTED&TRUSTED] ]
01-17 14:21:20.831 3768 4072 D ConnectivityService: sending notification for NetworkRequest [ id=1271, legacyType=-1, [ Capabilities: INTERNET&NOT_RESTRICTED&TRUSTED] ]
01-17 14:21:20.831 3768 4072 D ConnectivityService: sending notification CAP_CHANGED for NetworkRequest [ id=1271, legacyType=-1, [ Capabilities: INTERNET&NOT_RESTRICTED&TRUSTED] ]
01-17 14:21:20.835 3768 4072 D ConnectivityService: sending notification for NetworkRequest [ id=1272, legacyType=-1, [ Capabilities: INTERNET&NOT_RESTRICTED&TRUSTED] ]
01-17 14:21:20.835 3768 4072 D ConnectivityService: sending notification CAP_CHANGED for NetworkRequest [ id=1272, legacyType=-1, [ Capabilities: INTERNET&NOT_RESTRICTED&TRUSTED] ]
01-17 14:21:21.421 3768 3993 D InputReader: Input event(4): value=1 when=126520688176000
01-17 14:21:21.421 3768 3993 D InputReader: Input event(4): value=1 when=126520688176000
01-17 14:21:21.422 3768 3993 I InputReader: Touch event's action is 0x0 (deviceType=0) [pCnt=1, s=0.39029 ] when=126520688176000
01-17 14:21:21.422 3768 3993 D InputReader: lastThreadEndTime = 126512690399258, currentThreadStartTime = 126512690401604, diff = 0
01-17 14:21:21.422 3768 3992 I InputDispatcher: Delivering touch to (4222): action: 0x4, toolType: 1
01-17 14:21:21.422 3768 3992 I InputDispatcher: Delivering touch to (27629): action: 0x0, toolType: 1
01-17 14:21:21.423 27629 27629 D ViewRootImpl@b6d739a[DocListActivity]: ViewPostImeInputStage processPointer 0
01-17 14:21:21.458 27629 27629 D InputMethodManager: HSI from window - flag : 0 Pid : 27629
01-17 14:21:21.458 3768 5324 D InputMethodManagerService: mDesktopModeManager null!
01-17 14:21:21.460 3768 7202 D CustomFrequencyManagerService: acquireDVFSLockLocked : type : DVFS_MIN_LIMIT frequency : 728000 uid : 1000 pid : 3768 pkgName : LISTVIEW_SCROLL@CPU_MIN@43
01-17 14:21:21.495 3768 3993 D InputReader: Input event(4): value=0 when=126520762406000
01-17 14:21:21.495 3768 3993 D InputReader: Input event(4): value=0 when=126520762406000
01-17 14:21:21.495 3768 3993 I InputReader: Touch event's action is 0x1 (deviceType=0) [pCnt=1, s=] when=126520762406000
01-17 14:21:21.496 3768 3992 I InputDispatcher: Delivering touch to (27629): action: 0x1, toolType: 1
01-17 14:21:21.497 3768 7202 D CustomFrequencyManagerService: acquireDVFSLockLocked : type : DVFS_MIN_LIMIT frequency : 728000 uid : 1000 pid : 3768 pkgName : GESTURE_DETECTED@CPU_MIN@36
01-17 14:21:21.625 27629 27629 D ViewRootImpl@b6d739a[DocListActivity]: ViewPostImeInputStage processPointer 1
01-17 14:21:21.626 3768 7202 D CustomFrequencyManagerService: acquireDVFSLockLocked : type : DVFS_MIN_LIMIT frequency : 1144000 uid : 1000 pid : 3768 pkgName : SMOOTH_SCROLL@CPU_MIN@38
01-17 14:21:21.793 3768 4072 D ConnectivityService: updateCapabilities: oldCap = [ Transports: WIFI Capabilities: NOT_METERED&INTERNET&NOT_RESTRICTED&TRUSTED&NOT_VPN&VALIDATED LinkUpBandwidth>=1048576Kbps LinkDnBandwidth>=1048576Kbps SignalStrength: -62], newCap = [ Transports: WIFI Capabilities: NOT_METERED&INTERNET&NOT_RESTRICTED&TRUSTED&NOT_VPN LinkUpBandwidth>=1048576Kbps LinkDnBandwidth>=1048576Kbps SignalStrength: -67]
01-17 14:21:21.793 3768 4072 D ConnectivityService: rematching NetworkAgentInfo [WIFI () - 551]
01-17 14:21:21.797 3768 4072 D ConnectivityService: network has: [ Transports: WIFI Capabilities: NOT_METERED&INTERNET&NOT_RESTRICTED&TRUSTED&NOT_VPN&VALIDATED LinkUpBandwidth>=1048576Kbps LinkDnBandwidth>=1048576Kbps SignalStrength: -67]
01-17 14:21:21.798 3768 4072 D ConnectivityService: checking if request is satisfied: NetworkRequest [ id=926, legacyType=-1, [ Capabilities: INTERNET&NOT_RESTRICTED&TRUSTED] ]
01-17 14:21:21.798 3768 4072 D ConnectivityService: checking if request is satisfied: NetworkRequest [ id=627, legacyType=-1, [ Capabilities: INTERNET&NOT_RESTRICTED&TRUSTED] ]
01-17 14:21:21.798 3768 4072 D ConnectivityService: checking if request is satisfied: NetworkRequest [ id=64, legacyType=-1, [ Capabilities: INTERNET&NOT_RESTRICTED&TRUSTED] ]
01-17 14:21:21.798 3768 4072 D ConnectivityService: checking if request is satisfied: NetworkRequest [ id=8, legacyType=-1, [ Transports: WIFI Capabilities: INTERNET&NOT_RESTRICTED&TRUSTED&NOT_VPN] ]
01-17 14:21:21.798 3768 4072 D ConnectivityService: checking if request is satisfied: NetworkRequest [ id=63, legacyType=-1, [ Capabilities: INTERNET&NOT_RESTRICTED&TRUSTED] ]
01-17 14:21:21.798 3768 4072 D ConnectivityService: Network NetworkAgentInfo [WIFI () - 551] was already satisfying request 1. No change.
01-17 14:21:21.798 3768 4072 D ConnectivityService: checking if request is satisfied: NetworkRequest [ id=1252, legacyType=-1, [ Capabilities: INTERNET&NOT_RESTRICTED&TRUSTED] ]
01-17 14:21:21.798 3768 4072 D ConnectivityService: checking if request is satisfied: NetworkRequest [ id=3, legacyType=-1, [] ]
01-17 14:21:21.798 3768 4072 D ConnectivityService: checking if request is satisfied: NetworkRequest [ id=903, legacyType=-1, [ Transports: CELLULAR Capabilities: IMS&TRUSTED&NOT_VPN] ]
01-17 14:21:21.798 3768 4072 D ConnectivityService: checking if request is satisfied: NetworkRequest [ id=5, legacyType=-1, [] ]
01-17 14:21:21.798 3768 4072 D ConnectivityService: checking if request is satisfied: NetworkRequest [ id=628, legacyType=-1, [ Capabilities: INTERNET&NOT_RESTRICTED&TRUSTED] ]
01-17 14:21:21.798 3768 4072 D ConnectivityService: checking if request is satisfied: NetworkRequest [ id=4, legacyType=-1, [ Transports: WIFI Capabilities: INTERNET&NOT_RESTRICTED&TRUSTED&NOT_VPN] ]
01-17 14:21:21.798 3768 4072 D ConnectivityService: checking if request is satisfied: NetworkRequest [ id=9, legacyType=-1, [ Transports: CELLULAR|WIFI Capabilities: NOT_RESTRICTED&TRUSTED&NOT_VPN] ]
01-17 14:21:21.798 3768 4072 D ConnectivityService: checking if request is satisfied: NetworkRequest [ id=787, legacyType=-1, [ Capabilities: INTERNET&NOT_RESTRICTED&TRUSTED] ]
01-17 14:21:21.798 3768 4072 D ConnectivityService: checking if request is satisfied: NetworkRequest [ id=19, legacyType=-1, [ Capabilities: INTERNET&NOT_RESTRICTED&TRUSTED] ]
01-17 14:21:21.798 3768 4072 D ConnectivityService: checking if request is satisfied: NetworkRequest [ id=1250, legacyType=-1, [ Capabilities: INTERNET&NOT_RESTRICTED&TRUSTED] ]
01-17 14:21:21.798 3768 4072 D ConnectivityService: checking if request is satisfied: NetworkRequest [ id=7, legacyType=-1, [ Transports: CELLULAR Capabilities: INTERNET&NOT_RESTRICTED&TRUSTED&NOT_VPN] ]
01-17 14:21:21.798 3768 4072 D ConnectivityService: checking if request is satisfied: NetworkRequest [ id=1210, legacyType=-1, [ Transports: WIFI Capabilities: INTERNET&NOT_RESTRICTED&TRUSTED&NOT_VPN] ]
01-17 14:21:21.798 3768 4072 D ConnectivityService: checking if request is satisfied: NetworkRequest [ id=6, legacyType=-1, [ Transports: WIFI Capabilities: INTERNET&NOT_RESTRICTED&TRUSTED&NOT_VPN] ]
01-17 14:21:21.799 3768 4072 D ConnectivityService: checking if request is satisfied: NetworkRequest [ id=1262, legacyType=-1, [ Capabilities: INTERNET&NOT_RESTRICTED&TRUSTED] ]
01-17 14:21:21.799 3768 4072 D ConnectivityService: checking if request is satisfied: NetworkRequest [ id=639, legacyType=-1, [ Capabilities: INTERNET&NOT_RESTRICTED&TRUSTED&NOT_VPN] ]
01-17 14:21:21.799 3768 4072 D ConnectivityService: checking if request is satisfied: NetworkRequest [ id=1271, legacyType=-1, [ Capabilities: INTERNET&NOT_RESTRICTED&TRUSTED] ]
01-17 14:21:21.799 3768 4072 D ConnectivityService: checking if request is satisfied: NetworkRequest [ id=12, legacyType=-1, [ Transports: WIFI Capabilities: INTERNET&NOT_RESTRICTED&TRUSTED&NOT_VPN] ]
