01-17 14:22:45.835 3194 3194 E Zygote : accessInfo : 64
01-17 14:22:45.835 3194 3194 E Zygote : isSdpEnabledProcess - SDP enabled
01-17 14:22:45.835 3194 3194 E Zygote : setSDPgroupsIntarray[pid]: 0 / [gid]: 10180 / [uid]: 10180
01-17 14:22:45.835 3194 3194 W SELinux : SELinux selinux_android_compute_policy_index : Policy Index[2], Con:u:r:zygote:s0 SPD:SEPF_SECMOBILE_7.0_0006 RAM:SEPF_SECMOBILE_7.0_0009, [-1 -1 -9 -1 0 1]
01-17 14:22:45.836 3194 3194 I SELinux : SELinux: seapp_context_lookup: seinfo=platform, level=s0:c512,c768, pkgname=com.sec.android.app.sbrowser
01-17 14:22:45.841 3768 5306 I ActivityManager: Start proc 3194:com.sec.android.app.sbrowser/u0a180 for broadcast com.sec.android.app.sbrowser/.webcontentsprovider.WebContentsProviderReceiver
01-17 14:22:45.847 3154 3154 D [SAUI] : Global::recovered::false
01-17 14:22:45.847 3154 3154 D [SAUI] : StickerCenterAsyncQueryHandler::::cursor is empty
01-17 14:22:45.866 3768 5291 D SamsungAlarmManager: Cancel Alarm calling from uid:10017 pid :5169 / op:PendingIntent{2adf7a8: PendingIntentRecord{6085cf3 com.google.android.gms broadcastIntent}}
01-17 14:22:45.867 3194 3194 D TimaKeyStoreProvider: TimaSignature is unavailable
01-17 14:22:45.867 3768 5291 I SamsungAlarmManager: setLocked to kernel - T:2 / 20180117T142306, SetElapsed=306996832, nowELAPSED=306976365
01-17 14:22:45.868 3194 3194 D ActivityThread: Added TimaKeyStore provider
01-17 14:22:45.874 3768 5643 I ActivityManager: KPU : put [com.sec.android.sidesync30] : 1756 K
01-17 14:22:45.874 3768 5643 I ActivityManager: Killing 2173:com.sec.android.sidesync30/u0a225 (adj 906): DHA:empty #33
01-17 14:22:45.875 3768 5644 I ActivityManager: DSS on for com.sec.android.app.sbrowser and scale is 1.0
01-17 14:22:45.907 3194 3194 I art : Starting a blocking GC AddRemoveAppImageSpace
01-17 14:22:45.913 3768 4959 D SamsungAlarmManager: setInexact Intent (T:2/F:0/AC:false) 20180117T143902 - CU:10017/CP:5169
01-17 14:22:45.914 3768 5279 D ActivityManager: cleanUpApplicationRecord -- 2173
01-17 14:22:45.917 5248 5260 D ForegroundUtils: could not check pending caller
01-17 14:22:45.922 3194 3194 D ContextRelationMgrBrdg: loadKlass() : caller=com.samsung.android.bridge.multiscreen.common.ContextRelationManagerBridge.:28 android.app.LoadedApk.makeApplication:840
01-17 14:22:45.927 3194 3194 D AppBannerProvider: onCreate()
01-17 14:22:45.934 3194 3194 D [MM]MHDataBaseProvider: onCreate()
01-17 14:22:45.935 3194 3194 D ReflectField: Cannot load field: SDL_INT
01-17 14:22:45.935 3194 3194 E ReflectField: Incorrect type : Fallback exception
01-17 14:22:45.935 3194 3194 D ReflectField: Cannot load field: KEYCODE_EMAIL
01-17 14:22:45.935 3194 3194 E ReflectField: Incorrect type : Fallback exception
01-17 14:22:45.939 32158 32158 I Finsky : [1] com.google.android.finsky.wear.bq.onPostExecute(12): Writing installed apps for account [RsQv5DxtlAcegb35sNYpYOSnEwg]
01-17 14:22:45.942 32158 32158 I Finsky : [1] com.google.android.finsky.wear.bq.onPostExecute(12): Writing installed apps for account [Y9k4IiKwlJQXdQkKV9ct3hEBHo4]
01-17 14:22:45.946 32158 32158 I Finsky : [1] com.google.android.finsky.wear.bq.onPostExecute(12): Writing installed apps for account [H6vux84kFlYY-ufrfmGtVBTNGYM]
01-17 14:22:45.950 32158 32158 I Finsky : [1] com.google.android.finsky.wear.bq.onPostExecute(12): Writing installed apps for account [DLtB3Glw7BIG-t0ECL3E9q0SOFI]
01-17 14:22:45.955 32158 32158 I Finsky : [1] com.google.android.finsky.wear.bq.onPostExecute(12): Writing installed apps for account [-hQKUKA7FO_qxtkL0tpk3poBkNU]
01-17 14:22:45.957 3194 3194 E ReflectMethod: Cannot load method: getEnableStatus [class java.lang.String]
01-17 14:22:45.957 3194 3194 E ReflectMethod: Cannot load method: getEnableStatus [class java.lang.String, boolean]
01-17 14:22:45.957 3194 3194 E ReflectMethod: Cannot load method: getEnableStatus [class java.lang.String]
01-17 14:22:45.958 3194 3194 D SBrowserFlags: initialize : loadCscFeatureValue() succeed!
01-17 14:22:45.960 32158 32158 I Finsky : [1] com.google.android.finsky.wear.WearSupportService.b(94): Stopping WearSupportService
01-17 14:22:45.962 32158 32158 I Finsky : [1] com.google.android.finsky.wear.ak.a(134): Disconnecting wearable
01-17 14:22:45.966 3768 5280 I ActivityManager: KPU : put [com.android.documentsui] : 4756 K
01-17 14:22:45.966 3768 5280 I ActivityManager: Killing 2198:com.android.documentsui/u0a15 (adj 906): DHA:empty #33
01-17 14:22:45.968 3768 5649 D SecContentProvider: query(), uri = 5 selection = getHttpProxy
01-17 14:22:45.969 3768 5649 D SecContentProvider: called from com.sec.android.app.sbrowser
01-17 14:22:45.970 3768 3792 W NetworkIdentity: Active mobile network without subscriber!
01-17 14:22:45.971 3194 3194 I SBrowserProvider: deActivated
01-17 14:22:45.976 3194 3194 D SProviderUtility :SBrowserSync: enableSyncClientProivder
01-17 14:22:45.977 3194 3194 I SyncUtil: disableInternetSync is called!
01-17 14:22:45.978 3194 3194 D MostVisitedSitesProvider: onCreate
01-17 14:22:45.985 3194 3194 I cr_ApplicationStatus: initialize application : com.sec.android.app.sbrowser.SBrowserApplication@7390679
01-17 14:22:45.992 3194 3194 E WebContentsProviderReceiver: onReceive - not approved application
01-17 14:22:46.015 3768 3888 I WindowManager_SurfaceController: Destroying surface Surface(name=Starting appinventor.ai_manjot_chana93.Soundboard_Base) called by com.android.server.wm.WindowStateAnimator.destroySurface:2840 com.android.server.wm.WindowStateAnimator.destroySurfaceLocked:1070 com.android.server.wm.WindowState.removeLocked:1783 com.android.server.wm.WindowManagerService.removeWindowInnerLocked:2889 com.android.server.wm.AppWindowToken.destroySurfaces:415 com.android.server.wm.AppWindowToken.destroySurfaces:376 com.android.server.wm.WindowStateAnimator.finishExit:654 com.android.server.wm.AppWindowAnimator.stepAnimationLocked:493
01-17 14:22:46.016 3197 3995 I SurfaceFlinger: id=10426 Removed Toundboard_ (5/9)
01-17 14:22:46.019 3768 3888 D InputTransport: Input channel destroyed: fd=521
01-17 14:22:46.078 27629 27629 W Glide : Load failed for ThumbnailModel[10, Dimension[510, 384], [ImageTransformation, type: NONE, value: NO_VALUE], application/vnd.android.package-archive] with size [510x384]
01-17 14:22:46.078 27629 27629 W Glide : class ach: Failed to load resource
01-17 14:22:46.078 27629 27629 W Glide : Cause (1 of 1): class ach: Fetching data failed, class java.io.InputStream, REMOTE
01-17 14:22:46.078 27629 27629 W Glide : Cause (1 of 1): class aam: Failed executing request through HttpExecutor
01-17 14:22:46.082 3768 3888 D CustomFrequencyManagerService: releaseDVFSLockLocked : Getting Lock type frm List : DVFS_MIN_LIMIT frequency : 1560000 uid : 1000 pid : 3768 tag : AMS_RESUME@CPU_MIN@7
01-17 14:22:46.082 3768 3888 D ActivityManager: mActivityResumeBooster.release()
01-17 14:22:46.082 3768 5291 D ActivityManager: cleanUpApplicationRecord -- 2198
01-17 14:22:46.093 3768 3848 I ActivityManager: KPU : put [com.samsung.android.app.sbrowseredge] : 3872 K
01-17 14:22:46.093 3768 3848 I ActivityManager: Killing 1889:com.samsung.android.app.sbrowseredge/u0a147 (adj 906): DHA:empty #33
01-17 14:22:46.100 3768 3848 I ActivityManager: KPU : put [com.sec.android.provider.badge] : 4048 K
01-17 14:22:46.100 3768 3848 I ActivityManager: Killing 2231:com.sec.android.provider.badge/u0a72 (adj 906): DHA:empty #33
01-17 14:22:46.104 3768 3848 D ActivityManager: mActivityResumeBoosterTail.acquire()
01-17 14:22:46.105 3768 3888 D KnoxTimeoutHandler: notifyActivityDrawn [MsgParam] userId: 0 fullscreen is true showWhenlocked is false isMutiwindowRecord is false multiwindowstyle is 1
01-17 14:22:46.105 3768 3768 D KnoxTimeoutHandler: activityDrawn [MsgParam] userId: 0 fullscreen is true showWhenlocked is false isMutiwindowRecord is false multiwindowstyle is 1
01-17 14:22:46.107 3768 3848 D CustomFrequencyManagerService: acquireDVFSLockLocked : type : DVFS_MIN_LIMIT frequency : 1560000 uid : 1000 pid : 3768 pkgName : AMS_RESUME_TAIL@CPU_MIN@13
01-17 14:22:46.108 5248 411 D ForegroundUtils: could not check pending caller
01-17 14:22:46.108 3768 3768 I KnoxTimeoutHandler: SD activityfalse
01-17 14:22:46.108 3768 3768 I KnoxTimeoutHandler: Fullscreen and mCurrent is not KNOX user. Hence hide keyguard
01-17 14:22:46.108 26887 27034 I SpayFw_SpayProcessStatusChangeMonitor: fg Change, pid : 2990 , isNotify : true , isForeground : false , fg list : [27629, 2857]
01-17 14:22:46.108 5248 411 D ForegroundUtils: could not check pending caller
01-17 14:22:46.117 5248 5259 D ForegroundUtils: could not check pending caller
01-17 14:22:46.118 27629 27629 D ViewRootImpl@968cb97[DocumentOpenerActivityDelegate]: dispatchDetachedFromWindow
01-17 14:22:46.118 3768 5305 D MountService: getExternalStorageMountMode : 1
01-17 14:22:46.118 3768 5305 D MountService: getExternalStorageMountMode : 3
01-17 14:22:46.118 3768 5305 D MountService: getExternalStorageMountMode : final mountMode=1, uid : 10066, packageName : com.sec.android.mimage.photoretouching
01-17 14:22:46.119 26887 27034 I SpayFw_TapAndGoPreloadTimer: start : Timer scheduled
01-17 14:22:46.120 26887 27034 I SpayFw_SpayProcessStatusChangeMonitor: fg Change, pid : 2857 , isNotify : true , isForeground : false , fg list : [27629]
01-17 14:22:46.131 3264 3264 E Zygote : v2
01-17 14:22:46.131 3264 3264 I libpersona: KNOX_SDCARD checking this for 10066
01-17 14:22:46.131 3264 3264 I libpersona: KNOX_SDCARD not a persona
01-17 14:22:46.132 3264 3264 E Zygote : accessInfo : 0
01-17 14:22:46.132 3264 3264 W SELinux : SELinux selinux_android_compute_policy_index : Policy Index[2], Con:u:r:zygote:s0 SPD:SEPF_SECMOBILE_7.0_0006 RAM:SEPF_SECMOBILE_7.0_0009, [-1 -1 -9 -1 0 1]
01-17 14:22:46.133 3264 3264 I SELinux : SELinux: seapp_context_lookup: seinfo=platform, level=s0:c512,c768, pkgname=com.sec.android.mimage.photoretouching
01-17 14:22:46.133 3768 5305 I ActivityManager: Start proc 3264:com.sec.android.mimage.photoretouching/u0a66 for broadcast com.sec.android.mimage.photoretouching/.Decoration.db.StickerPackageReceiver
01-17 14:22:46.135 26887 27034 I SpayFw_TapAndGoPreloadTimer: start : Timer scheduled
01-17 14:22:46.136 3768 5305 I ActivityManager: KPU : put [com.google.android.apps.docs.editors.docs] : 13604 K
01-17 14:22:46.136 3768 5305 I ActivityManager: Killing 2454:com.google.android.apps.docs.editors.docs/u0a215 (adj 906): DHA:empty #33
01-17 14:22:46.138 3768 5703 D ActivityManager: cleanUpApplicationRecord -- 2231
01-17 14:22:46.139 5248 411 D ForegroundUtils: could not check pending caller
01-17 14:22:46.141 2857 2857 D ViewRootImpl@5cf0700[InstallAppProgress]: dispatchDetachedFromWindow
01-17 14:22:46.147 3768 5643 D InputTransport: Input channel destroyed: fd=385
01-17 14:22:46.148 27629 27629 D InputTransport: Input channel destroyed: fd=109
01-17 14:22:46.148 3264 3264 D TimaKeyStoreProvider: TimaSignature is unavailable
01-17 14:22:46.149 3768 3888 D ViewRootImpl@9aa2461[Soundboard_Base]: dispatchDetachedFromWindow
01-17 14:22:46.149 3264 3264 D ActivityThread: Added TimaKeyStore provider
01-17 14:22:46.149 3768 5701 I WindowManager_SurfaceController: Destroying surface Surface(name=com.google.android.packageinstaller/com.android.packageinstaller.InstallAppProgress) called by com.android.server.wm.WindowStateAnimator.destroySurface:2840 com.android.server.wm.WindowStateAnimator.destroySurfaceLocked:1070 com.android.server.wm.WindowState.removeLocked:1783 com.android.server.wm.WindowManagerService.removeWindowInnerLocked:2889 com.android.server.wm.WindowManagerService.removeWindowLocked:2829 com.android.server.wm.WindowManagerService.removeWindowLocked:2654 com.android.server.wm.WindowManagerService.removeWindow:2649 com.android.server.wm.Session.remove:218
01-17 14:22:46.149 3197 29886 I SurfaceFlinger: id=10424 Removed JnstallAppP (2/8)
01-17 14:22:46.149 3197 3996 I SurfaceFlinger: id=10424 Removed JnstallAppP (-2/8)
01-17 14:22:46.164 3768 5701 D InputTransport: Input channel destroyed: fd=520
01-17 14:22:46.166 2857 2857 D InputTransport: Input channel destroyed: fd=74
01-17 14:22:46.166 3768 3888 W WindowManager: Failed looking up window
01-17 14:22:46.166 3768 3888 W WindowManager: java.lang.IllegalArgumentException: Requested window android.view.ViewRootImpl$W@88d3b86 does not exist
01-17 14:22:46.166 3768 3888 W WindowManager: at com.android.server.wm.WindowManagerService.windowForClientLocked(WindowManagerService.java:10316)
01-17 14:22:46.166 3768 3888 W WindowManager: at com.android.server.wm.WindowManagerService.windowForClientLocked(WindowManagerService.java:10307)
01-17 14:22:46.166 3768 3888 W WindowManager: at com.android.server.wm.WindowManagerService.removeWindow(WindowManagerService.java:2645)
01-17 14:22:46.166 3768 3888 W WindowManager: at com.android.server.wm.Session.remove(Session.java:218)
01-17 14:22:46.166 3768 3888 W WindowManager: at android.view.ViewRootImpl.dispatchDetachedFromWindow(ViewRootImpl.java:3676)
01-17 14:22:46.166 3768 3888 W WindowManager: at android.view.ViewRootImpl.doDie(ViewRootImpl.java:6583)
01-17 14:22:46.166 3768 3888 W WindowManager: at android.view.ViewRootImpl$ViewRootHandler.handleMessage(ViewRootImpl.java:4082)
01-17 14:22:46.166 3768 3888 W WindowManager: at android.os.Handler.dispatchMessage(Handler.java:102)
01-17 14:22:46.166 3768 3888 W WindowManager: at android.os.Looper.loop(Looper.java:154)
01-17 14:22:46.166 3768 3888 W WindowManager: at android.os.HandlerThread.run(HandlerThread.java:61)
01-17 14:22:46.166 3768 3888 W WindowManager: at com.android.server.ServiceThread.run(ServiceThread.java:46)
01-17 14:22:46.166 3768 3888 D InputTransport: Input channel destroyed: fd=531
01-17 14:22:46.166 3768 3792 I MultiWindowManagerService: setTaskDimensions: Task=TaskRecord{297fcb8d0 #15978 A=com.google.android.apps.docs U=0 StackId=1 sz=1} minWidth=-1 minHeight=-1 maxWidth=-1 maxHeight=-1
01-17 14:22:46.166 3768 4050 I ActivityManager: DSS on for com.sec.android.mimage.photoretouching and scale is 1.0
01-17 14:22:46.169 3768 5305 D ActivityManager: cleanUpApplicationRecord -- 1889
01-17 14:22:46.174 5248 5260 D ForegroundUtils: could not check pending caller
01-17 14:22:46.188 3768 5292 D ActivityManager: cleanUpApplicationRecord -- 2454
01-17 14:22:46.188 3264 3264 W art : Found duplicate classes, falling back to interpreter mode for /data/app/com.sec.android.mimage.photoretouching-1/base.apk
01-17 14:22:46.188 3264 3264 W art : Found duplicated class when checking oat files: 'Lcom/samsung/android/saiv/imageprocessing/ImageScreener$QualityFactorScores;' in /data/app/com.sec.android.mimage.photoretouching-1/base.apk and /system/framework/saiv.jar
01-17 14:22:46.189 5248 6985 D ForegroundUtils: could not check pending caller
01-17 14:22:46.238 3768 4104 D MdnieScenarioControlService: packageName : com.google.android.apps.docs className : com.google.android.apps.docs.doclist.activity.DocListActivity
01-17 14:22:46.252 7255 30926 I Icing : Indexing D571B9D676FFE9B143041CA00DBB5B840806E365 from com.google.android.gms
01-17 14:22:46.404 7255 30926 I Icing : Indexing done D571B9D676FFE9B143041CA00DBB5B840806E365
01-17 14:22:46.408 3768 3768 D CustomFrequencyManagerService: releaseDVFSLockLocked : Getting Lock type frm List : DVFS_MIN_LIMIT frequency : 1560000 uid : 1000 pid : 3768 tag : AMS_RESUME_TAIL@CPU_MIN@13
01-17 14:22:46.410 30084 30084 I IcingNotification: Received intent: Intent { act=com.google.android.gms.icing.IME_NOTIFICATION flg=0x10 pkg=com.google.android.inputmethod.latin launchParam=MultiScreenLaunchParams { mDisplayId=0 mFlags=0 } bqHint=1 (has extras) }
01-17 14:22:46.467 3264 3264 D ContextRelationMgrBrdg: loadKlass() : caller=com.samsung.android.bridge.multiscreen.common.ContextRelationManagerBridge.:28 android.app.LoadedApk.makeApplication:840
01-17 14:22:46.477 3264 3264 D BixbyApi_0.2.7: isBixbySupported:false
01-17 14:22:46.480 3768 4050 D MountService: getExternalStorageMountMode : 1
01-17 14:22:46.481 3768 4050 D MountService: getExternalStorageMountMode : 3
01-17 14:22:46.481 3768 4050 D MountService: getExternalStorageMountMode : final mountMode=1, uid : 10044, packageName : com.sec.android.widgetapp.samsungapps
01-17 14:22:46.506 3328 3328 E Zygote : v2
01-17 14:22:46.506 3328 3328 I libpersona: KNOX_SDCARD checking this for 10044
01-17 14:22:46.506 3328 3328 I libpersona: KNOX_SDCARD not a persona
01-17 14:22:46.507 3328 3328 E Zygote : accessInfo : 0
01-17 14:22:46.508 3328 3328 W SELinux : SELinux selinux_android_compute_policy_index : Policy Index[2], Con:u:r:zygote:s0 SPD:SEPF_SECMOBILE_7.0_0006 RAM:SEPF_SECMOBILE_7.0_0009, [-1 -1 -9 -1 0 1]
01-17 14:22:46.508 3768 4050 I ActivityManager: Start proc 3328:com.sec.android.widgetapp.samsungapps/u0a44 for broadcast com.sec.android.widgetapp.samsungapps/.PackageChangeReceiver
01-17 14:22:46.510 3328 3328 I SELinux : SELinux: seapp_context_lookup: seinfo=samsung, level=s0:c512,c768, pkgname=com.sec.android.widgetapp.samsungapps
01-17 14:22:46.517 3768 4050 I ActivityManager: KPU : put [com.google.android.apps.docs.editors.sheets] : 24584 K
01-17 14:22:46.517 3768 4050 I ActivityManager: Killing 2511:com.google.android.apps.docs.editors.sheets/u0a214 (adj 906): DHA:empty #33
01-17 14:22:46.532 3260 3260 E audit : type=1320 audit(1516198966.521:7995):
01-17 14:22:46.557 3260 3260 E audit : type=1320 audit(1516198966.551:7996):
01-17 14:22:46.559 3328 3328 D TimaKeyStoreProvider: TimaSignature is unavailable
01-17 14:22:46.560 3328 3328 D ActivityThread: Added TimaKeyStore provider
01-17 14:22:46.563 3768 5305 I ActivityManager: DSS on for com.sec.android.widgetapp.samsungapps and scale is 1.0
01-17 14:22:46.575 3768 5291 D ActivityManager: cleanUpApplicationRecord -- 2511
01-17 14:22:46.577 3260 3260 E audit : type=1320 audit(1516198966.571:7997):
01-17 14:22:46.577 5248 5260 D ForegroundUtils: could not check pending caller
01-17 14:22:46.578 27471 27488 D [ACT]:ao: processing priority = HIGH
01-17 14:22:46.580 27443 27465 D [ACT]:ao: processing priority = HIGH
01-17 14:22:46.587 3328 3328 I art : Starting a blocking GC AddRemoveAppImageSpace
01-17 14:22:46.588 3328 3328 W System : ClassLoader referenced unknown path: /system/priv-app/GalaxyAppsWidget_Phone_Hero/lib/arm64
01-17 14:22:46.595 3260 3260 E audit : type=1320 audit(1516198966.591:7998):
01-17 14:22:46.604 3328 3328 D ContextRelationMgrBrdg: loadKlass() : caller=com.samsung.android.bridge.multiscreen.common.ContextRelationManagerBridge.:28 android.app.LoadedApk.makeApplication:840
01-17 14:22:46.620 3768 5317 I ActivityManager: KPU : put [com.google.android.apps.docs.editors.slides] : 24076 K
01-17 14:22:46.620 3768 5317 I ActivityManager: Killing 2570:com.google.android.apps.docs.editors.slides/u0a216 (adj 906): DHA:empty #33
01-17 14:22:46.633 4423 4423 D [IMSFW6]: SessionModule: needRegister appinventor.ai_manjot_chana93.Soundboard_Base
01-17 14:22:46.636 4423 4423 D [IMSFW6]: SessionModule: new app name = com.samsung.crane
01-17 14:22:46.636 4423 4423 D [IMSFW6]: SessionModule: data type = com.gsma.services.rcs/gsma.callcomposer
01-17 14:22:46.636 4423 4423 D [IMSFW6]: SessionModule: add type = gsma.callcomposer
01-17 14:22:46.637 4423 4423 D [IMSFW6]: SessionModule: data type = com.gsma.services.rcs/gsma.callunanswered
01-17 14:22:46.637 4423 4423 D [IMSFW6]: SessionModule: add type = gsma.callunanswered
01-17 14:22:46.637 4423 4423 D [IMSFW6]: SessionModule: data type = com.gsma.services.rcs/gsma.sharedsketch
01-17 14:22:46.637 4423 4423 D [IMSFW6]: SessionModule: add type = gsma.sharedsketch
01-17 14:22:46.637 4423 4423 D [IMSFW6]: SessionModule: data type = com.gsma.services.rcs/gsma.sharedmap
01-17 14:22:46.637 4423 4423 D [IMSFW6]: SessionModule: add type = gsma.sharedmap
01-17 14:22:46.640 3768 4020 D MountService: getExternalStorageMountMode : 1
01-17 14:22:46.640 3768 4020 D MountService: getExternalStorageMountMode : 3
01-17 14:22:46.640 3768 4020 D MountService: getExternalStorageMountMode : final mountMode=1, uid : 10038, packageName : com.sec.spp.push
01-17 14:22:46.661 3361 3361 E Zygote : v2
01-17 14:22:46.661 3361 3361 I libpersona: KNOX_SDCARD checking this for 10038
01-17 14:22:46.661 3361 3361 I libpersona: KNOX_SDCARD not a persona
01-17 14:22:46.661 3768 4020 I ActivityManager: Start proc 3361:com.sec.spp.push:RemoteNotiProcess/u0a38 for broadcast com.sec.spp.push/.notisvc.registration.PackageChangeEventReceiver
01-17 14:22:46.662 3361 3361 E Zygote : accessInfo : 0
01-17 14:22:46.663 3361 3361 W SELinux : SELinux selinux_android_compute_policy_index : Policy Index[2], Con:u:r:zygote:s0 SPD:SEPF_SECMOBILE_7.0_0006 RAM:SEPF_SECMOBILE_7.0_0009, [-1 -1 -9 -1 0 1]
01-17 14:22:46.665 3361 3361 I SELinux : SELinux: seapp_context_lookup: seinfo=samsung, level=s0:c512,c768, pkgname=com.sec.spp.push:RemoteNotiProcess
01-17 14:22:46.674 3768 3793 D ActivityManager: cleanUpApplicationRecord -- 2570
01-17 14:22:46.676 5248 411 D ForegroundUtils: could not check pending caller
01-17 14:22:46.697 3361 3361 D TimaKeyStoreProvider: TimaSignature is unavailable
01-17 14:22:46.697 3361 3361 D ActivityThread: Added TimaKeyStore provider
01-17 14:22:46.701 3768 5316 I ActivityManager: DSS on for com.sec.spp.push and scale is 1.0
01-17 14:22:46.736 3361 3361 I art : Starting a blocking GC AddRemoveAppImageSpace ^C C:\Program Files (x86)\AppInventor\commands-for-appinventor>