01-17 14:22:13.722 3768 4106 I OverlayCocktailBarStatePolicy: handleUpdateVisibility: mVisibility = 2 visibility = 1
01-17 14:22:13.722 3294 2727 I audio_route: > audio_route_apply_path : "recognition-mic"
01-17 14:22:13.722 6827 6827 D TrayStateController: setUiState 0 : 2 --> 0
01-17 14:22:13.722 3768 3970 I BarTender:GATHERERGPS: [GPS] gather SamsungGpsInfo
01-17 14:22:13.724 3768 3793 V WindowManager: Relayout Window{773add0 u0 com.samsung.android.app.cocktailbarservice/com.samsung.android.app.cocktailbarservice.CocktailBarService}: viewVisibility=0 req=67x546 WM.LayoutParams{(0,360)(67x546) gr=#35 sim=#20 ty=2226 fl=#1800348 pfl=0x50 fmt=-2 vsysui=0x2000 naviIconColor=0}
01-17 14:22:13.724 3197 3197 I SurfaceFlinger: id=10412 createSurf (67x546),1 flag=4, DocktailBar
01-17 14:22:13.725 3294 2727 V audio_hw_primary: select_devices() input_route "recognition-mic"
01-17 14:22:13.725 3294 2727 I audio_route: > audio_route_apply_path : "gain-recognition-mic"
01-17 14:22:13.725 3768 3768 D SSRM:a : WakeUpReason 1
01-17 14:22:13.725 3294 2727 V audio_hw_primary: select_devices() input_gain "gain-recognition-mic"
01-17 14:22:13.725 3768 3970 I BarTender:GATHERERBLE: [BLE] gather BleInfo
01-17 14:22:13.725 3294 2727 I audio_route: > audio_route_update_mixer : +
01-17 14:22:13.725 3294 2727 I audio_route: > audio_route_update_mixer : changed(0) -
01-17 14:22:13.725 3294 2727 I audio_hw_primary: select_devices -
01-17 14:22:13.725 3294 2727 V audio_hw_primary: start_input_stream -
01-17 14:22:13.728 9383 9383 I oneconnect[1.6.06-45_2]: CloudHelper.onReceive - action : android.intent.action.SCREEN_ON
01-17 14:22:13.731 9383 2732 I oneconnect[1.6.06-45_2]: CloudHelper.onReceive - ACTION_SCREEN_ON, not sign in state - restoreCloudConnection
01-17 14:22:13.732 6827 6966 D mali_winsys: EGLint new_window_surface(egl_winsys_display*, void*, EGLSurface, EGLConfig, egl_winsys_surface**, egl_color_buffer_format*, EGLBoolean) returns 0x3000, [67x546]-format:1
01-17 14:22:13.734 6827 6827 D CocktailBarUiController: onCocktailBarStateChanged: flag=0x1 vis=1 bgType=0 showTimeout=-1 activate=true
01-17 14:22:13.735 9383 9383 D oneconnect[1.6.06-45_2]: QcManager.mReceiver - LCD ON
01-17 14:22:13.735 9383 9565 D oneconnect[1.6.06-45_2]: QcManager.BrHandler - BR_MSG_SCREEN_ON
01-17 14:22:13.736 9383 2732 I oneconnect[1.6.06-45_2]: CloudHelper.restoreCloudConnection - isQcTopProcess return false, skip restore
01-17 14:22:13.738 3315 2719 I tlc_communication: mcWaitNotification is completed;237
01-17 14:22:13.738 3315 2719 I TLC_BAUTH: Check the Trustlet return code is completed;1288
01-17 14:22:13.738 3315 2719 D bauth_FPBAuthService: check_opcode status = 2, opcode = 5, func_ret_val = 0, function_status = 1, timeout = 0
01-17 14:22:13.738 3315 2719 D bauth_FPBAuthService: FPBAuthService, 1710
01-17 14:22:13.739 3315 2719 D bauth_FPBAuthService: FPBAuthService, 1720
01-17 14:22:13.739 3315 2719 D bauth_FPBAuthService: FPBAuthService, 1721
01-17 14:22:13.739 3315 2719 D bauth_FPBAuthService: fpop : 100021
01-17 14:22:13.739 9383 9565 D oneconnect[1.6.06-45_2]: t.addCachedDevice - addDevice - [Name]AirPods[DeviceType]ACCESSORY_OUTPUT[Discover]_BT_DB[Services]_Connect[Connected]false[ConType]NONE[size()]2[OCFDiscovery]NONE[OCFOwned]-1
01-17 14:22:13.739 3315 2719 D fingerprintd: onAcquired(10002)
01-17 14:22:13.739 3768 5305 V WindowManager: Relayout Window{773add0 u0 com.samsung.android.app.cocktailbarservice/com.samsung.android.app.cocktailbarservice.CocktailBarService}: viewVisibility=0 req=67x546 WM.LayoutParams{(0,360)(67x546) gr=#35 sim=#20 ty=2226 fl=#1800348 pfl=0x50 fmt=-2 vsysui=0x2000 naviIconColor=0}
01-17 14:22:13.739 9383 9565 D oneconnect[1.6.06-45_2]: t.addDevice - [Name]AirPods[DeviceType]ACCESSORY_OUTPUT[Discover]_BT_DB[Services]_Connect[Connected]false[ConType]NONE[size()]2[OCFDiscovery]NONE[OCFOwned]-1
01-17 14:22:13.739 9383 9565 D oneconnect[1.6.06-45_2]: t.addCachedDevice - addDevice - [Name]SYNC [DeviceType]ACCESSORY_OUTPUT[Discover]_BT_DB[Services]_Connect[Connected]false[ConType]NONE[size()]2[OCFDiscovery]NONE[OCFOwned]-1
01-17 14:22:13.739 3315 2719 D bauth_FPBAuthService: FPBAuthService, 3557
01-17 14:22:13.739 9383 9565 D oneconnect[1.6.06-45_2]: t.addDevice - [Name]SYNC [DeviceType]ACCESSORY_OUTPUT[Discover]_BT_DB[Services]_Connect[Connected]false[ConType]NONE[size()]2[OCFDiscovery]NONE[OCFOwned]-1
01-17 14:22:13.739 3315 2719 I TLC_BAUTH: Call FP cmd 0x6;1222
01-17 14:22:13.739 9383 9565 D oneconnect[1.6.06-45_2]: t.addCachedDevice - addDevice - [Name]Pebble Time 8A9A[DeviceType]WEARABLE[Discover]_BT_DB[Services]_FilesShare[Connected]false[ConType]NONE[size()]2[OCFDiscovery]NONE[OCFOwned]-1
01-17 14:22:13.739 3768 3768 I FingerprintService: handleAcquired : acquiredInfo=10002
01-17 14:22:13.739 9383 9565 D oneconnect[1.6.06-45_2]: t.addDevice - [Name]Pebble Time 8A9A[DeviceType]WEARABLE[Discover]_BT_DB[Services]_FilesShare[Connected]false[ConType]NONE[size()]2[OCFDiscovery]NONE[OCFOwned]-1
01-17 14:22:13.739 3315 2719 I tlc_communication: Send Trustlet TCI Message;214
01-17 14:22:13.739 9383 9565 D oneconnect[1.6.06-45_2]: t.addCachedDevice - addDevice - [Name]HUAWEI WATCH 2[DeviceType]WEARABLE[Discover]_BT_DB[Services]None[Connected]false[ConType]NONE[size()]2[OCFDiscovery]NONE[OCFOwned]-1
01-17 14:22:13.739 3315 2719 I tlc_communication: mcNotify is completed;224
01-17 14:22:13.739 9383 9565 D oneconnect[1.6.06-45_2]: t.addDevice - [Name]HUAWEI WATCH 2[DeviceType]WEARABLE[Discover]_BT_DB[Services]None[Connected]false[ConType]NONE[size()]2[OCFDiscovery]NONE[OCFOwned]-1
01-17 14:22:13.739 9383 9565 D oneconnect[1.6.06-45_2]: t.addCachedDevice - addDevice - [Name]Philips SHQ6500[DeviceType]ACCESSORY_OUTPUT[Discover]_BT_DB[Services]_Connect[Connected]false[ConType]NONE[size()]2[OCFDiscovery]NONE[OCFOwned]-1
01-17 14:22:13.739 9383 9565 D oneconnect[1.6.06-45_2]: t.addDevice - [Name]Philips SHQ6500[DeviceType]ACCESSORY_OUTPUT[Discover]_BT_DB[Services]_Connect[Connected]false[ConType]NONE[size()]2[OCFDiscovery]NONE[OCFOwned]-1
01-17 14:22:13.739 9383 9565 D oneconnect[1.6.06-45_2]: t.addCachedDevice - addDevice - [Name]Range Rover[DeviceType]ACCESSORY_OUTPUT[Discover]_BT_DB[Services]_Connect[Connected]false[ConType]NONE[size()]2[OCFDiscovery]NONE[OCFOwned]-1
01-17 14:22:13.739 9383 9565 D oneconnect[1.6.06-45_2]: t.addDevice - [Name]Range Rover[DeviceType]ACCESSORY_OUTPUT[Discover]_BT_DB[Services]_Connect[Connected]false[ConType]NONE[size()]2[OCFDiscovery]NONE[OCFOwned]-1
01-17 14:22:13.739 4222 4222 D KeyguardFingerPrint: onAuthenticationAcquired() = 10002
01-17 14:22:13.739 4222 4222 D KeyguardFingerPrint: fingerprint applyBooster
01-17 14:22:13.740 3768 4960 D CustomFrequencyManagerService: releaseDVFSLockLocked : Getting Lock type frm List : DVFS_MIN_LIMIT frequency : 1248000 uid : 1000 pid : 3768 tag : KEYGUARD_FINGERPRINT_BOOST@1
01-17 14:22:13.742 3315 2719 I tlc_communication: mcWaitNotification is completed;237
01-17 14:22:13.742 3315 2719 I TLC_BAUTH: Check the Trustlet return code is completed;1288
01-17 14:22:13.742 3315 2719 D bauth_FPBAuthService: check_opcode status = 2, opcode = 6, func_ret_val = 0, function_status = 1, timeout = 0
01-17 14:22:13.742 3315 2719 D bauth_FPBAuthService: FPBAuthService, 1333
01-17 14:22:13.742 3315 2719 D bauth_FPBAuthService: FPBAuthService, 1339
01-17 14:22:13.742 3315 2719 D bauth_FPBAuthService: fpop : 100022
01-17 14:22:13.742 3315 2719 D fingerprintd: onAcquired(10003)
01-17 14:22:13.743 3768 3768 I FingerprintService: handleAcquired : acquiredInfo=10003
01-17 14:22:13.743 3315 2719 D bauth_FPBAuthService: FPBAuthService, 3557
01-17 14:22:13.743 3315 2719 I TLC_BAUTH: Call FP cmd 0x6;1222
01-17 14:22:13.743 3315 2719 I tlc_communication: Send Trustlet TCI Message;214
01-17 14:22:13.743 3315 2719 I tlc_communication: mcNotify is completed;224
01-17 14:22:13.743 3768 5701 D CustomFrequencyManagerService: acquireDVFSLockLocked : type : DVFS_MIN_LIMIT frequency : 1248000 uid : 1000 pid : 3768 pkgName : KEYGUARD_FINGERPRINT_BOOST@1
01-17 14:22:13.744 5169 8608 D BluetoothAdapter: STATE_ON
01-17 14:22:13.744 3768 5298 D PowerManagerService: [api] [s] userActivity : event: 0 flags: 0 (uid: 10005 pid: 4222) eventTime = 126573011
01-17 14:22:13.746 5169 8608 D BluetoothAdapter: STATE_ON
01-17 14:22:13.746 4222 4222 D KeyguardFingerPrint: onAuthenticationAcquired() = 10003
01-17 14:22:13.746 4222 4222 D KeyguardFingerPrint: fingerprint applyBooster
01-17 14:22:13.747 5169 8608 D BluetoothLeScanner: Start Scan
01-17 14:22:13.747 3768 5291 D CustomFrequencyManagerService: releaseDVFSLockLocked : Getting Lock type frm List : DVFS_MIN_LIMIT frequency : 1248000 uid : 1000 pid : 3768 tag : KEYGUARD_FINGERPRINT_BOOST@1
01-17 14:22:13.749 3768 7004 D CustomFrequencyManagerService: acquireDVFSLockLocked : type : DVFS_MIN_LIMIT frequency : 1248000 uid : 1000 pid : 3768 pkgName : KEYGUARD_FINGERPRINT_BOOST@1
01-17 14:22:13.749 5169 8608 D BluetoothAdapter: STATE_ON
01-17 14:22:13.749 3768 4020 D PowerManagerService: [api] [s] userActivity : event: 0 flags: 0 (uid: 10005 pid: 4222) eventTime = 126573016
01-17 14:22:13.749 3768 5324 D WindowManager: finishDrawingWindow: Window{773add0 u0 com.samsung.android.app.cocktailbarservice/com.samsung.android.app.cocktailbarservice.CocktailBarService} mDrawState=DRAW_PENDING
01-17 14:22:13.749 5169 8608 D BluetoothAdapter: STATE_ON
01-17 14:22:13.751 5169 8608 D BluetoothAdapter: STATE_ON
01-17 14:22:13.754 5169 8608 D BluetoothAdapter: STATE_ON
01-17 14:22:13.754 3768 5305 W ActivityManager: Permission Denial: Accessing service ComponentInfo{com.google.android.music/com.google.android.music.dial.DialMediaRouteProviderService} from pid=7255, uid=10017 that is not exported from uid 10137
01-17 14:22:13.755 4158 8928 D BtGatt.GattService: registerClient() - UUID=4f42f9dd-9f04-4727-bb77-f044de7fb5ed
01-17 14:22:13.761 7255 1453 I DiscoveryManager: Filter criteria(%urn:x-cast:com.google.cast.media) scannerFlags(2)
01-17 14:22:13.771 3768 4959 D SamsungAlarmManager: setExact Intent (T:2/F:1/AC:false) 20180117T142213 - CU:10017/CP:5169
01-17 14:22:13.771 3768 4959 I SamsungAlarmManager: setLocked to kernel - T:2 / 20180117T142214, SetElapsed=306945265, nowELAPSED=306944269
01-17 14:22:13.782 5248 2728 D SecNfcJni: RoutingManager::commitRouting
01-17 14:22:13.782 5248 6795 D SecNfcJni: RoutingManager::nfaEeCallback: NFA_EE_UPDATED_EVT
01-17 14:22:13.782 5248 6795 E SecNfcNfa: nfa_dm_check_set_config () p_stored=-15118881, p_value=-417312400, p_cur_len=-15118880
01-17 14:22:13.785 5248 2728 D NfcService: call ListenModeRouting
01-17 14:22:13.785 5248 2728 D NfcService: index : 0
01-17 14:22:13.785 26887 26887 I SpayFw_TapAndGoPreloadTimer: Action : android.intent.action.SCREEN_ON
01-17 14:22:13.788 5248 2728 D NfcService: index : 1
01-17 14:22:13.788 5248 2728 D NfcService: index : 2
01-17 14:22:13.823 6827 6827 D TrayStateTrigger: showTriggerView
01-17 14:22:13.830 4158 4277 W bt_btif : btif_dm_upstreams_cback ev: BTA_DM_ENER_INFO_READ
01-17 14:22:13.836 3768 3890 D DisplayPowerController: ColorFade: onAnimationEnd
01-17 14:22:13.836 3768 3890 D DisplayPowerController: animateScreenStateChange[0]: target=2
01-17 14:22:13.840 3197 3202 I SurfaceFlinger: id=10411 Removed DolorFade (7/7)
01-17 14:22:13.840 3197 3204 I SurfaceFlinger: id=10411 Removed DolorFade (-2/7)
01-17 14:22:13.841 3768 3890 D DisplayPowerController: [Dual Screen Compatible] state[0] :2
01-17 14:22:13.841 3768 3890 D DisplayPowerController: getFinalBrightness : Summary is 79 -> 79
01-17 14:22:13.841 3768 3890 D DisplayPowerController: Animating brightness: target=79, rate=2000 (PSM:false, AB limit:(-1 ~ -1) MB Limit:(-1 ~ -1))
01-17 14:22:13.841 3768 3890 D DisplayPowerController: [M OS] 0 Notify policy about screen turned on.
01-17 14:22:13.841 3768 3890 D DisplayPowerController: [M OS] 0 REPORTED_TO_POLICY_SCREEN_TURNING_ON -> REPORTED_TO_POLICY_SCREEN_ON.
01-17 14:22:13.841 3768 3890 V KeyguardServiceDelegate: onScreenTurnedOn()
01-17 14:22:13.841 3768 3890 D PowerManagerService: [s] DisplayPowerCallbacks : onStateChanged()
01-17 14:22:13.841 3768 3890 D PowerManagerService: mDisplayReady: true
01-17 14:22:13.841 4222 4366 D KeyguardViewMediator: notifyScreenTurnedOn
01-17 14:22:13.841 4222 4222 D KeyguardViewMediator: handleNotifyScreenTurnedOn
01-17 14:22:13.849 4222 4222 D LockIcon: state = 0, mLastState = 0, mDeviceInteractive = true, mLastDeviceInteractive = true, mScreenOn = true, mLastScreenOn = false
01-17 14:22:13.857 4158 4277 D BtGatt.GattService: onClientRegistered() - UUID=4f42f9dd-9f04-4727-bb77-f044de7fb5ed, clientIf=7, status=0
01-17 14:22:13.857 5169 8435 D BluetoothLeScanner: onClientRegistered() - status=0 clientIf=7 mClientIf=0
01-17 14:22:13.858 4158 4170 D BtGatt.GattService: start scan with filters
01-17 14:22:13.870 3768 7012 D WifiScanController: isNLPPackage:com.google.android.gms, true
01-17 14:22:13.870 3768 3970 I SamsungAlarmManager: setLocked to kernel - T:2 / 20180117T142213, SetElapsed=306944464, nowELAPSED=306944368
01-17 14:22:13.870 3768 3970 D SamsungAlarmManager: setInexact Intent (T:1/F:8/AC:false) 20180117T145213 - CU:1000/CP:3768
01-17 14:22:13.871 4158 4170 D BtGatt.GattService: getScanSettings
01-17 14:22:13.872 3768 4116 E WifiWatchdogStateMachine: Unhandled message { when=0 what=135229 target=com.android.internal.util.StateMachine$SmHandler } in state ValidNonSwitchableState
01-17 14:22:13.874 4158 4170 D BtGatt.GattService: Is it foreground application = false
01-17 14:22:13.874 4158 4170 D BtGatt.GattService: Its a background application running with Low Power scan mode
01-17 14:22:13.874 13648 13648 I wpa_supplicant: wlan0: Setting scan request: 0 sec 0 usec
01-17 14:22:13.874 13648 13648 I wpa_supplicant: P2P: Current p2p state = IDLE
01-17 14:22:13.878 13648 13648 I wpa_supplicant: Scan requested (ret=0) - scan timeout 30 seconds
01-17 14:22:13.901 3768 4119 D WifiWatchdogStateMachine: [|205] []
01-17 14:22:13.904 3768 2736 E BatteryStatsService: modem info is invalid: ModemActivityInfo{ mTimestamp=0 mSleepTimeMs=0 mIdleTimeMs=0 mTxTimeMs[]=[0, 0, 0, 0, 0] mRxTimeMs=0 mEnergyUsed=0}
01-17 14:22:13.954 29623 29623 D SensorManager: registerListener :: 5, TMD49XX Proximity Sensor, 200000, 0,
01-17 14:22:13.955 3768 4960 I Sensors : Light old sensor_state 278656, new sensor_state : 279168 en : 1
01-17 14:22:13.957 7255 31546 W MdnsClient: Socket thread is null
01-17 14:22:13.958 3768 4069 D SamsungAlarmManager: setInexact Listener (T:2/F:8/AC:false) 20180117T142228 - CU:1000/CP:3768
01-17 14:22:13.958 4158 4809 E BtGatt.GattService: [GSIM LOG]: gsimLogHandler: com.google.uid.shared, msg: MESSAGE_START_SCAN
01-17 14:22:13.958 4158 4807 D BtGatt.ScanManager: handling starting scan
01-17 14:22:13.960 4158 4807 D BluetoothAdapter: STATE_ON
01-17 14:22:13.961 4158 4807 D BluetoothAdapter: STATE_ON
01-17 14:22:13.961 29623 29623 D SensorManager: registerListener :: 6, TMD49XX RGB Sensor, 200000, 0,
01-17 14:22:13.961 4158 4807 D BluetoothAdapter: STATE_ON
01-17 14:22:13.963 29623 29623 D SensorManager: Proximity, val = 8.0 [far]
01-17 14:22:13.964 5169 8608 I BeaconBle: Client requested scan, settings=BleSettings [scanMode=LOW_LATENCY, callbackType=ALL_MATCHES, reportDelayMillis=0, 6 filters, 1 clients, callingClientName=Nearby]
01-17 14:22:13.966 3768 3969 D SamsungAlarmManager: Expired : 4
01-17 14:22:13.966 3768 3969 I SamsungAlarmManager: setLocked to kernel - T:2 / 20180117T142228, SetElapsed=306959373, nowELAPSED=306944464
01-17 14:22:13.966 3768 3969 V SamsungAlarmManager: Sending to uid : 10017 action=CONTEXT_MANAGER_ALARM_WAKEUP_33328 alarm=Alarm{662411b type 2 when 306944464 com.google.android.gms}
01-17 14:22:13.966 7255 31546 W MdnsClient: Socket thread is null
01-17 14:22:13.969 3768 4133 D PowerManagerService: [PWL] sb release: PowerManagerService.Broadcasts
01-17 14:22:13.972 3315 2719 I tlc_communication: mcWaitNotification is completed;237
01-17 14:22:13.972 3315 2719 E TLC_BAUTH: *****************************
01-17 14:22:13.972 3315 2719 E TLC_BAUTH: *** ERROR: Trustlet did not send a valid return code : 32
01-17 14:22:13.972 3315 2719 E TLC_BAUTH: *** Detected in BAuth_Identify_Do/1286()
01-17 14:22:13.972 3315 2719 E TLC_BAUTH: *****************************
01-17 14:22:13.972 3315 2719 D bauth_FPBAuthService: check_opcode status = 2, opcode = 0, func_ret_val = 32, function_status = 1, timeout = 0
01-17 14:22:13.972 3315 2719 E bauth_FPBAuthService: BAuth_Identify_Do Fail BAD_QUALITY or Identify Fail : 32
01-17 14:22:13.972 3315 2719 D bauth_FPBAuthService: FPBAuthService, 3836
01-17 14:22:13.972 3315 2719 D bauth_FPBAuthService: fpop : 100024
01-17 14:22:13.972 3315 2719 D fingerprintd: onAcquired(10005)
01-17 14:22:13.972 3315 2719 D bauth_FPBAuthService: FPBAuthService, 3859
01-17 14:22:13.972 3315 2719 D bauth_FPBAuthService: fpop : 100011
01-17 14:22:13.972 3315 2719 D fingerprintd: onAuthenticated(fid=0, gid=0)
01-17 14:22:13.973 3768 3768 I FingerprintService: handleAcquired : acquiredInfo=10005
01-17 14:22:13.974 3768 3768 I FingerprintService: handleAuthenticated : false
01-17 14:22:13.974 4222 4222 D KeyguardFingerPrint: onAuthenticationAcquired() = 10005
01-17 14:22:13.974 4222 4222 D KeyguardFingerPrint: fingerprint applyBooster
01-17 14:22:13.974 3768 4960 D CustomFrequencyManagerService: releaseDVFSLockLocked : Getting Lock type frm List : DVFS_MIN_LIMIT frequency : 1248000 uid : 1000 pid : 3768 tag : KEYGUARD_FINGERPRINT_BOOST@1
01-17 14:22:13.974 3768 3768 W ContextImpl: Calling a method in the system process without a qualified user: android.app.ContextImpl.sendBroadcast:906 com.android.server.fingerprint.FingerprintService.insertSurveyLog:2043 com.android.server.fingerprint.FingerprintService$10.insertSurveyLog:1171 com.android.server.fingerprint.AuthenticationClient.onAuthenticated:129 com.android.server.fingerprint.FingerprintService.handleAuthenticated:449
01-17 14:22:13.976 3768 5325 D CustomFrequencyManagerService: acquireDVFSLockLocked : type : DVFS_MIN_LIMIT frequency : 1248000 uid : 1000 pid : 3768 pkgName : KEYGUARD_FINGERPRINT_BOOST@1
01-17 14:22:13.976 3768 3768 I FingerprintService: sendFingerprintBigdata() mSemHqmManager.sendHWParamToHQM !!!
01-17 14:22:13.976 3315 2719 D bauth_FPBAuthSensorControl: FPBAuthSensorControl, 552
01-17 14:22:13.976 3768 3768 W ContextImpl: Calling a method in the system process without a qualified user: android.app.ContextImpl.sendBroadcast:906 com.android.server.fingerprint.FingerprintService.insertSurveyLog:2043 com.android.server.fingerprint.FingerprintService.handleAuthenticated:456 com.android.server.fingerprint.FingerprintService$5$4.run:1430 android.os.Handler.handleCallback:751
01-17 14:22:13.977 3768 5316 D PowerManagerService: [api] [s] userActivity : event: 0 flags: 0 (uid: 10005 pid: 4222) eventTime = 126573243
01-17 14:22:13.977 3768 3961 I Sensors : #>LightSensor lux=21 r=14 g=8 b=7 c=28 atime=245 again=3
01-17 14:22:13.981 4158 4807 D BluetoothAdapter: STATE_ON
01-17 14:22:13.982 22436 22436 D SensorManager: registerListener :: 5, TMD49XX Proximity Sensor, 200000, 0,
01-17 14:22:13.982 22436 22436 D SensorManager: registerListener :: 6, TMD49XX RGB Sensor, 200000, 0,
01-17 14:22:13.982 22436 22436 D SensorManager: Proximity, val = 8.0 [far]
01-17 14:22:13.993 3315 2719 D bauth_FPBAuthSensorControl: FPBAuthSensorControl, 552
01-17 14:22:13.993 3315 2719 I TLC_BAUTH: Call FP cmd 0x7;1303
01-17 14:22:13.993 3315 2719 I tlc_communication: Send Trustlet TCI Message;214
01-17 14:22:13.993 3315 2719 I tlc_communication: mcNotify is completed;224
01-17 14:22:14.000 5427 5427 I PeopleStripeVisibilityController: handleMessage : msg.what = 1
01-17 14:22:14.001 5427 5427 I PeopleStripeVisibilityController: isAllowPrivateNotifications : allowPrivateNotifications = true
01-17 14:22:14.002 5427 5427 I PeopleStripeVisibilityController: isShowNotification : showNotification = true
01-17 14:22:14.002 5427 5427 I PeopleStripeVisibilityController: getComputedTrayVisible : keyguardState = 2
01-17 14:22:14.002 5427 5427 I PeopleStripeVisibilityController: updateStripeVisible : State 2 visible = 1
01-17 14:22:14.002 5427 5427 I PeopleHandlerManager: isExistVisibleHandler false
01-17 14:22:14.056 3315 2719 I tlc_communication: mcWaitNotification is completed;237
01-17 14:22:14.056 3315 2719 I TLC_BAUTH: Check the Trustlet return code is completed;1353
01-17 14:22:14.056 3315 2719 D bauth_FPBAuthService: FPBAuthService, 4012
01-17 14:22:14.056 3315 2719 D bauth_FPBAuthService: check_opcode status = 2, opcode = 4, func_ret_val = 0, function_status = 2, timeout = 50
01-17 14:22:14.056 3315 2719 D bauth_FPBAuthService: FPBAuthService, 1360
01-17 14:22:14.056 3315 2719 D bauth_FPBAuthSensorControl: FPBAuthSensorControl, 432
01-17 14:22:14.056 3315 2719 D bauth_FPBAuthSensorControl: FPBAuthSensorControl, 390
01-17 14:22:14.056 3315 2719 D bauth_FPBAuthService: FPBAuthService, 1377
01-17 14:22:14.056 3315 2719 D bauth_FPBAuthSensorControl: FPBAuthSensorControl, 474
01-17 14:22:14.056 3315 2719 D bauth_FPBAuthSensorControl: FPBAuthSensorControl, 390
01-17 14:22:14.056 3315 2719 D bauth_FPBAuthSensorControl: FPBAuthSensorControl, 432
01-17 14:22:14.056 3315 2719 D bauth_FPBAuthService: FPBAuthService, 1509
01-17 14:22:14.056 3315 2719 D bauth_FPBAuthService: FPBAuthService, 1520
01-17 14:22:14.056 3315 2719 I TLC_BAUTH: Call FP cmd 0x7;1303
01-17 14:22:14.056 3315 2719 I tlc_communication: Send Trustlet TCI Message;214
01-17 14:22:14.057 3315 2719 I tlc_communication: mcNotify is completed;224
01-17 14:22:14.059 3315 2719 I tlc_communication: mcWaitNotification is completed;237
01-17 14:22:14.059 3315 2719 I TLC_BAUTH: Check the Trustlet return code is completed;1353
01-17 14:22:14.059 3315 2719 D bauth_FPBAuthService: FPBAuthService, 4012
01-17 14:22:14.059 3315 2719 D bauth_FPBAuthService: check_opcode status = 2, opcode = 4, func_ret_val = 0, function_status = 2, timeout = 50
01-17 14:22:14.059 3315 2719 D bauth_FPBAuthService: FPBAuthService, 1360
01-17 14:22:14.059 3315 2719 D bauth_FPBAuthSensorControl: FPBAuthSensorControl, 432
01-17 14:22:14.059 3315 2719 D bauth_FPBAuthSensorControl: FPBAuthSensorControl, 390
01-17 14:22:14.059 3315 2719 D bauth_FPBAuthService: FPBAuthService, 1377
01-17 14:22:14.060 4158 4807 D BluetoothAdapter: STATE_ON
01-17 14:22:14.061 4158 4807 D BluetoothAdapter: STATE_ON
01-17 14:22:14.061 4222 4222 D KeyguardFingerPrint: onAuthenticationFailed()
01-17 14:22:14.064 4158 4277 D BtGatt.GattService: onScanFilterEnableDisabled() - clientIf=7, status=0, action=1
01-17 14:22:14.064 4158 4277 D BtGatt.ScanManager: callback done for clientIf - 7 status - 0
01-17 14:22:14.064 4158 4807 D BtGatt.ScanManager: set filter index= 22 for clientIf= 7
01-17 14:22:14.064 4158 4807 D BtGatt.ScanManager: addFilterToController: 6
01-17 14:22:14.066 3768 3768 I FingerprintService: sendFingerprintBigdata() mSemHqmManager.sendHWParamToHQM !!!
01-17 14:22:14.067 4158 4277 D BtGatt.GattService: onScanFilterConfig() - clientIf=7, action = 0 status = 0, filterType=6, availableSpace=45
01-17 14:22:14.067 4158 4277 D BtGatt.ScanManager: callback done for clientIf - 7 status - 0
01-17 14:22:14.067 4158 4807 D BtGatt.ScanManager: High Rssi Filter value is = -128
01-17 14:22:14.067 4158 4807 D BtGatt.ScanManager: Low Rssi Filter value is = -128
01-17 14:22:14.067 4158 4807 D BtGatt.ScanManager: configureFilterParamter 500 10000 1 0scanFilterRssiThreshold = -128trackableScanFilterRssiThreshold = -128matchmode is =1
01-17 14:22:14.067 3768 3768 D UsbMonitorService: readUsbState++
01-17 14:22:14.069 4158 4277 D BtGatt.GattService: onScanFilterParamsConfigured() - clientIf=7, status=0, action=0, availableSpace=29
01-17 14:22:14.069 4158 4277 D BtGatt.ScanManager: callback done for clientIf - 7 status - 0
01-17 14:22:14.069 4158 4807 D BtGatt.ScanManager: configureRegularScanParams() - queue=2
01-17 14:22:14.069 4158 4807 I BtGatt.ScanManager: custom scan scanMode = 100
01-17 14:22:14.069 4158 4807 I BtGatt.ScanManager: New scan mode custom scan scanInterval = 3120scanWindow = 60
01-17 14:22:14.069 4158 4807 I BtGatt.ScanManager: newScanMode = 1newcurScanSetting = 10
01-17 14:22:14.069 4158 4807 D BtGatt.ScanManager: configureRegularScanParams() - ScanSetting Scan mode=0 mLastConfiguredScanSetting=100
01-17 14:22:14.069 4158 4807 D BtGatt.ScanManager: configureRegularScanParams - scanInterval = 8000configureRegularScanParams - scanWindow = 800
01-17 14:22:14.069 4222 4222 V KeyguardSecurityView: reportFailedUnlockAttempt
01-17 14:22:14.069 4222 4222 V KeyguardSecurityView: failedAttemptsBeforeWipe: 0
01-17 14:22:14.069 4222 4222 V KeyguardSecurityView: mRemainingBeforeWipe 2147483647
01-17 14:22:14.069 4222 4222 V KeyguardSecurityView: failedAttempts: 1
01-17 14:22:14.072 3768 8541 D LockSettingsStorage: mSKTLockState = 2
01-17 14:22:14.074 3768 3768 D UsbMonitorService: !@readUsbState 0 0 0 0 0 0 0 0 0 0 0 0 0 0 0 0 0 0 0 0 0 0 0 0 0 0 0 0 0
01-17 14:22:14.078 3768 3768 D UsbMonitorService: failed to write /efs/usb_hw_param/usb_hw_param.log , java.io.FileNotFoundException: /efs/usb_hw_param/usb_hw_param.log (No such file or directory)
01-17 14:22:14.078 3768 3768 D UsbMonitorService: Posting Message again
01-17 14:22:14.080 4158 4277 D BtGatt.GattService: onScanParamSetupCompleted() status=0, clientIf=7
01-17 14:22:14.080 4158 4277 D BtGatt.GattService: onScanParamSetupCompleted : 0
01-17 14:22:14.084 5169 8608 I BeaconBle: 'L' hardware scan: 6 filters, scanMode=2, reportdelay=0, callback type=1, #clients=2, workSource=WorkSource{10017 com.google.android.gms}
01-17 14:22:14.088 3768 3886 D UsbDeviceManager: setEnabledFunctions functions=mtp,adb, forceRestart=false
01-17 14:22:14.088 4222 4244 D KeyguardViewMediator: setKeyguardEnabled(true)
01-17 14:22:14.088 3768 3886 D SecContentProvider: query(), uri = 17 selection = isUsbDebuggingEnabled
01-17 14:22:14.088 4222 4222 D KnoxStateMonitor: MDM is not enabled...
01-17 14:22:14.089 4222 4222 V KeyguardUpdateMonitor: handleFingerprintAuthFailed( attempts: 1 )
01-17 14:22:14.089 3768 3886 D SecContentProvider: called from android.uid.system:1000
01-17 14:22:14.089 3768 3886 D UsbDeviceManager: setEnabledFunctions mtp,adb
01-17 14:22:14.089 3768 3768 D MountService: mPolicyReceiver ::
01-17 14:22:14.089 3768 3768 W MountService: hasDeviceRestriction: storage_itpolicy from_intent true
01-17 14:22:14.089 3768 3768 W MountService: hasDeviceRestriction: check is true
01-17 14:22:14.089 3768 3768 D MountService: ApplyCurrentSdCardPolicy :: false
01-17 14:22:14.089 3768 3768 I WifiDevicePolicyManager: onReceive android.app.action.DEVICE_POLICY_MANAGER_STATE_CHANGED
01-17 14:22:14.089 3768 3768 I WifiDevicePolicyManager: Receive IP Policy Intent - policy changed : false
01-17 14:22:14.089 4222 4222 D LockIcon: state = 0, mLastState = 0, mDeviceInteractive = true, mLastDeviceInteractive = true, mScreenOn = true, mLastScreenOn = true
01-17 14:22:14.090 5169 8608 I BeaconBle: Starting scan on OS scanner. BT state: 12
01-17 14:22:14.090 5169 8608 D BluetoothLeScanner: Start Scan
01-17 14:22:14.090 5169 8608 D BluetoothAdapter: STATE_ON
01-17 14:22:14.091 5169 8608 D BluetoothAdapter: STATE_ON
01-17 14:22:14.091 4222 4222 V Vibrator: Called semVibrate(int, int, AudioAttributes, Mag) API - PUID: 10005, PackageName: com.android.systemui, token: android.os.Binder@26ef995, type: 50029, repeat: -1, AudioAttr : null, Mag: TYPE_TOUCH
01-17 14:22:14.092 3768 3793 V VibratorService: vibratePatternMagnitude - package: com.android.systemui, repeat: -1, token: android.os.BinderProxy@1d9d3f7, mag: 6500, def: 10000
01-17 14:22:14.092 5169 8608 D BluetoothAdapter: STATE_ON
01-17 14:22:14.092 3768 3793 D VibratorService: Turning vibrator off
01-17 14:22:14.093 5169 8608 D BluetoothAdapter: STATE_ON
01-17 14:22:14.093 3768 2737 D VibratorService: vibratorOn() : 10ms, magnitude :6500, f : -1
01-17 14:22:14.096 4158 4920 D BtGatt.GattService: registerClient() - UUID=89d6e45a-72a6-46eb-92fb-903c65ccdcc0
01-17 14:22:14.097 3768 5298 D PackageManager: setEnabledSetting : userId = 0 packageName = com.android.nfc cmp = com.android.nfc.BeamShareActivity newState = 2 callingPackage = 1027
01-17 14:22:14.101 3768 3768 I WifiDevicePolicyManager: handleSecurityPolicyMHS() allowWifiAp (true)
01-17 14:22:14.101 31071 31071 E MtpService: In MTPAPP onReceive:android.app.action.DEVICE_POLICY_MANAGER_STATE_CHANGED
01-17 14:22:14.104 3768 3768 D Tethering: [ActiveSync] onReceive() ACTION_DEVICE_POLICY_MANAGER_STATE_CHANGED intent
01-17 14:22:14.104 3768 3768 D Tethering: Current userid =0
01-17 14:22:14.104 3768 3793 E DevicePolicyManagerService: semGetAllowBluetoothMode - value retunrs : 2
01-17 14:22:14.105 3768 3768 D Tethering: [ActiveSync] internet sharing is NOT blocked
01-17 14:22:14.105 3768 3768 D Tethering: [ActiveSync] onReceive() Internet sharing is NOT banned any more.
01-17 14:22:14.105 4158 4158 I PanService: Intent IT Policy2, Tethering IT Policy true
01-17 14:22:14.105 3768 5316 E DevicePolicyManagerService: semGetAllowBluetoothMode - value retunrs : 2
01-17 14:22:14.107 5169 30977 E ctxmgr : [AppIntervalImpl]closeInterval: ongoing
01-17 14:22:14.108 3768 3768 D PersonaManagerService: Received the DPM state change broadcast
01-17 14:22:14.108 3768 3913 D PersonaManagerService: checkIfAdminHasBeenRemoved(0)
01-17 14:22:14.108 3768 3768 I KnoxKeyguardUpdateMonitor: onTrustManagedChanged user 0, managed:false
01-17 14:22:14.108 3768 3768 I KnoxKeyguardUpdateMonitor: onTrustChanged user:0, enable:false
01-17 14:22:14.108 3768 3768 I KnoxKeyguardUpdateMonitor: onTrustManagedChanged user 0, managed:false
01-17 14:22:14.108 3768 3768 I KnoxKeyguardUpdateMonitor: onTrustChanged user:0, enable:false
01-17 14:22:14.108 3768 3768 I KnoxKeyguardUpdateMonitor: onTrustManagedChanged user 0, managed:false
01-17 14:22:14.109 3768 3768 I KnoxKeyguardUpdateMonitor: onTrustChanged user:0, enable:false
01-17 14:22:14.110 3315 2719 D bauth_FPBAuthSensorControl: FPBAuthSensorControl, 390
01-17 14:22:14.110 3315 2719 D bauth_FPBAuthSensorControl: FPBAuthSensorControl, 432
01-17 14:22:14.110 3315 2719 D bauth_FPBAuthService: FPBAuthService, 1509
01-17 14:22:14.110 3315 2719 D bauth_FPBAuthService: FPBAuthService, 1526
01-17 14:22:14.110 3315 2719 I TLC_BAUTH: Call FP cmd 0x7;1303
01-17 14:22:14.110 3315 2719 I tlc_communication: Send Trustlet TCI Message;214
01-17 14:22:14.110 3315 2719 I tlc_communication: mcNotify is completed;224
01-17 14:22:14.114 3768 4039 D WifiHAL : Setting APF program, halHandle = 0x71a7723b40
01-17 14:22:14.114 3768 4039 I WifiHAL :
01-17 14:22:14.114 3768 4039 I WifiHAL : createRequest: APF set program request
01-17 14:22:14.118 3768 5317 D FingerprintService: getEnrolledFingerprints : userId = 0
01-17 14:22:14.121 3768 4039 I WifiHAL : Done!
01-17 14:22:14.128 4222 4222 D KeyguardBottomAreaShortcutView: UpdateShortcutIcon, th : 1, enable : false, shouldDisableShortcut ? false, mUserSetupComplete ? true
01-17 14:22:14.132 4222 4222 V KeyguardBottomAreaShortcutView: onUnlockMethodStateChanged old=false, new=false
01-17 14:22:14.133 4222 4222 D ScrimController: mIsSecure = true
01-17 14:22:14.135 5169 5169 W TrustAgent: [AbstractTrustletService] Ignoring trustlet Bluetooth's attempt to change its trust state to the current state which is false.
01-17 14:22:14.139 3315 2719 I tlc_communication: mcWaitNotification is completed;237
01-17 14:22:14.140 3315 2719 I TLC_BAUTH: Check the Trustlet return code is completed;1353
01-17 14:22:14.140 3315 2719 D bauth_FPBAuthService: FPBAuthService, 4012
01-17 14:22:14.140 3315 2719 D bauth_FPBAuthService: check_opcode status = 2, opcode = 7, func_ret_val = 0, function_status = 2, timeout = 0
01-17 14:22:14.140 4222 4222 D LockIcon: state = 0, mLastState = 0, mDeviceInteractive = true, mLastDeviceInteractive = true, mScreenOn = true, mLastScreenOn = true
01-17 14:22:14.143 5169 5169 W TrustAgent: [AbstractTrustletService] Trustlet Place attempted to change trust state when canProvideTrust state is false (ignored).
01-17 14:22:14.144 4222 4222 D LockIcon: state = 0, mLastState = 0, mDeviceInteractive = true, mLastDeviceInteractive = true, mScreenOn = true, mLastScreenOn = true
01-17 14:22:14.146 5169 5169 W TrustAgent: [AbstractTrustletService] Trustlet Voiceunlock attempted to change trust state when canProvideTrust state is false (ignored).
01-17 14:22:14.147 4222 4222 D LockIcon: state = 0, mLastState = 0, mDeviceInteractive = true, mLastDeviceInteractive = true, mScreenOn = true, mLastScreenOn = true
01-17 14:22:14.147 4222 4222 D KeyguardFingerPrint: shouldListenForFingerprint ( isFingerprintEnabled = true , mKeyguardIsVisible = true , mDeviceInteractive = true , mBouncer = false , mGoingToSleep = false , mSwitchingUser = false , mFingerprintAlreadyAuthenticated = false , mKeyguardUnlocking = false
01-17 14:22:14.149 4222 4222 D KeyguardBottomAreaShortcutView: UpdateShortcutIcon, th : 1, enable : false, shouldDisableShortcut ? false, mUserSetupComplete ? true
01-17 14:22:14.149 5169 5169 I Coffee-OnbodyLure: destroy
01-17 14:22:14.149 5169 5169 I Coffee-OnbodyLure: stop lure
01-17 14:22:14.158 3768 3961 I Sensors : #>LightSensor lux=18 r=14 g=8 b=8 c=28 atime=245 again=3
01-17 14:22:14.163 3768 2737 D VibratorService: vibratorOn() : 15ms, magnitude :6500, f : -1
01-17 14:22:14.198 4158 4277 D BtGatt.GattService: onClientRegistered() - UUID=89d6e45a-72a6-46eb-92fb-903c65ccdcc0, clientIf=8, status=0
01-17 14:22:14.199 5169 944 D BluetoothLeScanner: onClientRegistered() - status=0 clientIf=8 mClientIf=0
01-17 14:22:14.199 4158 4171 D BtGatt.GattService: start scan with filters
01-17 14:22:14.200 4158 4171 D BtGatt.GattService: getScanSettings
01-17 14:22:14.202 4158 4171 D BtGatt.GattService: Is it foreground application = false
01-17 14:22:14.202 4158 4171 D BtGatt.GattService: Its third party background application, change scanmode to low power
01-17 14:22:14.205 4158 4809 E BtGatt.GattService: [GSIM LOG]: gsimLogHandler: com.google.uid.shared, msg: MESSAGE_START_SCAN
01-17 14:22:14.206 4158 4807 D BtGatt.ScanManager: handling starting scan
01-17 14:22:14.206 4158 4807 D BluetoothAdapter: STATE_ON
01-17 14:22:14.207 4158 4807 D BluetoothAdapter: STATE_ON
01-17 14:22:14.207 4158 4807 D BluetoothAdapter: STATE_ON
01-17 14:22:14.207 4158 4807 D BluetoothAdapter: STATE_ON
01-17 14:22:14.207 4158 4807 D BluetoothAdapter: STATE_ON
01-17 14:22:14.207 4158 4807 D BluetoothAdapter: STATE_ON
01-17 14:22:14.208 4158 4277 D BtGatt.GattService: onScanFilterEnableDisabled() - clientIf=8, status=0, action=1
01-17 14:22:14.208 4158 4277 D BtGatt.ScanManager: callback done for clientIf - 8 status - 0
01-17 14:22:14.208 4158 4807 D BtGatt.ScanManager: set filter index= 26 for clientIf= 8
01-17 14:22:14.208 4158 4807 D BtGatt.ScanManager: addFilterToController: 5
01-17 14:22:14.209 4158 4277 D BtGatt.GattService: onScanFilterConfig() - clientIf=8, action = 0 status = 0, filterType=5, availableSpace=44
01-17 14:22:14.209 4158 4277 D BtGatt.ScanManager: callback done for clientIf - 8 status - 0
01-17 14:22:14.209 4158 4807 D BtGatt.ScanManager: High Rssi Filter value is = -128
01-17 14:22:14.209 4158 4807 D BtGatt.ScanManager: Low Rssi Filter value is = -128
01-17 14:22:14.209 4158 4807 D BtGatt.ScanManager: configureFilterParamter 500 10000 1 0scanFilterRssiThreshold = -128trackableScanFilterRssiThreshold = -128matchmode is =1
01-17 14:22:14.210 4158 4277 D BtGatt.GattService: onScanFilterParamsConfigured() - clientIf=8, status=0, action=0, availableSpace=28
01-17 14:22:14.210 4158 4277 D BtGatt.ScanManager: callback done for clientIf - 8 status - 0
01-17 14:22:14.210 4158 4807 D BtGatt.ScanManager: set filter index= 30 for clientIf= 8
01-17 14:22:14.210 4158 4807 D BtGatt.ScanManager: addFilterToController: 2
01-17 14:22:14.211 4158 4277 D BtGatt.GattService: onScanFilterConfig() - clientIf=8, action = 0 status = 0, filterType=2, availableSpace=43
01-17 14:22:14.211 4158 4277 D BtGatt.ScanManager: callback done for clientIf - 8 status - 0
01-17 14:22:14.211 4158 4807 D BtGatt.ScanManager: High Rssi Filter value is = -128
01-17 14:22:14.211 4158 4807 D BtGatt.ScanManager: Low Rssi Filter value is = -128
01-17 14:22:14.211 4158 4807 D BtGatt.ScanManager: configureFilterParamter 500 10000 1 0scanFilterRssiThreshold = -128trackableScanFilterRssiThreshold = -128matchmode is =1
01-17 14:22:14.211 4158 4277 D BtGatt.GattService: onScanFilterParamsConfigured() - clientIf=8, status=0, action=0, availableSpace=27
01-17 14:22:14.211 4158 4277 D BtGatt.ScanManager: callback done for clientIf - 8 status - 0
01-17 14:22:14.211 4158 4807 D BtGatt.ScanManager: set filter index= 28 for clientIf= 8
01-17 14:22:14.211 4158 4807 D BtGatt.ScanManager: addFilterToController: 2
01-17 14:22:14.212 4158 4277 D BtGatt.GattService: onScanFilterConfig() - clientIf=8, action = 0 status = 0, filterType=2, availableSpace=42
01-17 14:22:14.212 4158 4277 D BtGatt.ScanManager: callback done for clientIf - 8 status - 0
01-17 14:22:14.212 4158 4807 D BtGatt.ScanManager: High Rssi Filter value is = -128
01-17 14:22:14.212 4158 4807 D BtGatt.ScanManager: Low Rssi Filter value is = -128
01-17 14:22:14.212 4158 4807 D BtGatt.ScanManager: configureFilterParamter 500 10000 1 0scanFilterRssiThreshold = -128trackableScanFilterRssiThreshold = -128matchmode is =1
01-17 14:22:14.213 4158 4277 D BtGatt.GattService: onScanFilterParamsConfigured() - clientIf=8, status=0, action=0, availableSpace=26
01-17 14:22:14.213 4158 4277 D BtGatt.ScanManager: callback done for clientIf - 8 status - 0
01-17 14:22:14.213 4158 4807 D BtGatt.ScanManager: set filter index= 10 for clientIf= 8
01-17 14:22:14.213 4158 4807 D BtGatt.ScanManager: addFilterToController: 5
01-17 14:22:14.214 4158 4277 D BtGatt.GattService: onScanFilterConfig() - clientIf=8, action = 0 status = 0, filterType=5, availableSpace=41
01-17 14:22:14.214 4158 4277 D BtGatt.ScanManager: callback done for clientIf - 8 status - 0
01-17 14:22:14.214 4158 4807 D BtGatt.ScanManager: High Rssi Filter value is = -128
01-17 14:22:14.214 4158 4807 D BtGatt.ScanManager: Low Rssi Filter value is = -128
01-17 14:22:14.214 4158 4807 D BtGatt.ScanManager: configureFilterParamter 500 10000 1 0scanFilterRssiThreshold = -128trackableScanFilterRssiThreshold = -128matchmode is =1
01-17 14:22:14.214 4158 4277 D BtGatt.GattService: onScanFilterParamsConfigured() - clientIf=8, status=0, action=0, availableSpace=25
01-17 14:22:14.214 4158 4277 D BtGatt.ScanManager: callback done for clientIf - 8 status - 0
01-17 14:22:14.214 4158 4807 D BtGatt.ScanManager: set filter index= 18 for clientIf= 8
01-17 14:22:14.214 4158 4807 D BtGatt.ScanManager: addFilterToController: 5
01-17 14:22:14.215 4158 4277 D BtGatt.GattService: onScanFilterConfig() - clientIf=8, action = 0 status = 0, filterType=5, availableSpace=40
01-17 14:22:14.215 4158 4277 D BtGatt.ScanManager: callback done for clientIf - 8 status - 0
01-17 14:22:14.215 4158 4807 D BtGatt.ScanManager: High Rssi Filter value is = -128
01-17 14:22:14.215 4158 4807 D BtGatt.ScanManager: Low Rssi Filter value is = -128
01-17 14:22:14.215 4158 4807 D BtGatt.ScanManager: configureFilterParamter 500 10000 1 0scanFilterRssiThreshold = -128trackableScanFilterRssiThreshold = -128matchmode is =1
01-17 14:22:14.216 4158 4277 D BtGatt.GattService: onScanFilterParamsConfigured() - clientIf=8, status=0, action=0, availableSpace=24
01-17 14:22:14.216 4158 4277 D BtGatt.ScanManager: callback done for clientIf - 8 status - 0
01-17 14:22:14.216 4158 4807 D BtGatt.ScanManager: set filter index= 14 for clientIf= 8
01-17 14:22:14.216 4158 4807 D BtGatt.ScanManager: addFilterToController: 2
01-17 14:22:14.216 4158 4277 D BtGatt.GattService: onScanFilterConfig() - clientIf=8, action = 0 status = 0, filterType=2, availableSpace=39
01-17 14:22:14.216 4158 4277 D BtGatt.ScanManager: callback done for clientIf - 8 status - 0
01-17 14:22:14.216 4158 4807 D BtGatt.ScanManager: High Rssi Filter value is = -128
01-17 14:22:14.216 4158 4807 D BtGatt.ScanManager: Low Rssi Filter value is = -128
01-17 14:22:14.216 4158 4807 D BtGatt.ScanManager: configureFilterParamter 500 10000 1 0scanFilterRssiThreshold = -128trackableScanFilterRssiThreshold = -128matchmode is =1
01-17 14:22:14.217 4158 4277 D BtGatt.GattService: onScanFilterParamsConfigured() - clientIf=8, status=0, action=0, availableSpace=23
01-17 14:22:14.217 4158 4277 D BtGatt.ScanManager: callback done for clientIf - 8 status - 0
01-17 14:22:14.217 4158 4807 D BtGatt.ScanManager: configureRegularScanParams() - queue=3
01-17 14:22:14.217 4158 4807 I BtGatt.ScanManager: custom scan scanMode = 100
01-17 14:22:14.217 4158 4807 I BtGatt.ScanManager: New scan mode custom scan scanInterval = 3120scanWindow = 60
01-17 14:22:14.217 4158 4807 I BtGatt.ScanManager: newScanMode = 1newcurScanSetting = 10
01-17 14:22:14.217 4158 4807 D BtGatt.ScanManager: configureRegularScanParams() - ScanSetting Scan mode=0 mLastConfiguredScanSetting=0
01-17 14:22:14.240 3315 2719 I TLC_BAUTH: Call FP cmd 0x7;1303
01-17 14:22:14.240 3315 2719 I tlc_communication: Send Trustlet TCI Message;214
01-17 14:22:14.240 3315 2719 I tlc_communication: mcNotify is completed;224
01-17 14:22:14.241 3315 2719 I tlc_communication: mcWaitNotification is completed;237
01-17 14:22:14.241 3315 2719 I TLC_BAUTH: Check the Trustlet return code is completed;1353
01-17 14:22:14.241 3315 2719 D bauth_FPBAuthService: FPBAuthService, 4012
01-17 14:22:14.241 3315 2719 D bauth_FPBAuthService: check_opcode status = 2, opcode = 0, func_ret_val = 0, function_status = 2, timeout = 0
01-17 14:22:14.241 3315 2719 D bauth_FPBAuthSensorControl: FPBAuthSensorControl, 552
01-17 14:22:14.241 3315 2719 D bauth_FPBAuthService: FPBAuthService, 4087
01-17 14:22:14.241 3315 2719 D bauth_FPBAuthService: fpop : 100023
01-17 14:22:14.241 3315 2719 D fingerprintd: onAcquired(10004)
01-17 14:22:14.241 3315 2719 D bauth_FPBAuthService: FPBAuthService, 4117
01-17 14:22:14.241 3315 2719 D bauth_FPBAuthService: FPBAuthService, 3277
01-17 14:22:14.241 3315 2719 D bauth_FPBAuthService: BAuthSessionOpen Skip
01-17 14:22:14.242 3315 2719 D bauth_FPBAuthService: FPBAuthService, 3368
01-17 14:22:14.242 3315 2719 D bauth_FPBAuthService: wci 60 60
01-17 14:22:14.242 3315 2719 D : fprc : cc
01-17 14:22:14.242 3315 2719 D bauth_FPBAuthSensorControl: FPBAuthSensorControl, 800
01-17 14:22:14.242 3768 3768 I FingerprintService: handleAcquired : acquiredInfo=10004
01-17 14:22:14.242 3315 2719 D bauth_FPBAuthService: FPBAuthService, 3392
01-17 14:22:14.242 4222 4222 D KeyguardFingerPrint: onAuthenticationAcquired() = 10004
01-17 14:22:14.242 4222 4222 D KeyguardFingerPrint: fingerprint applyBooster
01-17 14:22:14.242 3768 5705 D CustomFrequencyManagerService: releaseDVFSLockLocked : Getting Lock type frm List : DVFS_MIN_LIMIT frequency : 1248000 uid : 1000 pid : 3768 tag : KEYGUARD_FINGERPRINT_BOOST@1
01-17 14:22:14.242 3315 2719 D bauth_FPBAuthServiceStorage: FPBAuthServiceStorage, 539
01-17 14:22:14.243 3768 4032 D CustomFrequencyManagerService: acquireDVFSLockLocked : type : DVFS_MIN_LIMIT frequency : 1248000 uid : 1000 pid : 3768 pkgName : KEYGUARD_FINGERPRINT_BOOST@1
01-17 14:22:14.244 3768 5703 D PowerManagerService: [api] [s] userActivity : event: 0 flags: 0 (uid: 10005 pid: 4222) eventTime = 126573510
01-17 14:22:14.253 3315 2719 D bauth_FPBAuthSensorControl: FPBAuthSensorControl, 552
01-17 14:22:14.253 3315 2719 D bauth_FPBAuthService: FPBAuthService, 3459
01-17 14:22:14.253 3315 2719 I TLC_BAUTH: Call FP cmd 0xc (49);1557
01-17 14:22:14.253 3315 2719 I TLC_BAUTH: Skip cmd : 0xc, opcode : 49;1582
01-17 14:22:14.253 3315 2719 I TLC_BAUTH: Call FP cmd 0x5;1123
01-17 14:22:14.254 3315 2719 I tlc_communication: Send Trustlet TCI Message;214
01-17 14:22:14.254 3315 2719 I tlc_communication: mcNotify is completed;224
01-17 14:22:14.266 3768 2736 I BarTender:BatteryStatsDumper: writing to daily db completed
01-17 14:22:14.276 3768 2736 I BarTender:BatteryStatsDumper: writing to weekly db completed
01-17 14:22:14.276 3768 2736 I BarTender:BatteryStatsDumper: refreshstats completed
01-17 14:22:14.276 3768 2736 I BarTender:GATHERERBATTSTATS: set - time:1516198934276
01-17 14:22:14.276 3768 2736 I BarTender:ANALYZERBATTSTATS: Observer from Gatherer - time:1516198934276
01-17 14:22:14.277 3768 3970 I BarTender:ANALYZERBATTSTATS: MSG_TYPE_BARTENDER_CHECK_POWER::
01-17 14:22:14.277 3768 3970 I BarTender:BatteryStatsDBHelper: checkForPowerThreshold called : 1516198934276
01-17 14:22:14.309 3315 2719 I tlc_communication: mcWaitNotification is completed;237
01-17 14:22:14.309 3315 2719 I TLC_BAUTH: Check the Trustlet return code is completed;1207
01-17 14:22:14.309 3315 2719 D bauth_FPBAuthService: FPBAuthService, 3504
01-17 14:22:14.309 3315 2719 D bauth_FPBAuthService: check_opcode status = 2, opcode = 0, func_ret_val = 0, function_status = 0, timeout = 0
01-17 14:22:14.309 3315 2719 D bauth_FPBAuthService: FPBAuthService, 1314
01-17 14:22:14.309 3315 2719 D bauth_FPBAuthService: fpop : 100020
01-17 14:22:14.309 3315 2719 D fingerprintd: onAcquired(10001)
01-17 14:22:14.309 3315 2719 D bauth_FPBAuthUserInfo: FPBAuthUserInfo, 177
01-17 14:22:14.309 3315 2719 D bauth_FPBAuthService: FPBAuthService, 3557
01-17 14:22:14.309 3315 2719 I TLC_BAUTH: Call FP cmd 0x6;1222
01-17 14:22:14.309 3315 2719 I tlc_communication: Send Trustlet TCI Message;214
01-17 14:22:14.309 3315 2719 I tlc_communication: mcNotify is completed;224
01-17 14:22:14.309 3768 3768 I FingerprintService: handleAcquired : acquiredInfo=10001
01-17 14:22:14.309 4222 4222 D KeyguardFingerPrint: onAuthenticationAcquired() = 10001
01-17 14:22:14.309 4222 4222 D KeyguardFingerPrint: fingerprint applyBooster
01-17 14:22:14.309 3768 4960 D CustomFrequencyManagerService: releaseDVFSLockLocked : Getting Lock type frm List : DVFS_MIN_LIMIT frequency : 1248000 uid : 1000 pid : 3768 tag : KEYGUARD_FINGERPRINT_BOOST@1
01-17 14:22:14.311 3768 3793 D CustomFrequencyManagerService: acquireDVFSLockLocked : type : DVFS_MIN_LIMIT frequency : 1248000 uid : 1000 pid : 3768 pkgName : KEYGUARD_FINGERPRINT_BOOST@1
01-17 14:22:14.311 3768 5280 D PowerManagerService: [api] [s] userActivity : event: 0 flags: 0 (uid: 10005 pid: 4222) eventTime = 126573578
01-17 14:22:14.337 3768 3961 I Sensors : #>LightSensor lux=20 r=14 g=8 b=8 c=29 atime=245 again=3
01-17 14:22:14.392 3768 3768 D CustomFrequencyManagerService: releaseDVFSLockLocked : Getting Lock type frm List : DVFS_MIN_LIMIT frequency : 1144000 uid : 1000 pid : 3768 tag : DEVICE_WAKEUP@CPU_MIN@54
01-17 14:22:14.393 3315 2719 I tlc_communication: mcWaitNotification is completed;237
01-17 14:22:14.393 3315 2719 I TLC_BAUTH: Check the Trustlet return code is completed;1288
01-17 14:22:14.393 3315 2719 D bauth_FPBAuthService: check_opcode status = 2, opcode = 4, func_ret_val = 0, function_status = 1, timeout = -1
01-17 14:22:14.393 3315 2719 D bauth_FPBAuthService: FPBAuthService, 1360
01-17 14:22:14.393 3315 2719 D bauth_FPBAuthSensorControl: FPBAuthSensorControl, 432
01-17 14:22:14.394 3315 2719 D bauth_FPBAuthSensorControl: FPBAuthSensorControl, 390
01-17 14:22:14.394 3315 2719 D bauth_FPBAuthService: FPBAuthService, 1377
01-17 14:22:14.394 3315 2719 D bauth_FPBAuthSensorControl: FPBAuthSensorControl, 552
01-17 14:22:14.408 3315 2719 D bauth_FPBAuthSensorControl: FPBAuthSensorControl, 474
01-17 14:22:14.408 3315 2719 D bauth_FPBAuthSensorControl: FPBAuthSensorControl, 390
01-17 14:22:14.408 3315 2719 D bauth_FPBAuthSensorControl: FPBAuthSensorControl, 432
01-17 14:22:14.408 3315 2719 D bauth_FPBAuthService: FPBAuthService, 1509
01-17 14:22:14.408 3315 2719 D bauth_FPBAuthService: FPBAuthService, 1520
01-17 14:22:14.408 3315 2719 D bauth_FPBAuthSensorControl: FPBAuthSensorControl, 552
01-17 14:22:14.408 3315 2719 D bauth_FPBAuthService: FPBAuthService, 3557
01-17 14:22:14.408 3315 2719 I TLC_BAUTH: Call FP cmd 0x6;1222
01-17 14:22:14.408 3315 2719 I tlc_communication: Send Trustlet TCI Message;214
01-17 14:22:14.408 3315 2719 I tlc_communication: mcNotify is completed;224
01-17 14:22:14.480 3315 4885 D bauth_FPBAuthService: pcf : 0x1012
01-17 14:22:14.480 3315 4885 D bauth_FPBAuthService: thread id : 1, preenroll_flag : 0, nd cnt : 0
01-17 14:22:14.480 3315 4885 D bauth_FPBAuthService: FPBAuthService, 7434
01-17 14:22:14.522 3315 2719 I tlc_communication: mcWaitNotification is completed;237
01-17 14:22:14.522 3315 2719 I TLC_BAUTH: Check the Trustlet return code is completed;1288
01-17 14:22:14.522 3315 2719 D bauth_FPBAuthService: check_opcode status = 2, opcode = 5, func_ret_val = 0, function_status = 1, timeout = 0
01-17 14:22:14.522 3315 2719 D bauth_FPBAuthService: FPBAuthService, 1710
01-17 14:22:14.522 3315 2719 D bauth_FPBAuthService: FPBAuthService, 1720
01-17 14:22:14.522 3315 2719 D bauth_FPBAuthService: FPBAuthService, 1721
01-17 14:22:14.522 3315 2719 D bauth_FPBAuthService: fpop : 100021
01-17 14:22:14.522 3315 2719 D fingerprintd: onAcquired(10002)
01-17 14:22:14.522 3315 2719 D bauth_FPBAuthService: FPBAuthService, 3557
01-17 14:22:14.522 3315 2719 I TLC_BAUTH: Call FP cmd 0x6;1222
01-17 14:22:14.522 3315 2719 I tlc_communication: Send Trustlet TCI Message;214
01-17 14:22:14.522 3315 2719 I tlc_communication: mcNotify is completed;224
01-17 14:22:14.522 3768 3768 I FingerprintService: handleAcquired : acquiredInfo=10002
01-17 14:22:14.523 4222 4222 D KeyguardFingerPrint: onAuthenticationAcquired() = 10002
01-17 14:22:14.523 4222 4222 D KeyguardFingerPrint: fingerprint applyBooster
01-17 14:22:14.523 3768 5279 D CustomFrequencyManagerService: releaseDVFSLockLocked : Getting Lock type frm List : DVFS_MIN_LIMIT frequency : 1248000 uid : 1000 pid : 3768 tag : KEYGUARD_FINGERPRINT_BOOST@1
01-17 14:22:14.526 3315 2719 I tlc_communication: mcWaitNotification is completed;237
01-17 14:22:14.526 3315 2719 I TLC_BAUTH: Check the Trustlet return code is completed;1288
01-17 14:22:14.526 3315 2719 D bauth_FPBAuthService: check_opcode status = 2, opcode = 6, func_ret_val = 0, function_status = 1, timeout = 0
