01-17 14:22:31.680 3768 4072 D ConnectivityService: checking if request is satisfied: NetworkRequest [ id=628, legacyType=-1, [ Capabilities: INTERNET&NOT_RESTRICTED&TRUSTED] ]
01-17 14:22:31.680 3768 4072 D ConnectivityService: checking if request is satisfied: NetworkRequest [ id=4, legacyType=-1, [ Transports: WIFI Capabilities: INTERNET&NOT_RESTRICTED&TRUSTED&NOT_VPN] ]
01-17 14:22:31.681 3768 4072 D ConnectivityService: checking if request is satisfied: NetworkRequest [ id=9, legacyType=-1, [ Transports: CELLULAR|WIFI Capabilities: NOT_RESTRICTED&TRUSTED&NOT_VPN] ]
01-17 14:22:31.681 3768 4072 D ConnectivityService: checking if request is satisfied: NetworkRequest [ id=1275, legacyType=-1, [ Capabilities: INTERNET&NOT_RESTRICTED&TRUSTED] ]
01-17 14:22:31.681 3768 4072 D ConnectivityService: checking if request is satisfied: NetworkRequest [ id=787, legacyType=-1, [ Capabilities: INTERNET&NOT_RESTRICTED&TRUSTED] ]
01-17 14:22:31.681 3768 4072 D ConnectivityService: checking if request is satisfied: NetworkRequest [ id=19, legacyType=-1, [ Capabilities: INTERNET&NOT_RESTRICTED&TRUSTED] ]
01-17 14:22:31.682 3768 4072 D ConnectivityService: checking if request is satisfied: NetworkRequest [ id=1250, legacyType=-1, [ Capabilities: INTERNET&NOT_RESTRICTED&TRUSTED] ]
01-17 14:22:31.682 3768 4072 D ConnectivityService: checking if request is satisfied: NetworkRequest [ id=7, legacyType=-1, [ Transports: CELLULAR Capabilities: INTERNET&NOT_RESTRICTED&TRUSTED&NOT_VPN] ]
01-17 14:22:31.682 3768 4072 D ConnectivityService: checking if request is satisfied: NetworkRequest [ id=1210, legacyType=-1, [ Transports: WIFI Capabilities: INTERNET&NOT_RESTRICTED&TRUSTED&NOT_VPN] ]
01-17 14:22:31.683 3768 4072 D ConnectivityService: checking if request is satisfied: NetworkRequest [ id=6, legacyType=-1, [ Transports: WIFI Capabilities: INTERNET&NOT_RESTRICTED&TRUSTED&NOT_VPN] ]
01-17 14:22:31.683 3768 4072 D ConnectivityService: checking if request is satisfied: NetworkRequest [ id=1262, legacyType=-1, [ Capabilities: INTERNET&NOT_RESTRICTED&TRUSTED] ]
01-17 14:22:31.683 3768 4072 D ConnectivityService: checking if request is satisfied: NetworkRequest [ id=639, legacyType=-1, [ Capabilities: INTERNET&NOT_RESTRICTED&TRUSTED&NOT_VPN] ]
01-17 14:22:31.684 3768 4072 D ConnectivityService: checking if request is satisfied: NetworkRequest [ id=1271, legacyType=-1, [ Capabilities: INTERNET&NOT_RESTRICTED&TRUSTED] ]
01-17 14:22:31.684 3768 4072 D ConnectivityService: checking if request is satisfied: NetworkRequest [ id=12, legacyType=-1, [ Transports: WIFI Capabilities: INTERNET&NOT_RESTRICTED&TRUSTED&NOT_VPN] ]
01-17 14:22:31.684 3768 4072 D ConnectivityService: checking if request is satisfied: NetworkRequest [ id=1261, legacyType=-1, [ Capabilities: INTERNET&NOT_RESTRICTED&TRUSTED] ]
01-17 14:22:31.685 3768 4072 D ConnectivityService: checking if request is satisfied: NetworkRequest [ id=1272, legacyType=-1, [ Capabilities: INTERNET&NOT_RESTRICTED&TRUSTED] ]
01-17 14:22:31.685 3768 4072 D ConnectivityService: sending new Min Network Score(100): NetworkRequest [ id=1, legacyType=-1, [ Capabilities: INTERNET&NOT_RESTRICTED&TRUSTED&NOT_VPN] ]
01-17 14:22:31.687 3768 4035 D WIFI_P2P: new score 100 for exisiting request NetworkRequest [ id=1, legacyType=-1, [ Capabilities: INTERNET&NOT_RESTRICTED&TRUSTED&NOT_VPN] ]
01-17 14:22:31.687 3768 4035 D WIFI_P2P: my score=60, my filter=[ Transports: WIFI Capabilities: WIFI_P2P&NOT_RESTRICTED&TRUSTED&NOT_VPN LinkUpBandwidth>=1048576Kbps LinkDnBandwidth>=1048576Kbps]
01-17 14:22:31.687 3768 4035 D WIFI_P2P: evalRequest
01-17 14:22:31.687 3768 4035 D WIFI_P2P: done
01-17 14:22:31.689 3768 4039 D WIFI : new score 100 for exisiting request NetworkRequest [ id=1, legacyType=-1, [ Capabilities: INTERNET&NOT_RESTRICTED&TRUSTED&NOT_VPN] ]
01-17 14:22:31.690 3768 4125 D Ethernet: new score 100 for exisiting request NetworkRequest [ id=1, legacyType=-1, [ Capabilities: INTERNET&NOT_RESTRICTED&TRUSTED&NOT_VPN] ]
01-17 14:22:31.690 3768 4039 D WIFI : my score=60, my filter=[ Transports: WIFI Capabilities: NOT_METERED&INTERNET&NOT_RESTRICTED&TRUSTED&NOT_VPN LinkUpBandwidth>=1048576Kbps LinkDnBandwidth>=1048576Kbps]
01-17 14:22:31.690 3768 4039 D WIFI : evalRequest
01-17 14:22:31.690 3768 4039 D WIFI : done
01-17 14:22:31.690 3768 4125 D Ethernet: my score=-1, my filter=[ Transports: ETHERNET Capabilities: INTERNET&NOT_RESTRICTED&TRUSTED&NOT_VPN LinkUpBandwidth>=100000Kbps LinkDnBandwidth>=100000Kbps]
01-17 14:22:31.690 3768 4125 D Ethernet: evalRequest
01-17 14:22:31.690 3768 4039 D WIFI_UT : new score 100 for exisiting request NetworkRequest [ id=1, legacyType=-1, [ Capabilities: INTERNET&NOT_RESTRICTED&TRUSTED&NOT_VPN] ]
01-17 14:22:31.690 3768 4125 D Ethernet: done
01-17 14:22:31.690 3768 4039 D WIFI_UT : my score=2147483647, my filter=[ Transports: WIFI Capabilities: NOT_METERED&INTERNET&NOT_RESTRICTED&TRUSTED&NOT_VPN LinkUpBandwidth>=1048576Kbps LinkDnBandwidth>=1048576Kbps]
01-17 14:22:31.690 3768 4039 D WIFI_UT : evalRequest
01-17 14:22:31.690 3768 4039 D WIFI_UT : done
01-17 14:22:31.692 4145 4145 D PhoneSwitcherNetworkRequstListener: new score 100 for exisiting request NetworkRequest [ id=1, legacyType=-1, [ Capabilities: INTERNET&NOT_RESTRICTED&TRUSTED&NOT_VPN] ]
01-17 14:22:31.693 4145 4145 D PhoneSwitcherNetworkRequstListener: my score=101, my filter=[ Transports: CELLULAR Capabilities: MMS&SUPL&DUN&FOTA&IMS&CBS&IA&RCS&XCAP&EIMS&INTERNET&NOT_RESTRICTED&TRUSTED&NOT_VPN&ENT1 Specifier: <*>]
01-17 14:22:31.693 4145 4145 D PhoneSwitcherNetworkRequstListener: evalRequest
01-17 14:22:31.693 4145 4145 D PhoneSwitcherNetworkRequstListener: done
01-17 14:22:32.578 27471 27488 D [ACT]:ao: processing priority = NORMAL
01-17 14:22:32.581 27443 27465 D [ACT]:ao: processing priority = NORMAL
01-17 14:22:33.568 3768 7202 D SSRM:k : SIOP:: AP = 310, PST = 300 (W:14), CP = 247, CUR = 547, LCD = 79
01-17 14:22:34.578 27471 27488 D [ACT]:ao: processing priority = HIGH
01-17 14:22:34.580 27443 27465 D [ACT]:ao: processing priority = HIGH
01-17 14:22:34.696 3768 4039 D WifiStateMachine: Current network is: "SKY03AE5" , ID is: 1
01-17 14:22:34.766 3768 5648 D BatteryService: !@BatteryListener : batteryPropertiesChanged!
01-17 14:22:34.768 3768 5648 D BatteryService: level:77, scale:100, status:2, health:2, present:true, voltage: 4200, temperature: 248, technology: Li-ion, AC powered:false, USB powered:true, POGO powered:false, Wireless powered:false, icon:17303682, invalid charger:0, maxChargingCurrent:0, maxChargingVoltage:0, chargeCounter:0
01-17 14:22:34.768 3768 5648 D BatteryService: online:6, current avg:565, charge type:1, power sharing:false, high voltage charger:false, capacity:280000, batterySWSelfDischarging:false, misc_event:0, current_now:642
01-17 14:22:34.768 3768 3768 D BatteryService: Sending ACTION_BATTERY_CHANGED.
01-17 14:22:34.779 3768 3768 V UiModeManager: updateLocked: null action, mDockState=0, category=null
01-17 14:22:34.779 3768 3768 D UiModeManager: updateConfigurationLocked: mDockState=0; mCarMode=false; mNightMode=1; uiMode=17
01-17 14:22:34.782 3768 3768 D GameManagerService: new battery level: 77
01-17 14:22:34.787 4947 4947 D io_stats: !@ 8,0 r 8594542 393162236 w 3679143 76510784 d 367862 41425848 f 1098046 1096857 iot 8362830 7425412 th 293716 0 0 pt 0 inp 0 0 126594.053
01-17 14:22:34.788 4222 4222 D KeyguardUpdateMonitor: received broadcast android.intent.action.BATTERY_CHANGED
01-17 14:22:34.789 4222 4222 D KeyguardUpdateMonitor: handleBatteryUpdate
01-17 14:22:34.800 4222 4222 D PowerUI : priorPlugType = 2 mPlugType = 2
01-17 14:22:34.803 4222 4222 D PowerUI.Notification: showChargingNotice oldChargingType : 1 currentChargingType : 1 oldChargingTime : 2985000 mChargingTime : 2985000
01-17 14:22:34.803 4222 4222 D PowerUI.Notification: There is no change about charging status, so return!
01-17 14:22:34.815 4222 4222 D BatteryMeterDrawable: isSomethingChanged - false
01-17 14:22:34.816 4222 4222 D BatteryMeterDrawable: isSomethingChanged - false
01-17 14:22:34.826 4158 4158 V HeadsetService: HeadsetService - Received Intent.ACTION_BATTERY_CHANGED
01-17 14:22:34.827 4158 12859 D HeadsetStateMachine: Disconnected process message: 10, size: 0
01-17 14:22:34.830 4222 4222 D CoverUpdateMonitor: received broadcast android.intent.action.BATTERY_CHANGED
01-17 14:22:35.007 3768 4643 E Watchdog: !@Sync 4216 [2018-01-17 14:22:35.007]
01-17 14:22:36.577 3768 3993 D InputReader: Input event(4): value=1 when=126595843556000
01-17 14:22:36.577 3768 3993 D InputReader: Input event(4): value=1 when=126595843556000
01-17 14:22:36.577 27471 27488 D [ACT]:ao: processing priority = NORMAL
01-17 14:22:36.577 3768 3993 I InputReader: Touch event's action is 0x0 (deviceType=0) [pCnt=1, s=0.39038 ] when=126595843556000
01-17 14:22:36.578 3768 3993 D InputReader: lastThreadEndTime = 126594289700277, currentThreadStartTime = 126594289705661, diff = 0
01-17 14:22:36.578 3768 3992 I InputDispatcher: Delivering touch to (4222): action: 0x4, toolType: 1
01-17 14:22:36.578 3768 3992 I InputDispatcher: Delivering touch to (2857): action: 0x0, toolType: 1
01-17 14:22:36.579 2857 2857 D ViewRootImpl@457e009[PackageInstallerActivity]: ViewPostImeInputStage processPointer 0
01-17 14:22:36.580 2857 2857 W System : ClassLoader referenced unknown path: /system/framework/QPerformance.jar
01-17 14:22:36.580 27443 27465 D [ACT]:ao: processing priority = NORMAL
01-17 14:22:36.581 2857 2857 E BoostFramework: BoostFramework() : Exception_1 = java.lang.ClassNotFoundException: Didn't find class "com.qualcomm.qti.Performance" on path: DexPathList[[],nativeLibraryDirectories=[/system/lib64, /vendor/lib64]]
01-17 14:22:36.581 2857 2857 V BoostFramework: BoostFramework() : mPerf = null
01-17 14:22:36.692 3768 3993 D InputReader: Input event(4): value=0 when=126595959464000
01-17 14:22:36.692 3768 3993 D InputReader: Input event(4): value=0 when=126595959464000
01-17 14:22:36.693 3768 3993 I InputReader: Touch event's action is 0x1 (deviceType=0) [pCnt=1, s=] when=126595959464000
01-17 14:22:36.693 3768 3992 I InputDispatcher: Delivering touch to (2857): action: 0x1, toolType: 1
01-17 14:22:36.693 2857 2857 D ViewRootImpl@457e009[PackageInstallerActivity]: ViewPostImeInputStage processPointer 1
01-17 14:22:36.702 3768 5324 I ActivityManager: START u0 {act=null typ=null flg=0x0 cmp=ComponentInfo{com.google.android.packageinstaller/com.android.packageinstaller.InstallAppProgress}} from uid 10022 on display 0
01-17 14:22:36.704 3768 5324 D ActivityManager: ActivityRecord() Constructor : multiScreenAttrs=MultiScreenAttrs{mDisplayId=0, mBaseDisplayId=0, mBaseActivity=false}
01-17 14:22:36.705 3768 5324 D CustomFrequencyManagerService: acquireDVFSLockLocked : type : DVFS_MIN_LIMIT frequency : 1560000 uid : 1000 pid : 3768 pkgName : AMS_RESUME@CPU_MIN@7
01-17 14:22:36.707 3768 5324 D ActivityManager: mActivityResumeBooster.acquire()
01-17 14:22:36.707 3768 4122 D WifiWatchdogStateMachine: [|1] []
01-17 14:22:36.707 3768 5324 D ActivityManager: moveToFront() : reason=sourceStackToFront isAttached=true null
01-17 14:22:36.709 3768 5324 I MultiWindowManagerService: setTaskDimensions: Task=TaskRecord{dbb4eeed0 #15979 A=com.google.android.packageinstaller U=0 StackId=1 sz=1} minWidth=-1 minHeight=-1 maxWidth=-1 maxHeight=-1
01-17 14:22:36.709 3768 5324 D ActivityManager: moveToFront() : reason=startedActivity setFocusedActivity isAttached=true TaskRecord{dbb4eeed0 #15979 A=com.google.android.packageinstaller U=0 StackId=1 sz=2}
01-17 14:22:36.710 3768 5324 D InputDispatcher: Focused application set to: xxxx
01-17 14:22:36.710 3768 5324 D InputDispatcher: Focus left window: 2857
01-17 14:22:36.711 3768 5324 D ActivityManager: resumeTopActivityInnerLocked() : #1 prevTask=TaskRecord{dbb4eeed0 #15979 A=com.google.android.packageinstaller U=0 StackId=1 sz=2} next=ActivityRecord{38b5eacd0 u0 com.google.android.packageinstaller/com.android.packageinstaller.InstallAppProgress t15979} mFocusedStack=ActivityStack{9425ef3d0 stackId=1, 7 tasks}
01-17 14:22:36.711 3768 5324 D ActivityTrigger: ActivityTrigger activityPauseTrigger
01-17 14:22:36.711 3768 5324 D GameManagerService: sem_perfomance_mode: 0
01-17 14:22:36.715 3768 5317 W MultiScreenManagerService: moveTaskBackToDisplayIfNeeded(): The task has more than one activity
01-17 14:22:36.718 2857 2857 D ViewRootImpl@457e009[PackageInstallerActivity]: MSG_WINDOW_FOCUS_CHANGED 0
01-17 14:22:36.719 3768 8541 D ActivityManager: resumeTopActivityInnerLocked() : #1 prevTask=TaskRecord{dbb4eeed0 #15979 A=com.google.android.packageinstaller U=0 StackId=1 sz=2} next=ActivityRecord{38b5eacd0 u0 com.google.android.packageinstaller/com.android.packageinstaller.InstallAppProgress t15979} mFocusedStack=ActivityStack{9425ef3d0 stackId=1, 7 tasks}
01-17 14:22:36.728 3768 8541 D GameManagerService: sem_perfomance_mode: 0
01-17 14:22:36.728 3768 3768 D GameManagerService: NotifyRunnable. pkg: com.google.android.packageinstaller, type: 4, isMinimized: false, isTunableApp: false
01-17 14:22:36.728 3768 3768 D GameManagerService: do nothing. mKillNotiCount: 3
01-17 14:22:36.781 3768 5298 D PackageInstaller: installation of android.content.pm.PackageInstaller$SessionParams@1aaa5d6 for non-container user 0
01-17 14:22:36.781 3768 3793 D WindowManager: addWindow: android.view.IWindow$Stub$Proxy@db40057 displayId=0
01-17 14:22:36.781 3768 3793 D InputTransport: Input channel constructed: fd=520
01-17 14:22:36.781 3768 3793 D InputTransport: Input channel constructed: fd=521
01-17 14:22:36.782 3768 3793 D InputTransport: Input channel destroyed: fd=521
01-17 14:22:36.782 2857 2857 D InputTransport: Input channel constructed: fd=74
01-17 14:22:36.784 2857 2857 D ViewRootImpl@5cf0700[InstallAppProgress]: setView = DecorView@7482b39[InstallAppProgress] touchMode=true
01-17 14:22:36.784 3768 5702 D ActivityManager: post active user change for 0 fullscreen true isHomeActivity() false
01-17 14:22:36.784 3768 5702 D KnoxTimeoutHandler: postActiveUserChange [MsgParam] userId: 0 fullscreen is true showWhenlocked is false isMutiwindowRecord is false multiwindowstyle is 0
01-17 14:22:36.785 3768 3768 D KnoxTimeoutHandler: handleActiveUserChange [MsgParam] userId: 0 fullscreen is true showWhenlocked is false isMutiwindowRecord is false multiwindowstyle is 0
01-17 14:22:36.786 3768 3768 I KnoxTimeoutHandler: Shared devices show user statefalse
01-17 14:22:36.789 3768 5292 V WindowManager: Relayout Window{ff2902dd0 u0 com.google.android.packageinstaller/com.android.packageinstaller.InstallAppProgress}: viewVisibility=0 req=1080x1848 WM.LayoutParams{(0,0)(fillxfill) sim=#120 ty=1 fl=#81810100 pfl=0x20000 wanim=0x1030465 vsysui=0x600 needsMenuKey=2 naviIconColor=0}
01-17 14:22:36.790 3197 3197 I SurfaceFlinger: id=10424 createSurf (1x1),1 flag=404, JnstallAppP
01-17 14:22:36.791 3768 3849 D WindowManager: set systemUiVisibility of statusbar : vis= 0x608
01-17 14:22:36.800 3768 5292 D InputDispatcher: Focus entered window: 2857
01-17 14:22:36.802 5393 5601 D Launcher.PkgInstaller: addSessionInfoToCahce(), getAppIcon: null, getAppLabel: null
01-17 14:22:36.804 3306 3306 I : free_cache(2657665) avail 10429759488
01-17 14:22:36.810 2857 2874 D mali_winsys: EGLint new_window_surface(egl_winsys_display*, void*, EGLSurface, EGLConfig, egl_winsys_surface**, egl_color_buffer_format*, EGLBoolean) returns 0x3000, [1080x1920]-format:1
01-17 14:22:36.832 3768 4121 D WifiWatchdogStateMachine.QualitySocketHandler: response code: 204
01-17 14:22:36.832 3768 4121 W ContextImpl: Calling a method in the system process without a qualified user: android.app.ContextImpl.sendBroadcast:906 com.android.server.wifi.WifiWatchdogStateMachine$QualitySocketHandler.handleMessage:4728 android.os.Handler.dispatchMessage:102 android.os.Looper.loop:154 android.os.HandlerThread.run:61
01-17 14:22:36.836 3768 3768 I Telecom : TelecomFeature: getContactsPackageName: com.samsung.android.contacts: TSI.gDDP@LAk
01-17 14:22:36.836 3768 3768 I Telecom : com.android.server.telecom.TelecomServiceImpl$1: getSystemDialerPackage: com.samsung.android.contacts: TSI.gDDP@LAk
01-17 14:22:36.837 3768 3768 I Telecom : TelecomFeature: getContactsPackageName: com.samsung.android.contacts
01-17 14:22:36.844 4222 4222 E ApplicationPackageManager: checkSettingsForIconTray value : 0
01-17 14:22:36.844 4222 4222 E ApplicationPackageManager: checkSettingsForIconTray value : 0
01-17 14:22:36.847 3768 3793 D WindowManager: finishDrawingWindow: Window{ff2902dd0 u0 com.google.android.packageinstaller/com.android.packageinstaller.InstallAppProgress} mDrawState=DRAW_PENDING
01-17 14:22:36.847 2857 2857 D ViewRootImpl@5cf0700[InstallAppProgress]: MSG_RESIZED_REPORT: ci=Rect(0, 72 - 0, 0) vi=Rect(0, 72 - 0, 0) or=1
01-17 14:22:36.847 2857 2857 D ViewRootImpl@5cf0700[InstallAppProgress]: MSG_WINDOW_FOCUS_CHANGED 1
01-17 14:22:36.849 2857 2857 V InputMethodManager: Starting input: tba=android.view.inputmethod.EditorInfo@2f0ded5 nm : com.google.android.packageinstaller ic=null
01-17 14:22:36.849 2857 2857 I InputMethodManager: [IMM] startInputInner - mService.startInputOrWindowGainedFocus
01-17 14:22:36.849 3768 5316 D InputMethodManagerService: windowGainedFocus mCurrentFocusedUserId - 0 and mSecureKeypadEnabled-false
01-17 14:22:36.853 4222 4222 I ApplicationPackageManager: load=com.google.android.apps.docs, bg=144-144, dr=144-144, forDefault=true
01-17 14:22:36.853 4222 4222 E ApplicationPackageManager: checkSettingsForIconTray value : 0
01-17 14:22:36.855 3768 5316 D InputMethodManagerService: mDesktopModeManager null!
01-17 14:22:36.855 3768 5316 D InputTransport: Input channel constructed: fd=521
01-17 14:22:36.855 3768 5316 D InputTransport: Input channel destroyed: fd=521
01-17 14:22:36.856 3197 3197 I SurfaceFlinger: id=10425 createSurf (1080x1920),-1 flag=20004, JnstallAppP
01-17 14:22:36.856 4222 4222 I ApplicationPackageManager: scaled rate=0.9808696, size=144, alpha=3, hold=26, target=144
01-17 14:22:36.857 2857 2857 D InputTransport: Input channel constructed: fd=75
01-17 14:22:36.857 2857 2857 D InputTransport: Input channel destroyed: fd=68
01-17 14:22:36.857 30084 30084 I GoogleInputMethod: onFinishInput() : Dummy InputConnection bound
01-17 14:22:36.858 3768 3888 D KnoxTimeoutHandler: notifyActivityDrawn [MsgParam] userId: 0 fullscreen is true showWhenlocked is false isMutiwindowRecord is false multiwindowstyle is 1
01-17 14:22:36.858 30084 30084 I GoogleInputMethod: onStartInput() : Dummy InputConnection bound
01-17 14:22:36.858 3768 3768 D KnoxTimeoutHandler: activityDrawn [MsgParam] userId: 0 fullscreen is true showWhenlocked is false isMutiwindowRecord is false multiwindowstyle is 1
01-17 14:22:36.858 3768 3888 I ActivityManager: Displayed com.google.android.packageinstaller/com.android.packageinstaller.InstallAppProgress: +139ms
01-17 14:22:36.859 3768 3768 I KnoxTimeoutHandler: SD activityfalse
01-17 14:22:36.859 3768 3768 I KnoxTimeoutHandler: Fullscreen and mCurrent is not KNOX user. Hence hide keyguard
01-17 14:22:36.865 3768 5325 D WindowManager: finishDrawingWindow: Window{ff2902dd0 u0 com.google.android.packageinstaller/com.android.packageinstaller.InstallAppProgress} mDrawState=HAS_DRAWN
01-17 14:22:36.870 2857 2874 D OpenGLRenderer: endAllActiveAnimators on 0x71e87fc400 (RippleDrawable) with handle 0x71fb965700
01-17 14:22:36.871 3768 5279 V WindowManager: Relayout Window{7002b11d0 u0 com.google.android.packageinstaller/com.android.packageinstaller.PackageInstallerActivity}: viewVisibility=8 req=1080x1920 WM.LayoutParams{(0,0)(fillxfill) sim=#120 ty=1 fl=#81810100 pfl=0x20000 wanim=0x1030465 vsysui=0x600 needsMenuKey=2 naviIconColor=0}
01-17 14:22:36.974 3768 3958 D PackageManager: START_PACKAGE_INSTALL: observer{52022625}
01-17 14:22:36.974 3768 3958 D PackageManager: stagedDir{/data/app/vmdl709366076.tmp}
01-17 14:22:36.974 3768 3958 D PackageManager: stagedCid{null}
01-17 14:22:36.974 3768 3958 D PackageManager: Request from{com.google.android.packageinstaller}
01-17 14:22:36.974 3768 3958 D PackageManager: VerificationInfo{,originatingUid=10125,installerUid=10022}
01-17 14:22:36.975 3768 3909 D MountService: getExternalStorageMountMode : 1
01-17 14:22:36.975 3768 3909 D MountService: getExternalStorageMountMode : 3
01-17 14:22:36.975 3768 3909 D MountService: getExternalStorageMountMode : final mountMode=1, uid : 10008, packageName : com.android.defcontainer
01-17 14:22:36.987 2898 2898 E Zygote : v2
01-17 14:22:36.987 2898 2898 I libpersona: KNOX_SDCARD checking this for 10008
01-17 14:22:36.987 2898 2898 I libpersona: KNOX_SDCARD not a persona
01-17 14:22:36.987 2898 2898 E libpersona: scanKnoxPersonas
01-17 14:22:36.987 2898 2898 E libpersona: Couldn't open the File - /data/system/users/0/personalist.xml - No such file or directory
01-17 14:22:36.988 2898 2898 E Zygote : accessInfo : 0
01-17 14:22:36.988 2898 2898 E libpersona: scanKnoxPersonas
01-17 14:22:36.988 2898 2898 E libpersona: Couldn't open the File - /data/system/users/0/personalist.xml - No such file or directory
01-17 14:22:36.988 2898 2898 W SELinux : SELinux selinux_android_compute_policy_index : Policy Index[2], Con:u:r:zygote:s0 SPD:SEPF_SECMOBILE_7.0_0006 RAM:SEPF_SECMOBILE_7.0_0009, [-1 -1 -9 -1 0 1]
01-17 14:22:36.989 2898 2898 I SELinux : SELinux: seapp_context_lookup: seinfo=platform, level=s0:c512,c768, pkgname=com.android.defcontainer
01-17 14:22:36.994 3768 3909 I ActivityManager: Start proc 2898:com.android.defcontainer/u0a8 for service com.android.defcontainer/.DefaultContainerService
01-17 14:22:37.008 2898 2898 D TimaKeyStoreProvider: TimaSignature is unavailable
01-17 14:22:37.008 2898 2898 D ActivityThread: Added TimaKeyStore provider
01-17 14:22:37.010 3768 5642 I ActivityManager: DSS on for com.android.defcontainer and scale is 1.0
01-17 14:22:37.031 2898 2898 D ContextRelationMgrBrdg: loadKlass() : caller=com.samsung.android.bridge.multiscreen.common.ContextRelationManagerBridge.:28 android.app.LoadedApk.makeApplication:840
01-17 14:22:37.050 3768 3909 I PackageManager: EAS IT Policy AllowList =
01-17 14:22:37.051 3768 3909 I PackageManager: isAppBlockedByDPM?? = false
01-17 14:22:37.055 3768 3909 D PackageManager: [VERIFY] getRequiredButNotReallyRequiredVerifierLPr: 2 verifiers
01-17 14:22:37.055 3768 3909 D PackageManager: [VERIFY] com.android.vending(10040)
01-17 14:22:37.056 3768 3909 D PackageManager: [VERIFY] com.samsung.android.sm.devicesecurity(5012)
01-17 14:22:37.056 3768 3909 D PersonaManagerService: needVerificationForPackage
01-17 14:22:37.056 3768 3909 D PersonaManagerService: needVerificationForPackage appinventor.ai_manjot_chana93.Soundboard_Base
01-17 14:22:37.056 3768 3909 D PersonaManagerService: needVerificationForPackage return true for at the end appinventor.ai_manjot_chana93.Soundboard_Base
01-17 14:22:37.056 3768 3909 D PackageManager: [VERIFY] sendOrderedBroadcastToPendingVerifier:
01-17 14:22:37.056 3768 3909 D PackageManager: PackageVerificationState{
01-17 14:22:37.056 3768 3909 D PackageManager: verifier packages=com.android.vending(10040),com.samsung.android.sm.devicesecurity(5012),
01-17 14:22:37.056 3768 3909 D PackageManager: intent=Intent { act=android.intent.action.PACKAGE_NEEDS_VERIFICATION dat=file:///data/app/vmdl709366076.tmp typ=application/vnd.android.package-archive flg=0x10000001 launchParam=MultiScreenLaunchParams { mDisplayId=0 mFlags=0 } (has extras) }
01-17 14:22:37.056 3768 3909 D PackageManager: others=24, false, false, false, false, false
01-17 14:22:37.056 3768 3909 D PackageManager: }
01-17 14:22:37.057 3768 3909 I HarmonyEASService: Updating for all 1
01-17 14:22:37.071 32158 32158 I Finsky : [1] com.google.android.finsky.verifier.impl.PackageVerificationReceiver.onReceive(14): Verification requested, id = 24
01-17 14:22:37.076 3768 3768 D PackageManager: [VERIFY] onReceive for RequiredVerifier id=24
01-17 14:22:37.076 3768 3768 D PackageManager: [VERIFY] sendMessageDelayed(CHECK_PENDING_VERIFICATION, 24, 15000)
01-17 14:22:37.109 32158 2912 W Settings: Setting install_non_market_apps has moved from android.provider.Settings.Global to android.provider.Settings.Secure, returning read-only value.
01-17 14:22:37.265 3768 3888 I WindowManager_SurfaceController: Destroying surface Surface(name=com.google.android.packageinstaller/com.android.packageinstaller.InstallAppProgress_dim) called by com.android.server.wm.WindowStateAnimator.finishExit:587 com.android.server.wm.AppWindowAnimator.stepAnimationLocked:493 com.android.server.wm.WindowAnimator.updateAppWindowsLocked:227 com.android.server.wm.WindowAnimator.animateLocked:919 com.android.server.wm.WindowAnimator.-wrap0:-1 com.android.server.wm.WindowAnimator$1.doFrame:180 android.view.Choreographer$CallbackRecord.run:925 android.view.Choreographer.doCallbacks:702
01-17 14:22:37.265 3197 3995 I SurfaceFlinger: id=10425 Removed JnstallAppP (6/9)
01-17 14:22:37.266 3197 3996 I SurfaceFlinger: id=10425 Removed JnstallAppP (-2/9)
01-17 14:22:37.272 3768 3848 D ActivityManager: mActivityResumeBoosterTail.acquire()
01-17 14:22:37.272 3768 3888 D CustomFrequencyManagerService: releaseDVFSLockLocked : Getting Lock type frm List : DVFS_MIN_LIMIT frequency : 1560000 uid : 1000 pid : 3768 tag : AMS_RESUME@CPU_MIN@7
01-17 14:22:37.273 3768 3888 D ActivityManager: mActivityResumeBooster.release()
01-17 14:22:37.273 3768 3888 D KnoxTimeoutHandler: notifyActivityDrawn [MsgParam] userId: 0 fullscreen is true showWhenlocked is false isMutiwindowRecord is false multiwindowstyle is 1
01-17 14:22:37.274 3768 3768 D KnoxTimeoutHandler: activityDrawn [MsgParam] userId: 0 fullscreen is true showWhenlocked is false isMutiwindowRecord is false multiwindowstyle is 1
01-17 14:22:37.274 3768 3848 D CustomFrequencyManagerService: acquireDVFSLockLocked : type : DVFS_MIN_LIMIT frequency : 1560000 uid : 1000 pid : 3768 pkgName : AMS_RESUME_TAIL@CPU_MIN@13
01-17 14:22:37.275 3768 3768 I KnoxTimeoutHandler: SD activityfalse
01-17 14:22:37.275 3768 3768 I KnoxTimeoutHandler: Fullscreen and mCurrent is not KNOX user. Hence hide keyguard
01-17 14:22:37.574 3768 3768 D CustomFrequencyManagerService: releaseDVFSLockLocked : Getting Lock type frm List : DVFS_MIN_LIMIT frequency : 1560000 uid : 1000 pid : 3768 tag : AMS_RESUME_TAIL@CPU_MIN@13
01-17 14:22:37.643 3312 3866 D EnterpriseController: netId is 0
01-17 14:22:37.643 3312 3866 D Netd : getNetworkForDns: using netid 551 for uid 10040
01-17 14:22:37.643 3312 3866 D DnsProxyListener: DNSDBG::dns addrinfo af 0
01-17 14:22:37.677 32158 2912 I Finsky : [7221] com.google.android.finsky.foregroundcoordinator.ForegroundCoordinator.a(9): Task 7 requested foreground
01-17 14:22:37.683 32158 2912 I Finsky : [7221] com.google.android.finsky.foregroundcoordinator.ForegroundCoordinator.a(35): Not entering foreground
01-17 14:22:37.708 3312 3866 D EnterpriseController: netId is 0
01-17 14:22:37.708 3312 3866 D Netd : getNetworkForDns: using netid 551 for uid 10040
01-17 14:22:37.708 3312 3866 D DnsProxyListener: DNSDBG::dns addrinfo af 0
01-17 14:22:37.709 3768 4039 D WifiStateMachine: Current network is: "SKY03AE5" , ID is: 1
01-17 14:22:37.972 3768 3779 I art : Background sticky concurrent mark sweep GC freed 100727(10MB) AllocSpace objects, 27(1300KB) LOS objects, 15% free, 69MB/82MB, paused 3.423ms total 128.791ms
01-17 14:22:38.038 32158 2916 I Finsky : [7222] com.google.android.finsky.verifier.impl.co.b(6): Verification id=24 response=0
01-17 14:22:38.064 32158 32158 I Finsky : [1] com.google.android.finsky.verifier.impl.de.c(102): Verifying id=24, result=1
01-17 14:22:38.065 3768 5280 D PackageManager: [VERIFY] verifyPendingInstall(24, ALLOW), uid=10040
01-17 14:22:38.066 3768 3909 D PackageManager: [VERIFY] PACKAGE_VERIFIED:
01-17 14:22:38.066 3768 3909 D PackageManager: PackageVerificationState{
01-17 14:22:38.066 3768 3909 D PackageManager: verifier packages=com.android.vending(10040),com.samsung.android.sm.devicesecurity(5012),
01-17 14:22:38.066 3768 3909 D PackageManager: intent=Intent { act=android.intent.action.PACKAGE_NEEDS_VERIFICATION dat=file:///data/app/vmdl709366076.tmp typ=application/vnd.android.package-archive flg=0x10000001 cmp=com.android.vending/com.google.android.finsky.verifier.impl.PackageVerificationReceiver launchParam=MultiScreenLaunchParams { mDisplayId=0 mFlags=0 } (has extras) }
01-17 14:22:38.066 3768 3909 D PackageManager: others=24, false, false, false, false, false
01-17 14:22:38.066 3768 3909 D PackageManager: }
01-17 14:22:38.066 3768 3909 D PackageManager: [VERIFY] setVerifierResponse {verificationID=24, uid=10040, code=1}
01-17 14:22:38.066 3768 3909 D PackageManager: [VERIFY] sendOrderedBroadcastToPendingVerifier:
01-17 14:22:38.066 3768 3909 D PackageManager: PackageVerificationState{
01-17 14:22:38.066 3768 3909 D PackageManager: verifier packages=com.samsung.android.sm.devicesecurity(5012),
01-17 14:22:38.066 3768 3909 D PackageManager: intent=Intent { act=android.intent.action.PACKAGE_NEEDS_VERIFICATION dat=file:///data/app/vmdl709366076.tmp typ=application/vnd.android.package-archive flg=0x10000001 cmp=com.android.vending/com.google.android.finsky.verifier.impl.PackageVerificationReceiver launchParam=MultiScreenLaunchParams { mDisplayId=0 mFlags=0 } (has extras) }
01-17 14:22:38.066 3768 3909 D PackageManager: others=24, false, false, false, false, false
01-17 14:22:38.066 3768 3909 D PackageManager: }
01-17 14:22:38.069 32158 32158 I Finsky : [1] com.google.android.finsky.verifier.impl.de.c(115): Verification complete: id=24, package_name=appinventor.ai_manjot_chana93.Soundboard_Base
01-17 14:22:38.108 3768 3768 D PackageManager: [VERIFY] onReceive for RequiredVerifier id=24
01-17 14:22:38.108 3768 3768 D PackageManager: [VERIFY] sendMessageDelayed(CHECK_PENDING_VERIFICATION, 24, 15000)
01-17 14:22:38.142 3768 5305 D PackageManager: [VERIFY] extendVerificationTimeout(24, ALLOW, 360000), uid=5012
01-17 14:22:38.142 3768 5305 D PackageManager: [VERIFY] extendVerificationTimeout: timeout extended
01-17 14:22:38.142 3768 5305 D PackageManager: [VERIFY] extendTimeout(24), uid=5012
01-17 14:22:38.147 3768 4054 D PackageManager: [VERIFY] extendVerificationTimeout(24, ALLOW, 10000), uid=5012
01-17 14:22:38.147 3768 4054 D PackageManager: [VERIFY] extendVerificationTimeout: timeout extended
01-17 14:22:38.147 3768 4054 D PackageManager: [VERIFY] extendTimeout(24), uid=5012
01-17 14:22:38.215 26828 2917 D ConnectivityManager: requestNetwork; CallingUid : 5012, CallingPid : 26828
01-17 14:22:38.218 3768 4050 D ConnectivityService: listenForNetwork for Listen from uid/pid:5012/26828 for NetworkRequest [ id=1276, legacyType=-1, [ Transports: WIFI Capabilities: INTERNET&NOT_RESTRICTED&TRUSTED&NOT_VPN] ]
01-17 14:22:38.220 3768 4072 D ConnectivityService: rematching NetworkAgentInfo [WIFI () - 551]
01-17 14:22:38.220 3768 4072 D ConnectivityService: network has: [ Transports: WIFI Capabilities: NOT_METERED&INTERNET&NOT_RESTRICTED&TRUSTED&NOT_VPN&VALIDATED LinkUpBandwidth>=1048576Kbps LinkDnBandwidth>=1048576Kbps SignalStrength: -65]
01-17 14:22:38.220 3768 4072 D ConnectivityService: checking if request is satisfied: NetworkRequest [ id=926, legacyType=-1, [ Capabilities: INTERNET&NOT_RESTRICTED&TRUSTED] ]
01-17 14:22:38.220 3768 4072 D ConnectivityService: checking if request is satisfied: NetworkRequest [ id=627, legacyType=-1, [ Capabilities: INTERNET&NOT_RESTRICTED&TRUSTED] ]
01-17 14:22:38.220 3768 4072 D ConnectivityService: checking if request is satisfied: NetworkRequest [ id=64, legacyType=-1, [ Capabilities: INTERNET&NOT_RESTRICTED&TRUSTED] ]
01-17 14:22:38.221 3768 4072 D ConnectivityService: checking if request is satisfied: NetworkRequest [ id=8, legacyType=-1, [ Transports: WIFI Capabilities: INTERNET&NOT_RESTRICTED&TRUSTED&NOT_VPN] ]
01-17 14:22:38.221 3768 4072 D ConnectivityService: checking if request is satisfied: NetworkRequest [ id=63, legacyType=-1, [ Capabilities: INTERNET&NOT_RESTRICTED&TRUSTED] ]
01-17 14:22:38.222 3768 4072 D ConnectivityService: checking if request is satisfied: NetworkRequest [ id=1276, legacyType=-1, [ Transports: WIFI Capabilities: INTERNET&NOT_RESTRICTED&TRUSTED&NOT_VPN] ]
01-17 14:22:38.222 3768 4072 D ConnectivityService: Network NetworkAgentInfo [WIFI () - 551] was already satisfying request 1. No change.
01-17 14:22:38.222 3768 4072 D ConnectivityService: checking if request is satisfied: NetworkRequest [ id=1252, legacyType=-1, [ Capabilities: INTERNET&NOT_RESTRICTED&TRUSTED] ]
01-17 14:22:38.222 3768 4072 D ConnectivityService: checking if request is satisfied: NetworkRequest [ id=3, legacyType=-1, [] ]
01-17 14:22:38.222 3768 4072 D ConnectivityService: checking if request is satisfied: NetworkRequest [ id=903, legacyType=-1, [ Transports: CELLULAR Capabilities: IMS&TRUSTED&NOT_VPN] ]
01-17 14:22:38.222 3768 4072 D ConnectivityService: checking if request is satisfied: NetworkRequest [ id=5, legacyType=-1, [] ]
01-17 14:22:38.223 3768 4072 D ConnectivityService: checking if request is satisfied: NetworkRequest [ id=628, legacyType=-1, [ Capabilities: INTERNET&NOT_RESTRICTED&TRUSTED] ]
01-17 14:22:38.223 3768 4072 D ConnectivityService: checking if request is satisfied: NetworkRequest [ id=4, legacyType=-1, [ Transports: WIFI Capabilities: INTERNET&NOT_RESTRICTED&TRUSTED&NOT_VPN] ]
01-17 14:22:38.223 3768 4072 D ConnectivityService: checking if request is satisfied: NetworkRequest [ id=9, legacyType=-1, [ Transports: CELLULAR|WIFI Capabilities: NOT_RESTRICTED&TRUSTED&NOT_VPN] ]
01-17 14:22:38.223 3768 4072 D ConnectivityService: checking if request is satisfied: NetworkRequest [ id=1275, legacyType=-1, [ Capabilities: INTERNET&NOT_RESTRICTED&TRUSTED] ]
01-17 14:22:38.223 3768 4072 D ConnectivityService: checking if request is satisfied: NetworkRequest [ id=787, legacyType=-1, [ Capabilities: INTERNET&NOT_RESTRICTED&TRUSTED] ]
01-17 14:22:38.223 3768 4072 D ConnectivityService: checking if request is satisfied: NetworkRequest [ id=19, legacyType=-1, [ Capabilities: INTERNET&NOT_RESTRICTED&TRUSTED] ]
01-17 14:22:38.223 3768 4072 D ConnectivityService: checking if request is satisfied: NetworkRequest [ id=1250, legacyType=-1, [ Capabilities: INTERNET&NOT_RESTRICTED&TRUSTED] ]
01-17 14:22:38.223 3768 4072 D ConnectivityService: checking if request is satisfied: NetworkRequest [ id=7, legacyType=-1, [ Transports: CELLULAR Capabilities: INTERNET&NOT_RESTRICTED&TRUSTED&NOT_VPN] ]
01-17 14:22:38.223 3768 4072 D ConnectivityService: checking if request is satisfied: NetworkRequest [ id=1210, legacyType=-1, [ Transports: WIFI Capabilities: INTERNET&NOT_RESTRICTED&TRUSTED&NOT_VPN] ]
01-17 14:22:38.224 3768 4072 D ConnectivityService: checking if request is satisfied: NetworkRequest [ id=6, legacyType=-1, [ Transports: WIFI Capabilities: INTERNET&NOT_RESTRICTED&TRUSTED&NOT_VPN] ]
01-17 14:22:38.224 3768 4072 D ConnectivityService: checking if request is satisfied: NetworkRequest [ id=1262, legacyType=-1, [ Capabilities: INTERNET&NOT_RESTRICTED&TRUSTED] ]
01-17 14:22:38.224 3768 4072 D ConnectivityService: checking if request is satisfied: NetworkRequest [ id=639, legacyType=-1, [ Capabilities: INTERNET&NOT_RESTRICTED&TRUSTED&NOT_VPN] ]
01-17 14:22:38.224 3768 4072 D ConnectivityService: checking if request is satisfied: NetworkRequest [ id=1271, legacyType=-1, [ Capabilities: INTERNET&NOT_RESTRICTED&TRUSTED] ]
01-17 14:22:38.224 3768 4072 D ConnectivityService: checking if request is satisfied: NetworkRequest [ id=12, legacyType=-1, [ Transports: WIFI Capabilities: INTERNET&NOT_RESTRICTED&TRUSTED&NOT_VPN] ]
01-17 14:22:38.224 3768 4072 D ConnectivityService: checking if request is satisfied: NetworkRequest [ id=1261, legacyType=-1, [ Capabilities: INTERNET&NOT_RESTRICTED&TRUSTED] ]
01-17 14:22:38.224 3768 4072 D ConnectivityService: checking if request is satisfied: NetworkRequest [ id=1272, legacyType=-1, [ Capabilities: INTERNET&NOT_RESTRICTED&TRUSTED] ]
01-17 14:22:38.224 3768 4072 D ConnectivityService: sending notification AVAILABLE for NetworkRequest [ id=1276, legacyType=-1, [ Transports: WIFI Capabilities: INTERNET&NOT_RESTRICTED&TRUSTED&NOT_VPN] ]
01-17 14:22:38.225 3768 4072 D ConnectivityService: rematching NetworkAgentInfo [MOBILE (LTE) - 539]
01-17 14:22:38.225 3768 4072 D ConnectivityService: network has: [ Transports: CELLULAR Capabilities: IMS&NOT_METERED&NOT_RESTRICTED&TRUSTED&NOT_VPN&VALIDATED LinkUpBandwidth>=51200Kbps LinkDnBandwidth>=102400Kbps Specifier: <1>]
01-17 14:22:38.225 3768 4072 D ConnectivityService: checking if request is satisfied: NetworkRequest [ id=926, legacyType=-1, [ Capabilities: INTERNET&NOT_RESTRICTED&TRUSTED] ]
01-17 14:22:38.225 3768 4072 D ConnectivityService: checking if request is satisfied: NetworkRequest [ id=627, legacyType=-1, [ Capabilities: INTERNET&NOT_RESTRICTED&TRUSTED] ]
01-17 14:22:38.226 3768 4072 D ConnectivityService: checking if request is satisfied: NetworkRequest [ id=64, legacyType=-1, [ Capabilities: INTERNET&NOT_RESTRICTED&TRUSTED] ]
01-17 14:22:38.226 3768 4072 D ConnectivityService: checking if request is satisfied: NetworkRequest [ id=8, legacyType=-1, [ Transports: WIFI Capabilities: INTERNET&NOT_RESTRICTED&TRUSTED&NOT_VPN] ]
01-17 14:22:38.226 3768 4072 D ConnectivityService: checking if request is satisfied: NetworkRequest [ id=63, legacyType=-1, [ Capabilities: INTERNET&NOT_RESTRICTED&TRUSTED] ]
01-17 14:22:38.226 3768 4072 D ConnectivityService: checking if request is satisfied: NetworkRequest [ id=1276, legacyType=-1, [ Transports: WIFI Capabilities: INTERNET&NOT_RESTRICTED&TRUSTED&NOT_VPN] ]
01-17 14:22:38.226 3768 4072 D ConnectivityService: checking if request is satisfied: NetworkRequest [ id=1, legacyType=-1, [ Capabilities: INTERNET&NOT_RESTRICTED&TRUSTED&NOT_VPN] ]
01-17 14:22:38.226 3768 4072 D ConnectivityService: checking if request is satisfied: NetworkRequest [ id=1252, legacyType=-1, [ Capabilities: INTERNET&NOT_RESTRICTED&TRUSTED] ]
01-17 14:22:38.226 3768 4072 D ConnectivityService: checking if request is satisfied: NetworkRequest [ id=3, legacyType=-1, [] ]
01-17 14:22:38.226 3768 4072 D ConnectivityService: Network NetworkAgentInfo [MOBILE (LTE) - 539] was already satisfying request 903. No change.
01-17 14:22:38.226 3768 4072 D ConnectivityService: checking if request is satisfied: NetworkRequest [ id=5, legacyType=-1, [] ]
01-17 14:22:38.226 3768 4072 D ConnectivityService: checking if request is satisfied: NetworkRequest [ id=628, legacyType=-1, [ Capabilities: INTERNET&NOT_RESTRICTED&TRUSTED] ]
01-17 14:22:38.228 3768 4072 D ConnectivityService: checking if request is satisfied: NetworkRequest [ id=4, legacyType=-1, [ Transports: WIFI Capabilities: INTERNET&NOT_RESTRICTED&TRUSTED&NOT_VPN] ]
01-17 14:22:38.230 3768 4072 D ConnectivityService: checking if request is satisfied: NetworkRequest [ id=9, legacyType=-1, [ Transports: CELLULAR|WIFI Capabilities: NOT_RESTRICTED&TRUSTED&NOT_VPN] ]
01-17 14:22:38.230 3768 4072 D ConnectivityService: checking if request is satisfied: NetworkRequest [ id=1275, legacyType=-1, [ Capabilities: INTERNET&NOT_RESTRICTED&TRUSTED] ]
01-17 14:22:38.231 3768 4072 D ConnectivityService: checking if request is satisfied: NetworkRequest [ id=787, legacyType=-1, [ Capabilities: INTERNET&NOT_RESTRICTED&TRUSTED] ]
01-17 14:22:38.231 3768 4072 D ConnectivityService: checking if request is satisfied: NetworkRequest [ id=19, legacyType=-1, [ Capabilities: INTERNET&NOT_RESTRICTED&TRUSTED] ]
01-17 14:22:38.231 3768 4072 D ConnectivityService: checking if request is satisfied: NetworkRequest [ id=1250, legacyType=-1, [ Capabilities: INTERNET&NOT_RESTRICTED&TRUSTED] ]
01-17 14:22:38.231 3768 4072 D ConnectivityService: checking if request is satisfied: NetworkRequest [ id=7, legacyType=-1, [ Transports: CELLULAR Capabilities: INTERNET&NOT_RESTRICTED&TRUSTED&NOT_VPN] ]
01-17 14:22:38.231 3768 4072 D ConnectivityService: checking if request is satisfied: NetworkRequest [ id=1210, legacyType=-1, [ Transports: WIFI Capabilities: INTERNET&NOT_RESTRICTED&TRUSTED&NOT_VPN] ]
01-17 14:22:38.231 3768 4072 D ConnectivityService: checking if request is satisfied: NetworkRequest [ id=6, legacyType=-1, [ Transports: WIFI Capabilities: INTERNET&NOT_RESTRICTED&TRUSTED&NOT_VPN] ]
01-17 14:22:38.231 3768 4072 D ConnectivityService: checking if request is satisfied: NetworkRequest [ id=1262, legacyType=-1, [ Capabilities: INTERNET&NOT_RESTRICTED&TRUSTED] ]
01-17 14:22:38.231 3768 4072 D ConnectivityService: checking if request is satisfied: NetworkRequest [ id=639, legacyType=-1, [ Capabilities: INTERNET&NOT_RESTRICTED&TRUSTED&NOT_VPN] ]
01-17 14:22:38.231 3768 4072 D ConnectivityService: checking if request is satisfied: NetworkRequest [ id=1271, legacyType=-1, [ Capabilities: INTERNET&NOT_RESTRICTED&TRUSTED] ]
01-17 14:22:38.231 3768 4072 D ConnectivityService: checking if request is satisfied: NetworkRequest [ id=12, legacyType=-1, [ Transports: WIFI Capabilities: INTERNET&NOT_RESTRICTED&TRUSTED&NOT_VPN] ]
01-17 14:22:38.231 3768 4072 D ConnectivityService: checking if request is satisfied: NetworkRequest [ id=1261, legacyType=-1, [ Capabilities: INTERNET&NOT_RESTRICTED&TRUSTED] ]
01-17 14:22:38.232 3768 4072 D ConnectivityService: checking if request is satisfied: NetworkRequest [ id=1272, legacyType=-1, [ Capabilities: INTERNET&NOT_RESTRICTED&TRUSTED] ]
01-17 14:22:38.577 27471 27488 D [ACT]:ao: processing priority = HIGH
01-17 14:22:38.580 27443 27465 D [ACT]:ao: processing priority = HIGH
01-17 14:22:38.597 26828 2921 I System.out: (HTTPLog)-Static: isSBSettingEnabled false
01-17 14:22:38.598 26828 2921 I System.out: (HTTPLog)-Static: isSBSettingEnabled false
01-17 14:22:38.607 3312 3866 D EnterpriseController: netId is 0
01-17 14:22:38.607 3312 3866 D Netd : getNetworkForDns: using netid 551 for uid 5012
01-17 14:22:38.607 3312 3866 D DnsProxyListener: DNSDBG::dns addrinfo af 0
01-17 14:22:39.790 4947 4947 D io_stats: !@ 8,0 r 8594734 393172692 w 3679220 76514384 d 367871 41426260 f 1098083 1096894 iot 8363120 7425625 th 286548 0 0 pt 0 inp 0 0 126599.057
01-17 14:22:40.577 27471 27488 D [ACT]:ao: processing priority = LOW
01-17 14:22:40.580 27443 27465 D [ACT]:ao: processing priority = LOW
01-17 14:22:40.725 3768 4039 D WifiStateMachine: Current network is: "SKY03AE5" , ID is: 1
01-17 14:22:40.783 3768 3969 D SamsungAlarmManager: Expired : 4
01-17 14:22:40.784 3768 3969 I SamsungAlarmManager: setLocked to kernel - T:2 / 20180117T142406, SetElapsed=307057135, nowELAPSED=306971282
01-17 14:22:40.784 3768 3969 V SamsungAlarmManager: Sending to uid : 1000 listener=android.app.AlarmManager$ListenerWrapper@26f058b alarm=Alarm{a724455 type 2 when 306971281 android}
01-17 14:22:40.791 3768 3768 D SamsungAlarmManager: setExact Listener (T:2/F:0/AC:false) 20180117T142240 - CU:1000/CP:3768
01-17 14:22:40.791 3768 3768 I SamsungAlarmManager: setLocked to kernel - T:2 / 20180117T142241, SetElapsed=306972283, nowELAPSED=306971289
01-17 14:22:41.225 3768 3793 D PackageManager: [VERIFY] extendVerificationTimeout(24, ALLOW, 60000), uid=5012
01-17 14:22:41.225 3768 3793 D PackageManager: [VERIFY] extendVerificationTimeout: timeout extended
01-17 14:22:41.225 3768 3793 D PackageManager: [VERIFY] extendTimeout(24), uid=5012
01-17 14:22:41.227 3768 7004 D PackageManager: [VERIFY] verifyPendingInstall(24, ALLOW), uid=5012
01-17 14:22:41.228 3768 3909 D PackageManager: [VERIFY] PACKAGE_VERIFIED:
01-17 14:22:41.228 3768 3909 D PackageManager: PackageVerificationState{
01-17 14:22:41.228 3768 3909 D PackageManager: verifier packages=com.samsung.android.sm.devicesecurity(5012),
01-17 14:22:41.228 3768 3909 D PackageManager: intent=Intent { act=android.intent.action.PACKAGE_NEEDS_VERIFICATION dat=file:///data/app/vmdl709366076.tmp typ=application/vnd.android.package-archive flg=0x10000001 cmp=com.samsung.android.sm.devicesecurity/.AppVerificationReceiver launchParam=MultiScreenLaunchParams { mDisplayId=0 mFlags=0 } (has extras) }
01-17 14:22:41.228 3768 3909 D PackageManager: others=24, false, false, false, false, true
01-17 14:22:41.228 3768 3909 D PackageManager: }
01-17 14:22:41.229 3768 3909 D PackageManager: [VERIFY] setVerifierResponse {verificationID=24, uid=5012, code=1}
01-17 14:22:41.229 3768 3909 D PackageManager: [VERIFY] packageVerificationCompletion: completed id=24
01-17 14:22:41.262 3768 3909 W PackageManager: verifying app can be installed or not
01-17 14:22:41.262 3768 3909 D ApplicationPolicy: isApplicationInstallationEnabled
01-17 14:22:41.263 3768 3909 D ApplicationPolicy: isApplicationInstallationEnabled : Checking PKG WL - false
01-17 14:22:41.263 3768 3909 D ApplicationPolicy: isApplicationInstallationEnabled : Checking PKG BL - true
01-17 14:22:41.263 3768 3909 D ApplicationPolicy: isApplicationInstallationEnabled : Checking PERM BL - true
01-17 14:22:41.263 3768 3909 D ApplicationPolicy: isApplicationInstallationEnabled : Checking SIG BL - true
01-17 14:22:41.263 3768 3909 D ApplicationPolicy: isApplicationInstallationEnabled : Checking PKG WL - false
01-17 14:22:41.263 3768 3909 D ApplicationPolicy: isApplicationInstallationEnabled : Checking PKG BL - true
01-17 14:22:41.263 3768 3909 D ApplicationPolicy: isApplicationInstallationEnabled : Checking PERM BL - true
01-17 14:22:41.263 3768 3909 D ApplicationPolicy: isApplicationInstallationEnabled : Checking SIG BL - true
01-17 14:22:41.264 3768 3909 D ApplicationPolicy: isApplicationInstallationEnabled : enabled true
01-17 14:22:41.264 3768 3909 E AASAASKS: mASKSfirstBooting : false
01-17 14:22:41.269 3768 3909 I MSTG : appinventor.ai_manjot_chana93.Soundboard_Base is installing..
01-17 14:22:41.269 3768 3909 I AASAInstall: ship device
01-17 14:22:41.270 26828 2917 D ConnectivityManager: unregisterNetworkCallback; CallingUid : 5012, CallingPid : 26828
01-17 14:22:41.271 3768 4072 D ConnectivityService: releasing NetworkRequest NetworkRequest [ id=1276, legacyType=-1, [ Transports: WIFI Capabilities: INTERNET&NOT_RESTRICTED&TRUSTED&NOT_VPN] ]
01-17 14:22:41.273 3768 4072 D ConnectivityService: sending notification RELEASED for NetworkRequest [ id=1276, legacyType=-1, [ Transports: WIFI Capabilities: INTERNET&NOT_RESTRICTED&TRUSTED&NOT_VPN] ]
01-17 14:22:41.275 26828 29000 E ConnectivityManager.CallbackHandler: callback not found for RELEASED message
01-17 14:22:41.298 3768 3909 I PackageManager.DexOptimizer: Running dexopt (dex2oat) on: /data/app/vmdl709366076.tmp/base.apk pkg=appinventor.ai_manjot_chana93.Soundboard_Base isa=arm64 vmSafeMode=false debuggable=false target-filter=interpret-only oatDir = /data/app/vmdl709366076.tmp/oat sharedLibraries=null
01-17 14:22:41.466 2924 2924 I dex2oat : /system/bin/dex2oat --compiler-filter=interpret-only
01-17 14:22:41.785 3768 3969 D SamsungAlarmManager: Expired : 4
01-17 14:22:41.786 3768 3969 I SamsungAlarmManager: setLocked to kernel - T:2 / 20180117T142406, SetElapsed=307057135, nowELAPSED=306972284
01-17 14:22:41.786 3768 3969 V SamsungAlarmManager: Sending to uid : 1000 listener=android.app.AlarmManager$ListenerWrapper@2372e6a alarm=Alarm{b4ac909 type 2 when 306971419 android}
01-17 14:22:41.792 3768 3768 D SamsungAlarmManager: setInexact Listener (T:2/F:0/AC:false) 20180117T142428 - CU:1000/CP:3768
01-17 14:22:41.955 2924 2931 W dex2oat : Before Android 4.1, method int android.support.v7.internal.widget.ListViewCompat.lookForSelectablePosition(int, boolean) would have incorrectly overridden the package-private method in android.widget.ListView
01-17 14:22:42.026 3768 3779 I art : Background sticky concurrent mark sweep GC freed 105398(12MB) AllocSpace objects, 9(1416KB) LOS objects, 12% free, 72MB/82MB, paused 4.597ms total 127.312ms
01-17 14:22:42.577 27471 27488 D [ACT]:ao: processing priority = HIGH
01-17 14:22:42.580 27443 27465 D [ACT]:ao: processing priority = HIGH
01-17 14:22:42.583 2924 2924 I dex2oat : ----------------------------------------------------
01-17 14:22:42.583 2924 2924 I dex2oat : : S T A R T I N G . . .
01-17 14:22:42.583 2924 2924 D dex2oat : : apk not found at
01-17 14:22:42.583 2924 2924 D dex2oat : : trying at /data/app/vmdl709366076.tmp/base.apk
01-17 14:22:42.583 2924 2924 I dex2oat : : going to process manifest for 64-bit.../data/app/vmdl709366076.tmp/base.apk
01-17 14:22:42.583 2924 2924 I : SS_ART_lib [I]: permission is absent: /data/app/vmdl709366076.tmp/base.apk
01-17 14:22:42.583 2924 2924 I : SS_ART_lib [I]: access to SS denied
01-17 14:22:42.583 2924 2924 I dex2oat : Finish SS_ART_lib()
01-17 14:22:42.584 2924 2924 I dex2oat : dex2oat took 1.119s (threads: 8) arena alloc=535KB (547960B) java alloc=7MB (8319848B) native alloc=7MB (8020160B) free=2MB (3120960B)
01-17 14:22:42.601 3768 3909 W SELinux : SELinux: set fc_digest(/data/app/appinventor.ai_manjot_chana93.Soundboard_Base-1)
01-17 14:22:42.603 3768 3878 V WallpaperManagerService: Wallpaper file change: evt=128 path=package-restrictions-backup.xml sys=false lock=false imagePending=false whichPending=0x0 written=true index=0
01-17 14:22:42.632 3768 3878 V WallpaperManagerService: Wallpaper file change: evt=8 path=package-restrictions.xml sys=false lock=false imagePending=false whichPending=0x0 written=true index=0
01-17 14:22:42.632 3768 3878 V WallpaperManagerService: Wallpaper file change: evt=512 path=package-restrictions-backup.xml sys=false lock=false imagePending=false whichPending=0x0 written=false index=0
01-17 14:22:42.632 3768 3909 W SELinuxMMAC: assignseinfovalue, = appinventor.ai_manjot_chana93.Soundboard_Base = untrusted = untrusted = 1023
01-17 14:22:42.633 3768 3909 D PackageManager: Resolved nativeLibraryRoot for appinventor.ai_manjot_chana93.Soundboard_Base to root=/data/app/appinventor.ai_manjot_chana93.Soundboard_Base-1/lib, isa=true
01-17 14:22:42.633 3768 3909 D PackageManager: Abis for package[appinventor.ai_manjot_chana93.Soundboard_Base] are primary=null secondary=null
01-17 14:22:42.642 3768 3909 D PackageManager: EAS IT Policy destCodeFile /data/app/appinventor.ai_manjot_chana93.Soundboard_Base-1
