01-17 14:22:00.162 4222 4222 V hong : mid yDiff = 438
01-17 14:22:00.165 4222 4222 D SystemUI_DateView: DateView received ACTION_TIME_TICK : start
01-17 14:22:00.166 4222 4222 D SystemUI_DateView: DateView received ACTION_TIME_TICK : end
01-17 14:22:00.169 4222 4222 D TextClock: TextClock received ACTION_TIME_TICK : start
01-17 14:22:00.170 4222 4222 D TextClock: TextClock received ACTION_TIME_TICK : end
01-17 14:22:00.174 4222 4222 D TextClock: TextClock received ACTION_TIME_TICK : start
01-17 14:22:00.175 4222 4222 D TextClock: TextClock received ACTION_TIME_TICK : end
01-17 14:22:00.180 4222 4222 D DateTimeView: DateTimeView received ACTION_TIME_TICK : start
01-17 14:22:00.187 4222 4222 D DateTimeView: DateTimeView received ACTION_TIME_TICK : end
01-17 14:22:00.203 4222 4222 D KeyguardViewMediator: received DELAYED_KEYGUARD_ACTION with seq = 1774, mDelayedShowingSequence = 1774
01-17 14:22:00.209 4222 4222 D FactoryTest: checkAutomationTestOption() : option=0
01-17 14:22:00.209 4222 4222 D FactoryTest: checkAutomationTestOption() : mode_screenlock=0
01-17 14:22:00.210 4222 4222 D KeyguardViewMediator: doKeyguard: showing the lock screen
01-17 14:22:00.210 4222 4222 D KeyguardViewMediator: showLocked
01-17 14:22:00.217 4222 4222 D KeyguardViewMediator: handleShow
01-17 14:22:00.221 4222 4222 D KeyguardWallpaperController: mShowing=true, mOccluded=false, mFadingAway=false, match_parent=false
01-17 14:22:00.225 4222 4222 V KeyguardUpdateMonitor: *** register callback for com.android.keyguard.KeyguardHostView$1@f1ba85c
01-17 14:22:00.225 4222 4222 V KeyguardUpdateMonitor: *** unregister callback for null
01-17 14:22:00.227 4222 4222 V KeyguardUpdateMonitor: *** register callback for com.android.keyguard.KeyguardSecurityContainer$1@f3ae765
01-17 14:22:00.227 4222 4222 V KeyguardUpdateMonitor: *** unregister callback for null
01-17 14:22:00.227 4222 4222 D KnoxStateMonitor: MDM is not enabled...
01-17 14:22:00.227 4222 4222 V SettingsHelper: *** register listener for com.android.keyguard.KeyguardSecurityContainer$2@bb37c3a
01-17 14:22:00.230 4222 4222 D KeyguardSecurityView: doWipeOutIfMaxFailedAttemptsSinceBoot( failedAttemptsBeforeWipe = 0 , failedAttempts = 0 )
01-17 14:22:00.234 3768 3793 D LockSettingsStorage: mSKTLockState = 2
01-17 14:22:00.238 4222 4222 V KeyguardSecurityView: showPrimarySecurityScreen(turningOff=false)
01-17 14:22:00.238 4222 4222 D KeyguardSecurityView: showSecurityScreen(PIN)
01-17 14:22:00.238 4222 4222 V KeyguardSecurityView: inflating id = 2130968676
01-17 14:22:00.245 4222 4222 V KeyguardUpdateMonitor: *** register callback for com.android.keyguard.KeyguardMessageArea$2@d980c7
01-17 14:22:00.245 4222 4222 V KeyguardUpdateMonitor: *** unregister callback for null
01-17 14:22:00.248 4222 4222 V KeyguardUpdateMonitor: *** register callback for com.android.keyguard.KeyguardMessageArea$2@779e1d
01-17 14:22:00.248 4222 4222 V KeyguardUpdateMonitor: *** unregister callback for null
01-17 14:22:00.335 4222 4222 W Settings: Setting airplane_mode_on has moved from android.provider.Settings.System to android.provider.Settings.Global, returning read-only global URI.
01-17 14:22:00.343 3768 5316 I Telecom : TelecomFeature: getContactsPackageName: com.samsung.android.contacts: TSI.iIC@K/s
01-17 14:22:00.343 3768 5316 I Telecom : com.android.server.telecom.TelecomServiceImpl$1: getSystemDialerPackage: com.samsung.android.contacts: TSI.iIC@K/s
01-17 14:22:00.345 3768 5316 I Telecom : TelecomFeature: getContactsPackageName: com.samsung.android.contacts: TSI.iIC@K/s
01-17 14:22:00.345 3768 5316 I Telecom : com.android.server.telecom.TelecomServiceImpl$1: getSystemDialerPackage: com.samsung.android.contacts: TSI.iIC@K/s
01-17 14:22:00.352 3768 4054 I Telecom : TelecomFeature: getContactsPackageName: com.samsung.android.contacts: TSI.iIC@K/w
01-17 14:22:00.352 3768 4054 I Telecom : com.android.server.telecom.TelecomServiceImpl$1: getSystemDialerPackage: com.samsung.android.contacts: TSI.iIC@K/w
01-17 14:22:00.354 3768 4054 I Telecom : TelecomFeature: getContactsPackageName: com.samsung.android.contacts: TSI.iIC@K/w
01-17 14:22:00.354 3768 4054 I Telecom : com.android.server.telecom.TelecomServiceImpl$1: getSystemDialerPackage: com.samsung.android.contacts: TSI.iIC@K/w
01-17 14:22:00.360 4222 4222 D InputMethodManager: HSI from window - flag : 0 Pid : 4222
01-17 14:22:00.360 4222 4222 I InputMethodManager: HSI ignore mServedView == null or mServedView.getWindowToken() != windowToken, mServedView :DecorView@c20a0ba[RecentsActivity]
01-17 14:22:00.364 4222 4222 V KeyguardUpdateMonitor: *** register callback for com.android.keyguard.KeyguardAbsKeyInputView$1@447e08c
01-17 14:22:00.364 4222 4222 V KeyguardUpdateMonitor: *** unregister callback for null
01-17 14:22:00.383 4222 4222 V KeyguardUpdateMonitor: *** register callback for com.android.keyguard.KeyguardPinBasedInputView$1@b18badb
01-17 14:22:00.383 4222 4222 V KeyguardUpdateMonitor: *** unregister callback for null
01-17 14:22:00.384 4222 4222 E KeyguardPinBasedInputView: onVisibilityChanged() Visiblity : 4
01-17 14:22:00.387 4222 4222 V KeyguardUpdateMonitor: *** register callback for com.android.keyguard.CarrierText$1@2d87978
01-17 14:22:00.387 4222 4222 V KeyguardUpdateMonitor: *** unregister callback for null
01-17 14:22:00.388 4222 4222 D CarrierText: updateCarrierText(): 1
01-17 14:22:00.399 4222 4222 D CarrierText: Handling (subId=1): READY vodafone UK
01-17 14:22:00.400 4222 4222 D CarrierText: SIM ready and in service: subId=1, ss=0 0 voice home data home LTE LTE CSS not supported -1 -1 RoamInd=-1 DefRoamInd=-1 VoiceRegType=0 ImsVoiceAvail=1 IsEbSupport=2 IsEaBarred=0 Snap=0 MobileVoice=0 LTE MobileData=0 LTE PsOnly=false FemtocellInd=0 EmergOnly=false IsDataRoamingFromRegistration=false
01-17 14:22:00.400 4222 4222 D CarrierText: setText : vodafone UK
01-17 14:22:00.400 4222 4222 V KeyguardUpdateMonitor: *** register callback for com.android.keyguard.EmergencyButton$1@5fe7851
01-17 14:22:00.401 4222 4222 V KeyguardUpdateMonitor: *** unregister callback for null
01-17 14:22:00.407 3768 4959 I Telecom : TelecomFeature: getContactsPackageName: com.samsung.android.contacts: TSI.iIC@K/0
01-17 14:22:00.407 3768 4959 I Telecom : com.android.server.telecom.TelecomServiceImpl$1: getSystemDialerPackage: com.samsung.android.contacts: TSI.iIC@K/0
01-17 14:22:00.409 3768 4959 I Telecom : TelecomFeature: getContactsPackageName: com.samsung.android.contacts: TSI.iIC@K/0
01-17 14:22:00.409 3768 4959 I Telecom : com.android.server.telecom.TelecomServiceImpl$1: getSystemDialerPackage: com.samsung.android.contacts: TSI.iIC@K/0
01-17 14:22:00.416 3768 5642 I Telecom : TelecomFeature: getContactsPackageName: com.samsung.android.contacts: TSI.iIC@K/4
01-17 14:22:00.416 3768 5642 I Telecom : com.android.server.telecom.TelecomServiceImpl$1: getSystemDialerPackage: com.samsung.android.contacts: TSI.iIC@K/4
01-17 14:22:00.418 3768 5642 I Telecom : TelecomFeature: getContactsPackageName: com.samsung.android.contacts: TSI.iIC@K/4
01-17 14:22:00.418 3768 5642 I Telecom : com.android.server.telecom.TelecomServiceImpl$1: getSystemDialerPackage: com.samsung.android.contacts: TSI.iIC@K/4
01-17 14:22:00.425 3768 5316 I Telecom : TelecomFeature: getContactsPackageName: com.samsung.android.contacts: TSI.iIC@K/8
01-17 14:22:00.425 3768 5316 I Telecom : com.android.server.telecom.TelecomServiceImpl$1: getSystemDialerPackage: com.samsung.android.contacts: TSI.iIC@K/8
01-17 14:22:00.427 3768 5316 I Telecom : TelecomFeature: getContactsPackageName: com.samsung.android.contacts: TSI.iIC@K/8
01-17 14:22:00.427 3768 5316 I Telecom : com.android.server.telecom.TelecomServiceImpl$1: getSystemDialerPackage: com.samsung.android.contacts: TSI.iIC@K/8
01-17 14:22:00.433 3768 4054 I Telecom : TelecomFeature: getContactsPackageName: com.samsung.android.contacts: TSI.iIC@LAA
01-17 14:22:00.434 3768 4054 I Telecom : com.android.server.telecom.TelecomServiceImpl$1: getSystemDialerPackage: com.samsung.android.contacts: TSI.iIC@LAA
01-17 14:22:00.436 3768 4054 I Telecom : TelecomFeature: getContactsPackageName: com.samsung.android.contacts: TSI.iIC@LAA
01-17 14:22:00.436 3768 4054 I Telecom : com.android.server.telecom.TelecomServiceImpl$1: getSystemDialerPackage: com.samsung.android.contacts: TSI.iIC@LAA
01-17 14:22:00.443 3768 5702 I Telecom : TelecomFeature: getContactsPackageName: com.samsung.android.contacts: TSI.iIC@LAE
01-17 14:22:00.443 3768 5702 I Telecom : com.android.server.telecom.TelecomServiceImpl$1: getSystemDialerPackage: com.samsung.android.contacts: TSI.iIC@LAE
01-17 14:22:00.445 3768 5702 I Telecom : TelecomFeature: getContactsPackageName: com.samsung.android.contacts: TSI.iIC@LAE
01-17 14:22:00.445 3768 5702 I Telecom : com.android.server.telecom.TelecomServiceImpl$1: getSystemDialerPackage: com.samsung.android.contacts: TSI.iIC@LAE
01-17 14:22:00.452 3768 3792 I Telecom : TelecomFeature: getContactsPackageName: com.samsung.android.contacts: TSI.iIC@LAI
01-17 14:22:00.452 3768 3792 I Telecom : com.android.server.telecom.TelecomServiceImpl$1: getSystemDialerPackage: com.samsung.android.contacts: TSI.iIC@LAI
01-17 14:22:00.454 3768 3792 I Telecom : TelecomFeature: getContactsPackageName: com.samsung.android.contacts: TSI.iIC@LAI
01-17 14:22:00.454 3768 3792 I Telecom : com.android.server.telecom.TelecomServiceImpl$1: getSystemDialerPackage: com.samsung.android.contacts: TSI.iIC@LAI
01-17 14:22:00.456 4222 4222 E KeyguardPinBasedInputView: onVisibilityChanged() Visiblity : 4
01-17 14:22:00.460 3768 5701 D LockSettingsStorage: mSKTLockState = 2
01-17 14:22:00.462 4222 4222 D PhoneStatusBar: setBarState: SHD -> KGRD
01-17 14:22:00.482 4222 4222 D SwipeDoorsillDetector: reset()com.android.systemui.statusbar.phone.NotificationPanelView.resetViews:812 com.android.systemui.statusbar.phone.PhoneStatusBar.updateKeyguardState:5787 com.android.systemui.statusbar.phone.PhoneStatusBar.showKeyguard:5472 com.android.systemui.statusbar.phone.StatusBarKeyguardViewManager.showBouncerOrKeyguard:228
01-17 14:22:00.484 4222 4222 E LSO : LSO Service is not yet ready!!!
01-17 14:22:00.487 4222 4222 D KeyguardBottomAreaShortcutView: UpdateShortcutIcon, th : 0, enable : false, shouldDisableShortcut ? false, mUserSetupComplete ? true
01-17 14:22:00.500 4222 4222 D KeyguardBottomAreaShortcutView: UpdateShortcutIcon, th : 1, enable : false, shouldDisableShortcut ? false, mUserSetupComplete ? true
01-17 14:22:00.521 4222 4222 V KeyguardBottomAreaShortcutView: updateLeftPreview
01-17 14:22:00.523 4222 4222 V KeyguardBottomAreaShortcutView: updateRightPreview
01-17 14:22:00.524 4222 2699 V KeyguardBottomAreaShortcutView: updateLeftPreview - mLeftAffordanceView
01-17 14:22:00.528 4222 2700 V KeyguardBottomAreaShortcutView: updateRightPreview - mRightAffordanceView
01-17 14:22:00.540 4222 4222 D PhoneStatusBar: disable: < expand ICONS* alerts SYSTEM_INFO* back home recent clock search quick_settings
> 01-17 14:22:00.549 4222 4534 D TileLifecycleManager: onStopListening
01-17 14:22:00.550 4222 4222 D WallpaperViewController: mWallpaperView.reset()
01-17 14:22:00.551 4222 4222 D KeyguardViewBase: show()
01-17 14:22:00.554 3768 5298 D LockSettingsStorage: mSKTLockState = 2
01-17 14:22:00.557 4222 4222 V KeyguardSecurityView: showPrimarySecurityScreen(turningOff=false)
01-17 14:22:00.558 4222 4222 D KeyguardSecurityView: showSecurityScreen(PIN)
01-17 14:22:00.561 3768 3792 D FingerprintService: getEnrolledFingerprints : userId = 0
01-17 14:22:00.562 4222 4222 D KeyguardUpdateMonitor: onKeyguardVisibilityChanged(true)
01-17 14:22:00.562 4222 4222 D KeyguardOwnerInfoView: updateOwnerInfo(hasCMAS): -1
01-17 14:22:00.569 3768 5280 I Telecom : TelecomFeature: getContactsPackageName: com.samsung.android.contacts: TSI.iIC@LAM
01-17 14:22:00.570 3768 5280 I Telecom : com.android.server.telecom.TelecomServiceImpl$1: getSystemDialerPackage: com.samsung.android.contacts: TSI.iIC@LAM
01-17 14:22:00.571 3768 5280 I Telecom : TelecomFeature: getContactsPackageName: com.samsung.android.contacts: TSI.iIC@LAM
01-17 14:22:00.571 3768 5280 I Telecom : com.android.server.telecom.TelecomServiceImpl$1: getSystemDialerPackage: com.samsung.android.contacts: TSI.iIC@LAM
01-17 14:22:00.577 27471 27488 D [ACT]:ao: processing priority = NORMAL
01-17 14:22:00.577 3768 5305 I Telecom : TelecomFeature: getContactsPackageName: com.samsung.android.contacts: TSI.iIC@LAQ
01-17 14:22:00.577 3768 5305 I Telecom : com.android.server.telecom.TelecomServiceImpl$1: getSystemDialerPackage: com.samsung.android.contacts: TSI.iIC@LAQ
01-17 14:22:00.579 3768 5305 I Telecom : TelecomFeature: getContactsPackageName: com.samsung.android.contacts: TSI.iIC@LAQ
01-17 14:22:00.579 3768 5305 I Telecom : com.android.server.telecom.TelecomServiceImpl$1: getSystemDialerPackage: com.samsung.android.contacts: TSI.iIC@LAQ
01-17 14:22:00.580 27443 27465 D [ACT]:ao: processing priority = NORMAL
01-17 14:22:00.580 4222 4222 I KeyguardClockPage: refreshTime(): DefaultSingle2016 hometime:Europe/London locale:en_GB hasBG?false, Roaming:false
01-17 14:22:00.598 3768 4032 I Telecom : TelecomFeature: getContactsPackageName: com.samsung.android.contacts: TSI.iIC@LAU
01-17 14:22:00.599 3768 4032 I Telecom : com.android.server.telecom.TelecomServiceImpl$1: getSystemDialerPackage: com.samsung.android.contacts: TSI.iIC@LAU
01-17 14:22:00.601 3768 4032 I Telecom : TelecomFeature: getContactsPackageName: com.samsung.android.contacts: TSI.iIC@LAU
01-17 14:22:00.601 3768 4032 I Telecom : com.android.server.telecom.TelecomServiceImpl$1: getSystemDialerPackage: com.samsung.android.contacts: TSI.iIC@LAU
01-17 14:22:00.607 3768 4020 I Telecom : TelecomFeature: getContactsPackageName: com.samsung.android.contacts: TSI.iIC@LAY
01-17 14:22:00.608 3768 4020 I Telecom : com.android.server.telecom.TelecomServiceImpl$1: getSystemDialerPackage: com.samsung.android.contacts: TSI.iIC@LAY
01-17 14:22:00.610 3768 4020 I Telecom : TelecomFeature: getContactsPackageName: com.samsung.android.contacts: TSI.iIC@LAY
01-17 14:22:00.610 3768 4020 I Telecom : com.android.server.telecom.TelecomServiceImpl$1: getSystemDialerPackage: com.samsung.android.contacts: TSI.iIC@LAY
01-17 14:22:00.612 4222 4222 D KeyguardFingerPrint: shouldListenForFingerprint ( isFingerprintEnabled = false , mKeyguardIsVisible = true , mDeviceInteractive = false , mBouncer = false , mGoingToSleep = false , mSwitchingUser = false , mFingerprintAlreadyAuthenticated = false , mKeyguardUnlocking = false
01-17 14:22:00.612 4222 4222 D KeyguardFingerPrint: shouldListenForFingerprint ( fingerprint is not enabled. )
01-17 14:22:00.612 4222 4222 V KeyguardFingerPrint: stopListeningForFingerprint()
01-17 14:22:00.612 4222 4222 D KeyguardUpdateMonitor: sendKeyguardStateUpdated(true, false, false)
01-17 14:22:00.613 4222 4222 D KeyguardViewMediator: adjustStatusBarLocked: mShowing=true mOccluded=false isSecure=true --> flags=0x3200000
01-17 14:22:00.616 3768 5317 D PowerManagerService: [api] [s] userActivity : event: 0 flags: 0 (uid: 10005 pid: 4222) eventTime = 126559882
01-17 14:22:00.620 4222 4222 D KeyguardFingerPrint: scheduleStrongAuthTimeout(canceled mStrongAuthNotTimeOutPendingIntent)
01-17 14:22:00.621 3768 3793 D SamsungAlarmManager: Cancel Alarm calling from uid:10005 pid :4222 / op:PendingIntent{8c89528: PendingIntentRecord{20ca1bd com.android.systemui broadcastIntent}}
01-17 14:22:00.621 3768 5649 E SdpServiceKeeper: isLicensed {pid:4222 uid:10005 userid:0 doPkg:null}
01-17 14:22:00.622 3768 5649 E SdpServiceKeeper: System app. Skip license activation
01-17 14:22:00.622 3768 7012 I FingerprintService: resetTimeout called from pid=4222
01-17 14:22:00.624 4222 4222 D KeyguardFingerPrint: scheduleStrongAuthTimeout(set mStrongAuthNotTimeOutPendingIntent : when = 393331120 )
01-17 14:22:00.626 3768 5703 E SdpServiceKeeper: isLicensed {pid:4222 uid:10005 userid:0 doPkg:null}
01-17 14:22:00.627 3768 5703 E SdpServiceKeeper: System app. Skip license activation
01-17 14:22:00.630 3768 5292 D SdpManagerService: lockInternal 0
01-17 14:22:00.631 3768 5292 E SDP.CRYPTO: On Locked OK, id 0
01-17 14:22:00.631 3768 5292 D SdpManagerService: clearCachedMasterKey (CMK) 0
01-17 14:22:00.632 3768 5292 D SdpManagerService: onStateChange :: Engine Id : 0, State : 1, Roll Size : 0
01-17 14:22:00.632 3768 5292 E SdpManagerService: sendBroadcastAsUser(INTENT_SDP_STATE_CHANGED, state:1)
01-17 14:22:00.633 3768 5292 E SdpManagerService: sendBroadcastAsUser(ACTION_SDP_STATE_CHANGED, state:1)
01-17 14:22:00.636 4222 2701 D KnoxStateMonitor: lockSdp :: Lock SDP Successful...!
01-17 14:22:00.642 3768 5298 D SamsungAlarmManager: setExact Intent (T:3/F:1/AC:false) 20180118T142200 - CU:10005/CP:4222
01-17 14:22:00.645 4222 4222 D KeyguardBottomAreaShortcutView: UpdateShortcutIcon, th : 1, enable : false, shouldDisableShortcut ? false, mUserSetupComplete ? true
01-17 14:22:00.658 4222 4222 V KeyguardBottomAreaShortcutView: onUnlockMethodStateChanged old=false, new=false
01-17 14:22:00.658 4222 4222 D ScrimController: mIsSecure = true
01-17 14:22:00.665 3768 3792 D FingerprintService: getEnrolledFingerprints : userId = 0
01-17 14:22:00.667 4222 4222 V KeyguardDisplayManager: show (false)
01-17 14:22:00.673 3768 5701 V WindowManager: Relayout Window{f50537bd0 u0 StatusBar}: viewVisibility=0 req=1080x72 WM.LayoutParams{(0,0)(fillxfill) gr=#30 sim=#10 ty=2000 fl=#81860040 pfl=0x400 fmt=-3 or=5 vsysui=0x600 if=0x4 userActivityTimeout=4000 screenDimDuration=0 naviIconColor=0}
01-17 14:22:00.674 3768 3849 D WindowManager: set systemUiVisibility of statusbar : vis= 0x608
01-17 14:22:00.676 3768 5701 V WindowManager: rotationForOrientationLw(orient=5, last=0); user=0 USER_ROTATION_LOCKED sensorRotation=-1 mLidState=-1 mDockMode=0 mHdmiPlugged=false
01-17 14:22:00.698 3768 5701 D InputDispatcher: Focus left window: 27629
01-17 14:22:00.698 3768 5701 D InputDispatcher: Focus entered window: 4222
01-17 14:22:00.698 3768 5701 D PowerManagerService: [api] setUserActivityTimeoutOverrideFromWindowManagerInternal: timeoutMillis: 4000
01-17 14:22:00.699 3768 5701 D PowerManagerService: [api] setScreenDimDurationOverrideFromWindowManagerInternal: timeoutMillis: 0
01-17 14:22:00.716 3768 3888 V WindowManager: Now policy hidden: Window{9c0f571d0 u0 com.google.android.apps.docs/com.google.android.apps.docs.doclist.activity.DocListActivity}
01-17 14:22:00.717 4222 4356 D mali_winsys: EGLint new_window_surface(egl_winsys_display*, void*, EGLSurface, EGLConfig, egl_winsys_surface**, egl_color_buffer_format*, EGLBoolean) returns 0x3000, [1080x1920]-format:1
01-17 14:22:00.724 4222 4222 D KeyguardWallpaperController: onLayoutChange() v: com.android.systemui.statusbar.BackDropView{1b2b47f I.E...... ......ID 0,0-1080,1920 #7f1303e2 app:id/backdrop}, bottom : 1920, oldBottom : 72
01-17 14:22:00.725 4222 4222 D KeyguardWallpaperController: mShowing=true, mOccluded=false, mFadingAway=false, match_parent=true
01-17 14:22:00.774 7255 1453 W MdnsClient: Socket thread is null
01-17 14:22:00.786 4222 4222 W View : requestLayout() improperly called by com.android.systemui.statusbar.ExpandableNotificationRow{762e318 VFE...C.. ......ID 0,0-1080,396} during layout: running second layout pass
01-17 14:22:00.786 4222 4222 I ViewRootImpl@422b422[StatusBar]: requestLayout is already in process
01-17 14:22:00.844 4222 4222 D KeyguardCircleAffordanceView: setPreviewView: mRight=false,color=536870912
01-17 14:22:00.845 4222 4222 V KeyguardBottomAreaShortcutView: mLeftAffordanceView preview = null
01-17 14:22:00.845 4222 4222 D KeyguardCircleAffordanceView: setPreviewView: mRight=true,color=536870912
01-17 14:22:00.845 4222 4222 V KeyguardBottomAreaShortcutView: mRightAffordanceView preview = null
01-17 14:22:00.845 4222 4222 D KeyguardUpdateMonitor: handleKeyguardReset
01-17 14:22:00.846 4222 4222 D KeyguardFingerPrint: shouldListenForFingerprint ( isFingerprintEnabled = false , mKeyguardIsVisible = true , mDeviceInteractive = false , mBouncer = false , mGoingToSleep = false , mSwitchingUser = false , mFingerprintAlreadyAuthenticated = false , mKeyguardUnlocking = false
01-17 14:22:00.846 4222 4222 D KeyguardFingerPrint: shouldListenForFingerprint ( fingerprint is not enabled. )
01-17 14:22:00.846 4222 4222 V KeyguardFingerPrint: stopListeningForFingerprint()
01-17 14:22:00.847 4222 4222 D KeyguardUpdateMonitor: handleKeyguardStateUpdated(Bundle[{timeStamp=1516198920612, occluded=false, bouncerShowing=false, showing=true}])
01-17 14:22:00.847 4222 4222 D PhoneStatusBar: disable: < expand ICONS alerts SYSTEM_INFO back HOME* RECENT* clock SEARCH* quick_settings
> 01-17 14:22:00.848 4222 2703 D KeyguardUpdateMonitor: broadcasted intent= Intent { act=com.samsung.keyguard.KEYGUARD_STATE_UPDATE launchParam=MultiScreenLaunchParams { mDisplayId=0 mFlags=0 } (has extras) }
01-17 14:22:00.850 3768 5316 D WindowManager: adjustSystemUiVisibilityLw : vis= 0x608
01-17 14:22:00.852 4222 4222 D ViewRootImpl@422b422[StatusBar]: MSG_RESIZED_REPORT: ci=Rect(0, 0 - 0, 0) vi=Rect(0, 0 - 0, 0) or=1
01-17 14:22:00.852 4222 4222 D ViewRootImpl@422b422[StatusBar]: MSG_WINDOW_FOCUS_CHANGED 1
01-17 14:22:00.855 4222 4222 V hong : mid yDiff = 438
01-17 14:22:00.855 4222 4222 V hong : mid yDiff = 438
01-17 14:22:00.866 26842 26842 D SAMSUNGPAY: [SpayBroadcastReceiver] onReceive() action = com.samsung.keyguard.KEYGUARD_STATE_UPDATE
01-17 14:22:01.138 3768 5705 D WindowManager: finishDrawingWindow: Window{f50537bd0 u0 StatusBar} mDrawState=DRAW_PENDING
01-17 14:22:01.146 4222 4222 D Recents : hideRecents
01-17 14:22:01.147 27629 27629 D ViewRootImpl@b6d739a[DocListActivity]: MSG_WINDOW_FOCUS_CHANGED 0
01-17 14:22:01.478 3768 3970 D SamsungAlarmManager: setInexact Intent (T:1/F:8/AC:false) 20180117T145201 - CU:1000/CP:3768
01-17 14:22:01.512 4158 4277 W bt_btif : btif_dm_upstreams_cback ev: BTA_DM_ENER_INFO_READ
01-17 14:22:01.540 3768 2704 E BatteryStatsService: modem info is invalid: ModemActivityInfo{ mTimestamp=0 mSleepTimeMs=0 mIdleTimeMs=0 mTxTimeMs[]=[0, 0, 0, 0, 0] mRxTimeMs=0 mEnergyUsed=0}
01-17 14:22:01.775 7255 1453 W MdnsClient: Socket thread is null
01-17 14:22:01.792 3768 2704 I BarTender:BatteryStatsDumper: writing to daily db completed
01-17 14:22:01.801 3768 2704 I BarTender:BatteryStatsDumper: writing to weekly db completed
01-17 14:22:01.801 3768 2704 I BarTender:BatteryStatsDumper: refreshstats completed
01-17 14:22:01.801 3768 2704 I BarTender:GATHERERBATTSTATS: set - time:1516198921801
01-17 14:22:01.802 3768 2704 I BarTender:ANALYZERBATTSTATS: Observer from Gatherer - time:1516198921801
01-17 14:22:01.802 3768 3970 I BarTender:ANALYZERBATTSTATS: MSG_TYPE_BARTENDER_CHECK_POWER::
01-17 14:22:01.802 3768 3970 I BarTender:BatteryStatsDBHelper: checkForPowerThreshold called : 1516198921801
01-17 14:22:02.577 27471 27488 D [ACT]:ao: processing priority = HIGH
01-17 14:22:02.580 27443 27465 D [ACT]:ao: processing priority = HIGH
01-17 14:22:02.777 7255 1453 W MdnsClient: Socket thread is null
01-17 14:22:03.238 7255 1453 W MdnsClient: Socket thread is null
01-17 14:22:03.262 7255 1453 W MdnsClient: Socket thread is null
01-17 14:22:03.270 7255 1453 W MdnsClient: Socket thread is null
01-17 14:22:03.271 7255 31546 W MdnsClient: Socket thread is null
01-17 14:22:03.282 7255 31546 W MdnsClient: Socket thread is null
01-17 14:22:03.285 7255 31546 W MdnsClient: Socket thread is null
01-17 14:22:03.286 7255 1453 W MdnsClient: Socket thread is null
01-17 14:22:03.297 7255 1453 W MdnsClient: Socket thread is null
01-17 14:22:03.304 7255 1453 W MdnsClient: Socket thread is null
01-17 14:22:03.305 7255 31546 W MdnsClient: Socket thread is null
01-17 14:22:03.310 7255 31546 W MdnsClient: Socket thread is null
01-17 14:22:03.319 7255 31546 W MdnsClient: Socket thread is null
01-17 14:22:04.240 7255 31546 W MdnsClient: Socket thread is null
01-17 14:22:04.264 7255 31546 W MdnsClient: Socket thread is null
01-17 14:22:04.272 7255 31546 W MdnsClient: Socket thread is null
01-17 14:22:04.274 7255 1453 W MdnsClient: Socket thread is null
01-17 14:22:04.284 7255 1453 W MdnsClient: Socket thread is null
01-17 14:22:04.286 7255 1453 W MdnsClient: Socket thread is null
01-17 14:22:04.287 7255 1453 W MdnsClient: Socket thread is null
01-17 14:22:04.299 7255 1453 W MdnsClient: Socket thread is null
01-17 14:22:04.305 7255 1453 W MdnsClient: Socket thread is null
01-17 14:22:04.306 7255 31546 W MdnsClient: Socket thread is null
01-17 14:22:04.312 7255 31546 W MdnsClient: Socket thread is null
01-17 14:22:04.321 7255 31546 W MdnsClient: Socket thread is null
01-17 14:22:04.577 27471 27488 D [ACT]:ao: processing priority = NORMAL
01-17 14:22:04.580 27443 27465 D [ACT]:ao: processing priority = NORMAL
01-17 14:22:04.621 3768 4050 D BatteryService: !@BatteryListener : batteryPropertiesChanged!
01-17 14:22:04.623 3768 4050 D BatteryService: level:77, scale:100, status:2, health:2, present:true, voltage: 4221, temperature: 248, technology: Li-ion, AC powered:false, USB powered:true, POGO powered:false, Wireless powered:false, icon:17303682, invalid charger:0, maxChargingCurrent:0, maxChargingVoltage:0, chargeCounter:0
01-17 14:22:04.623 3768 4050 D BatteryService: online:6, current avg:719, charge type:1, power sharing:false, high voltage charger:false, capacity:280000, batterySWSelfDischarging:false, misc_event:0, current_now:846
01-17 14:22:04.624 3768 4050 D BatteryService: stay LED for charging
01-17 14:22:04.626 3768 3768 D BatteryService: Sending ACTION_BATTERY_CHANGED.
01-17 14:22:04.638 3768 3768 V UiModeManager: updateLocked: null action, mDockState=0, category=null
01-17 14:22:04.638 3768 3768 D UiModeManager: updateConfigurationLocked: mDockState=0; mCarMode=false; mNightMode=1; uiMode=17
01-17 14:22:04.641 3768 3768 D GameManagerService: new battery level: 77
01-17 14:22:04.647 4222 4222 D KeyguardUpdateMonitor: received broadcast android.intent.action.BATTERY_CHANGED
01-17 14:22:04.648 4222 4222 D KeyguardUpdateMonitor: handleBatteryUpdate
01-17 14:22:04.659 4222 4222 D PowerUI : priorPlugType = 2 mPlugType = 2
01-17 14:22:04.663 4222 4222 D PowerUI.Notification: showChargingNotice oldChargingType : 1 currentChargingType : 1 oldChargingTime : 3010000 mChargingTime : 3010000
01-17 14:22:04.663 4222 4222 D PowerUI.Notification: There is no change about charging status, so return!
01-17 14:22:04.673 4222 4222 D BatteryMeterDrawable: isSomethingChanged - false
01-17 14:22:04.674 4222 4222 D BatteryMeterDrawable: isSomethingChanged - false
01-17 14:22:04.685 4158 4158 V HeadsetService: HeadsetService - Received Intent.ACTION_BATTERY_CHANGED
01-17 14:22:04.686 4158 12859 D HeadsetStateMachine: Disconnected process message: 10, size: 0
01-17 14:22:04.698 4222 4222 D CoverUpdateMonitor: received broadcast android.intent.action.BATTERY_CHANGED
01-17 14:22:04.769 4947 4947 D io_stats: !@ 8,0 r 8593364 393085040 w 3678497 76479652 d 367775 41407124 f 1097879 1096690 iot 8360790 7423494 th 302188 0 0 pt 0 inp 0 0 126564.035
01-17 14:22:05.000 3768 4643 E Watchdog: !@Sync 4215 [2018-01-17 14:22:04.999]
01-17 14:22:05.067 3768 3779 I art : Background sticky concurrent mark sweep GC freed 91876(8MB) AllocSpace objects, 17(1188KB) LOS objects, 11% free, 72MB/81MB, paused 3.656ms total 149.404ms
01-17 14:22:05.242 7255 31546 W MdnsClient: Socket thread is null
01-17 14:22:05.266 7255 31546 W MdnsClient: Socket thread is null
01-17 14:22:05.274 7255 31546 W MdnsClient: Socket thread is null
01-17 14:22:05.276 7255 31546 W MdnsClient: Socket thread is null
01-17 14:22:05.286 7255 31546 W MdnsClient: Socket thread is null
01-17 14:22:05.288 7255 31546 W MdnsClient: Socket thread is null
01-17 14:22:05.289 7255 1453 W MdnsClient: Socket thread is null
01-17 14:22:05.301 7255 1453 W MdnsClient: Socket thread is null
01-17 14:22:05.307 7255 1453 W MdnsClient: Socket thread is null
01-17 14:22:05.307 7255 31546 W MdnsClient: Socket thread is null
01-17 14:22:05.314 7255 1453 W MdnsClient: Socket thread is null
01-17 14:22:05.324 7255 1453 W MdnsClient: Socket thread is null
01-17 14:22:05.805 3768 7202 D SSRM:k : SIOP:: AP = 290, PST = 302 (W:14), CP = 238, CUR = 725, LCD = 0
01-17 14:22:06.030 3768 3969 D SamsungAlarmManager: Expired : 4
01-17 14:22:06.034 3768 3969 D SamsungAlarmManager: setInexact Intent (T:1/F:0/AC:false) 20180117T142353 - CU:1000/CP:3768
01-17 14:22:06.036 3768 3969 I SamsungAlarmManager: setLocked to kernel - T:2 / 20180117T142209, SetElapsed=306939527, nowELAPSED=306936533
01-17 14:22:06.037 3768 3969 V SamsungAlarmManager: Sending to uid : 1000 listener=android.app.AlarmManager$ListenerWrapper@3f5912 alarm=Alarm{b2b53e6 type 2 when 306936527 android}
01-17 14:22:06.040 3768 3969 V SamsungAlarmManager: Sending to uid : 10017 action=null alarm=Alarm{ee6fd27 type 3 when 306916401 com.google.android.gms}
01-17 14:22:06.042 3768 3969 V SamsungAlarmManager: Sending to uid : 10017 action=com.google.android.location.reporting.service.action.ULR_BAROMETER_READ_ALARM alarm=Alarm{ca5dbd4 type 1 when 1516198913778 com.google.android.gms}
01-17 14:22:06.084 3768 3768 D SamsungAlarmManager: setInexact Listener (T:2/F:0/AC:false) 20180117T142428 - CU:1000/CP:3768
01-17 14:22:06.125 3768 5705 E Sensors : Pressure old sensor_state 278528, new sensor_state : 278560 en : 1
01-17 14:22:06.131 5169 5169 D SensorManager: registerListener :: 4, LPS25H Barometer Sensor, 0, 0,
01-17 14:22:06.146 3768 3768 I BackgroundCompactionService: onStart. jobID=799
01-17 14:22:06.146 3768 3768 I BackgroundCompactionService: onStart done. jobID=799
01-17 14:22:06.147 3768 2709 I BackgroundCompactionService: Execute BGCompaction (type1). (723 times)
01-17 14:22:06.149 3768 2709 I BackgroundCompactionService: compact_memory command done
01-17 14:22:06.155 3768 3768 D SamsungAlarmManager: setInexact Listener (T:2/F:0/AC:false) 20180117T142428 - CU:1000/CP:3768
01-17 14:22:06.161 3768 3768 I SamsungAlarmManager: setLocked to kernel - T:2 / 20180117T142406, SetElapsed=307057135, nowELAPSED=306936659
01-17 14:22:06.161 3768 3768 I SamsungAlarmManager: setLocked to kernel - T:3 / 20180117T142258, SetElapsed=306989202, nowELAPSED=306936659
01-17 14:22:06.161 3768 3768 D SamsungAlarmManager: setInexact Listener (T:2/F:0/AC:false) 20180117T143955 - CU:1000/CP:3768
01-17 14:22:06.347 3768 4054 D SamsungAlarmManager: setInexact Intent (T:3/F:0/AC:false) 20180117T142306 - CU:10017/CP:5169
01-17 14:22:06.358 3768 5291 E Sensors : Pressure old sensor_state 278560, new sensor_state : 278528 en : 0
01-17 14:22:06.362 5169 5169 D SensorManager: unregisterListener ::
01-17 14:22:06.578 27471 27488 D [ACT]:ao: processing priority = HIGH
01-17 14:22:06.581 27443 27465 D [ACT]:ao: processing priority = HIGH
01-17 14:22:07.037 2713 2713 I FIPS_bssl: FIPS (v1.1) approved mode (1) | 2713 | date
01-17 14:22:08.577 27471 27488 D [ACT]:ao: processing priority = LOW
01-17 14:22:08.580 27443 27465 D [ACT]:ao: processing priority = LOW
01-17 14:22:09.773 4947 4947 D io_stats: !@ 8,0 r 8593427 393087760 w 3678575 76481168 d 367780 41407168 f 1097892 1096703 iot 8360960 7423619 th 302020 0 0 pt 0 inp 0 0 126569.038
01-17 14:22:10.577 27471 27488 D [ACT]:ao: processing priority = HIGH
01-17 14:22:10.580 27443 27465 D [ACT]:ao: processing priority = HIGH
01-17 14:22:11.256 7255 1453 W MdnsClient: Socket thread is null
01-17 14:22:11.268 7255 31546 W MdnsClient: Socket thread is null
01-17 14:22:11.268 7255 1453 W MdnsClient: Socket thread is null
01-17 14:22:12.258 7255 1453 W MdnsClient: Socket thread is null
01-17 14:22:12.270 7255 1453 W MdnsClient: Socket thread is null
01-17 14:22:12.270 7255 31546 W MdnsClient: Socket thread is null
01-17 14:22:12.577 27471 27488 D [ACT]:ao: processing priority = NORMAL
01-17 14:22:12.580 27443 27465 D [ACT]:ao: processing priority = NORMAL
01-17 14:22:13.260 7255 1453 W MdnsClient: Socket thread is null
01-17 14:22:13.272 7255 1453 W MdnsClient: Socket thread is null
01-17 14:22:13.272 7255 31546 W MdnsClient: Socket thread is null
01-17 14:22:13.374 3768 3993 D InputReader: Input event(5): value=1 when=126572640507000
01-17 14:22:13.375 3768 3993 D InputReader: !@notifyKey(172), action=0
01-17 14:22:13.376 3768 3993 D InputManager-JNI: !@interceptKeyBeforeQueueing(172), action=0, interactive=false
01-17 14:22:13.382 3768 3993 D SamsungPhoneWindowManager: mWakeUpBooster.acquire()
01-17 14:22:13.387 3768 3993 D CustomFrequencyManagerService: acquireDVFSLockLocked : type : DVFS_MIN_LIMIT frequency : 1144000 uid : 1000 pid : 3768 pkgName : DEVICE_WAKEUP@CPU_MIN@54
01-17 14:22:13.392 3768 3993 D PowerManagerService: [api] [s] wakeUpWithReason (uid: 1000 pid: 3768) eventTime = 126572640 event = 1
01-17 14:22:13.393 3768 3993 I PowerManagerService: !@[ps] Screen__On - 1774 : wakeUpWithReason: 1 (uid: 1000 pid: 3768) (1)
01-17 14:22:13.393 3768 3993 I PowerManagerService: Waking up from sleep (uid 1000)...
01-17 14:22:13.393 3768 3993 D InputManager-JNI: setInteractive(true)
01-17 14:22:13.393 3768 3993 D InputReader: Device ID 4: Releasing active all slots palm because the phone became non-interactive
01-17 14:22:13.393 3768 4133 D NetworkPolicy: onScreenStateChanged, state: true, reason: 1
01-17 14:22:13.394 3768 3993 D PowerManagerService: [PWL] sb acquire: PowerManagerService.Broadcasts
01-17 14:22:13.394 3768 3993 D PowerManagerService: [s] getScreenOffTimeoutLocked: 30000 -> 4000
01-17 14:22:13.394 3768 3993 D PowerManagerService: [s] UserActivityState : 0 -> 1
01-17 14:22:13.394 3768 3993 D PowerManagerService: mDisplayReady: false
01-17 14:22:13.394 3768 3993 I libsuspend: !@autosuspend_wakeup_count_disable
01-17 14:22:13.395 3768 3993 I libsuspend: !@autosuspend_wakeup_count_disable done
01-17 14:22:13.395 3768 3993 D PowerManagerService: [PWL] sb acquire: PowerManagerService.Display
01-17 14:22:13.395 3768 3993 D InputManager-JNI: !@handleInterceptActions(172), action=0, wmActions=0
01-17 14:22:13.395 3768 4133 V KeyguardServiceDelegate: onStartedWakingUp() reason:1
01-17 14:22:13.395 3768 3993 D InputManager-JNI: Disable repeat for home key when device wake up
01-17 14:22:13.395 3768 4133 D PowerManagerNotifier: handleEarlyInteractiveChange reason = 1
01-17 14:22:13.395 3768 3890 D DisplayPowerController: animateScreenStateChange[0]: target=2
01-17 14:22:13.395 3768 3890 D DisplayPowerController: [M OS] 0 REPORTED_TO_POLICY_SCREEN_OFF -> REPORTED_TO_POLICY_SCREEN_TURNING_ON.
01-17 14:22:13.395 3768 3890 I DisplayPowerController: Blocking screen on until initial contents have been drawn.
01-17 14:22:13.396 3768 3890 V KeyguardServiceDelegate: onScreenTurnedOn(showListener = com.android.server.policy.PhoneWindowManager$2@f055af5)
01-17 14:22:13.396 4222 2365 D KeyguardViewMediator: onStartedWakingUpWithReason, seq = 1775 why = 1
01-17 14:22:13.396 4222 2365 D KeyguardViewMediator: notifyStartedWakingUp
01-17 14:22:13.396 3768 3890 D DisplayPowerController: mWindowManagerPolicy.screenTurningOn(mPendingScreenOnUnblocker, 0)
01-17 14:22:13.396 3768 3890 D DisplayPowerController: animateScreenStateChange[0]: return as screen on blocked
01-17 14:22:13.396 4222 4222 D KeyguardViewMediator: handleNotifyWakingUp
01-17 14:22:13.396 3768 3890 D DisplayPowerController: [Dual Screen Compatible] state[0] :2
01-17 14:22:13.397 3768 3890 D AutomaticBrightnessController: [DAB] no lux value from sensor manager
01-17 14:22:13.397 3768 3890 D DisplayPowerController: getFinalBrightness : Summary is 79 -> 79
01-17 14:22:13.397 3768 3890 D DisplayPowerController: Animating brightness: target=79, rate=0 (PSM:false, AB limit:(-1 ~ -1) MB Limit:(-1 ~ -1))
01-17 14:22:13.397 3768 3890 D DisplayPowerController: animateScreenStateChange[0]: target=2
01-17 14:22:13.397 3768 3890 D DisplayPowerController: animateScreenStateChange[0]: return as screen on blocked
01-17 14:22:13.397 3768 3890 D DisplayPowerController: [Dual Screen Compatible] state[0] :2
01-17 14:22:13.397 3768 4135 D AutomaticBrightnessController: [DAB] setLightSensorEnabled : registerListenerRunnable
01-17 14:22:13.397 3768 3890 D DisplayPowerController: getFinalBrightness : Summary is 79 -> 79
01-17 14:22:13.397 3768 3890 D DisplayPowerController: Animating brightness: target=79, rate=2000 (PSM:false, AB limit:(-1 ~ -1) MB Limit:(-1 ~ -1))
01-17 14:22:13.397 3768 3895 D DisplayManagerService: !@display_state: OFF -> ON brightness: 0 -> 0
01-17 14:22:13.398 3197 3197 D SurfaceFlinger: Set power mode=2, type=0 flinger=0x70cc688a40
01-17 14:22:13.398 3197 3197 I hwcomposer: int exynos_setPowerMode(struct hwc_composer_device_1 *, int, int):: disp(0), mode(2)
01-17 14:22:13.398 3768 3888 I DisplayManagerService: Display device changed state: "Built-in Screen", ON
01-17 14:22:13.400 3768 4135 W CAE : setCAProperty(ContextAwareService.java:580) - [setProperty 01] Mutex is locked for AUTO_BRIGHTNESS
01-17 14:22:13.400 4222 2365 D KeyguardViewMediator: notifyScreenOn
01-17 14:22:13.400 3768 4135 I CAE : setPropertyValue(AutoBrightnessRunner.java:126) - Mode = 0
01-17 14:22:13.401 3768 4135 I CAE : sendCmdToSensorHub(SensorHubCommManager.java:162) - -63, 23, 48, 1, 0,
01-17 14:22:13.401 3768 4135 D SensorHubManager: SendSensorHubData: send data = -63, 23, 48, 1, 0
01-17 14:22:13.402 3275 3275 D Sensorhubs: sendContextData: -63, 23, 48, 1, 0
01-17 14:22:13.409 3768 4135 I CAE : setCAProperty(ContextAwareService.java:585) - result : true
01-17 14:22:13.410 3768 4135 W CAE : setCAProperty(ContextAwareService.java:586) - [setProperty 02] Mutex is unlocked for AUTO_BRIGHTNESS
01-17 14:22:13.410 3768 4135 D SemContext.CaeProvider: setAttribute() : 0
01-17 14:22:13.410 3768 4135 W CAE : registerCallback(ContextAwareService.java:146) - [regi 01] Mutex is locked for AUTO_BRIGHTNESS
01-17 14:22:13.411 3768 4135 V CAE : start(ContextProvider.java:128)
01-17 14:22:13.411 3768 4135 V CAE : clear(AutoBrightnessRunner.java:267)
01-17 14:22:13.412 3768 4135 V CAE : enable(AutoBrightnessRunner.java:243)
01-17 14:22:13.412 3768 4135 I CAE : sendCmdToSensorHub(SensorHubCommManager.java:162) - -79, 48, 0,
01-17 14:22:13.412 3768 4135 D SensorHubManager: SendSensorHubData: send data = -79, 48, 0
01-17 14:22:13.412 3275 10799 D Sensorhubs: sendContextData: -79, 48, 0
01-17 14:22:13.415 4222 4222 D KeyguardFingerPrint: shouldListenForFingerprint ( isFingerprintEnabled = true , mKeyguardIsVisible = true , mDeviceInteractive = true , mBouncer = false , mGoingToSleep = false , mSwitchingUser = false , mFingerprintAlreadyAuthenticated = false , mKeyguardUnlocking = false
01-17 14:22:13.421 4222 4222 V KeyguardFingerPrint: startListeningForFingerprint()
01-17 14:22:13.422 3768 4135 D CAE : getFaultDetectionResult(AutoBrightnessRunner.java:281) - true
01-17 14:22:13.423 3768 4135 I CAE : notifyCmdProcessResultObserver(ContextProvider.java:627) - CheckResult = 0, Cause = Success
01-17 14:22:13.428 3768 3768 D GameManagerService: onDisplayChanged. displyId: 0
01-17 14:22:13.429 3768 3768 D GameManagerService: dpi: 480, longPixel: 1920, shortPixel: 1080
01-17 14:22:13.435 3768 4135 D CAE : doCommendProcess(ContextAwareService.java:435) - complete notify the operation result.
01-17 14:22:13.439 3768 4135 I CAE : displayUsedCountForService(ContextAwareService.java:527) - totalCnt = 1, serviceCount = 1, subCollectionCount = 0
01-17 14:22:13.439 3768 4135 D CAE : showListenerList(ContextAwareService.java:368) - ===== Context Aware Service List =====
01-17 14:22:13.440 3768 4135 I CAE : showListenerList(ContextAwareService.java:377) - Listener : com.samsung.android.contextaware.manager.ContextAwareService$Listener@40115b, Service : ACTIVITY_TRACKER_CURRENT_INFO(1)
01-17 14:22:13.440 3768 4135 I CAE : showListenerList(ContextAwareService.java:377) - Listener : com.samsung.android.contextaware.manager.ContextAwareService$Listener@2072bb5, Service : ANY_MOTION_DETECTOR_RUNNER(1)
01-17 14:22:13.440 3768 4135 I CAE : showListenerList(ContextAwareService.java:377) - Listener : com.samsung.android.contextaware.manager.ContextAwareService$Listener@a7e4b3, Service : AUTO_BRIGHTNESS(1)
01-17 14:22:13.441 3768 4135 W CAE : registerCallback(ContextAwareService.java:182) - [regi 02] Mutex is unlocked for AUTO_BRIGHTNESS
01-17 14:22:13.441 3768 4135 D SemContextService: .registerCallback : 2, client=
01-17 14:22:13.441 3768 4135 D SemContextService: ===== SemContext Service List =====
01-17 14:22:13.441 3768 4135 D SemContextService: Listener : com.samsung.android.hardware.context.SemContextService$Listener@f5cf24a, Service : Any Motion Detector
01-17 14:22:13.441 3768 4135 D SemContextService: Listener : com.samsung.android.hardware.context.SemContextService$Listener@49d1a70, Service : Auto Brightness
01-17 14:22:13.441 3768 4135 D SemContextManager: .registerListener : listener = android.hardware.scontext.SContextManager$SContextListenerDelegate@1cda1f7, service=Auto Brightness
01-17 14:22:13.441 3768 4135 D SContextManager: .registerListener : listener = com.android.server.display.AutomaticBrightnessController$5@38db321, service=Auto Brightness
01-17 14:22:13.441 3768 4135 D PowerManagerUtil: Excessive delay in SensorHubAutoBrightnessEnabled::registerListener done: 44ms
01-17 14:22:13.442 3768 5291 D FingerprintService: getEnrolledFingerprints : userId = 0
01-17 14:22:13.444 3768 3792 I FingerprintService: cancelAuthentication : token=android.os.BinderProxy@79291e9 from pid=4222, from uid=10005
01-17 14:22:13.445 3768 5703 I FingerprintService: authenticate: groudId=0 from pid=4222
01-17 14:22:13.448 4222 4222 D LockIcon: state = 0, mLastState = 0, mDeviceInteractive = true, mLastDeviceInteractive = true, mScreenOn = false, mLastScreenOn = false
01-17 14:22:13.448 4222 4222 D KeyguardViewMediator: handleNotifyScreenTurningOn
01-17 14:22:13.450 4666 4771 D EPDG -- [MODEM]: message length is 9
01-17 14:22:13.450 3768 5306 D Sensors : M requested delay = 20000000, modified delay = 0
01-17 14:22:13.450 3768 5306 I Sensors : Proximity old sensor_state 278528, new sensor_state : 278656 en : 1
01-17 14:22:13.450 4666 4771 D EPDG -- [MODEM]: countRead is 7 offset is 7remaining is 0
01-17 14:22:13.450 4666 4771 D EPDG -- EpdgIpcMessageFactory: ipcMainCmd: 8
01-17 14:22:13.451 4666 4771 D EPDG -- [UTILS]: isUSerBinary: true
01-17 14:22:13.451 4666 4771 D EPDG -- [RILRECEIVER]: [Rx]: Main: IPC_NET_CMD Sub: IPC_NET_REGIST
01-17 14:22:13.451 4666 4771 D EPDG -- [RILRECEIVER]: [Rx]: Param: FF 03
01-17 14:22:13.451 4666 4771 I EPDG -- [RILRECEIVER]: RX [NET_REGIST] -- RESPONSE -- EPDG NOT AVAILABLE
01-17 14:22:13.452 4666 4771 D EPDG -- [NETIPCMESSAGE]: encodeNetRegist
01-17 14:22:13.452 4666 4771 D EPDG -- [UTILS]: isUSerBinary: true
01-17 14:22:13.452 3768 7202 D SSRM:k : SIOP:: AP = 280, PST = 298 (W:14), CP = 236, CUR = 764, LCD = 0
01-17 14:22:13.453 4666 4771 D EPDG -- [IPCDISPATCHER]: [Tx]: Main: IPC_NET_CMD Sub: IPC_NET_REGIST Cmd Type: IPC_CMD_RESP
01-17 14:22:13.453 4666 4771 D EPDG -- [IPCDISPATCHER]: [Tx]: Param: 30 03 01 00 00 00 00 00 00 00 00 00 00
01-17 14:22:13.453 4666 4771 D EPDG -- [MODEM]: EpdgModem instance already exists !
01-17 14:22:13.453 4666 4769 D EPDG -- [MODEM]: Successfully written to RIL
01-17 14:22:13.454 4666 4741 D EPDG -- [EPDGService]: Event received: RIL_EPDG_STATUS_QUERY
01-17 14:22:13.454 4666 4741 D EPDG -- [EPDGService]: handleMessage: cid - 1
01-17 14:22:13.456 3315 3315 D bauth_service: BAuthService, 371
01-17 14:22:13.456 3315 3315 D bauth_FPBAuthService: thread id : 3, preenroll_flag : 0, nd cnt : 0
01-17 14:22:13.456 3315 3315 D bauth_service: BAuthService, 390
01-17 14:22:13.457 3768 3768 D FingerprintService: ClientMonitor: 10000000000000000000000000010111
01-17 14:22:13.457 3315 3315 V fingerprintd: authenticate(sid=0, gid=0)
01-17 14:22:13.457 3315 3315 D bauth_service: BAuthService, 324
01-17 14:22:13.457 3315 3315 D bauth_service: BAuthService, 54
01-17 14:22:13.459 3315 2719 D bauth_FPBAuthService: FPBAuthService, 649
01-17 14:22:13.459 3315 2719 D bauth_FPBAuthSensorControl: FPBAuthSensorControl, 304
01-17 14:22:13.459 3315 2719 D bauth_FPBAuthService: FPBAuthService, 666
01-17 14:22:13.459 3315 2719 D bauth_FPBAuthService: FPBAuthService, 3292
01-17 14:22:13.459 3315 2719 I TLC_BAUTH: Call FUNC ID 0x3 , 1;477
01-17 14:22:13.459 3315 2719 I TLC_BAUTH: input memory already allocated;579
01-17 14:22:13.459 3315 2719 I TLC_BAUTH: output memory already allocated;606
01-17 14:22:13.459 3315 2719 I TLC_BAUTH: Call FP cmd 0x11;327
01-17 14:22:13.459 3315 2719 I tlc_communication: Send Trustlet TCI Message;214
01-17 14:22:13.459 3315 2719 I tlc_communication: mcNotify is completed;224
01-17 14:22:13.460 3315 2719 I tlc_communication: mcWaitNotification is completed;237
01-17 14:22:13.460 3315 2719 I TLC_BAUTH: Check the Trustlet return code is completed;362
01-17 14:22:13.460 3315 2719 I TLC_BAUTH: ion alloc dm;646
01-17 14:22:13.460 3315 2719 I TLC_BAUTH: Call FP cmd 0x12;379
01-17 14:22:13.460 3315 2719 I tlc_communication: Send Trustlet TCI Message;214
01-17 14:22:13.460 3315 2719 I tlc_communication: mcNotify is completed;224
01-17 14:22:13.462 3315 2719 I tlc_communication: mcWaitNotification is completed;237
01-17 14:22:13.462 3315 2719 I TLC_BAUTH: Check the Trustlet return code is completed;406
01-17 14:22:13.462 3315 2719 I TLC_BAUTH: FUNC ID 0x3 is completed;675
01-17 14:22:13.462 3315 2719 D bauth_FPBAuthService: FPBAuthService, 701
01-17 14:22:13.464 4222 4222 D SensorManager: registerListener :: 5, TMD49XX Proximity Sensor, 20000, 0,
01-17 14:22:13.465 4222 4222 D KeyguardServiceBoxContainer: refreshTime()
01-17 14:22:13.465 4222 4222 I KeyguardClockPage: refreshTime(): DefaultSingle2016 hometime:Europe/London locale:en_GB hasBG?false, Roaming:false
01-17 14:22:13.468 3315 3315 D bauth_Worker: Worker, 48
01-17 14:22:13.468 3315 3315 D bauth_FPBAuthService: thread id : 3, preenroll_flag : 0, nd cnt : 0
01-17 14:22:13.468 3315 3315 D bauth_service: BAuthService, 365
01-17 14:22:13.468 3768 3768 W FingerprintService: startAuthentication FP_FINISH (11ms) RESULT: 0
01-17 14:22:13.468 3768 3768 D LightsService: [api] [SvcLED] turnOff:: id = 5 (uid: 1000 pid: 3768)
01-17 14:22:13.468 3768 3768 D PowerManagerUtil: fileWriteString to /sys/power/wake_lock, LightsService
01-17 14:22:13.468 3315 2719 D bauth_FPBAuthSensorControl: FPBAuthSensorControl, 346
01-17 14:22:13.468 3315 2719 D bauth_FPBAuthService: FPBAuthService, 713
01-17 14:22:13.468 3315 2719 D bauth_FPBAuthService: FPBAuthService, 3311
01-17 14:22:13.469 3768 3768 D LightsService: [SvcLED] setSvcLedStateLocked:: SvcLEDState : 0x10 -> 0x0 | SvcLED(id=5) set Off
01-17 14:22:13.469 3768 3768 D BatteryService: turn off LED
01-17 14:22:13.469 3768 3894 D LightsService: [SvcLED] handleForcedSvcLEDTask()
01-17 14:22:13.469 3768 3894 D lights : led_pattern : 0 +
01-17 14:22:13.471 3315 2719 D bauth_FPBAuthSensorControl: FPBAuthSensorControl, 552
01-17 14:22:13.471 3315 2719 I TLC_BAUTH: Call FP cmd 0x1;841
01-17 14:22:13.471 3315 2719 I tlc_communication: Send Trustlet TCI Message;214
01-17 14:22:13.471 3315 2719 I tlc_communication: mcNotify is completed;224
01-17 14:22:13.472 3768 3894 D lights : led_pattern : 0 -
01-17 14:22:13.472 3768 3894 D LightsService: [SvcLED] setSvcLedLightLocked :: Current SvcLED(id=5) maintains its priority right
01-17 14:22:13.472 3768 3894 D PowerManagerUtil: fileWriteString to /sys/power/wake_unlock, LightsService
01-17 14:22:13.486 4222 4222 D WallpaperViewController: onScreenTurningOn
01-17 14:22:13.486 4222 4222 D WallpaperViewController: mWallpaperView.onResume()
01-17 14:22:13.486 4222 4222 D KeyguardViewMediator: IKeyguardDrawnCallback.onDrawn()
01-17 14:22:13.486 3768 7012 V KeyguardServiceDelegate: **** SHOWN CALLED ****
01-17 14:22:13.487 3768 3768 I CAE : handleMessage(CaPowerManager.java:188) - AP_WAKEUP
01-17 14:22:13.487 3768 3768 I CAE : updateApPowerStatus(SensorHubParserProvider.java:444) - AP_WAKEUP
01-17 14:22:13.488 4222 4222 D KeyguardServiceBoxContainer: onDisplayChanged() id = 0, density = 480, current density = 480
01-17 14:22:13.488 3768 3768 I CAE : sendCmdToSensorHub(SensorHubCommManager.java:162) - -76, 13, -47, 0,
01-17 14:22:13.488 3768 3768 D SensorHubManager: SendSensorHubData: send data = -76, 13, -47, 0
01-17 14:22:13.488 3275 3335 D Sensorhubs: sendContextData: -76, 13, -47, 0
01-17 14:22:13.490 3768 3768 D ClientCertificateManager Service: updateLockStatus, user.id 0
01-17 14:22:13.490 3768 3768 I : CCM JNI: In ccm_update_lock_status
01-17 14:22:13.490 3768 3768 I TZ_CCM_C_Initialize: : DEBUG_CONTAINER_PROBLEM Enter TZ_CCM_C_Initialize_TLC!
01-17 14:22:13.490 3768 3768 I TZ_CCM_C_Initialize: : pInitArgs 0x7fc81110b0 has not called C_Init before.
01-17 14:22:13.490 3768 3768 I TZ_CCM_C_Initialize: : &ctx = 0x720112e2c8
01-17 14:22:13.490 3768 3768 E TZ: client_server_communication: comm_request(0x71fed66cc0) pImpl->serverName : CCM
01-17 14:22:13.490 3768 3768 E TZ: client_server_communication: comm_request(0x71fed66cc0) pImpl->sconn : 0x71e6c39480
01-17 14:22:13.490 3768 3768 E TZ: client_server_communication: comm_request(0x71fed66cc0) pImpl->sconn->getInterfaceDescriptor() : CCM
01-17 14:22:13.490 3768 3768 I TZ: client_server_communication: Cmd id = 47, len = 19456
01-17 14:22:13.490 3768 3768 I TZ: client_server_communication: Calling Communicate()
01-17 14:22:13.491 3980 3980 I TLC_SERVER: BnTLCServer::onTransact(2) 16
01-17 14:22:13.491 3980 3980 I TLC_SERVER: COMM
01-17 14:22:13.493 4222 4222 D ViewRootImpl@422b422[StatusBar]: MSG_RESIZED_REPORT: ci=Rect(0, 0 - 0, 0) vi=Rect(0, 0 - 0, 0) or=1
01-17 14:22:13.500 3768 3961 I Sensors : ProximitySensor - 8(cm)
01-17 14:22:13.500 3768 3961 I Sensors : ProximitySensor TS_H - 71465, RES - 306939837808640
01-17 14:22:13.500 3768 3961 I Sensors : ProximitySensor TS_L - -134986682, RES - 306943997789254
01-17 14:22:13.500 3768 3961 I Sensors : ProximitySensor Sync
01-17 14:22:13.500 3768 3768 I TZ_CCM_C_Finalize: : DEBUG_CONTAINER_PROBLEM Exercising TZ_CCM_C_Finalize_TLC
01-17 14:22:13.500 4222 4222 D SensorManager: Proximity, val = 8.0 [far]
01-17 14:22:13.500 3768 3768 I TZ_CCM_C_Finalize: : There are connections; No C_Finalize for pInitArgs 0x7fc81110b0
