01-17 14:22:13.502 3768 3768 D UniversalCredentialManagerService: inside mBReciever onReceive : android.intent.action.SCREEN_ON
01-17 14:22:13.503 2308 2308 D [WeatherWidget(14901)] AutoRefreshReceiver: {[43EB1C024052B99D53E991930172379613F1DDEBA8981688ED2B3D727735919C70C5D7BBF5F50DDC0CF8C19D95633ACD7E4A65BD04C0F25CEB4C410885D1A56202B0B922715AB19814BFCF7276BE09FC]}
01-17 14:22:13.503 3768 3768 D UniversalCredentialManagerService: ****MSG_LOCK_STATUS_UPDATE block started****
01-17 14:22:13.503 3768 3768 D UniversalCredentialManagerService: notifyChangeToPlugin is called for Lock status update...
01-17 14:22:13.503 3768 3768 D UcmService: notifyChangeToPlugin event 15
01-17 14:22:13.503 3768 3768 D UcmService: checkCallerPermissionFor is called for method-notifyChangeToPlugin
01-17 14:22:13.503 3768 3768 D UniversalCredentialManagerService: ****MSG_LOCK_STATUS_UPDATE block ended****
01-17 14:22:13.504 2308 2308 D [WeatherWidget(14901)] AutoRefresh: {[69FF8AC9781DE093A567D10593670A70D44EBF560DC924C568CD540AC747E0D322F0AA9C4FBEBC3F855D894A7F712BBC8EA77779E1EBD387ABED1431FF2E0E27]}
01-17 14:22:13.508 2308 2308 D [WeatherWidget(14901)] WeatherScreenReceiver: {[AE44B1CAE710C9799F38EE823B33FC6FD1758E066E5B1B99A2F7EE69509032FEEB075795FA0CFCF2F5C15479C41947E9750870FC7DC1D73237312BEFAFD09EFB]}
01-17 14:22:13.509 2308 2308 D [WeatherWidget(14901)] WidgetCount: {[65C2FDBB08E09D2E8E78BEFE0D618279BC32024A311F60279E75A9FD2AD8BED1]}
01-17 14:22:13.510 2308 2308 D [WeatherWidget(14901)] WidgetCount: {[51D05FFECDA2C35BD99FAAEAA7B9A3010D9284A6D928381A583BDA90BA7C2F53]}
01-17 14:22:13.510 2308 2308 D [WeatherWidget(14901)] WidgetCount: {[07D780CE78F995FD839294355A71402EF82F7AD9F09C941841265E9D08E7949DDD52775D3F176ACF85D24460A0459EC167A505FC486E5884C37DFE0EC3B9A9BE]}
01-17 14:22:13.510 2308 2308 D [WeatherWidget(14901)] WidgetCount: {[79CA96FB7C91915E741F2F273ADA6BDBFD13814821D3EB100A085E2E7997E8C513517F72B09D2548347E47EB303200E2BF2A9AC7FA635DEA67D844E5F1C8971E]}
01-17 14:22:13.511 2308 2308 D [WeatherWidget(14901)] WidgetCount: {[3195B55E63796DA7A7DFC66949120FEC935B0D2CB2A601DE50BBE85EED23EF04D0F59722515E417B1BD92FED97A4673B59785A69895819095F92DC42E64FFFA6]}
01-17 14:22:13.512 3768 3768 I WifiTrafficPoller: evaluateTrafficStatsPolling
01-17 14:22:13.520 3768 3768 D LightsService: [api] [SvcLED] turnOff:: id = 6 (uid: 1000 pid: 3768)
01-17 14:22:13.520 3768 3768 D PowerManagerUtil: fileWriteString to /sys/power/wake_lock, LightsService
01-17 14:22:13.520 3768 3768 D LightsService: [SvcLED] setSvcLedStateLocked:: SvcLEDState : 0x0 -> 0x0 | SvcLED(id=6) set Off
01-17 14:22:13.520 3768 3894 D LightsService: [SvcLED] handleForcedSvcLEDTask()
01-17 14:22:13.520 3768 3894 D LightsService: [SvcLED] setSvcLedLightLocked :: Current SvcLED(id=5) maintains its priority right
01-17 14:22:13.520 3768 3894 D PowerManagerUtil: fileWriteString to /sys/power/wake_unlock, LightsService
01-17 14:22:13.522 3294 12126 D audio_hw_primary: adev_set_parameters: enter: kvpairs: screen_state=on
01-17 14:22:13.523 3768 3768 D SamsungAlarmManager: Cancel Alarm calling from uid:1000 pid :3768 / op:PendingIntent{268fb8e: PendingIntentRecord{12c8faf android broadcastIntent}}
01-17 14:22:13.525 3768 3768 I MdnieScenarioControlService: action : android.intent.action.SCREEN_ON
01-17 14:22:13.525 3768 4039 W AlarmManager: Unrecognized alarm listener com.android.server.wifi.WifiConnectivityManager$4@9600f98
01-17 14:22:13.525 3768 4039 W AlarmManager: Unrecognized alarm listener com.android.server.wifi.WifiConnectivityManager$5@a3723f1
01-17 14:22:13.525 3768 3768 D MdnieScenarioControlService: isLockScreenOn : true
01-17 14:22:13.529 3768 3768 D WifiService: registerForSContext() : successful!
01-17 14:22:13.529 3768 4038 D SamsungAlarmManager: Cancel Alarm calling from uid:1000 pid :3768 / op:PendingIntent{41aafbc: PendingIntentRecord{8504b45 android broadcastIntent}}
01-17 14:22:13.529 3768 3768 E SemContext.CaeProvider: setAttribute() : attribute is null!
01-17 14:22:13.529 3768 3993 D InputReader: Input event(5): value=0 when=126572796494000
01-17 14:22:13.529 3315 2719 I tlc_communication: mcWaitNotification is completed;237
01-17 14:22:13.529 3768 3993 D InputReader: !@notifyKey(172), action=1
01-17 14:22:13.529 3315 2719 I TLC_BAUTH: Check the Trustlet return code is completed;898
01-17 14:22:13.529 3315 2719 D bauth_FPBAuthService: check_opcode status = 0, opcode = 7, func_ret_val = 0, function_status = 0, timeout = 0
01-17 14:22:13.529 3315 2719 I TLC_BAUTH: Call FP cmd 0x1;841
01-17 14:22:13.529 3768 3993 D InputManager-JNI: !@interceptKeyBeforeQueueing(172), action=1, interactive=true
01-17 14:22:13.529 3315 2719 I tlc_communication: Send Trustlet TCI Message;214
01-17 14:22:13.529 3315 2719 I tlc_communication: mcNotify is completed;224
01-17 14:22:13.530 3768 3768 W CAE : registerCallback(ContextAwareService.java:146) - [regi 01] Mutex is locked for ACTIVITY_TRACKER
01-17 14:22:13.531 3768 3768 V CAE : start(ContextProvider.java:128)
01-17 14:22:13.531 3768 3993 D InputManager-JNI: !@handleInterceptActions(172), action=1, wmActions=1
01-17 14:22:13.531 3768 3768 V CAE : clear(ActivityTrackerRunner.java:108)
01-17 14:22:13.531 3768 3768 V CAE : enable(ActivityTrackerRunner.java:84)
01-17 14:22:13.532 3768 4072 D ConnectivityService: updateCapabilities: oldCap = [ Transports: WIFI Capabilities: NOT_METERED&INTERNET&NOT_RESTRICTED&TRUSTED&NOT_VPN&VALIDATED LinkUpBandwidth>=1048576Kbps LinkDnBandwidth>=1048576Kbps SignalStrength: -64], newCap = [ Transports: WIFI Capabilities: NOT_METERED&INTERNET&NOT_RESTRICTED&TRUSTED&NOT_VPN LinkUpBandwidth>=1048576Kbps LinkDnBandwidth>=1048576Kbps SignalStrength: -63]
01-17 14:22:13.532 3768 3768 I CAE : sendCmdToSensorHub(SensorHubCommManager.java:162) - -79, 26, 0, 0, 0, 0, 0, 0, 0, 0, 14, 22, 13,
01-17 14:22:13.532 3768 4072 D ConnectivityService: rematching NetworkAgentInfo [WIFI () - 551]
01-17 14:22:13.532 3768 3768 D SensorHubManager: SendSensorHubData: send data = -79, 26, 0, 0, 0, 0, 0, 0, 0, 0, 14, 22, 13
01-17 14:22:13.532 3768 4072 D ConnectivityService: network has: [ Transports: WIFI Capabilities: NOT_METERED&INTERNET&NOT_RESTRICTED&TRUSTED&NOT_VPN&VALIDATED LinkUpBandwidth>=1048576Kbps LinkDnBandwidth>=1048576Kbps SignalStrength: -63]
01-17 14:22:13.532 3768 4072 D ConnectivityService: checking if request is satisfied: NetworkRequest [ id=926, legacyType=-1, [ Capabilities: INTERNET&NOT_RESTRICTED&TRUSTED] ]
01-17 14:22:13.532 3768 4072 D ConnectivityService: checking if request is satisfied: NetworkRequest [ id=627, legacyType=-1, [ Capabilities: INTERNET&NOT_RESTRICTED&TRUSTED] ]
01-17 14:22:13.532 3768 4072 D ConnectivityService: checking if request is satisfied: NetworkRequest [ id=64, legacyType=-1, [ Capabilities: INTERNET&NOT_RESTRICTED&TRUSTED] ]
01-17 14:22:13.532 3768 4072 D ConnectivityService: checking if request is satisfied: NetworkRequest [ id=8, legacyType=-1, [ Transports: WIFI Capabilities: INTERNET&NOT_RESTRICTED&TRUSTED&NOT_VPN] ]
01-17 14:22:13.532 3768 4072 D ConnectivityService: checking if request is satisfied: NetworkRequest [ id=63, legacyType=-1, [ Capabilities: INTERNET&NOT_RESTRICTED&TRUSTED] ]
01-17 14:22:13.532 3768 4072 D ConnectivityService: Network NetworkAgentInfo [WIFI () - 551] was already satisfying request 1. No change.
01-17 14:22:13.532 3768 4072 D ConnectivityService: checking if request is satisfied: NetworkRequest [ id=1252, legacyType=-1, [ Capabilities: INTERNET&NOT_RESTRICTED&TRUSTED] ]
01-17 14:22:13.532 3768 4072 D ConnectivityService: checking if request is satisfied: NetworkRequest [ id=3, legacyType=-1, [] ]
01-17 14:22:13.532 3768 4072 D ConnectivityService: checking if request is satisfied: NetworkRequest [ id=903, legacyType=-1, [ Transports: CELLULAR Capabilities: IMS&TRUSTED&NOT_VPN] ]
01-17 14:22:13.532 3768 4072 D ConnectivityService: checking if request is satisfied: NetworkRequest [ id=5, legacyType=-1, [] ]
01-17 14:22:13.532 3275 10798 D Sensorhubs: sendContextData: -79, 26, 0, 0, 0, 0, 0, 0, 0, 0, 14, 22, 13
01-17 14:22:13.532 3768 4072 D ConnectivityService: checking if request is satisfied: NetworkRequest [ id=628, legacyType=-1, [ Capabilities: INTERNET&NOT_RESTRICTED&TRUSTED] ]
01-17 14:22:13.532 3768 4072 D ConnectivityService: checking if request is satisfied: NetworkRequest [ id=4, legacyType=-1, [ Transports: WIFI Capabilities: INTERNET&NOT_RESTRICTED&TRUSTED&NOT_VPN] ]
01-17 14:22:13.537 3768 4072 D ConnectivityService: checking if request is satisfied: NetworkRequest [ id=9, legacyType=-1, [ Transports: CELLULAR|WIFI Capabilities: NOT_RESTRICTED&TRUSTED&NOT_VPN] ]
01-17 14:22:13.537 3768 4072 D ConnectivityService: checking if request is satisfied: NetworkRequest [ id=787, legacyType=-1, [ Capabilities: INTERNET&NOT_RESTRICTED&TRUSTED] ]
01-17 14:22:13.537 3768 4072 D ConnectivityService: checking if request is satisfied: NetworkRequest [ id=19, legacyType=-1, [ Capabilities: INTERNET&NOT_RESTRICTED&TRUSTED] ]
01-17 14:22:13.537 3768 4072 D ConnectivityService: checking if request is satisfied: NetworkRequest [ id=1250, legacyType=-1, [ Capabilities: INTERNET&NOT_RESTRICTED&TRUSTED] ]
01-17 14:22:13.537 3768 4072 D ConnectivityService: checking if request is satisfied: NetworkRequest [ id=7, legacyType=-1, [ Transports: CELLULAR Capabilities: INTERNET&NOT_RESTRICTED&TRUSTED&NOT_VPN] ]
01-17 14:22:13.537 3768 4072 D ConnectivityService: checking if request is satisfied: NetworkRequest [ id=1210, legacyType=-1, [ Transports: WIFI Capabilities: INTERNET&NOT_RESTRICTED&TRUSTED&NOT_VPN] ]
01-17 14:22:13.537 4222 4499 D NetworkController: onReceive: intent=Intent { act=android.net.wifi.RSSI_CHANGED flg=0x4000010 launchParam=MultiScreenLaunchParams { mDisplayId=0 mFlags=0 } bqHint=1 (has extras) }
01-17 14:22:13.537 3768 4072 D ConnectivityService: checking if request is satisfied: NetworkRequest [ id=6, legacyType=-1, [ Transports: WIFI Capabilities: INTERNET&NOT_RESTRICTED&TRUSTED&NOT_VPN] ]
01-17 14:22:13.537 3768 4072 D ConnectivityService: checking if request is satisfied: NetworkRequest [ id=1262, legacyType=-1, [ Capabilities: INTERNET&NOT_RESTRICTED&TRUSTED] ]
01-17 14:22:13.537 3768 4072 D ConnectivityService: checking if request is satisfied: NetworkRequest [ id=639, legacyType=-1, [ Capabilities: INTERNET&NOT_RESTRICTED&TRUSTED&NOT_VPN] ]
01-17 14:22:13.537 3768 4072 D ConnectivityService: checking if request is satisfied: NetworkRequest [ id=1271, legacyType=-1, [ Capabilities: INTERNET&NOT_RESTRICTED&TRUSTED] ]
01-17 14:22:13.537 3768 4072 D ConnectivityService: checking if request is satisfied: NetworkRequest [ id=12, legacyType=-1, [ Transports: WIFI Capabilities: INTERNET&NOT_RESTRICTED&TRUSTED&NOT_VPN] ]
01-17 14:22:13.537 3768 4072 D ConnectivityService: checking if request is satisfied: NetworkRequest [ id=1261, legacyType=-1, [ Capabilities: INTERNET&NOT_RESTRICTED&TRUSTED] ]
01-17 14:22:13.537 3768 4072 D ConnectivityService: checking if request is satisfied: NetworkRequest [ id=1272, legacyType=-1, [ Capabilities: INTERNET&NOT_RESTRICTED&TRUSTED] ]
01-17 14:22:13.537 3768 4072 D ConnectivityService: rematching NetworkAgentInfo [MOBILE (LTE) - 539]
01-17 14:22:13.537 3768 4072 D ConnectivityService: network has: [ Transports: CELLULAR Capabilities: IMS&NOT_METERED&NOT_RESTRICTED&TRUSTED&NOT_VPN&VALIDATED LinkUpBandwidth>=51200Kbps LinkDnBandwidth>=102400Kbps Specifier: <1>]
01-17 14:22:13.537 3768 4072 D ConnectivityService: checking if request is satisfied: NetworkRequest [ id=926, legacyType=-1, [ Capabilities: INTERNET&NOT_RESTRICTED&TRUSTED] ]
01-17 14:22:13.537 3768 4072 D ConnectivityService: checking if request is satisfied: NetworkRequest [ id=627, legacyType=-1, [ Capabilities: INTERNET&NOT_RESTRICTED&TRUSTED] ]
01-17 14:22:13.537 3768 4072 D ConnectivityService: checking if request is satisfied: NetworkRequest [ id=64, legacyType=-1, [ Capabilities: INTERNET&NOT_RESTRICTED&TRUSTED] ]
01-17 14:22:13.537 3768 4072 D ConnectivityService: checking if request is satisfied: NetworkRequest [ id=8, legacyType=-1, [ Transports: WIFI Capabilities: INTERNET&NOT_RESTRICTED&TRUSTED&NOT_VPN] ]
01-17 14:22:13.537 3768 4072 D ConnectivityService: checking if request is satisfied: NetworkRequest [ id=63, legacyType=-1, [ Capabilities: INTERNET&NOT_RESTRICTED&TRUSTED] ]
01-17 14:22:13.537 3768 4072 D ConnectivityService: checking if request is satisfied: NetworkRequest [ id=1, legacyType=-1, [ Capabilities: INTERNET&NOT_RESTRICTED&TRUSTED&NOT_VPN] ]
01-17 14:22:13.538 3768 4072 D ConnectivityService: checking if request is satisfied: NetworkRequest [ id=1252, legacyType=-1, [ Capabilities: INTERNET&NOT_RESTRICTED&TRUSTED] ]
01-17 14:22:13.538 3768 4072 D ConnectivityService: checking if request is satisfied: NetworkRequest [ id=3, legacyType=-1, [] ]
01-17 14:22:13.538 3768 4072 D ConnectivityService: Network NetworkAgentInfo [MOBILE (LTE) - 539] was already satisfying request 903. No change.
01-17 14:22:13.538 3275 3334 D Sensorhubs: readContextData: 1, 1, 48, 0, 0, 0, 100, 0, 0, 0, 18
01-17 14:22:13.538 3768 4072 D ConnectivityService: checking if request is satisfied: NetworkRequest [ id=5, legacyType=-1, [] ]
01-17 14:22:13.538 3768 4072 D ConnectivityService: checking if request is satisfied: NetworkRequest [ id=628, legacyType=-1, [ Capabilities: INTERNET&NOT_RESTRICTED&TRUSTED] ]
01-17 14:22:13.538 3768 4072 D ConnectivityService: checking if request is satisfied: NetworkRequest [ id=4, legacyType=-1, [ Transports: WIFI Capabilities: INTERNET&NOT_RESTRICTED&TRUSTED&NOT_VPN] ]
01-17 14:22:13.538 3768 4072 D ConnectivityService: checking if request is satisfied: NetworkRequest [ id=9, legacyType=-1, [ Transports: CELLULAR|WIFI Capabilities: NOT_RESTRICTED&TRUSTED&NOT_VPN] ]
01-17 14:22:13.538 3768 4072 D ConnectivityService: checking if request is satisfied: NetworkRequest [ id=787, legacyType=-1, [ Capabilities: INTERNET&NOT_RESTRICTED&TRUSTED] ]
01-17 14:22:13.538 3768 4072 D ConnectivityService: checking if request is satisfied: NetworkRequest [ id=19, legacyType=-1, [ Capabilities: INTERNET&NOT_RESTRICTED&TRUSTED] ]
01-17 14:22:13.538 3768 4072 D ConnectivityService: checking if request is satisfied: NetworkRequest [ id=1250, legacyType=-1, [ Capabilities: INTERNET&NOT_RESTRICTED&TRUSTED] ]
01-17 14:22:13.538 3768 4072 D ConnectivityService: checking if request is satisfied: NetworkRequest [ id=7, legacyType=-1, [ Transports: CELLULAR Capabilities: INTERNET&NOT_RESTRICTED&TRUSTED&NOT_VPN] ]
01-17 14:22:13.538 3768 3973 D SensorHubManager: onGetSensorHubDataLocked: library(11) = 1, 1, 48, 0, 0, 0, 100, 0, 0, 0, 18
01-17 14:22:13.538 3768 4072 D ConnectivityService: checking if request is satisfied: NetworkRequest [ id=1210, legacyType=-1, [ Transports: WIFI Capabilities: INTERNET&NOT_RESTRICTED&TRUSTED&NOT_VPN] ]
01-17 14:22:13.538 3768 4072 D ConnectivityService: checking if request is satisfied: NetworkRequest [ id=6, legacyType=-1, [ Transports: WIFI Capabilities: INTERNET&NOT_RESTRICTED&TRUSTED&NOT_VPN] ]
01-17 14:22:13.538 3768 4072 D ConnectivityService: checking if request is satisfied: NetworkRequest [ id=1262, legacyType=-1, [ Capabilities: INTERNET&NOT_RESTRICTED&TRUSTED] ]
01-17 14:22:13.538 3768 4072 D ConnectivityService: checking if request is satisfied: NetworkRequest [ id=639, legacyType=-1, [ Capabilities: INTERNET&NOT_RESTRICTED&TRUSTED&NOT_VPN] ]
01-17 14:22:13.538 3768 4072 D ConnectivityService: checking if request is satisfied: NetworkRequest [ id=1271, legacyType=-1, [ Capabilities: INTERNET&NOT_RESTRICTED&TRUSTED] ]
01-17 14:22:13.538 3768 4072 D ConnectivityService: checking if request is satisfied: NetworkRequest [ id=12, legacyType=-1, [ Transports: WIFI Capabilities: INTERNET&NOT_RESTRICTED&TRUSTED&NOT_VPN] ]
01-17 14:22:13.538 3768 4072 D ConnectivityService: checking if request is satisfied: NetworkRequest [ id=1261, legacyType=-1, [ Capabilities: INTERNET&NOT_RESTRICTED&TRUSTED] ]
01-17 14:22:13.538 3768 3972 D CAE : onGetSensorHubData(SensorHubParserProvider.java:92) - onGetSensorHubData Event [event buffer len :11], AP_WAKEUP
01-17 14:22:13.538 3768 4072 D ConnectivityService: checking if request is satisfied: NetworkRequest [ id=1272, legacyType=-1, [ Capabilities: INTERNET&NOT_RESTRICTED&TRUSTED] ]
01-17 14:22:13.539 3768 3972 I CAE : parse(SensorHubParserProvider.java:189) - buffer size = 11
01-17 14:22:13.539 3768 4072 D ConnectivityService: notifyType CAP_CHANGED for NetworkAgentInfo [WIFI () - 551]
01-17 14:22:13.539 3768 4072 D ConnectivityService: sending notification for NetworkRequest [ id=1, legacyType=-1, [ Capabilities: INTERNET&NOT_RESTRICTED&TRUSTED&NOT_VPN] ]
01-17 14:22:13.539 3768 4072 D ConnectivityService: sending notification for NetworkRequest [ id=3, legacyType=-1, [] ]
01-17 14:22:13.539 3768 3972 I CAE : parse(SensorHubParserProvider.java:200) - 1, 1, 48, 0, 0, 0, 100, 0, 0, 0, 18,
01-17 14:22:13.539 3768 4072 D ConnectivityService: sending notification CAP_CHANGED for NetworkRequest [ id=3, legacyType=-1, [] ]
01-17 14:22:13.539 3768 4072 D ConnectivityService: sending notification for NetworkRequest [ id=4, legacyType=-1, [ Transports: WIFI Capabilities: INTERNET&NOT_RESTRICTED&TRUSTED&NOT_VPN] ]
01-17 14:22:13.539 3768 4072 D ConnectivityService: sending notification CAP_CHANGED for NetworkRequest [ id=4, legacyType=-1, [ Transports: WIFI Capabilities: INTERNET&NOT_RESTRICTED&TRUSTED&NOT_VPN] ]
01-17 14:22:13.539 3768 3972 D CAE : display(ContextProvider.java:375) - ================= AUTO_BRIGHTNESS =================
01-17 14:22:13.539 3768 4072 D ConnectivityService: sending notification for NetworkRequest [ id=5, legacyType=-1, [] ]
01-17 14:22:13.539 3768 4072 D ConnectivityService: sending notification CAP_CHANGED for NetworkRequest [ id=5, legacyType=-1, [] ]
01-17 14:22:13.539 3768 4072 D ConnectivityService: sending notification for NetworkRequest [ id=6, legacyType=-1, [ Transports: WIFI Capabilities: INTERNET&NOT_RESTRICTED&TRUSTED&NOT_VPN] ]
01-17 14:22:13.539 3768 3972 I CAE : display(ContextProvider.java:391) - Candela=[100], AmbientLux=[18]
01-17 14:22:13.539 3768 4072 D ConnectivityService: sending notification CAP_CHANGED for NetworkRequest [ id=6, legacyType=-1, [ Transports: WIFI Capabilities: INTERNET&NOT_RESTRICTED&TRUSTED&NOT_VPN] ]
01-17 14:22:13.539 3768 4072 D ConnectivityService: sending notification for NetworkRequest [ id=8, legacyType=-1, [ Transports: WIFI Capabilities: INTERNET&NOT_RESTRICTED&TRUSTED&NOT_VPN] ]
01-17 14:22:13.539 3768 4072 D ConnectivityService: sending notification CAP_CHANGED for NetworkRequest [ id=8, legacyType=-1, [ Transports: WIFI Capabilities: INTERNET&NOT_RESTRICTED&TRUSTED&NOT_VPN] ]
01-17 14:22:13.539 3768 4072 D ConnectivityService: sending notification for NetworkRequest [ id=9, legacyType=-1, [ Transports: CELLULAR|WIFI Capabilities: NOT_RESTRICTED&TRUSTED&NOT_VPN] ]
01-17 14:22:13.539 3768 4072 D ConnectivityService: sending notification CAP_CHANGED for NetworkRequest [ id=9, legacyType=-1, [ Transports: CELLULAR|WIFI Capabilities: NOT_RESTRICTED&TRUSTED&NOT_VPN] ]
01-17 14:22:13.539 3768 4072 D ConnectivityService: sending notification for NetworkRequest [ id=12, legacyType=-1, [ Transports: WIFI Capabilities: INTERNET&NOT_RESTRICTED&TRUSTED&NOT_VPN] ]
01-17 14:22:13.540 3768 4072 D ConnectivityService: sending notification CAP_CHANGED for NetworkRequest [ id=12, legacyType=-1, [ Transports: WIFI Capabilities: INTERNET&NOT_RESTRICTED&TRUSTED&NOT_VPN] ]
01-17 14:22:13.540 3768 3768 D CAE : getFaultDetectionResult(ActivityTrackerRunner.java:154) - true
01-17 14:22:13.540 3768 4072 D ConnectivityService: sending notification for NetworkRequest [ id=19, legacyType=-1, [ Capabilities: INTERNET&NOT_RESTRICTED&TRUSTED] ]
01-17 14:22:13.540 3768 4072 D ConnectivityService: sending notification CAP_CHANGED for NetworkRequest [ id=19, legacyType=-1, [ Capabilities: INTERNET&NOT_RESTRICTED&TRUSTED] ]
01-17 14:22:13.540 3768 3975 D SemContextService: updateContext() : event = Auto Brightness
01-17 14:22:13.540 3768 4072 D ConnectivityService: sending notification for NetworkRequest [ id=63, legacyType=-1, [ Capabilities: INTERNET&NOT_RESTRICTED&TRUSTED] ]
01-17 14:22:13.540 3768 3768 I CAE : notifyCmdProcessResultObserver(ContextProvider.java:627) - CheckResult = 0, Cause = Success
01-17 14:22:13.540 3768 4072 D ConnectivityService: sending notification CAP_CHANGED for NetworkRequest [ id=63, legacyType=-1, [ Capabilities: INTERNET&NOT_RESTRICTED&TRUSTED] ]
01-17 14:22:13.540 3768 4072 D ConnectivityService: sending notification for NetworkRequest [ id=64, legacyType=-1, [ Capabilities: INTERNET&NOT_RESTRICTED&TRUSTED] ]
01-17 14:22:13.540 3768 4072 D ConnectivityService: sending notification CAP_CHANGED for NetworkRequest [ id=64, legacyType=-1, [ Capabilities: INTERNET&NOT_RESTRICTED&TRUSTED] ]
01-17 14:22:13.540 3768 4072 D ConnectivityService: sending notification for NetworkRequest [ id=627, legacyType=-1, [ Capabilities: INTERNET&NOT_RESTRICTED&TRUSTED] ]
01-17 14:22:13.540 3768 4072 D ConnectivityService: sending notification CAP_CHANGED for NetworkRequest [ id=627, legacyType=-1, [ Capabilities: INTERNET&NOT_RESTRICTED&TRUSTED] ]
01-17 14:22:13.540 3768 4072 D ConnectivityService: sending notification for NetworkRequest [ id=628, legacyType=-1, [ Capabilities: INTERNET&NOT_RESTRICTED&TRUSTED] ]
01-17 14:22:13.540 3768 4072 D ConnectivityService: sending notification CAP_CHANGED for NetworkRequest [ id=628, legacyType=-1, [ Capabilities: INTERNET&NOT_RESTRICTED&TRUSTED] ]
01-17 14:22:13.541 3768 4072 D ConnectivityService: sending notification for NetworkRequest [ id=639, legacyType=-1, [ Capabilities: INTERNET&NOT_RESTRICTED&TRUSTED&NOT_VPN] ]
01-17 14:22:13.541 3768 4072 D ConnectivityService: sending notification CAP_CHANGED for NetworkRequest [ id=639, legacyType=-1, [ Capabilities: INTERNET&NOT_RESTRICTED&TRUSTED&NOT_VPN] ]
01-17 14:22:13.541 3768 4072 D ConnectivityService: sending notification for NetworkRequest [ id=787, legacyType=-1, [ Capabilities: INTERNET&NOT_RESTRICTED&TRUSTED] ]
01-17 14:22:13.541 3768 4072 D ConnectivityService: sending notification CAP_CHANGED for NetworkRequest [ id=787, legacyType=-1, [ Capabilities: INTERNET&NOT_RESTRICTED&TRUSTED] ]
01-17 14:22:13.541 3768 4072 D ConnectivityService: sending notification for NetworkRequest [ id=926, legacyType=-1, [ Capabilities: INTERNET&NOT_RESTRICTED&TRUSTED] ]
01-17 14:22:13.541 3768 4072 D ConnectivityService: sending notification CAP_CHANGED for NetworkRequest [ id=926, legacyType=-1, [ Capabilities: INTERNET&NOT_RESTRICTED&TRUSTED] ]
01-17 14:22:13.541 3768 4072 D ConnectivityService: sending notification for NetworkRequest [ id=1210, legacyType=-1, [ Transports: WIFI Capabilities: INTERNET&NOT_RESTRICTED&TRUSTED&NOT_VPN] ]
01-17 14:22:13.541 3768 4072 D ConnectivityService: sending notification CAP_CHANGED for NetworkRequest [ id=1210, legacyType=-1, [ Transports: WIFI Capabilities: INTERNET&NOT_RESTRICTED&TRUSTED&NOT_VPN] ]
01-17 14:22:13.541 3768 4072 D ConnectivityService: sending notification for NetworkRequest [ id=1250, legacyType=-1, [ Capabilities: INTERNET&NOT_RESTRICTED&TRUSTED] ]
01-17 14:22:13.541 3768 4072 D ConnectivityService: sending notification CAP_CHANGED for NetworkRequest [ id=1250, legacyType=-1, [ Capabilities: INTERNET&NOT_RESTRICTED&TRUSTED] ]
01-17 14:22:13.541 3768 4072 D ConnectivityService: sending notification for NetworkRequest [ id=1252, legacyType=-1, [ Capabilities: INTERNET&NOT_RESTRICTED&TRUSTED] ]
01-17 14:22:13.541 3768 4072 D ConnectivityService: sending notification CAP_CHANGED for NetworkRequest [ id=1252, legacyType=-1, [ Capabilities: INTERNET&NOT_RESTRICTED&TRUSTED] ]
01-17 14:22:13.541 3768 4072 D ConnectivityService: sending notification for NetworkRequest [ id=1261, legacyType=-1, [ Capabilities: INTERNET&NOT_RESTRICTED&TRUSTED] ]
01-17 14:22:13.543 3768 4072 D ConnectivityService: sending notification CAP_CHANGED for NetworkRequest [ id=1261, legacyType=-1, [ Capabilities: INTERNET&NOT_RESTRICTED&TRUSTED] ]
01-17 14:22:13.543 3768 4072 D ConnectivityService: sending notification for NetworkRequest [ id=1262, legacyType=-1, [ Capabilities: INTERNET&NOT_RESTRICTED&TRUSTED] ]
01-17 14:22:13.543 3768 4072 D ConnectivityService: sending notification CAP_CHANGED for NetworkRequest [ id=1262, legacyType=-1, [ Capabilities: INTERNET&NOT_RESTRICTED&TRUSTED] ]
01-17 14:22:13.543 3768 4072 D ConnectivityService: sending notification for NetworkRequest [ id=1271, legacyType=-1, [ Capabilities: INTERNET&NOT_RESTRICTED&TRUSTED] ]
01-17 14:22:13.543 3768 4072 D ConnectivityService: sending notification CAP_CHANGED for NetworkRequest [ id=1271, legacyType=-1, [ Capabilities: INTERNET&NOT_RESTRICTED&TRUSTED] ]
01-17 14:22:13.543 3768 4072 D ConnectivityService: sending notification for NetworkRequest [ id=1272, legacyType=-1, [ Capabilities: INTERNET&NOT_RESTRICTED&TRUSTED] ]
01-17 14:22:13.543 3768 4072 D ConnectivityService: sending notification CAP_CHANGED for NetworkRequest [ id=1272, legacyType=-1, [ Capabilities: INTERNET&NOT_RESTRICTED&TRUSTED] ]
01-17 14:22:13.544 3768 4135 D SemContextManager: onSemContextChanged() : event = Auto Brightness
01-17 14:22:13.544 3768 4135 D SContextManager: onSContextChanged() : event = Auto Brightness
01-17 14:22:13.545 3768 4135 D AutomaticBrightnessController: [DAB] onSensorHubChanged : 1st lux = 18.0, 1st candela = 100.0
01-17 14:22:13.545 3768 4135 D AutomaticBrightnessController: [DAB] use ManualAutoBrightness is changed from false -> true
01-17 14:22:13.545 3768 4135 D AutomaticBrightnessController: [DAB] updateAutoBrightnessSEC : 90(89.83872) 0.0 < 18.0 < 156.0 (0.0)
01-17 14:22:13.545 3768 4135 D AutomaticBrightnessController: mCallbacks.updateBrightness()
01-17 14:22:13.545 3768 3890 D DisplayPowerController: animateScreenStateChange[0]: target=2
01-17 14:22:13.545 3768 3890 D DisplayPowerController: animateScreenStateChange[0]: return as screen on blocked
01-17 14:22:13.545 3768 3890 D DisplayPowerController: [Dual Screen Compatible] state[0] :2
01-17 14:22:13.545 3768 3890 D DisplayPowerController: getFinalBrightness : Summary is 79 -> 79
01-17 14:22:13.545 3315 2719 I tlc_communication: mcWaitNotification is completed;237
01-17 14:22:13.545 3315 2719 I TLC_BAUTH: Check the Trustlet return code is completed;898
01-17 14:22:13.545 3768 3890 D DisplayPowerController: Animating brightness: target=79, rate=2000 (PSM:false, AB limit:(-1 ~ -1) MB Limit:(-1 ~ -1))
01-17 14:22:13.545 3315 2719 D bauth_FPBAuthService: check_opcode status = 0, opcode = 0, func_ret_val = 0, function_status = 0, timeout = 0
01-17 14:22:13.546 3315 2719 D bauth_FPBAuthService: FPBAuthService, 3368
01-17 14:22:13.546 3315 2719 D bauth_FPBAuthService: wci 60 60
01-17 14:22:13.546 3315 2719 D : fprc : cc
01-17 14:22:13.546 3315 2719 D bauth_FPBAuthSensorControl: FPBAuthSensorControl, 800
01-17 14:22:13.546 3315 2719 D bauth_FPBAuthService: FPBAuthService, 3499
01-17 14:22:13.546 3315 2719 I TLC_BAUTH: Call FP cmd 0x5;1123
01-17 14:22:13.546 3315 2719 I TLC_BAUTH: Check Input Data Param buf addr = 0x0x0 , length = 0;1152
01-17 14:22:13.546 3315 2719 I TLC_BAUTH: Check Output Data Param buf addr = 0x0x0 , length = 0;1163
01-17 14:22:13.546 3315 2719 I tlc_communication: Send Trustlet TCI Message;214
01-17 14:22:13.546 3315 2719 I tlc_communication: mcNotify is completed;224
01-17 14:22:13.548 3315 2719 I tlc_communication: mcWaitNotification is completed;237
01-17 14:22:13.548 3315 2719 I TLC_BAUTH: Check the Trustlet return code is completed;1207
01-17 14:22:13.548 3315 2719 D bauth_FPBAuthService: FPBAuthService, 3504
01-17 14:22:13.548 3315 2719 D bauth_FPBAuthService: check_opcode status = 2, opcode = 0, func_ret_val = 0, function_status = 0, timeout = 0
01-17 14:22:13.548 3315 2719 D bauth_FPBAuthService: FPBAuthService, 1314
01-17 14:22:13.548 3315 2719 D bauth_FPBAuthService: fpop : 100020
01-17 14:22:13.548 3315 2719 D fingerprintd: onAcquired(10001)
01-17 14:22:13.548 3315 2719 D bauth_FPBAuthUserInfo: FPBAuthUserInfo, 177
01-17 14:22:13.548 3315 2719 D bauth_FPBAuthService: FPBAuthService, 3557
01-17 14:22:13.548 3315 2719 I TLC_BAUTH: Call FP cmd 0x6;1222
01-17 14:22:13.548 3315 2719 I tlc_communication: Send Trustlet TCI Message;214
01-17 14:22:13.548 3315 2719 I tlc_communication: mcNotify is completed;224
01-17 14:22:13.551 3768 3768 D CAE : doCommendProcess(ContextAwareService.java:435) - complete notify the operation result.
01-17 14:22:13.551 3768 3768 I CAE : displayUsedCountForService(ContextAwareService.java:527) - totalCnt = 1, serviceCount = 1, subCollectionCount = 0
01-17 14:22:13.552 3768 3768 D CAE : showListenerList(ContextAwareService.java:368) - ===== Context Aware Service List =====
01-17 14:22:13.552 3768 3768 I CAE : showListenerList(ContextAwareService.java:377) - Listener : com.samsung.android.contextaware.manager.ContextAwareService$Listener@40115b, Service : ACTIVITY_TRACKER_CURRENT_INFO(1)
01-17 14:22:13.552 3768 3768 I CAE : showListenerList(ContextAwareService.java:377) - Listener : com.samsung.android.contextaware.manager.ContextAwareService$Listener@40115b, Service : ACTIVITY_TRACKER(1)
01-17 14:22:13.552 3768 3768 I CAE : showListenerList(ContextAwareService.java:377) - Listener : com.samsung.android.contextaware.manager.ContextAwareService$Listener@2072bb5, Service : ANY_MOTION_DETECTOR_RUNNER(1)
01-17 14:22:13.552 3768 3768 I CAE : showListenerList(ContextAwareService.java:377) - Listener : com.samsung.android.contextaware.manager.ContextAwareService$Listener@a7e4b3, Service : AUTO_BRIGHTNESS(1)
01-17 14:22:13.553 3768 3768 W CAE : registerCallback(ContextAwareService.java:182) - [regi 02] Mutex is unlocked for ACTIVITY_TRACKER
01-17 14:22:13.553 3768 3768 D SemContextService: .registerCallback : 3, client=
01-17 14:22:13.553 3768 3768 D SemContextService: ===== SemContext Service List =====
01-17 14:22:13.553 3768 3768 D SemContextService: Listener : com.samsung.android.hardware.context.SemContextService$Listener@f5cf24a, Service : Any Motion Detector
01-17 14:22:13.553 3768 3768 D SemContextService: Listener : com.samsung.android.hardware.context.SemContextService$Listener@49d1a70, Service : Auto Brightness
01-17 14:22:13.553 3768 3768 D SemContextService: Listener : com.samsung.android.hardware.context.SemContextService$Listener@232190f, Service : Activity Tracker
01-17 14:22:13.553 3768 3768 D SemContextManager: .registerListener : listener = android.hardware.scontext.SContextManager$SContextListenerDelegate@a29f2d1, service=Activity Tracker
01-17 14:22:13.553 3768 3768 D SContextManager: .registerListener : listener = com.android.server.wifi.WifiServiceImpl$1@ec66d0c, service=Activity Tracker
01-17 14:22:13.553 3768 3768 W CAE : getContextInfo(ContextAwareService.java:459) - [getContext 01] Mutex is locked for ACTIVITY_TRACKER_CURRENT_INFO
01-17 14:22:13.553 3768 3768 V CAE : enable(ActivityTrackerCurrentInfoRunner.java:178)
01-17 14:22:13.554 3768 3768 V CAE : clear(ActivityTrackerCurrentInfoRunner.java:202)
01-17 14:22:13.554 3768 3768 I CAE : sendCmdToSensorHub(SensorHubCommManager.java:162) - -72, 26, 1, 0,
01-17 14:22:13.554 3768 3768 D SensorHubManager: SendSensorHubData: send data = -72, 26, 1, 0
01-17 14:22:13.554 3275 3275 D Sensorhubs: sendContextData: -72, 26, 1, 0
01-17 14:22:13.554 3768 4039 D BigDataItemCURR: analyze kernel wifi wakelock
01-17 14:22:13.557 3768 3768 D CAE : getFaultDetectionResult(ActivityTrackerCurrentInfoRunner.java:214) - true
01-17 14:22:13.558 3768 3768 I CAE : notifyCmdProcessResultObserver(ContextProvider.java:627) - CheckResult = 0, Cause = Success
01-17 14:22:13.568 3768 3768 W CAE : getContextInfo(ContextAwareService.java:513) - [getContext 02] Mutex is unlocked for ACTIVITY_TRACKER_CURRENT_INFO
01-17 14:22:13.568 3768 3768 D SemContextService: requestToUpdate() : service = Activity Tracker
01-17 14:22:13.568 3768 3768 D SemContextManager: .requestToUpdate : listener = android.hardware.scontext.SContextManager$SContextListenerDelegate@a29f2d1, service=Activity Tracker
01-17 14:22:13.570 3768 3768 I FingerprintService: handleAcquired : acquiredInfo=10001
01-17 14:22:13.577 3275 3334 D Sensorhubs: readContextData: 1, 1, 26, 1, 3, 21, 96, -73, 0, 0
01-17 14:22:13.577 3768 3973 D SensorHubManager: onGetSensorHubDataLocked: library(10) = 1, 1, 26, 1, 3, 21, 96, -73, 0, 0
01-17 14:22:13.577 3768 3972 D CAE : onGetSensorHubData(SensorHubParserProvider.java:92) - onGetSensorHubData Event [event buffer len :10], AP_WAKEUP
01-17 14:22:13.577 3768 3972 I CAE : parse(SensorHubParserProvider.java:189) - buffer size = 10
01-17 14:22:13.578 3768 3972 I CAE : parse(SensorHubParserProvider.java:200) - 1, 1, 26, 1, 3, 21, 96, -73, 0, 0,
01-17 14:22:13.578 3768 3972 D CAE : display(ContextProvider.java:375) - ================= ACTIVITY_TRACKER =================
01-17 14:22:13.578 3768 3972 I CAE : display(ContextProvider.java:391) - Accuracy=[0], OperationMode=[0], ActivityType=[0], TimeStamp=[1516198932663]
01-17 14:22:13.580 3768 3975 D SemContextService: updateContext() : event = Activity Tracker
01-17 14:22:13.580 3768 3768 D SemContextManager: onSemContextChanged() : event = Activity Tracker
01-17 14:22:13.580 3768 3768 D SContextManager: onSContextChanged() : event = Activity Tracker
01-17 14:22:13.580 3768 3768 D WifiService: onSContextChanged(): status - 0, mPrevActivityStatus - -1, accuracy - 0
01-17 14:22:13.580 3768 3768 D WifiStateMachine: setActivityStatus() : status - 0
01-17 14:22:13.586 4666 4666 D EPDG -- [EPDGService]: onDataActivity: direction=0
01-17 14:22:13.586 4222 4499 D NetworkController.MobileSignalController(0/1): onDataActivity: direction=0
01-17 14:22:13.589 4666 4666 D EPDG -- [EPDGService]: onDataActivity: direction=0
01-17 14:22:13.589 4222 4499 D NetworkController.MobileSignalController(0/1): onDataActivity: direction=0
01-17 14:22:13.589 3768 5292 D SamsungAlarmManager: Cancel Alarm calling from uid:1001 pid :4145 / op:PendingIntent{3916d9c: PendingIntentRecord{ac53598 com.android.phone broadcastIntent}}
01-17 14:22:13.592 3275 3334 D Sensorhubs: readContextData: 1, 1, 26, 1, 3, 21, 96, -13, 1, 1
01-17 14:22:13.592 3768 3973 D SensorHubManager: onGetSensorHubDataLocked: library(10) = 1, 1, 26, 1, 3, 21, 96, -13, 1, 1
01-17 14:22:13.592 3768 3972 D CAE : onGetSensorHubData(SensorHubParserProvider.java:92) - onGetSensorHubData Event [event buffer len :10], AP_WAKEUP
01-17 14:22:13.593 3768 3972 I CAE : parse(SensorHubParserProvider.java:189) - buffer size = 10
01-17 14:22:13.593 3768 3972 I CAE : parse(SensorHubParserProvider.java:200) - 1, 1, 26, 1, 3, 21, 96, -13, 1, 1,
01-17 14:22:13.593 3768 3972 D CAE : display(ContextProvider.java:375) - ================= ACTIVITY_TRACKER =================
01-17 14:22:13.593 3768 3972 I CAE : display(ContextProvider.java:391) - Accuracy=[1], OperationMode=[0], ActivityType=[1], TimeStamp=[1516198932723]
01-17 14:22:13.594 3768 3975 D SemContextService: updateContext() : event = Activity Tracker
01-17 14:22:13.594 3768 3768 D SemContextManager: onSemContextChanged() : event = Activity Tracker
01-17 14:22:13.594 3768 3768 D SContextManager: onSContextChanged() : event = Activity Tracker
01-17 14:22:13.594 3768 3768 D WifiService: onSContextChanged(): status - 1, mPrevActivityStatus - 0, accuracy - 1
01-17 14:22:13.594 3768 3768 D WifiStateMachine: setActivityStatus() : status - 1
01-17 14:22:13.595 3768 5648 D SamsungAlarmManager: setInexact Intent (T:3/F:8/AC:false) 20180117T142313 - CU:1001/CP:4145
01-17 14:22:13.595 4145 4145 D PhoneApp: PhoneAppBroadcastReceiver onReceive android.intent.action.ANY_DATA_STATE
01-17 14:22:13.597 4145 4145 D PhoneApp: mReceiver: ACTION_ANY_DATA_CONNECTION_STATE_CHANGED
01-17 14:22:13.597 4145 4145 D PhoneApp: - state: CONNECTED apnType= ims
01-17 14:22:13.597 4145 4145 D PhoneApp: - reason: SCREEN_ON
01-17 14:22:13.597 4145 4145 D PhoneApp: - subId: 1
01-17 14:22:13.597 4145 4145 D PhoneApp: - phoneId: 0
01-17 14:22:13.597 4145 4145 I PhoneApp: Phone.REASON_ROAMING_ON : roamingOn
01-17 14:22:13.597 4145 4145 I PhoneApp: PhoneConstants.STATE_CHANGE_REASON_KEY : SCREEN_ON
01-17 14:22:13.597 4145 4145 D PhoneApp: disconnectedDueToRoaming = false PhoneUtils.isDataRoaming() = false
01-17 14:22:13.597 4145 4145 I PhoneApp: reason : SCREEN_ON
01-17 14:22:13.597 4145 4145 I PhoneApp: disconnectedDueToRoaming : false
01-17 14:22:13.598 4145 4145 I PhoneApp: getPhone().getDataRoamingEnabled() : false
01-17 14:22:13.598 4145 4145 I PhoneApp: intent.getStringExtra(PhoneConstants.STATE_KEY) : CONNECTED
01-17 14:22:13.599 4145 4145 I PhoneApp: TelephonyManager.getDefault().getDataEnabled() : true
01-17 14:22:13.599 4145 4145 I PhoneApp: PhoneUtils.isDataRoaming() : false
01-17 14:22:13.599 4145 4145 I PhoneApp: SingleSIM reason = SCREEN_ON
01-17 14:22:13.599 4145 4145 D PhoneApp: SingleSIM 3 reason = SCREEN_ON
01-17 14:22:13.599 4145 4145 D FileWriteThread_Telephony: FileWriteThread : threadType = 3
01-17 14:22:13.600 4145 4145 D PhoneApp: EVENT_DATA_ROAMING_OK
01-17 14:22:13.631 3315 2719 I tlc_communication: mcWaitNotification is completed;237
01-17 14:22:13.631 3315 2719 I TLC_BAUTH: Check the Trustlet return code is completed;1288
01-17 14:22:13.631 3315 2719 D bauth_FPBAuthService: check_opcode status = 2, opcode = 4, func_ret_val = 0, function_status = 1, timeout = -1
01-17 14:22:13.631 3315 2719 D bauth_FPBAuthService: FPBAuthService, 1360
01-17 14:22:13.631 3315 2719 D bauth_FPBAuthSensorControl: FPBAuthSensorControl, 432
01-17 14:22:13.631 3315 2719 D bauth_FPBAuthSensorControl: FPBAuthSensorControl, 390
01-17 14:22:13.631 3315 2719 D bauth_FPBAuthService: FPBAuthService, 1377
01-17 14:22:13.632 3315 2719 D bauth_FPBAuthSensorControl: FPBAuthSensorControl, 552
01-17 14:22:13.637 3768 3895 D SurfaceControl: Excessive delay in setPowerMode(): 239ms
01-17 14:22:13.637 3768 3895 D PowerManagerUtil: Excessive delay in !@display_state: ON: 240ms
01-17 14:22:13.637 3768 3890 D DisplayPowerController: animateScreenStateChange[0]: target=2
01-17 14:22:13.637 3768 2722 D MISC PowerHAL: sysfs_write +: /sys/class/input/event0/device/enabled: 1
01-17 14:22:13.637 3768 3890 D DisplayPowerController: animateScreenStateChange[0]: return as screen on blocked
01-17 14:22:13.637 3768 2722 D MISC PowerHAL: sysfs_write -: /sys/class/input/event0/device/enabled: 1
01-17 14:22:13.637 3768 3890 D DisplayPowerController: [Dual Screen Compatible] state[0] :2
01-17 14:22:13.637 3768 2723 D MISC PowerHAL: sysfs_write +: /sys/class/input/event1/device/enabled: 1
01-17 14:22:13.637 3768 3890 D DisplayPowerController: getFinalBrightness : Summary is 79 -> 79
01-17 14:22:13.637 3768 3890 D DisplayPowerController: Animating brightness: target=79, rate=2000 (PSM:false, AB limit:(-1 ~ -1) MB Limit:(-1 ~ -1))
01-17 14:22:13.637 3768 5325 D WindowManager: finishDrawingWindow: Window{f50537bd0 u0 StatusBar} mDrawState=DRAW_PENDING
01-17 14:22:13.640 3768 3992 I WindowManager: Ignoring HOME; down is not pressed.
01-17 14:22:13.642 3768 3849 D DisplayPowerController: [api] WindowManagerPolicy.ScreenOnListener : Received onScreenOn().
01-17 14:22:13.642 3768 3890 I DisplayPowerController: Unblocked screen on after 247 ms
01-17 14:22:13.642 3768 3890 D DisplayPowerController: animateScreenStateChange[0]: target=2
01-17 14:22:13.642 3768 3890 D ColorFade: prepare: mode=2
01-17 14:22:13.642 3768 3890 D ColorFade: ColorFade is already prepared
01-17 14:22:13.643 3768 3890 D DisplayPowerController: ColorFade: onAnimationStart
01-17 14:22:13.643 3768 3890 D DisplayPowerState: !@ [0] ColorFade exit
01-17 14:22:13.643 3768 3890 D PowerManagerService: [input device light] onColorFadeExit(true)
01-17 14:22:13.643 3768 3890 D DisplayPowerController: [Dual Screen Compatible] state[0] :2
01-17 14:22:13.643 3768 3890 D DisplayPowerController: getFinalBrightness : Summary is 79 -> 79
01-17 14:22:13.643 3768 3890 D DisplayPowerController: Animating brightness: target=79, rate=2000 (PSM:false, AB limit:(-1 ~ -1) MB Limit:(-1 ~ -1))
01-17 14:22:13.643 3768 3890 D DisplayPowerState: Requesting new screen state: [0] state=ON, backlight (By colorFade)=79
01-17 14:22:13.643 3768 3890 D DisplayPowerController: [Dual Screen Compatible] state[0] :2
01-17 14:22:13.643 3768 3890 D DisplayPowerController: getFinalBrightness : Summary is 79 -> 79
01-17 14:22:13.643 3768 3890 D DisplayPowerController: Animating brightness: target=79, rate=2000 (PSM:false, AB limit:(-1 ~ -1) MB Limit:(-1 ~ -1))
01-17 14:22:13.643 3768 4136 D DisplayPowerState: Updating screen state [0]: state=ON, backlight (by ColorFade)=79
01-17 14:22:13.643 3768 4136 D lights : lcd : 79 +
01-17 14:22:13.645 3768 2724 D TspStateManagerInternal: update cmd=set_grip_data,1,60,10,32,768
01-17 14:22:13.645 3768 4136 D lights : lcd : 79 -
01-17 14:22:13.645 3315 2719 D bauth_FPBAuthSensorControl: FPBAuthSensorControl, 474
01-17 14:22:13.646 3315 2719 D bauth_FPBAuthSensorControl: FPBAuthSensorControl, 390
01-17 14:22:13.646 3315 2719 D bauth_FPBAuthSensorControl: FPBAuthSensorControl, 432
01-17 14:22:13.646 3315 2719 D bauth_FPBAuthService: FPBAuthService, 1509
01-17 14:22:13.646 3315 2719 D bauth_FPBAuthService: FPBAuthService, 1520
01-17 14:22:13.646 3315 2719 D bauth_FPBAuthSensorControl: FPBAuthSensorControl, 552
01-17 14:22:13.646 3315 2719 D bauth_FPBAuthService: FPBAuthService, 3557
01-17 14:22:13.646 3315 2719 I TLC_BAUTH: Call FP cmd 0x6;1222
01-17 14:22:13.646 3315 2719 I tlc_communication: Send Trustlet TCI Message;214
01-17 14:22:13.646 3315 2719 I tlc_communication: mcNotify is completed;224
01-17 14:22:13.649 4222 4222 D KeyguardFingerPrint: onAuthenticationAcquired() = 10001
01-17 14:22:13.649 4222 4222 D KeyguardFingerPrint: fingerprint applyBooster
01-17 14:22:13.651 3768 4959 D CustomFrequencyManagerService: acquireDVFSLockLocked : type : DVFS_MIN_LIMIT frequency : 1248000 uid : 1000 pid : 3768 pkgName : KEYGUARD_FINGERPRINT_BOOST@1
01-17 14:22:13.652 3768 5298 D PowerManagerService: [api] [s] userActivity : event: 0 flags: 0 (uid: 10005 pid: 4222) eventTime = 126572918
01-17 14:22:13.656 3768 3847 D GnssLocationProvider: receive broadcast intent, action: android.intent.action.SCREEN_ON
01-17 14:22:13.660 4684 4684 D FusedLocationReceiver_FLP: BroadcastReceiver : ACTION_SCREEN_ON
01-17 14:22:13.661 3768 3768 D PersonaManagerService: ACTION_SCREEN_ON onReceive
01-17 14:22:13.661 3768 3913 D PersonaManagerServiceHandler: MSG_ACTION_SCREEN_ON called
01-17 14:22:13.663 4666 4741 D EPDG -- [EPDGService]: getIsSimCardRemoved: returning: false
01-17 14:22:13.664 4158 4158 D BtGatt.GattService: LCD turned on
01-17 14:22:13.664 4158 4807 D BtGatt.ScanManager: handleLcdOnIntent
01-17 14:22:13.664 4158 4807 D BtGatt.ScanManager: handleLcdOnIntent
01-17 14:22:13.665 3768 3768 D SamsungAlarmManager: Cancel Alarm calling from uid:1000 pid :3768 / op:PendingIntent{51bbaf4: PendingIntentRecord{84b8187 android broadcastIntent}}
01-17 14:22:13.666 3768 3768 D SamsungAlarmManager: Cancel Alarm calling from uid:1000 pid :3768 / op:PendingIntent{c7d221d: PendingIntentRecord{5f3c617 android broadcastIntent}}
01-17 14:22:13.667 5228 5228 I HwDetectorWithState: #performNextHotwordAction action: 0
01-17 14:22:13.670 3768 5292 I EDMNativeHelperService: isMicrophoneEnabled
01-17 14:22:13.671 3294 3517 I APM_AudioPolicyManager: getInputForAttr() source 1999, samplingRate 16000, format 1, channelMask 10,session 23313, flags 0
01-17 14:22:13.671 3294 3517 V audio_hw_primary: adev_open_input_stream: request sample_rate:16000
01-17 14:22:13.671 3294 3517 V audio_hw_primary: in->requested_rate:16000, pcm_config_in.rate:48000 in->config.channels=2
01-17 14:22:13.671 3294 3517 D audio_hw_primary: adev_open_input_stream: preprocessing_latency = 0
01-17 14:22:13.671 3294 3517 I audio_hw_primary: adev_open_input_stream: input is null, set new input stream
01-17 14:22:13.672 3294 2727 I AudioFlinger: AudioFlinger's thread 0xe7383bc0 ready to run
01-17 14:22:13.679 3294 3484 I APM_AudioPolicyManager: startInput() input 15254
01-17 14:22:13.681 3294 2727 D audio_hw_primary: in_set_parameters: enter: kvpairs: input_source=6;routing=-2147483644
01-17 14:22:13.681 3294 2727 V audio_hw_primary: set_processing_type: input_source(6), processing_type(0)
01-17 14:22:13.681 3294 2727 I audio_hw_primary: do_in_standby : in->standby 1
01-17 14:22:13.681 3294 2727 I samsungRecord: [samsungrecord] MicCalonoff 1
01-17 14:22:13.681 3294 2727 V audio_hw_primary: in_set_parameters: exit: status(0)
01-17 14:22:13.685 4222 4222 I ViewCaptureUtil: Capture the lockscreen
01-17 14:22:13.686 5228 29754 I HotwordRecognitionRnr: Starting hotword detection.
01-17 14:22:13.688 5248 5248 D NfcService: Top activity class name = com.google.android.apps.docs.doclist.activity.DocListActivity
01-17 14:22:13.688 5248 5248 D NfcService: FactoryTestApp is not running, keep going
01-17 14:22:13.689 3768 5643 D CoverManagerWhiteLists: isAllowedToUse : SIGNATURE_MATCH
01-17 14:22:13.689 4222 4222 I ViewCaptureUtil: left shortcut is null
01-17 14:22:13.689 4222 4222 I ViewCaptureUtil: right shortcut is null
01-17 14:22:13.689 5248 5248 I NfcService: When receiving ACTION_SCREEN_ON, S view cover is already opened. So screenState is ON_LOCKED by isKeyguardLocked()
01-17 14:22:13.691 5248 2728 D NfcService: call the applyRouting
01-17 14:22:13.692 3294 2727 V audio_hw_primary: start_input_stream: set_hw_echoReference_enable(false)
01-17 14:22:13.692 3294 2727 W audio_hw_primary: start_input_stream echoReference effect is not supported.
01-17 14:22:13.692 5248 2728 D NfcService: Screen Cmd value : 2
01-17 14:22:13.699 5427 5427 D PeopleStripeService: ACTION_SCREEN_ON
01-17 14:22:13.699 5427 5427 D EdgeLightingScreenStatus: setOnTime
01-17 14:22:13.709 6827 6827 D CocktailBarUiController: ACTION_SCREEN_ON
01-17 14:22:13.709 6827 6827 D AbstractCocktailPanelView: setPanelVisible: CocktailPortraitRemotePanelView2 will be hidden: 6
01-17 14:22:13.709 6827 6827 D CocktailBarPanelVisibilityManager: updateActivePanelView: vis=false screenOn=true onTransit=false -hide: 6 current Active: 6
01-17 14:22:13.710 6827 6827 I TrayUsageStatesWatcher: getResumeComponentName : ComponentInfo{com.google.android.apps.docs/com.google.android.apps.docs.doclist.activity.DocListActivity}
01-17 14:22:13.710 6827 6827 I AbstractCocktailPanelView: notifyPanelVisibilityChanged: visibility not changed 2 id: 6
01-17 14:22:13.711 4222 4222 D CoverUpdateMonitor: received broadcast android.intent.action.SCREEN_ON
01-17 14:22:13.711 3768 2723 D MISC PowerHAL: sysfs_write -: /sys/class/input/event1/device/enabled: 1
01-17 14:22:13.712 3768 3895 D MISC PowerHAL: sysfs_write +: /sys/class/power_supply/battery/lcd: 1
01-17 14:22:13.712 3768 3895 D MISC PowerHAL: sysfs_write -: /sys/class/power_supply/battery/lcd: 1
01-17 14:22:13.712 3768 3895 D PowerManagerService-JNI: Excessive delay in MISC setInteractive(true) while turning screen on: 75ms
01-17 14:22:13.712 3768 3895 D PowerManagerUtil: Excessive delay in nativeSetInteractive(true): 75ms
01-17 14:22:13.712 3768 3895 D PowerManagerUtil: Excessive delay in DisplayManagerInternal.requestDesiredDisplayState: 315ms
01-17 14:22:13.712 3768 4134 D lights : button : 1 +
01-17 14:22:13.712 3768 4134 D lights : button : 1 -
01-17 14:22:13.712 6827 6827 I Utils : isCurrentUser current = 0, ownerId = 0
01-17 14:22:13.712 6827 6827 I TrayVisibilityController: getComputedTrayVisible : keyguardState = 2
01-17 14:22:13.712 6827 6827 I TrayVisibilityController: updateTrayVisible : State : 2 visible = 1 mCurrentVisible = 2
01-17 14:22:13.713 3768 3768 I SurveyLogManager: mDeviceInfo.mScreen = true
01-17 14:22:13.716 6827 6827 D TrayStateController: putInputRect mDynamicInputRegion=193172336@LastEvent=t=1516198865500Rect(22, 0 - 67, 546),Rect=Rect(0, 0 - 0, 0)
01-17 14:22:13.717 6827 6827 D getActualActivityHeight: 1560
01-17 14:22:13.717 6827 6827 D TrayStateController: putInputRect mDynamicInputRegion=193172336@LastEvent=t=1516198865500Rect(22, 0 - 67, 546),Rect=Rect(22, 0 - 67, 546)
01-17 14:22:13.718 6827 6827 D getActualActivityHeight: 1560
01-17 14:22:13.718 6827 6827 D getActualActivityHeight: 1560
01-17 14:22:13.719 6827 6827 D TrayStateTrigger: getTriggerMarginOnTop retY=360 halfHandleSize=273 getTriggerPosition=26.73077
01-17 14:22:13.719 6827 6827 D getActualActivityHeight: 1560
01-17 14:22:13.720 6827 6827 D getActualActivityHeight: 1560
01-17 14:22:13.720 3294 2727 D audio_hw_primary: start_input_stream (0xe8d52460) in->config.rate:48000 in->config.format:0
01-17 14:22:13.721 3294 2727 D PreProcess: new SamsungRecord
01-17 14:22:13.721 3294 2727 D PreProcess: new NS
01-17 14:22:13.721 3294 2727 I samsungRecord: [samsungrecord] SamsungRecInit
01-17 14:22:13.721 3294 2727 D AudioInfo: can not find AudioDataPath for fileName:/miccalib.txt
01-17 14:22:13.721 3294 2727 I samsungRecord: [samsungrecordMIC]Use HardCoding Values
01-17 14:22:13.721 3768 5648 W CocktailBarStatePolicyController: updateWindowType: current window type is requested window type(1)
01-17 14:22:13.721 3294 2727 I samsungRecord: [samsungrecordMIC]Use HardCoding Values
01-17 14:22:13.722 3294 2727 D AudioInfo: can not find AudioDataPath for fileName:/samsungrec.txt
01-17 14:22:13.722 3294 2727 I samsungRecord: [samsungrecord]Use HardCoding Values
01-17 14:22:13.722 3294 2727 D SamsungRecord_NS: [SamsungRecord_NS] Init SR 16000
01-17 14:22:13.722 3294 2727 D SamsungRecord_NS: [SamsungRecord_NS] getLevel inputsource 6, ret_level 3
01-17 14:22:13.722 3294 2727 I samsungRecord: [samsungrecord] MicCalonoff 1
01-17 14:22:13.722 3768 5705 D PowerManagerService: [api] setButtonBrightnessLimit: 255
01-17 14:22:13.722 3294 2727 I audio_hw_primary: is_voice_wakeup : ret = 0 , wakeup_baby_cry_enabled = 0 , wakeup_mic_enabled = 0
01-17 14:22:13.722 3294 2727 V audio_hw_primary: select_devices output_scenario:-1 input_scenario:28 out_snd_device 0x0 in_snd_device:0xb
01-17 14:22:13.722 3294 2727 I audio_route: > audio_route_reset :
