01-17 14:22:42.756 3768 3878 V WallpaperManagerService: Wallpaper file change: evt=128 path=package-restrictions-backup.xml sys=false lock=false imagePending=false whichPending=0x0 written=true index=0
01-17 14:22:42.767 3768 3878 V WallpaperManagerService: Wallpaper file change: evt=8 path=package-restrictions.xml sys=false lock=false imagePending=false whichPending=0x0 written=true index=0
01-17 14:22:42.767 3768 3878 V WallpaperManagerService: Wallpaper file change: evt=512 path=package-restrictions-backup.xml sys=false lock=false imagePending=false whichPending=0x0 written=false index=0
01-17 14:22:42.767 3768 3909 D AASAinstall: there is not AASApackages.xml file
01-17 14:22:42.871 3768 3878 V WallpaperManagerService: Wallpaper file change: evt=128 path=package-restrictions-backup.xml sys=false lock=false imagePending=false whichPending=0x0 written=true index=0
01-17 14:22:42.874 3768 3909 I PackageManager: enforceEDMPermissionLI
01-17 14:22:42.874 3768 3878 V WallpaperManagerService: Wallpaper file change: evt=8 path=package-restrictions.xml sys=false lock=false imagePending=false whichPending=0x0 written=true index=0
01-17 14:22:42.875 3768 3878 V WallpaperManagerService: Wallpaper file change: evt=512 path=package-restrictions-backup.xml sys=false lock=false imagePending=false whichPending=0x0 written=false index=0
01-17 14:22:42.876 3306 3306 I SELinux : SELinux: seapp_context_lookup: seinfo=untrusted, level=s0:c512,c768, pkgname=appinventor.ai_manjot_chana93.Soundboard_Base
01-17 14:22:42.877 3306 3306 I SELinux : SELinux: seapp_context_lookup: seinfo=untrusted, level=s0:c512,c768, pkgname=appinventor.ai_manjot_chana93.Soundboard_Base
01-17 14:22:42.881 3306 3306 W SELinux : SELINUX: pkgdir_selabel_lookup, reloading seapp_contexts only once, pathname:/data/data/appinventor.ai_manjot_chana93.Soundboard_Base, uid:10277
01-17 14:22:42.881 3306 3306 W SELinux :
01-17 14:22:42.881 3306 3306 I SELinux : SELinux: seapp_context_lookup: seinfo=untrusted, level=s0:c512,c768, pkgname=appinventor.ai_manjot_chana93.Soundboard_Base
01-17 14:22:42.882 3306 3306 W SELinux : SELINUX: pkgdir_selabel_lookup, reloading seapp_contexts only once, pathname:/data/user_de/0/appinventor.ai_manjot_chana93.Soundboard_Base, uid:10277
01-17 14:22:42.882 3306 3306 W SELinux :
01-17 14:22:42.882 3306 3306 I SELinux : SELinux: seapp_context_lookup: seinfo=untrusted, level=s0:c512,c768, pkgname=appinventor.ai_manjot_chana93.Soundboard_Base
01-17 14:22:42.884 3768 3909 D SecureStorageService: Called signDexFileInsideZip primaryAbi=arm64
01-17 14:22:42.884 3768 3909 D SecureStorageService: apk path=/data/app/appinventor.ai_manjot_chana93.Soundboard_Base-1/base.apk
01-17 14:22:42.884 3768 3909 D SecureStorageService: uid=10277
01-17 14:22:42.884 3768 3909 D SecureStorageService: abi=64
01-17 14:22:42.884 3768 3909 D SecureStorageService: type=dex
01-17 14:22:42.959 2939 2939 I : SS_ART_lib [I]: permission is absent: /data/app/appinventor.ai_manjot_chana93.Soundboard_Base-1/base.apk
01-17 14:22:42.959 2939 2939 I : SS_ART_lib [I]: access to SS denied
01-17 14:22:42.961 3768 3909 E SecureStorageService: Process failed status=0x0200
01-17 14:22:42.961 3768 3909 W PackageManager: Can't sign the dex file!
01-17 14:22:42.962 3768 3909 I BackupManagerService: getAvailableRestoreToken() == 0
01-17 14:22:42.962 3768 3909 V BackupManagerService: restoreAtInstall pkg=appinventor.ai_manjot_chana93.Soundboard_Base token=19 restoreSet=0
01-17 14:22:42.962 3768 3909 I BackupManagerService: No restore set
01-17 14:22:42.962 3768 3909 V BackupManagerService: Finishing install immediately
01-17 14:22:42.965 3768 3909 I art : Starting a blocking GC Explicit
01-17 14:22:42.983 3768 5703 I ActivityManager: KPU : put [com.sec.enterprise.knox.cloudmdm.smdms] : 3900 K
01-17 14:22:42.983 3768 5703 I ActivityManager: Killing 2070:com.sec.enterprise.knox.cloudmdm.smdms/u0a163 (adj 906): DHA:empty #33
01-17 14:22:43.017 3768 4054 D ActivityManager: cleanUpApplicationRecord -- 2070
01-17 14:22:43.018 5248 411 D ForegroundUtils: could not check pending caller
01-17 14:22:43.083 3768 3878 V WallpaperManagerService: Wallpaper file change: evt=128 path=runtime-permissions.xml.bak sys=false lock=false imagePending=false whichPending=0x0 written=true index=0
01-17 14:22:43.110 3768 3878 V WallpaperManagerService: Wallpaper file change: evt=8 path=runtime-permissions.xml sys=false lock=false imagePending=false whichPending=0x0 written=true index=0
01-17 14:22:43.110 3768 3878 V WallpaperManagerService: Wallpaper file change: evt=512 path=runtime-permissions.xml.bak sys=false lock=false imagePending=false whichPending=0x0 written=false index=0
01-17 14:22:43.151 3768 3909 I art : Explicit concurrent mark sweep GC freed 118594(8MB) AllocSpace objects, 27(3MB) LOS objects, 19% free, 66MB/82MB, paused 1.654ms total 186.229ms
01-17 14:22:43.151 3768 3909 D PackageManager: result of install: 1{52022625}
01-17 14:22:43.151 3768 3779 I art : WaitForGcToComplete blocked for 178.689ms for cause HeapTrim
01-17 14:22:43.152 3306 3306 E : Couldn't opendir /data/app/vmdl709366076.tmp: No such file or directory
01-17 14:22:43.162 3768 3768 D KnoxMUMContainerPolicy: mPackageReceiver : action - android.intent.action.PACKAGE_ADDED
01-17 14:22:43.162 3768 3768 D KnoxMUMContainerPolicy: packageInstalledForExternalStorage appinventor.ai_manjot_chana93.Soundboard_Base
01-17 14:22:43.217 3768 3993 I InputReader: Reconfiguring input devices. changes=0x00000010
01-17 14:22:43.229 5427 5427 I PeoplePackageManager: onReceive:android.intent.action.PACKAGE_ADDED
01-17 14:22:43.234 4222 4222 D CoverUpdateMonitor: received broadcast android.intent.action.PACKAGE_ADDED
01-17 14:22:43.234 3768 3847 D AccessibilityManagerService: readMagniferWindowEnabledSettingLocked() magniferWindowEnabled = false/ userState.mIsMagniferWindowEnabled = false
01-17 14:22:43.237 9383 9383 V oneconnect[1.6.06-45_2]: AppPackageUtil.mPackageReceiver - action:android.intent.action.PACKAGE_ADDED, package:appinventor.ai_manjot_chana93.Soundboard_Base
01-17 14:22:43.240 5684 5684 V OMA_SmartcardService: TerminalStateChanged.
01-17 14:22:43.241 5684 5684 V OMA_SmartcardService: TerminalStateChanged/action:android.intent.action.PACKAGE_ADDED, pkgName:appinventor.ai_manjot_chana93.Soundboard_Base
01-17 14:22:43.241 5684 5684 V OMA_SmartcardService: updateTerminals/action:android.intent.action.PACKAGE_ADDED, pkgName:appinventor.ai_manjot_chana93.Soundboard_Base
01-17 14:22:43.256 3768 3848 D MountService: getExternalStorageMountMode : 1
01-17 14:22:43.256 3768 3848 D MountService: getExternalStorageMountMode : 3
01-17 14:22:43.256 3768 3848 D MountService: getExternalStorageMountMode : final mountMode=1, uid : 1000, packageName : com.samsung.aasaservice
01-17 14:22:43.280 5684 5684 I OMA_SmartcardService: Terminal list cnt : 2
01-17 14:22:43.284 4145 4145 D CarrierSvcBindHelper: No carrier app for: 0
01-17 14:22:43.285 4145 4145 D CarrierConfigLoader: mHandler: 9 phoneId: 0
01-17 14:22:43.287 5684 5684 I OMA_SmartcardService: TERMINAL_DISCOVERY pkg name : org.simalliance.openmobileapi.service/ name : eSE
01-17 14:22:43.289 5684 5684 I OMA_SmartcardService: TERMINAL_DISCOVERY pkg name : org.simalliance.openmobileapi.service/ name : SIM
01-17 14:22:43.289 26887 26887 I SpayFw_SpayProcessStatusChangeMonitor: PackageChangedReceiver action = android.intent.action.PACKAGE_ADDED
01-17 14:22:43.292 26887 26887 I SpayFw_SpayProcessStatusChangeMonitor: ensureHomePackagesLoaded - isHomePackageEmpty : false
01-17 14:22:43.293 2942 2942 E Zygote : v2
01-17 14:22:43.293 2942 2942 I libpersona: KNOX_SDCARD checking this for 1000
01-17 14:22:43.293 2942 2942 I libpersona: KNOX_SDCARD not a persona
01-17 14:22:43.294 2942 2942 E Zygote : accessInfo : 0
01-17 14:22:43.295 2942 2942 W SELinux : SELinux selinux_android_compute_policy_index : Policy Index[2], Con:u:r:zygote:s0 SPD:SEPF_SECMOBILE_7.0_0006 RAM:SEPF_SECMOBILE_7.0_0009, [-1 -1 -9 -1 0 1]
01-17 14:22:43.296 2942 2942 I SELinux : SELinux: seapp_context_lookup: seinfo=platform, pkgname=com.samsung.aasaservice
01-17 14:22:43.296 3768 3848 I ActivityManager: Start proc 2942:com.samsung.aasaservice/1000 for broadcast com.samsung.aasaservice/.AASAUpdateReceiver
01-17 14:22:43.296 4222 4222 D RecentsAppListLoader: getFrequentlyUsedAppCount - count=0
01-17 14:22:43.300 3768 3847 I AccessibilityManagerService: semIsAccessibilityServiceEnabled()
01-17 14:22:43.303 3768 3847 D EnterpriseDeviceManagerService: Package has changed for user 0
01-17 14:22:43.303 3768 3847 D EnterpriseDeviceManagerService: Admin package name: com.google.android.gms
01-17 14:22:43.306 2857 2857 D ViewRootImpl@457e009[PackageInstallerActivity]: dispatchDetachedFromWindow
01-17 14:22:43.307 3768 5701 I WindowManager_SurfaceController: Destroying surface Surface(name=com.google.android.packageinstaller/com.android.packageinstaller.PackageInstallerActivity) called by com.android.server.wm.WindowStateAnimator.destroySurface:2840 com.android.server.wm.WindowStateAnimator.destroySurfaceLocked:1070 com.android.server.wm.WindowState.removeLocked:1783 com.android.server.wm.WindowManagerService.removeWindowInnerLocked:2889 com.android.server.wm.WindowManagerService.removeWindowLocked:2829 com.android.server.wm.WindowManagerService.removeWindowLocked:2654 com.android.server.wm.WindowManagerService.removeWindow:2649 com.android.server.wm.Session.remove:218
01-17 14:22:43.307 3197 3204 I SurfaceFlinger: id=10423 Removed QackageInst (5/8)
01-17 14:22:43.310 3197 3204 I SurfaceFlinger: id=10423 Removed QackageInst (-2/8)
01-17 14:22:43.313 3768 5325 W ActivityManager: Permission Denial: Accessing service ComponentInfo{com.google.android.music/com.google.android.music.dial.DialMediaRouteProviderService} from pid=7255, uid=10017 that is not exported from uid 10137
01-17 14:22:43.313 5248 5248 D RegisteredServicesCache: invalidateCache
01-17 14:22:43.320 3768 5701 D InputTransport: Input channel destroyed: fd=531
01-17 14:22:43.321 2857 2857 D InputTransport: Input channel destroyed: fd=58
01-17 14:22:43.322 3768 5317 I MultiWindowManagerService: setTaskDimensions: Task=TaskRecord{dbb4eeed0 #15979 A=com.google.android.packageinstaller U=0 StackId=1 sz=1} minWidth=-1 minHeight=-1 maxWidth=-1 maxHeight=-1
01-17 14:22:43.326 3197 3197 W SurfaceFlinger: couldn't log to binary event log: overflow.
01-17 14:22:43.329 2942 2942 D TimaKeyStoreProvider: TimaSignature is unavailable
01-17 14:22:43.329 2942 2942 D ActivityThread: Added TimaKeyStore provider
01-17 14:22:43.334 3768 5305 I ActivityManager: DSS on for com.samsung.aasaservice and scale is 1.0
01-17 14:22:43.341 5248 5248 D ApduServiceInfo: seId: 0
01-17 14:22:43.343 3768 3768 D UcmService: onReceive android.intent.action.PACKAGE_ADDED
01-17 14:22:43.343 3768 3768 D UcmService: Package update in userId-0 and uid-10277
01-17 14:22:43.344 3768 3768 D UcmService: isSystemUCMPlugin pkgName-appinventor.ai_manjot_chana93.Soundboard_Base
01-17 14:22:43.344 3768 3768 D UcmService: isPCSCService pkgName-appinventor.ai_manjot_chana93.Soundboard_Base
01-17 14:22:43.345 3768 3768 W PackageManager: STAHP USING HIDDEN APIS KTHX
01-17 14:22:43.345 3768 3768 E SDAgentPackageStateReceiver: Not going to handle 'appinventor.ai_manjot_chana93.Soundboard_Base'!
01-17 14:22:43.345 3768 3768 D EnterprisePremiumVpnPolicyServiceV2: Vpn Receiver : android.intent.action.PACKAGE_ADDED
01-17 14:22:43.345 3768 3768 D KnoxVpnEngineService: Vpn Receiver : android.intent.action.PACKAGE_ADDED
01-17 14:22:43.345 3768 4026 I EnterprisePremiumVpnPolicyServiceV2: vpn handle : Message received
01-17 14:22:43.345 3768 4026 D EnterprisePremiumVpnPolicyServiceV2: vpn handle : Handle MSG package add
01-17 14:22:43.346 3768 3768 V EnterpriseBillingAsyncHandler: packageModificationReceiver - onreceive - start - android.intent.action.PACKAGE_ADDED
01-17 14:22:43.346 3768 3768 D PersonaPolicyManagerService: PersonaPolicyReceiver Receiver : android.intent.action.PACKAGE_ADDED
01-17 14:22:43.346 3768 3768 D CocktailBarManagerServiceContainer: onReceive : android.intent.action.PACKAGE_ADDED
01-17 14:22:43.346 3768 4131 V EnterpriseBillingPolicyInternal: packageModification - start - android.intent.action.PACKAGE_ADDED
01-17 14:22:43.346 3768 4131 V EnterpriseBillingPolicyInternal: uID is 10277
01-17 14:22:43.346 3768 4131 V EnterpriseBillingPolicyInternal: Removed Packageuid is0
01-17 14:22:43.346 3768 4131 V EnterpriseBillingPolicyStorage: getProfileForApplication - enter
01-17 14:22:43.346 3768 3768 D BackupManagerService: Received broadcast Intent { act=android.intent.action.PACKAGE_ADDED dat=package:appinventor.ai_manjot_chana93.Soundboard_Base flg=0x4000010 launchParam=MultiScreenLaunchParams { mDisplayId=0 mFlags=0 } bqHint=1 (has extras) }
01-17 14:22:43.348 3768 4131 V EnterpriseBillingPolicyStorage: getProfileForApplication - exit null : containerId = 0
01-17 14:22:43.348 3768 4131 V EnterpriseBillingPolicyInternal: packageModificationReceiver - onreceive - personal application - profile null
01-17 14:22:43.356 5248 5248 D ApduServiceInfo: seId: 0
01-17 14:22:43.356 3768 4027 I KnoxVpnEngineService: vpn handle : Message received
01-17 14:22:43.356 3768 4027 D KnoxVpnEngineService: vpn handle : Handle MSG package add
01-17 14:22:43.426 3768 3768 V BackupManagerService: addPackageParticipantsLocked: #1
01-17 14:22:43.426 3768 3768 V BackupManagerService: Examining appinventor.ai_manjot_chana93.Soundboard_Base for backup agent
01-17 14:22:43.427 3768 3768 V AlarmManagerEXT: appinventor.ai_manjot_chana93.Soundboard_Base(10277) is added to mUserAppList
01-17 14:22:43.427 3768 3768 D AccessibilityManagerService: checkUniversalSwitchState start:
01-17 14:22:43.427 3768 3768 D AccessibilityManagerService: checkUniversalSwitchState universalSwitchEnabled:false
01-17 14:22:43.427 3768 3768 D AccessibilityManagerService: updateInputFilter universalSwitchState:false
01-17 14:22:43.427 3768 3768 D AccessibilityManagerService: updateInputFilter userState.mIsUniversalSwitchEnabled:false
01-17 14:22:43.430 5248 5248 D ApduServiceInfo: seId: 0
01-17 14:22:43.431 5248 5248 D RegisteredOthersCache: start invalidate
01-17 14:22:43.431 5248 5248 D RegisteredOthersCache: Existed other serivcee
01-17 14:22:43.431 5248 5248 D RegisteredPoliciesCache: invalidate
01-17 14:22:43.431 5248 5248 D RegisteredAidCache: onServicePolicyUpdated
01-17 14:22:43.431 5248 5248 D RegisteredAidCache: generateAidPolicyMapLocked
01-17 14:22:43.432 5248 5248 D AidPolicyManager: print policy
01-17 14:22:43.432 5248 5248 D AidPolicyManager: table size : 0
01-17 14:22:43.443 3768 7224 I System.out: Thread-237(ApacheHTTPLog):isSBSettingEnabled false
01-17 14:22:43.443 2942 2942 W System : ClassLoader referenced unknown path: /system/app/AASAservice/lib/arm64
01-17 14:22:43.443 3768 7224 I System.out: Thread-237(ApacheHTTPLog):isShipBuild true
01-17 14:22:43.444 3768 7224 I System.out: Thread-237(ApacheHTTPLog):getDebugLevel 0x4f4c
01-17 14:22:43.444 3768 7224 I System.out: Thread-237(ApacheHTTPLog):Smart Bonding Setting is false
01-17 14:22:43.444 3768 7224 I System.out: Thread-237(ApacheHTTPLog):SmartBonding Setting is false, SHIP_BUILD is true, log to file is false, DBG is false, DEBUG_LEVEL (1-LOW, 2-MID, 3-HIGH) is 1
01-17 14:22:43.433 3768 4027 D KnoxVpnEngineService: Inside updatePackageData : packageName = 0_appinventor.ai_manjot_chana93.Soundboard_Base
01-17 14:22:43.457 3312 3866 D EnterpriseController: netId is 0
01-17 14:22:43.457 3312 3866 D Netd : getNetworkForDns: using netid 551 for uid 1000
01-17 14:22:43.457 3312 3866 D DnsProxyListener: DNSDBG::dns addrinfo af 0
01-17 14:22:43.471 5248 5248 D AidPolicyManager: There are not service policy for this aid
01-17 14:22:43.471 5248 5248 D AidPolicyManager: There are not service policy for this aid
01-17 14:22:43.471 5248 5248 D AidPolicyManager: There are not service policy for this aid
01-17 14:22:43.471 5248 5248 D AidPolicyManager: There are not service policy for this aid
01-17 14:22:43.471 5248 5248 D AidPolicyManager: There are not service policy for this aid
01-17 14:22:43.471 5248 5248 D AidPolicyManager: There are not service policy for this aid
01-17 14:22:43.471 5248 5248 D AidPolicyManager: There are not service policy for this aid
01-17 14:22:43.471 5248 5248 D AidPolicyManager: There are not service policy for this aid
01-17 14:22:43.471 5248 5248 D AidPolicyManager: There are not service policy for this aid
01-17 14:22:43.471 5248 5248 D AidPolicyManager: There are not service policy for this aid
01-17 14:22:43.471 5248 5248 D AidPolicyManager: There are not service policy for this aid
01-17 14:22:43.471 5248 5248 D AidPolicyManager: There are not service policy for this aid
01-17 14:22:43.471 5248 5248 D AidPolicyManager: There are not service policy for this aid
01-17 14:22:43.471 5248 5248 D AidPolicyManager: There are not service policy for this aid
01-17 14:22:43.471 5248 5248 D AidPolicyManager: There are not service policy for this aid
01-17 14:22:43.471 5248 5248 D AidPolicyManager: There are not service policy for this aid
01-17 14:22:43.471 5248 5248 D AidPolicyManager: There are not service policy for this aid
01-17 14:22:43.471 5248 5248 D AidPolicyManager: There are not service policy for this aid
01-17 14:22:43.471 5248 5248 D AidPolicyManager: There are not service policy for this aid
01-17 14:22:43.471 5248 5248 D AidPolicyManager: There are not service policy for this aid
01-17 14:22:43.471 5248 5248 D AidPolicyManager: There are not service policy for this aid
01-17 14:22:43.471 5248 5248 D AidPolicyManager: There are not service policy for this aid
01-17 14:22:43.471 5248 5248 D AidPolicyManager: There are not service policy for this aid
01-17 14:22:43.471 5248 5248 D AidPolicyManager: There are not service policy for this aid
01-17 14:22:43.471 5248 5248 D AidPolicyManager: There are not service policy for this aid
01-17 14:22:43.471 5248 5248 D AidPolicyManager: There are not service policy for this aid
01-17 14:22:43.471 5248 5248 D AidPolicyManager: There are not service policy for this aid
01-17 14:22:43.471 5248 5248 D AidPolicyManager: There are not service policy for this aid
01-17 14:22:43.471 5248 5248 D AidRoutingManager: Override power table is not changed
01-17 14:22:43.473 5248 5248 D RegisteredNfcFServicesCache: Service unchanged, not updating
01-17 14:22:43.486 5444 2956 E ApplicationPackageManager: checkSettingsForIconTray value : 0
01-17 14:22:43.488 5248 5248 D RegisteredComponentCache: Collect Tech packages for Knox
01-17 14:22:43.496 2942 2942 D ContextRelationMgrBrdg: loadKlass() : caller=com.samsung.android.bridge.multiscreen.common.ContextRelationManagerBridge.:28 android.app.LoadedApk.makeApplication:840
01-17 14:22:43.500 2942 2942 D AASAservice-UpdateReceiver: onReceive() : android.intent.action.PACKAGE_ADDED
01-17 14:22:43.501 2942 2942 E AASAservice-TokenRule: parseToken() : TokenFile is null
01-17 14:22:43.501 2942 2942 D AASAservice-UpdateReceiver: onReceive() : package = appinventor.ai_manjot_chana93.Soundboard_Base, uid = -1
01-17 14:22:43.502 3768 5325 D AASAinstall: there is not AASApackages.xml file
01-17 14:22:43.502 3768 5325 I AASAdebug: readUids-end
01-17 14:22:43.502 2942 2942 D AASAservice-AASABinder: getManagedSharedPkgList() : packageName - appinventor.ai_manjot_chana93.Soundboard_Base, uid - -1
01-17 14:22:43.596 3768 7202 D SSRM:k : SIOP:: AP = 340, PST = 309 (W:6), CP = 247, CUR = 435, LCD = 79
01-17 14:22:43.605 2942 2942 D AASAservice-UpdateReceiver: AASAUpdateReceiver : check SharedUID package.
01-17 14:22:43.605 2942 2942 I AASAservice-UpdateReceiver: AASAUpdateReceiver() : BLOCK BY PACKAGE
01-17 14:22:43.605 2942 2942 E AASAservice-UpdateReceiver: AASAUpdateReceiver : myrule is null.
01-17 14:22:43.611 3768 3882 D MARsDBManager: insertPackage appinventor.ai_manjot_chana93.Soundboard_Base uri = content://com.samsung.android.sm/AppFreezer/444
01-17 14:22:43.611 3768 3882 D MARsDBManager: onChange - mSmartManagerObserver! Uri = content://com.samsung.android.sm/AppFreezer
01-17 14:22:43.611 3768 3882 V MARsDBManager: getManagedPackagesFromDB!
01-17 14:22:43.614 2942 2942 I art : System.exit called, status: 0
01-17 14:22:43.614 2942 2942 I AndroidRuntime: VM exiting with result code 0, cleanup skipped.
01-17 14:22:43.641 3768 7224 I System.out: Category Thread calls detatch()
01-17 14:22:43.645 3768 5649 I ActivityManager: Process com.samsung.aasaservice (pid 2942) has died(41,1091)
01-17 14:22:43.645 3768 5649 D ActivityManager: cleanUpApplicationRecord -- 2942
01-17 14:22:43.648 5248 5260 D ForegroundUtils: could not check pending caller
01-17 14:22:43.656 3768 3848 D MountService: getExternalStorageMountMode : 1
01-17 14:22:43.656 3768 3848 D MountService: getExternalStorageMountMode : 3
01-17 14:22:43.656 3768 3848 D MountService: getExternalStorageMountMode : final mountMode=1, uid : 1000, packageName : com.samsung.android.bbc.bbcagent
01-17 14:22:43.679 2960 2960 E Zygote : v2
01-17 14:22:43.679 2960 2960 I libpersona: KNOX_SDCARD checking this for 1000
01-17 14:22:43.679 2960 2960 I libpersona: KNOX_SDCARD not a persona
01-17 14:22:43.680 2960 2960 E Zygote : accessInfo : 0
01-17 14:22:43.680 2960 2960 W SELinux : SELinux selinux_android_compute_policy_index : Policy Index[2], Con:u:r:zygote:s0 SPD:SEPF_SECMOBILE_7.0_0006 RAM:SEPF_SECMOBILE_7.0_0009, [-1 -1 -9 -1 0 1]
01-17 14:22:43.681 2960 2960 I SELinux : SELinux: seapp_context_lookup: seinfo=platform, pkgname=com.samsung.android.bbc.bbcagent
01-17 14:22:43.683 3768 3848 I ActivityManager: Start proc 2960:com.samsung.android.bbc.bbcagent/1000 for broadcast com.samsung.android.bbc.bbcagent/.bbccontroller.receiver.PackageEventReceiver
01-17 14:22:43.692 5444 2956 E ApplicationPackageManager: checkSettingsForIconTray value : 0
01-17 14:22:43.693 3768 3882 V MARsPolicyManager: getPkgInfoFromSMToMARs size = 65
01-17 14:22:43.703 2960 2960 D TimaKeyStoreProvider: TimaSignature is unavailable
01-17 14:22:43.704 2960 2960 D ActivityThread: Added TimaKeyStore provider
01-17 14:22:43.706 3768 5317 I ActivityManager: DSS on for com.samsung.android.bbc.bbcagent and scale is 1.0
01-17 14:22:43.719 3768 3847 W SearchableInfo: Invalid searchable metadata for com.sec.android.app.shealth/com.samsung.android.app.shealth.expert.consultation.india.ui.search.article.ExpertsIndiaArticleSearchActivity: Search label must be a resource reference.
01-17 14:22:43.720 3768 3847 W SearchableInfo: Invalid searchable metadata for com.sec.android.app.shealth/com.samsung.android.app.shealth.expert.consultation.india.ui.search.finddoctor.ExpertsIndiaSelectLocationActivity: Search label must be a resource reference.
01-17 14:22:43.726 2960 2960 W System : ClassLoader referenced unknown path: /system/app/BBCAgent/lib/arm64
01-17 14:22:43.736 3768 4039 D WifiStateMachine: Current network is: "SKY03AE5" , ID is: 1
01-17 14:22:43.739 2960 2960 D ContextRelationMgrBrdg: loadKlass() : caller=com.samsung.android.bridge.multiscreen.common.ContextRelationManagerBridge.:28 android.app.LoadedApk.makeApplication:840
01-17 14:22:43.756 3768 3847 W SearchableInfo: Invalid searchable metadata for com.samsung.android.themestore/.activity.bixby.SearchActivityForBixby: Search label must be a resource reference.
01-17 14:22:43.761 4145 4145 D VvmPackageInstallReceiver: onReceive intent : Intent { act=android.intent.action.PACKAGE_ADDED dat=package:appinventor.ai_manjot_chana93.Soundboard_Base flg=0x4000010 cmp=com.android.phone/.vvm.omtp.VvmPackageInstallReceiver launchParam=MultiScreenLaunchParams { mDisplayId=0 mFlags=0 } bqHint=1 (has extras) }
01-17 14:22:43.761 4145 4145 D VvmPackageInstallReceiver: intent getAction : android.intent.action.PACKAGE_ADDED
01-17 14:22:43.762 4145 4145 D VvmPackageInstallReceiver: phoneAccounts : []
01-17 14:22:43.776 3768 5642 D MountService: getExternalStorageMountMode : 1
01-17 14:22:43.776 3768 5642 D MountService: getExternalStorageMountMode : 3
01-17 14:22:43.776 3768 5642 D MountService: getExternalStorageMountMode : final mountMode=1, uid : 1000, packageName : com.android.settings
01-17 14:22:43.779 3768 3847 W SearchableInfo: Invalid searchable metadata for com.paypal.android.p2pmobile/com.paypal.android.foundation.presentation.activity.DeveloperConfigRcsFlagsActivity: Search label must be a resource reference.
01-17 14:22:43.780 5531 5628 E ContactsProvider_EventLog: Flush buffer to file cnt : 1 size : 0Kb duration : 4ms lastUpdatedAfter : 24832 ms mFlush_time_threasold : 2000 mCurrentSize : 121
01-17 14:22:43.793 2974 2974 E Zygote : v2
01-17 14:22:43.793 2974 2974 I libpersona: KNOX_SDCARD checking this for 1000
01-17 14:22:43.793 2974 2974 I libpersona: KNOX_SDCARD not a persona
01-17 14:22:43.793 3768 5642 I ActivityManager: Start proc 2974:com.android.settings/1000 for broadcast com.android.settings/com.samsung.android.settings.nearbyscan.NearbyScanningBroadCastReciever
01-17 14:22:43.794 2974 2974 E Zygote : accessInfo : 0
01-17 14:22:43.794 3768 3847 I PrintManagerService: onPackageAdded appinventor.ai_manjot_chana93.Soundboard_Base
01-17 14:22:43.794 2974 2974 W SELinux : SELinux selinux_android_compute_policy_index : Policy Index[2], Con:u:r:zygote:s0 SPD:SEPF_SECMOBILE_7.0_0006 RAM:SEPF_SECMOBILE_7.0_0009, [-1 -1 -9 -1 0 1]
01-17 14:22:43.795 2974 2974 I SELinux : SELinux: seapp_context_lookup: seinfo=platform, pkgname=com.android.settings
01-17 14:22:43.800 3768 3878 V WallpaperManagerService: Wallpaper file change: evt=128 path=cocktails.xml.bak sys=false lock=false imagePending=false whichPending=0x0 written=true index=0
01-17 14:22:43.800 5393 5393 D Launcher.Model: onPackageAdded:appinventor.ai_manjot_chana93.Soundboard_Base user:UserHandle{0}
01-17 14:22:43.800 5393 5393 D Launcher.Model: isValidStateInKnoxMode:false user:UserHandle{0}
01-17 14:22:43.801 5393 5393 E Launcher.Model: onPackageAdded :appinventor.ai_manjot_chana93.Soundboard_Base
01-17 14:22:43.801 5393 5601 D LauncherApps: getActivityList callingUid: 0 user: 0
01-17 14:22:43.807 3768 3878 V WallpaperManagerService: Wallpaper file change: evt=8 path=cocktails.xml sys=false lock=false imagePending=false whichPending=0x0 written=true index=0
01-17 14:22:43.807 3768 3878 V WallpaperManagerService: Wallpaper file change: evt=512 path=cocktails.xml.bak sys=false lock=false imagePending=false whichPending=0x0 written=false index=0
01-17 14:22:43.813 2974 2974 D TimaKeyStoreProvider: TimaSignature is unavailable
01-17 14:22:43.813 2974 2974 D ActivityThread: Added TimaKeyStore provider
01-17 14:22:43.815 3768 5702 I ActivityManager: DSS on for com.android.settings and scale is 1.0
01-17 14:22:43.821 3768 5703 D PackageManager: getComponentMetadataForIconTray : appinventor.ai_manjot_chana93.Soundboard_Base.Screen1 does not exist in mServices
01-17 14:22:43.821 3768 5703 D PackageManager: getComponentMetadataForIconTray : appinventor.ai_manjot_chana93.Soundboard_Base.Screen1 does not exist in mProviders
01-17 14:22:43.821 3768 5703 D PackageManager: getComponentMetadataForIconTray : appinventor.ai_manjot_chana93.Soundboard_Base.Screen1 does not exist in mReceivers
01-17 14:22:43.822 5393 5601 E ApplicationPackageManager: checkSettingsForIconTray value : 0
01-17 14:22:43.825 5393 5601 I ApplicationPackageManager: load=NULL, bg=144-144, dr=144-144, forDefault=true
01-17 14:22:43.825 5393 5601 E ApplicationPackageManager: checkSettingsForIconTray value : 0
01-17 14:22:43.826 5393 5601 I ApplicationPackageManager: scaled rate=0.88, size=144, alpha=0, hold=26, target=144
01-17 14:22:43.828 5393 5601 D LauncherActivityInfo: packageName: appinventor.ai_manjot_chana93.Soundboard_Base, needTray: true, height: 144, width: 144
01-17 14:22:43.832 5393 5601 D LauncherProvider: generateNewAppOrderId =264
01-17 14:22:43.832 5393 5601 D LauncherProvider: updateAppItems:1
01-17 14:22:43.835 5393 5601 D LauncherProvider: appOrder create app: 264, -1, -1, -1, false, Soundboard
01-17 14:22:43.840 5393 5393 I CUSTOMER.PostPosition: not exist in PositionInfo - appinventor.ai_manjot_chana93.Soundboard_Base.Screen1
01-17 14:22:43.850 5393 5601 D LauncherApps: getActivityList callingUid: 0 user: 0
01-17 14:22:43.852 5393 5601 D Launcher.MenuWidgetsLoader: packageChanged : appinventor.ai_manjot_chana93.Soundboard_Base
01-17 14:22:43.853 5393 5393 D MenuAppModel: invalidateTopLevelItems
01-17 14:22:43.853 5393 5393 D Launcher.MenuWidgetsLoader: MenuWidgetLoade-loadMenuWidgets : false
01-17 14:22:43.853 2974 2974 W System : ClassLoader referenced unknown path: /system/priv-app/SecSettings2/lib/arm64
01-17 14:22:43.854 5393 5393 D MenuView: packageChanged:added
01-17 14:22:43.854 5393 5393 D MenuView: packagesChanged:2
01-17 14:22:43.854 5393 5393 D MenuView: frag:null
01-17 14:22:43.854 5393 5393 D MenuView: frag:MenuAppsGridFragment{d1fffca #0 id=0x1020011 APPS}
01-17 14:22:43.854 5393 5393 D MenuAppsGridFragment: appModelUpdated onStop:MenuAppsGridFragment{d1fffca #0 id=0x1020011 APPS}
01-17 14:22:43.855 5393 2987 D Launcher.MenuWidgetsLoader: MenuWidgetLoader-start : com.android.launcher2.MenuWidgetsLoader$LoadMenuWidgetsTask@2f54048 , false
01-17 14:22:43.909 2974 2974 D ContextRelationMgrBrdg: loadKlass() : caller=com.samsung.android.bridge.multiscreen.common.ContextRelationManagerBridge.:28 android.app.LoadedApk.makeApplication:840
01-17 14:22:43.961 3768 3993 D InputReader: Input event(4): value=1 when=126603228466000
01-17 14:22:43.962 3768 3993 D InputReader: Input event(4): value=1 when=126603228466000
01-17 14:22:43.962 3768 3993 I InputReader: Touch event's action is 0x0 (deviceType=0) [pCnt=1, s=0.39039 ] when=126603228466000
01-17 14:22:43.962 3768 3993 D InputReader: lastThreadEndTime = 126602484263925, currentThreadStartTime = 126602484267502, diff = 0
01-17 14:22:43.962 3768 3992 I InputDispatcher: Delivering touch to (4222): action: 0x4, toolType: 1
01-17 14:22:43.962 3768 3992 I InputDispatcher: Delivering touch to (2857): action: 0x0, toolType: 1
01-17 14:22:43.962 2857 2857 D ViewRootImpl@5cf0700[InstallAppProgress]: ViewPostImeInputStage processPointer 0
01-17 14:22:43.964 2974 2974 I BNRClientProivder, VERSION : 1.7.5: register - xml6 quick_backup : ACCESSIBILITYSETTINGS, X6qErjsfs2, com.samsung.android.settings.accessibility.sharedaccessibility.scloud.BNRTask
01-17 14:22:43.965 2974 2974 I QBNRClientHelper: init SyncClientHelper : ACCESSIBILITYSETTINGS
01-17 14:22:43.965 2974 2974 I BNRClientProivder, VERSION : 1.7.5: register - xml6 quick_backup : CONNECTIONS, C0phMaUuZZ, com.samsung.android.settings.wifi.mobileap.WifiApBackupRestore
01-17 14:22:43.970 2974 2974 I QBNRClientHelper: init SyncClientHelper : CONNECTIONS
01-17 14:22:43.970 2974 2974 I BNRClientProivder, VERSION : 1.7.5: register - xml6 quick_backup : WiFi, C0phMaUuZZ, com.samsung.android.settings.wifi.WifiBackupRestore
01-17 14:22:43.970 2974 2974 I QBNRClientHelper: init SyncClientHelper : WiFi
01-17 14:22:44.031 5393 5393 D Launcher.MenuWidgetsLoader: MenuWidgetLoader-done : com.android.launcher2.MenuWidgetsLoader$LoadMenuWidgetsTask@2f54048 , update : false , size : 74
01-17 14:22:44.052 32158 32158 I Finsky : [1] com.google.android.finsky.wear.WearSupportService.onStartCommand(49): Starting WearSupportService for auto_install
01-17 14:22:44.053 32158 32158 I Finsky : [1] com.google.android.finsky.wear.ak.a(76): Connecting to wearable; initiated by: com.google.android.finsky.wear.WearSupportService
01-17 14:22:44.054 32158 32158 I Finsky : [1] com.google.android.finsky.wear.WearSupportService.onStartCommand(49): Starting WearSupportService for send_installed_apps
01-17 14:22:44.058 32580 32580 D GOS:GameServiceReceiver: action : android.intent.action.PACKAGE_ADDED
01-17 14:22:44.066 32158 32158 I Finsky : [1] com.google.android.finsky.externalreferrer.d.a(67): Package state data is missing for appinventor.ai_manjot_chana93.Soundboard_Base
01-17 14:22:44.069 32580 32580 D GOS:MainIntentService: onCreate
01-17 14:22:44.070 3768 3993 D InputReader: Input event(4): value=0 when=126603336865000
01-17 14:22:44.070 3768 3993 D InputReader: Input event(4): value=0 when=126603336865000
01-17 14:22:44.070 3768 3993 I InputReader: Touch event's action is 0x1 (deviceType=0) [pCnt=1, s=] when=126603336865000
01-17 14:22:44.070 3768 3992 I InputDispatcher: Delivering touch to (2857): action: 0x1, toolType: 1
01-17 14:22:44.070 2857 2857 D ViewRootImpl@5cf0700[InstallAppProgress]: ViewPostImeInputStage processPointer 1
01-17 14:22:44.071 32580 2988 D GOS:MainIntentService: onHandleIntent. begin
01-17 14:22:44.073 32580 2988 D GOS:DataManager: addPkgDataFromServer()
01-17 14:22:44.076 3768 5292 I ActivityManager: START u0 {act=android.intent.action.MAIN typ=null flg=0x10000000 cmp=ComponentInfo{appinventor.ai_manjot_chana93.Soundboard_Base/appinventor.ai_manjot_chana93.Soundboard_Base.Screen1}} from uid 10022 on display 0
01-17 14:22:44.077 32580 2988 D GOS:RequestHeader: device_name : hero2lte
01-17 14:22:44.077 32580 2988 D GOS:RequestHeader: model_name : SM-G935F
01-17 14:22:44.077 32580 2988 D GOS:RequestHeader: version_r : 7.0
01-17 14:22:44.077 32580 2988 D GOS:RequestHeader: version_i : G935FXXS1DQKH
01-17 14:22:44.077 32580 2988 D GOS:RequestHeader: app_version_name : 1.1.89
01-17 14:22:44.077 32580 2988 D GOS:RequestHeader: app_version_code : 1189
01-17 14:22:44.077 32580 2988 D GOS:RequestHeader: is_test : false
01-17 14:22:44.077 32580 2988 D GOS:RequestHeader: gms_version : 10.7
01-17 14:22:44.078 32580 2988 D GOS:RequestHeader: appVersionNameFull : 1.1.89.0
01-17 14:22:44.078 32580 2988 D GOS:RequestHeader: appVersionCodeFull : 118900000
01-17 14:22:44.079 3768 3768 D UsbMonitorService: readUsbState++
01-17 14:22:44.079 3768 3768 D UsbMonitorService: !@readUsbState 0 0 0 0 0 0 0 0 0 0 0 0 0 0 0 0 0 0 0 0 0 0 0 0 0 0 0 0 0
01-17 14:22:44.080 3768 3768 D UsbMonitorService: failed to write /efs/usb_hw_param/usb_hw_param.log , java.io.FileNotFoundException: /efs/usb_hw_param/usb_hw_param.log (No such file or directory)
01-17 14:22:44.080 3768 3768 D UsbMonitorService: Posting Message again
01-17 14:22:44.080 3768 5292 D ActivityManager: ActivityRecord() Constructor : multiScreenAttrs=MultiScreenAttrs{mDisplayId=0, mBaseDisplayId=0, mBaseActivity=false}
01-17 14:22:44.081 3768 5292 D CustomFrequencyManagerService: acquireDVFSLockLocked : type : DVFS_MIN_LIMIT frequency : 1560000 uid : 1000 pid : 3768 pkgName : AMS_RESUME@CPU_MIN@7
01-17 14:22:44.081 3768 5292 D ActivityManager: mActivityResumeBooster.acquire()
01-17 14:22:44.082 3768 5292 I MultiWindowManagerService: setTaskDimensions: Task=TaskRecord{2ed7929d0 #15980 A=appinventor.ai_manjot_chana93.Soundboard_Base U=0 StackId=1 sz=1} minWidth=-1 minHeight=-1 maxWidth=-1 maxHeight=-1
01-17 14:22:44.082 32580 2988 D GOS:RequestHeader: mcc : 234
01-17 14:22:44.082 32580 2988 D GOS:RequestHeader: mnc : 15
01-17 14:22:44.087 3768 5292 D ActivityManager: moveToFront() : reason=startedActivity setFocusedActivity isAttached=true TaskRecord{2ed7929d0 #15980 A=appinventor.ai_manjot_chana93.Soundboard_Base U=0 StackId=1 sz=1}
01-17 14:22:44.088 3768 5292 D InputDispatcher: Focused application set to: xxxx
01-17 14:22:44.089 3768 5292 D InputDispatcher: Focus left window: 2857
01-17 14:22:44.090 3768 5292 D ActivityManager: resumeTopActivityInnerLocked() : #1 prevTask=TaskRecord{2ed7929d0 #15980 A=appinventor.ai_manjot_chana93.Soundboard_Base U=0 StackId=1 sz=1} next=ActivityRecord{b61972dd0 u0 appinventor.ai_manjot_chana93.Soundboard_Base/.Screen1 t15980} mFocusedStack=ActivityStack{9425ef3d0 stackId=1, 8 tasks}
01-17 14:22:44.090 3768 5292 D ActivityTrigger: ActivityTrigger activityPauseTrigger
01-17 14:22:44.090 3768 5292 D GameManagerService: sem_perfomance_mode: 0
01-17 14:22:44.160 3768 3888 D WindowManager: addWindow: android.view.ViewRootImpl$W@88d3b86 displayId=0
01-17 14:22:44.161 3768 3888 D InputTransport: Input channel constructed: fd=521
01-17 14:22:44.161 3768 3888 D InputTransport: Input channel constructed: fd=531
01-17 14:22:44.161 3768 3888 D ViewRootImpl@9aa2461[Soundboard_Base]: setView = DecorView@2641c74[Soundboard_Base] touchMode=true
01-17 14:22:44.166 3768 4054 W MultiScreenManagerService: moveTaskBackToDisplayIfNeeded(): root is not base activity
01-17 14:22:44.175 5169 5183 D WearableService: Creating stub for AppKey: AppKey[com.android.vending,38918a453d07199354f8b19af05ec6562ced5788] (stubRef expired)
01-17 14:22:44.177 3768 3888 V WindowManager: Relayout Window{be95c47d0 u0 Starting appinventor.ai_manjot_chana93.Soundboard_Base}: viewVisibility=0 req=1080x1848 WM.LayoutParams{(0,0)(fillxfill) sim=#20 ty=3 fl=#30118 pfl=0x11 wanim=0x1030465 needsMenuKey=1 naviIconColor=0}
01-17 14:22:44.177 3197 3197 I SurfaceFlinger: id=10426 createSurf (1x1),2 flag=404, Toundboard_
01-17 14:22:44.190 3768 4032 D ActivityManager: resumeTopActivityInnerLocked() : #1 prevTask=TaskRecord{dbb4eeed0 #15979 A=com.google.android.packageinstaller U=0 StackId=1 sz=1} next=ActivityRecord{b61972dd0 u0 appinventor.ai_manjot_chana93.Soundboard_Base/.Screen1 t15980} mFocusedStack=ActivityStack{9425ef3d0 stackId=1, 8 tasks}
01-17 14:22:44.191 3768 4032 D MountService: getExternalStorageMountMode : 1
01-17 14:22:44.191 3768 4032 D MountService: getExternalStorageMountMode : 3
01-17 14:22:44.191 3768 4032 D MountService: getExternalStorageMountMode : final mountMode=1, uid : 10277, packageName : appinventor.ai_manjot_chana93.Soundboard_Base
01-17 14:22:44.203 3768 4032 I ActivityManager: Start proc 2990:appinventor.ai_manjot_chana93.Soundboard_Base/u0a277 for activity appinventor.ai_manjot_chana93.Soundboard_Base/.Screen1
01-17 14:22:44.207 2990 2990 E Zygote : v2
01-17 14:22:44.207 2990 2990 I libpersona: KNOX_SDCARD checking this for 10277
01-17 14:22:44.207 2990 2990 I libpersona: KNOX_SDCARD not a persona
01-17 14:22:44.208 2990 2990 E Zygote : accessInfo : 0
01-17 14:22:44.210 2990 2990 W SELinux : SELinux selinux_android_compute_policy_index : Policy Index[2], Con:u:r:zygote:s0 SPD:SEPF_SECMOBILE_7.0_0006 RAM:SEPF_SECMOBILE_7.0_0009, [-1 -1 -9 -1 0 1]
01-17 14:22:44.212 2990 2990 I SELinux : SELinux: seapp_context_lookup: seinfo=untrusted, level=s0:c512,c768, pkgname=appinventor.ai_manjot_chana93.Soundboard_Base
01-17 14:22:44.222 32580 2988 D GOS:RequestHeader: installed_sec_game_family : com.samsung.android.game.gamehome:disabled,com.samsung.android.game.gametools:disabled
01-17 14:22:44.228 2990 2990 D TimaKeyStoreProvider: TimaSignature is unavailable
01-17 14:22:44.229 2990 2990 D ActivityThread: Added TimaKeyStore provider
01-17 14:22:44.232 3768 3888 D WindowManager: finishDrawingWindow: Window{be95c47d0 u0 Starting appinventor.ai_manjot_chana93.Soundboard_Base} mDrawState=DRAW_PENDING
01-17 14:22:44.235 2857 2857 D ViewRootImpl@5cf0700[InstallAppProgress]: MSG_WINDOW_FOCUS_CHANGED 0
01-17 14:22:44.239 3768 3792 I ActivityManager: DSS on for appinventor.ai_manjot_chana93.Soundboard_Base and scale is 1.0
01-17 14:22:44.244 32158 32158 I Finsky : [1] com.google.android.finsky.wear.cb.run(6): Begin wear auto install for package appinventor.ai_manjot_chana93.Soundboard_Base
01-17 14:22:44.247 3768 3792 D GameManagerService: sem_perfomance_mode: 0
01-17 14:22:44.259 2857 2874 D OpenGLRenderer: endAllActiveAnimators on 0x71e6dfc800 (RippleDrawable) with handle 0x71f8f63a60
01-17 14:22:44.330 3768 5291 V WindowManager: Relayout Window{ff2902dd0 u0 com.google.android.packageinstaller/com.android.packageinstaller.InstallAppProgress}: viewVisibility=8 req=1080x1920 WM.LayoutParams{(0,0)(fillxfill) sim=#120 ty=1 fl=#81810100 pfl=0x20000 wanim=0x1030465 vsysui=0x600 needsMenuKey=2 naviIconColor=0}
01-17 14:22:44.340 3768 3768 D GameManagerService: NotifyRunnable. pkg: appinventor.ai_manjot_chana93.Soundboard_Base, type: 4, isMinimized: false, isTunableApp: false
01-17 14:22:44.340 3768 3768 D GameManagerService: do nothing. mKillNotiCount: 3
01-17 14:22:44.341 2990 2990 W System : ClassLoader referenced unknown path: /data/app/appinventor.ai_manjot_chana93.Soundboard_Base-1/lib/arm64
01-17 14:22:44.343 5248 5260 D ForegroundUtils: could not check pending caller
01-17 14:22:44.344 3768 7202 D GameManagerService: identifyGamePackage. appinventor.ai_manjot_chana93.Soundboard_Base
01-17 14:22:44.344 3768 7202 D GameManagerService: identifyGamePackage. appinventor.ai_manjot_chana93.Soundboard_Base
01-17 14:22:44.344 26887 26901 I SpayFw_SpayProcessStatusChangeMonitor: fg Change, pid : 2990 , isNotify : true , isForeground : true , fg list : [2990, 2857]
01-17 14:22:44.347 32158 32158 I Finsky : [1] com.google.android.finsky.scheduler.JobSchedulerEngine.a(95): Cancelling existing job with id: 9000
01-17 14:22:44.354 26887 26901 I SpayFw_TapAndGoPreloadTimer: start : Timer scheduled
01-17 14:22:44.354 3768 3849 D WindowManager: set systemUiVisibility of statusbar : vis= 0x0
01-17 14:22:44.358 2990 2990 I MultiDex: VM with version 2.1.0 has multidex support
01-17 14:22:44.358 2990 2990 I MultiDex: install: doIt = true
01-17 14:22:44.358 2990 2990 I MultiDex: VM has multidex support, MultiDex support library is disabled.
01-17 14:22:44.358 2990 2990 D ContextRelationMgrBrdg: loadKlass() : caller=com.samsung.android.bridge.multiscreen.common.ContextRelationManagerBridge.:28 android.app.LoadedApk.makeApplication:840
01-17 14:22:44.363 4222 4222 V PhoneStatusBar: setLightsOn(true)
01-17 14:22:44.363 3768 4032 D WindowManager: adjustSystemUiVisibilityLw : vis= 0x0
01-17 14:22:44.364 3768 7202 D GameManagerService: identifyGamePackage. appinventor.ai_manjot_chana93.Soundboard_Base
01-17 14:22:44.366 3768 7202 D GameManagerService: identifyGamePackage. appinventor.ai_manjot_chana93.Soundboard_Base
01-17 14:22:44.367 3768 3792 D SamsungAlarmManager: setInexact Listener (T:2/F:0/AC:false) 20180117T142428 - CU:1000/CP:3768
01-17 14:22:44.384 3768 3792 D SamsungAlarmManager: setInexact Listener (T:2/F:0/AC:false) 20180117T143955 - CU:1000/CP:3768
01-17 14:22:44.393 7255 3008 E ApplicationPackageManager: checkSettingsForIconTray value : 0
01-17 14:22:44.402 32158 32158 I Finsky : [1] com.google.android.finsky.scheduler.JobSchedulerEngine.a(37): Scheduling job with id: 9001
01-17 14:22:44.423 32580 2988 D GOS:RequestHeader: google_advertising_id : 56248736-da72-464e-91d1-cd5c36e9dc0e
01-17 14:22:44.425 32580 2988 D GOS:RequestHeader: available_feature_flag : 51519442628887
01-17 14:22:44.425 32580 2988 D GOS:RequestHeader: server_feature_flag_policy : NNNNN000NNNNNN0N1NN00NN000NN00NNNN0N0NNNN0NNNNNNNNNN
01-17 14:22:44.425 32580 2988 D GOS:RequestHeader: default_feature_flag : 274882278167
01-17 14:22:44.425 32580 2988 D GOS:RequestHeader: enabled_feature_flag : 274878148887
01-17 14:22:44.425 32580 2988 D GOS:RequestHeaderForV3: deviceName : hero2lte
01-17 14:22:44.425 32580 2988 D GOS:RequestHeaderForV3: modelName : SM-G935F
01-17 14:22:44.426 32580 2988 D GOS:RequestHeaderForV3: Final modelName : SM-G935F
01-17 14:22:44.426 32580 2988 D GOS:RequestHeaderForV3: osReleaseVersion : 7.0
01-17 14:22:44.426 32580 2988 D GOS:RequestHeaderForV3: osIncrementalVersion : G935FXXS1DQKH
01-17 14:22:44.426 32580 2988 D GOS:RequestHeaderForV3: appVersionName : 1.1.89
01-17 14:22:44.426 32580 2988 D GOS:RequestHeaderForV3: appVersionCode : 1189
01-17 14:22:44.427 32580 2988 D GOS:RequestHeaderForV3: isTest : false
01-17 14:22:44.427 32580 2988 D GOS:RequestHeaderForV3: gmsVersion : 10.7
01-17 14:22:44.427 32580 2988 D GOS:RequestHeaderForV3: x-api-key : BRVEeUMZKD3yDIkrOuUYr8GC3RZ7Hf76ahTNIDTq
01-17 14:22:44.429 32580 2988 D GOS:RequestHeaderForV3: appVersionNameFull : 1.1.89.0
01-17 14:22:44.429 32580 2988 D GOS:RequestHeaderForV3: appVersionCodeFull : 118900000
01-17 14:22:44.435 7255 3023 I FontsPackageChangeOp: Package appinventor.ai_manjot_chana93.Soundboard_Base has no metadata
01-17 14:22:44.444 7255 3008 E ApplicationPackageManager: checkSettingsForIconTray value : 0
01-17 14:22:44.445 3768 3779 I art : Background partial concurrent mark sweep GC freed 86571(10MB) AllocSpace objects, 9(1892KB) LOS objects, 19% free, 68MB/84MB, paused 5.824ms total 210.713ms
01-17 14:22:44.457 32580 2988 D GOS:RequestHeaderForV3: mcc : 234
01-17 14:22:44.457 32580 2988 D GOS:RequestHeaderForV3: mnc : 15
01-17 14:22:44.577 27471 27488 D [ACT]:ao: processing priority = NORMAL
01-17 14:22:44.580 27443 27465 D [ACT]:ao: processing priority = NORMAL
01-17 14:22:44.617 3768 4104 D MdnieScenarioControlService: packageName : appinventor.ai_manjot_chana93.Soundboard_Base className : appinventor.ai_manjot_chana93.Soundboard_Base.Screen1
01-17 14:22:44.625 7255 3008 E ApplicationPackageManager: checkSettingsForIconTray value : 0
01-17 14:22:44.635 7255 3032 I ChromeSync: [Persistence,AffiliationManager] No affiliation data for android://AZXKVagJ6Wq1zWZ3Z-lN7Vw9KHwVAxRPY-hXWUK739atLTd2P6Z0qnT-SPB1GqJYrrgQ3vToVBpMQosuGceCaw==@appinventor.ai_manjot_chana93.Soundboard_Base. Marking affiliation data as stale...
01-17 14:22:44.636 7255 3020 D Wear_Controller: Received broadcast action=android.intent.action.PACKAGE_ADDED and uri=appinventor.ai_manjot_chana93.Soundboard_Base
01-17 14:22:44.643 3768 4054 D PackageManager: setEnabledSetting : userId = 0 packageName = com.google.android.gms cmp = com.google.android.gms.people.pub.PeopleProfileActionGatewayActivity newState = 1 callingPackage = 10017
01-17 14:22:44.646 7255 3032 I ChromeSync: [Persistence,AffiliationManager] Fetching affiliations from the server.
01-17 14:22:44.648 2990 2990 D AndroidRuntime: Shutting down VM
01-17 14:22:44.648 2990 2990 E AndroidRuntime: FATAL EXCEPTION: main
01-17 14:22:44.648 2990 2990 E AndroidRuntime: Process: appinventor.ai_manjot_chana93.Soundboard_Base, PID: 2990
01-17 14:22:44.648 2990 2990 E AndroidRuntime: java.lang.RuntimeException: Unable to start activity ComponentInfo{appinventor.ai_manjot_chana93.Soundboard_Base/appinventor.ai_manjot_chana93.Soundboard_Base.Screen1}: java.lang.NullPointerException: Attempt to invoke virtual method 'java.lang.Class java.lang.Object.getClass()' on a null object reference
01-17 14:22:44.648 2990 2990 E AndroidRuntime: at android.app.ActivityThread.performLaunchActivity(ActivityThread.java:2924)
01-17 14:22:44.648 2990 2990 E AndroidRuntime: at android.app.ActivityThread.handleLaunchActivity(ActivityThread.java:2985)
01-17 14:22:44.648 2990 2990 E AndroidRuntime: at android.app.ActivityThread.-wrap14(ActivityThread.java)
01-17 14:22:44.648 2990 2990 E AndroidRuntime: at android.app.ActivityThread$H.handleMessage(ActivityThread.java:1635)
01-17 14:22:44.648 2990 2990 E AndroidRuntime: at android.os.Handler.dispatchMessage(Handler.java:102)
01-17 14:22:44.648 2990 2990 E AndroidRuntime: at android.os.Looper.loop(Looper.java:154)
01-17 14:22:44.648 2990 2990 E AndroidRuntime: at android.app.ActivityThread.main(ActivityThread.java:6692)
01-17 14:22:44.648 2990 2990 E AndroidRuntime: at java.lang.reflect.Method.invoke(Native Method)
01-17 14:22:44.648 2990 2990 E AndroidRuntime: at com.android.internal.os.ZygoteInit$MethodAndArgsCaller.run(ZygoteInit.java:1468)
01-17 14:22:44.648 2990 2990 E AndroidRuntime: at com.android.internal.os.ZygoteInit.main(ZygoteInit.java:1358)
01-17 14:22:44.648 2990 2990 E AndroidRuntime: Caused by: java.lang.NullPointerException: Attempt to invoke virtual method 'java.lang.Class java.lang.Object.getClass()' on a null object reference
01-17 14:22:44.648 2990 2990 E AndroidRuntime: at android.support.v7.internal.app.WindowDecorActionBar.getDecorToolbar(WindowDecorActionBar.java:248)
01-17 14:22:44.648 2990 2990 E AndroidRuntime: at android.support.v7.internal.app.WindowDecorActionBar.init(WindowDecorActionBar.java:201)
01-17 14:22:44.648 2990 2990 E AndroidRuntime: at android.support.v7.internal.app.WindowDecorActionBar.(WindowDecorActionBar.java:176)
01-17 14:22:44.648 2990 2990 E AndroidRuntime: at android.support.v7.app.AppCompatDelegateImplV7.createSupportActionBar(AppCompatDelegateImplV7.java:174)
01-17 14:22:44.648 2990 2990 E AndroidRuntime: at android.support.v7.app.AppCompatDelegateImplBase.getSupportActionBar(AppCompatDelegateImplBase.java:92)
01-17 14:22:44.648 2990 2990 E AndroidRuntime: at com.google.appinventor.components.runtime.AppInventorCompatActivity.getSupportActionBar(AppInventorCompatActivity.java:181)
01-17 14:22:44.648 2990 2990 E AndroidRuntime: at com.google.appinventor.components.runtime.AppInventorCompatActivity.shouldCreateTitleBar(AppInventorCompatActivity.java:295)
01-17 14:22:44.648 2990 2990 E AndroidRuntime: at com.google.appinventor.components.runtime.AppInventorCompatActivity.onCreate(AppInventorCompatActivity.java:73)
01-17 14:22:44.648 2990 2990 E AndroidRuntime: at com.google.appinventor.components.runtime.Form.onCreate(Form.java:257)
01-17 14:22:44.648 2990 2990 E AndroidRuntime: at android.app.Activity.performCreate(Activity.java:6912)
01-17 14:22:44.648 2990 2990 E AndroidRuntime: at android.app.Instrumentation.callActivityOnCreate(Instrumentation.java:1126)
01-17 14:22:44.648 2990 2990 E AndroidRuntime: at android.app.ActivityThread.performLaunchActivity(ActivityThread.java:2877)
01-17 14:22:44.648 2990 2990 E AndroidRuntime: ... 9 more
01-17 14:22:44.740 32580 2988 D GOS:RequestHeaderForV3: installedSecGameFamily : com.samsung.android.game.gamehome:disabled,com.samsung.android.game.gametools:disabled
01-17 14:22:44.746 7255 3008 E ApplicationPackageManager: checkSettingsForIconTray value : 0
01-17 14:22:44.751 3768 5324 D MountService: getExternalStorageMountMode : 1
01-17 14:22:44.751 3768 5324 D MountService: getExternalStorageMountMode : 3
01-17 14:22:44.751 3768 5324 D MountService: getExternalStorageMountMode : final mountMode=1, uid : 10021, packageName : com.google.android.partnersetup
01-17 14:22:44.752 7255 9790 I Icing : IndexChimeraService.getServiceInterface callingPackage=com.google.android.gms componentName=AppsCorpus serviceId=36
01-17 14:22:44.762 7255 3008 E ApplicationPackageManager: checkSettingsForIconTray value : 0
01-17 14:22:44.764 3768 5324 I ActivityManager: Start proc 3042:com.google.android.partnersetup/u0a21 for broadcast com.google.android.partnersetup/.RlzPingBroadcastReceiver
