01-17 14:21:26.797 3768 4072 D ConnectivityService: network has: [ Transports: WIFI Capabilities: NOT_METERED&INTERNET&NOT_RESTRICTED&TRUSTED&NOT_VPN&VALIDATED LinkUpBandwidth>=1048576Kbps LinkDnBandwidth>=1048576Kbps SignalStrength: -64]
01-17 14:21:26.797 3768 4072 D ConnectivityService: checking if request is satisfied: NetworkRequest [ id=926, legacyType=-1, [ Capabilities: INTERNET&NOT_RESTRICTED&TRUSTED] ]
01-17 14:21:26.797 3768 4072 D ConnectivityService: checking if request is satisfied: NetworkRequest [ id=627, legacyType=-1, [ Capabilities: INTERNET&NOT_RESTRICTED&TRUSTED] ]
01-17 14:21:26.797 3768 4072 D ConnectivityService: checking if request is satisfied: NetworkRequest [ id=64, legacyType=-1, [ Capabilities: INTERNET&NOT_RESTRICTED&TRUSTED] ]
01-17 14:21:26.800 3768 4072 D ConnectivityService: checking if request is satisfied: NetworkRequest [ id=8, legacyType=-1, [ Transports: WIFI Capabilities: INTERNET&NOT_RESTRICTED&TRUSTED&NOT_VPN] ]
01-17 14:21:26.800 3768 4072 D ConnectivityService: checking if request is satisfied: NetworkRequest [ id=63, legacyType=-1, [ Capabilities: INTERNET&NOT_RESTRICTED&TRUSTED] ]
01-17 14:21:26.800 3768 4072 D ConnectivityService: Network NetworkAgentInfo [WIFI () - 551] was already satisfying request 1. No change.
01-17 14:21:26.800 3768 4072 D ConnectivityService: checking if request is satisfied: NetworkRequest [ id=1252, legacyType=-1, [ Capabilities: INTERNET&NOT_RESTRICTED&TRUSTED] ]
01-17 14:21:26.800 3768 4072 D ConnectivityService: checking if request is satisfied: NetworkRequest [ id=3, legacyType=-1, [] ]
01-17 14:21:26.800 3768 4072 D ConnectivityService: checking if request is satisfied: NetworkRequest [ id=903, legacyType=-1, [ Transports: CELLULAR Capabilities: IMS&TRUSTED&NOT_VPN] ]
01-17 14:21:26.800 3768 4072 D ConnectivityService: checking if request is satisfied: NetworkRequest [ id=5, legacyType=-1, [] ]
01-17 14:21:26.800 3768 4072 D ConnectivityService: checking if request is satisfied: NetworkRequest [ id=628, legacyType=-1, [ Capabilities: INTERNET&NOT_RESTRICTED&TRUSTED] ]
01-17 14:21:26.800 3768 4072 D ConnectivityService: checking if request is satisfied: NetworkRequest [ id=4, legacyType=-1, [ Transports: WIFI Capabilities: INTERNET&NOT_RESTRICTED&TRUSTED&NOT_VPN] ]
01-17 14:21:26.800 3768 4072 D ConnectivityService: checking if request is satisfied: NetworkRequest [ id=9, legacyType=-1, [ Transports: CELLULAR|WIFI Capabilities: NOT_RESTRICTED&TRUSTED&NOT_VPN] ]
01-17 14:21:26.800 3768 4072 D ConnectivityService: checking if request is satisfied: NetworkRequest [ id=787, legacyType=-1, [ Capabilities: INTERNET&NOT_RESTRICTED&TRUSTED] ]
01-17 14:21:26.800 3768 4072 D ConnectivityService: checking if request is satisfied: NetworkRequest [ id=19, legacyType=-1, [ Capabilities: INTERNET&NOT_RESTRICTED&TRUSTED] ]
01-17 14:21:26.800 3768 4072 D ConnectivityService: checking if request is satisfied: NetworkRequest [ id=1250, legacyType=-1, [ Capabilities: INTERNET&NOT_RESTRICTED&TRUSTED] ]
01-17 14:21:26.800 3768 4072 D ConnectivityService: checking if request is satisfied: NetworkRequest [ id=7, legacyType=-1, [ Transports: CELLULAR Capabilities: INTERNET&NOT_RESTRICTED&TRUSTED&NOT_VPN] ]
01-17 14:21:26.801 3768 4072 D ConnectivityService: checking if request is satisfied: NetworkRequest [ id=1210, legacyType=-1, [ Transports: WIFI Capabilities: INTERNET&NOT_RESTRICTED&TRUSTED&NOT_VPN] ]
01-17 14:21:26.801 3768 4072 D ConnectivityService: checking if request is satisfied: NetworkRequest [ id=6, legacyType=-1, [ Transports: WIFI Capabilities: INTERNET&NOT_RESTRICTED&TRUSTED&NOT_VPN] ]
01-17 14:21:26.801 3768 4072 D ConnectivityService: checking if request is satisfied: NetworkRequest [ id=1262, legacyType=-1, [ Capabilities: INTERNET&NOT_RESTRICTED&TRUSTED] ]
01-17 14:21:26.801 3768 4072 D ConnectivityService: checking if request is satisfied: NetworkRequest [ id=639, legacyType=-1, [ Capabilities: INTERNET&NOT_RESTRICTED&TRUSTED&NOT_VPN] ]
01-17 14:21:26.801 3768 4072 D ConnectivityService: checking if request is satisfied: NetworkRequest [ id=1271, legacyType=-1, [ Capabilities: INTERNET&NOT_RESTRICTED&TRUSTED] ]
01-17 14:21:26.801 3768 4072 D ConnectivityService: checking if request is satisfied: NetworkRequest [ id=12, legacyType=-1, [ Transports: WIFI Capabilities: INTERNET&NOT_RESTRICTED&TRUSTED&NOT_VPN] ]
01-17 14:21:26.801 3768 4072 D ConnectivityService: checking if request is satisfied: NetworkRequest [ id=1261, legacyType=-1, [ Capabilities: INTERNET&NOT_RESTRICTED&TRUSTED] ]
01-17 14:21:26.801 3768 4072 D ConnectivityService: checking if request is satisfied: NetworkRequest [ id=1272, legacyType=-1, [ Capabilities: INTERNET&NOT_RESTRICTED&TRUSTED] ]
01-17 14:21:26.801 3768 4072 D ConnectivityService: rematching NetworkAgentInfo [MOBILE (LTE) - 539]
01-17 14:21:26.801 3768 4072 D ConnectivityService: network has: [ Transports: CELLULAR Capabilities: IMS&NOT_METERED&NOT_RESTRICTED&TRUSTED&NOT_VPN&VALIDATED LinkUpBandwidth>=51200Kbps LinkDnBandwidth>=102400Kbps Specifier: <1>]
01-17 14:21:26.801 3768 4072 D ConnectivityService: checking if request is satisfied: NetworkRequest [ id=926, legacyType=-1, [ Capabilities: INTERNET&NOT_RESTRICTED&TRUSTED] ]
01-17 14:21:26.801 3768 4072 D ConnectivityService: checking if request is satisfied: NetworkRequest [ id=627, legacyType=-1, [ Capabilities: INTERNET&NOT_RESTRICTED&TRUSTED] ]
01-17 14:21:26.801 3768 4072 D ConnectivityService: checking if request is satisfied: NetworkRequest [ id=64, legacyType=-1, [ Capabilities: INTERNET&NOT_RESTRICTED&TRUSTED] ]
01-17 14:21:26.801 3768 4072 D ConnectivityService: checking if request is satisfied: NetworkRequest [ id=8, legacyType=-1, [ Transports: WIFI Capabilities: INTERNET&NOT_RESTRICTED&TRUSTED&NOT_VPN] ]
01-17 14:21:26.801 3768 4072 D ConnectivityService: checking if request is satisfied: NetworkRequest [ id=63, legacyType=-1, [ Capabilities: INTERNET&NOT_RESTRICTED&TRUSTED] ]
01-17 14:21:26.801 3768 4072 D ConnectivityService: checking if request is satisfied: NetworkRequest [ id=1, legacyType=-1, [ Capabilities: INTERNET&NOT_RESTRICTED&TRUSTED&NOT_VPN] ]
01-17 14:21:26.801 3768 4072 D ConnectivityService: checking if request is satisfied: NetworkRequest [ id=1252, legacyType=-1, [ Capabilities: INTERNET&NOT_RESTRICTED&TRUSTED] ]
01-17 14:21:26.801 3768 4072 D ConnectivityService: checking if request is satisfied: NetworkRequest [ id=3, legacyType=-1, [] ]
01-17 14:21:26.801 3768 4072 D ConnectivityService: Network NetworkAgentInfo [MOBILE (LTE) - 539] was already satisfying request 903. No change.
01-17 14:21:26.801 3768 4072 D ConnectivityService: checking if request is satisfied: NetworkRequest [ id=5, legacyType=-1, [] ]
01-17 14:21:26.801 3768 4072 D ConnectivityService: checking if request is satisfied: NetworkRequest [ id=628, legacyType=-1, [ Capabilities: INTERNET&NOT_RESTRICTED&TRUSTED] ]
01-17 14:21:26.801 3768 4072 D ConnectivityService: checking if request is satisfied: NetworkRequest [ id=4, legacyType=-1, [ Transports: WIFI Capabilities: INTERNET&NOT_RESTRICTED&TRUSTED&NOT_VPN] ]
01-17 14:21:26.801 3768 4072 D ConnectivityService: checking if request is satisfied: NetworkRequest [ id=9, legacyType=-1, [ Transports: CELLULAR|WIFI Capabilities: NOT_RESTRICTED&TRUSTED&NOT_VPN] ]
01-17 14:21:26.801 3768 4072 D ConnectivityService: checking if request is satisfied: NetworkRequest [ id=787, legacyType=-1, [ Capabilities: INTERNET&NOT_RESTRICTED&TRUSTED] ]
01-17 14:21:26.801 3768 4072 D ConnectivityService: checking if request is satisfied: NetworkRequest [ id=19, legacyType=-1, [ Capabilities: INTERNET&NOT_RESTRICTED&TRUSTED] ]
01-17 14:21:26.801 3768 4072 D ConnectivityService: checking if request is satisfied: NetworkRequest [ id=1250, legacyType=-1, [ Capabilities: INTERNET&NOT_RESTRICTED&TRUSTED] ]
01-17 14:21:26.801 3768 4072 D ConnectivityService: checking if request is satisfied: NetworkRequest [ id=7, legacyType=-1, [ Transports: CELLULAR Capabilities: INTERNET&NOT_RESTRICTED&TRUSTED&NOT_VPN] ]
01-17 14:21:26.802 3768 4072 D ConnectivityService: checking if request is satisfied: NetworkRequest [ id=1210, legacyType=-1, [ Transports: WIFI Capabilities: INTERNET&NOT_RESTRICTED&TRUSTED&NOT_VPN] ]
01-17 14:21:26.802 3768 4072 D ConnectivityService: checking if request is satisfied: NetworkRequest [ id=6, legacyType=-1, [ Transports: WIFI Capabilities: INTERNET&NOT_RESTRICTED&TRUSTED&NOT_VPN] ]
01-17 14:21:26.802 3768 4072 D ConnectivityService: checking if request is satisfied: NetworkRequest [ id=1262, legacyType=-1, [ Capabilities: INTERNET&NOT_RESTRICTED&TRUSTED] ]
01-17 14:21:26.802 3768 4072 D ConnectivityService: checking if request is satisfied: NetworkRequest [ id=639, legacyType=-1, [ Capabilities: INTERNET&NOT_RESTRICTED&TRUSTED&NOT_VPN] ]
01-17 14:21:26.802 3768 4072 D ConnectivityService: checking if request is satisfied: NetworkRequest [ id=1271, legacyType=-1, [ Capabilities: INTERNET&NOT_RESTRICTED&TRUSTED] ]
01-17 14:21:26.802 3768 4072 D ConnectivityService: checking if request is satisfied: NetworkRequest [ id=12, legacyType=-1, [ Transports: WIFI Capabilities: INTERNET&NOT_RESTRICTED&TRUSTED&NOT_VPN] ]
01-17 14:21:26.802 3768 4072 D ConnectivityService: checking if request is satisfied: NetworkRequest [ id=1261, legacyType=-1, [ Capabilities: INTERNET&NOT_RESTRICTED&TRUSTED] ]
01-17 14:21:26.802 3768 4072 D ConnectivityService: checking if request is satisfied: NetworkRequest [ id=1272, legacyType=-1, [ Capabilities: INTERNET&NOT_RESTRICTED&TRUSTED] ]
01-17 14:21:26.802 3768 4072 D ConnectivityService: notifyType CAP_CHANGED for NetworkAgentInfo [WIFI () - 551]
01-17 14:21:26.802 3768 4072 D ConnectivityService: sending notification for NetworkRequest [ id=1, legacyType=-1, [ Capabilities: INTERNET&NOT_RESTRICTED&TRUSTED&NOT_VPN] ]
01-17 14:21:26.802 3768 4072 D ConnectivityService: sending notification for NetworkRequest [ id=3, legacyType=-1, [] ]
01-17 14:21:26.802 3768 4072 D ConnectivityService: sending notification CAP_CHANGED for NetworkRequest [ id=3, legacyType=-1, [] ]
01-17 14:21:26.802 3768 4072 D ConnectivityService: sending notification for NetworkRequest [ id=4, legacyType=-1, [ Transports: WIFI Capabilities: INTERNET&NOT_RESTRICTED&TRUSTED&NOT_VPN] ]
01-17 14:21:26.802 3768 4072 D ConnectivityService: sending notification CAP_CHANGED for NetworkRequest [ id=4, legacyType=-1, [ Transports: WIFI Capabilities: INTERNET&NOT_RESTRICTED&TRUSTED&NOT_VPN] ]
01-17 14:21:26.804 3768 4072 D ConnectivityService: sending notification for NetworkRequest [ id=5, legacyType=-1, [] ]
01-17 14:21:26.805 3768 4072 D ConnectivityService: sending notification CAP_CHANGED for NetworkRequest [ id=5, legacyType=-1, [] ]
01-17 14:21:26.805 4222 4499 D NetworkController: onReceive: intent=Intent { act=android.net.wifi.RSSI_CHANGED flg=0x4000010 launchParam=MultiScreenLaunchParams { mDisplayId=0 mFlags=0 } bqHint=1 (has extras) }
01-17 14:21:26.805 3768 4072 D ConnectivityService: sending notification for NetworkRequest [ id=6, legacyType=-1, [ Transports: WIFI Capabilities: INTERNET&NOT_RESTRICTED&TRUSTED&NOT_VPN] ]
01-17 14:21:26.805 3768 4072 D ConnectivityService: sending notification CAP_CHANGED for NetworkRequest [ id=6, legacyType=-1, [ Transports: WIFI Capabilities: INTERNET&NOT_RESTRICTED&TRUSTED&NOT_VPN] ]
01-17 14:21:26.805 3768 4072 D ConnectivityService: sending notification for NetworkRequest [ id=8, legacyType=-1, [ Transports: WIFI Capabilities: INTERNET&NOT_RESTRICTED&TRUSTED&NOT_VPN] ]
01-17 14:21:26.805 3768 4072 D ConnectivityService: sending notification CAP_CHANGED for NetworkRequest [ id=8, legacyType=-1, [ Transports: WIFI Capabilities: INTERNET&NOT_RESTRICTED&TRUSTED&NOT_VPN] ]
01-17 14:21:26.805 3768 4072 D ConnectivityService: sending notification for NetworkRequest [ id=9, legacyType=-1, [ Transports: CELLULAR|WIFI Capabilities: NOT_RESTRICTED&TRUSTED&NOT_VPN] ]
01-17 14:21:26.807 3768 4072 D ConnectivityService: sending notification CAP_CHANGED for NetworkRequest [ id=9, legacyType=-1, [ Transports: CELLULAR|WIFI Capabilities: NOT_RESTRICTED&TRUSTED&NOT_VPN] ]
01-17 14:21:26.807 3768 4072 D ConnectivityService: sending notification for NetworkRequest [ id=12, legacyType=-1, [ Transports: WIFI Capabilities: INTERNET&NOT_RESTRICTED&TRUSTED&NOT_VPN] ]
01-17 14:21:26.807 3768 4072 D ConnectivityService: sending notification CAP_CHANGED for NetworkRequest [ id=12, legacyType=-1, [ Transports: WIFI Capabilities: INTERNET&NOT_RESTRICTED&TRUSTED&NOT_VPN] ]
01-17 14:21:26.807 3768 4072 D ConnectivityService: sending notification for NetworkRequest [ id=19, legacyType=-1, [ Capabilities: INTERNET&NOT_RESTRICTED&TRUSTED] ]
01-17 14:21:26.808 3768 4072 D ConnectivityService: sending notification CAP_CHANGED for NetworkRequest [ id=19, legacyType=-1, [ Capabilities: INTERNET&NOT_RESTRICTED&TRUSTED] ]
01-17 14:21:26.808 3768 4072 D ConnectivityService: sending notification for NetworkRequest [ id=63, legacyType=-1, [ Capabilities: INTERNET&NOT_RESTRICTED&TRUSTED] ]
01-17 14:21:26.808 3768 4072 D ConnectivityService: sending notification CAP_CHANGED for NetworkRequest [ id=63, legacyType=-1, [ Capabilities: INTERNET&NOT_RESTRICTED&TRUSTED] ]
01-17 14:21:26.808 3768 4072 D ConnectivityService: sending notification for NetworkRequest [ id=64, legacyType=-1, [ Capabilities: INTERNET&NOT_RESTRICTED&TRUSTED] ]
01-17 14:21:26.808 3768 4072 D ConnectivityService: sending notification CAP_CHANGED for NetworkRequest [ id=64, legacyType=-1, [ Capabilities: INTERNET&NOT_RESTRICTED&TRUSTED] ]
01-17 14:21:26.808 3768 4072 D ConnectivityService: sending notification for NetworkRequest [ id=627, legacyType=-1, [ Capabilities: INTERNET&NOT_RESTRICTED&TRUSTED] ]
01-17 14:21:26.808 3768 4072 D ConnectivityService: sending notification CAP_CHANGED for NetworkRequest [ id=627, legacyType=-1, [ Capabilities: INTERNET&NOT_RESTRICTED&TRUSTED] ]
01-17 14:21:26.808 3768 4072 D ConnectivityService: sending notification for NetworkRequest [ id=628, legacyType=-1, [ Capabilities: INTERNET&NOT_RESTRICTED&TRUSTED] ]
01-17 14:21:26.808 3768 4072 D ConnectivityService: sending notification CAP_CHANGED for NetworkRequest [ id=628, legacyType=-1, [ Capabilities: INTERNET&NOT_RESTRICTED&TRUSTED] ]
01-17 14:21:26.808 3768 4072 D ConnectivityService: sending notification for NetworkRequest [ id=639, legacyType=-1, [ Capabilities: INTERNET&NOT_RESTRICTED&TRUSTED&NOT_VPN] ]
01-17 14:21:26.808 3768 4072 D ConnectivityService: sending notification CAP_CHANGED for NetworkRequest [ id=639, legacyType=-1, [ Capabilities: INTERNET&NOT_RESTRICTED&TRUSTED&NOT_VPN] ]
01-17 14:21:26.809 3768 4072 D ConnectivityService: sending notification for NetworkRequest [ id=787, legacyType=-1, [ Capabilities: INTERNET&NOT_RESTRICTED&TRUSTED] ]
01-17 14:21:26.809 3768 4072 D ConnectivityService: sending notification CAP_CHANGED for NetworkRequest [ id=787, legacyType=-1, [ Capabilities: INTERNET&NOT_RESTRICTED&TRUSTED] ]
01-17 14:21:26.809 3768 4072 D ConnectivityService: sending notification for NetworkRequest [ id=926, legacyType=-1, [ Capabilities: INTERNET&NOT_RESTRICTED&TRUSTED] ]
01-17 14:21:26.809 3768 4072 D ConnectivityService: sending notification CAP_CHANGED for NetworkRequest [ id=926, legacyType=-1, [ Capabilities: INTERNET&NOT_RESTRICTED&TRUSTED] ]
01-17 14:21:26.809 3768 4072 D ConnectivityService: sending notification for NetworkRequest [ id=1210, legacyType=-1, [ Transports: WIFI Capabilities: INTERNET&NOT_RESTRICTED&TRUSTED&NOT_VPN] ]
01-17 14:21:26.809 3768 4072 D ConnectivityService: sending notification CAP_CHANGED for NetworkRequest [ id=1210, legacyType=-1, [ Transports: WIFI Capabilities: INTERNET&NOT_RESTRICTED&TRUSTED&NOT_VPN] ]
01-17 14:21:26.809 3768 4072 D ConnectivityService: sending notification for NetworkRequest [ id=1250, legacyType=-1, [ Capabilities: INTERNET&NOT_RESTRICTED&TRUSTED] ]
01-17 14:21:26.809 3768 4072 D ConnectivityService: sending notification CAP_CHANGED for NetworkRequest [ id=1250, legacyType=-1, [ Capabilities: INTERNET&NOT_RESTRICTED&TRUSTED] ]
01-17 14:21:26.809 3768 4072 D ConnectivityService: sending notification for NetworkRequest [ id=1252, legacyType=-1, [ Capabilities: INTERNET&NOT_RESTRICTED&TRUSTED] ]
01-17 14:21:26.809 3768 4072 D ConnectivityService: sending notification CAP_CHANGED for NetworkRequest [ id=1252, legacyType=-1, [ Capabilities: INTERNET&NOT_RESTRICTED&TRUSTED] ]
01-17 14:21:26.809 3768 4072 D ConnectivityService: sending notification for NetworkRequest [ id=1261, legacyType=-1, [ Capabilities: INTERNET&NOT_RESTRICTED&TRUSTED] ]
01-17 14:21:26.809 3768 4072 D ConnectivityService: sending notification CAP_CHANGED for NetworkRequest [ id=1261, legacyType=-1, [ Capabilities: INTERNET&NOT_RESTRICTED&TRUSTED] ]
01-17 14:21:26.810 3768 4072 D ConnectivityService: sending notification for NetworkRequest [ id=1262, legacyType=-1, [ Capabilities: INTERNET&NOT_RESTRICTED&TRUSTED] ]
01-17 14:21:26.810 3768 4072 D ConnectivityService: sending notification CAP_CHANGED for NetworkRequest [ id=1262, legacyType=-1, [ Capabilities: INTERNET&NOT_RESTRICTED&TRUSTED] ]
01-17 14:21:26.810 3768 4072 D ConnectivityService: sending notification for NetworkRequest [ id=1271, legacyType=-1, [ Capabilities: INTERNET&NOT_RESTRICTED&TRUSTED] ]
01-17 14:21:26.810 3768 4072 D ConnectivityService: sending notification CAP_CHANGED for NetworkRequest [ id=1271, legacyType=-1, [ Capabilities: INTERNET&NOT_RESTRICTED&TRUSTED] ]
01-17 14:21:26.810 3768 4072 D ConnectivityService: sending notification for NetworkRequest [ id=1272, legacyType=-1, [ Capabilities: INTERNET&NOT_RESTRICTED&TRUSTED] ]
01-17 14:21:26.810 3768 4072 D ConnectivityService: sending notification CAP_CHANGED for NetworkRequest [ id=1272, legacyType=-1, [ Capabilities: INTERNET&NOT_RESTRICTED&TRUSTED] ]
01-17 14:21:26.819 3768 3847 I SamsungAlarmManager: setLocked to kernel - T:2 / 20180117T142406, SetElapsed=307057135, nowELAPSED=306897317
01-17 14:21:26.820 3768 3847 D SamsungAlarmManager: setInexact Listener (T:2/F:0/AC:false) 20180117T142428 - CU:1000/CP:3768
01-17 14:21:26.821 3768 3847 D SamsungAlarmManager: setInexact Listener (T:2/F:0/AC:false) 20180117T143955 - CU:1000/CP:3768
01-17 14:21:26.996 3768 3847 D SamsungAlarmManager: setExact Listener (T:2/F:0/AC:false) 20180117T142136 - CU:1000/CP:3768
01-17 14:21:26.996 3768 3847 I SamsungAlarmManager: setLocked to kernel - T:2 / 20180117T142136, SetElapsed=306907420, nowELAPSED=306897493
01-17 14:21:27.620 3768 3768 D CustomFrequencyManagerService: releaseDVFSLockLocked : Getting Lock type frm List : DVFS_MIN_LIMIT frequency : 728000 uid : 1000 pid : 3768 tag : GESTURE_DETECTED@CPU_MIN@36
01-17 14:21:27.720 3768 5644 D WindowManager: addWindow: android.view.IWindow$Stub$Proxy@61990e4 displayId=0
01-17 14:21:27.721 3768 5644 D InputTransport: Input channel constructed: fd=385
01-17 14:21:27.721 3768 5644 D InputTransport: Input channel constructed: fd=490
01-17 14:21:27.722 3768 3849 D WindowManager: set systemUiVisibility of statusbar : vis= 0x8
01-17 14:21:27.726 3768 5644 D InputDispatcher: Focus left window: 27629
01-17 14:21:27.726 3768 5644 D InputDispatcher: Focus entered window: 27629
01-17 14:21:27.727 3768 5702 D WindowManager: adjustSystemUiVisibilityLw : vis= 0x8
01-17 14:21:27.727 3768 5644 D InputTransport: Input channel destroyed: fd=490
01-17 14:21:27.727 27629 27629 D InputTransport: Input channel constructed: fd=87
01-17 14:21:27.730 27629 27629 D ViewRootImpl@dd99d52[DocListActivity]: setView = DecorView@3032823[] touchMode=true
01-17 14:21:27.734 3768 5305 V WindowManager: Relayout Window{dc9ac02d0 u0 com.google.android.apps.docs/com.google.android.apps.docs.doclist.activity.DocListActivity}: viewVisibility=0 req=228x387 WM.LayoutParams{(0,0)(wrapxwrap) gr=#11 sim=#120 ty=2 fl=#1800000 fmt=-2 wanim=0x1030002 needsMenuKey=2 naviIconColor=0}
01-17 14:21:27.736 3197 3197 I SurfaceFlinger: id=10410 createSurf (1x1),1 flag=4, EocListActi
01-17 14:21:27.762 27629 28149 D mali_winsys: EGLint new_window_surface(egl_winsys_display*, void*, EGLSurface, EGLConfig, egl_winsys_surface**, egl_color_buffer_format*, EGLBoolean) returns 0x3000, [228x387]-format:1
01-17 14:21:27.768 27629 27629 D ViewRootImpl@dd99d52[DocListActivity]: MSG_WINDOW_FOCUS_CHANGED 1
01-17 14:21:27.778 27629 27629 V InputMethodManager: Starting input: tba=android.view.inputmethod.EditorInfo@3ff84aa nm : com.google.android.apps.docs ic=null
01-17 14:21:27.778 27629 27629 I InputMethodManager: [IMM] startInputInner - mService.startInputOrWindowGainedFocus
01-17 14:21:27.779 3768 5643 D InputMethodManagerService: windowGainedFocus mCurrentFocusedUserId - 0 and mSecureKeypadEnabled-false
01-17 14:21:27.779 3768 5643 D InputMethodManagerService: mDesktopModeManager null!
01-17 14:21:27.780 3768 5643 D InputTransport: Input channel constructed: fd=490
01-17 14:21:27.780 3768 5643 D InputTransport: Input channel destroyed: fd=490
01-17 14:21:27.780 27629 27629 D InputTransport: Input channel constructed: fd=103
01-17 14:21:27.781 27629 27629 D InputTransport: Input channel destroyed: fd=102
01-17 14:21:27.781 30084 30084 I GoogleInputMethod: onFinishInput() : Dummy InputConnection bound
01-17 14:21:27.781 30084 30084 I GoogleInputMethod: onStartInput() : Dummy InputConnection bound
01-17 14:21:27.782 27629 27629 D ViewRootImpl@dd99d52[DocListActivity]: MSG_RESIZED_REPORT: ci=Rect(0, 0 - 0, 0) vi=Rect(0, 0 - 0, 0) or=1
01-17 14:21:27.788 27629 27629 D ViewRootImpl@dd99d52[DocListActivity]: dispatchDetachedFromWindow
01-17 14:21:27.790 3768 5703 I WindowManager_SurfaceController: Destroying surface Surface(name=com.google.android.apps.docs/com.google.android.apps.docs.doclist.activity.DocListActivity) called by com.android.server.wm.WindowStateAnimator.destroySurface:2840 com.android.server.wm.WindowStateAnimator.destroySurfaceLocked:1070 com.android.server.wm.WindowState.removeLocked:1783 com.android.server.wm.WindowManagerService.removeWindowInnerLocked:2889 com.android.server.wm.WindowManagerService.removeWindowLocked:2829 com.android.server.wm.WindowManagerService.removeWindowLocked:2654 com.android.server.wm.WindowManagerService.removeWindow:2649 com.android.server.wm.Session.remove:218
01-17 14:21:27.795 3197 3202 I SurfaceFlinger: id=10410 Removed EocListActi (5/7)
01-17 14:21:27.796 3197 3995 I SurfaceFlinger: id=10410 Removed EocListActi (-2/7)
01-17 14:21:27.801 3768 5703 D InputDispatcher: Focus left window: 27629
01-17 14:21:27.801 3768 5703 D InputTransport: Input channel destroyed: fd=385
01-17 14:21:27.807 3768 3849 D WindowManager: set systemUiVisibility of statusbar : vis= 0x708
01-17 14:21:27.808 27629 28239 W ktx : Application name is not set. Call Builder#setApplicationName.
01-17 14:21:27.808 3768 5703 D InputDispatcher: Focus entered window: 27629
01-17 14:21:27.809 27629 27629 D InputTransport: Input channel destroyed: fd=87
01-17 14:21:27.810 27629 27629 E ViewRootImpl: sendUserActionEvent() mView == null
01-17 14:21:27.812 3768 3888 D KnoxTimeoutHandler: notifyActivityDrawn [MsgParam] userId: 0 fullscreen is true showWhenlocked is false isMutiwindowRecord is false multiwindowstyle is 1
01-17 14:21:27.827 3768 3779 I art : Background sticky concurrent mark sweep GC freed 101876(9MB) AllocSpace objects, 14(2MB) LOS objects, 6% free, 80MB/86MB, paused 5.001ms total 138.522ms
01-17 14:21:27.828 27629 27629 D ViewRootImpl@b6d739a[DocListActivity]: MSG_WINDOW_FOCUS_CHANGED 1
01-17 14:21:27.830 27629 27629 V InputMethodManager: Starting input: tba=android.view.inputmethod.EditorInfo@bc70377 nm : com.google.android.apps.docs ic=null
01-17 14:21:27.830 27629 27629 I InputMethodManager: [IMM] startInputInner - mService.startInputOrWindowGainedFocus
01-17 14:21:27.831 3768 4960 D InputMethodManagerService: windowGainedFocus mCurrentFocusedUserId - 0 and mSecureKeypadEnabled-false
01-17 14:21:27.832 3768 4960 D InputMethodManagerService: mDesktopModeManager null!
01-17 14:21:27.832 3768 4960 D InputTransport: Input channel constructed: fd=385
01-17 14:21:27.832 3768 4960 D InputTransport: Input channel destroyed: fd=385
01-17 14:21:27.833 27629 27629 D InputTransport: Input channel constructed: fd=90
01-17 14:21:27.833 27629 27629 D InputTransport: Input channel destroyed: fd=103
01-17 14:21:27.833 27629 27629 E ViewRootImpl: sendUserActionEvent() mView == null
01-17 14:21:27.835 30084 30084 I GoogleInputMethod: onFinishInput() : Dummy InputConnection bound
01-17 14:21:27.836 30084 30084 I GoogleInputMethod: onStartInput() : Dummy InputConnection bound
01-17 14:21:27.841 3768 3768 D KnoxTimeoutHandler: activityDrawn [MsgParam] userId: 0 fullscreen is true showWhenlocked is false isMutiwindowRecord is false multiwindowstyle is 1
01-17 14:21:27.842 3768 3768 I KnoxTimeoutHandler: SD activityfalse
01-17 14:21:27.843 3768 5701 D WindowManager: adjustSystemUiVisibilityLw : vis= 0x708
01-17 14:21:27.843 3768 3768 I KnoxTimeoutHandler: Fullscreen and mCurrent is not KNOX user. Hence hide keyguard
01-17 14:21:27.875 27629 27629 D AbsListView: viewType is heaer or footer
01-17 14:21:27.875 27629 27629 D AbsListView: viewType is heaer or footer
01-17 14:21:28.230 3768 3779 I art : Background sticky concurrent mark sweep GC freed 65575(3MB) AllocSpace objects, 34(5MB) LOS objects, 5% free, 81MB/86MB, paused 5.921ms total 97.453ms
01-17 14:21:28.578 27471 27488 D [ACT]:ao: processing priority = NORMAL
01-17 14:21:28.581 27443 27465 D [ACT]:ao: processing priority = NORMAL
01-17 14:21:28.690 3768 3779 I art : Background partial concurrent mark sweep GC freed 88580(7MB) AllocSpace objects, 65(14MB) LOS objects, 19% free, 65MB/81MB, paused 2.011ms total 322.973ms
01-17 14:21:28.914 3768 4039 D WifiStateMachine: Current network is: "SKY03AE5" , ID is: 1
01-17 14:21:29.740 4947 4947 D io_stats: !@ 8,0 r 8592918 393047840 w 3678299 76474056 d 367749 41403700 f 1097818 1096629 iot 8360150 7422918 th 299616 0 0 pt 0 inp 0 0 126529.005
01-17 14:21:30.577 27471 27488 D [ACT]:ao: processing priority = HIGH
01-17 14:21:30.580 27443 27465 D [ACT]:ao: processing priority = HIGH
01-17 14:21:31.937 3768 4039 D WifiStateMachine: Current network is: "SKY03AE5" , ID is: 1
01-17 14:21:31.937 3768 4072 D ConnectivityService: updateNetworkScore for NetworkAgentInfo [WIFI () - 551] to 56
01-17 14:21:31.937 3768 4072 D ConnectivityService: rematching NetworkAgentInfo [WIFI () - 551]
01-17 14:21:31.938 3768 4072 D ConnectivityService: network has: [ Transports: WIFI Capabilities: NOT_METERED&INTERNET&NOT_RESTRICTED&TRUSTED&NOT_VPN&VALIDATED LinkUpBandwidth>=1048576Kbps LinkDnBandwidth>=1048576Kbps SignalStrength: -64]
01-17 14:21:31.938 3768 4072 D ConnectivityService: checking if request is satisfied: NetworkRequest [ id=926, legacyType=-1, [ Capabilities: INTERNET&NOT_RESTRICTED&TRUSTED] ]
01-17 14:21:31.938 3768 4072 D ConnectivityService: checking if request is satisfied: NetworkRequest [ id=627, legacyType=-1, [ Capabilities: INTERNET&NOT_RESTRICTED&TRUSTED] ]
01-17 14:21:31.938 3768 4072 D ConnectivityService: checking if request is satisfied: NetworkRequest [ id=64, legacyType=-1, [ Capabilities: INTERNET&NOT_RESTRICTED&TRUSTED] ]
01-17 14:21:31.938 3768 4072 D ConnectivityService: checking if request is satisfied: NetworkRequest [ id=8, legacyType=-1, [ Transports: WIFI Capabilities: INTERNET&NOT_RESTRICTED&TRUSTED&NOT_VPN] ]
01-17 14:21:31.938 3768 4072 D ConnectivityService: checking if request is satisfied: NetworkRequest [ id=63, legacyType=-1, [ Capabilities: INTERNET&NOT_RESTRICTED&TRUSTED] ]
01-17 14:21:31.938 3768 4072 D ConnectivityService: Network NetworkAgentInfo [WIFI () - 551] was already satisfying request 1. No change.
01-17 14:21:31.938 3768 4072 D ConnectivityService: checking if request is satisfied: NetworkRequest [ id=1252, legacyType=-1, [ Capabilities: INTERNET&NOT_RESTRICTED&TRUSTED] ]
01-17 14:21:31.938 3768 4072 D ConnectivityService: checking if request is satisfied: NetworkRequest [ id=3, legacyType=-1, [] ]
01-17 14:21:31.938 3768 4072 D ConnectivityService: checking if request is satisfied: NetworkRequest [ id=903, legacyType=-1, [ Transports: CELLULAR Capabilities: IMS&TRUSTED&NOT_VPN] ]
01-17 14:21:31.938 3768 4072 D ConnectivityService: checking if request is satisfied: NetworkRequest [ id=5, legacyType=-1, [] ]
01-17 14:21:31.939 3768 4072 D ConnectivityService: checking if request is satisfied: NetworkRequest [ id=628, legacyType=-1, [ Capabilities: INTERNET&NOT_RESTRICTED&TRUSTED] ]
01-17 14:21:31.939 3768 4072 D ConnectivityService: checking if request is satisfied: NetworkRequest [ id=4, legacyType=-1, [ Transports: WIFI Capabilities: INTERNET&NOT_RESTRICTED&TRUSTED&NOT_VPN] ]
01-17 14:21:31.939 3768 4072 D ConnectivityService: checking if request is satisfied: NetworkRequest [ id=9, legacyType=-1, [ Transports: CELLULAR|WIFI Capabilities: NOT_RESTRICTED&TRUSTED&NOT_VPN] ]
01-17 14:21:31.939 3768 4072 D ConnectivityService: checking if request is satisfied: NetworkRequest [ id=787, legacyType=-1, [ Capabilities: INTERNET&NOT_RESTRICTED&TRUSTED] ]
01-17 14:21:31.939 3768 4072 D ConnectivityService: checking if request is satisfied: NetworkRequest [ id=19, legacyType=-1, [ Capabilities: INTERNET&NOT_RESTRICTED&TRUSTED] ]
01-17 14:21:31.939 3768 4072 D ConnectivityService: checking if request is satisfied: NetworkRequest [ id=1250, legacyType=-1, [ Capabilities: INTERNET&NOT_RESTRICTED&TRUSTED] ]
01-17 14:21:31.939 3768 4072 D ConnectivityService: checking if request is satisfied: NetworkRequest [ id=7, legacyType=-1, [ Transports: CELLULAR Capabilities: INTERNET&NOT_RESTRICTED&TRUSTED&NOT_VPN] ]
01-17 14:21:31.939 3768 4072 D ConnectivityService: checking if request is satisfied: NetworkRequest [ id=1210, legacyType=-1, [ Transports: WIFI Capabilities: INTERNET&NOT_RESTRICTED&TRUSTED&NOT_VPN] ]
01-17 14:21:31.939 3768 4072 D ConnectivityService: checking if request is satisfied: NetworkRequest [ id=6, legacyType=-1, [ Transports: WIFI Capabilities: INTERNET&NOT_RESTRICTED&TRUSTED&NOT_VPN] ]
01-17 14:21:31.939 3768 4072 D ConnectivityService: checking if request is satisfied: NetworkRequest [ id=1262, legacyType=-1, [ Capabilities: INTERNET&NOT_RESTRICTED&TRUSTED] ]
01-17 14:21:31.940 3768 4072 D ConnectivityService: checking if request is satisfied: NetworkRequest [ id=639, legacyType=-1, [ Capabilities: INTERNET&NOT_RESTRICTED&TRUSTED&NOT_VPN] ]
01-17 14:21:31.940 3768 4072 D ConnectivityService: checking if request is satisfied: NetworkRequest [ id=1271, legacyType=-1, [ Capabilities: INTERNET&NOT_RESTRICTED&TRUSTED] ]
01-17 14:21:31.940 3768 4072 D ConnectivityService: checking if request is satisfied: NetworkRequest [ id=12, legacyType=-1, [ Transports: WIFI Capabilities: INTERNET&NOT_RESTRICTED&TRUSTED&NOT_VPN] ]
01-17 14:21:31.940 3768 4072 D ConnectivityService: checking if request is satisfied: NetworkRequest [ id=1261, legacyType=-1, [ Capabilities: INTERNET&NOT_RESTRICTED&TRUSTED] ]
01-17 14:21:31.940 3768 4072 D ConnectivityService: checking if request is satisfied: NetworkRequest [ id=1272, legacyType=-1, [ Capabilities: INTERNET&NOT_RESTRICTED&TRUSTED] ]
01-17 14:21:31.940 3768 4072 D ConnectivityService: rematching NetworkAgentInfo [MOBILE (LTE) - 539]
01-17 14:21:31.940 3768 4072 D ConnectivityService: network has: [ Transports: CELLULAR Capabilities: IMS&NOT_METERED&NOT_RESTRICTED&TRUSTED&NOT_VPN&VALIDATED LinkUpBandwidth>=51200Kbps LinkDnBandwidth>=102400Kbps Specifier: <1>]
01-17 14:21:31.940 3768 4072 D ConnectivityService: checking if request is satisfied: NetworkRequest [ id=926, legacyType=-1, [ Capabilities: INTERNET&NOT_RESTRICTED&TRUSTED] ]
01-17 14:21:31.940 3768 4072 D ConnectivityService: checking if request is satisfied: NetworkRequest [ id=627, legacyType=-1, [ Capabilities: INTERNET&NOT_RESTRICTED&TRUSTED] ]
01-17 14:21:31.940 3768 4072 D ConnectivityService: checking if request is satisfied: NetworkRequest [ id=64, legacyType=-1, [ Capabilities: INTERNET&NOT_RESTRICTED&TRUSTED] ]
01-17 14:21:31.940 3768 4072 D ConnectivityService: checking if request is satisfied: NetworkRequest [ id=8, legacyType=-1, [ Transports: WIFI Capabilities: INTERNET&NOT_RESTRICTED&TRUSTED&NOT_VPN] ]
01-17 14:21:31.941 3768 4072 D ConnectivityService: checking if request is satisfied: NetworkRequest [ id=63, legacyType=-1, [ Capabilities: INTERNET&NOT_RESTRICTED&TRUSTED] ]
01-17 14:21:31.941 3768 4072 D ConnectivityService: checking if request is satisfied: NetworkRequest [ id=1, legacyType=-1, [ Capabilities: INTERNET&NOT_RESTRICTED&TRUSTED&NOT_VPN] ]
01-17 14:21:31.941 3768 4072 D ConnectivityService: checking if request is satisfied: NetworkRequest [ id=1252, legacyType=-1, [ Capabilities: INTERNET&NOT_RESTRICTED&TRUSTED] ]
01-17 14:21:31.941 3768 4072 D ConnectivityService: checking if request is satisfied: NetworkRequest [ id=3, legacyType=-1, [] ]
01-17 14:21:31.941 3768 4072 D ConnectivityService: Network NetworkAgentInfo [MOBILE (LTE) - 539] was already satisfying request 903. No change.
01-17 14:21:31.941 3768 4072 D ConnectivityService: checking if request is satisfied: NetworkRequest [ id=5, legacyType=-1, [] ]
01-17 14:21:31.941 3768 4072 D ConnectivityService: checking if request is satisfied: NetworkRequest [ id=628, legacyType=-1, [ Capabilities: INTERNET&NOT_RESTRICTED&TRUSTED] ]
01-17 14:21:31.941 3768 4072 D ConnectivityService: checking if request is satisfied: NetworkRequest [ id=4, legacyType=-1, [ Transports: WIFI Capabilities: INTERNET&NOT_RESTRICTED&TRUSTED&NOT_VPN] ]
01-17 14:21:31.941 3768 4072 D ConnectivityService: checking if request is satisfied: NetworkRequest [ id=9, legacyType=-1, [ Transports: CELLULAR|WIFI Capabilities: NOT_RESTRICTED&TRUSTED&NOT_VPN] ]
01-17 14:21:31.941 3768 4072 D ConnectivityService: checking if request is satisfied: NetworkRequest [ id=787, legacyType=-1, [ Capabilities: INTERNET&NOT_RESTRICTED&TRUSTED] ]
01-17 14:21:31.941 3768 4072 D ConnectivityService: checking if request is satisfied: NetworkRequest [ id=19, legacyType=-1, [ Capabilities: INTERNET&NOT_RESTRICTED&TRUSTED] ]
01-17 14:21:31.941 3768 4072 D ConnectivityService: checking if request is satisfied: NetworkRequest [ id=1250, legacyType=-1, [ Capabilities: INTERNET&NOT_RESTRICTED&TRUSTED] ]
01-17 14:21:31.941 3768 4072 D ConnectivityService: checking if request is satisfied: NetworkRequest [ id=7, legacyType=-1, [ Transports: CELLULAR Capabilities: INTERNET&NOT_RESTRICTED&TRUSTED&NOT_VPN] ]
01-17 14:21:31.942 3768 4072 D ConnectivityService: checking if request is satisfied: NetworkRequest [ id=1210, legacyType=-1, [ Transports: WIFI Capabilities: INTERNET&NOT_RESTRICTED&TRUSTED&NOT_VPN] ]
01-17 14:21:31.942 3768 4072 D ConnectivityService: checking if request is satisfied: NetworkRequest [ id=6, legacyType=-1, [ Transports: WIFI Capabilities: INTERNET&NOT_RESTRICTED&TRUSTED&NOT_VPN] ]
01-17 14:21:31.942 3768 4072 D ConnectivityService: checking if request is satisfied: NetworkRequest [ id=1262, legacyType=-1, [ Capabilities: INTERNET&NOT_RESTRICTED&TRUSTED] ]
01-17 14:21:31.942 3768 4072 D ConnectivityService: checking if request is satisfied: NetworkRequest [ id=639, legacyType=-1, [ Capabilities: INTERNET&NOT_RESTRICTED&TRUSTED&NOT_VPN] ]
01-17 14:21:31.942 3768 4072 D ConnectivityService: checking if request is satisfied: NetworkRequest [ id=1271, legacyType=-1, [ Capabilities: INTERNET&NOT_RESTRICTED&TRUSTED] ]
01-17 14:21:31.942 3768 4072 D ConnectivityService: checking if request is satisfied: NetworkRequest [ id=12, legacyType=-1, [ Transports: WIFI Capabilities: INTERNET&NOT_RESTRICTED&TRUSTED&NOT_VPN] ]
01-17 14:21:31.943 3768 4072 D ConnectivityService: checking if request is satisfied: NetworkRequest [ id=1261, legacyType=-1, [ Capabilities: INTERNET&NOT_RESTRICTED&TRUSTED] ]
01-17 14:21:31.943 3768 4072 D ConnectivityService: checking if request is satisfied: NetworkRequest [ id=1272, legacyType=-1, [ Capabilities: INTERNET&NOT_RESTRICTED&TRUSTED] ]
01-17 14:21:31.943 3768 4072 D ConnectivityService: sending new Min Network Score(100): NetworkRequest [ id=1, legacyType=-1, [ Capabilities: INTERNET&NOT_RESTRICTED&TRUSTED&NOT_VPN] ]
01-17 14:21:31.944 3768 4035 D WIFI_P2P: new score 100 for exisiting request NetworkRequest [ id=1, legacyType=-1, [ Capabilities: INTERNET&NOT_RESTRICTED&TRUSTED&NOT_VPN] ]
01-17 14:21:31.944 3768 4125 D Ethernet: new score 100 for exisiting request NetworkRequest [ id=1, legacyType=-1, [ Capabilities: INTERNET&NOT_RESTRICTED&TRUSTED&NOT_VPN] ]
01-17 14:21:31.944 3768 4125 D Ethernet: my score=-1, my filter=[ Transports: ETHERNET Capabilities: INTERNET&NOT_RESTRICTED&TRUSTED&NOT_VPN LinkUpBandwidth>=100000Kbps LinkDnBandwidth>=100000Kbps]
01-17 14:21:31.944 3768 4035 D WIFI_P2P: my score=60, my filter=[ Transports: WIFI Capabilities: WIFI_P2P&NOT_RESTRICTED&TRUSTED&NOT_VPN LinkUpBandwidth>=1048576Kbps LinkDnBandwidth>=1048576Kbps]
01-17 14:21:31.944 3768 4125 D Ethernet: evalRequest
01-17 14:21:31.944 3768 4035 D WIFI_P2P: evalRequest
01-17 14:21:31.944 3768 4125 D Ethernet: done
01-17 14:21:31.944 3768 4035 D WIFI_P2P: done
01-17 14:21:31.944 3768 4039 D WIFI : new score 100 for exisiting request NetworkRequest [ id=1, legacyType=-1, [ Capabilities: INTERNET&NOT_RESTRICTED&TRUSTED&NOT_VPN] ]
01-17 14:21:31.945 3768 4039 D WIFI : my score=60, my filter=[ Transports: WIFI Capabilities: NOT_METERED&INTERNET&NOT_RESTRICTED&TRUSTED&NOT_VPN LinkUpBandwidth>=1048576Kbps LinkDnBandwidth>=1048576Kbps]
01-17 14:21:31.945 3768 4039 D WIFI : evalRequest
01-17 14:21:31.945 3768 4039 D WIFI : done
01-17 14:21:31.945 3768 4039 D WIFI_UT : new score 100 for exisiting request NetworkRequest [ id=1, legacyType=-1, [ Capabilities: INTERNET&NOT_RESTRICTED&TRUSTED&NOT_VPN] ]
01-17 14:21:31.945 3768 4039 D WIFI_UT : my score=2147483647, my filter=[ Transports: WIFI Capabilities: NOT_METERED&INTERNET&NOT_RESTRICTED&TRUSTED&NOT_VPN LinkUpBandwidth>=1048576Kbps LinkDnBandwidth>=1048576Kbps]
01-17 14:21:31.945 3768 4039 D WIFI_UT : evalRequest
01-17 14:21:31.945 3768 4039 D WIFI_UT : done
01-17 14:21:31.945 4145 4145 D PhoneSwitcherNetworkRequstListener: new score 100 for exisiting request NetworkRequest [ id=1, legacyType=-1, [ Capabilities: INTERNET&NOT_RESTRICTED&TRUSTED&NOT_VPN] ]
01-17 14:21:31.945 4145 4145 D PhoneSwitcherNetworkRequstListener: my score=101, my filter=[ Transports: CELLULAR Capabilities: MMS&SUPL&DUN&FOTA&IMS&CBS&IA&RCS&XCAP&EIMS&INTERNET&NOT_RESTRICTED&TRUSTED&NOT_VPN&ENT1 Specifier: <*>]
01-17 14:21:31.946 4145 4145 D PhoneSwitcherNetworkRequstListener: evalRequest
01-17 14:21:31.946 4145 4145 D PhoneSwitcherNetworkRequstListener: done
01-17 14:21:32.577 27471 27488 D [ACT]:ao: processing priority = NORMAL
01-17 14:21:32.580 27443 27465 D [ACT]:ao: processing priority = NORMAL
01-17 14:21:33.047 3275 3334 D Sensorhubs: readContextData: 1, 1, 26, 1, 3, 20, -62, -115, 1, 1
01-17 14:21:33.050 3768 3973 D SensorHubManager: onGetSensorHubDataLocked: library(10) = 1, 1, 26, 1, 3, 20, -62, -115, 1, 1
01-17 14:21:33.052 3768 3972 D CAE : onGetSensorHubData(SensorHubParserProvider.java:92) - onGetSensorHubData Event [event buffer len :10], AP_WAKEUP
01-17 14:21:33.054 3768 3972 I CAE : parse(SensorHubParserProvider.java:189) - buffer size = 10
01-17 14:21:33.055 3768 3972 I CAE : parse(SensorHubParserProvider.java:200) - 1, 1, 26, 1, 3, 20, -62, -115, 1, 1,
01-17 14:21:33.058 3768 3972 D CAE : display(ContextProvider.java:375) - ================= ACTIVITY_TRACKER =================
01-17 14:21:33.060 3768 3972 I CAE : display(ContextProvider.java:391) - Accuracy=[1], OperationMode=[0], ActivityType=[1], TimeStamp=[1516198892173]
01-17 14:21:33.062 3768 3975 D SemContextService: updateContext() : event = Activity Tracker
01-17 14:21:33.064 3768 3768 D SemContextManager: onSemContextChanged() : event = Activity Tracker
01-17 14:21:33.065 3768 3768 D SContextManager: onSContextChanged() : event = Activity Tracker
01-17 14:21:33.066 3768 3768 D WifiService: onSContextChanged(): status - 1, mPrevActivityStatus - 1, accuracy - 1
01-17 14:21:33.220 3768 4122 D WifiWatchdogStateMachine: [|231] []
01-17 14:21:33.364 3768 4121 D WifiWatchdogStateMachine.QualitySocketHandler: response code: 204
01-17 14:21:33.366 3768 4121 W ContextImpl: Calling a method in the system process without a qualified user: android.app.ContextImpl.sendBroadcast:906 com.android.server.wifi.WifiWatchdogStateMachine$QualitySocketHandler.handleMessage:4728 android.os.Handler.dispatchMessage:102 android.os.Looper.loop:154 android.os.HandlerThread.run:61
01-17 14:21:34.417 3768 5280 D BatteryService: !@BatteryListener : batteryPropertiesChanged!
01-17 14:21:34.418 3768 5280 D BatteryService: level:76, scale:100, status:2, health:2, present:true, voltage: 4191, temperature: 247, technology: Li-ion, AC powered:false, USB powered:true, POGO powered:false, Wireless powered:false, icon:17303682, invalid charger:0, maxChargingCurrent:0, maxChargingVoltage:0, chargeCounter:0
01-17 14:21:34.418 3768 5280 D BatteryService: online:6, current avg:433, charge type:1, power sharing:false, high voltage charger:false, capacity:280000, batterySWSelfDischarging:false, misc_event:0, current_now:618
01-17 14:21:34.418 3768 3768 D BatteryService: Sending ACTION_BATTERY_CHANGED.
01-17 14:21:34.424 3768 3768 V UiModeManager: updateLocked: null action, mDockState=0, category=null
01-17 14:21:34.424 3768 3768 D UiModeManager: updateConfigurationLocked: mDockState=0; mCarMode=false; mNightMode=1; uiMode=17
01-17 14:21:34.426 3768 3768 D GameManagerService: new battery level: 76
01-17 14:21:34.426 3768 3768 D GameManagerService: before send intent to GameIntentService
01-17 14:21:34.429 4222 4222 D KeyguardUpdateMonitor: received broadcast android.intent.action.BATTERY_CHANGED
01-17 14:21:34.429 4222 4222 D KeyguardUpdateMonitor: handleBatteryUpdate
01-17 14:21:34.435 4222 4222 D PowerUI : priorPlugType = 2 mPlugType = 2
01-17 14:21:34.438 4222 4222 D PowerUI.Notification: showChargingNotice oldChargingType : 1 currentChargingType : 1 oldChargingTime : 3046000 mChargingTime : 3035000
01-17 14:21:34.438 4222 4222 D PowerUI.Notification: showChargingNotification()
01-17 14:21:34.445 4158 4158 V HeadsetService: HeadsetService - Received Intent.ACTION_BATTERY_CHANGED
01-17 14:21:34.445 4158 12859 D HeadsetStateMachine: Disconnected process message: 10, size: 0
01-17 14:21:34.464 3768 3768 I ActivityManager: KPU : put [com.sec.android.app.sbrowser] : 2856 K
01-17 14:21:34.464 3768 3768 I ActivityManager: Killing 2015:com.sec.android.app.sbrowser/u0a180 (adj 906): DHA:empty #33
01-17 14:21:34.466 3768 3768 I ActivityManager: KPU : put [com.sec.android.app.samsungapps] : 7100 K
01-17 14:21:34.466 3768 3768 I ActivityManager: Killing 1982:com.sec.android.app.samsungapps/u0a26 (adj 906): DHA:empty #33
01-17 14:21:34.468 3768 3768 I ActivityManager: KPU : put [com.samsung.android.slinkcloud] : 4716 K
01-17 14:21:34.468 3768 3768 I ActivityManager: Killing 1961:com.samsung.android.slinkcloud/5008 (adj 906): DHA:empty #33
01-17 14:21:34.470 3768 3768 D GameManagerService: after send intent to GameIntentService. componentName:ComponentInfo{com.enhance.gameservice/com.enhance.gameservice.GameIntentService}
01-17 14:21:34.475 3768 5648 D ApplicationPolicy: isStatusBarNotificationAllowedAsUser: packageName = com.android.systemui,userId = -1
01-17 14:21:34.480 32580 2660 D GOS:GameIntentService: onHandleIntent. begin
01-17 14:21:34.480 32580 2660 D GOS:GameIntentService: onHandleIntent. GameIntentService. type 6
01-17 14:21:34.480 32580 2660 D GOS:GameIntentService: batteryLevel: 76
01-17 14:21:34.480 32580 2660 D GOS:GameIntentService: new deviceStatusLevel: 0
01-17 14:21:34.480 32580 2660 D GOS:GameIntentService: prev deviceStatusLevel: 0
01-17 14:21:34.506 5444 5741 D StreamDBQueue: Promised revision #128203 to queue a new op
01-17 14:21:34.506 5444 5741 D BaseStreamManager: Promised set @ r#128203 for (com.android.systemui,tag=charging_state,id=2131951673,notifKey=-1|com.android.systemui|2131951673|charging_state|10005)
01-17 14:21:34.507 3768 5642 I ActivityManager: KPU : put [com.sec.android.mimage.photoretouching] : 11332 K
01-17 14:21:34.507 3768 5642 I ActivityManager: Killing 2037:com.sec.android.mimage.photoretouching/u0a66 (adj 906): DHA:empty #33
01-17 14:21:34.508 4222 4222 D BatteryMeterDrawable: isSomethingChanged - false
01-17 14:21:34.509 4222 4222 D BatteryMeterDrawable: isSomethingChanged - false
01-17 14:21:34.511 4222 4222 D CoverUpdateMonitor: received broadcast android.intent.action.BATTERY_CHANGED
01-17 14:21:34.517 5444 5948 D DynamicBucketRankerImpl: StreamItemId{notifKey=-1|com.android.systemui|2131951673|charging_state|10005, packageName=com.android.systemui, tag=charging_state, id=2131951673, revision=128203, originalRevision=128175, updateCount=26} in bucket #3 (Ongoing)
01-17 14:21:34.525 5458 5458 E ApplicationPackageManager: checkSettingsForIconTray value : 0
01-17 14:21:34.530 5444 5948 D WatchStreamDB: com.google.android.clockwork.common.stream.TopLevelStreamItem@760b0cc ranked at index 0
01-17 14:21:34.532 5444 5948 D NewStreamAdapter: Publishing revision #128203 to adapter clients
01-17 14:21:34.577 27471 27488 D [ACT]:ao: processing priority = HIGH
01-17 14:21:34.580 27443 27465 D [ACT]:ao: processing priority = HIGH
01-17 14:21:34.587 3768 3793 D ActivityManager: cleanUpApplicationRecord -- 2037
01-17 14:21:34.588 5248 5260 D ForegroundUtils: could not check pending caller
01-17 14:21:34.592 3768 3793 I ActivityManager: KPU : put [com.smartdevicelink.router] : 876 K
01-17 14:21:34.592 3768 3793 I ActivityManager: Killing 22574:com.smartdevicelink.router/u0a194 (adj 906): DHA:SPC_empty #33
01-17 14:21:34.627 3768 5643 D ActivityManager: cleanUpApplicationRecord -- 22574
01-17 14:21:34.628 3768 5643 W ActivityManager: Scheduling restart of crashed service com.spotify.music/com.spotify.mobile.android.spotlets.smartdevicelink.service.SdlRouterService in 1000ms
01-17 14:21:34.635 3768 7202 D SSRM:k : SIOP:: AP = 330, PST = 306 (W:6), CP = 254, CUR = 436, LCD = 79
01-17 14:21:34.643 3768 4050 D ActivityManager: cleanUpApplicationRecord -- 1961
01-17 14:21:34.650 3768 4054 D ActivityManager: cleanUpApplicationRecord -- 2015
01-17 14:21:34.656 3768 8541 D ActivityManager: cleanUpApplicationRecord -- 1982
01-17 14:21:34.743 4947 4947 D io_stats: !@ 8,0 r 8592939 393048496 w 3678308 76474152 d 367750 41404072 f 1097824 1096635 iot 8360190 7422945 th 305492 0 0 pt 0 inp 0 0 126534.009
01-17 14:21:34.757 5248 411 D ForegroundUtils: could not check pending caller
01-17 14:21:34.757 5248 411 D ForegroundUtils: could not check pending caller
01-17 14:21:34.758 5248 411 D ForegroundUtils: could not check pending caller
01-17 14:21:34.758 5248 411 D ForegroundUtils: could not check pending caller
01-17 14:21:34.965 3768 4039 D WifiStateMachine: Current network is: "SKY03AE5" , ID is: 1
01-17 14:21:34.984 3768 4643 E Watchdog: !@Sync 4214 [2018-01-17 14:21:34.983]
01-17 14:21:35.632 3768 3848 D MountService: getExternalStorageMountMode : 1
01-17 14:21:35.632 3768 3848 D MountService: getExternalStorageMountMode : 3
01-17 14:21:35.632 3768 3848 D MountService: getExternalStorageMountMode : final mountMode=1, uid : 10194, packageName : com.spotify.music
01-17 14:21:35.679 2661 2661 E Zygote : v2
01-17 14:21:35.679 2661 2661 I libpersona: KNOX_SDCARD checking this for 10194
01-17 14:21:35.679 2661 2661 I libpersona: KNOX_SDCARD not a persona
01-17 14:21:35.680 3768 3848 I ActivityManager: Start proc 2661:com.smartdevicelink.router/u0a194 for service com.spotify.music/com.spotify.mobile.android.spotlets.smartdevicelink.service.SdlRouterService
01-17 14:21:35.681 2661 2661 E Zygote : accessInfo : 0
01-17 14:21:35.683 2661 2661 W SELinux : SELinux selinux_android_compute_policy_index : Policy Index[2], Con:u:r:zygote:s0 SPD:SEPF_SECMOBILE_7.0_0006 RAM:SEPF_SECMOBILE_7.0_0009, [-1 -1 -9 -1 0 1]
01-17 14:21:35.686 2661 2661 I SELinux : SELinux: seapp_context_lookup: seinfo=untrusted, level=s0:c512,c768, pkgname=com.smartdevicelink.router
01-17 14:21:35.730 2661 2661 D TimaKeyStoreProvider: TimaSignature is unavailable
01-17 14:21:35.731 2661 2661 D ActivityThread: Added TimaKeyStore provider
01-17 14:21:35.734 3768 4959 I ActivityManager: DSS on for com.spotify.music and scale is 1.0
01-17 14:21:35.830 2661 2661 I art : Starting a blocking GC AddRemoveAppImageSpace
01-17 14:21:36.062 2661 2661 D ContextRelationMgrBrdg: loadKlass() : caller=com.samsung.android.bridge.multiscreen.common.ContextRelationManagerBridge.:28 android.app.LoadedApk.makeApplication:840
01-17 14:21:36.141 2661 2661 W Java7Support: Unable to load JDK7 types (annotations, java.nio.file.Path): no Java7 support added
01-17 14:21:36.578 27471 27488 D [ACT]:ao: processing priority = LOW
01-17 14:21:36.580 27443 27465 D [ACT]:ao: processing priority = LOW
01-17 14:21:36.922 3768 3969 D SamsungAlarmManager: Expired : 4
01-17 14:21:36.923 3768 3969 I SamsungAlarmManager: setLocked to kernel - T:2 / 20180117T142406, SetElapsed=307057135, nowELAPSED=306907421
01-17 14:21:36.923 3768 3969 V SamsungAlarmManager: Sending to uid : 1000 listener=android.app.AlarmManager$ListenerWrapper@4c61dd0 alarm=Alarm{6334c81 type 2 when 306907420 android}
01-17 14:21:36.928 3768 3768 D SamsungAlarmManager: setExact Listener (T:2/F:0/AC:false) 20180117T142137 - CU:1000/CP:3768
01-17 14:21:36.929 3768 3768 I SamsungAlarmManager: setLocked to kernel - T:2 / 20180117T142137, SetElapsed=306908422, nowELAPSED=306907427
01-17 14:21:37.708 2661 2661 D BluetoothSocket: bindListen(): myUserId = 0
01-17 14:21:37.708 2661 2661 W BluetoothAdapter: getBluetoothService() called with no BluetoothManagerCallback
01-17 14:21:37.924 3768 3969 D SamsungAlarmManager: Expired : 4
01-17 14:21:37.925 3768 3969 I SamsungAlarmManager: setLocked to kernel - T:2 / 20180117T142406, SetElapsed=307057135, nowELAPSED=306908422
01-17 14:21:37.925 3768 3969 V SamsungAlarmManager: Sending to uid : 1000 listener=android.app.AlarmManager$ListenerWrapper@1ed1126 alarm=Alarm{da6697b type 2 when 306907691 android}
