01-17 14:21:55.188 3768 4135 D SemContextService: Listener : com.samsung.android.hardware.context.SemContextService$Listener@f5cf24a, Service : Any Motion Detector
01-17 14:21:55.188 3768 4135 D SemContextService: Listener : com.samsung.android.hardware.context.SemContextService$Listener@60d97f8, Service : Activity Tracker
01-17 14:21:55.188 3768 4135 D SemContextManager: .unregisterListener : listener = android.hardware.scontext.SContextManager$SContextListenerDelegate@1cda1f7, service=Auto Brightness
01-17 14:21:55.188 3768 4135 D SContextManager: .unregisterListener : listener = com.android.server.display.AutomaticBrightnessController$5@38db321, service=Auto Brightness
01-17 14:21:55.188 3768 4135 D PowerManagerUtil: Excessive delay in SensorHubAutoBrightnessEnabled::unregisterListener done: 47ms
01-17 14:21:55.429 3768 3890 D DisplayPowerState: !@ [0] ColorFade entry
01-17 14:21:55.430 3768 3890 D PowerManagerService: [input device light] onColorFadeExit(false)
01-17 14:21:55.431 3768 3890 D DisplayPowerController: ColorFade: onAnimationEnd
01-17 14:21:55.437 3768 4136 D lights : lcd : 0 +
01-17 14:21:55.437 3768 3890 D DisplayPowerController: animateScreenStateChange[0]: target=1
01-17 14:21:55.438 3768 3890 D DisplayPowerController: [M OS] 0 REPORTED_TO_POLICY_SCREEN_* -> REPORTED_TO_POLICY_SCREEN_OFF.
01-17 14:21:55.440 3768 4136 D lights : lcd : 0 -
01-17 14:21:55.440 3768 3890 D ActivityTrigger: ActivityTrigger activityPauseTrigger
01-17 14:21:55.441 3768 3890 D GameManagerService: sem_perfomance_mode: 0
01-17 14:21:55.508 3768 3890 V KeyguardServiceDelegate: onScreenTurnedOff()
01-17 14:21:55.509 4222 4366 D KeyguardViewMediator: notifyScreenTurnedOff
01-17 14:21:55.510 4222 4222 D KeyguardViewMediator: handleNotifyScreenTurnedOff
01-17 14:21:55.510 4222 4222 D vol.SecVolumeDialog: onScreenTurnedOff()
01-17 14:21:55.510 4222 4222 D vol.SecVolumeDialog: dismissH reason: 4
01-17 14:21:55.510 3768 3848 D ActivityTrigger: ActivityTrigger activityStopTrigger
01-17 14:21:55.510 4222 4222 D vol.SecVolumeDialog: dismissH : false
01-17 14:21:55.510 3768 3890 I MateSvc|ActAgentRelay: relay action 0x210002
01-17 14:21:55.510 4222 4222 D LockIcon: state = 0, mLastState = 0, mDeviceInteractive = true, mLastDeviceInteractive = true, mScreenOn = false, mLastScreenOn = true
01-17 14:21:55.517 3768 3890 W ActivityManager: Unable to start service Intent { cmp=com.samsung.android.mateagent/.interact.AgentService launchParam=MultiScreenLaunchParams { mDisplayId=0 mFlags=0 } } U=0: not found
01-17 14:21:55.518 3768 3890 E MateSvc|AgentConn: failed to bind agent svc agent
01-17 14:21:55.518 3768 3890 D DisplayPowerController: mWindowManagerPolicy.screenTurnedOff(0)
01-17 14:21:55.518 3768 3890 D DisplayPowerController: [Dual Screen Compatible] state[0] :1
01-17 14:21:55.518 3768 3890 D DisplayPowerController: Animating brightness: target=0, rate=0 (PSM:false, AB limit:(-1 ~ -1) MB Limit:(-1 ~ -1))
01-17 14:21:55.528 3768 2692 D MISC PowerHAL: sysfs_write +: /sys/class/input/event1/device/enabled: 0
01-17 14:21:55.528 3768 3890 D DisplayPowerController: animateScreenStateChange[0]: target=1
01-17 14:21:55.528 3768 2691 D MISC PowerHAL: sysfs_write +: /sys/class/input/event0/device/enabled: 0
01-17 14:21:55.528 3768 3890 D DisplayPowerController: [Dual Screen Compatible] state[0] :1
01-17 14:21:55.528 3768 3890 D DisplayPowerController: Animating brightness: target=0, rate=0 (PSM:false, AB limit:(-1 ~ -1) MB Limit:(-1 ~ -1))
01-17 14:21:55.529 3768 2691 D MISC PowerHAL: sysfs_write -: /sys/class/input/event0/device/enabled: 0
01-17 14:21:55.530 3768 2692 D MISC PowerHAL: sysfs_write -: /sys/class/input/event1/device/enabled: 0
01-17 14:21:55.530 3768 3895 D MISC PowerHAL: sysfs_write +: /sys/class/power_supply/battery/lcd: 0
01-17 14:21:55.530 3768 3895 D MISC PowerHAL: sysfs_write -: /sys/class/power_supply/battery/lcd: 0
01-17 14:21:55.530 3768 3895 D DisplayManagerService: !@display_state: ON -> OFF brightness: 0 -> 0
01-17 14:21:55.531 3768 3888 I DisplayManagerService: Display device changed state: "Built-in Screen", OFF
01-17 14:21:55.532 3197 3197 D SurfaceFlinger: Set power mode=0, type=0 flinger=0x70cc688a40
01-17 14:21:55.532 3197 3197 I hwcomposer: int exynos_setPowerMode(struct hwc_composer_device_1 *, int, int):: disp(0), mode(0)
01-17 14:21:55.559 3768 3768 D GameManagerService: onDisplayChanged. displyId: 0
01-17 14:21:55.559 3768 3768 D GameManagerService: dpi: 480, longPixel: 1920, shortPixel: 1080
01-17 14:21:55.584 4222 4222 D KeyguardServiceBoxContainer: onDisplayChanged() id = 0, density = 480, current density = 480
01-17 14:21:55.734 3768 3895 D SurfaceControl: Excessive delay in setPowerMode(): 203ms
01-17 14:21:55.734 3768 3895 D PowerManagerUtil: Excessive delay in !@display_state: OFF: 204ms
01-17 14:21:55.734 3768 3895 D PowerManagerUtil: Excessive delay in DisplayManagerInternal.requestDesiredDisplayState: 215ms
01-17 14:21:55.734 3768 3890 D DisplayPowerController: animateScreenStateChange[0]: target=1
01-17 14:21:55.734 3768 3890 D DisplayPowerController: [Dual Screen Compatible] state[0] :1
01-17 14:21:55.734 3768 3890 D DisplayPowerController: Animating brightness: target=0, rate=0 (PSM:false, AB limit:(-1 ~ -1) MB Limit:(-1 ~ -1))
01-17 14:21:55.735 3768 3890 I PowerManagerService: [PWL] Off : 0s ago
01-17 14:21:55.735 3768 3890 I PowerManagerService: [PWL] PowerManagerService.WakeLocks: ref count=1
01-17 14:21:55.735 3768 3890 I PowerManagerService: [PWL] mWakeLockSummary : 0x1
01-17 14:21:55.735 3768 3890 I PowerManagerService: [PWL] PARTIAL_WAKE_LOCK '*job*/com.instagram.android/com.instagram.util.offline.BackgroundWifiPrefetcherJobService' (uid=1000, pid=3768, ws=WorkSource{10188}) (uid=1000, pid=3768, ws=WorkSource{10188}, pkg=android, elapsedTime=534292)
01-17 14:21:55.735 3768 3890 I PowerManagerService: [PWL] PARTIAL_WAKE_LOCK '*job*/com.google.android.apps.docs/.appindexing.AppIndexingJobService' (uid=1000, pid=3768, ws=WorkSource{10125}) (uid=1000, pid=3768, ws=WorkSource{10125}, pkg=android, elapsedTime=154133)
01-17 14:21:55.735 3768 3890 I PowerManagerService: [PWL] PARTIAL_WAKE_LOCK 'AudioIn' (uid=1041, pid=0, ws=WorkSource{10089}) (uid=1041, pid=0, ws=WorkSource{10089}, pkg=audioserver, elapsedTime=50843)
01-17 14:21:55.735 3768 3890 I PowerManagerService: [PWL] PowerManagerService.Display: ref count=2
01-17 14:21:55.735 3768 3890 I PowerManagerService: [PWL] mUserActivitySummary : 0x4
01-17 14:21:55.735 3768 3890 I PowerManagerService: [PWL] mDisplayReady : false
01-17 14:21:55.735 3768 3890 D DisplayPowerController: animateScreenStateChange[0]: target=1
01-17 14:21:55.735 3768 3890 D DisplayPowerController: [Dual Screen Compatible] state[0] :1
01-17 14:21:55.735 3768 3890 D DisplayPowerController: Animating brightness: target=0, rate=0 (PSM:false, AB limit:(-1 ~ -1) MB Limit:(-1 ~ -1))
01-17 14:21:55.736 3768 3890 D PowerManagerService: [s] DisplayPowerCallbacks : onStateChanged()
01-17 14:21:55.736 3768 3890 D PowerManagerService: mDisplayReady: true
01-17 14:21:55.736 3768 3890 I libsuspend: !@autosuspend_wakeup_count_enable
01-17 14:21:55.736 3768 3890 I libsuspend: !@autosuspend_wakeup_count_enable done
01-17 14:21:55.736 3768 3890 D PowerManagerService: [PWL] sb release: PowerManagerService.Display
01-17 14:21:55.736 3768 3890 D PowerManagerService: handleSandman : startDreaming: true (canDreamLocked: false canDozeLocked: true)
01-17 14:21:55.736 3768 3890 D PowerManagerService: handleSandman : startDream(true)
01-17 14:21:55.737 3768 3890 E PowerManagerService: handleSandman : startDreaming, but isDreaming false
01-17 14:21:55.737 3768 3890 I PowerManagerService: Sleeping (uid 1000)...
01-17 14:21:55.737 3768 3890 D PowerManagerService: [s] UserActivityState : 4 -> 0
01-17 14:21:55.737 3768 3890 D PowerManagerService: [PWL] sb acquire: PowerManagerService.Broadcasts
01-17 14:21:55.738 3768 4133 D PersonaManagerService: onfinishedGoingToSleep why = 3
01-17 14:21:55.738 4222 2365 D KeyguardViewMediator: onFinishedGoingToSleep(3)
01-17 14:21:55.738 4222 2365 D KeyguardViewMediator: notifyFinishedGoingToSleep
01-17 14:21:55.738 4222 4222 D KeyguardViewMediator: handleNotifyFinishedGoingToSleep
01-17 14:21:55.738 3768 3913 D PersonaManagerServiceHandler: MSG_ACTION_SCREEN_OFF called
01-17 14:21:55.741 4222 4222 D WallpaperViewController: onScreenTurnedOff
01-17 14:21:55.741 4222 4222 D WallpaperViewController: mWallpaperView.onPause()
01-17 14:21:55.741 4222 4222 D PowerUI.Notification: dismissUnintentionallyLcdOnNotice
01-17 14:21:55.742 4222 4222 V KeyguardUpdateMonitor: handleFinishedGoingToSleep( requestSessionOpen FP )
01-17 14:21:55.745 3768 5292 V FingerprintService: request(2) called from pid=4222
01-17 14:21:55.746 3315 3315 V fingerprintd: request()
01-17 14:21:55.747 3315 3315 D bauth_service: req(2)
01-17 14:21:55.749 3315 3315 D bauth_FPBAuthService: FPBAuthService, 6356
01-17 14:21:55.749 3315 3315 I TLC_BAUTH: Call FUNC ID 0x3 , 1;477
01-17 14:21:55.749 3315 3315 I tlc_communication: tlc_open() called;82
01-17 14:21:55.749 3315 3315 I tlc_communication: Opening MobiCore device;86
01-17 14:21:55.749 3315 3315 I TeeDriverClient: driver client open [hardware/samsung_slsi/exynos8890/mobicore/ClientLib/src/driver_client.cpp:103]
01-17 14:21:55.749 3315 3315 I tlc_communication: Allocating WSM for TCI;100
01-17 14:21:55.750 3315 3315 I tlc_communication: Opening the session;116
01-17 14:21:55.767 3768 7202 D SSRM:k : SIOP:: AP = 290, PST = 307 (W:14), CP = 242, CUR = 649, LCD = 0
01-17 14:21:55.768 3768 3768 D LightsService: [api] [SvcLED] setFlashing :: id = 5, color = 0, mode = 10, onMS = 0, offMS = 0, (uid: 1000 pid: 3768)
01-17 14:21:55.769 3768 3768 D PowerManagerUtil: fileWriteString to /sys/power/wake_lock, LightsService
01-17 14:21:55.769 3768 3768 D LightsService: [SvcLED] setSvcLedStateLocked:: SvcLEDState : 0x0 -> 0x10 | SvcLED(id=5) set On
01-17 14:21:55.771 3768 3768 I Sensors : Light old sensor_state 278528, new sensor_state : 279040 en : 1
01-17 14:21:55.777 3768 3768 D SensorManager: registerListener :: 6, TMD49XX RGB Sensor, 200000, 0,
01-17 14:21:55.778 3768 3768 D BatteryService: turn on LED for charging
01-17 14:21:55.794 3768 3768 I CAE : handleMessage(CaPowerManager.java:182) - AP_SLEEP
01-17 14:21:55.795 3768 3768 I CAE : updateApPowerStatus(SensorHubParserProvider.java:444) - AP_SLEEP
01-17 14:21:55.796 3768 3768 I CAE : sendCmdToSensorHub(SensorHubCommManager.java:162) - -76, 13, -46, 0,
01-17 14:21:55.796 3768 3768 D SensorHubManager: SendSensorHubData: send data = -76, 13, -46, 0
01-17 14:21:55.797 3275 10799 D Sensorhubs: sendContextData: -76, 13, -46, 0
01-17 14:21:55.798 3768 3768 I CAE : sendCmdToSensorHub(SensorHubCommManager.java:162) - -63, 14, 14, 21, 55,
01-17 14:21:55.798 3768 3768 D SensorHubManager: SendSensorHubData: send data = -63, 14, 14, 21, 55
01-17 14:21:55.799 3275 3335 D Sensorhubs: sendContextData: -63, 14, 14, 21, 55
01-17 14:21:55.808 3768 3768 D ClientCertificateManager Service: updateLockStatus, user.id 0
01-17 14:21:55.808 3768 3768 I : CCM JNI: In ccm_update_lock_status
01-17 14:21:55.808 3768 3768 I TZ_CCM_C_Initialize: : DEBUG_CONTAINER_PROBLEM Enter TZ_CCM_C_Initialize_TLC!
01-17 14:21:55.808 3768 3768 I TZ_CCM_C_Initialize: : pInitArgs 0x7fc81110b0 has not called C_Init before.
01-17 14:21:55.808 3768 3768 I TZ_CCM_C_Initialize: : &ctx = 0x720112e2c8
01-17 14:21:55.808 3768 3768 E TZ: client_server_communication: comm_request(0x71fed66cc0) pImpl->serverName : CCM
01-17 14:21:55.808 3768 3768 E TZ: client_server_communication: comm_request(0x71fed66cc0) pImpl->sconn : 0x71e6c39480
01-17 14:21:55.808 3768 3768 E TZ: client_server_communication: comm_request(0x71fed66cc0) pImpl->sconn->getInterfaceDescriptor() : CCM
01-17 14:21:55.808 3768 3768 I TZ: client_server_communication: Cmd id = 47, len = 19456
01-17 14:21:55.808 3768 3768 I TZ: client_server_communication: Calling Communicate()
01-17 14:21:55.809 3980 4214 I TLC_SERVER: BnTLCServer::onTransact(2) 16
01-17 14:21:55.809 3980 4214 I TLC_SERVER: COMM
01-17 14:21:55.901 3315 3315 I tlc_communication: tlc_open() successed;136
01-17 14:21:55.901 3315 3315 I TLC_BAUTH: Check TCI buffer;538
01-17 14:21:55.904 3768 3768 I TZ_CCM_C_Finalize: : DEBUG_CONTAINER_PROBLEM Exercising TZ_CCM_C_Finalize_TLC
01-17 14:21:55.904 3768 3768 I TZ_CCM_C_Finalize: : There are connections; No C_Finalize for pInitArgs 0x7fc81110b0
01-17 14:21:55.907 3315 3315 I TLC_BAUTH: Call FP cmd 0x11;327
01-17 14:21:55.907 3315 3315 I tlc_communication: Send Trustlet TCI Message;214
01-17 14:21:55.907 3315 3315 I tlc_communication: mcNotify is completed;224
01-17 14:21:55.908 3315 3315 I tlc_communication: mcWaitNotification is completed;237
01-17 14:21:55.908 3315 3315 I TLC_BAUTH: Check the Trustlet return code is completed;362
01-17 14:21:55.908 3315 3315 I TLC_BAUTH: ion alloc dm;646
01-17 14:21:55.908 3315 3315 I TLC_BAUTH: Call FP cmd 0x12;379
01-17 14:21:55.908 3315 3315 I tlc_communication: Send Trustlet TCI Message;214
01-17 14:21:55.908 3315 3315 I tlc_communication: mcNotify is completed;224
01-17 14:21:55.909 3768 3768 D UniversalCredentialManagerService: inside mBReciever onReceive : android.intent.action.SCREEN_OFF
01-17 14:21:55.910 3315 3315 I tlc_communication: mcWaitNotification is completed;237
01-17 14:21:55.910 3315 3315 I TLC_BAUTH: Check the Trustlet return code is completed;406
01-17 14:21:55.910 3315 3315 I TLC_BAUTH: FUNC ID 0x3 is completed;675
01-17 14:21:55.910 3315 3315 D : fprc : rc
01-17 14:21:55.910 3315 3315 D bauth_FPBAuthSensorControl: FPBAuthSensorControl, 800
01-17 14:21:55.910 3315 3315 D bauth_FPBAuthService: FPBAuthService, 6381
01-17 14:21:55.910 3315 3315 D bauth_FPBAuthSensorControl: FPBAuthSensorControl, 636
01-17 14:21:55.910 3315 3315 D bauth_FPBAuthSensorControl: FPBAuthSensorControl, 644
01-17 14:21:55.912 3315 3315 D bauth_FPBAuthServiceStorage: FPBAuthServiceStorage, 539
01-17 14:21:55.912 3315 3315 I TLC_BAUTH: Call FP cmd 0xc (48);1557
01-17 14:21:55.913 3768 3768 D UniversalCredentialManagerService: ****MSG_LOCK_STATUS_UPDATE block started****
01-17 14:21:55.913 3315 3315 I tlc_communication: Send Trustlet TCI Message;214
01-17 14:21:55.913 3768 3768 D UniversalCredentialManagerService: notifyChangeToPlugin is called for Lock status update...
01-17 14:21:55.913 3315 3315 I tlc_communication: mcNotify is completed;224
01-17 14:21:55.913 3768 3768 D UcmService: notifyChangeToPlugin event 16
01-17 14:21:55.913 3768 3768 D UcmService: checkCallerPermissionFor is called for method-notifyChangeToPlugin
01-17 14:21:55.913 3768 3768 D UniversalCredentialManagerService: ****MSG_LOCK_STATUS_UPDATE block ended****
01-17 14:21:55.914 3315 3315 I tlc_communication: mcWaitNotification is completed;237
01-17 14:21:55.914 3315 3315 I TLC_BAUTH: Check the Trustlet return code is completed;1665
01-17 14:21:55.914 3315 3315 D bauth_FPBAuthService: check_opcode status = 5, opcode = 0, func_ret_val = 0, function_status = 0, timeout = 0
01-17 14:21:55.914 3315 3315 I TLC_BAUTH: Call FP cmd 0xc (49);1557
01-17 14:21:55.914 3315 3315 I TLC_BAUTH: Skip cmd : 0xc, opcode : 49;1582
01-17 14:21:55.914 3315 3315 I TLC_BAUTH: Call FP cmd 0xc (37);1557
01-17 14:21:55.915 3315 3315 I TLC_BAUTH: reqUserID = User_0 | User_0;1614
01-17 14:21:55.916 3315 3315 I tlc_communication: Send Trustlet TCI Message;214
01-17 14:21:55.916 3315 3315 I tlc_communication: mcNotify is completed;224
01-17 14:21:55.957 3768 3768 I WifiTrafficPoller: evaluateTrafficStatsPolling
01-17 14:21:55.966 3768 3768 D LightsService: [api] [SvcLED] turnOff:: id = 6 (uid: 1000 pid: 3768)
01-17 14:21:55.966 3768 3768 D LightsService: [SvcLED] setSvcLedStateLocked:: SvcLEDState : 0x10 -> 0x10 | SvcLED(id=6) set Off
01-17 14:21:55.972 3294 3516 D audio_hw_primary: adev_set_parameters: enter: kvpairs: screen_state=off
01-17 14:21:55.976 3768 4039 W AlarmManager: Unrecognized alarm listener com.android.server.wifi.WifiConnectivityManager$4@9600f98
01-17 14:21:55.976 3768 4039 W AlarmManager: Unrecognized alarm listener com.android.server.wifi.WifiConnectivityManager$5@a3723f1
01-17 14:21:55.977 3768 4039 W AlarmManager: Unrecognized alarm listener com.android.server.wifi.WifiConnectivityManager$6@652272f
01-17 14:21:55.984 3768 3961 I Sensors : #>LightSensor lux=18 r=14 g=8 b=8 c=28 atime=245 again=3
01-17 14:21:55.985 3768 3894 D LightsService: [SvcLED] onSensorChanged::light value = 18
01-17 14:21:55.986 3768 3894 I Sensors : Light old sensor_state 279040, new sensor_state : 278528 en : 0
01-17 14:21:55.986 3768 3768 D SamsungAlarmManager: setInexact Intent (T:2/F:8/AC:false) 20180117T153255 - CU:1000/CP:3768
01-17 14:21:55.991 3768 3768 I MdnieScenarioControlService: action : android.intent.action.SCREEN_OFF
01-17 14:21:55.991 3768 3894 D SensorManager: unregisterListener ::
01-17 14:21:55.991 3768 3894 D lights : led_pattern : 1 +
01-17 14:21:55.993 3768 3768 I FingerprintService: onReceive: android.intent.action.SCREEN_OFF
01-17 14:21:55.995 3768 3894 D lights : led_pattern : 1 -
01-17 14:21:55.995 3768 3894 D LightsService: [SvcLED] setSvcLedLightLocked :: Current SvcLED(id=5) maintains its priority right
01-17 14:21:55.995 3768 3894 D PowerManagerUtil: fileWriteString to /sys/power/wake_unlock, LightsService
01-17 14:21:55.996 3768 3894 D SamsungAlarmManager: Cancel Alarm calling from uid:1000 pid :3768 / op:PendingIntent{a80ef53: PendingIntentRecord{f036090 android broadcastIntent}}
01-17 14:21:56.004 3768 3894 D SamsungAlarmManager: setInexact Intent (T:3/F:8/AC:false) 20180117T143155 - CU:1000/CP:3768
01-17 14:21:56.019 3315 3315 I tlc_communication: mcWaitNotification is completed;237
01-17 14:21:56.019 3315 3315 I TLC_BAUTH: Check the Trustlet return code is completed;1665
01-17 14:21:56.019 3315 3315 D bauth_FPBAuthService: check_opcode status = 5, opcode = 0, func_ret_val = 0, function_status = 0, timeout = 0
01-17 14:21:56.020 3315 3315 I TLC_BAUTH: Call FP cmd 0xc (47);1557
01-17 14:21:56.020 3315 3315 I TLC_BAUTH: reqUserID = User_0 | User_0;1614
01-17 14:21:56.020 3315 3315 I tlc_communication: Send Trustlet TCI Message;214
01-17 14:21:56.021 3315 3315 I tlc_communication: mcNotify is completed;224
01-17 14:21:56.028 3315 3315 I tlc_communication: mcWaitNotification is completed;237
01-17 14:21:56.028 3315 3315 I TLC_BAUTH: Check the Trustlet return code is completed;1665
01-17 14:21:56.028 3315 3315 D bauth_FPBAuthService: check_opcode status = 5, opcode = 0, func_ret_val = 0, function_status = 0, timeout = 0
01-17 14:21:56.029 3768 5292 W FingerprintService: startRequest[2] FP_FINISH (283ms) RESULT: 0
01-17 14:21:56.029 3768 3768 I BackgroundCompactionService: Schedule Type1 BGCompaction
01-17 14:21:56.030 4222 4222 D KeyguardFingerPrint: shouldListenForFingerprint ( isFingerprintEnabled = false , mKeyguardIsVisible = false , mDeviceInteractive = false , mBouncer = false , mGoingToSleep = false , mSwitchingUser = false , mFingerprintAlreadyAuthenticated = false , mKeyguardUnlocking = false
01-17 14:21:56.030 4222 4222 D KeyguardFingerPrint: shouldListenForFingerprint ( fingerprint is not enabled. )
01-17 14:21:56.030 4222 4222 V KeyguardFingerPrint: stopListeningForFingerprint()
01-17 14:21:56.036 3768 3768 D SamsungAlarmManager: setExact Listener (T:2/F:0/AC:false) 20180117T142206 - CU:1000/CP:3768
01-17 14:21:56.042 3768 3768 D SamsungAlarmManager: setInexact Listener (T:2/F:0/AC:false) 20180117T142209 - CU:1000/CP:3768
01-17 14:21:56.076 3768 3768 D WifiService: unRegisterForSContext() : successful!
01-17 14:21:56.076 3768 3768 D SemContextService: removeListener() : Listener = com.samsung.android.hardware.context.SemContextService$Listener@60d97f8, Service = Activity Tracker, used = 0
01-17 14:21:56.077 3768 3768 W CAE : unregisterCallback(ContextAwareService.java:208) - [unregi 01] Mutex is locked for ACTIVITY_TRACKER
01-17 14:21:56.078 3768 3768 V CAE : stop(ContextProvider.java:155)
01-17 14:21:56.079 3768 3768 V CAE : clear(ActivityTrackerRunner.java:108)
01-17 14:21:56.080 3768 3768 V CAE : disable(ActivityTrackerRunner.java:96)
01-17 14:21:56.082 3768 3768 I CAE : sendCmdToSensorHub(SensorHubCommManager.java:162) - -78, 26, 0, 0, 0, 0, 0, 0, 0, 0,
01-17 14:21:56.082 3768 3768 D SensorHubManager: SendSensorHubData: send data = -78, 26, 0, 0, 0, 0, 0, 0, 0, 0
01-17 14:21:56.083 3275 10798 D Sensorhubs: sendContextData: -78, 26, 0, 0, 0, 0, 0, 0, 0, 0
01-17 14:21:56.088 3768 3768 D CAE : getFaultDetectionResult(ActivityTrackerRunner.java:154) - true
01-17 14:21:56.089 3768 3768 I CAE : notifyCmdProcessResultObserver(ContextProvider.java:627) - CheckResult = 0, Cause = Success
01-17 14:21:56.101 3768 3768 D CAE : doCommendProcess(ContextAwareService.java:435) - complete notify the operation result.
01-17 14:21:56.103 3768 3768 I CAE : displayUsedCountForService(ContextAwareService.java:527) - totalCnt = 0, serviceCount = 0, subCollectionCount = 0
01-17 14:21:56.103 3768 3768 D CAE : showListenerList(ContextAwareService.java:368) - ===== Context Aware Service List =====
01-17 14:21:56.104 3768 3768 I CAE : showListenerList(ContextAwareService.java:377) - Listener : com.samsung.android.contextaware.manager.ContextAwareService$Listener@40115b, Service : ACTIVITY_TRACKER_CURRENT_INFO(1)
01-17 14:21:56.105 3768 3768 I CAE : showListenerList(ContextAwareService.java:377) - Listener : com.samsung.android.contextaware.manager.ContextAwareService$Listener@2072bb5, Service : ANY_MOTION_DETECTOR_RUNNER(1)
01-17 14:21:56.105 3768 3768 W CAE : unregisterCallback(ContextAwareService.java:243) - [unregi 02] Mutex is unlocked for ACTIVITY_TRACKER
01-17 14:21:56.105 3768 3768 D SemContextService: .unregisterCallback : 2, client=
01-17 14:21:56.105 3768 3768 D SemContextService: ===== SemContext Service List =====
01-17 14:21:56.105 3768 3768 D SemContextService: Listener : com.samsung.android.hardware.context.SemContextService$Listener@f5cf24a, Service : Any Motion Detector
01-17 14:21:56.106 3768 3768 D SemContextManager: .unregisterListener : listener = android.hardware.scontext.SContextManager$SContextListenerDelegate@a29f2d1, service=Activity Tracker
01-17 14:21:56.106 3768 3768 D SContextManager: .unregisterListener : listener = com.android.server.wifi.WifiServiceImpl$1@ec66d0c, service=Activity Tracker
01-17 14:21:56.128 4666 4666 D EPDG -- [EPDGService]: onDataActivity: direction=0
01-17 14:21:56.129 4222 4499 D NetworkController.MobileSignalController(0/1): onDataActivity: direction=0
01-17 14:21:56.138 4666 4666 D EPDG -- [EPDGService]: onDataActivity: direction=0
01-17 14:21:56.138 4222 4499 D NetworkController.MobileSignalController(0/1): onDataActivity: direction=0
01-17 14:21:56.139 3768 5279 D SamsungAlarmManager: Cancel Alarm calling from uid:1001 pid :4145 / op:PendingIntent{f76310e: PendingIntentRecord{ac53598 com.android.phone broadcastIntent}}
01-17 14:21:56.153 3768 5649 D SamsungAlarmManager: setInexact Intent (T:3/F:8/AC:false) 20180117T142756 - CU:1001/CP:4145
01-17 14:21:56.154 4145 4145 D PhoneApp: PhoneAppBroadcastReceiver onReceive android.intent.action.ANY_DATA_STATE
01-17 14:21:56.155 4145 4145 D PhoneApp: mReceiver: ACTION_ANY_DATA_CONNECTION_STATE_CHANGED
01-17 14:21:56.155 4145 4145 D PhoneApp: - state: CONNECTED apnType= ims
01-17 14:21:56.155 4145 4145 D PhoneApp: - reason: SCREEN_OFF
01-17 14:21:56.155 4145 4145 D PhoneApp: - subId: 1
01-17 14:21:56.155 4145 4145 D PhoneApp: - phoneId: 0
01-17 14:21:56.155 4145 4145 I PhoneApp: Phone.REASON_ROAMING_ON : roamingOn
01-17 14:21:56.156 4145 4145 I PhoneApp: PhoneConstants.STATE_CHANGE_REASON_KEY : SCREEN_OFF
01-17 14:21:56.156 4145 4145 D PhoneApp: disconnectedDueToRoaming = false PhoneUtils.isDataRoaming() = false
01-17 14:21:56.156 4145 4145 I PhoneApp: reason : SCREEN_OFF
01-17 14:21:56.156 4145 4145 I PhoneApp: disconnectedDueToRoaming : false
01-17 14:21:56.156 4145 4145 I PhoneApp: getPhone().getDataRoamingEnabled() : false
01-17 14:21:56.156 4145 4145 I PhoneApp: intent.getStringExtra(PhoneConstants.STATE_KEY) : CONNECTED
01-17 14:21:56.158 4145 4145 I PhoneApp: TelephonyManager.getDefault().getDataEnabled() : true
01-17 14:21:56.159 4145 4145 I PhoneApp: PhoneUtils.isDataRoaming() : false
01-17 14:21:56.159 4145 4145 I PhoneApp: SingleSIM reason = SCREEN_OFF
01-17 14:21:56.159 4145 4145 D PhoneApp: SingleSIM 3 reason = SCREEN_OFF
01-17 14:21:56.159 4145 4145 D FileWriteThread_Telephony: FileWriteThread : threadType = 3
01-17 14:21:56.161 4145 4145 D PhoneApp: EVENT_DATA_ROAMING_OK
01-17 14:21:56.164 3768 3847 D GnssLocationProvider: receive broadcast intent, action: android.intent.action.SCREEN_OFF
01-17 14:21:56.173 4684 4684 D FusedLocationReceiver_FLP: BroadcastReceiver : ACTION_SCREEN_OFF
01-17 14:21:56.182 4158 4158 D BtGatt.GattService: LCD turned off
01-17 14:21:56.183 4158 4807 D BtGatt.ScanManager: handleLcdOffIntent
01-17 14:21:56.183 4158 4807 D BtGatt.ScanManager: handleLcdOffIntent : thresholdScanValue is = 10 mLastConfiguredScanValue =10
01-17 14:21:56.190 3768 3768 D SamsungAlarmManager: setExact Intent (T:1/F:9/AC:false) 20180117T143156 - CU:1000/CP:3768
01-17 14:21:56.192 5228 5228 I HwDetectorWithState: #performNextHotwordAction action: 2
01-17 14:21:56.193 5228 29754 E AudioRecord-JNI: Error -4 during AudioRecord native read
01-17 14:21:56.196 3294 3294 I APM_AudioPolicyManager: stopInput() input 15246
01-17 14:21:56.201 3294 2328 D audio_hw_primary: in_set_parameters: enter: kvpairs: routing=0
01-17 14:21:56.201 3294 2328 I samsungRecord: [samsungrecord] MicCalonoff 1
01-17 14:21:56.201 3294 2328 V audio_hw_primary: in_set_parameters: exit: status(0)
01-17 14:21:56.201 3294 2328 I audio_hw_primary: do_in_standby : in->standby 0
01-17 14:21:56.207 3294 2328 V audio_hw_primary: select_devices output_scenario:-1 input_scenario:-1 out_snd_device 0x0 in_snd_device:0x0
01-17 14:21:56.207 3294 2328 I audio_route: > audio_route_reset :
01-17 14:21:56.208 3294 2328 I audio_route: > audio_route_update_mixer : +
01-17 14:21:56.222 3294 2328 I audio_route: > audio_route_update_mixer : changed(5) -
01-17 14:21:56.222 3294 2328 I audio_hw_primary: select_devices -
01-17 14:21:56.229 5228 5228 I HotwordRecognitionRnr: Stopping hotword detection.
01-17 14:21:56.231 5228 29754 I GsaVoiceInteractionSrv: #onClosed - Hotword is not running
01-17 14:21:56.232 5228 29754 I HwDetectorWithState: #performNextHotwordAction action: 3
01-17 14:21:56.233 5228 29916 I GsaVoiceInteractionSrv: HotwordCallback#onError
01-17 14:21:56.233 5228 29916 I HotwordRecognitionRnr: Catched InterruptedException
01-17 14:21:56.236 3294 12126 V audio_hw_primary: stop_voice_note_recording
01-17 14:21:56.236 3294 12126 E audio_hw_primary: adev_close_input_stream, set jack_in to null
01-17 14:21:56.237 5248 5248 D NfcService: Top activity class name = com.google.android.apps.docs.doclist.activity.DocListActivity
01-17 14:21:56.237 5248 5248 D NfcService: FactoryTestApp is not running, keep going
01-17 14:21:56.244 5248 2694 D NfcService: call the applyRouting
01-17 14:21:56.244 5248 2694 D NfcService: Screen Cmd value : 1
01-17 14:21:56.250 5427 5427 D PeopleStripeService: ACTION_SCREEN_OFF
01-17 14:21:56.251 5427 5427 I PeopleStripeWindow: updateWindowParam : minimize=true,mLastMinimized=true,color0 blur true
01-17 14:21:56.256 5427 5427 D PeopleStripeVisibilityController: setEmoHistory enable=false
01-17 14:21:56.256 5427 5427 I PeopleStripeVisibilityController: getComputedTrayVisible : keyguardState = 1
01-17 14:21:56.256 5427 5427 I PeopleStripeVisibilityController: isVisibleByAlwaysOn : mState = 1
01-17 14:21:56.256 5427 5427 E PeopleStripeProcessMonitor: getTopActivity : MultiWindowFacade.taskList = null
01-17 14:21:56.258 5427 5427 I PeopleStripeProcessMonitor: isPeopleStripeTask packageName = com.google.android.apps.docs 0
01-17 14:21:56.258 5427 5427 E PeopleStripeProcessMonitor: getTopActivity : MultiWindowFacade.taskList = null
01-17 14:21:56.260 5427 5427 I PeopleStripeVisibilityController: updateStripeVisible : State 1 visible = 1
01-17 14:21:56.260 5427 5427 I PeopleHandlerManager: isExistVisibleHandler false
01-17 14:21:56.261 5427 5427 D AbstractProxyReflection: Equals method
01-17 14:21:56.262 3768 8541 V SystemKeyManager: requestSystemKeyEvent() is called keyCode = 3 componentName = ComponentInfo{com.samsung.android.service.peoplestripe/com.samsung.android.service.peoplestripe.PeopleStripeService} request = false
01-17 14:21:56.263 3768 5705 W CocktailBarStatePolicyController: updateWindowType: current window type is requested window type(1)
01-17 14:21:56.265 3768 3793 V WindowManager: Relayout Window{808795fd0 u0 com.samsung.android.service.peoplestripe/com.samsung.android.service.peoplestripe.PeopleStripeService}: viewVisibility=8 req=45x1920 WM.LayoutParams{(0,0)(45xfill) gr=#5 sim=#20 ty=2226 fl=#1800328 fmt=-3 vsysui=0x2000 naviIconColor=0}
01-17 14:21:56.268 5393 5393 D Launcher.Workspace: exitWidgetResizeMode. isClearResizeFrame is false
01-17 14:21:56.314 5531 5628 E ContactsProvider_EventLog: Flush buffer to file cnt : 1 size : 0Kb duration : 6ms lastUpdatedAfter : 47096 ms mFlush_time_threasold : 2000 mCurrentSize : 223
01-17 14:21:56.315 6827 6827 D CocktailBarUiController: ACTION_SCREEN_OFF
01-17 14:21:56.315 6827 6827 D AbstractCocktailPanelView: setPanelVisible: CocktailPortraitRemotePanelView2 will be hidden: 6
01-17 14:21:56.316 6827 6827 D CocktailBarPanelVisibilityManager: updateActivePanelView: vis=false screenOn=false onTransit=false -hide: 6 current Active: 6
01-17 14:21:56.321 6827 6827 I AbstractCocktailPanelView: notifyPanelVisibilityChanged: visibility not changed 2 id: 6
01-17 14:21:56.323 6827 6827 I Utils : isCurrentUser current = 0, ownerId = 0
01-17 14:21:56.323 6827 6827 I TrayVisibilityController: getComputedTrayVisible : keyguardState = 3
01-17 14:21:56.323 6827 6827 I TrayVisibilityController: updateTrayVisible : State : 3 visible = 2 mCurrentVisible = 1
01-17 14:21:56.326 4222 4222 D CoverUpdateMonitor: received broadcast android.intent.action.SCREEN_OFF
01-17 14:21:56.327 6827 6827 D TrayStateController: putInputRect mDynamicInputRegion=193172336@LastEvent=t=1516198865500Rect(22, 0 - 67, 546),Rect=Rect(0, 0 - 0, 0)
01-17 14:21:56.329 3768 3768 I SurveyLogManager: mDeviceInfo.mScreen = false
01-17 14:21:56.331 6827 6827 D getActualActivityHeight: 1560
01-17 14:21:56.332 3768 5703 W CocktailBarStatePolicyController: updateWindowType: current window type is requested window type(1)
01-17 14:21:56.334 3768 4106 I OverlayCocktailBarStatePolicy: handleUpdateVisibility: mVisibility = 1 visibility = 2
01-17 14:21:56.335 6827 6827 D TrayStateController: setUiState 2 : 0 --> 2
01-17 14:21:56.338 4145 13840 D TP/MmsSmsProvider: query, match:4000, calling pid = 5427, accessRestricted = true
01-17 14:21:56.341 4145 13840 D TP/MmsSmsProvider: query, match 4000:Elapsed time : 3.157 ms
01-17 14:21:56.346 5248 6795 E SecNfcNfa: nfa_dm_check_set_config () p_stored=-15118881, p_value=-417312400, p_cur_len=-15118880
01-17 14:21:56.346 5248 6795 E SecNfcNfa: nfa_dm_check_set_config () update 2
01-17 14:21:56.350 5248 2694 D NfcService: call ListenModeRouting
01-17 14:21:56.351 5248 2694 D NfcService: index : 0
01-17 14:21:56.351 5248 2694 D NfcService: index : 1
01-17 14:21:56.351 5248 2694 D NfcService: index : 2
01-17 14:21:56.351 3768 5643 V WindowManager: Relayout Window{773add0 u0 com.samsung.android.app.cocktailbarservice/com.samsung.android.app.cocktailbarservice.CocktailBarService}: viewVisibility=8 req=67x546 WM.LayoutParams{(0,360)(67x546) gr=#35 sim=#20 ty=2226 fl=#1800348 pfl=0x50 fmt=-2 vsysui=0x2000 naviIconColor=0}
01-17 14:21:56.351 3768 5643 I WindowManager_SurfaceController: Destroying surface Surface(name=com.samsung.android.app.cocktailbarservice/com.samsung.android.app.cocktailbarservice.CocktailBarService) called by com.android.server.wm.WindowStateAnimator.destroySurface:2840 com.android.server.wm.WindowStateAnimator.destroySurfaceLocked:1070 com.android.server.wm.WindowState.destroyOrSaveSurface:2561 com.android.server.wm.WindowManagerService.tryStartExitingAnimation:3518 com.android.server.wm.WindowManagerService.relayoutWindow:3374 com.android.server.wm.Session.relayoutEx:254 android.view.IWindowSession$Stub.onTransact:407 com.android.server.wm.Session.onTransact:161
01-17 14:21:56.352 3197 3995 I SurfaceFlinger: id=10400 Removed DocktailBar (6/7)
01-17 14:21:56.352 3197 3996 I SurfaceFlinger: id=10400 Removed DocktailBar (-2/7)
01-17 14:21:56.356 3768 3970 I BarTender:GATHERERGPS: [GPS] gather SamsungGpsInfo
01-17 14:21:56.358 3768 3970 I BarTender:GATHERERBLE: [BLE] gather BleInfo
01-17 14:21:56.370 6827 6827 D CocktailBarUiController: onCocktailBarStateChanged: flag=0x1 vis=2 bgType=0 showTimeout=-1 activate=true
01-17 14:21:56.371 9383 9383 I oneconnect[1.6.06-45_2]: CloudHelper.onReceive - action : android.intent.action.SCREEN_OFF
01-17 14:21:56.378 3768 5291 V WindowManager: Relayout Window{773add0 u0 com.samsung.android.app.cocktailbarservice/com.samsung.android.app.cocktailbarservice.CocktailBarService}: viewVisibility=8 req=67x546 WM.LayoutParams{(0,360)(67x546) gr=#35 sim=#20 ty=2226 fl=#1800348 pfl=0x50 fmt=-2 vsysui=0x2000 naviIconColor=0}
01-17 14:21:56.387 9383 9494 D oneconnect[1.6.06-45_2]: SepBleHelper.MSG_INTENT_LCD_OFF - SCREEN_OFF
01-17 14:21:56.392 3768 3793 I CocktailPolicyManager: findMatchedPolicy: find policy = 1
01-17 14:21:56.394 9383 9494 I oneconnect[1.6.06-45_2]: FeatureUtil.isQcSupportedMode - user: 0
01-17 14:21:56.394 9383 9494 I oneconnect[1.6.06-45_2]: ExternalSettingsManager.getIntFromSettingDB - key: device_visibility_enabled
01-17 14:21:56.395 9383 9383 D oneconnect[1.6.06-45_2]: QcManager.mReceiver - LCD Off, remove all devices
01-17 14:21:56.396 9383 9565 D oneconnect[1.6.06-45_2]: QcManager.BrHandler - BR_MSG_SCREEN_OFF
01-17 14:21:56.396 9383 9565 I oneconnect[1.6.06-45_2]: SepBoardManager.clearAllList -
01-17 14:21:56.396 9383 9565 I oneconnect[1.6.06-45_2]: SepBoardManager.terminateBoard -
01-17 14:21:56.396 9383 9565 D oneconnect[1.6.06-45_2]: FeatureUtil.isDexMode - false
01-17 14:21:56.397 9383 9565 V oneconnect[1.6.06-45_2]: SepBoardManager.terminateBoard - update RemoteView : type: null Board
01-17 14:21:56.404 6827 6827 I CocktailBarUiController: onUpdateCocktail: 11
01-17 14:21:56.404 6827 6827 I CocktailBarPanelManager: updatePanelItem: updateContainedPanel - 11
01-17 14:21:56.406 6827 7696 E SharedPreferencesImpl: Couldn't create directory for SharedPreferences file /data/user/0/com.samsung.android.service.peoplestripe/shared_prefs/setting.xml
01-17 14:21:56.406 6827 7696 E SharedPreferencesImpl: Couldn't create directory for SharedPreferences file /data/user/0/com.samsung.android.service.peoplestripe/shared_prefs/setting.xml
01-17 14:21:56.408 6827 6827 D PanelDescriptionView: updateHelpView: Apps edge2130903041 --> 2130903041 helpview reapplied0
01-17 14:21:56.410 6827 6827 D CocktailBarUiController: postUpdatePanel: 1
01-17 14:21:56.414 30084 30084 I GoogleInputMethod: onReceive() : Action = android.intent.action.SCREEN_OFF
01-17 14:21:56.416 9383 9494 I oneconnect[1.6.06-45_2]: ExternalSettingsManager.getIntFromSettingDB - value: 1
01-17 14:21:56.416 9383 9494 I oneconnect[1.6.06-45_2]: SepBleHelper.needScanQcBg - KEY_ALLOW_TO_CONNECT == true
01-17 14:21:56.416 9383 9565 D oneconnect[1.6.06-45_2]: BluetoothHelper.removeAllDiscoveredDevice -
01-17 14:21:56.416 9383 9494 D oneconnect[1.6.06-45_2]: SepBleHelper.startScan - [needScanQcBg]true || [needScanQcFG]false || [needScanCentral]false || [needScanNearby]false
01-17 14:21:56.416 9383 9565 D oneconnect[1.6.06-45_2]: SepP2pHelper.removeAllDiscoveredDevice -
01-17 14:21:56.416 9383 9494 I oneconnect[1.6.06-45_2]: SettingsUtil.isFirstLaunch - value - isFirstLaunch: 0
01-17 14:21:56.416 9383 9565 D oneconnect[1.6.06-45_2]: PreDiscoveryHelper.removeAllDiscoveredDevice -
01-17 14:21:56.416 9383 9565 D oneconnect[1.6.06-45_2]: q.removeAllDiscoveredDevice -
01-17 14:21:56.418 4222 4222 D QSQuickConnectView: onReceive com.android.systemui.update_qs_remote_views
01-17 14:21:56.418 4222 4222 D QSQuickConnectView: collapsed =null, expanded =null
01-17 14:21:56.422 9383 9494 D oneconnect[1.6.06-45_2]: ab.hasPermission - android.permission.ACCESS_FINE_LOCATION: true
01-17 14:21:56.423 9383 9494 I oneconnect[1.6.06-45_2]: ExternalSettingsManager.getIntFromSettingDB - key: device_visibility_enabled
01-17 14:21:56.444 9383 9494 I oneconnect[1.6.06-45_2]: ExternalSettingsManager.getIntFromSettingDB - value: 1
01-17 14:21:56.444 9383 9494 I oneconnect[1.6.06-45_2]: SepBleHelper.needScanQcBg - KEY_ALLOW_TO_CONNECT == true
01-17 14:21:56.444 9383 9494 D oneconnect[1.6.06-45_2]: SepBleHelper.startScan - old:20-> new:16
01-17 14:21:56.445 9383 9494 I oneconnect[1.6.06-45_2]: SepBleHelper.stopLeScan - call BleScanner.stopScan()
01-17 14:21:56.450 9383 9494 D BluetoothAdapter: STATE_ON
01-17 14:21:56.451 9383 9494 D BluetoothAdapter: STATE_ON
01-17 14:21:56.451 9383 9494 D BluetoothLeScanner: Stop Scan
01-17 14:21:56.452 5427 5427 I PeopleHandlerManager: isExistVisibleHandler false
01-17 14:21:56.453 4158 8927 D BtGatt.GattService: stopScan() - queue size =2
01-17 14:21:56.454 4158 8927 D BtGatt.GattService: stopScan() - queue size =2
01-17 14:21:56.454 4158 4809 E BtGatt.GattService: [GSIM LOG]: gsimLogHandler: com.samsung.android.oneconnect, msg: MESSAGE_STOP_SCAN
01-17 14:21:56.455 4158 4807 D BtGatt.ScanManager: filter size is 1
01-17 14:21:56.455 4158 4807 D BtGatt.ScanManager: delete FilterIndex - 27
01-17 14:21:56.456 4158 4918 D BtGatt.GattService: unregisterClient() - clientIf=6
01-17 14:21:56.458 9383 9494 D oneconnect[1.6.06-45_2]: SepBleHelper.stopLeScan - call BleScanner.stopScan() complete
01-17 14:21:56.461 5427 5427 I PeopleHandlerManager: isExistVisibleHandler false
01-17 14:21:56.463 4158 4277 D BtGatt.GattService: onScanFilterParamsConfigured() - clientIf=6, status=0, action=1, availableSpace=31
01-17 14:21:56.463 4158 4277 D BtGatt.ScanManager: callback done for clientIf - 6 status - 0
01-17 14:21:56.463 4158 4807 D BtGatt.ScanManager: configureRegularScanParams() - queue=1
01-17 14:21:56.464 4158 4807 D BtGatt.ScanManager: configureRegularScanParams() - ScanSetting Scan mode=0 mLastConfiguredScanSetting=0
01-17 14:21:56.467 7255 7255 W ChimeraUtils: Non Chimera context
01-17 14:21:56.469 5169 8608 D BluetoothAdapter: STATE_ON
01-17 14:21:56.470 5169 8608 D BluetoothAdapter: STATE_ON
01-17 14:21:56.471 5169 8608 D BluetoothAdapter: STATE_ON
01-17 14:21:56.472 5169 8608 D BluetoothAdapter: STATE_ON
01-17 14:21:56.473 5169 8608 D BluetoothLeScanner: Stop Scan
01-17 14:21:56.475 4158 8926 D BtGatt.GattService: stopScan() - queue size =1
01-17 14:21:56.475 4158 8926 D BtGatt.GattService: stopScan() - queue size =1
01-17 14:21:56.475 4158 4809 E BtGatt.GattService: [GSIM LOG]: gsimLogHandler: com.google.uid.shared, msg: MESSAGE_STOP_SCAN
01-17 14:21:56.476 4158 4809 E BtGatt.GattService: MESSAGE_STOP_SCAN: processR not found prevTime is 0
01-17 14:21:56.476 4158 4809 E BtGatt.GattService: [GSIM LOG]: MESSAGE_STOP_SCAN: no scanning process to stop
01-17 14:21:56.476 4158 4807 D BtGatt.ScanManager: stop scan
01-17 14:21:56.477 4158 4807 D BtGatt.ScanManager: filter size is 1
01-17 14:21:56.477 4158 4807 D BtGatt.ScanManager: delete FilterIndex - 25
01-17 14:21:56.479 4158 8927 D BtGatt.GattService: unregisterClient() - clientIf=7
01-17 14:21:56.485 7255 1453 I DiscoveryManager: Filter criteria(null) scannerFlags(0)
01-17 14:21:56.495 4158 4277 D BtGatt.GattService: onScanFilterParamsConfigured() - clientIf=7, status=0, action=1, availableSpace=32
01-17 14:21:56.495 4158 4277 D BtGatt.ScanManager: callback done for clientIf - 7 status - 0
01-17 14:21:56.496 4158 4807 D BtGatt.ScanManager: configureRegularScanParams() - queue=0
01-17 14:21:56.496 4158 4807 D BtGatt.ScanManager: configureRegularScanParams() - ScanSetting Scan mode=-2147483648 mLastConfiguredScanSetting=0
01-17 14:21:56.496 4158 4807 D BtGatt.ScanManager: configureRegularScanParams() - queue emtpy, scan stopped
01-17 14:21:56.505 4145 15168 D TP/MmsSmsProvider: query, match:4000, calling pid = 5427, accessRestricted = true
01-17 14:21:56.514 4145 15168 D TP/MmsSmsProvider: query, match 4000:Elapsed time : 8.717 ms
01-17 14:21:56.516 3768 4039 D WifiHAL : Setting APF program, halHandle = 0x71a7723b40
01-17 14:21:56.516 3768 4039 I WifiHAL :
01-17 14:21:56.516 3768 4039 I WifiHAL : createRequest: APF set program request
01-17 14:21:56.525 3768 4039 I WifiHAL : Done!
01-17 14:21:56.560 5427 5427 I PeopleHandlerManager: isExistVisibleHandler false
01-17 14:21:56.561 9383 9494 I oneconnect[1.6.06-45_2]: SepBleHelper.startScan - add mScanFilter_QC_LCD_OFF
01-17 14:21:56.561 9383 9494 D oneconnect[1.6.06-45_2]: SepBleHelper.getMyScanPreferences - interval:3120, window:60
01-17 14:21:56.561 9383 9494 D BluetoothLeScanner: Start Scan
01-17 14:21:56.563 9383 9494 D BluetoothAdapter: STATE_ON
01-17 14:21:56.564 9383 9494 D BluetoothAdapter: STATE_ON
01-17 14:21:56.567 9383 9494 D BluetoothAdapter: STATE_ON
01-17 14:21:56.567 26887 26887 I SpayFw_TapAndGoPreloadTimer: Action : android.intent.action.SCREEN_OFF
01-17 14:21:56.568 9383 9494 D BluetoothAdapter: STATE_ON
01-17 14:21:56.572 4158 11577 D BtGatt.GattService: registerClient() - UUID=25839729-65d8-41b1-8138-0936046d5152
01-17 14:21:56.577 3768 4032 V WindowManager: Relayout Window{808795fd0 u0 com.samsung.android.service.peoplestripe/com.samsung.android.service.peoplestripe.PeopleStripeService}: viewVisibility=8 req=45x1920 WM.LayoutParams{(0,0)(45xfill) gr=#5 sim=#20 ty=2226 fl=#1800328 fmt=-3 vsysui=0x2000 naviIconColor=0}
01-17 14:21:56.583 27471 27488 D [ACT]:ao: processing priority = NORMAL
01-17 14:21:56.584 27443 27465 D [ACT]:ao: processing priority = NORMAL
01-17 14:21:56.636 3768 5279 D SamsungAlarmManager: setInexact Intent (T:0/F:0/AC:false) 20180117T182156 - CU:10017/CP:5169
01-17 14:21:56.654 3768 4133 D PowerManagerService: [PWL] sb release: PowerManagerService.Broadcasts
01-17 14:21:56.677 4158 4277 D BtGatt.GattService: onClientRegistered() - UUID=25839729-65d8-41b1-8138-0936046d5152, clientIf=6, status=0
01-17 14:21:56.678 9383 9394 D BluetoothLeScanner: onClientRegistered() - status=0 clientIf=6 mClientIf=0
01-17 14:21:56.679 4158 4170 D BtGatt.GattService: start scan with filters
01-17 14:21:56.680 4158 4170 D BtGatt.GattService: getScanSettings
01-17 14:21:56.682 4158 4170 D BtGatt.GattService: Is it foreground application = false
01-17 14:21:56.682 4158 4170 D BtGatt.GattService: Its a background application running with Low Power scan mode
01-17 14:21:56.687 4158 4809 E BtGatt.GattService: [GSIM LOG]: gsimLogHandler: com.samsung.android.oneconnect, msg: MESSAGE_START_SCAN
01-17 14:21:56.687 9383 9494 D oneconnect[1.6.06-45_2]: SepBleHelper.startScan - call BleScanner.startScan() complete
01-17 14:21:56.688 4158 4807 D BtGatt.ScanManager: handling starting scan
01-17 14:21:56.689 4158 4807 D BluetoothAdapter: STATE_ON
01-17 14:21:56.689 4158 4807 D BluetoothAdapter: STATE_ON
01-17 14:21:56.691 4158 4807 D BluetoothAdapter: STATE_ON
01-17 14:21:56.691 4158 4807 D BluetoothAdapter: STATE_ON
01-17 14:21:56.693 4158 4807 D BluetoothAdapter: STATE_ON
01-17 14:21:56.694 4158 4807 D BluetoothAdapter: STATE_ON
01-17 14:21:56.697 4158 4277 D BtGatt.GattService: onScanFilterEnableDisabled() - clientIf=6, status=0, action=1
01-17 14:21:56.698 4158 4277 D BtGatt.ScanManager: callback done for clientIf - 6 status - 0
01-17 14:21:56.698 4158 4807 D BtGatt.ScanManager: set filter index= 9 for clientIf= 6
01-17 14:21:56.698 4158 4807 D BtGatt.ScanManager: addFilterToController: 5
01-17 14:21:56.700 4158 4277 D BtGatt.GattService: onScanFilterConfig() - clientIf=6, action = 0 status = 0, filterType=5, availableSpace=47
01-17 14:21:56.700 4158 4277 D BtGatt.ScanManager: callback done for clientIf - 6 status - 0
01-17 14:21:56.700 4158 4807 D BtGatt.ScanManager: High Rssi Filter value is = -128
01-17 14:21:56.700 4158 4807 D BtGatt.ScanManager: Low Rssi Filter value is = -128
01-17 14:21:56.700 4158 4807 D BtGatt.ScanManager: configureFilterParamter 500 10000 1 0scanFilterRssiThreshold = -128trackableScanFilterRssiThreshold = -128matchmode is =1
01-17 14:21:56.702 4158 4277 D BtGatt.GattService: onScanFilterParamsConfigured() - clientIf=6, status=0, action=0, availableSpace=31
01-17 14:21:56.702 4158 4277 D BtGatt.ScanManager: callback done for clientIf - 6 status - 0
01-17 14:21:56.702 4158 4807 D BtGatt.ScanManager: set filter index= 12 for clientIf= 6
01-17 14:21:56.702 4158 4807 D BtGatt.ScanManager: addFilterToController: 5
01-17 14:21:56.704 4158 4277 D BtGatt.GattService: onScanFilterConfig() - clientIf=6, action = 0 status = 0, filterType=5, availableSpace=46
01-17 14:21:56.704 4158 4277 D BtGatt.ScanManager: callback done for clientIf - 6 status - 0
01-17 14:21:56.705 4158 4807 D BtGatt.ScanManager: High Rssi Filter value is = -128
01-17 14:21:56.705 4158 4807 D BtGatt.ScanManager: Low Rssi Filter value is = -128
01-17 14:21:56.705 4158 4807 D BtGatt.ScanManager: configureFilterParamter 500 10000 1 0scanFilterRssiThreshold = -128trackableScanFilterRssiThreshold = -128matchmode is =1
01-17 14:21:56.707 4158 4277 D BtGatt.GattService: onScanFilterParamsConfigured() - clientIf=6, status=0, action=0, availableSpace=30
01-17 14:21:56.707 4158 4277 D BtGatt.ScanManager: callback done for clientIf - 6 status - 0
01-17 14:21:56.707 4158 4807 D BtGatt.ScanManager: configureRegularScanParams() - queue=1
01-17 14:21:56.707 4158 4807 I BtGatt.ScanManager: custom scan scanMode = 100
01-17 14:21:56.707 4158 4807 I BtGatt.ScanManager: New scan mode custom scan scanInterval = 3120scanWindow = 60
01-17 14:21:56.709 4158 4807 E BtGatt.ScanManager: default value of curScanSetting 0 is choosen
01-17 14:21:56.709 4158 4807 I BtGatt.ScanManager: newScanMode = 1newcurScanSetting = 0
01-17 14:21:56.709 4158 4807 I BtGatt.ScanManager: comparing = 1 with = 0
01-17 14:21:56.709 4158 4807 D BtGatt.ScanManager: configureRegularScanParams() - ScanSetting Scan mode=100 mLastConfiguredScanSetting=-2147483648
01-17 14:21:56.709 4158 4807 D BtGatt.ScanManager: configureRegularScanParams - scanInterval = 4992configureRegularScanParams - scanWindow = 96
01-17 14:21:56.710 4158 4277 D BtGatt.GattService: onScanParamSetupCompleted() status=0, clientIf=6
01-17 14:21:56.710 4158 4277 D BtGatt.GattService: onScanParamSetupCompleted : 0
01-17 14:21:56.762 5427 5427 I PeopleHandlerManager: isExistVisibleHandler false
01-17 14:21:57.056 7255 1453 W MdnsClient: Socket thread is null
01-17 14:21:57.075 7255 1453 W MdnsClient: Socket thread is null
01-17 14:21:57.089 7255 1453 W MdnsClient: Socket thread is null
01-17 14:21:58.058 7255 1453 W MdnsClient: Socket thread is null
01-17 14:21:58.578 27471 27488 D [ACT]:ao: processing priority = HIGH
01-17 14:21:58.580 27443 27465 D [ACT]:ao: processing priority = HIGH
01-17 14:21:58.708 5531 5628 D ContactsProvider_EventLog: contents_sample_state: [ contacts(236) data(2229) accounts({vnd.sec.contact.phone (1)=2, com.osp.app.signin (6)=1, com.google (21)=251, com.whatsapp (34)=78}) accounts deleted({}) calls([logtype:100 cnt:500, logtype:200 cnt:4, logtype:300 cnt:386]) countryIso(GB) userId(0) ]
01-17 14:21:58.708 5531 5628 D ContactsProvider_EventLog: contents_sample_state: [ agr({[21 ,21]=2, [1 ,22 ,34]=2, [5 ,34]=61, [21]=108, [5]=48, [5 ,21]=4, [21 ,5 ,34]=1, [5 ,21 ,34 ,34]=4, [5 ,21 ,34]=5, [6 ,34]=1}) ]
01-17 14:21:58.708 5531 5628 D ContactsProvider_EventLog: contents_sample_state: [ actCnt({android.process.acore=1, com.samsung.android.service.peoplestripe=4}) ]
01-17 14:21:58.711 5531 5628 E ContactsProvider_EventLog: Flush buffer to file cnt : 1 size : 1Kb duration : 2ms lastUpdatedAfter : 2397 ms mFlush_time_threasold : 2200 mCurrentSize : 810
01-17 14:21:59.765 4947 4947 D io_stats: !@ 8,0 r 8593363 393085036 w 3678490 76479572 d 367774 41407120 f 1097874 1096685 iot 8360770 7423469 th 306372 0 0 pt 0 inp 0 0 126559.030
01-17 14:22:00.000 3768 3969 D SamsungAlarmManager: Expired : 8
01-17 14:22:00.002 3768 3969 I SamsungAlarmManager: setLocked to kernel - T:3 / 20180117T142500, SetElapsed=307110498, nowELAPSED=306930500
01-17 14:22:00.070 3768 3969 D SamsungAlarmManager: Expired : 4
01-17 14:22:00.072 3768 3969 I SamsungAlarmManager: setLocked to kernel - T:2 / 20180117T142206, SetElapsed=306936527, nowELAPSED=306930569
01-17 14:22:00.073 3768 3969 V SamsungAlarmManager: Sending to uid : 1000 action=android.intent.action.TIME_TICK alarm=Alarm{719572f type 3 when 306930498 android}
01-17 14:22:00.079 3768 3969 V SamsungAlarmManager: Sending to uid : 10005 action=com.android.internal.policy.impl.PhoneWindowManager.DELAYED_KEYGUARD alarm=Alarm{bb4a13c type 2 when 306930568 com.android.systemui}
01-17 14:22:00.091 3768 3768 D SamsungAlarmManager: setExact Intent (T:3/F:1/AC:false) 20180117T142300 - CU:1000/CP:3768
01-17 14:22:00.096 4222 4222 D KeyguardUpdateMonitor: received broadcast android.intent.action.TIME_TICK
01-17 14:22:00.097 4222 4222 D KeyguardUpdateMonitor: handleTimeUpdate#start
01-17 14:22:00.098 4222 4222 I KeyguardClockPage: refreshTime(): DefaultSingle2016 hometime:Europe/London locale:en_GB hasBG?false, Roaming:false
01-17 14:22:00.119 4222 4222 D KeyguardUpdateMonitor: handleTimeUpdate#end
01-17 14:22:00.119 4222 4222 D SystemUI_Clock: Clock received ACTION_TIME_TICK : start
01-17 14:22:00.127 4222 4222 D SystemUI_Clock: Clock received ACTION_TIME_TICK : end
01-17 14:22:00.134 4222 4222 D TextClock: TextClock received ACTION_TIME_TICK : start
01-17 14:22:00.136 4222 4222 D TextClock: TextClock received ACTION_TIME_TICK : end
01-17 14:22:00.139 4222 4222 D TextClock: TextClock received ACTION_TIME_TICK : start
01-17 14:22:00.142 4222 4222 D TextClock: TextClock received ACTION_TIME_TICK : end
01-17 14:22:00.156 4222 4222 D TextClock: TextClock received ACTION_TIME_TICK : start
01-17 14:22:00.158 4222 4222 D TextClock: TextClock received ACTION_TIME_TICK : end
01-17 14:22:00.162 4222 4222 V hong : mid yDiff = 438
