01-17 14:22:19.592 3768 3847 D SamsungAlarmManager: setExact Listener (T:2/F:0/AC:false) 20180117T142229 - CU:1000/CP:3768
01-17 14:22:19.592 3768 3847 I SamsungAlarmManager: setLocked to kernel - T:2 / 20180117T142229, SetElapsed=306960043, nowELAPSED=306950090
01-17 14:22:19.600 27629 27629 D AbsListView: viewType is heaer or footer
01-17 14:22:19.600 27629 27629 D AbsListView: viewType is heaer or footer
01-17 14:22:19.655 27629 27629 W Glide : Load failed for ThumbnailModel[10, Dimension[510, 384], [ImageTransformation, type: NONE, value: NO_VALUE], application/vnd.android.package-archive] with size [510x384]
01-17 14:22:19.655 27629 27629 W Glide : class ach: Failed to load resource
01-17 14:22:19.655 27629 27629 W Glide : Cause (1 of 1): class ach: Fetching data failed, class java.io.InputStream, REMOTE
01-17 14:22:19.655 27629 27629 W Glide : Cause (1 of 1): class aam: Failed executing request through HttpExecutor
01-17 14:22:19.746 5169 8608 I BeaconBle: Client requested scan, settings=BleSettings [scanMode=ZERO_POWER, callbackType=ALL_MATCHES, reportDelayMillis=0, 6 filters, 1 clients, callingClientName=Nearby]
01-17 14:22:19.755 5169 8608 I BeaconBle: Stopping scan on delegate scanner. BT state: 12
01-17 14:22:19.755 5169 8608 D BluetoothAdapter: STATE_ON
01-17 14:22:19.755 5169 8608 D BluetoothAdapter: STATE_ON
01-17 14:22:19.755 5169 8608 D BluetoothLeScanner: Stop Scan
01-17 14:22:19.755 4158 11577 D BtGatt.GattService: stopScan() - queue size =3
01-17 14:22:19.755 4158 11577 D BtGatt.GattService: stopScan() - queue size =3
01-17 14:22:19.756 4158 4809 E BtGatt.GattService: [GSIM LOG]: gsimLogHandler: com.google.uid.shared, msg: MESSAGE_STOP_SCAN
01-17 14:22:19.756 4158 4807 D BtGatt.ScanManager: delete FilterIndex - 26
01-17 14:22:19.756 4158 8928 D BtGatt.GattService: unregisterClient() - clientIf=8
01-17 14:22:19.757 5169 8608 D BluetoothAdapter: STATE_ON
01-17 14:22:19.757 5169 8608 D BluetoothAdapter: STATE_ON
01-17 14:22:19.757 5169 8608 I BeaconBle: Resetting - new scanner available: true
01-17 14:22:19.757 5169 8608 I BeaconBle: ZERO_POWER is disabled.
01-17 14:22:19.757 5169 8608 I BeaconBle: 'L' hardware scan: scan stopped, no powered clients
01-17 14:22:19.762 4158 4277 D BtGatt.GattService: onScanFilterParamsConfigured() - clientIf=8, status=0, action=1, availableSpace=25
01-17 14:22:19.762 4158 4277 D BtGatt.ScanManager: callback done for clientIf - 8 status - 0
01-17 14:22:19.763 4158 4807 D BtGatt.ScanManager: delete FilterIndex - 30
01-17 14:22:19.764 3768 7202 D CustomFrequencyManagerService: releaseDVFSLockLocked : Getting Lock type frm List : DVFS_MIN_LIMIT frequency : 1144000 uid : 1000 pid : 3768 tag : SMOOTH_SCROLL@CPU_MIN@38
01-17 14:22:19.764 4158 4277 D BtGatt.GattService: onScanFilterParamsConfigured() - clientIf=8, status=0, action=1, availableSpace=26
01-17 14:22:19.764 4158 4277 D BtGatt.ScanManager: callback done for clientIf - 8 status - 0
01-17 14:22:19.765 4158 4807 D BtGatt.ScanManager: delete FilterIndex - 28
01-17 14:22:19.766 4158 4277 D BtGatt.GattService: onScanFilterParamsConfigured() - clientIf=8, status=0, action=1, availableSpace=27
01-17 14:22:19.766 4158 4277 D BtGatt.ScanManager: callback done for clientIf - 8 status - 0
01-17 14:22:19.766 4158 4807 D BtGatt.ScanManager: delete FilterIndex - 10
01-17 14:22:19.767 4158 4277 D BtGatt.GattService: onScanFilterParamsConfigured() - clientIf=8, status=0, action=1, availableSpace=28
01-17 14:22:19.767 4158 4277 D BtGatt.ScanManager: callback done for clientIf - 8 status - 0
01-17 14:22:19.768 4158 4807 D BtGatt.ScanManager: delete FilterIndex - 18
01-17 14:22:19.769 4158 4277 D BtGatt.GattService: onScanFilterParamsConfigured() - clientIf=8, status=0, action=1, availableSpace=29
01-17 14:22:19.769 4158 4277 D BtGatt.ScanManager: callback done for clientIf - 8 status - 0
01-17 14:22:19.769 4158 4807 D BtGatt.ScanManager: delete FilterIndex - 14
01-17 14:22:19.770 4158 4277 D BtGatt.GattService: onScanFilterParamsConfigured() - clientIf=8, status=0, action=1, availableSpace=30
01-17 14:22:19.770 4158 4277 D BtGatt.ScanManager: callback done for clientIf - 8 status - 0
01-17 14:22:19.770 4158 4807 D BtGatt.ScanManager: configureRegularScanParams() - queue=2
01-17 14:22:19.770 4158 4807 I BtGatt.ScanManager: custom scan scanMode = 100
01-17 14:22:19.770 4158 4807 I BtGatt.ScanManager: New scan mode custom scan scanInterval = 3120scanWindow = 60
01-17 14:22:19.770 4158 4807 E BtGatt.ScanManager: default value of curScanSetting 0 is choosen
01-17 14:22:19.770 4158 4807 I BtGatt.ScanManager: newScanMode = 1newcurScanSetting = 0
01-17 14:22:19.770 4158 4807 I BtGatt.ScanManager: comparing = 1 with = 0
01-17 14:22:19.770 4158 4807 I BtGatt.ScanManager: custom scan scanMode = 0
01-17 14:22:19.770 4158 4807 I BtGatt.ScanManager: current scan mode custom scan scanInterval = 3120scanWindow = 60
01-17 14:22:19.770 4158 4807 I BtGatt.ScanManager: newScanMode = 10newcurScanSetting = 1
01-17 14:22:19.770 4158 4807 I BtGatt.ScanManager: comparing = 10 with = 1
01-17 14:22:19.770 4158 4807 D BtGatt.ScanManager: configureRegularScanParams() - ScanSetting Scan mode=0 mLastConfiguredScanSetting=0
01-17 14:22:19.770 4158 4807 D BtGatt.ScanManager: configureRegularScanParams - scanInterval = 8000configureRegularScanParams - scanWindow = 800
01-17 14:22:19.770 4158 4277 D BtGatt.GattService: onScanParamSetupCompleted() status=0, clientIf=7
01-17 14:22:19.771 4158 4277 D BtGatt.GattService: onScanParamSetupCompleted : 0
01-17 14:22:19.777 4947 4947 D io_stats: !@ 8,0 r 8594350 393158144 w 3678888 76496592 d 367839 41417052 f 1097989 1096800 iot 8362260 7424938 th 297588 0 0 pt 0 inp 0 0 126579.043
01-17 14:22:19.780 3768 7202 D CustomFrequencyManagerService: releaseDVFSLockLocked : Getting Lock type frm List : DVFS_MIN_LIMIT frequency : 728000 uid : 1000 pid : 3768 tag : LISTVIEW_SCROLL@CPU_MIN@43
01-17 14:22:20.107 3768 3993 D InputReader: Input event(4): value=1 when=126579373531000
01-17 14:22:20.107 3768 3993 D InputReader: Input event(4): value=1 when=126579373531000
01-17 14:22:20.107 3768 3993 I InputReader: Touch event's action is 0x0 (deviceType=0) [pCnt=1, s=0.39037 ] when=126579373531000
01-17 14:22:20.107 3768 3993 D InputReader: lastThreadEndTime = 126578816552096, currentThreadStartTime = 126578816555596, diff = 0
01-17 14:22:20.107 3768 3992 I InputDispatcher: Delivering touch to (4222): action: 0x4, toolType: 1
01-17 14:22:20.107 3768 3992 I InputDispatcher: Delivering touch to (27629): action: 0x0, toolType: 1
01-17 14:22:20.107 27629 27629 D ViewRootImpl@b6d739a[DocListActivity]: ViewPostImeInputStage processPointer 0
01-17 14:22:20.164 3768 3993 D InputReader: Input event(4): value=0 when=126579431219000
01-17 14:22:20.164 3768 3993 D InputReader: Input event(4): value=0 when=126579431219000
01-17 14:22:20.164 3768 3993 I InputReader: Touch event's action is 0x1 (deviceType=0) [pCnt=1, s=] when=126579431219000
01-17 14:22:20.164 3768 3992 I InputDispatcher: Delivering touch to (27629): action: 0x1, toolType: 1
01-17 14:22:20.165 27629 27629 D ViewRootImpl@b6d739a[DocListActivity]: ViewPostImeInputStage processPointer 1
01-17 14:22:20.189 3768 5325 I ActivityManager: START u0 {act=android.intent.action.VIEW typ=null flg=0x0 cmp=ComponentInfo{com.google.android.apps.docs/com.google.android.apps.docs.doclist.documentopener.DocumentOpenerActivity}} from uid 10125 on display 0
01-17 14:22:20.190 3768 5325 D ActivityManager: ActivityRecord() Constructor : multiScreenAttrs=MultiScreenAttrs{mDisplayId=0, mBaseDisplayId=0, mBaseActivity=false}
01-17 14:22:20.192 3768 5325 D CustomFrequencyManagerService: acquireDVFSLockLocked : type : DVFS_MIN_LIMIT frequency : 1560000 uid : 1000 pid : 3768 pkgName : AMS_RESUME@CPU_MIN@7
01-17 14:22:20.192 3768 5325 D ActivityManager: mActivityResumeBooster.acquire()
01-17 14:22:20.193 3768 5325 D ActivityManager: moveToFront() : reason=sourceStackToFront isAttached=true null
01-17 14:22:20.194 3768 5325 I MultiWindowManagerService: setTaskDimensions: Task=TaskRecord{297fcb8d0 #15978 A=com.google.android.apps.docs U=0 StackId=1 sz=1} minWidth=-1 minHeight=-1 maxWidth=-1 maxHeight=-1
01-17 14:22:20.194 3768 5325 D ActivityManager: moveToFront() : reason=startedActivity setFocusedActivity isAttached=true TaskRecord{297fcb8d0 #15978 A=com.google.android.apps.docs U=0 StackId=1 sz=2}
01-17 14:22:20.195 3768 5325 D InputDispatcher: Focused application set to: xxxx
01-17 14:22:20.195 3768 5325 D InputDispatcher: Focus left window: 27629
01-17 14:22:20.196 3768 5325 D ActivityManager: resumeTopActivityInnerLocked() : #1 prevTask=TaskRecord{297fcb8d0 #15978 A=com.google.android.apps.docs U=0 StackId=1 sz=2} next=ActivityRecord{97cb18cd0 u0 com.google.android.apps.docs/.doclist.documentopener.DocumentOpenerActivity t15978} mFocusedStack=ActivityStack{9425ef3d0 stackId=1, 6 tasks}
01-17 14:22:20.196 3768 5325 D ActivityTrigger: ActivityTrigger activityPauseTrigger
01-17 14:22:20.197 3768 5325 D GameManagerService: sem_perfomance_mode: 0
01-17 14:22:20.202 27629 27629 D ViewRootImpl@b6d739a[DocListActivity]: MSG_WINDOW_FOCUS_CHANGED 0
01-17 14:22:20.214 3768 5324 D ActivityManager: resumeTopActivityInnerLocked() : #1 prevTask=TaskRecord{297fcb8d0 #15978 A=com.google.android.apps.docs U=0 StackId=1 sz=2} next=ActivityRecord{97cb18cd0 u0 com.google.android.apps.docs/.doclist.documentopener.DocumentOpenerActivity t15978} mFocusedStack=ActivityStack{9425ef3d0 stackId=1, 6 tasks}
01-17 14:22:20.219 3768 5324 D GameManagerService: sem_perfomance_mode: 0
01-17 14:22:20.219 3768 3768 D GameManagerService: NotifyRunnable. pkg: com.google.android.apps.docs, type: 4, isMinimized: false, isTunableApp: false
01-17 14:22:20.219 3768 3768 D GameManagerService: do nothing. mKillNotiCount: 3
01-17 14:22:20.242 3768 5324 D WindowManager: addWindow: android.view.IWindow$Stub$Proxy@fcee58d displayId=0
01-17 14:22:20.242 3768 5324 D InputTransport: Input channel constructed: fd=385
01-17 14:22:20.242 3768 5324 D InputTransport: Input channel constructed: fd=490
01-17 14:22:20.243 3768 3849 D WindowManager: set systemUiVisibility of statusbar : vis= 0x8
01-17 14:22:20.244 3768 5324 D InputDispatcher: Focus entered window: 27629
01-17 14:22:20.244 3768 5324 D InputTransport: Input channel destroyed: fd=490
01-17 14:22:20.244 3768 5298 D WindowManager: adjustSystemUiVisibilityLw : vis= 0x8
01-17 14:22:20.244 27629 27629 D InputTransport: Input channel constructed: fd=78
01-17 14:22:20.246 27629 27629 D ViewRootImpl@89c4fd5[DocumentOpenerActivity]: setView = DecorView@e9f13ea[] touchMode=true
01-17 14:22:20.259 3768 4032 D WindowManager: addWindow: android.view.IWindow$Stub$Proxy@e8b4daf displayId=0
01-17 14:22:20.260 3768 4032 D InputTransport: Input channel constructed: fd=490
01-17 14:22:20.260 3768 4032 D InputTransport: Input channel constructed: fd=521
01-17 14:22:20.260 3768 4032 D InputTransport: Input channel destroyed: fd=521
01-17 14:22:20.260 27629 27629 D InputTransport: Input channel constructed: fd=102
01-17 14:22:20.261 27629 27629 D ViewRootImpl@b5625b7[DocumentOpenerActivity]: setView = DecorView@5b60124[DocumentOpenerActivity] touchMode=true
01-17 14:22:20.262 3768 5316 D ActivityManager: post active user change for 0 fullscreen false isHomeActivity() false
01-17 14:22:20.262 3768 5316 D KnoxTimeoutHandler: postActiveUserChange [MsgParam] userId: 0 fullscreen is false showWhenlocked is false isMutiwindowRecord is false multiwindowstyle is 0
01-17 14:22:20.262 3768 3768 D KnoxTimeoutHandler: handleActiveUserChange [MsgParam] userId: 0 fullscreen is false showWhenlocked is false isMutiwindowRecord is false multiwindowstyle is 0
01-17 14:22:20.263 3768 3768 I KnoxTimeoutHandler: Shared devices show user statefalse
01-17 14:22:20.263 3768 3768 I KnoxTimeoutHandler: Target Activity is not fullscreen. We will not show this activity0
01-17 14:22:20.268 3768 4020 V WindowManager: Relayout Window{3090f53d0 u0 com.google.android.apps.docs/com.google.android.apps.docs.doclist.documentopener.DocumentOpenerActivity}: viewVisibility=0 req=228x387 WM.LayoutParams{(0,0)(wrapxwrap) gr=#11 sim=#120 ty=2 fl=#1800000 fmt=-2 wanim=0x1030002 needsMenuKey=2 naviIconColor=0}
01-17 14:22:20.269 3197 3197 I SurfaceFlinger: id=10416 createSurf (1x1),1 flag=4, EocumentOpe
01-17 14:22:20.285 27629 28149 D mali_winsys: EGLint new_window_surface(egl_winsys_display*, void*, EGLSurface, EGLConfig, egl_winsys_surface**, egl_color_buffer_format*, EGLBoolean) returns 0x3000, [228x387]-format:1
01-17 14:22:20.288 3768 5291 V WindowManager: Relayout Window{e783945d0 u0 com.google.android.apps.docs/com.google.android.apps.docs.doclist.documentopener.DocumentOpenerActivity}: viewVisibility=0 req=1080x1848 WM.LayoutParams{(0,0)(fillxfill) sim=#120 ty=1 fl=#81810100 pfl=0x20000 fmt=-2 wanim=0x1030000 vsysui=0x600 needsMenuKey=2 naviIconColor=0}
01-17 14:22:20.289 3197 3197 I SurfaceFlinger: id=10417 createSurf (1080x1920),1 flag=4, EocumentOpe
01-17 14:22:20.298 27629 28149 D mali_winsys: EGLint new_window_surface(egl_winsys_display*, void*, EGLSurface, EGLConfig, egl_winsys_surface**, egl_color_buffer_format*, EGLBoolean) returns 0x3000, [1080x1920]-format:1
01-17 14:22:20.302 27629 27629 D ViewRootImpl@89c4fd5[DocumentOpenerActivity]: MSG_WINDOW_FOCUS_CHANGED 1
01-17 14:22:20.303 27629 27629 V InputMethodManager: Starting input: tba=android.view.inputmethod.EditorInfo@ca650bc nm : com.google.android.apps.docs ic=null
01-17 14:22:20.303 27629 27629 I InputMethodManager: [IMM] startInputInner - mService.startInputOrWindowGainedFocus
01-17 14:22:20.303 3768 5279 D InputMethodManagerService: windowGainedFocus mCurrentFocusedUserId - 0 and mSecureKeypadEnabled-false
01-17 14:22:20.303 3768 5279 D InputMethodManagerService: mDesktopModeManager null!
01-17 14:22:20.303 3768 5279 D InputTransport: Input channel constructed: fd=521
01-17 14:22:20.303 3768 5279 D InputTransport: Input channel destroyed: fd=521
01-17 14:22:20.304 27629 27629 D InputTransport: Input channel constructed: fd=90
01-17 14:22:20.304 27629 27629 D InputTransport: Input channel destroyed: fd=87
01-17 14:22:20.304 30084 30084 I GoogleInputMethod: onFinishInput() : Dummy InputConnection bound
01-17 14:22:20.304 30084 30084 I GoogleInputMethod: onStartInput() : Dummy InputConnection bound
01-17 14:22:20.306 27629 27629 D ViewRootImpl@89c4fd5[DocumentOpenerActivity]: dispatchDetachedFromWindow
01-17 14:22:20.307 3768 5703 I WindowManager_SurfaceController: Destroying surface Surface(name=com.google.android.apps.docs/com.google.android.apps.docs.doclist.documentopener.DocumentOpenerActivity) called by com.android.server.wm.WindowStateAnimator.destroySurface:2840 com.android.server.wm.WindowStateAnimator.destroySurfaceLocked:1070 com.android.server.wm.WindowState.removeLocked:1783 com.android.server.wm.WindowManagerService.removeWindowInnerLocked:2889 com.android.server.wm.WindowManagerService.removeWindowLocked:2829 com.android.server.wm.WindowManagerService.removeWindowLocked:2654 com.android.server.wm.WindowManagerService.removeWindow:2649 com.android.server.wm.Session.remove:218
01-17 14:22:20.307 3197 3202 I SurfaceFlinger: id=10416 Removed EocumentOpe (6/8)
01-17 14:22:20.307 3197 3996 I SurfaceFlinger: id=10416 Removed EocumentOpe (-2/8)
01-17 14:22:20.309 3768 5703 D InputDispatcher: Focus left window: 27629
01-17 14:22:20.309 3768 5703 D InputTransport: Input channel destroyed: fd=385
01-17 14:22:20.310 3768 3849 D WindowManager: set systemUiVisibility of statusbar : vis= 0x608
01-17 14:22:20.310 3768 5703 D InputDispatcher: Focus entered window: 27629
01-17 14:22:20.310 27629 27629 D InputTransport: Input channel destroyed: fd=78
01-17 14:22:20.310 3768 5306 D WindowManager: adjustSystemUiVisibilityLw : vis= 0x608
01-17 14:22:20.315 3768 5316 I ActivityManager: START u0 {act=android.intent.action.VIEW typ=null flg=0x0 cmp=ComponentInfo{com.google.android.apps.docs/com.google.android.apps.docs.doclist.documentopener.DocumentOpenerActivityDelegate}} from uid 10125 on display 0
01-17 14:22:20.316 3768 5316 D ActivityManager: ActivityRecord() Constructor : multiScreenAttrs=MultiScreenAttrs{mDisplayId=0, mBaseDisplayId=0, mBaseActivity=false}
01-17 14:22:20.317 3768 5316 D CustomFrequencyManagerService: releaseDVFSLockLocked : Getting Lock type frm List : DVFS_MIN_LIMIT frequency : 1560000 uid : 1000 pid : 3768 tag : AMS_RESUME@CPU_MIN@7
01-17 14:22:20.318 3768 5316 D CustomFrequencyManagerService: acquireDVFSLockLocked : type : DVFS_MIN_LIMIT frequency : 1560000 uid : 1000 pid : 3768 pkgName : AMS_RESUME@CPU_MIN@7
01-17 14:22:20.318 3768 5316 D ActivityManager: mActivityResumeBooster.acquire()
01-17 14:22:20.318 3768 5316 D ActivityManager: moveToFront() : reason=sourceStackToFront isAttached=true null
01-17 14:22:20.319 3768 5316 I MultiWindowManagerService: setTaskDimensions: Task=TaskRecord{297fcb8d0 #15978 A=com.google.android.apps.docs U=0 StackId=1 sz=2} minWidth=-1 minHeight=-1 maxWidth=-1 maxHeight=-1
01-17 14:22:20.320 3768 5316 D ActivityManager: moveToFront() : reason=startedActivity setFocusedActivity isAttached=true TaskRecord{297fcb8d0 #15978 A=com.google.android.apps.docs U=0 StackId=1 sz=3}
01-17 14:22:20.320 3768 5316 D InputDispatcher: Focused application set to: xxxx
01-17 14:22:20.321 3768 3849 D WindowManager: set systemUiVisibility of statusbar : vis= 0x708
01-17 14:22:20.321 3768 5316 D InputDispatcher: Focus left window: 27629
01-17 14:22:20.322 3768 5292 D WindowManager: adjustSystemUiVisibilityLw : vis= 0x708
01-17 14:22:20.322 3768 5316 D ActivityManager: resumeTopActivityInnerLocked() : #1 prevTask=TaskRecord{297fcb8d0 #15978 A=com.google.android.apps.docs U=0 StackId=1 sz=3} next=ActivityRecord{d4915cbd0 u0 com.google.android.apps.docs/.doclist.documentopener.DocumentOpenerActivityDelegate t15978} mFocusedStack=ActivityStack{9425ef3d0 stackId=1, 6 tasks}
01-17 14:22:20.322 3768 5316 D ActivityTrigger: ActivityTrigger activityPauseTrigger
01-17 14:22:20.322 3768 5316 D GameManagerService: sem_perfomance_mode: 0
01-17 14:22:20.325 3768 4960 W MultiScreenManagerService: moveTaskBackToDisplayIfNeeded(): The task has more than one activity
01-17 14:22:20.328 3768 3768 I Telecom : TelecomFeature: getContactsPackageName: com.samsung.android.contacts: TSI.gDDP@LAc
01-17 14:22:20.328 3768 3768 I Telecom : com.android.server.telecom.TelecomServiceImpl$1: getSystemDialerPackage: com.samsung.android.contacts: TSI.gDDP@LAc
01-17 14:22:20.328 3768 3768 I Telecom : TelecomFeature: getContactsPackageName: com.samsung.android.contacts
01-17 14:22:20.348 3768 5648 D WindowManager: finishDrawingWindow: Window{e783945d0 u0 com.google.android.apps.docs/com.google.android.apps.docs.doclist.documentopener.DocumentOpenerActivity} mDrawState=DRAW_PENDING
01-17 14:22:20.349 27629 27629 D ViewRootImpl@b5625b7[DocumentOpenerActivity]: MSG_RESIZED_REPORT: ci=Rect(0, 72 - 0, 0) vi=Rect(0, 72 - 0, 0) or=1
01-17 14:22:20.349 27629 27629 E ViewRootImpl: sendUserActionEvent() mView == null
01-17 14:22:20.349 27629 27629 D ViewRootImpl@b5625b7[DocumentOpenerActivity]: MSG_WINDOW_FOCUS_CHANGED 1
01-17 14:22:20.350 27629 27629 V InputMethodManager: Starting input: tba=android.view.inputmethod.EditorInfo@cd1d845 nm : com.google.android.apps.docs ic=null
01-17 14:22:20.350 27629 27629 I InputMethodManager: [IMM] startInputInner - mService.startInputOrWindowGainedFocus
01-17 14:22:20.350 3768 3792 D InputMethodManagerService: windowGainedFocus mCurrentFocusedUserId - 0 and mSecureKeypadEnabled-false
01-17 14:22:20.354 3768 3792 D InputMethodManagerService: mDesktopModeManager null!
01-17 14:22:20.354 3768 3792 D InputTransport: Input channel constructed: fd=385
01-17 14:22:20.354 3768 3792 D InputTransport: Input channel destroyed: fd=385
01-17 14:22:20.355 3768 3888 D KnoxTimeoutHandler: notifyActivityDrawn [MsgParam] userId: 0 fullscreen is false showWhenlocked is false isMutiwindowRecord is false multiwindowstyle is 1
01-17 14:22:20.355 27629 27629 D InputTransport: Input channel constructed: fd=103
01-17 14:22:20.355 27629 27629 D InputTransport: Input channel destroyed: fd=90
01-17 14:22:20.355 3768 3768 D KnoxTimeoutHandler: activityDrawn [MsgParam] userId: 0 fullscreen is false showWhenlocked is false isMutiwindowRecord is false multiwindowstyle is 1
01-17 14:22:20.355 27629 27629 D ViewRootImpl@b5625b7[DocumentOpenerActivity]: MSG_WINDOW_FOCUS_CHANGED 0
01-17 14:22:20.355 30084 30084 I GoogleInputMethod: onFinishInput() : Dummy InputConnection bound
01-17 14:22:20.355 30084 30084 I GoogleInputMethod: onStartInput() : Dummy InputConnection bound
01-17 14:22:20.356 3768 5280 D ActivityManager: resumeTopActivityInnerLocked() : #1 prevTask=TaskRecord{297fcb8d0 #15978 A=com.google.android.apps.docs U=0 StackId=1 sz=3} next=ActivityRecord{d4915cbd0 u0 com.google.android.apps.docs/.doclist.documentopener.DocumentOpenerActivityDelegate t15978} mFocusedStack=ActivityStack{9425ef3d0 stackId=1, 6 tasks}
01-17 14:22:20.356 3768 3768 I KnoxTimeoutHandler: SD activityfalse
01-17 14:22:20.360 3768 5280 D GameManagerService: sem_perfomance_mode: 0
01-17 14:22:20.360 3768 3768 D GameManagerService: NotifyRunnable. pkg: com.google.android.apps.docs, type: 4, isMinimized: false, isTunableApp: false
01-17 14:22:20.360 3768 3768 D GameManagerService: do nothing. mKillNotiCount: 3
01-17 14:22:20.398 3768 4050 D WindowManager: finishDrawingWindow: Window{e783945d0 u0 com.google.android.apps.docs/com.google.android.apps.docs.doclist.documentopener.DocumentOpenerActivity} mDrawState=READY_TO_SHOW
01-17 14:22:20.426 3768 4960 D DevicePolicyManagerService: PfW getPlayForWorkProxy() 0
01-17 14:22:20.428 3768 4960 D DevicePolicyManagerService: PfW getPlayForWorkProxy() flags & FLAG_ALLOW_PROXY_FOR_PFW 0
01-17 14:22:20.428 3768 4960 D DevicePolicyManagerService: PfW getPlayForWorkProxy() flag 0 does not allow PfW
01-17 14:22:20.446 3768 5643 D WindowManager: addWindow: android.view.IWindow$Stub$Proxy@6d143a7 displayId=0
01-17 14:22:20.447 3768 5643 D InputTransport: Input channel constructed: fd=385
01-17 14:22:20.448 3768 5643 D InputTransport: Input channel constructed: fd=521
01-17 14:22:20.448 3768 5643 D InputTransport: Input channel destroyed: fd=521
01-17 14:22:20.448 27629 27629 D InputTransport: Input channel constructed: fd=109
01-17 14:22:20.449 27629 27629 D ViewRootImpl@968cb97[DocumentOpenerActivityDelegate]: setView = DecorView@d70e184[DocumentOpenerActivityDelegate] touchMode=true
01-17 14:22:20.450 3768 4020 D ActivityManager: post active user change for 0 fullscreen false isHomeActivity() false
01-17 14:22:20.450 3768 4020 D KnoxTimeoutHandler: postActiveUserChange [MsgParam] userId: 0 fullscreen is false showWhenlocked is false isMutiwindowRecord is false multiwindowstyle is 0
01-17 14:22:20.450 3768 3768 D KnoxTimeoutHandler: handleActiveUserChange [MsgParam] userId: 0 fullscreen is false showWhenlocked is false isMutiwindowRecord is false multiwindowstyle is 0
01-17 14:22:20.451 3768 3768 I KnoxTimeoutHandler: Shared devices show user statefalse
01-17 14:22:20.451 3768 3768 I KnoxTimeoutHandler: Target Activity is not fullscreen. We will not show this activity0
01-17 14:22:20.467 3768 3768 I Telecom : TelecomFeature: getContactsPackageName: com.samsung.android.contacts: TSI.gDDP@LAg
01-17 14:22:20.467 3768 3768 I Telecom : com.android.server.telecom.TelecomServiceImpl$1: getSystemDialerPackage: com.samsung.android.contacts: TSI.gDDP@LAg
01-17 14:22:20.467 3768 3768 I Telecom : TelecomFeature: getContactsPackageName: com.samsung.android.contacts
01-17 14:22:20.479 3768 5705 V WindowManager: Relayout Window{114bfdd0 u0 com.google.android.apps.docs/com.google.android.apps.docs.doclist.documentopener.DocumentOpenerActivityDelegate}: viewVisibility=0 req=1080x1848 WM.LayoutParams{(0,0)(fillxfill) sim=#120 ty=1 fl=#81810100 pfl=0x20000 fmt=-2 wanim=0x1030000 vsysui=0x600 needsMenuKey=2 naviIconColor=0}
01-17 14:22:20.480 3197 3197 I SurfaceFlinger: id=10418 createSurf (1x1),1 flag=4, EocumentOpe
01-17 14:22:20.482 3768 3849 D WindowManager: set systemUiVisibility of statusbar : vis= 0x608
01-17 14:22:20.494 3768 5705 D InputDispatcher: Focus entered window: 27629
01-17 14:22:20.497 3768 5316 D WindowManager: adjustSystemUiVisibilityLw : vis= 0x608
01-17 14:22:20.513 27629 28149 D mali_winsys: EGLint new_window_surface(egl_winsys_display*, void*, EGLSurface, EGLConfig, egl_winsys_surface**, egl_color_buffer_format*, EGLBoolean) returns 0x3000, [1080x1920]-format:1
01-17 14:22:20.529 3768 4020 D WindowManager: addWindow: android.view.IWindow$Stub$Proxy@f32a0f2 displayId=0
01-17 14:22:20.530 3768 4020 D InputTransport: Input channel constructed: fd=521
01-17 14:22:20.530 3768 4020 D InputTransport: Input channel constructed: fd=527
01-17 14:22:20.530 3768 3849 D WindowManager: set systemUiVisibility of statusbar : vis= 0x8
01-17 14:22:20.531 3768 4020 D InputDispatcher: Focus left window: 27629
01-17 14:22:20.531 3768 4020 D InputDispatcher: Focus entered window: 27629
01-17 14:22:20.531 3768 5325 D WindowManager: adjustSystemUiVisibilityLw : vis= 0x8
01-17 14:22:20.531 3768 4020 D InputTransport: Input channel destroyed: fd=527
01-17 14:22:20.531 27629 27629 D InputTransport: Input channel constructed: fd=111
01-17 14:22:20.532 27629 27629 D ViewRootImpl@810dd1c[DocumentOpenerActivityDelegate]: setView = DecorView@234dd25[] touchMode=true
01-17 14:22:20.545 27629 27629 D ViewRootImpl@968cb97[DocumentOpenerActivityDelegate]: MSG_RESIZED_REPORT: ci=Rect(0, 72 - 0, 0) vi=Rect(0, 72 - 0, 0) or=1
01-17 14:22:20.545 27629 27629 D ViewRootImpl@968cb97[DocumentOpenerActivityDelegate]: MSG_WINDOW_FOCUS_CHANGED 1
01-17 14:22:20.545 27629 27629 V InputMethodManager: Starting input: tba=android.view.inputmethod.EditorInfo@3fd0cab nm : com.google.android.apps.docs ic=null
01-17 14:22:20.545 27629 27629 I InputMethodManager: [IMM] startInputInner - mService.startInputOrWindowGainedFocus
01-17 14:22:20.546 3768 3792 D InputMethodManagerService: windowGainedFocus mCurrentFocusedUserId - 0 and mSecureKeypadEnabled-false
01-17 14:22:20.546 3768 3792 D InputMethodManagerService: mDesktopModeManager null!
01-17 14:22:20.546 3768 3792 D InputTransport: Input channel constructed: fd=527
01-17 14:22:20.546 3768 3792 D InputTransport: Input channel destroyed: fd=527
01-17 14:22:20.546 27629 27629 D InputTransport: Input channel constructed: fd=112
01-17 14:22:20.546 27629 27629 D InputTransport: Input channel destroyed: fd=103
01-17 14:22:20.546 30084 30084 I GoogleInputMethod: onFinishInput() : Dummy InputConnection bound
01-17 14:22:20.547 30084 30084 I GoogleInputMethod: onStartInput() : Dummy InputConnection bound
01-17 14:22:20.578 27471 27488 D [ACT]:ao: processing priority = NORMAL
01-17 14:22:20.581 27443 27465 D [ACT]:ao: processing priority = NORMAL
01-17 14:22:20.598 3768 5644 D WindowManager: finishDrawingWindow: Window{114bfdd0 u0 com.google.android.apps.docs/com.google.android.apps.docs.doclist.documentopener.DocumentOpenerActivityDelegate} mDrawState=DRAW_PENDING
01-17 14:22:20.604 3197 3197 I SurfaceFlinger: id=10419 createSurf (1080x1920),-1 flag=20004, EocumentOpe
01-17 14:22:20.606 3768 5279 V WindowManager: Relayout Window{195adc0d0 u0 com.google.android.apps.docs/com.google.android.apps.docs.doclist.documentopener.DocumentOpenerActivityDelegate}: viewVisibility=0 req=228x387 WM.LayoutParams{(0,0)(wrapxwrap) gr=#11 sim=#120 ty=2 fl=#1800000 fmt=-2 wanim=0x1030002 needsMenuKey=2 naviIconColor=0}
01-17 14:22:20.607 3197 3197 I SurfaceFlinger: id=10420 createSurf (1x1),1 flag=4, EocumentOpe
01-17 14:22:20.614 3768 3888 D KnoxTimeoutHandler: notifyActivityDrawn [MsgParam] userId: 0 fullscreen is false showWhenlocked is false isMutiwindowRecord is false multiwindowstyle is 1
01-17 14:22:20.614 3768 3768 D KnoxTimeoutHandler: activityDrawn [MsgParam] userId: 0 fullscreen is false showWhenlocked is false isMutiwindowRecord is false multiwindowstyle is 1
01-17 14:22:20.614 3768 3848 D ActivityManager: mActivityResumeBoosterTail.acquire()
01-17 14:22:20.615 3768 3888 D CustomFrequencyManagerService: releaseDVFSLockLocked : Getting Lock type frm List : DVFS_MIN_LIMIT frequency : 1560000 uid : 1000 pid : 3768 tag : AMS_RESUME@CPU_MIN@7
01-17 14:22:20.615 3768 3768 I KnoxTimeoutHandler: SD activityfalse
01-17 14:22:20.615 3768 3888 D ActivityManager: mActivityResumeBooster.release()
01-17 14:22:20.616 3768 3848 D CustomFrequencyManagerService: acquireDVFSLockLocked : type : DVFS_MIN_LIMIT frequency : 1560000 uid : 1000 pid : 3768 pkgName : AMS_RESUME_TAIL@CPU_MIN@13
01-17 14:22:20.616 3768 3888 I WindowManager_SurfaceController: Destroying surface Surface(name=com.google.android.apps.docs/com.google.android.apps.docs.doclist.documentopener.DocumentOpenerActivityDelegate_dim) called by com.android.server.wm.WindowStateAnimator.finishExit:587 com.android.server.wm.WindowStateAnimator.stepAnimationLocked:564 com.android.server.wm.WindowAnimator.updateWindowsLocked:439 com.android.server.wm.WindowAnimator.animateLocked:956 com.android.server.wm.WindowAnimator.-wrap0:-1 com.android.server.wm.WindowAnimator$1.doFrame:180 android.view.Choreographer$CallbackRecord.run:925 android.view.Choreographer.doCallbacks:702
01-17 14:22:20.617 3197 29886 I SurfaceFlinger: id=10419 Removed EocumentOpe (6/10)
01-17 14:22:20.617 3197 3995 I SurfaceFlinger: id=10419 Removed EocumentOpe (-2/10)
01-17 14:22:20.620 27629 28149 D mali_winsys: EGLint new_window_surface(egl_winsys_display*, void*, EGLSurface, EGLConfig, egl_winsys_surface**, egl_color_buffer_format*, EGLBoolean) returns 0x3000, [228x387]-format:1
01-17 14:22:20.620 27629 27629 D ViewRootImpl@810dd1c[DocumentOpenerActivityDelegate]: MSG_WINDOW_FOCUS_CHANGED 1
01-17 14:22:20.621 27629 27629 V InputMethodManager: Starting input: tba=android.view.inputmethod.EditorInfo@6828bdd nm : com.google.android.apps.docs ic=null
01-17 14:22:20.621 27629 27629 I InputMethodManager: [IMM] startInputInner - mService.startInputOrWindowGainedFocus
01-17 14:22:20.621 3768 5291 D InputMethodManagerService: windowGainedFocus mCurrentFocusedUserId - 0 and mSecureKeypadEnabled-false
01-17 14:22:20.621 3768 5291 D InputMethodManagerService: mDesktopModeManager null!
01-17 14:22:20.621 3768 5291 D InputTransport: Input channel constructed: fd=527
01-17 14:22:20.621 3768 5291 D InputTransport: Input channel destroyed: fd=527
01-17 14:22:20.622 27629 27629 D InputTransport: Input channel constructed: fd=115
01-17 14:22:20.622 27629 27629 D InputTransport: Input channel destroyed: fd=112
01-17 14:22:20.622 30084 30084 I GoogleInputMethod: onFinishInput() : Dummy InputConnection bound
01-17 14:22:20.622 30084 30084 I GoogleInputMethod: onStartInput() : Dummy InputConnection bound
01-17 14:22:20.623 27629 27629 D ViewRootImpl@810dd1c[DocumentOpenerActivityDelegate]: dispatchDetachedFromWindow
01-17 14:22:20.624 3768 5316 I WindowManager_SurfaceController: Destroying surface Surface(name=com.google.android.apps.docs/com.google.android.apps.docs.doclist.documentopener.DocumentOpenerActivityDelegate) called by com.android.server.wm.WindowStateAnimator.destroySurface:2840 com.android.server.wm.WindowStateAnimator.destroySurfaceLocked:1070 com.android.server.wm.WindowState.removeLocked:1783 com.android.server.wm.WindowManagerService.removeWindowInnerLocked:2889 com.android.server.wm.WindowManagerService.removeWindowLocked:2829 com.android.server.wm.WindowManagerService.removeWindowLocked:2654 com.android.server.wm.WindowManagerService.removeWindow:2649 com.android.server.wm.Session.remove:218
01-17 14:22:20.624 3197 3996 I SurfaceFlinger: id=10420 Removed EocumentOpe (7/9)
01-17 14:22:20.625 3197 3202 I SurfaceFlinger: id=10420 Removed EocumentOpe (-2/9)
01-17 14:22:20.627 3768 5316 D InputDispatcher: Focus left window: 27629
01-17 14:22:20.627 3768 5316 D InputTransport: Input channel destroyed: fd=521
01-17 14:22:20.629 3768 3849 D WindowManager: set systemUiVisibility of statusbar : vis= 0x608
01-17 14:22:20.629 3768 5316 D InputDispatcher: Focus entered window: 27629
01-17 14:22:20.630 27629 27629 D InputTransport: Input channel destroyed: fd=111
01-17 14:22:20.630 3768 5292 D WindowManager: adjustSystemUiVisibilityLw : vis= 0x608
01-17 14:22:20.630 3768 3888 D KnoxTimeoutHandler: notifyActivityDrawn [MsgParam] userId: 0 fullscreen is false showWhenlocked is false isMutiwindowRecord is false multiwindowstyle is 1
01-17 14:22:20.630 3768 3768 D KnoxTimeoutHandler: activityDrawn [MsgParam] userId: 0 fullscreen is false showWhenlocked is false isMutiwindowRecord is false multiwindowstyle is 1
01-17 14:22:20.632 27629 27629 E ViewRootImpl: sendUserActionEvent() mView == null
01-17 14:22:20.632 3768 3768 I KnoxTimeoutHandler: SD activityfalse
01-17 14:22:20.633 3768 3888 I ActivityManager: Displayed com.google.android.apps.docs/.doclist.documentopener.DocumentOpenerActivityDelegate: +278ms (total +419ms)
01-17 14:22:20.638 3768 5317 V WindowManager: Relayout Window{e783945d0 u0 com.google.android.apps.docs/com.google.android.apps.docs.doclist.documentopener.DocumentOpenerActivity}: viewVisibility=8 req=1080x1920 WM.LayoutParams{(0,0)(fillxfill) sim=#120 ty=1 fl=#81810100 pfl=0x20000 fmt=-2 wanim=0x1030000 vsysui=0x600 needsMenuKey=2 naviIconColor=0}
01-17 14:22:20.638 3768 5317 I WindowManager_SurfaceController: Destroying surface Surface(name=com.google.android.apps.docs/com.google.android.apps.docs.doclist.documentopener.DocumentOpenerActivity) called by com.android.server.wm.WindowStateAnimator.destroySurface:2840 com.android.server.wm.WindowStateAnimator.destroySurfaceLocked:1070 com.android.server.wm.WindowState.destroyOrSaveSurface:2561 com.android.server.wm.WindowManagerService.tryStartExitingAnimation:3518 com.android.server.wm.WindowManagerService.relayoutWindow:3374 com.android.server.wm.Session.relayoutEx:254 android.view.IWindowSession$Stub.onTransact:407 com.android.server.wm.Session.onTransact:161
01-17 14:22:20.639 3197 3202 I SurfaceFlinger: id=10417 Removed EocumentOpe (5/8)
01-17 14:22:20.639 3197 3995 I SurfaceFlinger: id=10417 Removed EocumentOpe (-2/8)
01-17 14:22:20.641 27629 2760 W FileOpenerIntentCreatorImpl: Opener: [ResolveInfo{af05720 com.google.android.packageinstaller/com.android.packageinstaller.PackageInstallerActivity m=0x608000}]
01-17 14:22:20.645 27629 27629 D ViewRootImpl@968cb97[DocumentOpenerActivityDelegate]: MSG_WINDOW_FOCUS_CHANGED 1
01-17 14:22:20.646 27629 27629 V InputMethodManager: Starting input: tba=android.view.inputmethod.EditorInfo@5a108d9 nm : com.google.android.apps.docs ic=null
01-17 14:22:20.646 27629 27629 I InputMethodManager: [IMM] startInputInner - mService.startInputOrWindowGainedFocus
01-17 14:22:20.647 3768 4020 D InputMethodManagerService: windowGainedFocus mCurrentFocusedUserId - 0 and mSecureKeypadEnabled-false
01-17 14:22:20.648 3768 4020 D InputMethodManagerService: mDesktopModeManager null!
01-17 14:22:20.649 3768 4020 D InputTransport: Input channel constructed: fd=521
01-17 14:22:20.649 3768 4020 D InputTransport: Input channel destroyed: fd=521
01-17 14:22:20.649 30084 30084 I GoogleInputMethod: onFinishInput() : Dummy InputConnection bound
01-17 14:22:20.649 27629 27629 D InputTransport: Input channel constructed: fd=87
01-17 14:22:20.649 27629 27629 D InputTransport: Input channel destroyed: fd=115
01-17 14:22:20.649 27629 27629 E ViewRootImpl: sendUserActionEvent() mView == null
01-17 14:22:20.649 27629 27629 E ViewRootImpl: sendUserActionEvent() mView == null
01-17 14:22:20.649 30084 30084 I GoogleInputMethod: onStartInput() : Dummy InputConnection bound
01-17 14:22:20.650 27629 2760 E ApplicationPackageManager: checkSettingsForIconTray value : 0
01-17 14:22:20.650 27629 2760 E ApplicationPackageManager: checkSettingsForIconTray value : 0
01-17 14:22:20.658 27629 27629 D ViewRootImpl@b5625b7[DocumentOpenerActivity]: dispatchDetachedFromWindow
01-17 14:22:20.660 3768 7004 D InputTransport: Input channel destroyed: fd=490
01-17 14:22:20.661 27629 27629 D InputTransport: Input channel destroyed: fd=102
01-17 14:22:20.663 3768 8541 I MultiWindowManagerService: setTaskDimensions: Task=TaskRecord{297fcb8d0 #15978 A=com.google.android.apps.docs U=0 StackId=1 sz=2} minWidth=-1 minHeight=-1 maxWidth=-1 maxHeight=-1
01-17 14:22:20.665 27629 27629 W FileOpenerIntentCreatorImpl: Opener: [ResolveInfo{653c54c com.google.android.packageinstaller/com.android.packageinstaller.PackageInstallerActivity m=0x608000}]
01-17 14:22:20.667 27629 27629 E ApplicationPackageManager: checkSettingsForIconTray value : 0
01-17 14:22:20.667 27629 27629 E ApplicationPackageManager: checkSettingsForIconTray value : 0
01-17 14:22:20.675 27629 2849 W ktx : Application name is not set. Call Builder#setApplicationName.
01-17 14:22:20.700 3768 3792 D WindowManager: addWindow: android.view.IWindow$Stub$Proxy@c0f316 displayId=0
01-17 14:22:20.701 3768 3792 D InputTransport: Input channel constructed: fd=490
01-17 14:22:20.701 3768 3792 D InputTransport: Input channel constructed: fd=521
01-17 14:22:20.701 3768 3849 D WindowManager: set systemUiVisibility of statusbar : vis= 0x8
01-17 14:22:20.702 3768 3792 D InputDispatcher: Focus left window: 27629
01-17 14:22:20.702 3768 3792 D InputDispatcher: Focus entered window: 27629
01-17 14:22:20.702 3768 3792 D InputTransport: Input channel destroyed: fd=521
01-17 14:22:20.703 27629 27629 D InputTransport: Input channel constructed: fd=101
01-17 14:22:20.703 3768 4032 D WindowManager: adjustSystemUiVisibilityLw : vis= 0x8
01-17 14:22:20.703 27629 27629 D ViewRootImpl@ff5cf2d[DocumentOpenerActivityDelegate]: setView = DecorView@a971c62[] touchMode=true
01-17 14:22:20.711 3768 5280 V WindowManager: Relayout Window{5270684d0 u0 com.google.android.apps.docs/com.google.android.apps.docs.doclist.documentopener.DocumentOpenerActivityDelegate}: viewVisibility=0 req=1026x360 WM.LayoutParams{(0,0)(wrapxwrap) gr=#11 sim=#120 ty=2 fl=#1820002 fmt=-3 wanim=0x1030466 surfaceInsets=Rect(96, 96 - 96, 96) needsMenuKey=2 naviIconColor=0}
01-17 14:22:20.712 3197 3197 I SurfaceFlinger: id=10421 createSurf (193x193),1 flag=4, EocumentOpe
01-17 14:22:20.712 27629 2850 W ktx : Application name is not set. Call Builder#setApplicationName.
01-17 14:22:20.731 27629 28149 D mali_winsys: EGLint new_window_surface(egl_winsys_display*, void*, EGLSurface, EGLConfig, egl_winsys_surface**, egl_color_buffer_format*, EGLBoolean) returns 0x3000, [1218x552]-format:1
01-17 14:22:20.731 27629 27629 D ViewRootImpl@ff5cf2d[DocumentOpenerActivityDelegate]: MSG_WINDOW_FOCUS_CHANGED 1
01-17 14:22:20.741 3768 5306 D WindowManager: finishDrawingWindow: Window{5270684d0 u0 com.google.android.apps.docs/com.google.android.apps.docs.doclist.documentopener.DocumentOpenerActivityDelegate} mDrawState=DRAW_PENDING
01-17 14:22:20.741 27629 27629 D ViewRootImpl@ff5cf2d[DocumentOpenerActivityDelegate]: MSG_RESIZED_REPORT: ci=Rect(0, 0 - 0, 0) vi=Rect(0, 0 - 0, 0) or=1
01-17 14:22:20.744 3768 5705 D WindowManager: finishDrawingWindow: Window{5270684d0 u0 com.google.android.apps.docs/com.google.android.apps.docs.doclist.documentopener.DocumentOpenerActivityDelegate} mDrawState=HAS_DRAWN
01-17 14:22:20.744 3768 3888 D KnoxTimeoutHandler: notifyActivityDrawn [MsgParam] userId: 0 fullscreen is false showWhenlocked is false isMutiwindowRecord is false multiwindowstyle is 1
01-17 14:22:20.744 3768 3768 D KnoxTimeoutHandler: activityDrawn [MsgParam] userId: 0 fullscreen is false showWhenlocked is false isMutiwindowRecord is false multiwindowstyle is 1
01-17 14:22:20.744 27629 27629 D ViewRootImpl@968cb97[DocumentOpenerActivityDelegate]: MSG_WINDOW_FOCUS_CHANGED 0
01-17 14:22:20.745 3768 3768 I KnoxTimeoutHandler: SD activityfalse
01-17 14:22:20.916 3768 3768 D CustomFrequencyManagerService: releaseDVFSLockLocked : Getting Lock type frm List : DVFS_MIN_LIMIT frequency : 1560000 uid : 1000 pid : 3768 tag : AMS_RESUME_TAIL@CPU_MIN@13
01-17 14:22:21.039 3275 3334 D Sensorhubs: readContextData: 1, 1, 26, 1, 3, 21, 126, 6, 1, 1
01-17 14:22:21.040 3768 3973 D SensorHubManager: onGetSensorHubDataLocked: library(10) = 1, 1, 26, 1, 3, 21, 126, 6, 1, 1
01-17 14:22:21.041 3768 3972 D CAE : onGetSensorHubData(SensorHubParserProvider.java:92) - onGetSensorHubData Event [event buffer len :10], AP_WAKEUP
01-17 14:22:21.041 3768 3972 I CAE : parse(SensorHubParserProvider.java:189) - buffer size = 10
01-17 14:22:21.042 3768 3972 I CAE : parse(SensorHubParserProvider.java:200) - 1, 1, 26, 1, 3, 21, 126, 6, 1, 1,
01-17 14:22:21.043 3768 3972 D CAE : display(ContextProvider.java:375) - ================= ACTIVITY_TRACKER =================
01-17 14:22:21.043 3768 3972 I CAE : display(ContextProvider.java:391) - Accuracy=[1], OperationMode=[0], ActivityType=[1], TimeStamp=[1516198940166]
01-17 14:22:21.044 3768 3975 D SemContextService: updateContext() : event = Activity Tracker
01-17 14:22:21.045 3768 3768 D SemContextManager: onSemContextChanged() : event = Activity Tracker
01-17 14:22:21.045 3768 3768 D SContextManager: onSContextChanged() : event = Activity Tracker
01-17 14:22:21.045 3768 3768 D WifiService: onSContextChanged(): status - 1, mPrevActivityStatus - 1, accuracy - 1
01-17 14:22:21.598 27629 2849 W ktx : Application name is not set. Call Builder#setApplicationName.
01-17 14:22:22.088 3768 3768 D CustomFrequencyManagerService: releaseDVFSLockLocked : Getting Lock type frm List : DVFS_MIN_LIMIT frequency : 728000 uid : 1000 pid : 3768 tag : GESTURE_DETECTED@CPU_MIN@36
01-17 14:22:22.574 3768 4039 D WifiStateMachine: Current network is: "SKY03AE5" , ID is: 1
01-17 14:22:22.580 27471 27488 D [ACT]:ao: processing priority = HIGH
01-17 14:22:22.580 27443 27465 D [ACT]:ao: processing priority = HIGH
01-17 14:22:23.480 3768 7202 D SSRM:k : SIOP:: AP = 340, PST = 299 (W:6), CP = 247, CUR = 429, LCD = 79
01-17 14:22:23.591 3768 4072 D ConnectivityService: updateCapabilities: oldCap = [ Transports: WIFI Capabilities: NOT_METERED&INTERNET&NOT_RESTRICTED&TRUSTED&NOT_VPN&VALIDATED LinkUpBandwidth>=1048576Kbps LinkDnBandwidth>=1048576Kbps SignalStrength: -69], newCap = [ Transports: WIFI Capabilities: NOT_METERED&INTERNET&NOT_RESTRICTED&TRUSTED&NOT_VPN LinkUpBandwidth>=1048576Kbps LinkDnBandwidth>=1048576Kbps SignalStrength: -61]
01-17 14:22:23.591 3768 4072 D ConnectivityService: rematching NetworkAgentInfo [WIFI () - 551]
01-17 14:22:23.591 3768 4072 D ConnectivityService: network has: [ Transports: WIFI Capabilities: NOT_METERED&INTERNET&NOT_RESTRICTED&TRUSTED&NOT_VPN&VALIDATED LinkUpBandwidth>=1048576Kbps LinkDnBandwidth>=1048576Kbps SignalStrength: -61]
01-17 14:22:23.591 3768 4072 D ConnectivityService: checking if request is satisfied: NetworkRequest [ id=926, legacyType=-1, [ Capabilities: INTERNET&NOT_RESTRICTED&TRUSTED] ]
01-17 14:22:23.592 3768 4072 D ConnectivityService: checking if request is satisfied: NetworkRequest [ id=627, legacyType=-1, [ Capabilities: INTERNET&NOT_RESTRICTED&TRUSTED] ]
01-17 14:22:23.592 3768 4072 D ConnectivityService: checking if request is satisfied: NetworkRequest [ id=64, legacyType=-1, [ Capabilities: INTERNET&NOT_RESTRICTED&TRUSTED] ]
01-17 14:22:23.592 3768 4072 D ConnectivityService: checking if request is satisfied: NetworkRequest [ id=8, legacyType=-1, [ Transports: WIFI Capabilities: INTERNET&NOT_RESTRICTED&TRUSTED&NOT_VPN] ]
01-17 14:22:23.592 3768 4072 D ConnectivityService: checking if request is satisfied: NetworkRequest [ id=63, legacyType=-1, [ Capabilities: INTERNET&NOT_RESTRICTED&TRUSTED] ]
01-17 14:22:23.592 3768 4072 D ConnectivityService: Network NetworkAgentInfo [WIFI () - 551] was already satisfying request 1. No change.
01-17 14:22:23.592 3768 4072 D ConnectivityService: checking if request is satisfied: NetworkRequest [ id=1252, legacyType=-1, [ Capabilities: INTERNET&NOT_RESTRICTED&TRUSTED] ]
01-17 14:22:23.592 3768 4072 D ConnectivityService: checking if request is satisfied: NetworkRequest [ id=3, legacyType=-1, [] ]
01-17 14:22:23.592 3768 4072 D ConnectivityService: checking if request is satisfied: NetworkRequest [ id=903, legacyType=-1, [ Transports: CELLULAR Capabilities: IMS&TRUSTED&NOT_VPN] ]
01-17 14:22:23.592 3768 4072 D ConnectivityService: checking if request is satisfied: NetworkRequest [ id=5, legacyType=-1, [] ]
01-17 14:22:23.592 3768 4072 D ConnectivityService: checking if request is satisfied: NetworkRequest [ id=628, legacyType=-1, [ Capabilities: INTERNET&NOT_RESTRICTED&TRUSTED] ]
01-17 14:22:23.592 3768 4072 D ConnectivityService: checking if request is satisfied: NetworkRequest [ id=4, legacyType=-1, [ Transports: WIFI Capabilities: INTERNET&NOT_RESTRICTED&TRUSTED&NOT_VPN] ]
01-17 14:22:23.592 3768 4072 D ConnectivityService: checking if request is satisfied: NetworkRequest [ id=9, legacyType=-1, [ Transports: CELLULAR|WIFI Capabilities: NOT_RESTRICTED&TRUSTED&NOT_VPN] ]
01-17 14:22:23.593 3768 4072 D ConnectivityService: checking if request is satisfied: NetworkRequest [ id=1275, legacyType=-1, [ Capabilities: INTERNET&NOT_RESTRICTED&TRUSTED] ]
01-17 14:22:23.593 3768 4072 D ConnectivityService: checking if request is satisfied: NetworkRequest [ id=787, legacyType=-1, [ Capabilities: INTERNET&NOT_RESTRICTED&TRUSTED] ]
01-17 14:22:23.593 3768 4072 D ConnectivityService: checking if request is satisfied: NetworkRequest [ id=19, legacyType=-1, [ Capabilities: INTERNET&NOT_RESTRICTED&TRUSTED] ]
01-17 14:22:23.593 3768 4072 D ConnectivityService: checking if request is satisfied: NetworkRequest [ id=1250, legacyType=-1, [ Capabilities: INTERNET&NOT_RESTRICTED&TRUSTED] ]
01-17 14:22:23.594 3768 4072 D ConnectivityService: checking if request is satisfied: NetworkRequest [ id=7, legacyType=-1, [ Transports: CELLULAR Capabilities: INTERNET&NOT_RESTRICTED&TRUSTED&NOT_VPN] ]
01-17 14:22:23.594 3768 4072 D ConnectivityService: checking if request is satisfied: NetworkRequest [ id=1210, legacyType=-1, [ Transports: WIFI Capabilities: INTERNET&NOT_RESTRICTED&TRUSTED&NOT_VPN] ]
01-17 14:22:23.594 3768 4072 D ConnectivityService: checking if request is satisfied: NetworkRequest [ id=6, legacyType=-1, [ Transports: WIFI Capabilities: INTERNET&NOT_RESTRICTED&TRUSTED&NOT_VPN] ]
01-17 14:22:23.594 3768 4072 D ConnectivityService: checking if request is satisfied: NetworkRequest [ id=1262, legacyType=-1, [ Capabilities: INTERNET&NOT_RESTRICTED&TRUSTED] ]
01-17 14:22:23.594 3768 4072 D ConnectivityService: checking if request is satisfied: NetworkRequest [ id=639, legacyType=-1, [ Capabilities: INTERNET&NOT_RESTRICTED&TRUSTED&NOT_VPN] ]
01-17 14:22:23.594 3768 4072 D ConnectivityService: checking if request is satisfied: NetworkRequest [ id=1271, legacyType=-1, [ Capabilities: INTERNET&NOT_RESTRICTED&TRUSTED] ]
01-17 14:22:23.594 3768 4072 D ConnectivityService: checking if request is satisfied: NetworkRequest [ id=12, legacyType=-1, [ Transports: WIFI Capabilities: INTERNET&NOT_RESTRICTED&TRUSTED&NOT_VPN] ]
01-17 14:22:23.594 3768 4072 D ConnectivityService: checking if request is satisfied: NetworkRequest [ id=1261, legacyType=-1, [ Capabilities: INTERNET&NOT_RESTRICTED&TRUSTED] ]
01-17 14:22:23.594 3768 4072 D ConnectivityService: checking if request is satisfied: NetworkRequest [ id=1272, legacyType=-1, [ Capabilities: INTERNET&NOT_RESTRICTED&TRUSTED] ]
01-17 14:22:23.595 3768 4072 D ConnectivityService: rematching NetworkAgentInfo [MOBILE (LTE) - 539]
01-17 14:22:23.595 3768 4072 D ConnectivityService: network has: [ Transports: CELLULAR Capabilities: IMS&NOT_METERED&NOT_RESTRICTED&TRUSTED&NOT_VPN&VALIDATED LinkUpBandwidth>=51200Kbps LinkDnBandwidth>=102400Kbps Specifier: <1>]
01-17 14:22:23.595 3768 4072 D ConnectivityService: checking if request is satisfied: NetworkRequest [ id=926, legacyType=-1, [ Capabilities: INTERNET&NOT_RESTRICTED&TRUSTED] ]
01-17 14:22:23.595 3768 4072 D ConnectivityService: checking if request is satisfied: NetworkRequest [ id=627, legacyType=-1, [ Capabilities: INTERNET&NOT_RESTRICTED&TRUSTED] ]
01-17 14:22:23.595 3768 4072 D ConnectivityService: checking if request is satisfied: NetworkRequest [ id=64, legacyType=-1, [ Capabilities: INTERNET&NOT_RESTRICTED&TRUSTED] ]
01-17 14:22:23.595 3768 4072 D ConnectivityService: checking if request is satisfied: NetworkRequest [ id=8, legacyType=-1, [ Transports: WIFI Capabilities: INTERNET&NOT_RESTRICTED&TRUSTED&NOT_VPN] ]
01-17 14:22:23.595 3768 4072 D ConnectivityService: checking if request is satisfied: NetworkRequest [ id=63, legacyType=-1, [ Capabilities: INTERNET&NOT_RESTRICTED&TRUSTED] ]
01-17 14:22:23.595 3768 4072 D ConnectivityService: checking if request is satisfied: NetworkRequest [ id=1, legacyType=-1, [ Capabilities: INTERNET&NOT_RESTRICTED&TRUSTED&NOT_VPN] ]
01-17 14:22:23.595 3768 4072 D ConnectivityService: checking if request is satisfied: NetworkRequest [ id=1252, legacyType=-1, [ Capabilities: INTERNET&NOT_RESTRICTED&TRUSTED] ]
01-17 14:22:23.596 3768 4072 D ConnectivityService: checking if request is satisfied: NetworkRequest [ id=3, legacyType=-1, [] ]
01-17 14:22:23.596 3768 4072 D ConnectivityService: Network NetworkAgentInfo [MOBILE (LTE) - 539] was already satisfying request 903. No change.
01-17 14:22:23.596 3768 4072 D ConnectivityService: checking if request is satisfied: NetworkRequest [ id=5, legacyType=-1, [] ]
01-17 14:22:23.596 3768 4072 D ConnectivityService: checking if request is satisfied: NetworkRequest [ id=628, legacyType=-1, [ Capabilities: INTERNET&NOT_RESTRICTED&TRUSTED] ]
01-17 14:22:23.596 3768 4072 D ConnectivityService: checking if request is satisfied: NetworkRequest [ id=4, legacyType=-1, [ Transports: WIFI Capabilities: INTERNET&NOT_RESTRICTED&TRUSTED&NOT_VPN] ]
01-17 14:22:23.596 3768 4072 D ConnectivityService: checking if request is satisfied: NetworkRequest [ id=9, legacyType=-1, [ Transports: CELLULAR|WIFI Capabilities: NOT_RESTRICTED&TRUSTED&NOT_VPN] ]
01-17 14:22:23.596 3768 4072 D ConnectivityService: checking if request is satisfied: NetworkRequest [ id=1275, legacyType=-1, [ Capabilities: INTERNET&NOT_RESTRICTED&TRUSTED] ]
