01-17 14:22:17.000 4158 4807 D BtGatt.ScanManager: High Rssi Filter value is = -128
01-17 14:22:17.000 4158 4807 D BtGatt.ScanManager: Low Rssi Filter value is = -128
01-17 14:22:17.000 4158 4807 D BtGatt.ScanManager: configureFilterParamter 500 10000 1 0scanFilterRssiThreshold = -128trackableScanFilterRssiThreshold = -128matchmode is =1
01-17 14:22:17.001 4158 4277 D BtGatt.GattService: onScanFilterParamsConfigured() - clientIf=6, status=0, action=0, availableSpace=24
01-17 14:22:17.001 4158 4277 D BtGatt.ScanManager: callback done for clientIf - 6 status - 0
01-17 14:22:17.001 4158 4807 D BtGatt.ScanManager: configureRegularScanParams() - queue=3
01-17 14:22:17.002 4158 4807 I BtGatt.ScanManager: custom scan scanMode = 100
01-17 14:22:17.002 4158 4807 I BtGatt.ScanManager: New scan mode custom scan scanInterval = 3120scanWindow = 60
01-17 14:22:17.002 4158 4807 I BtGatt.ScanManager: newScanMode = 1newcurScanSetting = 10
01-17 14:22:17.002 4158 4807 D BtGatt.ScanManager: configureRegularScanParams() - ScanSetting Scan mode=0 mLastConfiguredScanSetting=0
01-17 14:22:17.069 2768 2810 D ConnectivityManager: requestNetwork; CallingUid : 10149, CallingPid : 2768
01-17 14:22:17.076 2768 2789 I cr_CronetLibraryLoader: Cronet version: 61.0.3163.140, arch: aarch64
01-17 14:22:17.081 3768 5324 D ConnectivityService: listenForNetwork for Listen from uid/pid:10149/2768 for NetworkRequest [ id=1275, legacyType=-1, [ Capabilities: INTERNET&NOT_RESTRICTED&TRUSTED] ]
01-17 14:22:17.082 3768 4072 D ConnectivityService: rematching NetworkAgentInfo [WIFI () - 551]
01-17 14:22:17.082 3768 4072 D ConnectivityService: network has: [ Transports: WIFI Capabilities: NOT_METERED&INTERNET&NOT_RESTRICTED&TRUSTED&NOT_VPN&VALIDATED LinkUpBandwidth>=1048576Kbps LinkDnBandwidth>=1048576Kbps SignalStrength: -69]
01-17 14:22:17.082 3768 4072 D ConnectivityService: checking if request is satisfied: NetworkRequest [ id=926, legacyType=-1, [ Capabilities: INTERNET&NOT_RESTRICTED&TRUSTED] ]
01-17 14:22:17.082 3768 4072 D ConnectivityService: checking if request is satisfied: NetworkRequest [ id=627, legacyType=-1, [ Capabilities: INTERNET&NOT_RESTRICTED&TRUSTED] ]
01-17 14:22:17.082 3768 4072 D ConnectivityService: checking if request is satisfied: NetworkRequest [ id=64, legacyType=-1, [ Capabilities: INTERNET&NOT_RESTRICTED&TRUSTED] ]
01-17 14:22:17.082 3768 4072 D ConnectivityService: checking if request is satisfied: NetworkRequest [ id=8, legacyType=-1, [ Transports: WIFI Capabilities: INTERNET&NOT_RESTRICTED&TRUSTED&NOT_VPN] ]
01-17 14:22:17.082 3768 4072 D ConnectivityService: checking if request is satisfied: NetworkRequest [ id=63, legacyType=-1, [ Capabilities: INTERNET&NOT_RESTRICTED&TRUSTED] ]
01-17 14:22:17.082 3768 4072 D ConnectivityService: Network NetworkAgentInfo [WIFI () - 551] was already satisfying request 1. No change.
01-17 14:22:17.082 3768 4072 D ConnectivityService: checking if request is satisfied: NetworkRequest [ id=1252, legacyType=-1, [ Capabilities: INTERNET&NOT_RESTRICTED&TRUSTED] ]
01-17 14:22:17.082 3768 4072 D ConnectivityService: checking if request is satisfied: NetworkRequest [ id=3, legacyType=-1, [] ]
01-17 14:22:17.082 3768 4072 D ConnectivityService: checking if request is satisfied: NetworkRequest [ id=903, legacyType=-1, [ Transports: CELLULAR Capabilities: IMS&TRUSTED&NOT_VPN] ]
01-17 14:22:17.082 3768 4072 D ConnectivityService: checking if request is satisfied: NetworkRequest [ id=5, legacyType=-1, [] ]
01-17 14:22:17.082 3768 4072 D ConnectivityService: checking if request is satisfied: NetworkRequest [ id=628, legacyType=-1, [ Capabilities: INTERNET&NOT_RESTRICTED&TRUSTED] ]
01-17 14:22:17.083 3768 4072 D ConnectivityService: checking if request is satisfied: NetworkRequest [ id=4, legacyType=-1, [ Transports: WIFI Capabilities: INTERNET&NOT_RESTRICTED&TRUSTED&NOT_VPN] ]
01-17 14:22:17.083 3768 4072 D ConnectivityService: checking if request is satisfied: NetworkRequest [ id=9, legacyType=-1, [ Transports: CELLULAR|WIFI Capabilities: NOT_RESTRICTED&TRUSTED&NOT_VPN] ]
01-17 14:22:17.083 3768 4072 D ConnectivityService: checking if request is satisfied: NetworkRequest [ id=1275, legacyType=-1, [ Capabilities: INTERNET&NOT_RESTRICTED&TRUSTED] ]
01-17 14:22:17.083 3768 4072 D ConnectivityService: checking if request is satisfied: NetworkRequest [ id=787, legacyType=-1, [ Capabilities: INTERNET&NOT_RESTRICTED&TRUSTED] ]
01-17 14:22:17.083 3768 4072 D ConnectivityService: checking if request is satisfied: NetworkRequest [ id=19, legacyType=-1, [ Capabilities: INTERNET&NOT_RESTRICTED&TRUSTED] ]
01-17 14:22:17.083 3768 4072 D ConnectivityService: checking if request is satisfied: NetworkRequest [ id=1250, legacyType=-1, [ Capabilities: INTERNET&NOT_RESTRICTED&TRUSTED] ]
01-17 14:22:17.083 3768 4072 D ConnectivityService: checking if request is satisfied: NetworkRequest [ id=7, legacyType=-1, [ Transports: CELLULAR Capabilities: INTERNET&NOT_RESTRICTED&TRUSTED&NOT_VPN] ]
01-17 14:22:17.083 3768 4072 D ConnectivityService: checking if request is satisfied: NetworkRequest [ id=1210, legacyType=-1, [ Transports: WIFI Capabilities: INTERNET&NOT_RESTRICTED&TRUSTED&NOT_VPN] ]
01-17 14:22:17.083 3768 4072 D ConnectivityService: checking if request is satisfied: NetworkRequest [ id=6, legacyType=-1, [ Transports: WIFI Capabilities: INTERNET&NOT_RESTRICTED&TRUSTED&NOT_VPN] ]
01-17 14:22:17.083 3768 4072 D ConnectivityService: checking if request is satisfied: NetworkRequest [ id=1262, legacyType=-1, [ Capabilities: INTERNET&NOT_RESTRICTED&TRUSTED] ]
01-17 14:22:17.083 3768 4072 D ConnectivityService: checking if request is satisfied: NetworkRequest [ id=639, legacyType=-1, [ Capabilities: INTERNET&NOT_RESTRICTED&TRUSTED&NOT_VPN] ]
01-17 14:22:17.083 3768 4072 D ConnectivityService: checking if request is satisfied: NetworkRequest [ id=1271, legacyType=-1, [ Capabilities: INTERNET&NOT_RESTRICTED&TRUSTED] ]
01-17 14:22:17.083 3768 4072 D ConnectivityService: checking if request is satisfied: NetworkRequest [ id=12, legacyType=-1, [ Transports: WIFI Capabilities: INTERNET&NOT_RESTRICTED&TRUSTED&NOT_VPN] ]
01-17 14:22:17.083 3768 4072 D ConnectivityService: checking if request is satisfied: NetworkRequest [ id=1261, legacyType=-1, [ Capabilities: INTERNET&NOT_RESTRICTED&TRUSTED] ]
01-17 14:22:17.083 3768 4072 D ConnectivityService: checking if request is satisfied: NetworkRequest [ id=1272, legacyType=-1, [ Capabilities: INTERNET&NOT_RESTRICTED&TRUSTED] ]
01-17 14:22:17.084 3768 4072 D ConnectivityService: sending notification AVAILABLE for NetworkRequest [ id=1275, legacyType=-1, [ Capabilities: INTERNET&NOT_RESTRICTED&TRUSTED] ]
01-17 14:22:17.084 3768 4072 D ConnectivityService: rematching NetworkAgentInfo [MOBILE (LTE) - 539]
01-17 14:22:17.084 3768 4072 D ConnectivityService: network has: [ Transports: CELLULAR Capabilities: IMS&NOT_METERED&NOT_RESTRICTED&TRUSTED&NOT_VPN&VALIDATED LinkUpBandwidth>=51200Kbps LinkDnBandwidth>=102400Kbps Specifier: <1>]
01-17 14:22:17.084 3768 4072 D ConnectivityService: checking if request is satisfied: NetworkRequest [ id=926, legacyType=-1, [ Capabilities: INTERNET&NOT_RESTRICTED&TRUSTED] ]
01-17 14:22:17.084 3768 4072 D ConnectivityService: checking if request is satisfied: NetworkRequest [ id=627, legacyType=-1, [ Capabilities: INTERNET&NOT_RESTRICTED&TRUSTED] ]
01-17 14:22:17.084 3768 4072 D ConnectivityService: checking if request is satisfied: NetworkRequest [ id=64, legacyType=-1, [ Capabilities: INTERNET&NOT_RESTRICTED&TRUSTED] ]
01-17 14:22:17.084 3768 4072 D ConnectivityService: checking if request is satisfied: NetworkRequest [ id=8, legacyType=-1, [ Transports: WIFI Capabilities: INTERNET&NOT_RESTRICTED&TRUSTED&NOT_VPN] ]
01-17 14:22:17.084 3768 4072 D ConnectivityService: checking if request is satisfied: NetworkRequest [ id=63, legacyType=-1, [ Capabilities: INTERNET&NOT_RESTRICTED&TRUSTED] ]
01-17 14:22:17.084 3768 4072 D ConnectivityService: checking if request is satisfied: NetworkRequest [ id=1, legacyType=-1, [ Capabilities: INTERNET&NOT_RESTRICTED&TRUSTED&NOT_VPN] ]
01-17 14:22:17.084 3768 4072 D ConnectivityService: checking if request is satisfied: NetworkRequest [ id=1252, legacyType=-1, [ Capabilities: INTERNET&NOT_RESTRICTED&TRUSTED] ]
01-17 14:22:17.084 3768 4072 D ConnectivityService: checking if request is satisfied: NetworkRequest [ id=3, legacyType=-1, [] ]
01-17 14:22:17.084 3768 4072 D ConnectivityService: Network NetworkAgentInfo [MOBILE (LTE) - 539] was already satisfying request 903. No change.
01-17 14:22:17.084 3768 4072 D ConnectivityService: checking if request is satisfied: NetworkRequest [ id=5, legacyType=-1, [] ]
01-17 14:22:17.084 3768 4072 D ConnectivityService: checking if request is satisfied: NetworkRequest [ id=628, legacyType=-1, [ Capabilities: INTERNET&NOT_RESTRICTED&TRUSTED] ]
01-17 14:22:17.084 3768 4072 D ConnectivityService: checking if request is satisfied: NetworkRequest [ id=4, legacyType=-1, [ Transports: WIFI Capabilities: INTERNET&NOT_RESTRICTED&TRUSTED&NOT_VPN] ]
01-17 14:22:17.084 3768 4072 D ConnectivityService: checking if request is satisfied: NetworkRequest [ id=9, legacyType=-1, [ Transports: CELLULAR|WIFI Capabilities: NOT_RESTRICTED&TRUSTED&NOT_VPN] ]
01-17 14:22:17.084 3768 4072 D ConnectivityService: checking if request is satisfied: NetworkRequest [ id=1275, legacyType=-1, [ Capabilities: INTERNET&NOT_RESTRICTED&TRUSTED] ]
01-17 14:22:17.084 3768 4072 D ConnectivityService: checking if request is satisfied: NetworkRequest [ id=787, legacyType=-1, [ Capabilities: INTERNET&NOT_RESTRICTED&TRUSTED] ]
01-17 14:22:17.084 3768 4072 D ConnectivityService: checking if request is satisfied: NetworkRequest [ id=19, legacyType=-1, [ Capabilities: INTERNET&NOT_RESTRICTED&TRUSTED] ]
01-17 14:22:17.084 3768 4072 D ConnectivityService: checking if request is satisfied: NetworkRequest [ id=1250, legacyType=-1, [ Capabilities: INTERNET&NOT_RESTRICTED&TRUSTED] ]
01-17 14:22:17.084 3768 4072 D ConnectivityService: checking if request is satisfied: NetworkRequest [ id=7, legacyType=-1, [ Transports: CELLULAR Capabilities: INTERNET&NOT_RESTRICTED&TRUSTED&NOT_VPN] ]
01-17 14:22:17.085 3768 4072 D ConnectivityService: checking if request is satisfied: NetworkRequest [ id=1210, legacyType=-1, [ Transports: WIFI Capabilities: INTERNET&NOT_RESTRICTED&TRUSTED&NOT_VPN] ]
01-17 14:22:17.085 3768 4072 D ConnectivityService: checking if request is satisfied: NetworkRequest [ id=6, legacyType=-1, [ Transports: WIFI Capabilities: INTERNET&NOT_RESTRICTED&TRUSTED&NOT_VPN] ]
01-17 14:22:17.085 3768 4072 D ConnectivityService: checking if request is satisfied: NetworkRequest [ id=1262, legacyType=-1, [ Capabilities: INTERNET&NOT_RESTRICTED&TRUSTED] ]
01-17 14:22:17.085 3768 4072 D ConnectivityService: checking if request is satisfied: NetworkRequest [ id=639, legacyType=-1, [ Capabilities: INTERNET&NOT_RESTRICTED&TRUSTED&NOT_VPN] ]
01-17 14:22:17.085 3768 4072 D ConnectivityService: checking if request is satisfied: NetworkRequest [ id=1271, legacyType=-1, [ Capabilities: INTERNET&NOT_RESTRICTED&TRUSTED] ]
01-17 14:22:17.085 3768 4072 D ConnectivityService: checking if request is satisfied: NetworkRequest [ id=12, legacyType=-1, [ Transports: WIFI Capabilities: INTERNET&NOT_RESTRICTED&TRUSTED&NOT_VPN] ]
01-17 14:22:17.085 3768 4072 D ConnectivityService: checking if request is satisfied: NetworkRequest [ id=1261, legacyType=-1, [ Capabilities: INTERNET&NOT_RESTRICTED&TRUSTED] ]
01-17 14:22:17.085 3768 4072 D ConnectivityService: checking if request is satisfied: NetworkRequest [ id=1272, legacyType=-1, [ Capabilities: INTERNET&NOT_RESTRICTED&TRUSTED] ]
01-17 14:22:17.091 3768 5305 D DevicePolicyManagerService: PfW getPlayForWorkProxy() 0
01-17 14:22:17.093 3768 5305 D DevicePolicyManagerService: PfW getPlayForWorkProxy() flags & FLAG_ALLOW_PROXY_FOR_PFW 0
01-17 14:22:17.093 3768 5305 D DevicePolicyManagerService: PfW getPlayForWorkProxy() flag 0 does not allow PfW
01-17 14:22:17.095 27629 2814 W SyncManagerImpl: Initiating sync for AccountId c83413e1 (com.google.android.apps.docs)
01-17 14:22:17.100 3768 5705 D DevicePolicyManagerService: PfW getPlayForWorkProxy() 0
01-17 14:22:17.101 3768 5705 D DevicePolicyManagerService: PfW getPlayForWorkProxy() flags & FLAG_ALLOW_PROXY_FOR_PFW 0
01-17 14:22:17.101 3768 5705 D DevicePolicyManagerService: PfW getPlayForWorkProxy() flag 0 does not allow PfW
01-17 14:22:17.102 3768 5648 D ActivityManager: The following uid has registered to recieve broadcast for proxy related updates 10149
01-17 14:22:17.104 3768 5648 W ContextImpl: Calling a method in the system process without a qualified user: android.app.ContextImpl.sendBroadcast:921 com.android.server.am.ActivityManagerService.requestKnoxVpnToSendProxyBroadcast:26551 com.android.server.am.ActivityManagerService.registerReceiver:21410 android.app.ActivityManagerNative.onTransact:466 com.android.server.am.ActivityManagerService.onTransact:3574
01-17 14:22:17.113 3768 3768 D KnoxVpnEngineService: Vpn Receiver : com.samsung.android.knox.intent.action.VPN_PROXY_BROADCAST_INTERNAL
01-17 14:22:17.114 3768 4027 I KnoxVpnEngineService: vpn handle : Message received
01-17 14:22:17.115 27629 2814 W SyncManagerImpl: Started sync for AccountId c83413e1
01-17 14:22:17.118 27629 2814 W Flag : Duration spec must be at least 2 characters long:
01-17 14:22:17.144 27629 27629 D TextView: setTypeface with style : 0
01-17 14:22:17.148 27629 2421 W ktx : Application name is not set. Call Builder#setApplicationName.
01-17 14:22:17.152 27629 28594 W ktx : Application name is not set. Call Builder#setApplicationName.
01-17 14:22:17.163 2768 2789 W linker : /data/app/com.google.android.gms-2/lib/arm64/libconscrypt_gmscore_jni.so: unused DT entry: type 0xf arg 0x8a
01-17 14:22:17.165 2768 2789 V NativeCrypto: Registering com/google/android/gms/org/conscrypt/NativeCrypto's 276 native methods...
01-17 14:22:17.169 27629 27629 D TextView: setTypeface with style : 0
01-17 14:22:17.178 3768 7012 D DevicePolicyManagerService: PfW getPlayForWorkProxy() 0
01-17 14:22:17.186 3768 7012 D DevicePolicyManagerService: PfW getPlayForWorkProxy() flags & FLAG_ALLOW_PROXY_FOR_PFW 0
01-17 14:22:17.186 3768 7012 D DevicePolicyManagerService: PfW getPlayForWorkProxy() flag 0 does not allow PfW
01-17 14:22:17.198 2768 2789 D NetworkSecurityConfig: No Network Security Config specified, using platform default
01-17 14:22:17.202 2768 2789 I ProviderInstaller: Installed default security provider GmsCore_OpenSSL
01-17 14:22:17.209 3768 3792 D DevicePolicyManagerService: PfW getPlayForWorkProxy() 0
01-17 14:22:17.212 3768 3792 D DevicePolicyManagerService: PfW getPlayForWorkProxy() flags & FLAG_ALLOW_PROXY_FOR_PFW 0
01-17 14:22:17.212 3768 3792 D DevicePolicyManagerService: PfW getPlayForWorkProxy() flag 0 does not allow PfW
01-17 14:22:17.221 3768 5702 D DevicePolicyManagerService: PfW getPlayForWorkProxy() 0
01-17 14:22:17.225 3768 5702 D DevicePolicyManagerService: PfW getPlayForWorkProxy() flags & FLAG_ALLOW_PROXY_FOR_PFW 0
01-17 14:22:17.225 3768 5702 D DevicePolicyManagerService: PfW getPlayForWorkProxy() flag 0 does not allow PfW
01-17 14:22:17.266 27629 27629 W ContentSyncJobService: [26567417] onStartJob ANY_NETWORK_JOB
01-17 14:22:17.282 3768 5649 D DevicePolicyManagerService: PfW getPlayForWorkProxy() 0
01-17 14:22:17.282 27629 28193 W ktx : Application name is not set. Call Builder#setApplicationName.
01-17 14:22:17.294 3768 5649 D DevicePolicyManagerService: PfW getPlayForWorkProxy() flags & FLAG_ALLOW_PROXY_FOR_PFW 0
01-17 14:22:17.294 3768 5649 D DevicePolicyManagerService: PfW getPlayForWorkProxy() flag 0 does not allow PfW
01-17 14:22:17.309 3768 5644 D DevicePolicyManagerService: PfW getPlayForWorkProxy() 0
01-17 14:22:17.311 3768 5644 D DevicePolicyManagerService: PfW getPlayForWorkProxy() flags & FLAG_ALLOW_PROXY_FOR_PFW 0
01-17 14:22:17.311 3768 5644 D DevicePolicyManagerService: PfW getPlayForWorkProxy() flag 0 does not allow PfW
01-17 14:22:17.361 3768 5279 D DevicePolicyManagerService: PfW getPlayForWorkProxy() 0
01-17 14:22:17.362 3768 4959 D SamsungAlarmManager: Cancel Alarm calling from uid:10017 pid :5169 / op:PendingIntent{c981a88: PendingIntentRecord{6085cf3 com.google.android.gms broadcastIntent}}
01-17 14:22:17.364 3768 5279 D DevicePolicyManagerService: PfW getPlayForWorkProxy() flags & FLAG_ALLOW_PROXY_FOR_PFW 0
01-17 14:22:17.364 3768 5279 D DevicePolicyManagerService: PfW getPlayForWorkProxy() flag 0 does not allow PfW
01-17 14:22:17.394 27629 2440 W ContentSyncJobService: [26567417] Finished ANY_NETWORK_JOB
01-17 14:22:17.395 27629 2814 W ktx : Application name is not set. Call Builder#setApplicationName.
01-17 14:22:17.402 3768 5642 D SamsungAlarmManager: setInexact Intent (T:2/F:0/AC:false) 20180117T143902 - CU:10017/CP:5169
01-17 14:22:17.446 3312 3866 D EnterpriseController: netId is 0
01-17 14:22:17.446 3312 3866 D Netd : getNetworkForDns: using netid 551 for uid 10149
01-17 14:22:17.446 3312 3866 D DnsProxyListener: DNSDBG::dns addrinfo af 0
01-17 14:22:17.753 3768 3847 D SamsungAlarmManager: setExact Listener (T:2/F:0/AC:false) 20180117T142227 - CU:1000/CP:3768
01-17 14:22:17.753 3768 3847 I SamsungAlarmManager: setLocked to kernel - T:2 / 20180117T142227, SetElapsed=306958194, nowELAPSED=306948251
01-17 14:22:17.773 27629 27629 D TextView: setTypeface with style : 0
01-17 14:22:17.777 27629 27629 D TextView: setTypeface with style : 0
01-17 14:22:17.788 27629 2754 W ktx : Application name is not set. Call Builder#setApplicationName.
01-17 14:22:17.810 3768 3848 D CustomFrequencyManagerService: releaseDVFSLockLocked : Getting Lock type frm List : DVFS_MIN_LIMIT frequency : 1560000 uid : 1000 pid : 3768 tag : AMS_RESUME@CPU_MIN@7
01-17 14:22:17.810 3768 3848 D ActivityManager: mActivityResumeBooster.release()
01-17 14:22:17.810 3768 3848 D ActivityManager: mActivityResumeBoosterTail.acquire()
01-17 14:22:17.811 3768 3848 D CustomFrequencyManagerService: acquireDVFSLockLocked : type : DVFS_MIN_LIMIT frequency : 1560000 uid : 1000 pid : 3768 pkgName : AMS_RESUME_TAIL@CPU_MIN@13
01-17 14:22:17.895 27629 2754 W ktx : Application name is not set. Call Builder#setApplicationName.
01-17 14:22:17.944 3312 3863 D Netd : Iface wlan0 link up
01-17 14:22:17.944 13648 13648 I wpa_supplicant: nl80211: Received scan results (5 BSSes)
01-17 14:22:17.945 3768 4069 D SamsungAlarmManager: Cancel Alarm calling from uid:1000 pid :3768 / listener:android.app.AlarmManager$ListenerWrapper@9821f2a
01-17 14:22:17.946 4666 4844 D EPDG -- [NETMGMT]: Interface wlan0 link up
01-17 14:22:17.946 3768 3886 D Tethering: interfaceLinkStateChanged wlan0, true
01-17 14:22:17.946 3768 3886 D Tethering: interfaceStatusChanged wlan0, true
01-17 14:22:17.947 4666 4741 D EPDG -- [EPDGService]: Interface wlan0 link up
01-17 14:22:17.947 4666 4741 D EPDG -- [EPDGService]: mobileIntfPrefix is rmnet
01-17 14:22:17.947 4666 4741 D EPDG -- [EPDGService]: Not Mobile Interface. Ignoring Interface State Change Event
01-17 14:22:17.950 9383 9383 D oneconnect[1.6.06-45_2]: SepP2pHelper.onReceive - SCAN_RESULTS_AVAILABLE_ACTION
01-17 14:22:17.950 9383 9383 D oneconnect[1.6.06-45_2]: SepP2pHelper.onReceive - SCAN_RESULTS_AVAILABLE_ACTION
01-17 14:22:17.955 9383 9497 D oneconnect[1.6.06-45_2]: SepP2pHelper.P2pScanWorkHandler - EasySetup Device : [Name]SKY03AE5[DeviceType]SAMSUNG_OCF_SETUP[Discover]_WIFI[Services]None[Connected]false[RSSI]-67[SecType]IoT
01-17 14:22:17.955 9383 9497 I oneconnect[1.6.06-45_2]: SepP2pHelper.P2pScanWorkHandler - UPDATE: [Name]SKY03AE5[DeviceType]SAMSUNG_OCF_SETUP[Discover]_WIFI[Services]None[Connected]false[RSSI]-67[SecType]IoT
01-17 14:22:17.955 9383 9497 D oneconnect[1.6.06-45_2]: t.mDiscoveryListener - onDeviceUpdated: SKY03AE5
01-17 14:22:17.955 9383 9497 D oneconnect[1.6.06-45_2]: SepP2pHelper.P2pScanWorkHandler - EasySetup Device : [Name]SKY6E47F[DeviceType]SAMSUNG_OCF_SETUP[Discover]_WIFI[Services]None[Connected]false[RSSI]-90[SecType]IoT
01-17 14:22:17.955 9383 9497 I oneconnect[1.6.06-45_2]: SepP2pHelper.P2pScanWorkHandler - UPDATE: [Name]SKY6E47F[DeviceType]SAMSUNG_OCF_SETUP[Discover]_WIFI[Services]None[Connected]false[RSSI]-90[SecType]IoT
01-17 14:22:17.955 9383 9497 D oneconnect[1.6.06-45_2]: t.mDiscoveryListener - onDeviceUpdated: SKY6E47F
01-17 14:22:17.955 9383 9497 D oneconnect[1.6.06-45_2]: SepP2pHelper.P2pScanWorkHandler - EasySetup Device : [Name]Virgin Media[DeviceType]SAMSUNG_OCF_SETUP[Discover]_WIFI[Services]None[Connected]false[RSSI]-90[SecType]IoT
01-17 14:22:17.955 9383 9487 D oneconnect[1.6.06-45_2]: t.DeviceUpdateHandler - MSG_UPDATE_SCAN_LIST
01-17 14:22:17.955 9383 9497 I oneconnect[1.6.06-45_2]: SepP2pHelper.P2pScanWorkHandler - UPDATE: [Name]Virgin Media[DeviceType]SAMSUNG_OCF_SETUP[Discover]_WIFI[Services]None[Connected]false[RSSI]-90[SecType]IoT
01-17 14:22:17.955 9383 9497 D oneconnect[1.6.06-45_2]: t.mDiscoveryListener - onDeviceUpdated: Virgin Media
01-17 14:22:17.955 9383 9497 D oneconnect[1.6.06-45_2]: SepP2pHelper.P2pScanWorkHandler - EasySetup Device : [Name]VM7720884[DeviceType]SAMSUNG_OCF_SETUP[Discover]_WIFI[Services]None[Connected]false[RSSI]-89[SecType]IoT
01-17 14:22:17.955 9383 9487 I oneconnect[1.6.06-45_2]: t.updateDeviceList - [UPDATED][Name]SKY03AE5[DeviceType]SAMSUNG_OCF_SETUP[Discover]_WIFI[Services]None[Connected]false[RSSI]-67[SecType]IoT
01-17 14:22:17.955 9383 9497 I oneconnect[1.6.06-45_2]: SepP2pHelper.P2pScanWorkHandler - UPDATE: [Name]VM7720884[DeviceType]SAMSUNG_OCF_SETUP[Discover]_WIFI[Services]None[Connected]false[RSSI]-89[SecType]IoT
01-17 14:22:17.955 9383 9497 D oneconnect[1.6.06-45_2]: t.mDiscoveryListener - onDeviceUpdated: VM7720884
01-17 14:22:17.955 9383 9487 D oneconnect[1.6.06-45_2]: t.addDevice - [Name]SKY03AE5[DeviceType]SAMSUNG_OCF_SETUP[Discover]_WIFI[Services]None[Connected]false[ConType]NONE[size()]1[OCFDiscovery]_WIFI[OCFOwned]-1
01-17 14:22:17.955 9383 9487 D oneconnect[1.6.06-45_2]: t.DeviceUpdateHandler - MSG_UPDATE_SCAN_LIST
01-17 14:22:17.955 9383 9487 I oneconnect[1.6.06-45_2]: t.updateDeviceList - [UPDATED][Name]SKY6E47F[DeviceType]SAMSUNG_OCF_SETUP[Discover]_WIFI[Services]None[Connected]false[RSSI]-90[SecType]IoT
01-17 14:22:17.955 9383 9497 D oneconnect[1.6.06-45_2]: SepP2pHelper.P2pScanWorkHandler - EasySetup Device : [Name]DIRECT-Fp[TV]UE46ES6560[DeviceType]SAMSUNG_OCF_SETUP[Discover]_WIFI[Services]None[Connected]false[RSSI]-91[SecType]IoT
01-17 14:22:17.955 9383 9487 D oneconnect[1.6.06-45_2]: t.addDevice - [Name]SKY6E47F[DeviceType]SAMSUNG_OCF_SETUP[Discover]_WIFI[Services]None[Connected]false[ConType]NONE[size()]1[OCFDiscovery]_WIFI[OCFOwned]-1
01-17 14:22:17.955 9383 9487 D oneconnect[1.6.06-45_2]: t.DeviceUpdateHandler - MSG_UPDATE_SCAN_LIST
01-17 14:22:17.955 9383 9487 I oneconnect[1.6.06-45_2]: t.updateDeviceList - [UPDATED][Name]Virgin Media[DeviceType]SAMSUNG_OCF_SETUP[Discover]_WIFI[Services]None[Connected]false[RSSI]-90[SecType]IoT
01-17 14:22:17.955 9383 9497 I oneconnect[1.6.06-45_2]: SepP2pHelper.P2pScanWorkHandler - UPDATE: [Name]DIRECT-Fp[TV]UE46ES6560[DeviceType]SAMSUNG_OCF_SETUP[Discover]_WIFI[Services]None[Connected]false[RSSI]-91[SecType]IoT
01-17 14:22:17.955 9383 9487 D oneconnect[1.6.06-45_2]: t.addDevice - [Name]Virgin Media[DeviceType]SAMSUNG_OCF_SETUP[Discover]_WIFI[Services]None[Connected]false[ConType]NONE[size()]1[OCFDiscovery]_WIFI[OCFOwned]-1
01-17 14:22:17.955 9383 9487 D oneconnect[1.6.06-45_2]: t.DeviceUpdateHandler - MSG_UPDATE_SCAN_LIST
01-17 14:22:17.956 9383 9497 D oneconnect[1.6.06-45_2]: t.mDiscoveryListener - onDeviceUpdated: DIRECT-Fp[TV]UE46ES6560
01-17 14:22:17.956 9383 9487 I oneconnect[1.6.06-45_2]: t.updateDeviceList - [UPDATED][Name]VM7720884[DeviceType]SAMSUNG_OCF_SETUP[Discover]_WIFI[Services]None[Connected]false[RSSI]-89[SecType]IoT
01-17 14:22:17.956 9383 9487 D oneconnect[1.6.06-45_2]: t.addDevice - [Name]VM7720884[DeviceType]SAMSUNG_OCF_SETUP[Discover]_WIFI[Services]None[Connected]false[ConType]NONE[size()]1[OCFDiscovery]_WIFI[OCFOwned]-1
01-17 14:22:17.956 9383 9487 D oneconnect[1.6.06-45_2]: t.DeviceUpdateHandler - MSG_UPDATE_SCAN_LIST
01-17 14:22:17.956 9383 9487 I oneconnect[1.6.06-45_2]: t.updateDeviceList - [UPDATED][Name]DIRECT-Fp[TV]UE46ES6560[DeviceType]SAMSUNG_OCF_SETUP[Discover]_WIFI[Services]None[Connected]false[RSSI]-91[SecType]IoT
01-17 14:22:17.956 9383 9487 D oneconnect[1.6.06-45_2]: t.addDevice - [Name]DIRECT-Fp[TV]UE46ES6560[DeviceType]SAMSUNG_OCF_SETUP[Discover]_WIFI[Services]None[Connected]false[ConType]NONE[size()]1[OCFDiscovery]_WIFI[OCFOwned]-1
01-17 14:22:17.956 9383 9490 D oneconnect[1.6.06-45_2]: SepP2pHelper.P2pScanWorkHandler - EasySetup Device : [Name]SKY03AE5[DeviceType]SAMSUNG_OCF_SETUP[Discover]_WIFI[Services]None[Connected]false[RSSI]-67[SecType]IoT
01-17 14:22:17.956 9383 9490 I oneconnect[1.6.06-45_2]: SepP2pHelper.P2pScanWorkHandler - UPDATE: [Name]SKY03AE5[DeviceType]SAMSUNG_OCF_SETUP[Discover]_WIFI[Services]None[Connected]false[RSSI]-67[SecType]IoT
01-17 14:22:17.956 9383 9490 D oneconnect[1.6.06-45_2]: t.mDiscoveryListener - onDeviceUpdated: SKY03AE5
01-17 14:22:17.956 9383 9490 D oneconnect[1.6.06-45_2]: SepP2pHelper.P2pScanWorkHandler - EasySetup Device : [Name]SKY6E47F[DeviceType]SAMSUNG_OCF_SETUP[Discover]_WIFI[Services]None[Connected]false[RSSI]-90[SecType]IoT
01-17 14:22:17.956 9383 9490 I oneconnect[1.6.06-45_2]: SepP2pHelper.P2pScanWorkHandler - UPDATE: [Name]SKY6E47F[DeviceType]SAMSUNG_OCF_SETUP[Discover]_WIFI[Services]None[Connected]false[RSSI]-90[SecType]IoT
01-17 14:22:17.956 9383 9490 D oneconnect[1.6.06-45_2]: t.mDiscoveryListener - onDeviceUpdated: SKY6E47F
01-17 14:22:17.956 9383 9490 D oneconnect[1.6.06-45_2]: SepP2pHelper.P2pScanWorkHandler - EasySetup Device : [Name]Virgin Media[DeviceType]SAMSUNG_OCF_SETUP[Discover]_WIFI[Services]None[Connected]false[RSSI]-90[SecType]IoT
01-17 14:22:17.957 9383 9490 I oneconnect[1.6.06-45_2]: SepP2pHelper.P2pScanWorkHandler - UPDATE: [Name]Virgin Media[DeviceType]SAMSUNG_OCF_SETUP[Discover]_WIFI[Services]None[Connected]false[RSSI]-90[SecType]IoT
01-17 14:22:17.957 9383 9490 D oneconnect[1.6.06-45_2]: t.mDiscoveryListener - onDeviceUpdated: Virgin Media
01-17 14:22:17.957 9383 9490 D oneconnect[1.6.06-45_2]: SepP2pHelper.P2pScanWorkHandler - EasySetup Device : [Name]VM7720884[DeviceType]SAMSUNG_OCF_SETUP[Discover]_WIFI[Services]None[Connected]false[RSSI]-89[SecType]IoT
01-17 14:22:17.957 9383 9490 I oneconnect[1.6.06-45_2]: SepP2pHelper.P2pScanWorkHandler - UPDATE: [Name]VM7720884[DeviceType]SAMSUNG_OCF_SETUP[Discover]_WIFI[Services]None[Connected]false[RSSI]-89[SecType]IoT
01-17 14:22:17.957 9383 9490 D oneconnect[1.6.06-45_2]: t.mDiscoveryListener - onDeviceUpdated: VM7720884
01-17 14:22:17.957 9383 9490 D oneconnect[1.6.06-45_2]: SepP2pHelper.P2pScanWorkHandler - EasySetup Device : [Name]DIRECT-Fp[TV]UE46ES6560[DeviceType]SAMSUNG_OCF_SETUP[Discover]_WIFI[Services]None[Connected]false[RSSI]-91[SecType]IoT
01-17 14:22:17.957 9383 9487 D oneconnect[1.6.06-45_2]: t.DeviceUpdateHandler - MSG_UPDATE_SCAN_LIST
01-17 14:22:17.957 9383 9490 I oneconnect[1.6.06-45_2]: SepP2pHelper.P2pScanWorkHandler - UPDATE: [Name]DIRECT-Fp[TV]UE46ES6560[DeviceType]SAMSUNG_OCF_SETUP[Discover]_WIFI[Services]None[Connected]false[RSSI]-91[SecType]IoT
01-17 14:22:17.957 9383 9487 I oneconnect[1.6.06-45_2]: t.updateDeviceList - [UPDATED][Name]SKY03AE5[DeviceType]SAMSUNG_OCF_SETUP[Discover]_WIFI[Services]None[Connected]false[RSSI]-67[SecType]IoT
01-17 14:22:17.957 9383 9490 D oneconnect[1.6.06-45_2]: t.mDiscoveryListener - onDeviceUpdated: DIRECT-Fp[TV]UE46ES6560
01-17 14:22:17.957 9383 9487 D oneconnect[1.6.06-45_2]: t.updateDevice - [Name]SKY03AE5[DeviceType]SAMSUNG_OCF_SETUP[Discover]_WIFI[Services]None[Connected]false[ConType]NONE[size()]1[OCFDiscovery]_WIFI[OCFOwned]-1
01-17 14:22:17.957 9383 9487 D oneconnect[1.6.06-45_2]: t.DeviceUpdateHandler - MSG_UPDATE_SCAN_LIST
01-17 14:22:17.957 9383 9487 I oneconnect[1.6.06-45_2]: t.updateDeviceList - [UPDATED][Name]SKY6E47F[DeviceType]SAMSUNG_OCF_SETUP[Discover]_WIFI[Services]None[Connected]false[RSSI]-90[SecType]IoT
01-17 14:22:17.958 9383 9487 D oneconnect[1.6.06-45_2]: t.updateDevice - [Name]SKY6E47F[DeviceType]SAMSUNG_OCF_SETUP[Discover]_WIFI[Services]None[Connected]false[ConType]NONE[size()]1[OCFDiscovery]_WIFI[OCFOwned]-1
01-17 14:22:17.958 9383 9487 D oneconnect[1.6.06-45_2]: t.DeviceUpdateHandler - MSG_UPDATE_SCAN_LIST
01-17 14:22:17.958 9383 9487 I oneconnect[1.6.06-45_2]: t.updateDeviceList - [UPDATED][Name]Virgin Media[DeviceType]SAMSUNG_OCF_SETUP[Discover]_WIFI[Services]None[Connected]false[RSSI]-90[SecType]IoT
01-17 14:22:17.958 9383 9487 D oneconnect[1.6.06-45_2]: t.updateDevice - [Name]Virgin Media[DeviceType]SAMSUNG_OCF_SETUP[Discover]_WIFI[Services]None[Connected]false[ConType]NONE[size()]1[OCFDiscovery]_WIFI[OCFOwned]-1
01-17 14:22:17.958 9383 9487 D oneconnect[1.6.06-45_2]: t.DeviceUpdateHandler - MSG_UPDATE_SCAN_LIST
01-17 14:22:17.958 9383 9487 I oneconnect[1.6.06-45_2]: t.updateDeviceList - [UPDATED][Name]VM7720884[DeviceType]SAMSUNG_OCF_SETUP[Discover]_WIFI[Services]None[Connected]false[RSSI]-89[SecType]IoT
01-17 14:22:17.959 9383 9487 D oneconnect[1.6.06-45_2]: t.updateDevice - [Name]VM7720884[DeviceType]SAMSUNG_OCF_SETUP[Discover]_WIFI[Services]None[Connected]false[ConType]NONE[size()]1[OCFDiscovery]_WIFI[OCFOwned]-1
01-17 14:22:17.959 9383 9487 D oneconnect[1.6.06-45_2]: t.DeviceUpdateHandler - MSG_UPDATE_SCAN_LIST
01-17 14:22:17.959 9383 9487 I oneconnect[1.6.06-45_2]: t.updateDeviceList - [UPDATED][Name]DIRECT-Fp[TV]UE46ES6560[DeviceType]SAMSUNG_OCF_SETUP[Discover]_WIFI[Services]None[Connected]false[RSSI]-91[SecType]IoT
01-17 14:22:17.959 9383 9487 D oneconnect[1.6.06-45_2]: t.updateDevice - [Name]DIRECT-Fp[TV]UE46ES6560[DeviceType]SAMSUNG_OCF_SETUP[Discover]_WIFI[Services]None[Connected]false[ConType]NONE[size()]1[OCFDiscovery]_WIFI[OCFOwned]-1
01-17 14:22:17.975 3768 3768 D WifiDefaultApController: checkDefaultAptoCopy: mNeedtoAddVendorAp( REQEUST_DONE ) general info file exists? ( false )
01-17 14:22:18.101 3768 5644 W NetworkIdentity: Active mobile network without subscriber!
01-17 14:22:18.117 3768 3768 D CustomFrequencyManagerService: releaseDVFSLockLocked : Getting Lock type frm List : DVFS_MIN_LIMIT frequency : 1560000 uid : 1000 pid : 3768 tag : AMS_RESUME_TAIL@CPU_MIN@13
01-17 14:22:18.178 3768 3779 I art : Background partial concurrent mark sweep GC freed 295170(25MB) AllocSpace objects, 44(9MB) LOS objects, 17% free, 74MB/90MB, paused 2.877ms total 254.762ms
01-17 14:22:18.185 3768 3847 E SyncManager: Job params not found for 109909
01-17 14:22:18.240 3768 5316 D SamsungAlarmManager: Cancel Alarm calling from uid:10017 pid :5169 / op:PendingIntent{f577f94: PendingIntentRecord{6085cf3 com.google.android.gms broadcastIntent}}
01-17 14:22:18.251 3768 4020 D SamsungAlarmManager: setInexact Intent (T:2/F:0/AC:false) 20180117T143902 - CU:10017/CP:5169
01-17 14:22:18.580 27443 27465 D [ACT]:ao: processing priority = HIGH
01-17 14:22:18.580 27471 27488 D [ACT]:ao: processing priority = HIGH
01-17 14:22:18.872 3768 4116 E WifiWatchdogStateMachine: Unhandled message { when=0 what=135238 target=com.android.internal.util.StateMachine$SmHandler } in state ValidNonSwitchableState
01-17 14:22:18.907 27629 27629 D TextView: setTypeface with style : 0
01-17 14:22:18.946 5531 5628 E ContactsProvider_EventLog: Flush buffer to file cnt : 1 size : 0Kb duration : 3ms lastUpdatedAfter : 4021 ms mFlush_time_threasold : 2000 mCurrentSize : 222
01-17 14:22:18.967 27629 2814 W SyncManagerImpl: Sync for AccountId c83413e1 took 1599 ms
01-17 14:22:18.983 27629 2814 W SyncManagerImpl: Sync completed for AccountId c83413e1 (com.google.android.apps.docs)
01-17 14:22:18.996 3768 3847 I SamsungAlarmManager: setLocked to kernel - T:2 / 20180117T142406, SetElapsed=307057135, nowELAPSED=306949494
01-17 14:22:18.996 3768 3847 D SamsungAlarmManager: setExact Listener (T:2/F:0/AC:false) 20180117T142227 - CU:1000/CP:3768
01-17 14:22:18.996 3768 3847 I SamsungAlarmManager: setLocked to kernel - T:2 / 20180117T142227, SetElapsed=306958194, nowELAPSED=306949494
01-17 14:22:18.999 3768 3847 D SamsungAlarmManager: setInexact Listener (T:2/F:0/AC:false) 20180117T143955 - CU:1000/CP:3768
01-17 14:22:19.020 3768 5279 D WindowManager: addWindow: android.view.IWindow$Stub$Proxy@5267232 displayId=0
01-17 14:22:19.020 3768 5279 D InputTransport: Input channel constructed: fd=385
01-17 14:22:19.020 3768 5279 D InputTransport: Input channel constructed: fd=490
01-17 14:22:19.021 3768 3849 D WindowManager: set systemUiVisibility of statusbar : vis= 0x8
01-17 14:22:19.022 3768 5279 D InputDispatcher: Focus left window: 27629
01-17 14:22:19.022 3768 5279 D InputDispatcher: Focus entered window: 27629
01-17 14:22:19.022 3768 5279 D InputTransport: Input channel destroyed: fd=490
01-17 14:22:19.023 27629 27629 D InputTransport: Input channel constructed: fd=101
01-17 14:22:19.024 27629 27629 D ViewRootImpl@124af6c[DocListActivity]: setView = DecorView@399c935[] touchMode=true
01-17 14:22:19.035 3768 4062 V WindowManager: Relayout Window{8f70100d0 u0 com.google.android.apps.docs/com.google.android.apps.docs.doclist.activity.DocListActivity}: viewVisibility=0 req=228x387 WM.LayoutParams{(0,0)(wrapxwrap) gr=#11 sim=#120 ty=2 fl=#1800000 fmt=-2 wanim=0x1030002 needsMenuKey=2 naviIconColor=0}
01-17 14:22:19.036 3197 3197 I SurfaceFlinger: id=10414 createSurf (1x1),1 flag=4, EocListActi
01-17 14:22:19.055 27629 28149 D mali_winsys: EGLint new_window_surface(egl_winsys_display*, void*, EGLSurface, EGLConfig, egl_winsys_surface**, egl_color_buffer_format*, EGLBoolean) returns 0x3000, [228x387]-format:1
01-17 14:22:19.057 27629 27629 D ViewRootImpl@124af6c[DocListActivity]: MSG_WINDOW_FOCUS_CHANGED 1
01-17 14:22:19.057 27629 27629 V InputMethodManager: Starting input: tba=android.view.inputmethod.EditorInfo@be38004 nm : com.google.android.apps.docs ic=null
01-17 14:22:19.057 27629 27629 I InputMethodManager: [IMM] startInputInner - mService.startInputOrWindowGainedFocus
01-17 14:22:19.057 3768 4032 D InputMethodManagerService: windowGainedFocus mCurrentFocusedUserId - 0 and mSecureKeypadEnabled-false
01-17 14:22:19.058 3768 4032 D InputMethodManagerService: mDesktopModeManager null!
01-17 14:22:19.058 3768 4032 D InputTransport: Input channel constructed: fd=490
01-17 14:22:19.058 3768 4032 D InputTransport: Input channel destroyed: fd=490
01-17 14:22:19.058 27629 27629 D InputTransport: Input channel constructed: fd=90
01-17 14:22:19.058 27629 27629 D InputTransport: Input channel destroyed: fd=102
01-17 14:22:19.058 30084 30084 I GoogleInputMethod: onFinishInput() : Dummy InputConnection bound
01-17 14:22:19.059 30084 30084 I GoogleInputMethod: onStartInput() : Dummy InputConnection bound
01-17 14:22:19.063 3768 5703 D WindowManager: adjustSystemUiVisibilityLw : vis= 0x8
01-17 14:22:19.073 3768 5291 D WindowManager: finishDrawingWindow: Window{8f70100d0 u0 com.google.android.apps.docs/com.google.android.apps.docs.doclist.activity.DocListActivity} mDrawState=DRAW_PENDING
01-17 14:22:19.080 27629 27629 D ViewRootImpl@124af6c[DocListActivity]: dispatchDetachedFromWindow
01-17 14:22:19.084 3768 5642 I WindowManager_SurfaceController: Destroying surface Surface(name=com.google.android.apps.docs/com.google.android.apps.docs.doclist.activity.DocListActivity) called by com.android.server.wm.WindowStateAnimator.destroySurface:2840 com.android.server.wm.WindowStateAnimator.destroySurfaceLocked:1070 com.android.server.wm.WindowState.removeLocked:1783 com.android.server.wm.WindowManagerService.removeWindowInnerLocked:2889 com.android.server.wm.WindowManagerService.removeWindowLocked:2829 com.android.server.wm.WindowManagerService.removeWindowLocked:2654 com.android.server.wm.WindowManagerService.removeWindow:2649 com.android.server.wm.Session.remove:218
01-17 14:22:19.084 3197 3995 I SurfaceFlinger: id=10414 Removed EocListActi (5/7)
01-17 14:22:19.084 3197 3204 I SurfaceFlinger: id=10414 Removed EocListActi (-2/7)
01-17 14:22:19.086 3768 3847 I SamsungAlarmManager: setLocked to kernel - T:2 / 20180117T142406, SetElapsed=307057135, nowELAPSED=306949583
01-17 14:22:19.086 3768 3847 D SamsungAlarmManager: setExact Listener (T:2/F:0/AC:false) 20180117T142227 - CU:1000/CP:3768
01-17 14:22:19.086 3768 3847 I SamsungAlarmManager: setLocked to kernel - T:2 / 20180117T142227, SetElapsed=306958366, nowELAPSED=306949584
01-17 14:22:19.086 3768 5642 D InputDispatcher: Focus left window: 27629
01-17 14:22:19.086 3768 5642 D InputTransport: Input channel destroyed: fd=385
01-17 14:22:19.087 3768 3849 D WindowManager: set systemUiVisibility of statusbar : vis= 0x708
01-17 14:22:19.087 3768 5642 D InputDispatcher: Focus entered window: 27629
01-17 14:22:19.088 27629 27629 D InputTransport: Input channel destroyed: fd=101
01-17 14:22:19.088 3768 5316 D WindowManager: adjustSystemUiVisibilityLw : vis= 0x708
01-17 14:22:19.088 3768 3888 D KnoxTimeoutHandler: notifyActivityDrawn [MsgParam] userId: 0 fullscreen is true showWhenlocked is false isMutiwindowRecord is false multiwindowstyle is 1
01-17 14:22:19.088 3768 3768 D KnoxTimeoutHandler: activityDrawn [MsgParam] userId: 0 fullscreen is true showWhenlocked is false isMutiwindowRecord is false multiwindowstyle is 1
01-17 14:22:19.089 27629 27629 E ViewRootImpl: sendUserActionEvent() mView == null
01-17 14:22:19.089 3768 3847 D SamsungAlarmManager: setInexact Listener (T:2/F:0/AC:false) 20180117T143955 - CU:1000/CP:3768
01-17 14:22:19.089 3768 3768 I KnoxTimeoutHandler: SD activityfalse
01-17 14:22:19.090 3768 3768 I KnoxTimeoutHandler: Fullscreen and mCurrent is not KNOX user. Hence hide keyguard
01-17 14:22:19.090 4222 4222 D LockIcon: state = 0, mLastState = 0, mDeviceInteractive = true, mLastDeviceInteractive = true, mScreenOn = true, mLastScreenOn = true
01-17 14:22:19.093 27629 27629 W Glide : Load failed for ThumbnailModel[0, null, null, null] with size [672x288]
01-17 14:22:19.093 27629 27629 W Glide : class ach: Failed to load resource
01-17 14:22:19.093 27629 27629 W Glide : Cause (1 of 1): class ach: Fetching data failed, class java.io.InputStream, REMOTE
01-17 14:22:19.093 27629 27629 W Glide : Cause (1 of 1): class aam: Failed executing request through HttpExecutor
01-17 14:22:19.103 27629 27629 D ViewRootImpl@b6d739a[DocListActivity]: MSG_WINDOW_FOCUS_CHANGED 1
01-17 14:22:19.105 27629 27629 V InputMethodManager: Starting input: tba=android.view.inputmethod.EditorInfo@7f6e9ed nm : com.google.android.apps.docs ic=null
01-17 14:22:19.105 27629 27629 I InputMethodManager: [IMM] startInputInner - mService.startInputOrWindowGainedFocus
01-17 14:22:19.105 3768 7004 D InputMethodManagerService: windowGainedFocus mCurrentFocusedUserId - 0 and mSecureKeypadEnabled-false
01-17 14:22:19.105 3768 7004 D InputMethodManagerService: mDesktopModeManager null!
01-17 14:22:19.105 3768 7004 D InputTransport: Input channel constructed: fd=490
01-17 14:22:19.106 3768 7004 D InputTransport: Input channel destroyed: fd=490
01-17 14:22:19.106 27629 27629 D InputTransport: Input channel constructed: fd=78
01-17 14:22:19.106 27629 27629 D InputTransport: Input channel destroyed: fd=90
01-17 14:22:19.106 27629 27629 E ViewRootImpl: sendUserActionEvent() mView == null
01-17 14:22:19.106 30084 30084 I GoogleInputMethod: onFinishInput() : Dummy InputConnection bound
01-17 14:22:19.107 30084 30084 I GoogleInputMethod: onStartInput() : Dummy InputConnection bound
01-17 14:22:19.254 3768 5305 D WindowManager: addWindow: android.view.IWindow$Stub$Proxy@423f5c4 displayId=0
01-17 14:22:19.254 3768 5305 D InputTransport: Input channel constructed: fd=385
01-17 14:22:19.255 3768 5305 D InputTransport: Input channel constructed: fd=490
01-17 14:22:19.255 3768 3849 D WindowManager: set systemUiVisibility of statusbar : vis= 0x8
01-17 14:22:19.256 3768 5305 D InputDispatcher: Focus left window: 27629
01-17 14:22:19.256 3768 5305 D InputDispatcher: Focus entered window: 27629
01-17 14:22:19.257 3768 5305 D InputTransport: Input channel destroyed: fd=490
01-17 14:22:19.257 3768 5644 D WindowManager: adjustSystemUiVisibilityLw : vis= 0x8
01-17 14:22:19.257 27629 27629 D InputTransport: Input channel constructed: fd=90
01-17 14:22:19.258 27629 27629 D ViewRootImpl@9742f0f[DocListActivity]: setView = DecorView@168cb9c[] touchMode=true
01-17 14:22:19.260 3768 4032 V WindowManager: Relayout Window{67bcbe2d0 u0 com.google.android.apps.docs/com.google.android.apps.docs.doclist.activity.DocListActivity}: viewVisibility=0 req=228x387 WM.LayoutParams{(0,0)(wrapxwrap) gr=#11 sim=#120 ty=2 fl=#1800000 fmt=-2 wanim=0x1030002 needsMenuKey=2 naviIconColor=0}
01-17 14:22:19.261 3197 3197 I SurfaceFlinger: id=10415 createSurf (1x1),1 flag=4, EocListActi
01-17 14:22:19.262 3768 3847 I SamsungAlarmManager: setLocked to kernel - T:2 / 20180117T142406, SetElapsed=307057135, nowELAPSED=306949759
01-17 14:22:19.262 3768 3847 D SamsungAlarmManager: setExact Listener (T:2/F:0/AC:false) 20180117T142228 - CU:1000/CP:3768
01-17 14:22:19.262 3768 3847 I SamsungAlarmManager: setLocked to kernel - T:2 / 20180117T142228, SetElapsed=306958530, nowELAPSED=306949760
01-17 14:22:19.265 3768 3847 D SamsungAlarmManager: setInexact Listener (T:2/F:0/AC:false) 20180117T143955 - CU:1000/CP:3768
01-17 14:22:19.278 27629 28149 D mali_winsys: EGLint new_window_surface(egl_winsys_display*, void*, EGLSurface, EGLConfig, egl_winsys_surface**, egl_color_buffer_format*, EGLBoolean) returns 0x3000, [228x387]-format:1
01-17 14:22:19.286 27629 27629 D ViewRootImpl@9742f0f[DocListActivity]: MSG_WINDOW_FOCUS_CHANGED 1
01-17 14:22:19.287 27629 27629 V InputMethodManager: Starting input: tba=android.view.inputmethod.EditorInfo@b08f107 nm : com.google.android.apps.docs ic=null
01-17 14:22:19.287 27629 27629 I InputMethodManager: [IMM] startInputInner - mService.startInputOrWindowGainedFocus
01-17 14:22:19.287 3768 5292 D InputMethodManagerService: windowGainedFocus mCurrentFocusedUserId - 0 and mSecureKeypadEnabled-false
01-17 14:22:19.287 3768 5292 D InputMethodManagerService: mDesktopModeManager null!
01-17 14:22:19.288 3768 5292 D InputTransport: Input channel constructed: fd=490
01-17 14:22:19.288 3768 5292 D InputTransport: Input channel destroyed: fd=490
01-17 14:22:19.288 30084 30084 I GoogleInputMethod: onFinishInput() : Dummy InputConnection bound
01-17 14:22:19.288 27629 27629 D InputTransport: Input channel constructed: fd=102
01-17 14:22:19.288 27629 27629 D InputTransport: Input channel destroyed: fd=78
01-17 14:22:19.288 30084 30084 I GoogleInputMethod: onStartInput() : Dummy InputConnection bound
01-17 14:22:19.294 3768 5701 D WindowManager: finishDrawingWindow: Window{67bcbe2d0 u0 com.google.android.apps.docs/com.google.android.apps.docs.doclist.activity.DocListActivity} mDrawState=DRAW_PENDING
01-17 14:22:19.294 27629 27629 D ViewRootImpl@9742f0f[DocListActivity]: MSG_RESIZED_REPORT: ci=Rect(0, 0 - 0, 0) vi=Rect(0, 0 - 0, 0) or=1
01-17 14:22:19.297 27629 28239 W ktx : Application name is not set. Call Builder#setApplicationName.
01-17 14:22:19.301 3768 3888 D KnoxTimeoutHandler: notifyActivityDrawn [MsgParam] userId: 0 fullscreen is true showWhenlocked is false isMutiwindowRecord is false multiwindowstyle is 1
01-17 14:22:19.301 27629 27629 D ViewRootImpl@9742f0f[DocListActivity]: dispatchDetachedFromWindow
01-17 14:22:19.302 3768 5279 I WindowManager_SurfaceController: Destroying surface Surface(name=com.google.android.apps.docs/com.google.android.apps.docs.doclist.activity.DocListActivity) called by com.android.server.wm.WindowStateAnimator.destroySurface:2840 com.android.server.wm.WindowStateAnimator.destroySurfaceLocked:1070 com.android.server.wm.WindowState.removeLocked:1783 com.android.server.wm.WindowManagerService.removeWindowInnerLocked:2889 com.android.server.wm.WindowManagerService.removeWindowLocked:2829 com.android.server.wm.WindowManagerService.removeWindowLocked:2654 com.android.server.wm.WindowManagerService.removeWindow:2649 com.android.server.wm.Session.remove:218
01-17 14:22:19.302 3197 3995 I SurfaceFlinger: id=10415 Removed EocListActi (5/7)
01-17 14:22:19.303 3197 3204 I SurfaceFlinger: id=10415 Removed EocListActi (-2/7)
01-17 14:22:19.304 3768 5279 D InputDispatcher: Focus left window: 27629
01-17 14:22:19.304 3768 5279 D InputTransport: Input channel destroyed: fd=385
01-17 14:22:19.304 3768 3849 D WindowManager: set systemUiVisibility of statusbar : vis= 0x708
01-17 14:22:19.304 3768 5279 D InputDispatcher: Focus entered window: 27629
01-17 14:22:19.305 27629 27629 D InputTransport: Input channel destroyed: fd=90
01-17 14:22:19.305 27629 27629 E ViewRootImpl: sendUserActionEvent() mView == null
01-17 14:22:19.310 27629 27629 D ViewRootImpl@b6d739a[DocListActivity]: MSG_WINDOW_FOCUS_CHANGED 0
01-17 14:22:19.311 27629 27629 D ViewRootImpl@b6d739a[DocListActivity]: MSG_WINDOW_FOCUS_CHANGED 1
01-17 14:22:19.312 27629 27629 V InputMethodManager: Starting input: tba=android.view.inputmethod.EditorInfo@4fcfda0 nm : com.google.android.apps.docs ic=null
01-17 14:22:19.312 27629 27629 I InputMethodManager: [IMM] startInputInner - mService.startInputOrWindowGainedFocus
01-17 14:22:19.312 3768 3793 D InputMethodManagerService: windowGainedFocus mCurrentFocusedUserId - 0 and mSecureKeypadEnabled-false
01-17 14:22:19.312 3768 3793 D InputMethodManagerService: mDesktopModeManager null!
01-17 14:22:19.312 3768 3793 D InputTransport: Input channel constructed: fd=385
01-17 14:22:19.313 3768 3793 D InputTransport: Input channel destroyed: fd=385
01-17 14:22:19.313 27629 27629 D InputTransport: Input channel constructed: fd=87
01-17 14:22:19.313 27629 27629 D InputTransport: Input channel destroyed: fd=102
01-17 14:22:19.313 27629 27629 E ViewRootImpl: sendUserActionEvent() mView == null
01-17 14:22:19.314 30084 30084 I GoogleInputMethod: onFinishInput() : Dummy InputConnection bound
01-17 14:22:19.314 30084 30084 I GoogleInputMethod: onStartInput() : Dummy InputConnection bound
01-17 14:22:19.314 3768 3768 D KnoxTimeoutHandler: activityDrawn [MsgParam] userId: 0 fullscreen is true showWhenlocked is false isMutiwindowRecord is false multiwindowstyle is 1
01-17 14:22:19.315 3768 3768 I KnoxTimeoutHandler: SD activityfalse
01-17 14:22:19.316 3768 3768 I KnoxTimeoutHandler: Fullscreen and mCurrent is not KNOX user. Hence hide keyguard
01-17 14:22:19.317 3768 5703 D WindowManager: adjustSystemUiVisibilityLw : vis= 0x708
01-17 14:22:19.330 3768 3847 I SamsungAlarmManager: setLocked to kernel - T:2 / 20180117T142406, SetElapsed=307057135, nowELAPSED=306949828
01-17 14:22:19.331 3768 3847 D SamsungAlarmManager: setExact Listener (T:2/F:0/AC:false) 20180117T142228 - CU:1000/CP:3768
01-17 14:22:19.331 3768 3847 I SamsungAlarmManager: setLocked to kernel - T:2 / 20180117T142228, SetElapsed=306958631, nowELAPSED=306949828
01-17 14:22:19.333 3768 3847 D SamsungAlarmManager: setInexact Listener (T:2/F:0/AC:false) 20180117T143955 - CU:1000/CP:3768
01-17 14:22:19.397 3768 3768 D CustomFrequencyManagerService: releaseDVFSLockLocked : Getting Lock type frm List : DVFS_MIN_LIMIT frequency : 728000 uid : 1000 pid : 3768 tag : GESTURE_DETECTED@CPU_MIN@36
01-17 14:22:19.401 3768 3847 I SamsungAlarmManager: setLocked to kernel - T:2 / 20180117T142406, SetElapsed=307057135, nowELAPSED=306949899
01-17 14:22:19.401 3768 3847 D SamsungAlarmManager: setInexact Listener (T:2/F:0/AC:false) 20180117T142428 - CU:1000/CP:3768
01-17 14:22:19.403 3768 3847 D SamsungAlarmManager: setInexact Listener (T:2/F:0/AC:false) 20180117T143955 - CU:1000/CP:3768
01-17 14:22:19.442 3768 3993 D InputReader: Input event(4): value=1 when=126578708536000
01-17 14:22:19.442 3768 3993 D InputReader: Input event(4): value=1 when=126578708536000
01-17 14:22:19.442 3768 3993 I InputReader: Touch event's action is 0x0 (deviceType=0) [pCnt=1, s=0.39036 ] when=126578708536000
01-17 14:22:19.442 3768 3993 D InputReader: lastThreadEndTime = 126576117416290, currentThreadStartTime = 126576117418444, diff = 0
01-17 14:22:19.442 3768 3992 I InputDispatcher: Delivering touch to (4222): action: 0x4, toolType: 1
01-17 14:22:19.442 3768 3992 I InputDispatcher: Delivering touch to (27629): action: 0x0, toolType: 1
01-17 14:22:19.442 27629 27629 D ViewRootImpl@b6d739a[DocListActivity]: ViewPostImeInputStage processPointer 0
01-17 14:22:19.482 27629 27629 D InputMethodManager: HSI from window - flag : 0 Pid : 27629
01-17 14:22:19.482 3768 4032 D InputMethodManagerService: mDesktopModeManager null!
01-17 14:22:19.484 3768 7202 D CustomFrequencyManagerService: acquireDVFSLockLocked : type : DVFS_MIN_LIMIT frequency : 728000 uid : 1000 pid : 3768 pkgName : LISTVIEW_SCROLL@CPU_MIN@43
01-17 14:22:19.549 3768 3993 D InputReader: Input event(4): value=0 when=126578816197000
01-17 14:22:19.549 3768 3993 D InputReader: Input event(4): value=0 when=126578816197000
01-17 14:22:19.549 3768 3993 I InputReader: Touch event's action is 0x1 (deviceType=0) [pCnt=1, s=] when=126578816197000
01-17 14:22:19.549 3768 3992 I InputDispatcher: Delivering touch to (27629): action: 0x1, toolType: 1
01-17 14:22:19.551 27629 27629 D ViewRootImpl@b6d739a[DocListActivity]: ViewPostImeInputStage processPointer 1
01-17 14:22:19.552 3768 7202 D CustomFrequencyManagerService: acquireDVFSLockLocked : type : DVFS_MIN_LIMIT frequency : 728000 uid : 1000 pid : 3768 pkgName : GESTURE_DETECTED@CPU_MIN@36
01-17 14:22:19.552 3768 7202 D CustomFrequencyManagerService: acquireDVFSLockLocked : type : DVFS_MIN_LIMIT frequency : 1144000 uid : 1000 pid : 3768 pkgName : SMOOTH_SCROLL@CPU_MIN@38
01-17 14:22:19.554 3768 4039 D WifiStateMachine: Current network is: "SKY03AE5" , ID is: 1
01-17 14:22:19.564 27629 27629 D AbsListView: viewType is heaer or footer
01-17 14:22:19.564 27629 27629 D AbsListView: viewType is heaer or footer
01-17 14:22:19.565 27629 27629 D AbsListView: viewType is heaer or footer
01-17 14:22:19.565 27629 27629 D AbsListView: viewType is heaer or footer
01-17 14:22:19.581 27629 27629 D AbsListView: viewType is heaer or footer
01-17 14:22:19.582 27629 27629 D AbsListView: viewType is heaer or footer
