01-17 14:21:10.792 3768 5280 I WindowManager_SurfaceController: Destroying surface Surface(name=com.sec.android.app.launcher/com.sec.android.app.launcher.activities.LauncherActivity) called by com.android.server.wm.WindowStateAnimator.destroySurface:2840 com.android.server.wm.WindowStateAnimator.destroySurfaceLocked:1070 com.android.server.wm.WindowState.destroyOrSaveSurface:2561 com.android.server.wm.AppWindowToken.destroySurfaces:412 com.android.server.wm.AppWindowToken.destroySurfaces:376 com.android.server.wm.AppWindowToken.notifyAppStopped:456 com.android.server.wm.WindowManagerService.notifyAppStopped:5199 com.android.server.am.ActivityStack.activityStoppedLocked:1573
01-17 14:21:10.793 3197 3202 I SurfaceFlinger: id=10378 Removed MauncherAct (1/7)
01-17 14:21:10.795 27629 27629 D TextView: setTypeface with style : 0
01-17 14:21:10.795 3197 3204 I SurfaceFlinger: id=10378 Removed MauncherAct (-2/7)
01-17 14:21:10.803 3768 4959 D DevicePolicyManagerService: PfW getPlayForWorkProxy() 0
01-17 14:21:10.805 27629 27629 D TextView: setTypeface with style : 0
01-17 14:21:10.806 3768 4959 D DevicePolicyManagerService: PfW getPlayForWorkProxy() flags & FLAG_ALLOW_PROXY_FOR_PFW 0
01-17 14:21:10.806 3768 4959 D DevicePolicyManagerService: PfW getPlayForWorkProxy() flag 0 does not allow PfW
01-17 14:21:10.806 27629 27629 D TextView: setTypeface with style : 0
01-17 14:21:10.809 27629 27629 D TextView: setTypeface with style : 0
01-17 14:21:10.810 27629 27629 D TextView: setTypeface with style : 0
01-17 14:21:10.812 5248 5260 D ForegroundUtils: could not check pending caller
01-17 14:21:10.813 27629 27629 D TextView: setTypeface with style : 0
01-17 14:21:10.813 27629 27629 D TextView: setTypeface with style : 0
01-17 14:21:10.815 26887 27034 I SpayFw_SpayProcessStatusChangeMonitor: fg Change, pid : 5393 , isNotify : true , isForeground : false , fg list : [27629]
01-17 14:21:10.817 27629 27629 D TextView: setTypeface with style : 0
01-17 14:21:10.817 27629 27629 D TextView: setTypeface with style : 0
01-17 14:21:10.819 27629 27629 D TextView: setTypeface with style : 0
01-17 14:21:10.820 27629 27629 D TextView: setTypeface with style : 0
01-17 14:21:10.821 26887 27034 I SpayFw_TapAndGoPreloadTimer: start : Timer scheduled
01-17 14:21:10.821 27629 27629 D TextView: setTypeface with style : 0
01-17 14:21:10.822 27629 27629 D TextView: setTypeface with style : 0
01-17 14:21:10.824 27629 27629 D TextView: setTypeface with style : 0
01-17 14:21:10.825 27629 27629 D TextView: setTypeface with style : 0
01-17 14:21:10.827 27629 27629 D TextView: setTypeface with style : 0
01-17 14:21:10.827 27629 27629 D TextView: setTypeface with style : 0
01-17 14:21:10.830 27629 27629 D TextView: setTypeface with style : 0
01-17 14:21:10.830 27629 27629 D TextView: setTypeface with style : 0
01-17 14:21:10.850 2454 2466 W System : ClassLoader referenced unknown path:
01-17 14:21:10.897 2454 2466 W System : ClassLoader referenced unknown path: /data/user_de/0/com.google.android.gms/app_chimera/m/0000000f/n/arm64-v8a
01-17 14:21:10.905 3768 5643 D WindowManager: addWindow: android.view.IWindow$Stub$Proxy@f380e9e displayId=0
01-17 14:21:10.906 3768 5643 D InputTransport: Input channel constructed: fd=385
01-17 14:21:10.906 3768 5643 D InputTransport: Input channel constructed: fd=490
01-17 14:21:10.908 3768 5643 D InputTransport: Input channel destroyed: fd=490
01-17 14:21:10.908 27629 27629 D InputTransport: Input channel constructed: fd=78
01-17 14:21:10.910 27629 27629 D ViewRootImpl@466765e[PopupWindow:57aa399]: setView = android.widget.PopupWindow$PopupDecorView{2653a3f V.E...... ......I. 0,0-0,0} touchMode=true
01-17 14:21:10.915 3768 4032 V WindowManager: Relayout Window{6a1214cd0 u0 PopupWindow:57aa399}: viewVisibility=0 req=1080x192 WM.LayoutParams{(0,1728)(1080x192) gr=#800033 sim=#21 ty=1000 fl=#41800008 pfl=0x18000 fmt=-2 surfaceInsets=Rect(0, 0 - 0, 0) (manual) naviIconColor=0}
01-17 14:21:10.916 3197 3197 I SurfaceFlinger: id=10404 createSurf (1x1),1 flag=4, QopupWindow
01-17 14:21:10.924 3312 3866 D EnterpriseController: netId is 0
01-17 14:21:10.924 3312 3866 D Netd : getNetworkForDns: using netid 551 for uid 10215
01-17 14:21:10.924 3312 3866 D DnsProxyListener: DNSDBG::dns addrinfo af 0
01-17 14:21:10.932 3768 3792 D DevicePolicyManagerService: PfW getPlayForWorkProxy() 0
01-17 14:21:10.935 3768 3792 D DevicePolicyManagerService: PfW getPlayForWorkProxy() flags & FLAG_ALLOW_PROXY_FOR_PFW 0
01-17 14:21:10.936 3768 3792 D DevicePolicyManagerService: PfW getPlayForWorkProxy() flag 0 does not allow PfW
01-17 14:21:10.942 27629 28149 D mali_winsys: EGLint new_window_surface(egl_winsys_display*, void*, EGLSurface, EGLConfig, egl_winsys_surface**, egl_color_buffer_format*, EGLBoolean) returns 0x3000, [1080x192]-format:1
01-17 14:21:10.949 3768 4104 D MdnieScenarioControlService: packageName : com.google.android.apps.docs className : com.google.android.apps.docs.doclist.activity.DocListActivity
01-17 14:21:10.973 3768 5648 D WindowManager: finishDrawingWindow: Window{6a1214cd0 u0 PopupWindow:57aa399} mDrawState=DRAW_PENDING
01-17 14:21:10.987 27629 27629 D ViewRootImpl@466765e[PopupWindow:57aa399]: MSG_RESIZED_REPORT: ci=Rect(0, 0 - 0, 0) vi=Rect(0, 0 - 0, 0) or=1
01-17 14:21:11.000 5169 8608 I BeaconBle: Client requested scan, settings=BleSettings [scanMode=ZERO_POWER, callbackType=ALL_MATCHES, reportDelayMillis=0, 6 filters, 1 clients, callingClientName=Nearby]
01-17 14:21:11.006 2454 2501 D NetworkSecurityConfig: No Network Security Config specified, using platform default
01-17 14:21:11.006 3768 8541 D WindowManager: finishDrawingWindow: Window{6a1214cd0 u0 PopupWindow:57aa399} mDrawState=HAS_DRAWN
01-17 14:21:11.012 3768 3888 D KnoxTimeoutHandler: notifyActivityDrawn [MsgParam] userId: 0 fullscreen is true showWhenlocked is false isMutiwindowRecord is false multiwindowstyle is 1
01-17 14:21:11.051 5169 8608 I BeaconBle: Stopping scan on delegate scanner. BT state: 12
01-17 14:21:11.054 5169 8608 D BluetoothAdapter: STATE_ON
01-17 14:21:11.058 5169 8608 D BluetoothAdapter: STATE_ON
01-17 14:21:11.058 5169 8608 D BluetoothLeScanner: Stop Scan
01-17 14:21:11.059 4158 11577 D BtGatt.GattService: stopScan() - queue size =3
01-17 14:21:11.059 4158 11577 D BtGatt.GattService: stopScan() - queue size =3
01-17 14:21:11.060 4158 4809 E BtGatt.GattService: [GSIM LOG]: gsimLogHandler: com.google.uid.shared, msg: MESSAGE_STOP_SCAN
01-17 14:21:11.061 4158 4807 D BtGatt.ScanManager: delete FilterIndex - 6
01-17 14:21:11.062 3768 3768 D KnoxTimeoutHandler: activityDrawn [MsgParam] userId: 0 fullscreen is true showWhenlocked is false isMutiwindowRecord is false multiwindowstyle is 1
01-17 14:21:11.063 4158 8926 D BtGatt.GattService: unregisterClient() - clientIf=8
01-17 14:21:11.067 5169 8608 D BluetoothAdapter: STATE_ON
01-17 14:21:11.069 4158 4277 D BtGatt.GattService: onScanFilterParamsConfigured() - clientIf=8, status=0, action=1, availableSpace=25
01-17 14:21:11.069 4158 4277 D BtGatt.ScanManager: callback done for clientIf - 8 status - 0
01-17 14:21:11.070 4158 4807 D BtGatt.ScanManager: delete FilterIndex - 20
01-17 14:21:11.070 5169 8608 D BluetoothAdapter: STATE_ON
01-17 14:21:11.070 5169 8608 I BeaconBle: Resetting - new scanner available: true
01-17 14:21:11.070 5169 8608 I BeaconBle: ZERO_POWER is disabled.
01-17 14:21:11.070 5169 8608 I BeaconBle: 'L' hardware scan: scan stopped, no powered clients
01-17 14:21:11.070 3768 3768 I KnoxTimeoutHandler: SD activityfalse
01-17 14:21:11.070 3768 3768 I KnoxTimeoutHandler: Fullscreen and mCurrent is not KNOX user. Hence hide keyguard
01-17 14:21:11.073 4158 4277 D BtGatt.GattService: onScanFilterParamsConfigured() - clientIf=8, status=0, action=1, availableSpace=26
01-17 14:21:11.073 4158 4277 D BtGatt.ScanManager: callback done for clientIf - 8 status - 0
01-17 14:21:11.073 4158 4807 D BtGatt.ScanManager: delete FilterIndex - 8
01-17 14:21:11.076 4158 4277 D BtGatt.GattService: onScanFilterParamsConfigured() - clientIf=8, status=0, action=1, availableSpace=27
01-17 14:21:11.076 4158 4277 D BtGatt.ScanManager: callback done for clientIf - 8 status - 0
01-17 14:21:11.076 4158 4807 D BtGatt.ScanManager: delete FilterIndex - 21
01-17 14:21:11.079 4158 4277 D BtGatt.GattService: onScanFilterParamsConfigured() - clientIf=8, status=0, action=1, availableSpace=28
01-17 14:21:11.079 4158 4277 D BtGatt.ScanManager: callback done for clientIf - 8 status - 0
01-17 14:21:11.079 4158 4807 D BtGatt.ScanManager: delete FilterIndex - 5
01-17 14:21:11.082 4158 4277 D BtGatt.GattService: onScanFilterParamsConfigured() - clientIf=8, status=0, action=1, availableSpace=29
01-17 14:21:11.082 4158 4277 D BtGatt.ScanManager: callback done for clientIf - 8 status - 0
01-17 14:21:11.082 4158 4807 D BtGatt.ScanManager: delete FilterIndex - 7
01-17 14:21:11.085 4158 4277 D BtGatt.GattService: onScanFilterParamsConfigured() - clientIf=8, status=0, action=1, availableSpace=30
01-17 14:21:11.085 4158 4277 D BtGatt.ScanManager: callback done for clientIf - 8 status - 0
01-17 14:21:11.086 4158 4807 D BtGatt.ScanManager: configureRegularScanParams() - queue=2
01-17 14:21:11.086 4158 4807 I BtGatt.ScanManager: custom scan scanMode = 100
01-17 14:21:11.086 4158 4807 I BtGatt.ScanManager: New scan mode custom scan scanInterval = 3120scanWindow = 60
01-17 14:21:11.086 4158 4807 E BtGatt.ScanManager: default value of curScanSetting 0 is choosen
01-17 14:21:11.086 4158 4807 I BtGatt.ScanManager: newScanMode = 1newcurScanSetting = 0
01-17 14:21:11.086 4158 4807 I BtGatt.ScanManager: comparing = 1 with = 0
01-17 14:21:11.086 4158 4807 I BtGatt.ScanManager: custom scan scanMode = 0
01-17 14:21:11.086 4158 4807 I BtGatt.ScanManager: current scan mode custom scan scanInterval = 3120scanWindow = 60
01-17 14:21:11.086 4158 4807 I BtGatt.ScanManager: newScanMode = 10newcurScanSetting = 1
01-17 14:21:11.086 4158 4807 I BtGatt.ScanManager: comparing = 10 with = 1
01-17 14:21:11.086 4158 4807 D BtGatt.ScanManager: configureRegularScanParams() - ScanSetting Scan mode=0 mLastConfiguredScanSetting=0
01-17 14:21:11.086 4158 4807 D BtGatt.ScanManager: configureRegularScanParams - scanInterval = 8000configureRegularScanParams - scanWindow = 800
01-17 14:21:11.086 4158 4277 D BtGatt.GattService: onScanParamSetupCompleted() status=0, clientIf=7
01-17 14:21:11.087 4158 4277 D BtGatt.GattService: onScanParamSetupCompleted : 0
01-17 14:21:11.163 3768 3779 I art : Background sticky concurrent mark sweep GC freed 158576(18MB) AllocSpace objects, 6(872KB) LOS objects, 14% free, 76MB/89MB, paused 4.393ms total 141.891ms
01-17 14:21:11.188 2454 2478 W linker : /data/app/com.google.android.gms-2/lib/arm64/libconscrypt_gmscore_jni.so: unused DT entry: type 0xf arg 0x8a
01-17 14:21:11.189 2454 2478 V NativeCrypto: Registering com/google/android/gms/org/conscrypt/NativeCrypto's 276 native methods...
01-17 14:21:11.192 3768 5702 D DevicePolicyManagerService: PfW getPlayForWorkProxy() 0
01-17 14:21:11.196 3768 5702 D DevicePolicyManagerService: PfW getPlayForWorkProxy() flags & FLAG_ALLOW_PROXY_FOR_PFW 0
01-17 14:21:11.196 3768 5702 D DevicePolicyManagerService: PfW getPlayForWorkProxy() flag 0 does not allow PfW
01-17 14:21:11.212 3768 4032 D MountService: getExternalStorageMountMode : 1
01-17 14:21:11.212 3768 4032 D MountService: getExternalStorageMountMode : 3
01-17 14:21:11.212 3768 4032 D MountService: getExternalStorageMountMode : final mountMode=1, uid : 10214, packageName : com.google.android.apps.docs.editors.sheets
01-17 14:21:11.213 2454 2478 I ProviderInstaller: Installed default security provider GmsCore_OpenSSL
01-17 14:21:11.233 2511 2511 E Zygote : v2
01-17 14:21:11.233 2511 2511 I libpersona: KNOX_SDCARD checking this for 10214
01-17 14:21:11.233 2511 2511 I libpersona: KNOX_SDCARD not a persona
01-17 14:21:11.234 2511 2511 E Zygote : accessInfo : 0
01-17 14:21:11.234 2511 2511 W SELinux : SELinux selinux_android_compute_policy_index : Policy Index[2], Con:u:r:zygote:s0 SPD:SEPF_SECMOBILE_7.0_0006 RAM:SEPF_SECMOBILE_7.0_0009, [-1 -1 -9 -1 0 1]
01-17 14:21:11.234 3768 4032 I ActivityManager: Start proc 2511:com.google.android.apps.docs.editors.sheets/u0a214 for content provider com.google.android.apps.docs.editors.sheets/com.google.android.apps.docs.doclist.statesyncer.CrossAppStateProvider
01-17 14:21:11.235 2511 2511 I SELinux : SELinux: seapp_context_lookup: seinfo=untrusted, level=s0:c512,c768, pkgname=com.google.android.apps.docs.editors.sheets
01-17 14:21:11.267 27629 27629 W Glide : Load failed for ThumbnailModel[10, Dimension[510, 384], [ImageTransformation, type: NONE, value: NO_VALUE], application/vnd.android.package-archive] with size [510x384]
01-17 14:21:11.267 27629 27629 W Glide : class ach: Failed to load resource
01-17 14:21:11.267 27629 27629 W Glide : Cause (1 of 1): class ach: Fetching data failed, class java.io.InputStream, REMOTE
01-17 14:21:11.267 27629 27629 W Glide : Cause (1 of 1): class aam: Failed executing request through HttpExecutor
01-17 14:21:11.274 2511 2511 D TimaKeyStoreProvider: TimaSignature is unavailable
01-17 14:21:11.274 2511 2511 D ActivityThread: Added TimaKeyStore provider
01-17 14:21:11.280 3768 5316 I ActivityManager: DSS on for com.google.android.apps.docs.editors.sheets and scale is 1.0
01-17 14:21:11.333 2511 2511 I art : Starting a blocking GC AddRemoveAppImageSpace
01-17 14:21:11.359 3768 5291 D DevicePolicyManagerService: PfW getPlayForWorkProxy() 0
01-17 14:21:11.363 3768 5291 D DevicePolicyManagerService: PfW getPlayForWorkProxy() flags & FLAG_ALLOW_PROXY_FOR_PFW 0
01-17 14:21:11.363 3768 5291 D DevicePolicyManagerService: PfW getPlayForWorkProxy() flag 0 does not allow PfW
01-17 14:21:11.381 2511 2511 D ContextRelationMgrBrdg: loadKlass() : caller=com.samsung.android.bridge.multiscreen.common.ContextRelationManagerBridge.:28 android.app.LoadedApk.makeApplication:840
01-17 14:21:11.387 2511 2511 I LoadedApk: No resource references to update in package FFFFFFFFFFFFFFFFFFFFFF
01-17 14:21:11.400 27629 27629 W Glide : Load failed for ThumbnailModel[11, Dimension[510, 384], [ImageTransformation, type: NONE, value: NO_VALUE], application/vnd.android.package-archive] with size [510x384]
01-17 14:21:11.400 27629 27629 W Glide : class ach: Failed to load resource
01-17 14:21:11.400 27629 27629 W Glide : Cause (1 of 1): class ach: Fetching data failed, class java.io.InputStream, REMOTE
01-17 14:21:11.400 27629 27629 W Glide : Cause (1 of 1): class aam: Failed executing request through HttpExecutor
01-17 14:21:11.405 27629 27629 W Glide : Load failed for ThumbnailModel[12, Dimension[510, 384], [ImageTransformation, type: NONE, value: NO_VALUE], application/vnd.android.package-archive] with size [510x384]
01-17 14:21:11.405 27629 27629 W Glide : class ach: Failed to load resource
01-17 14:21:11.405 27629 27629 W Glide : Cause (1 of 1): class ach: Fetching data failed, class java.io.InputStream, REMOTE
01-17 14:21:11.405 27629 27629 W Glide : Cause (1 of 1): class aam: Failed executing request through HttpExecutor
01-17 14:21:11.529 27629 2425 W SyncManagerImpl: Sync for AccountId c83413e1 took 1475 ms
01-17 14:21:11.571 27629 2425 W SyncManagerImpl: Sync completed for AccountId c83413e1 (com.google.android.apps.docs)
01-17 14:21:11.580 3768 5292 D WindowManager: addWindow: android.view.IWindow$Stub$Proxy@a84f814 displayId=0
01-17 14:21:11.581 3768 5292 D InputTransport: Input channel constructed: fd=493
01-17 14:21:11.581 3768 5292 D InputTransport: Input channel constructed: fd=520
01-17 14:21:11.582 3768 3849 D WindowManager: set systemUiVisibility of statusbar : vis= 0x8
01-17 14:21:11.584 3768 5292 D InputDispatcher: Focus left window: 27629
01-17 14:21:11.584 3768 5292 D InputDispatcher: Focus entered window: 27629
01-17 14:21:11.585 3768 5316 D DevicePolicyManagerService: PfW getPlayForWorkProxy() 0
01-17 14:21:11.585 3768 5292 D InputTransport: Input channel destroyed: fd=520
01-17 14:21:11.585 27629 27629 D InputTransport: Input channel constructed: fd=107
01-17 14:21:11.587 3768 5316 D DevicePolicyManagerService: PfW getPlayForWorkProxy() flags & FLAG_ALLOW_PROXY_FOR_PFW 0
01-17 14:21:11.587 3768 5316 D DevicePolicyManagerService: PfW getPlayForWorkProxy() flag 0 does not allow PfW
01-17 14:21:11.587 3768 7012 D WindowManager: adjustSystemUiVisibilityLw : vis= 0x8
01-17 14:21:11.588 27629 27629 D ViewRootImpl@dd3b988[DocListActivity]: setView = DecorView@cdd9f21[] touchMode=true
01-17 14:21:11.589 3768 3847 I SamsungAlarmManager: setLocked to kernel - T:2 / 20180117T142406, SetElapsed=307057135, nowELAPSED=306882087
01-17 14:21:11.590 3768 3847 D SamsungAlarmManager: setExact Listener (T:2/F:0/AC:false) 20180117T142120 - CU:1000/CP:3768
01-17 14:21:11.590 3768 3847 I SamsungAlarmManager: setLocked to kernel - T:2 / 20180117T142120, SetElapsed=306891357, nowELAPSED=306882088
01-17 14:21:11.592 3768 3847 D SamsungAlarmManager: setInexact Listener (T:2/F:0/AC:false) 20180117T143955 - CU:1000/CP:3768
01-17 14:21:11.595 3768 5298 V WindowManager: Relayout Window{649deb2d0 u0 com.google.android.apps.docs/com.google.android.apps.docs.doclist.activity.DocListActivity}: viewVisibility=0 req=228x387 WM.LayoutParams{(0,0)(wrapxwrap) gr=#11 sim=#120 ty=2 fl=#1800000 fmt=-2 wanim=0x1030002 needsMenuKey=2 naviIconColor=0}
01-17 14:21:11.596 3197 3197 I SurfaceFlinger: id=10405 createSurf (1x1),1 flag=4, EocListActi
01-17 14:21:11.621 2511 2536 I GAv4 : Google Analytics 11.0.11 is starting up. To enable debug logging on a device run:
01-17 14:21:11.621 2511 2536 I GAv4 : adb shell setprop log.tag.GAv4 DEBUG
01-17 14:21:11.621 2511 2536 I GAv4 : adb logcat -s GAv4
01-17 14:21:11.634 27629 28149 D mali_winsys: EGLint new_window_surface(egl_winsys_display*, void*, EGLSurface, EGLConfig, egl_winsys_surface**, egl_color_buffer_format*, EGLBoolean) returns 0x3000, [228x387]-format:1
01-17 14:21:11.636 27629 27629 D ViewRootImpl@dd3b988[DocListActivity]: MSG_WINDOW_FOCUS_CHANGED 1
01-17 14:21:11.636 27629 27629 V InputMethodManager: Starting input: tba=android.view.inputmethod.EditorInfo@814c7cc nm : com.google.android.apps.docs ic=null
01-17 14:21:11.636 27629 27629 I InputMethodManager: [IMM] startInputInner - mService.startInputOrWindowGainedFocus
01-17 14:21:11.638 3768 7004 D InputMethodManagerService: windowGainedFocus mCurrentFocusedUserId - 0 and mSecureKeypadEnabled-false
01-17 14:21:11.638 3768 7004 D InputMethodManagerService: mDesktopModeManager null!
01-17 14:21:11.638 3768 7004 D InputTransport: Input channel constructed: fd=520
01-17 14:21:11.639 3768 7004 D InputTransport: Input channel destroyed: fd=520
01-17 14:21:11.639 27629 27629 D InputTransport: Input channel constructed: fd=109
01-17 14:21:11.639 27629 27629 D InputTransport: Input channel destroyed: fd=101
01-17 14:21:11.642 30084 30084 I GoogleInputMethod: onFinishInput() : Dummy InputConnection bound
01-17 14:21:11.642 27629 27629 D ViewRootImpl@dd3b988[DocListActivity]: dispatchDetachedFromWindow
01-17 14:21:11.644 30084 30084 I GoogleInputMethod: onStartInput() : Dummy InputConnection bound
01-17 14:21:11.646 3768 4960 D SamsungAlarmManager: Cancel Alarm calling from uid:10214 pid :2511 / op:PendingIntent{19f35ac: PendingIntentRecord{22c7275 com.google.android.apps.docs.editors.sheets broadcastIntent}}
01-17 14:21:11.650 3768 4054 I WindowManager_SurfaceController: Destroying surface Surface(name=com.google.android.apps.docs/com.google.android.apps.docs.doclist.activity.DocListActivity) called by com.android.server.wm.WindowStateAnimator.destroySurface:2840 com.android.server.wm.WindowStateAnimator.destroySurfaceLocked:1070 com.android.server.wm.WindowState.removeLocked:1783 com.android.server.wm.WindowManagerService.removeWindowInnerLocked:2889 com.android.server.wm.WindowManagerService.removeWindowLocked:2829 com.android.server.wm.WindowManagerService.removeWindowLocked:2654 com.android.server.wm.WindowManagerService.removeWindow:2649 com.android.server.wm.Session.remove:218
01-17 14:21:11.650 3197 3204 I SurfaceFlinger: id=10405 Removed EocListActi (6/8)
01-17 14:21:11.651 3197 3996 I SurfaceFlinger: id=10405 Removed EocListActi (-2/8)
01-17 14:21:11.651 2511 2511 W FieldDefinition: Ignoring isIndexed constraint as field also has uniqueness constraint (on just this field, and therefore SQLite will have to create an index on that. For field: com.google.android.apps.docs.database.common.FieldDefinition$a@980bcce
01-17 14:21:11.655 3768 4054 D InputDispatcher: Focus left window: 27629
01-17 14:21:11.655 3768 4054 D InputTransport: Input channel destroyed: fd=493
01-17 14:21:11.659 3768 7004 D DevicePolicyManagerService: PfW getPlayForWorkProxy() 0
01-17 14:21:11.661 3768 4054 D InputDispatcher: Focus entered window: 27629
01-17 14:21:11.662 3768 3849 D WindowManager: set systemUiVisibility of statusbar : vis= 0x708
01-17 14:21:11.662 27629 27629 D InputTransport: Input channel destroyed: fd=107
01-17 14:21:11.663 3768 3779 I art : Background sticky concurrent mark sweep GC freed 140838(10MB) AllocSpace objects, 42(6MB) LOS objects, 14% free, 76MB/89MB, paused 12.430ms total 91.485ms
01-17 14:21:11.663 2511 2542 W GAv4 : AnalyticsReceiver is not registered or is disabled. Register the receiver for reliable dispatching on non-Google Play devices. See http://goo.gl/8Rd3yj for instructions.
01-17 14:21:11.664 27629 27629 W Glide : Load failed for ThumbnailModel[13, Dimension[510, 384], [ImageTransformation, type: NONE, value: NO_VALUE], application/vnd.android.package-archive] with size [510x384]
01-17 14:21:11.664 27629 27629 W Glide : class ach: Failed to load resource
01-17 14:21:11.664 27629 27629 W Glide : Cause (1 of 1): class ach: Fetching data failed, class java.io.InputStream, REMOTE
01-17 14:21:11.664 27629 27629 W Glide : Cause (1 of 1): class aam: Failed executing request through HttpExecutor
01-17 14:21:11.664 3768 7004 D DevicePolicyManagerService: PfW getPlayForWorkProxy() flags & FLAG_ALLOW_PROXY_FOR_PFW 0
01-17 14:21:11.664 3768 7004 D DevicePolicyManagerService: PfW getPlayForWorkProxy() flag 0 does not allow PfW
01-17 14:21:11.664 27629 27629 E ViewRootImpl: sendUserActionEvent() mView == null
01-17 14:21:11.665 3768 3888 D KnoxTimeoutHandler: notifyActivityDrawn [MsgParam] userId: 0 fullscreen is true showWhenlocked is false isMutiwindowRecord is false multiwindowstyle is 1
01-17 14:21:11.668 2511 2542 W GAv4 : CampaignTrackingReceiver is not registered, not exported or is disabled. Installation campaign tracking is not possible. See http://goo.gl/8Rd3yj for instructions.
01-17 14:21:11.668 27629 27629 D ViewRootImpl@b6d739a[DocListActivity]: MSG_WINDOW_FOCUS_CHANGED 1
01-17 14:21:11.670 2511 2542 W GAv4 : AnalyticsService not registered in the app manifest. Hits might not be delivered reliably. See http://goo.gl/8Rd3yj for instructions.
01-17 14:21:11.671 27629 27629 V InputMethodManager: Starting input: tba=android.view.inputmethod.EditorInfo@9816a15 nm : com.google.android.apps.docs ic=null
01-17 14:21:11.671 27629 27629 I InputMethodManager: [IMM] startInputInner - mService.startInputOrWindowGainedFocus
01-17 14:21:11.671 3768 5317 D InputMethodManagerService: windowGainedFocus mCurrentFocusedUserId - 0 and mSecureKeypadEnabled-false
01-17 14:21:11.671 3768 5317 D InputMethodManagerService: mDesktopModeManager null!
01-17 14:21:11.672 3768 5317 D InputTransport: Input channel constructed: fd=490
01-17 14:21:11.672 3768 5317 D InputTransport: Input channel destroyed: fd=490
01-17 14:21:11.672 27629 27629 D InputTransport: Input channel constructed: fd=101
01-17 14:21:11.672 27629 27629 D InputTransport: Input channel destroyed: fd=109
01-17 14:21:11.672 30084 30084 I GoogleInputMethod: onFinishInput() : Dummy InputConnection bound
01-17 14:21:11.672 27629 27629 E ViewRootImpl: sendUserActionEvent() mView == null
01-17 14:21:11.673 30084 30084 I GoogleInputMethod: onStartInput() : Dummy InputConnection bound
01-17 14:21:11.680 3768 3768 D KnoxTimeoutHandler: activityDrawn [MsgParam] userId: 0 fullscreen is true showWhenlocked is false isMutiwindowRecord is false multiwindowstyle is 1
01-17 14:21:11.681 3768 3768 I KnoxTimeoutHandler: SD activityfalse
01-17 14:21:11.681 3768 3768 I KnoxTimeoutHandler: Fullscreen and mCurrent is not KNOX user. Hence hide keyguard
01-17 14:21:11.682 3768 5701 D WindowManager: adjustSystemUiVisibilityLw : vis= 0x708
01-17 14:21:11.729 3768 3847 I SamsungAlarmManager: setLocked to kernel - T:2 / 20180117T142406, SetElapsed=307057135, nowELAPSED=306882227
01-17 14:21:11.729 3768 3847 D SamsungAlarmManager: setExact Listener (T:2/F:0/AC:false) 20180117T142121 - CU:1000/CP:3768
01-17 14:21:11.729 3768 3847 I SamsungAlarmManager: setLocked to kernel - T:2 / 20180117T142121, SetElapsed=306891651, nowELAPSED=306882227
01-17 14:21:11.732 3768 3847 D SamsungAlarmManager: setInexact Listener (T:2/F:0/AC:false) 20180117T143955 - CU:1000/CP:3768
01-17 14:21:11.760 3768 5305 D DevicePolicyManagerService: PfW getPlayForWorkProxy() 0
01-17 14:21:11.763 3768 5305 D DevicePolicyManagerService: PfW getPlayForWorkProxy() flags & FLAG_ALLOW_PROXY_FOR_PFW 0
01-17 14:21:11.763 3768 5305 D DevicePolicyManagerService: PfW getPlayForWorkProxy() flag 0 does not allow PfW
01-17 14:21:11.766 2511 2522 W DynamiteModule: Local module descriptor class for com.google.android.gms.googlecertificates not found.
01-17 14:21:11.774 3768 5324 D DevicePolicyManagerService: PfW getPlayForWorkProxy() 0
01-17 14:21:11.775 27629 27629 W Glide : Load failed for ThumbnailModel[15, Dimension[510, 384], [ImageTransformation, type: NONE, value: NO_VALUE], application/vnd.android.package-archive] with size [510x384]
01-17 14:21:11.775 27629 27629 W Glide : class ach: Failed to load resource
01-17 14:21:11.775 27629 27629 W Glide : Cause (1 of 1): class ach: Fetching data failed, class java.io.InputStream, REMOTE
01-17 14:21:11.775 27629 27629 W Glide : Cause (1 of 1): class aam: Failed executing request through HttpExecutor
01-17 14:21:11.775 3768 5305 D DevicePolicyManagerService: PfW getPlayForWorkProxy() 0
01-17 14:21:11.777 3768 5305 D DevicePolicyManagerService: PfW getPlayForWorkProxy() flags & FLAG_ALLOW_PROXY_FOR_PFW 0
01-17 14:21:11.777 3768 5305 D DevicePolicyManagerService: PfW getPlayForWorkProxy() flag 0 does not allow PfW
01-17 14:21:11.779 3768 5324 D DevicePolicyManagerService: PfW getPlayForWorkProxy() flags & FLAG_ALLOW_PROXY_FOR_PFW 0
01-17 14:21:11.779 3768 5324 D DevicePolicyManagerService: PfW getPlayForWorkProxy() flag 0 does not allow PfW
01-17 14:21:11.794 3768 3847 I SamsungAlarmManager: setLocked to kernel - T:2 / 20180117T142406, SetElapsed=307057135, nowELAPSED=306882292
01-17 14:21:11.794 3768 3847 D SamsungAlarmManager: setExact Listener (T:2/F:0/AC:false) 20180117T142121 - CU:1000/CP:3768
01-17 14:21:11.794 3768 3847 I SamsungAlarmManager: setLocked to kernel - T:2 / 20180117T142121, SetElapsed=306891711, nowELAPSED=306882292
01-17 14:21:11.796 2511 2522 W System : ClassLoader referenced unknown path:
01-17 14:21:11.797 3768 3847 D SamsungAlarmManager: setInexact Listener (T:2/F:0/AC:false) 20180117T143955 - CU:1000/CP:3768
01-17 14:21:11.799 3312 3866 D EnterpriseController: netId is 0
01-17 14:21:11.799 3312 3866 D Netd : getNetworkForDns: using netid 551 for uid 10214
01-17 14:21:11.799 3312 3866 D DnsProxyListener: DNSDBG::dns addrinfo af 0
01-17 14:21:11.803 27629 27629 W Glide : Load failed for ThumbnailModel[14, Dimension[510, 384], [ImageTransformation, type: NONE, value: NO_VALUE], application/vnd.android.package-archive] with size [510x384]
01-17 14:21:11.803 27629 27629 W Glide : class ach: Failed to load resource
01-17 14:21:11.803 27629 27629 W Glide : Cause (1 of 1): class ach: Fetching data failed, class java.io.InputStream, REMOTE
01-17 14:21:11.803 27629 27629 W Glide : Cause (1 of 1): class aam: Failed executing request through HttpExecutor
01-17 14:21:11.817 2511 2522 W System : ClassLoader referenced unknown path: /data/user_de/0/com.google.android.gms/app_chimera/m/0000000f/n/arm64-v8a
01-17 14:21:11.817 3768 5642 D DevicePolicyManagerService: PfW getPlayForWorkProxy() 0
01-17 14:21:11.821 3768 5642 D DevicePolicyManagerService: PfW getPlayForWorkProxy() flags & FLAG_ALLOW_PROXY_FOR_PFW 0
01-17 14:21:11.821 3768 5642 D DevicePolicyManagerService: PfW getPlayForWorkProxy() flag 0 does not allow PfW
01-17 14:21:11.831 2511 2559 D NetworkSecurityConfig: No Network Security Config specified, using platform default
01-17 14:21:11.834 3768 3993 D InputReader: Input event(4): value=1 when=126511100569000
01-17 14:21:11.834 3768 3993 D InputReader: Input event(4): value=1 when=126511100569000
01-17 14:21:11.834 3768 3993 I InputReader: Touch event's action is 0x0 (deviceType=0) [pCnt=1, s=0.39027 ] when=126511100569000
01-17 14:21:11.834 3768 3993 D InputReader: lastThreadEndTime = 126508465009415, currentThreadStartTime = 126508465013107, diff = 0
01-17 14:21:11.834 3768 3992 I InputDispatcher: Delivering touch to (4222): action: 0x4, toolType: 1
01-17 14:21:11.834 3768 3992 I InputDispatcher: Delivering touch to (27629): action: 0x0, toolType: 1
01-17 14:21:11.834 27629 27629 D ViewRootImpl@b6d739a[DocListActivity]: ViewPostImeInputStage processPointer 0
01-17 14:21:11.875 3768 3847 I SamsungAlarmManager: setLocked to kernel - T:2 / 20180117T142406, SetElapsed=307057135, nowELAPSED=306882372
01-17 14:21:11.875 3768 3847 D SamsungAlarmManager: setExact Listener (T:2/F:0/AC:false) 20180117T142121 - CU:1000/CP:3768
01-17 14:21:11.875 3768 3847 I SamsungAlarmManager: setLocked to kernel - T:2 / 20180117T142121, SetElapsed=306891764, nowELAPSED=306882373
01-17 14:21:11.878 3768 3847 D SamsungAlarmManager: setInexact Listener (T:2/F:0/AC:false) 20180117T143955 - CU:1000/CP:3768
01-17 14:21:11.907 2511 2537 W linker : /data/app/com.google.android.gms-2/lib/arm64/libconscrypt_gmscore_jni.so: unused DT entry: type 0xf arg 0x8a
01-17 14:21:11.907 2511 2537 V NativeCrypto: Registering com/google/android/gms/org/conscrypt/NativeCrypto's 276 native methods...
01-17 14:21:11.910 27629 27629 D InputMethodManager: HSI from window - flag : 0 Pid : 27629
01-17 14:21:11.911 3768 8541 D InputMethodManagerService: mDesktopModeManager null!
01-17 14:21:11.913 3768 7202 D CustomFrequencyManagerService: acquireDVFSLockLocked : type : DVFS_MIN_LIMIT frequency : 728000 uid : 1000 pid : 3768 pkgName : LISTVIEW_SCROLL@CPU_MIN@43
01-17 14:21:11.920 2511 2537 I ProviderInstaller: Installed default security provider GmsCore_OpenSSL
01-17 14:21:11.929 3768 5291 D DevicePolicyManagerService: PfW getPlayForWorkProxy() 0
01-17 14:21:11.931 3768 5291 D DevicePolicyManagerService: PfW getPlayForWorkProxy() flags & FLAG_ALLOW_PROXY_FOR_PFW 0
01-17 14:21:11.931 3768 5291 D DevicePolicyManagerService: PfW getPlayForWorkProxy() flag 0 does not allow PfW
01-17 14:21:11.937 3768 5702 D MountService: getExternalStorageMountMode : 1
01-17 14:21:11.937 3768 5702 D MountService: getExternalStorageMountMode : 3
01-17 14:21:11.937 3768 5702 D MountService: getExternalStorageMountMode : final mountMode=1, uid : 10216, packageName : com.google.android.apps.docs.editors.slides
01-17 14:21:11.942 3768 3993 D InputReader: Input event(4): value=0 when=126511209374000
01-17 14:21:11.942 3768 3993 D InputReader: Input event(4): value=0 when=126511209374000
01-17 14:21:11.942 3768 3993 I InputReader: Touch event's action is 0x1 (deviceType=0) [pCnt=1, s=] when=126511209374000
01-17 14:21:11.943 3768 3992 I InputDispatcher: Delivering touch to (27629): action: 0x1, toolType: 1
01-17 14:21:11.944 27629 27629 D ViewRootImpl@b6d739a[DocListActivity]: ViewPostImeInputStage processPointer 1
01-17 14:21:11.945 3768 7202 D CustomFrequencyManagerService: releaseDVFSLockLocked : Getting Lock type frm List : DVFS_MIN_LIMIT frequency : 728000 uid : 1000 pid : 3768 tag : LISTVIEW_SCROLL@CPU_MIN@43
01-17 14:21:11.949 2570 2570 E Zygote : v2
01-17 14:21:11.949 2570 2570 I libpersona: KNOX_SDCARD checking this for 10216
01-17 14:21:11.949 2570 2570 I libpersona: KNOX_SDCARD not a persona
01-17 14:21:11.949 2570 2570 E Zygote : accessInfo : 0
01-17 14:21:11.950 2570 2570 W SELinux : SELinux selinux_android_compute_policy_index : Policy Index[2], Con:u:r:zygote:s0 SPD:SEPF_SECMOBILE_7.0_0006 RAM:SEPF_SECMOBILE_7.0_0009, [-1 -1 -9 -1 0 1]
01-17 14:21:11.951 2570 2570 I SELinux : SELinux: seapp_context_lookup: seinfo=untrusted, level=s0:c512,c768, pkgname=com.google.android.apps.docs.editors.slides
01-17 14:21:11.985 3768 5702 I ActivityManager: Start proc 2570:com.google.android.apps.docs.editors.slides/u0a216 for content provider com.google.android.apps.docs.editors.slides/com.google.android.apps.docs.doclist.statesyncer.CrossAppStateProvider
01-17 14:21:11.988 3768 7202 D GameManagerService: identifyGamePackage. com.google.android.apps.docs
01-17 14:21:11.988 3768 7202 D CustomFrequencyManagerService: acquireDVFSLockLocked : type : DVFS_MIN_LIMIT frequency : 728000 uid : 1000 pid : 3768 pkgName : GESTURE_DETECTED@CPU_MIN@36
01-17 14:21:12.000 2570 2570 D TimaKeyStoreProvider: TimaSignature is unavailable
01-17 14:21:12.001 2570 2570 D ActivityThread: Added TimaKeyStore provider
01-17 14:21:12.002 3768 5298 I ActivityManager: DSS on for com.google.android.apps.docs.editors.slides and scale is 1.0
01-17 14:21:12.003 3768 3847 I SamsungAlarmManager: setLocked to kernel - T:2 / 20180117T142406, SetElapsed=307057135, nowELAPSED=306882500
01-17 14:21:12.003 3768 3847 D SamsungAlarmManager: setInexact Listener (T:2/F:0/AC:false) 20180117T142428 - CU:1000/CP:3768
01-17 14:21:12.006 3768 3847 D SamsungAlarmManager: setInexact Listener (T:2/F:0/AC:false) 20180117T143955 - CU:1000/CP:3768
01-17 14:21:12.063 3768 4050 D WindowManager: addWindow: android.view.IWindow$Stub$Proxy@bf3dd6a displayId=0
01-17 14:21:12.064 3768 4050 D InputTransport: Input channel constructed: fd=490
01-17 14:21:12.064 3768 4050 D InputTransport: Input channel constructed: fd=493
01-17 14:21:12.065 2570 2570 I art : Starting a blocking GC AddRemoveAppImageSpace
01-17 14:21:12.066 3768 3849 D WindowManager: set systemUiVisibility of statusbar : vis= 0x8
01-17 14:21:12.067 3768 4050 D InputDispatcher: Focus left window: 27629
01-17 14:21:12.067 3768 4050 D InputDispatcher: Focus entered window: 27629
01-17 14:21:12.068 3768 4050 D InputTransport: Input channel destroyed: fd=493
01-17 14:21:12.068 27629 27629 D InputTransport: Input channel constructed: fd=109
01-17 14:21:12.069 27629 27629 D ViewRootImpl@15bf293[DocListActivity]: setView = DecorView@8c142d0[] touchMode=true
01-17 14:21:12.076 3768 4960 D WindowManager: adjustSystemUiVisibilityLw : vis= 0x8
01-17 14:21:12.078 3768 4020 V WindowManager: Relayout Window{f27aaf8d0 u0 com.google.android.apps.docs/com.google.android.apps.docs.doclist.activity.DocListActivity}: viewVisibility=0 req=228x387 WM.LayoutParams{(0,0)(wrapxwrap) gr=#11 sim=#120 ty=2 fl=#1800000 fmt=-2 wanim=0x1030002 needsMenuKey=2 naviIconColor=0}
01-17 14:21:12.079 3197 3197 I SurfaceFlinger: id=10406 createSurf (1x1),1 flag=4, EocListActi
01-17 14:21:12.097 27629 28149 D mali_winsys: EGLint new_window_surface(egl_winsys_display*, void*, EGLSurface, EGLConfig, egl_winsys_surface**, egl_color_buffer_format*, EGLBoolean) returns 0x3000, [228x387]-format:1
01-17 14:21:12.099 27629 27629 D ViewRootImpl@15bf293[DocListActivity]: MSG_WINDOW_FOCUS_CHANGED 1
01-17 14:21:12.100 27629 27629 V InputMethodManager: Starting input: tba=android.view.inputmethod.EditorInfo@82d210b nm : com.google.android.apps.docs ic=null
01-17 14:21:12.100 27629 27629 I InputMethodManager: [IMM] startInputInner - mService.startInputOrWindowGainedFocus
01-17 14:21:12.100 3768 7004 D InputMethodManagerService: windowGainedFocus mCurrentFocusedUserId - 0 and mSecureKeypadEnabled-false
01-17 14:21:12.101 3768 7004 D InputMethodManagerService: mDesktopModeManager null!
01-17 14:21:12.101 3768 7004 D InputTransport: Input channel constructed: fd=527
01-17 14:21:12.101 3768 7004 D InputTransport: Input channel destroyed: fd=527
01-17 14:21:12.102 30084 30084 I GoogleInputMethod: onFinishInput() : Dummy InputConnection bound
01-17 14:21:12.102 30084 30084 I GoogleInputMethod: onStartInput() : Dummy InputConnection bound
01-17 14:21:12.102 27629 27629 D InputTransport: Input channel constructed: fd=112
01-17 14:21:12.103 27629 27629 D InputTransport: Input channel destroyed: fd=101
01-17 14:21:12.123 3768 5305 D WindowManager: finishDrawingWindow: Window{f27aaf8d0 u0 com.google.android.apps.docs/com.google.android.apps.docs.doclist.activity.DocListActivity} mDrawState=DRAW_PENDING
01-17 14:21:12.127 27629 28345 W ktx : Application name is not set. Call Builder#setApplicationName.
01-17 14:21:12.129 27629 27629 D ViewRootImpl@15bf293[DocListActivity]: dispatchDetachedFromWindow
01-17 14:21:12.133 3768 5316 I WindowManager_SurfaceController: Destroying surface Surface(name=com.google.android.apps.docs/com.google.android.apps.docs.doclist.activity.DocListActivity) called by com.android.server.wm.WindowStateAnimator.destroySurface:2840 com.android.server.wm.WindowStateAnimator.destroySurfaceLocked:1070 com.android.server.wm.WindowState.removeLocked:1783 com.android.server.wm.WindowManagerService.removeWindowInnerLocked:2889 com.android.server.wm.WindowManagerService.removeWindowLocked:2829 com.android.server.wm.WindowManagerService.removeWindowLocked:2654 com.android.server.wm.WindowManagerService.removeWindow:2649 com.android.server.wm.Session.remove:218
01-17 14:21:12.133 3197 3995 I SurfaceFlinger: id=10406 Removed EocListActi (6/8)
01-17 14:21:12.133 3197 29886 I SurfaceFlinger: id=10406 Removed EocListActi (-2/8)
01-17 14:21:12.134 3768 5316 D InputDispatcher: Focus left window: 27629
01-17 14:21:12.134 3768 5316 D InputTransport: Input channel destroyed: fd=490
01-17 14:21:12.135 3768 5316 D InputDispatcher: Focus entered window: 27629
01-17 14:21:12.135 3768 3849 D WindowManager: set systemUiVisibility of statusbar : vis= 0x708
01-17 14:21:12.136 3768 3888 D KnoxTimeoutHandler: notifyActivityDrawn [MsgParam] userId: 0 fullscreen is true showWhenlocked is false isMutiwindowRecord is false multiwindowstyle is 1
01-17 14:21:12.136 27629 27629 D InputTransport: Input channel destroyed: fd=109
01-17 14:21:12.137 27629 27629 E ViewRootImpl: sendUserActionEvent() mView == null
01-17 14:21:12.141 3768 3768 D KnoxTimeoutHandler: activityDrawn [MsgParam] userId: 0 fullscreen is true showWhenlocked is false isMutiwindowRecord is false multiwindowstyle is 1
01-17 14:21:12.143 3768 3768 I KnoxTimeoutHandler: SD activityfalse
01-17 14:21:12.143 3768 3768 I KnoxTimeoutHandler: Fullscreen and mCurrent is not KNOX user. Hence hide keyguard
01-17 14:21:12.144 3768 4050 D WindowManager: adjustSystemUiVisibilityLw : vis= 0x708
01-17 14:21:12.144 27629 27629 D TextView: setTypeface with style : 0
01-17 14:21:12.147 2570 2570 D ContextRelationMgrBrdg: loadKlass() : caller=com.samsung.android.bridge.multiscreen.common.ContextRelationManagerBridge.:28 android.app.LoadedApk.makeApplication:840
01-17 14:21:12.188 27629 27629 E ViewRootImpl: sendUserActionEvent() mView == null
01-17 14:21:12.188 27629 27629 D ViewRootImpl@b6d739a[DocListActivity]: MSG_WINDOW_FOCUS_CHANGED 1
01-17 14:21:12.190 27629 27629 V InputMethodManager: Starting input: tba=android.view.inputmethod.EditorInfo@27800eb nm : com.google.android.apps.docs ic=null
01-17 14:21:12.190 27629 27629 I InputMethodManager: [IMM] startInputInner - mService.startInputOrWindowGainedFocus
01-17 14:21:12.191 3768 4054 D InputMethodManagerService: windowGainedFocus mCurrentFocusedUserId - 0 and mSecureKeypadEnabled-false
01-17 14:21:12.191 3768 4054 D InputMethodManagerService: mDesktopModeManager null!
01-17 14:21:12.191 3768 4054 D InputTransport: Input channel constructed: fd=490
01-17 14:21:12.192 3768 4054 D InputTransport: Input channel destroyed: fd=490
01-17 14:21:12.192 27629 27629 D InputTransport: Input channel constructed: fd=101
01-17 14:21:12.192 27629 27629 D InputTransport: Input channel destroyed: fd=112
01-17 14:21:12.192 30084 30084 I GoogleInputMethod: onFinishInput() : Dummy InputConnection bound
01-17 14:21:12.193 30084 30084 I GoogleInputMethod: onStartInput() : Dummy InputConnection bound
01-17 14:21:12.209 27629 27629 D TextView: setTypeface with style : 0
01-17 14:21:12.228 3768 3847 D SamsungAlarmManager: setExact Listener (T:2/F:0/AC:false) 20180117T142122 - CU:1000/CP:3768
01-17 14:21:12.228 3768 3847 I SamsungAlarmManager: setLocked to kernel - T:2 / 20180117T142122, SetElapsed=306892658, nowELAPSED=306882726
01-17 14:21:12.250 27629 27629 W View : requestLayout() improperly called by android.widget.FrameLayout{7e1b978 V.E...... ......ID 0,144-1080,660} during layout: running second layout pass
01-17 14:21:12.250 27629 27629 I ViewRootImpl@b6d739a[DocListActivity]: requestLayout is already in process
01-17 14:21:12.269 3768 5317 D DevicePolicyManagerService: PfW getPlayForWorkProxy() 0
01-17 14:21:12.270 3768 5317 D DevicePolicyManagerService: PfW getPlayForWorkProxy() flags & FLAG_ALLOW_PROXY_FOR_PFW 0
01-17 14:21:12.270 3768 5317 D DevicePolicyManagerService: PfW getPlayForWorkProxy() flag 0 does not allow PfW
01-17 14:21:12.352 2570 2591 I GAv4 : Google Analytics 11.0.11 is starting up. To enable debug logging on a device run:
01-17 14:21:12.352 2570 2591 I GAv4 : adb shell setprop log.tag.GAv4 DEBUG
01-17 14:21:12.352 2570 2591 I GAv4 : adb logcat -s GAv4
01-17 14:21:12.361 3768 5648 D SamsungAlarmManager: Cancel Alarm calling from uid:10216 pid :2570 / op:PendingIntent{c39f84b: PendingIntentRecord{357c228 com.google.android.apps.docs.editors.slides broadcastIntent}}
01-17 14:21:12.364 2570 2594 W GAv4 : AnalyticsReceiver is not registered or is disabled. Register the receiver for reliable dispatching on non-Google Play devices. See http://goo.gl/8Rd3yj for instructions.
01-17 14:21:12.365 2570 2594 W GAv4 : CampaignTrackingReceiver is not registered, not exported or is disabled. Installation campaign tracking is not possible. See http://goo.gl/8Rd3yj for instructions.
01-17 14:21:12.366 2570 2594 W GAv4 : AnalyticsService not registered in the app manifest. Hits might not be delivered reliably. See http://goo.gl/8Rd3yj for instructions.
01-17 14:21:12.368 3768 4050 D DevicePolicyManagerService: PfW getPlayForWorkProxy() 0
01-17 14:21:12.368 3768 4050 D DevicePolicyManagerService: PfW getPlayForWorkProxy() flags & FLAG_ALLOW_PROXY_FOR_PFW 0
01-17 14:21:12.368 3768 4050 D DevicePolicyManagerService: PfW getPlayForWorkProxy() flag 0 does not allow PfW
01-17 14:21:12.377 2570 2570 W FieldDefinition: Ignoring isIndexed constraint as field also has uniqueness constraint (on just this field, and therefore SQLite will have to create an index on that. For field: com.google.android.apps.docs.database.common.FieldDefinition$a@72ede1b
01-17 14:21:12.469 3768 3793 D DevicePolicyManagerService: PfW getPlayForWorkProxy() 0
01-17 14:21:12.470 2570 2581 W DynamiteModule: Local module descriptor class for com.google.android.gms.googlecertificates not found.
01-17 14:21:12.470 3768 3793 D DevicePolicyManagerService: PfW getPlayForWorkProxy() flags & FLAG_ALLOW_PROXY_FOR_PFW 0
01-17 14:21:12.470 3768 3793 D DevicePolicyManagerService: PfW getPlayForWorkProxy() flag 0 does not allow PfW
01-17 14:21:12.479 3768 5305 D DevicePolicyManagerService: PfW getPlayForWorkProxy() 0
01-17 14:21:12.480 3768 5305 D DevicePolicyManagerService: PfW getPlayForWorkProxy() flags & FLAG_ALLOW_PROXY_FOR_PFW 0
01-17 14:21:12.480 3768 5305 D DevicePolicyManagerService: PfW getPlayForWorkProxy() flag 0 does not allow PfW
01-17 14:21:12.482 2570 2581 W System : ClassLoader referenced unknown path:
01-17 14:21:12.492 3768 4032 D DevicePolicyManagerService: PfW getPlayForWorkProxy() 0
01-17 14:21:12.494 3768 4032 D DevicePolicyManagerService: PfW getPlayForWorkProxy() flags & FLAG_ALLOW_PROXY_FOR_PFW 0
01-17 14:21:12.494 3768 4032 D DevicePolicyManagerService: PfW getPlayForWorkProxy() flag 0 does not allow PfW
01-17 14:21:12.498 2570 2581 W System : ClassLoader referenced unknown path: /data/user_de/0/com.google.android.gms/app_chimera/m/0000000f/n/arm64-v8a
01-17 14:21:12.507 3768 8541 D DevicePolicyManagerService: PfW getPlayForWorkProxy() 0
01-17 14:21:12.510 3768 8541 D DevicePolicyManagerService: PfW getPlayForWorkProxy() flags & FLAG_ALLOW_PROXY_FOR_PFW 0
01-17 14:21:12.510 3768 8541 D DevicePolicyManagerService: PfW getPlayForWorkProxy() flag 0 does not allow PfW
01-17 14:21:12.556 3312 3866 D EnterpriseController: netId is 0
01-17 14:21:12.556 3312 3866 D Netd : getNetworkForDns: using netid 551 for uid 10216
01-17 14:21:12.557 3312 3866 D DnsProxyListener: DNSDBG::dns addrinfo af 0
01-17 14:21:12.577 27471 27488 D [ACT]:ao: processing priority = NORMAL
01-17 14:21:12.580 27443 27465 D [ACT]:ao: processing priority = NORMAL
01-17 14:21:12.589 2570 2614 D NetworkSecurityConfig: No Network Security Config specified, using platform default
01-17 14:21:12.775 3768 4072 D ConnectivityService: updateCapabilities: oldCap = [ Transports: WIFI Capabilities: NOT_METERED&INTERNET&NOT_RESTRICTED&TRUSTED&NOT_VPN&VALIDATED LinkUpBandwidth>=1048576Kbps LinkDnBandwidth>=1048576Kbps SignalStrength: -63], newCap = [ Transports: WIFI Capabilities: NOT_METERED&INTERNET&NOT_RESTRICTED&TRUSTED&NOT_VPN LinkUpBandwidth>=1048576Kbps LinkDnBandwidth>=1048576Kbps SignalStrength: -66]
01-17 14:21:12.775 3768 4072 D ConnectivityService: rematching NetworkAgentInfo [WIFI () - 551]
01-17 14:21:12.775 3768 4072 D ConnectivityService: network has: [ Transports: WIFI Capabilities: NOT_METERED&INTERNET&NOT_RESTRICTED&TRUSTED&NOT_VPN&VALIDATED LinkUpBandwidth>=1048576Kbps LinkDnBandwidth>=1048576Kbps SignalStrength: -66]
01-17 14:21:12.775 3768 4072 D ConnectivityService: checking if request is satisfied: NetworkRequest [ id=926, legacyType=-1, [ Capabilities: INTERNET&NOT_RESTRICTED&TRUSTED] ]
01-17 14:21:12.775 3768 4072 D ConnectivityService: checking if request is satisfied: NetworkRequest [ id=627, legacyType=-1, [ Capabilities: INTERNET&NOT_RESTRICTED&TRUSTED] ]
01-17 14:21:12.775 3768 4072 D ConnectivityService: checking if request is satisfied: NetworkRequest [ id=64, legacyType=-1, [ Capabilities: INTERNET&NOT_RESTRICTED&TRUSTED] ]
01-17 14:21:12.775 3768 4072 D ConnectivityService: checking if request is satisfied: NetworkRequest [ id=8, legacyType=-1, [ Transports: WIFI Capabilities: INTERNET&NOT_RESTRICTED&TRUSTED&NOT_VPN] ]
01-17 14:21:12.775 3768 4072 D ConnectivityService: checking if request is satisfied: NetworkRequest [ id=63, legacyType=-1, [ Capabilities: INTERNET&NOT_RESTRICTED&TRUSTED] ]
01-17 14:21:12.775 3768 4072 D ConnectivityService: Network NetworkAgentInfo [WIFI () - 551] was already satisfying request 1. No change.
01-17 14:21:12.775 3768 4072 D ConnectivityService: checking if request is satisfied: NetworkRequest [ id=1252, legacyType=-1, [ Capabilities: INTERNET&NOT_RESTRICTED&TRUSTED] ]
01-17 14:21:12.775 3768 4072 D ConnectivityService: checking if request is satisfied: NetworkRequest [ id=3, legacyType=-1, [] ]
01-17 14:21:12.775 3768 4072 D ConnectivityService: checking if request is satisfied: NetworkRequest [ id=903, legacyType=-1, [ Transports: CELLULAR Capabilities: IMS&TRUSTED&NOT_VPN] ]
01-17 14:21:12.775 3768 4072 D ConnectivityService: checking if request is satisfied: NetworkRequest [ id=5, legacyType=-1, [] ]
01-17 14:21:12.776 3768 4072 D ConnectivityService: checking if request is satisfied: NetworkRequest [ id=628, legacyType=-1, [ Capabilities: INTERNET&NOT_RESTRICTED&TRUSTED] ]
01-17 14:21:12.776 3768 4072 D ConnectivityService: checking if request is satisfied: NetworkRequest [ id=4, legacyType=-1, [ Transports: WIFI Capabilities: INTERNET&NOT_RESTRICTED&TRUSTED&NOT_VPN] ]
01-17 14:21:12.776 3768 4072 D ConnectivityService: checking if request is satisfied: NetworkRequest [ id=9, legacyType=-1, [ Transports: CELLULAR|WIFI Capabilities: NOT_RESTRICTED&TRUSTED&NOT_VPN] ]
01-17 14:21:12.776 3768 4072 D ConnectivityService: checking if request is satisfied: NetworkRequest [ id=787, legacyType=-1, [ Capabilities: INTERNET&NOT_RESTRICTED&TRUSTED] ]
01-17 14:21:12.776 3768 4072 D ConnectivityService: checking if request is satisfied: NetworkRequest [ id=19, legacyType=-1, [ Capabilities: INTERNET&NOT_RESTRICTED&TRUSTED] ]
01-17 14:21:12.776 3768 4072 D ConnectivityService: checking if request is satisfied: NetworkRequest [ id=1250, legacyType=-1, [ Capabilities: INTERNET&NOT_RESTRICTED&TRUSTED] ]
01-17 14:21:12.776 3768 4072 D ConnectivityService: checking if request is satisfied: NetworkRequest [ id=7, legacyType=-1, [ Transports: CELLULAR Capabilities: INTERNET&NOT_RESTRICTED&TRUSTED&NOT_VPN] ]
01-17 14:21:12.776 3768 4072 D ConnectivityService: checking if request is satisfied: NetworkRequest [ id=1210, legacyType=-1, [ Transports: WIFI Capabilities: INTERNET&NOT_RESTRICTED&TRUSTED&NOT_VPN] ]
01-17 14:21:12.776 3768 4072 D ConnectivityService: checking if request is satisfied: NetworkRequest [ id=6, legacyType=-1, [ Transports: WIFI Capabilities: INTERNET&NOT_RESTRICTED&TRUSTED&NOT_VPN] ]
01-17 14:21:12.776 3768 4072 D ConnectivityService: checking if request is satisfied: NetworkRequest [ id=1262, legacyType=-1, [ Capabilities: INTERNET&NOT_RESTRICTED&TRUSTED] ]
01-17 14:21:12.776 3768 4072 D ConnectivityService: checking if request is satisfied: NetworkRequest [ id=639, legacyType=-1, [ Capabilities: INTERNET&NOT_RESTRICTED&TRUSTED&NOT_VPN] ]
01-17 14:21:12.776 3768 4072 D ConnectivityService: checking if request is satisfied: NetworkRequest [ id=1271, legacyType=-1, [ Capabilities: INTERNET&NOT_RESTRICTED&TRUSTED] ]
01-17 14:21:12.776 3768 4072 D ConnectivityService: checking if request is satisfied: NetworkRequest [ id=12, legacyType=-1, [ Transports: WIFI Capabilities: INTERNET&NOT_RESTRICTED&TRUSTED&NOT_VPN] ]
01-17 14:21:12.776 3768 4072 D ConnectivityService: checking if request is satisfied: NetworkRequest [ id=1261, legacyType=-1, [ Capabilities: INTERNET&NOT_RESTRICTED&TRUSTED] ]
