D/AndroidRuntime(11358): CheckJNI is OFF
D/AndroidRuntime(11358): Calling main entry com.android.commands.am.Am
D/AndroidRuntime(11358): Shutting down VM
D/OpenGLRenderer( 5767): Use EGL_SWAP_BEHAVIOR_PRESERVED: true
D/Atlas ( 5767): Validating map...
I/Adreno-EGL( 5767): : QUALCOMM Build: 01/14/15, ab0075f, Id3510ff6dc
I/OpenGLRenderer( 5767): Initialized EGL, version 1.4
D/OpenGLRenderer( 5767): Enabling debug mode 0
V/RenderScript( 5767): Application requested CPU execution
V/RenderScript( 5767): 0xaec0d800 Launching thread(s), CPUs 4
E/NetlinkListener( 182): recvmsg failed (I/O error)
E/NetlinkListener( 173): recvmsg failed (I/O error)
E/NetlinkListener( 182): recvmsg failed (I/O error)
E/NetlinkListener( 173): recvmsg failed (I/O error)
D/QSEECOMD: (11410): qseecom listener services process entry PPID = 1
E/QSEECOMD: (11410): Listener: index = 0, hierarchy = 0
E/QSEECOMD: (11410): Init dlopen(librpmb.so, RLTD_NOW) is failed....
E/QSEECOMD: (11410): ERROR: RPMB_INIT failed, shall not start listener services
E/NetlinkListener( 182): recvmsg failed (I/O error)
E/NetlinkListener( 173): recvmsg failed (I/O error)
D/QSEECOMD: (11416): qseecom listener services process entry PPID = 1
E/QSEECOMD: (11416): Listener: index = 0, hierarchy = 0
E/QSEECOMD: (11416): Init dlopen(librpmb.so, RLTD_NOW) is failed....
E/QSEECOMD: (11416): ERROR: RPMB_INIT failed, shall not start listener services
D/Tethering( 719): TetherModeAliveState.processMessage what=4
D/ConnectivityManager( 719): renewing startUsingNetworkFeature request NetworkRequest [ id=3, legacyType=4, [ Transports: CELLULAR Capabilities: DUN&NOT_RESTRICTED&TRUSTED&NOT_VPN] ]
D/ConnectivityManager( 719): renewing request to seqNum 207
D/ConnectivityManager( 719): sending expire msg with seqNum 207 and delay 60000
D/QSEECOMD: (11419): qseecom listener services process entry PPID = 1
E/QSEECOMD: (11419): Listener: index = 0, hierarchy = 0
E/QSEECOMD: (11419): Init dlopen(librpmb.so, RLTD_NOW) is failed....
E/QSEECOMD: (11419): ERROR: RPMB_INIT failed, shall not start listener services
D/QSEECOMD: (11421): qseecom listener services process entry PPID = 1
E/QSEECOMD: (11421): Listener: index = 0, hierarchy = 0
E/QSEECOMD: (11421): Init dlopen(librpmb.so, RLTD_NOW) is failed....
E/QSEECOMD: (11421): ERROR: RPMB_INIT failed, shall not start listener services
D/QSEECOMD: (11424): qseecom listener services process entry PPID = 1
E/QSEECOMD: (11424): Listener: index = 0, hierarchy = 0
E/QSEECOMD: (11424): Init dlopen(librpmb.so, RLTD_NOW) is failed....
E/QSEECOMD: (11424): ERROR: RPMB_INIT failed, shall not start listener services
V/MusicFXControlPanelReceiver( 2210): onReceive
V/MusicFXControlPanelReceiver( 2210): Action: android.media.action.CLOSE_AUDIO_EFFECT_CONTROL_SESSION
V/MusicFXControlPanelReceiver( 2210): Package name: com.android.music
V/MusicFXControlPanelReceiver( 2210): Audio session: 51
V/MusicFXControlPanelEffect( 2210): closeSession(android.app.ReceiverRestrictedContext@1751122c, com.android.music, 51)
I/MediaFocusControl( 719): AudioFocus abandonAudioFocus() from android.media.AudioManager@1dd85590com.android.music.MediaPlaybackService$3@1c8e7e89
D/QSEECOMD: (11426): qseecom listener services process entry PPID = 1
E/QSEECOMD: (11426): Listener: index = 0, hierarchy = 0
E/QSEECOMD: (11426): Init dlopen(librpmb.so, RLTD_NOW) is failed....
E/QSEECOMD: (11426): ERROR: RPMB_INIT failed, shall not start listener services
D/ConnectivityManager.CallbackHandler( 719): CM callback handler got msg 524298
D/ConnectivityManager( 719): expireRequest with 207, 206
D/QSEECOMD: (11429): qseecom listener services process entry PPID = 1
E/QSEECOMD: (11429): Listener: index = 0, hierarchy = 0
E/QSEECOMD: (11429): Init dlopen(librpmb.so, RLTD_NOW) is failed....
E/QSEECOMD: (11429): ERROR: RPMB_INIT failed, shall not start listener services
D/QSEECOMD: (11431): qseecom listener services process entry PPID = 1
E/QSEECOMD: (11431): Listener: index = 0, hierarchy = 0
E/QSEECOMD: (11431): Init dlopen(librpmb.so, RLTD_NOW) is failed....
E/QSEECOMD: (11431): ERROR: RPMB_INIT failed, shall not start listener services
D/QSEECOMD: (11434): qseecom listener services process entry PPID = 1
E/QSEECOMD: (11434): Listener: index = 0, hierarchy = 0
E/QSEECOMD: (11434): Init dlopen(librpmb.so, RLTD_NOW) is failed....
E/QSEECOMD: (11434): ERROR: RPMB_INIT failed, shall not start listener services
D/QSEECOMD: (11436): qseecom listener services process entry PPID = 1
E/QSEECOMD: (11436): Listener: index = 0, hierarchy = 0
E/QSEECOMD: (11436): Init dlopen(librpmb.so, RLTD_NOW) is failed....
E/QSEECOMD: (11436): ERROR: RPMB_INIT failed, shall not start listener services
E/NetlinkListener( 182): recvmsg failed (I/O error)
E/NetlinkListener( 173): recvmsg failed (I/O error)
D/Tethering( 719): TetherModeAliveState.processMessage what=4
D/ConnectivityManager( 719): renewing startUsingNetworkFeature request NetworkRequest [ id=3, legacyType=4, [ Transports: CELLULAR Capabilities: DUN&NOT_RESTRICTED&TRUSTED&NOT_VPN] ]
D/ConnectivityManager( 719): renewing request to seqNum 208
D/ConnectivityManager( 719): sending expire msg with seqNum 208 and delay 60000
D/QSEECOMD: (11440): qseecom listener services process entry PPID = 1
E/QSEECOMD: (11440): Listener: index = 0, hierarchy = 0
E/QSEECOMD: (11440): Init dlopen(librpmb.so, RLTD_NOW) is failed....
E/QSEECOMD: (11440): ERROR: RPMB_INIT failed, shall not start listener services
E/NetlinkListener( 182): recvmsg failed (I/O error)
E/NetlinkListener( 173): recvmsg failed (I/O error)
D/QSEECOMD: (11443): qseecom listener services process entry PPID = 1
E/QSEECOMD: (11443): Listener: index = 0, hierarchy = 0
E/QSEECOMD: (11443): Init dlopen(librpmb.so, RLTD_NOW) is failed....
E/QSEECOMD: (11443): ERROR: RPMB_INIT failed, shall not start listener services
D/QSEECOMD: (11446): qseecom listener services process entry PPID = 1
E/QSEECOMD: (11446): Listener: index = 0, hierarchy = 0
E/QSEECOMD: (11446): Init dlopen(librpmb.so, RLTD_NOW) is failed....
E/QSEECOMD: (11446): ERROR: RPMB_INIT failed, shall not start listener services
D/QSEECOMD: (11448): qseecom listener services process entry PPID = 1
E/QSEECOMD: (11448): Listener: index = 0, hierarchy = 0
E/QSEECOMD: (11448): Init dlopen(librpmb.so, RLTD_NOW) is failed....
E/QSEECOMD: (11448): ERROR: RPMB_INIT failed, shall not start listener services
D/ConnectivityManager.CallbackHandler( 719): CM callback handler got msg 524298
D/ConnectivityManager( 719): expireRequest with 208, 207
D/QSEECOMD: (11451): qseecom listener services process entry PPID = 1
E/QSEECOMD: (11451): Listener: index = 0, hierarchy = 0
E/QSEECOMD: (11451): Init dlopen(librpmb.so, RLTD_NOW) is failed....
E/QSEECOMD: (11451): ERROR: RPMB_INIT failed, shall not start listener services
D/QSEECOMD: (11453): qseecom listener services process entry PPID = 1
E/QSEECOMD: (11453): Listener: index = 0, hierarchy = 0
E/QSEECOMD: (11453): Init dlopen(librpmb.so, RLTD_NOW) is failed....
E/QSEECOMD: (11453): ERROR: RPMB_INIT failed, shall not start listener services
D/QSEECOMD: (11456): qseecom listener services process entry PPID = 1
E/QSEECOMD: (11456): Listener: index = 0, hierarchy = 0
E/QSEECOMD: (11456): Init dlopen(librpmb.so, RLTD_NOW) is failed....
E/QSEECOMD: (11456): ERROR: RPMB_INIT failed, shall not start listener services
D/QSEECOMD: (11458): qseecom listener services process entry PPID = 1
E/QSEECOMD: (11458): Listener: index = 0, hierarchy = 0
E/QSEECOMD: (11458): Init dlopen(librpmb.so, RLTD_NOW) is failed....
E/QSEECOMD: (11458): ERROR: RPMB_INIT failed, shall not start listener services
D/Tethering( 719): TetherModeAliveState.processMessage what=4
D/ConnectivityManager( 719): renewing startUsingNetworkFeature request NetworkRequest [ id=3, legacyType=4, [ Transports: CELLULAR Capabilities: DUN&NOT_RESTRICTED&TRUSTED&NOT_VPN] ]
D/ConnectivityManager( 719): renewing request to seqNum 209
D/ConnectivityManager( 719): sending expire msg with seqNum 209 and delay 60000
D/QSEECOMD: (11461): qseecom listener services process entry PPID = 1
E/QSEECOMD: (11461): Listener: index = 0, hierarchy = 0
E/QSEECOMD: (11461): Init dlopen(librpmb.so, RLTD_NOW) is failed....
E/QSEECOMD: (11461): ERROR: RPMB_INIT failed, shall not start listener services
D/QSEECOMD: (11463): qseecom listener services process entry PPID = 1
E/QSEECOMD: (11463): Listener: index = 0, hierarchy = 0
E/QSEECOMD: (11463): Init dlopen(librpmb.so, RLTD_NOW) is failed....
E/QSEECOMD: (11463): ERROR: RPMB_INIT failed, shall not start listener services
D/QSEECOMD: (11466): qseecom listener services process entry PPID = 1
E/QSEECOMD: (11466): Listener: index = 0, hierarchy = 0
E/QSEECOMD: (11466): Init dlopen(librpmb.so, RLTD_NOW) is failed....
E/QSEECOMD: (11466): ERROR: RPMB_INIT failed, shall not start listener services
D/QSEECOMD: (11468): qseecom listener services process entry PPID = 1
E/QSEECOMD: (11468): Listener: index = 0, hierarchy = 0
E/QSEECOMD: (11468): Init dlopen(librpmb.so, RLTD_NOW) is failed....
E/QSEECOMD: (11468): ERROR: RPMB_INIT failed, shall not start listener services
D/ConnectivityManager.CallbackHandler( 719): CM callback handler got msg 524298
D/ConnectivityManager( 719): expireRequest with 209, 208
D/QSEECOMD: (11471): qseecom listener services process entry PPID = 1
E/QSEECOMD: (11471): Listener: index = 0, hierarchy = 0
E/QSEECOMD: (11471): Init dlopen(librpmb.so, RLTD_NOW) is failed....
E/QSEECOMD: (11471): ERROR: RPMB_INIT failed, shall not start listener services
D/QSEECOMD: (11473): qseecom listener services process entry PPID = 1
E/QSEECOMD: (11473): Listener: index = 0, hierarchy = 0
E/QSEECOMD: (11473): Init dlopen(librpmb.so, RLTD_NOW) is failed....
E/QSEECOMD: (11473): ERROR: RPMB_INIT failed, shall not start listener services
D/QSEECOMD: (11476): qseecom listener services process entry PPID = 1
E/QSEECOMD: (11476): Listener: index = 0, hierarchy = 0
E/QSEECOMD: (11476): Init dlopen(librpmb.so, RLTD_NOW) is failed....
E/QSEECOMD: (11476): ERROR: RPMB_INIT failed, shall not start listener services
D/QSEECOMD: (11478): qseecom listener services process entry PPID = 1
E/QSEECOMD: (11478): Listener: index = 0, hierarchy = 0
E/QSEECOMD: (11478): Init dlopen(librpmb.so, RLTD_NOW) is failed....
E/QSEECOMD: (11478): ERROR: RPMB_INIT failed, shall not start listener services
D/Tethering( 719): TetherModeAliveState.processMessage what=4
D/ConnectivityManager( 719): renewing startUsingNetworkFeature request NetworkRequest [ id=3, legacyType=4, [ Transports: CELLULAR Capabilities: DUN&NOT_RESTRICTED&TRUSTED&NOT_VPN] ]
D/ConnectivityManager( 719): renewing request to seqNum 210
D/ConnectivityManager( 719): sending expire msg with seqNum 210 and delay 60000
D/QSEECOMD: (11481): qseecom listener services process entry PPID = 1
E/QSEECOMD: (11481): Listener: index = 0, hierarchy = 0
E/QSEECOMD: (11481): Init dlopen(librpmb.so, RLTD_NOW) is failed....
E/QSEECOMD: (11481): ERROR: RPMB_INIT failed, shall not start listener services
D/QSEECOMD: (11483): qseecom listener services process entry PPID = 1
E/QSEECOMD: (11483): Listener: index = 0, hierarchy = 0
E/QSEECOMD: (11483): Init dlopen(librpmb.so, RLTD_NOW) is failed....
E/QSEECOMD: (11483): ERROR: RPMB_INIT failed, shall not start listener services
D/QSEECOMD: (11486): qseecom listener services process entry PPID = 1
E/QSEECOMD: (11486): Listener: index = 0, hierarchy = 0
E/QSEECOMD: (11486): Init dlopen(librpmb.so, RLTD_NOW) is failed....
E/QSEECOMD: (11486): ERROR: RPMB_INIT failed, shall not start listener services
D/QSEECOMD: (11488): qseecom listener services process entry PPID = 1
E/QSEECOMD: (11488): Listener: index = 0, hierarchy = 0
E/QSEECOMD: (11488): Init dlopen(librpmb.so, RLTD_NOW) is failed....
E/QSEECOMD: (11488): ERROR: RPMB_INIT failed, shall not start listener services
E/NetlinkListener( 173): recvmsg failed (I/O error)
E/NetlinkListener( 182): recvmsg failed (I/O error)
E/NetlinkListener( 182): recvmsg failed (I/O error)
E/NetlinkListener( 173): recvmsg failed (I/O error)
D/ConnectivityManager.CallbackHandler( 719): CM callback handler got msg 524298
D/ConnectivityManager( 719): expireRequest with 210, 209
W/BackupManagerService( 719): dataChanged but no participant pkg='com.android.providers.settings' uid=1001
D/QSEECOMD: (11501): qseecom listener services process entry PPID = 1
E/QSEECOMD: (11501): Listener: index = 0, hierarchy = 0
E/QSEECOMD: (11501): Init dlopen(librpmb.so, RLTD_NOW) is failed....
E/QSEECOMD: (11501): ERROR: RPMB_INIT failed, shall not start listener services
D/QSEECOMD: (11503): qseecom listener services process entry PPID = 1
E/QSEECOMD: (11503): Listener: index = 0, hierarchy = 0
E/QSEECOMD: (11503): Init dlopen(librpmb.so, RLTD_NOW) is failed....
E/QSEECOMD: (11503): ERROR: RPMB_INIT failed, shall not start listener services
D/QSEECOMD: (11506): qseecom listener services process entry PPID = 1
E/QSEECOMD: (11506): Listener: index = 0, hierarchy = 0
E/QSEECOMD: (11506): Init dlopen(librpmb.so, RLTD_NOW) is failed....
E/QSEECOMD: (11506): ERROR: RPMB_INIT failed, shall not start listener services
E/NetlinkListener( 182): recvmsg failed (I/O error)
E/NetlinkListener( 173): recvmsg failed (I/O error)
D/QSEECOMD: (11519): qseecom listener services process entry PPID = 1
E/QSEECOMD: (11519): Listener: index = 0, hierarchy = 0
E/QSEECOMD: (11519): Init dlopen(librpmb.so, RLTD_NOW) is failed....
E/QSEECOMD: (11519): ERROR: RPMB_INIT failed, shall not start listener services
E/NetlinkListener( 182): recvmsg failed (I/O error)
E/NetlinkListener( 173): recvmsg failed (I/O error)
D/Tethering( 719): TetherModeAliveState.processMessage what=4
D/ConnectivityManager( 719): renewing startUsingNetworkFeature request NetworkRequest [ id=3, legacyType=4, [ Transports: CELLULAR Capabilities: DUN&NOT_RESTRICTED&TRUSTED&NOT_VPN] ]
D/ConnectivityManager( 719): renewing request to seqNum 211
D/ConnectivityManager( 719): sending expire msg with seqNum 211 and delay 60000
E/NetlinkListener( 182): recvmsg failed (I/O error)
E/NetlinkListener( 173): recvmsg failed (I/O error)
D/QSEECOMD: (11528): qseecom listener services process entry PPID = 1
E/QSEECOMD: (11528): Listener: index = 0, hierarchy = 0
E/QSEECOMD: (11528): Init dlopen(librpmb.so, RLTD_NOW) is failed....
E/QSEECOMD: (11528): ERROR: RPMB_INIT failed, shall not start listener services
E/NetlinkListener( 182): recvmsg failed (I/O error)
E/NetlinkListener( 173): recvmsg failed (I/O error)
D/QSEECOMD: (11532): qseecom listener services process entry PPID = 1
E/QSEECOMD: (11532): Listener: index = 0, hierarchy = 0
E/QSEECOMD: (11532): Init dlopen(librpmb.so, RLTD_NOW) is failed....
E/QSEECOMD: (11532): ERROR: RPMB_INIT failed, shall not start listener services
W/bt-btif ( 1461): dm_pm_timer expires
W/bt-btif ( 1461): dm_pm_timer expires 0
W/bt-btif ( 1461): proc dm_pm_timer expires
D/QSEECOMD: (11535): qseecom listener services process entry PPID = 1
E/QSEECOMD: (11535): Listener: index = 0, hierarchy = 0
E/QSEECOMD: (11535): Init dlopen(librpmb.so, RLTD_NOW) is failed....
E/QSEECOMD: (11535): ERROR: RPMB_INIT failed, shall not start listener services
D/QSEECOMD: (11538): qseecom listener services process entry PPID = 1
E/QSEECOMD: (11538): Listener: index = 0, hierarchy = 0
E/QSEECOMD: (11538): Init dlopen(librpmb.so, RLTD_NOW) is failed....
E/QSEECOMD: (11538): ERROR: RPMB_INIT failed, shall not start listener services
D/ConnectivityManager.CallbackHandler( 719): CM callback handler got msg 524298
D/ConnectivityManager( 719): expireRequest with 211, 210
D/QSEECOMD: (11541): qseecom listener services process entry PPID = 1
E/QSEECOMD: (11541): Listener: index = 0, hierarchy = 0
E/QSEECOMD: (11541): Init dlopen(librpmb.so, RLTD_NOW) is failed....
E/QSEECOMD: (11541): ERROR: RPMB_INIT failed, shall not start listener services
E/NetlinkListener( 182): recvmsg failed (I/O error)
E/NetlinkListener( 173): recvmsg failed (I/O error)
E/NetlinkListener( 173): recvmsg failed (I/O error)
E/NetlinkListener( 182): recvmsg failed (I/O error)
E/NetlinkListener( 173): recvmsg failed (I/O error)
E/NetlinkListener( 182): recvmsg failed (I/O error)
E/NetlinkListener( 182): recvmsg failed (I/O error)
E/NetlinkListener( 173): recvmsg failed (I/O error)
D/QSEECOMD: (11564): qseecom listener services process entry PPID = 1
E/QSEECOMD: (11564): Listener: index = 0, hierarchy = 0
E/QSEECOMD: (11564): Init dlopen(librpmb.so, RLTD_NOW) is failed....
E/QSEECOMD: (11564): ERROR: RPMB_INIT failed, shall not start listener services
D/QSEECOMD: (11567): qseecom listener services process entry PPID = 1
E/QSEECOMD: (11567): Listener: index = 0, hierarchy = 0
E/QSEECOMD: (11567): Init dlopen(librpmb.so, RLTD_NOW) is failed....
E/QSEECOMD: (11567): ERROR: RPMB_INIT failed, shall not start listener services
E/NetlinkListener( 182): recvmsg failed (I/O error)
E/NetlinkListener( 173): recvmsg failed (I/O error)
E/NetlinkListener( 182): recvmsg failed (I/O error)
E/NetlinkListener( 173): recvmsg failed (I/O error)
D/QSEECOMD: (11579): qseecom listener services process entry PPID = 1
E/QSEECOMD: (11579): Listener: index = 0, hierarchy = 0
E/QSEECOMD: (11579): Init dlopen(librpmb.so, RLTD_NOW) is failed....
E/QSEECOMD: (11579): ERROR: RPMB_INIT failed, shall not start listener services
D/Tethering( 719): TetherModeAliveState.processMessage what=4
D/ConnectivityManager( 719): renewing startUsingNetworkFeature request NetworkRequest [ id=3, legacyType=4, [ Transports: CELLULAR Capabilities: DUN&NOT_RESTRICTED&TRUSTED&NOT_VPN] ]
D/ConnectivityManager( 719): renewing request to seqNum 212
D/ConnectivityManager( 719): sending expire msg with seqNum 212 and delay 60000
W/BackupManagerService( 719): dataChanged but no participant pkg='com.android.providers.settings' uid=1001
D/ConnectivityService( 719): NetworkAgentInfo [MOBILE (LTE) - 112] EVENT_NETWORK_INFO_CHANGED, going from CONNECTED to DISCONNECTED
D/ConnectivityService( 719): NetworkAgentInfo [MOBILE (LTE) - 112] got DISCONNECTED, was satisfying 2
D/DcNetworkAgent( 1098): NetworkAgent: NetworkAgent channel lost
D/DcNetworkAgent( 1098): NetworkAgent: DcNetworkAgent: unwanted found mNetworkAgent=null, which isn't me. Aborting unwanted
E/NetlinkListener( 182): recvmsg failed (I/O error)
E/NetlinkListener( 173): recvmsg failed (I/O error)
E/NetlinkListener( 182): recvmsg failed (I/O error)
E/NetlinkListener( 173): recvmsg failed (I/O error)
E/NetlinkListener( 182): recvmsg failed (I/O error)
E/NetlinkListener( 173): recvmsg failed (I/O error)
D/ConnectivityService( 719): notifyType LOST for NetworkAgentInfo [MOBILE (LTE) - 112]
D/ConnectivityManager.CallbackHandler( 889): CM callback handler got msg 524292
D/CSLegacyTypeTracker( 719): Sending disconnected broadcast for type 0 NetworkAgentInfo [MOBILE (LTE) - 112] isDefaultNetwork=true
D/ConnectivityService( 719): sendStickyBroadcast: action=android.net.conn.CONNECTIVITY_CHANGE_IMMEDIATE D/NetworkMonitor/NetworkAgentInfo [MOBILE (LTE) - 112]( 719): ValidatedState{ when=0 what=532487 target=com.android.internal.util.StateMachine$SmHandler } D/NetworkMonitor/NetworkAgentInfo [MOBILE (LTE) - 112]( 719): DefaultState{ when=0 what=532487 target=com.android.internal.util.StateMachine$SmHandler } D/NetworkMonitor/NetworkAgentInfo [MOBILE (LTE) - 112]( 719): Disconnected - quitting
D/ConnectivityService( 719): sendStickyBroadcast: action=android.net.conn.CONNECTIVITY_CHANGE
D/ConnectivityService( 719): sendStickyBroadcast: action=android.net.conn.CONNECTIVITY_CHANGE_IMMEDIATE
D/Tethering( 719): TetherModeAliveState.processMessage what=3
D/ConnectivityService( 719): sendStickyBroadcast: action=android.net.conn.CONNECTIVITY_CHANGE
D/Tethering( 719): chooseUpstreamType(true), preferredApn =4, got type=4
D/ConnectivityManager( 719): renewing startUsingNetworkFeature request NetworkRequest [ id=3, legacyType=4, [ Transports: CELLULAR Capabilities: DUN&NOT_RESTRICTED&TRUSTED&NOT_VPN] ]
D/ConnectivityManager( 719): renewing request to seqNum 213
D/ConnectivityService( 719): Checking for replacement network to handle request NetworkRequest [ id=1, legacyType=-1, [ Capabilities: INTERNET&NOT_RESTRICTED&TRUSTED&NOT_VPN] ]
D/ConnectivityManager( 719): sending expire msg with seqNum 213 and delay 60000
I/Tethering( 719): Finding IPv4 upstream interface on: {InterfaceName: rmnet1 LinkAddresses: [10.41.220.90/30,] Routes: [0.0.0.0/0 -> 10.41.220.89 rmnet1,] DnsAddresses: [192.168.10.110,] Domains: null MTU: 1500 TcpBufferSizes: 524288,1048576,2097152,262144,524288,1048576}
I/Tethering( 719): Found interface rmnet1
D/TetherController( 182): setDnsForwarders(0xf0071 0 = '192.168.10.110')
D/TetherController( 182): Sending update msg to dnsmasq [update_dns:0xf0071:192.168.10.110]
I/dnsmasq ( 2110): using nameserver 192.168.10.110#53
D/Tethering( 719): notifying tethered with iface =rmnet1
D/Tethering( 719): TetheredState.processMessage what=12
D/ConnectivityManager( 1661): getMobileDataEnabled()+ subId=1
D/PhoneInterfaceManager( 1098): [PhoneIntfMgr] getDataEnabled: subId=1 phoneId=0
D/PhoneInterfaceManager( 1098): [PhoneIntfMgr] getDataEnabled: subId=1 retVal=true
D/ConnectivityManager( 1661): getMobileDataEnabled()- subId=1 retVal=true
D/PhoneInterfaceManager( 1098): [PhoneIntfMgr] getDataEnabled: subId=1 phoneId=0
D/PhoneInterfaceManager( 1098): [PhoneIntfMgr] getDataEnabled: subId=1 retVal=true
D/TelephonyManager( 719): getDataEnabled: retVal=true
D/ConnectivityManager( 1661): getMobileDataEnabled()+ subId=1
D/PhoneInterfaceManager( 1098): [PhoneIntfMgr] getDataEnabled: subId=1 phoneId=0
D/PhoneInterfaceManager( 1098): [PhoneIntfMgr] getDataEnabled: subId=1 retVal=true
D/ConnectivityManager( 1661): getMobileDataEnabled()- subId=1 retVal=true
V/IdletimerController( 182): runCmd(/system/bin/ip6tables -t raw -D idletimer_raw_PREROUTING -i rmnet0 -j IDLETIMER --timeout 5 --label 0 --send_nl_msg 1) res_ipv4=0, res_ipv6=0
D/ConnectivityManager( 1661): getMobileDataEnabled()+ subId=1
D/PhoneInterfaceManager( 1098): [PhoneIntfMgr] getDataEnabled: subId=1 phoneId=0
D/PhoneInterfaceManager( 1098): [PhoneIntfMgr] getDataEnabled: subId=1 retVal=true
D/ConnectivityManager( 1661): getMobileDataEnabled()- subId=1 retVal=true
D/PhoneInterfaceManager( 1098): [PhoneIntfMgr] getDataEnabled: subId=1 phoneId=0
D/PhoneInterfaceManager( 1098): [PhoneIntfMgr] getDataEnabled: subId=1 retVal=true
D/TelephonyManager( 719): getDataEnabled: retVal=true
V/IdletimerController( 182): runCmd(/system/bin/ip6tables -t mangle -D idletimer_mangle_POSTROUTING -o rmnet0 -j IDLETIMER --timeout 5 --label 0 --send_nl_msg 1) res_ipv4=0, res_ipv6=0
D/ConnectivityService( 719): NetworkAgentInfo [MOBILE (LTE) - 113] EVENT_NETWORK_INFO_CHANGED, going from CONNECTED to DISCONNECTED
D/ConnectivityService( 719): NetworkAgentInfo [MOBILE (LTE) - 113] got DISCONNECTED, was satisfying 2
D/DcNetworkAgent( 1098): NetworkAgent: NetworkAgent channel lost
D/DcNetworkAgent( 1098): NetworkAgent: DcNetworkAgent: unwanted found mNetworkAgent=null, which isn't me. Aborting unwanted
E/NetlinkListener( 182): recvmsg failed (I/O error)
E/NetlinkListener( 173): recvmsg failed (I/O error)
D/ConnectivityManager( 1661): getMobileDataEnabled()+ subId=1
D/PhoneInterfaceManager( 1098): [PhoneIntfMgr] getDataEnabled: subId=1 phoneId=0
D/PhoneInterfaceManager( 1098): [PhoneIntfMgr] getDataEnabled: subId=1 retVal=true
D/ConnectivityManager( 1661): getMobileDataEnabled()- subId=1 retVal=true
D/ConnectivityService( 719): notifyType LOST for NetworkAgentInfo [MOBILE (LTE) - 113]
D/ConnectivityManager.CallbackHandler( 889): CM callback handler got msg 524292
D/CSLegacyTypeTracker( 719): Sending disconnected broadcast for type 4 NetworkAgentInfo [MOBILE (LTE) - 113] isDefaultNetwork=false
D/ConnectivityService( 719): sendStickyBroadcast: action=android.net.conn.CONNECTIVITY_CHANGE_IMMEDIATE
D/ConnectivityManager.CallbackHandler( 719): CM callback handler got msg 524292
D/ConnectivityService( 719): sendStickyBroadcast: action=android.net.conn.CONNECTIVITY_CHANGE
D/ConnectivityManager( 719): startUsingNetworkFeature lost Network:113
D/ConnectivityService( 719): Checking for replacement network to handle request NetworkRequest [ id=3, legacyType=4, [ Transports: CELLULAR Capabilities: DUN&NOT_RESTRICTED&TRUSTED&NOT_VPN] ] D/NetworkMonitor/NetworkAgentInfo [MOBILE (LTE) - 113]( 719): ValidatedState{ when=-1ms what=532487 target=com.android.internal.util.StateMachine$SmHandler } D/NetworkMonitor/NetworkAgentInfo [MOBILE (LTE) - 113]( 719): DefaultState{ when=-1ms what=532487 target=com.android.internal.util.StateMachine$SmHandler } D/NetworkMonitor/NetworkAgentInfo [MOBILE (LTE) - 113]( 719): Disconnected - quitting
D/Tethering( 719): TetherModeAliveState.processMessage what=3
D/Tethering( 719): chooseUpstreamType(true), preferredApn =4, got type=-1
D/ConnectivityManager( 719): renewing startUsingNetworkFeature request NetworkRequest [ id=3, legacyType=4, [ Transports: CELLULAR Capabilities: DUN&NOT_RESTRICTED&TRUSTED&NOT_VPN] ]
D/ConnectivityManager( 719): renewing request to seqNum 214
D/ConnectivityManager( 719): sending expire msg with seqNum 214 and delay 60000
D/Tethering( 719): notifying tethered with iface =null
D/Tethering( 719): TetherModeAliveState.processMessage what=3
D/ConnectivityManager( 1661): getMobileDataEnabled()+ subId=1
D/PhoneInterfaceManager( 1098): [PhoneIntfMgr] getDataEnabled: subId=1 phoneId=0
D/PhoneInterfaceManager( 1098): [PhoneIntfMgr] getDataEnabled: subId=1 retVal=true
D/ConnectivityManager( 1661): getMobileDataEnabled()- subId=1 retVal=true
D/Tethering( 719): chooseUpstreamType(true), preferredApn =4, got type=-1
D/ConnectivityManager( 719): renewing startUsingNetworkFeature request NetworkRequest [ id=3, legacyType=4, [ Transports: CELLULAR Capabilities: DUN&NOT_RESTRICTED&TRUSTED&NOT_VPN] ]
D/ConnectivityManager( 719): renewing request to seqNum 215
D/ConnectivityManager( 719): sending expire msg with seqNum 215 and delay 60000
D/Tethering( 719): notifying tethered with iface =null
D/Tethering( 719): TetheredState.processMessage what=12
D/PhoneInterfaceManager( 1098): [PhoneIntfMgr] getDataEnabled: subId=1 phoneId=0
D/PhoneInterfaceManager( 1098): [PhoneIntfMgr] getDataEnabled: subId=1 retVal=true
D/TelephonyManager( 719): getDataEnabled: retVal=true
D/ConnectivityManager( 1661): getMobileDataEnabled()+ subId=1
D/PhoneInterfaceManager( 1098): [PhoneIntfMgr] getDataEnabled: subId=1 phoneId=0
D/PhoneInterfaceManager( 1098): [PhoneIntfMgr] getDataEnabled: subId=1 retVal=true
D/ConnectivityManager( 1661): getMobileDataEnabled()- subId=1 retVal=true
D/ConnectivityManager( 1661): getMobileDataEnabled()+ subId=1
D/PhoneInterfaceManager( 1098): [PhoneIntfMgr] getDataEnabled: subId=1 phoneId=0
D/PhoneInterfaceManager( 1098): [PhoneIntfMgr] getDataEnabled: subId=1 retVal=true
D/ConnectivityManager( 1661): getMobileDataEnabled()- subId=1 retVal=true
V/NatController( 182): runCmd(/system/bin/iptables -D natctrl_FORWARD -i rmnet1 -o wlan0 -m state --state ESTABLISHED,RELATED -g natctrl_tether_counters) res=0
V/NatController( 182): runCmd(/system/bin/iptables -D natctrl_FORWARD -i wlan0 -o rmnet1 -m state --state INVALID -j DROP) res=0
V/NatController( 182): runCmd(/system/bin/iptables -D natctrl_FORWARD -i wlan0 -o rmnet1 -g natctrl_tether_counters) res=0
V/NatController( 182): runCmd(/system/bin/iptables -F natctrl_FORWARD) res=0
V/NatController( 182): runCmd(/system/bin/iptables -A natctrl_FORWARD -j DROP) res=0
V/NatController( 182): runCmd(/system/bin/iptables -t nat -F natctrl_nat_POSTROUTING) res=0
D/Tethering( 719): TetheredState.processMessage what=12
E/NetlinkListener( 182): recvmsg failed (I/O error)
E/NetlinkListener( 173): recvmsg failed (I/O error)
E/NetlinkListener( 182): recvmsg failed (I/O error)
E/NetlinkListener( 173): recvmsg failed (I/O error)
E/NetlinkListener( 182): recvmsg failed (I/O error)
E/NetlinkListener( 173): recvmsg failed (I/O error)
D/QSEECOMD: (11684): qseecom listener services process entry PPID = 1
E/QSEECOMD: (11684): Listener: index = 0, hierarchy = 0
E/QSEECOMD: (11684): Init dlopen(librpmb.so, RLTD_NOW) is failed....
E/QSEECOMD: (11684): ERROR: RPMB_INIT failed, shall not start listener services