D/PhoneInterfaceManager( 1098): [PhoneIntfMgr] getDataEnabled: subId=1 phoneId=0
D/PhoneInterfaceManager( 1098): [PhoneIntfMgr] getDataEnabled: subId=1 retVal=true
D/ConnectivityManager( 1661): getMobileDataEnabled()- subId=1 retVal=true
D/PhoneInterfaceManager( 1098): [PhoneIntfMgr] getDataEnabled: subId=1 phoneId=0
D/PhoneInterfaceManager( 1098): [PhoneIntfMgr] getDataEnabled: subId=1 retVal=true
D/ConnectivityManager( 1661): getMobileDataEnabled()+ subId=1
D/PhoneInterfaceManager( 1098): [PhoneIntfMgr] getDataEnabled: subId=1 phoneId=0
D/PhoneInterfaceManager( 1098): [PhoneIntfMgr] getDataEnabled: subId=1 retVal=true
D/ConnectivityManager( 1661): getMobileDataEnabled()- subId=1 retVal=true
D/TelephonyManager( 719): getDataEnabled: retVal=true
D/ConnectivityManager( 1661): getMobileDataEnabled()+ subId=1
D/PhoneInterfaceManager( 1098): [PhoneIntfMgr] getDataEnabled: subId=1 phoneId=0
D/PhoneInterfaceManager( 1098): [PhoneIntfMgr] getDataEnabled: subId=1 retVal=true
D/ConnectivityManager( 1661): getMobileDataEnabled()- subId=1 retVal=true
I/art ( 719): Explicit concurrent mark sweep GC freed 121482(7MB) AllocSpace objects, 19(347KB) LOS objects, 33% free, 23MB/34MB, paused 1.315ms total 59.034ms
V/IdletimerController( 182): runCmd(/system/bin/ip6tables -t raw -D idletimer_raw_PREROUTING -i rmnet0 -j IDLETIMER --timeout 5 --label 0 --send_nl_msg 1) res_ipv4=0, res_ipv6=0
D/ConnectivityManager( 1661): getMobileDataEnabled()+ subId=1
D/PhoneInterfaceManager( 1098): [PhoneIntfMgr] getDataEnabled: subId=1 phoneId=0
D/PhoneInterfaceManager( 1098): [PhoneIntfMgr] getDataEnabled: subId=1 retVal=true
D/ConnectivityManager( 1661): getMobileDataEnabled()- subId=1 retVal=true
V/IdletimerController( 182): runCmd(/system/bin/ip6tables -t mangle -D idletimer_mangle_POSTROUTING -o rmnet0 -j IDLETIMER --timeout 5 --label 0 --send_nl_msg 1) res_ipv4=0, res_ipv6=0
D/TetherController( 182): setDnsForwarders(0xf006d 0 = '192.168.10.110')
D/TetherController( 182): Sending update msg to dnsmasq [update_dns:0xf006d:192.168.10.110]
D/ConnectivityService( 719): NetworkAgentInfo [MOBILE (LTE) - 109] EVENT_NETWORK_INFO_CHANGED, going from CONNECTED to DISCONNECTED
D/Tethering( 719): notifying tethered with iface =rmnet1
D/Tethering( 719): TetheredState.processMessage what=12
D/ConnectivityService( 719): NetworkAgentInfo [MOBILE (LTE) - 109] got DISCONNECTED, was satisfying 2
D/DcNetworkAgent( 1098): NetworkAgent: NetworkAgent channel lost
D/DcNetworkAgent( 1098): NetworkAgent: DcNetworkAgent: unwanted found mNetworkAgent=null, which isn't me. Aborting unwanted
I/dnsmasq ( 2110): using nameserver 192.168.10.110#53
D/Tethering( 719): TetherModeAliveState.processMessage what=3
D/Tethering( 719): chooseUpstreamType(true), preferredApn =4, got type=-1
D/ConnectivityManager( 719): renewing startUsingNetworkFeature request NetworkRequest [ id=3, legacyType=4, [ Transports: CELLULAR Capabilities: DUN&NOT_RESTRICTED&TRUSTED&NOT_VPN] ]
D/ConnectivityManager( 719): renewing request to seqNum 190
D/ConnectivityManager( 719): sending expire msg with seqNum 190 and delay 60000
D/Tethering( 719): notifying tethered with iface =null
D/Tethering( 719): TetheredState.processMessage what=12
D/ConnectivityService( 719): notifyType LOST for NetworkAgentInfo [MOBILE (LTE) - 109]
D/CSLegacyTypeTracker( 719): Sending disconnected broadcast for type 4 NetworkAgentInfo [MOBILE (LTE) - 109] isDefaultNetwork=false
D/ConnectivityService( 719): sendStickyBroadcast: action=android.net.conn.CONNECTIVITY_CHANGE_IMMEDIATE
D/ConnectivityService( 719): sendStickyBroadcast: action=android.net.conn.CONNECTIVITY_CHANGE
D/ConnectivityManager.CallbackHandler( 719): CM callback handler got msg 524292 D/NetworkMonitor/NetworkAgentInfo [MOBILE (LTE) - 109]( 719): ValidatedState{ when=0 what=532487 target=com.android.internal.util.StateMachine$SmHandler } D/NetworkMonitor/NetworkAgentInfo [MOBILE (LTE) - 109]( 719): DefaultState{ when=0 what=532487 target=com.android.internal.util.StateMachine$SmHandler } D/NetworkMonitor/NetworkAgentInfo [MOBILE (LTE) - 109]( 719): Disconnected - quitting
D/ConnectivityService( 719): Checking for replacement network to handle request NetworkRequest [ id=3, legacyType=4, [ Transports: CELLULAR Capabilities: DUN&NOT_RESTRICTED&TRUSTED&NOT_VPN] ]
D/ConnectivityManager( 719): startUsingNetworkFeature lost Network:109
D/ConnectivityManager.CallbackHandler( 889): CM callback handler got msg 524292
D/PhoneInterfaceManager( 1098): [PhoneIntfMgr] getDataEnabled: subId=1 phoneId=0
D/PhoneInterfaceManager( 1098): [PhoneIntfMgr] getDataEnabled: subId=1 retVal=true
D/TelephonyManager( 719): getDataEnabled: retVal=true
D/ConnectivityManager( 1661): getMobileDataEnabled()+ subId=1
D/PhoneInterfaceManager( 1098): [PhoneIntfMgr] getDataEnabled: subId=1 phoneId=0
D/PhoneInterfaceManager( 1098): [PhoneIntfMgr] getDataEnabled: subId=1 retVal=true
D/ConnectivityManager( 1661): getMobileDataEnabled()- subId=1 retVal=true
D/ConnectivityManager( 1661): getMobileDataEnabled()+ subId=1
D/PhoneInterfaceManager( 1098): [PhoneIntfMgr] getDataEnabled: subId=1 phoneId=0
D/PhoneInterfaceManager( 1098): [PhoneIntfMgr] getDataEnabled: subId=1 retVal=true
D/ConnectivityManager( 1661): getMobileDataEnabled()- subId=1 retVal=true
V/NatController( 182): runCmd(/system/bin/iptables -D natctrl_FORWARD -i rmnet1 -o wlan0 -m state --state ESTABLISHED,RELATED -g natctrl_tether_counters) res=0
V/NatController( 182): runCmd(/system/bin/iptables -D natctrl_FORWARD -i wlan0 -o rmnet1 -m state --state INVALID -j DROP) res=0
V/NatController( 182): runCmd(/system/bin/iptables -D natctrl_FORWARD -i wlan0 -o rmnet1 -g natctrl_tether_counters) res=0
V/NatController( 182): runCmd(/system/bin/iptables -F natctrl_FORWARD) res=0
V/NatController( 182): runCmd(/system/bin/iptables -A natctrl_FORWARD -j DROP) res=0
V/NatController( 182): runCmd(/system/bin/iptables -t nat -F natctrl_nat_POSTROUTING) res=0
D/Tethering( 719): TetherModeAliveState.processMessage what=3
E/NetlinkListener( 182): recvmsg failed (I/O error)
E/NetlinkListener( 173): recvmsg failed (I/O error)
D/Tethering( 719): chooseUpstreamType(true), preferredApn =4, got type=-1
D/ConnectivityManager( 719): renewing startUsingNetworkFeature request NetworkRequest [ id=3, legacyType=4, [ Transports: CELLULAR Capabilities: DUN&NOT_RESTRICTED&TRUSTED&NOT_VPN] ]
D/ConnectivityManager( 719): renewing request to seqNum 191
D/ConnectivityManager( 719): sending expire msg with seqNum 191 and delay 60000
D/Tethering( 719): notifying tethered with iface =null
D/Tethering( 719): TetheredState.processMessage what=12
E/NetlinkListener( 182): recvmsg failed (I/O error)
E/NetlinkListener( 173): recvmsg failed (I/O error)
E/NetlinkListener( 182): recvmsg failed (I/O error)
E/NetlinkListener( 173): recvmsg failed (I/O error)
D/QSEECOMD: (10689): qseecom listener services process entry PPID = 1
E/QSEECOMD: (10689): Listener: index = 0, hierarchy = 0
E/QSEECOMD: (10689): Init dlopen(librpmb.so, RLTD_NOW) is failed....
E/QSEECOMD: (10689): ERROR: RPMB_INIT failed, shall not start listener services
D/QSEECOMD: (10691): qseecom listener services process entry PPID = 1
E/QSEECOMD: (10691): Listener: index = 0, hierarchy = 0
E/QSEECOMD: (10691): Init dlopen(librpmb.so, RLTD_NOW) is failed....
E/QSEECOMD: (10691): ERROR: RPMB_INIT failed, shall not start listener services
D/QSEECOMD: (10694): qseecom listener services process entry PPID = 1
E/QSEECOMD: (10694): Listener: index = 0, hierarchy = 0
E/QSEECOMD: (10694): Init dlopen(librpmb.so, RLTD_NOW) is failed....
E/QSEECOMD: (10694): ERROR: RPMB_INIT failed, shall not start listener services
D/Tethering( 719): TetherModeAliveState.processMessage what=4
D/QSEECOMD: (10696): qseecom listener services process entry PPID = 1
E/QSEECOMD: (10696): Listener: index = 0, hierarchy = 0
E/QSEECOMD: (10696): Init dlopen(librpmb.so, RLTD_NOW) is failed....
E/QSEECOMD: (10696): ERROR: RPMB_INIT failed, shall not start listener services
D/ConnectivityService( 719): setProvNotificationVisible: E visible=false networkType=0 action=com.android.internal.telephony.PROVISION0
D/ConnectivityService( 719): setProvNotificationVisibleIntent: E visible=false networkType=0 extraInfo=null
D/ConnectivityService( 719): registerNetworkAgent NetworkAgentInfo{ ni{[type: MOBILE[LTE], state: CONNECTED/CONNECTED, reason: connected, extra: orange, roaming: false, failover: false, isAvailable: true, isConnectedToProvisioningNetwork: false]} network{null} lp{{InterfaceName: rmnet0 LinkAddresses: [10.159.255.207/27,] Routes: [0.0.0.0/0 -> 10.159.255.208 rmnet0,] DnsAddresses: [192.168.10.110,] Domains: null MTU: 1500 TcpBufferSizes: 524288,1048576,2097152,262144,524288,1048576}} nc{[ Transports: CELLULAR Capabilities: SUPL&INTERNET&NOT_RESTRICTED&TRUSTED&NOT_VPN LinkUpBandwidth>=51200Kbps LinkDnBandwidth>=102400Kbps Specifier: <1>]} Score{10} everValidated{false} lastValidated{false} created{false} explicitlySelected{false} }
D/ConnectivityService( 719): NetworkAgentInfo [MOBILE (LTE) - 110] EVENT_NETWORK_INFO_CHANGED, going from null to CONNECTED
D/ConnectivityService( 719): Adding iface rmnet0 to network 110
E/NetlinkListener( 182): recvmsg failed (I/O error)
E/NetlinkListener( 173): recvmsg failed (I/O error)
D/ConnectivityService( 719): Setting MTU size: rmnet0, 1500
D/ConnectivityService( 719): Adding Route [0.0.0.0/0 -> 10.159.255.208 rmnet0] to network 110
D/ConnectivityService( 719): Setting Dns servers for network 110 to [/192.168.10.110]
D/ConnectivityService( 719): notifyType IP_CHANGED for NetworkAgentInfo [MOBILE (LTE) - 110]
D/ConnectivityService( 719): notifyType PRECHECK for NetworkAgentInfo [MOBILE (LTE) - 110]
D/ConnectivityService( 719): rematching NetworkAgentInfo [MOBILE (LTE) - 110]
D/ConnectivityService( 719): accepting network in place of null
D/ConnectivityService( 719): Switching to new default network: NetworkAgentInfo{ ni{[type: MOBILE[LTE], state: CONNECTED/CONNECTED, reason: connected, extra: orange, roaming: false, failover: false, isAvailable: true, isConnectedToProvisioningNetwork: false]} network{110} lp{{InterfaceName: rmnet0 LinkAddresses: [10.159.255.207/27,] Routes: [0.0.0.0/0 -> 10.159.255.208 rmnet0,] DnsAddresses: [192.168.10.110,] Domains: null MTU: 1500 TcpBufferSizes: 524288,1048576,2097152,262144,524288,1048576}} nc{[ Transports: CELLULAR Capabilities: SUPL&INTERNET&NOT_RESTRICTED&TRUSTED&NOT_VPN LinkUpBandwidth>=51200Kbps LinkDnBandwidth>=102400Kbps Specifier: <1>]} Score{10} everValidated{false} lastValidated{false} created{true} explicitlySelected{false} } D/NetworkMonitor/NetworkAgentInfo [MOBILE (LTE) - 110]( 719): DefaultState{ when=-1ms what=532481 target=com.android.internal.util.StateMachine$SmHandler } D/NetworkMonitor/NetworkAgentInfo [MOBILE (LTE) - 110]( 719): Connected D/NetworkMonitor/NetworkAgentInfo [MOBILE (LTE) - 110]( 719): EvaluatingState{ when=0 what=532486 arg1=1 target=com.android.internal.util.StateMachine$SmHandler } D/NetworkMonitor/NetworkAgentInfo [MOBILE (LTE) - 110]( 719): Checking http://connectivitycheck.android.com/generate_204 on orange
E/NetlinkListener( 173): recvmsg failed (I/O error)
E/NetlinkListener( 182): recvmsg failed (I/O error)
V/IdletimerController( 182): runCmd(/system/bin/ip6tables -t raw -A idletimer_raw_PREROUTING -i rmnet0 -j IDLETIMER --timeout 5 --label 0 --send_nl_msg 1) res_ipv4=0, res_ipv6=0
V/IdletimerController( 182): runCmd(/system/bin/ip6tables -t mangle -A idletimer_mangle_POSTROUTING -o rmnet0 -j IDLETIMER --timeout 5 --label 0 --send_nl_msg 1) res_ipv4=0, res_ipv6=0
D/ConnectivityService( 719): notifyType AVAILABLE for NetworkAgentInfo [MOBILE (LTE) - 110]
D/CSLegacyTypeTracker( 719): Sending connected broadcast for type 0 NetworkAgentInfo [MOBILE (LTE) - 110] isDefaultNetwork=true
D/ConnectivityService( 719): sendStickyBroadcast: action=android.net.conn.CONNECTIVITY_CHANGE_IMMEDIATE
D/ConnectivityService( 719): sendStickyBroadcast: action=android.net.conn.CONNECTIVITY_CHANGE
D/ConnectivityManager.CallbackHandler( 889): CM callback handler got msg 524290
D/Tethering( 719): TetherModeAliveState.processMessage what=3
D/Tethering( 719): chooseUpstreamType(true), preferredApn =4, got type=-1
D/ConnectivityManager( 719): renewing startUsingNetworkFeature request NetworkRequest [ id=3, legacyType=4, [ Transports: CELLULAR Capabilities: DUN&NOT_RESTRICTED&TRUSTED&NOT_VPN] ]
D/ConnectivityManager( 719): renewing request to seqNum 192
D/ConnectivityManager( 719): sending expire msg with seqNum 192 and delay 60000
D/Tethering( 719): notifying tethered with iface =null
D/Tethering( 719): TetheredState.processMessage what=12
D/ConnectivityManager( 1661): getMobileDataEnabled()+ subId=1
D/PhoneInterfaceManager( 1098): [PhoneIntfMgr] getDataEnabled: subId=1 phoneId=0
D/PhoneInterfaceManager( 1098): [PhoneIntfMgr] getDataEnabled: subId=1 retVal=true
D/ConnectivityManager( 1661): getMobileDataEnabled()- subId=1 retVal=true
D/PhoneInterfaceManager( 1098): [PhoneIntfMgr] getDataEnabled: subId=1 phoneId=0
D/PhoneInterfaceManager( 1098): [PhoneIntfMgr] getDataEnabled: subId=1 retVal=true
D/TelephonyManager( 719): getDataEnabled: retVal=true
D/ConnectivityManager( 1661): getMobileDataEnabled()+ subId=1
D/PhoneInterfaceManager( 1098): [PhoneIntfMgr] getDataEnabled: subId=1 phoneId=0
D/PhoneInterfaceManager( 1098): [PhoneIntfMgr] getDataEnabled: subId=1 retVal=true
D/ConnectivityManager( 1661): getMobileDataEnabled()- subId=1 retVal=true D/NetworkMonitor/NetworkAgentInfo [MOBILE (LTE) - 110]( 719): isCaptivePortal: ret=204 headers={null=[HTTP/1.1 204 No Content], Content-Length=[0], Date=[Mon, 18 Apr 2016 08:37:59 GMT], X-Android-Received-Millis=[1460968679576], X-Android-Response-Source=[NETWORK 204], X-Android-Sent-Millis=[1460968679515]} D/NetworkMonitor/NetworkAgentInfo [MOBILE (LTE) - 110]( 719): Don't send network conditions - lacking user consent. D/NetworkMonitor/NetworkAgentInfo [MOBILE (LTE) - 110]( 719): Validated
D/ConnectivityService( 719): setProvNotificationVisibleIntent: E visible=false networkType=0 extraInfo=null
D/ConnectivityService( 719): Validated NetworkAgentInfo [MOBILE (LTE) - 110]
D/ConnectivityService( 719): rematching NetworkAgentInfo [MOBILE (LTE) - 110]
D/ConnectivityService( 719): Network NetworkAgentInfo [MOBILE (LTE) - 110] was already satisfying request 1. No change.
D/ConnectivityService( 719): notifyType AVAILABLE for NetworkAgentInfo [MOBILE (LTE) - 110]
D/ConnectivityService( 719): sendStickyBroadcast: action=android.net.conn.INET_CONDITION_ACTION
D/ConnectivityManager.CallbackHandler( 889): CM callback handler got msg 524290
E/NetlinkListener( 182): recvmsg failed (I/O error)
E/NetlinkListener( 173): recvmsg failed (I/O error)
D/ConnectivityService( 719): setProvNotificationVisible: E visible=false networkType=0 action=com.android.internal.telephony.PROVISION0
D/ConnectivityService( 719): setProvNotificationVisibleIntent: E visible=false networkType=0 extraInfo=null
D/ConnectivityService( 719): registerNetworkAgent NetworkAgentInfo{ ni{[type: MOBILE[LTE], state: CONNECTED/CONNECTED, reason: connected, extra: orange.fr, roaming: false, failover: false, isAvailable: true, isConnectedToProvisioningNetwork: false]} network{null} lp{{InterfaceName: rmnet1 LinkAddresses: [10.41.105.96/26,] Routes: [0.0.0.0/0 -> 10.41.105.97 rmnet1,] DnsAddresses: [192.168.10.110,] Domains: null MTU: 1500 TcpBufferSizes: 524288,1048576,2097152,262144,524288,1048576}} nc{[ Transports: CELLULAR Capabilities: DUN&NOT_RESTRICTED&TRUSTED&NOT_VPN LinkUpBandwidth>=51200Kbps LinkDnBandwidth>=102400Kbps Specifier: <1>]} Score{10} everValidated{false} lastValidated{false} created{false} explicitlySelected{false} }
D/ConnectivityService( 719): NetworkAgentInfo [MOBILE (LTE) - 111] EVENT_NETWORK_INFO_CHANGED, going from null to CONNECTED
D/ConnectivityService( 719): Adding iface rmnet1 to network 111
D/ConnectivityService( 719): Setting MTU size: rmnet1, 1500
D/ConnectivityService( 719): Adding Route [0.0.0.0/0 -> 10.41.105.97 rmnet1] to network 111
D/ConnectivityService( 719): Setting Dns servers for network 111 to [/192.168.10.110]
D/ConnectivityService( 719): notifyType IP_CHANGED for NetworkAgentInfo [MOBILE (LTE) - 111]
D/ConnectivityService( 719): notifyType PRECHECK for NetworkAgentInfo [MOBILE (LTE) - 111]
D/ConnectivityService( 719): rematching NetworkAgentInfo [MOBILE (LTE) - 111]
D/ConnectivityService( 719): accepting network in place of null
D/ConnectivityService( 719): notifyType AVAILABLE for NetworkAgentInfo [MOBILE (LTE) - 111]
D/CSLegacyTypeTracker( 719): Sending connected broadcast for type 4 NetworkAgentInfo [MOBILE (LTE) - 111] isDefaultNetwork=false
D/ConnectivityService( 719): sendStickyBroadcast: action=android.net.conn.CONNECTIVITY_CHANGE_IMMEDIATE
D/ConnectivityManager.CallbackHandler( 719): CM callback handler got msg 524290
D/ConnectivityService( 719): sendStickyBroadcast: action=android.net.conn.CONNECTIVITY_CHANGE
D/ConnectivityManager( 719): startUsingNetworkFeature got Network:111 D/NetworkMonitor/NetworkAgentInfo [MOBILE (LTE) - 111]( 719): DefaultState{ when=-2ms what=532481 target=com.android.internal.util.StateMachine$SmHandler } D/NetworkMonitor/NetworkAgentInfo [MOBILE (LTE) - 111]( 719): Connected D/NetworkMonitor/NetworkAgentInfo [MOBILE (LTE) - 111]( 719): EvaluatingState{ when=0 what=532486 arg1=1 target=com.android.internal.util.StateMachine$SmHandler } D/NetworkMonitor/NetworkAgentInfo [MOBILE (LTE) - 111]( 719): Validated
D/Tethering( 719): TetherModeAliveState.processMessage what=3
D/ConnectivityService( 719): setProvNotificationVisibleIntent: E visible=false networkType=0 extraInfo=null
W/NetworkPolicy( 719): shared quota unsupported; generating rule for each iface
D/ConnectivityService( 719): Validated NetworkAgentInfo [MOBILE (LTE) - 111]
D/ConnectivityService( 719): rematching NetworkAgentInfo [MOBILE (LTE) - 111]
D/ConnectivityService( 719): Network NetworkAgentInfo [MOBILE (LTE) - 111] was already satisfying request 3. No change.
D/ConnectivityService( 719): notifyType AVAILABLE for NetworkAgentInfo [MOBILE (LTE) - 111]
D/ConnectivityManager.CallbackHandler( 719): CM callback handler got msg 524290
E/ConnectivityService( 719): Attempting to register duplicate agent for type 4: NetworkAgentInfo{ ni{[type: MOBILE[LTE], state: CONNECTED/CONNECTED, reason: connected, extra: orange.fr, roaming: false, failover: false, isAvailable: true, isConnectedToProvisioningNetwork: false]} network{111} lp{{InterfaceName: rmnet1 LinkAddresses: [10.41.105.96/26,] Routes: [0.0.0.0/0 -> 10.41.105.97 rmnet1,] DnsAddresses: [192.168.10.110,] Domains: null MTU: 1500 TcpBufferSizes: 524288,1048576,2097152,262144,524288,1048576}} nc{[ Transports: CELLULAR Capabilities: DUN&NOT_RESTRICTED&TRUSTED&NOT_VPN LinkUpBandwidth>=51200Kbps LinkDnBandwidth>=102400Kbps Specifier: <1>]} Score{50} everValidated{true} lastValidated{true} created{true} explicitlySelected{false} }
D/ConnectivityManager( 719): startUsingNetworkFeature got Network:111
D/ConnectivityManager.CallbackHandler( 889): CM callback handler got msg 524290
D/Tethering( 719): chooseUpstreamType(true), preferredApn =4, got type=4
D/ConnectivityManager( 719): renewing startUsingNetworkFeature request NetworkRequest [ id=3, legacyType=4, [ Transports: CELLULAR Capabilities: DUN&NOT_RESTRICTED&TRUSTED&NOT_VPN] ]
D/ConnectivityManager( 719): renewing request to seqNum 193
D/ConnectivityManager( 719): sending expire msg with seqNum 193 and delay 60000
I/Tethering( 719): Finding IPv4 upstream interface on: {InterfaceName: rmnet1 LinkAddresses: [10.41.105.96/26,] Routes: [0.0.0.0/0 -> 10.41.105.97 rmnet1,] DnsAddresses: [192.168.10.110,] Domains: null MTU: 1500 TcpBufferSizes: 524288,1048576,2097152,262144,524288,1048576}
I/Tethering( 719): Found interface rmnet1
D/ConnectivityManager.CallbackHandler( 889): CM callback handler got msg 524290
D/ConnectivityManager( 1661): getMobileDataEnabled()+ subId=1
D/PhoneInterfaceManager( 1098): [PhoneIntfMgr] getDataEnabled: subId=1 phoneId=0
D/PhoneInterfaceManager( 1098): [PhoneIntfMgr] getDataEnabled: subId=1 retVal=true
D/ConnectivityManager( 1661): getMobileDataEnabled()- subId=1 retVal=true
E/NetlinkListener( 182): recvmsg failed (I/O error)
E/NetlinkListener( 173): recvmsg failed (I/O error)
D/PhoneInterfaceManager( 1098): [PhoneIntfMgr] getDataEnabled: subId=1 phoneId=0
D/PhoneInterfaceManager( 1098): [PhoneIntfMgr] getDataEnabled: subId=1 retVal=true
D/TelephonyManager( 719): getDataEnabled: retVal=true
D/ConnectivityManager( 1661): getMobileDataEnabled()+ subId=1
D/PhoneInterfaceManager( 1098): [PhoneIntfMgr] getDataEnabled: subId=1 phoneId=0
D/PhoneInterfaceManager( 1098): [PhoneIntfMgr] getDataEnabled: subId=1 retVal=true
D/ConnectivityManager( 1661): getMobileDataEnabled()- subId=1 retVal=true
I/art ( 1661): Explicit concurrent mark sweep GC freed 17346(862KB) AllocSpace objects, 0(0B) LOS objects, 25% free, 16MB/22MB, paused 464us total 15.476ms
E/NetlinkListener( 173): recvmsg failed (I/O error)
E/NetlinkListener( 182): recvmsg failed (I/O error)
D/TetherController( 182): setDnsForwarders(0xf006f 0 = '192.168.10.110')
D/TetherController( 182): Sending update msg to dnsmasq [update_dns:0xf006f:192.168.10.110]
I/dnsmasq ( 2110): using nameserver 192.168.10.110#53
D/Tethering( 719): notifying tethered with iface =rmnet1
D/Tethering( 719): TetheredState.processMessage what=12
V/NatController( 182): enableNat(intIface=, extIface=)
V/NatController( 182): runCmd(/system/bin/iptables -t nat -A natctrl_nat_POSTROUTING -o rmnet1 -j MASQUERADE) res=0
V/NatController( 182): runCmd(/system/bin/iptables -A natctrl_FORWARD -i rmnet1 -o wlan0 -m state --state ESTABLISHED,RELATED -g natctrl_tether_counters) res=0
V/NatController( 182): runCmd(/system/bin/iptables -A natctrl_FORWARD -i wlan0 -o rmnet1 -m state --state INVALID -j DROP) res=0
V/NatController( 182): runCmd(/system/bin/iptables -A natctrl_FORWARD -i wlan0 -o rmnet1 -g natctrl_tether_counters) res=0
V/NatController( 182): runCmd(/system/bin/iptables -D natctrl_FORWARD -j DROP) res=0
V/NatController( 182): runCmd(/system/bin/iptables -A natctrl_FORWARD -j DROP) res=0
E/NetlinkListener( 182): recvmsg failed (I/O error)
E/NetlinkListener( 173): recvmsg failed (I/O error)
E/NetlinkListener( 182): recvmsg failed (I/O error)
E/NetlinkListener( 173): recvmsg failed (I/O error)
E/NetlinkListener( 182): recvmsg failed (I/O error)
E/NetlinkListener( 173): recvmsg failed (I/O error)
D/ConnectivityService( 719): NetTransition Wakelock (NetworkAgentInfo [MOBILE (LTE) - 108] cleared because we found a replacement network
D/QSEECOMD: (10840): qseecom listener services process entry PPID = 1
E/QSEECOMD: (10840): Listener: index = 0, hierarchy = 0
E/QSEECOMD: (10840): Init dlopen(librpmb.so, RLTD_NOW) is failed....
E/QSEECOMD: (10840): ERROR: RPMB_INIT failed, shall not start listener services
D/HeadsetStateMachine( 1461): Disconnected process message: 10, size: 0
E/NetlinkListener( 182): recvmsg failed (I/O error)
E/NetlinkListener( 173): recvmsg failed (I/O error)
D/QSEECOMD: (10843): qseecom listener services process entry PPID = 1
E/QSEECOMD: (10843): Listener: index = 0, hierarchy = 0
E/QSEECOMD: (10843): Init dlopen(librpmb.so, RLTD_NOW) is failed....
E/QSEECOMD: (10843): ERROR: RPMB_INIT failed, shall not start listener services
D/QSEECOMD: (10846): qseecom listener services process entry PPID = 1
E/QSEECOMD: (10846): Listener: index = 0, hierarchy = 0
E/QSEECOMD: (10846): Init dlopen(librpmb.so, RLTD_NOW) is failed....
E/QSEECOMD: (10846): ERROR: RPMB_INIT failed, shall not start listener services
D/ConnectivityManager.CallbackHandler( 719): CM callback handler got msg 524298
D/ConnectivityManager( 719): expireRequest with 193, 188
E/NetlinkListener( 182): recvmsg failed (I/O error)
E/NetlinkListener( 173): recvmsg failed (I/O error)
D/QSEECOMD: (10849): qseecom listener services process entry PPID = 1
E/QSEECOMD: (10849): Listener: index = 0, hierarchy = 0
E/QSEECOMD: (10849): Init dlopen(librpmb.so, RLTD_NOW) is failed....
E/QSEECOMD: (10849): ERROR: RPMB_INIT failed, shall not start listener services
D/Tethering( 719): TetherModeAliveState.processMessage what=4
D/Tethering( 719): TetherModeAliveState.processMessage what=4
D/Tethering( 719): TetherModeAliveState.processMessage what=4
D/QSEECOMD: (10852): qseecom listener services process entry PPID = 1
E/QSEECOMD: (10852): Listener: index = 0, hierarchy = 0
E/QSEECOMD: (10852): Init dlopen(librpmb.so, RLTD_NOW) is failed....
E/QSEECOMD: (10852): ERROR: RPMB_INIT failed, shall not start listener services
D/QSEECOMD: (10854): qseecom listener services process entry PPID = 1
E/QSEECOMD: (10854): Listener: index = 0, hierarchy = 0
E/QSEECOMD: (10854): Init dlopen(librpmb.so, RLTD_NOW) is failed....
E/QSEECOMD: (10854): ERROR: RPMB_INIT failed, shall not start listener services
W/bt-btif ( 1461): dm_pm_timer expires
W/bt-btif ( 1461): dm_pm_timer expires 0
W/bt-btif ( 1461): proc dm_pm_timer expires
D/QSEECOMD: (10857): qseecom listener services process entry PPID = 1
E/QSEECOMD: (10857): Listener: index = 0, hierarchy = 0
E/QSEECOMD: (10857): Init dlopen(librpmb.so, RLTD_NOW) is failed....
E/QSEECOMD: (10857): ERROR: RPMB_INIT failed, shall not start listener services
D/HeadsetPhoneState( 1461): sendDeviceStateChanged. mService=1 mSignal=4 mRoam=0 mBatteryCharge=2
D/HeadsetStateMachine( 1461): Disconnected process message: 11, size: 0
D/qdhwcomposer( 174): handle_uevent sending hotplug: connected = 0 and dpy:1
I/DisplayManagerService( 719): Display device removed: DisplayDeviceInfo{"HDMI Screen": uniqueId="local:1", 1920 x 1080, 60.000004 fps, supportedRefreshRates [60.000004], density 320, 320.0 x 320.0 dpi, appVsyncOff 7500000, presDeadline 12666666, touch EXTERNAL, rotation 0, type HDMI, state ON, FLAG_SECURE, FLAG_SUPPORTS_PROTECTED_BUFFERS, FLAG_PRESENTATION, FLAG_DEFAULT_EXTERNAL_DISPLAY}
V/ActivityManager( 719): Display removed displayId=1
I/InputReader( 719): Reconfiguring input devices. changes=0x00000004
V/WiredAccessoryManager( 719): Headset UEVENT: {SUBSYSTEM=switch, SEQNUM=5400, ACTION=change, SWITCH_STATE=0, SWITCH_NAME=hdmi_audio, DEVPATH=/devices/virtual/switch/hdmi_audio}
V/WiredAccessoryManager( 719): newName=hdmi_audio newState=0 headsetState=0 prev headsetState=16
V/WiredAccessoryManager( 719): device hdmi_audio disconnected
V/WiredAccessoryManager( 719): Headset UEVENT: {SUBSYSTEM=switch, SEQNUM=5400, USEC_INITIALIZED=7004607071, ACTION=change, SWITCH_STATE=0, SWITCH_NAME=hdmi_audio, DEVPATH=/devices/virtual/switch/hdmi_audio}
V/WiredAccessoryManager( 719): newName=hdmi_audio newState=0 headsetState=0 prev headsetState=0
E/WiredAccessoryManager( 719): No state change.
E/NetlinkListener( 182): recvmsg failed (I/O error)
E/NetlinkListener( 182): recvmsg failed (I/O error)
E/NetlinkListener( 173): recvmsg failed (I/O error)
E/NetlinkListener( 173): recvmsg failed (I/O error)
E/NetlinkListener( 173): recvmsg failed (I/O error)
E/NetlinkListener( 182): recvmsg failed (I/O error)
E/NetlinkListener( 182): recvmsg failed (I/O error)
E/NetlinkListener( 173): recvmsg failed (I/O error)
E/NetlinkListener( 182): recvmsg failed (I/O error)
E/NetlinkListener( 173): recvmsg failed (I/O error)
E/NetlinkListener( 182): recvmsg failed (I/O error)
E/NetlinkListener( 173): recvmsg failed (I/O error)
E/NetlinkListener( 182): recvmsg failed (I/O error)
E/NetlinkListener( 173): recvmsg failed (I/O error)
E/NetlinkListener( 182): recvmsg failed (I/O error)
E/NetlinkListener( 173): recvmsg failed (I/O error)
D/audio_hw_primary( 186): adev_set_parameters: enter: disconnect=1024
D/audio_hw_primary( 186): out_set_parameters: enter: usecase(1: low-latency-playback) kvpairs: routing=0
D/HeadsetPhoneState( 1461): sendDeviceStateChanged. mService=1 mSignal=3 mRoam=0 mBatteryCharge=2
D/HeadsetStateMachine( 1461): Disconnected process message: 11, size: 0
E/NetlinkListener( 182): recvmsg failed (I/O error)
E/NetlinkListener( 173): recvmsg failed (I/O error)
D/qdexternal( 174): readCEUnderscanInfo: Scan Info string: 2, 2, 3
D/qdexternal( 174): length = 8
D/qdexternal( 174): ExtDisplay setting xres = 1920, yres = 1080
D/qdhwcomposer( 174): handle_uevent sending hotplug: connected = 1
D/qdhwcomposer( 174): hwc_getDisplayAttributes disp = 1, width = 1920
D/qdhwcomposer( 174): hwc_getDisplayAttributes disp = 1, height = 1080
I/DisplayManagerService( 719): Display device added: DisplayDeviceInfo{"HDMI Screen": uniqueId="local:1", 1920 x 1080, 60.000004 fps, supportedRefreshRates [60.000004], density 320, 320.0 x 320.0 dpi, appVsyncOff 7500000, presDeadline 12666666, touch EXTERNAL, rotation 0, type HDMI, state UNKNOWN, FLAG_SECURE, FLAG_SUPPORTS_PROTECTED_BUFFERS, FLAG_PRESENTATION, FLAG_DEFAULT_EXTERNAL_DISPLAY}
D/SurfaceFlinger( 174): Set power mode=2, type=1 flinger=0xb6082000
D/qdhwcomposer( 174): hwc_blank: Unblanking display: 1
D/qdhwcomposer( 174): hwc_blank: Done unblanking display: 1
I/DisplayManagerService( 719): Display device changed: DisplayDeviceInfo{"HDMI Screen": uniqueId="local:1", 1920 x 1080, 60.000004 fps, supportedRefreshRates [60.000004], density 320, 320.0 x 320.0 dpi, appVsyncOff 7500000, presDeadline 12666666, touch EXTERNAL, rotation 0, type HDMI, state ON, FLAG_SECURE, FLAG_SUPPORTS_PROTECTED_BUFFERS, FLAG_PRESENTATION, FLAG_DEFAULT_EXTERNAL_DISPLAY}
I/PerspectiveService( 719): HDMI display added, scheduling desktop start...
V/ActivityManager( 719): Display added displayId=1
V/ActivityManager( 719): Display changed displayId=1
I/InputReader( 719): Reconfiguring input devices. changes=0x00000004
V/ActivityManager( 719): Display changed displayId=1
D/QSEECOMD: (10886): qseecom listener services process entry PPID = 1
E/QSEECOMD: (10886): Listener: index = 0, hierarchy = 0
E/QSEECOMD: (10886): Init dlopen(librpmb.so, RLTD_NOW) is failed....
E/QSEECOMD: (10886): ERROR: RPMB_INIT failed, shall not start listener services
V/WiredAccessoryManager( 719): Headset UEVENT: {SUBSYSTEM=switch, SEQNUM=5409, ACTION=change, SWITCH_STATE=1, SWITCH_NAME=hdmi_audio, DEVPATH=/devices/virtual/switch/hdmi_audio}
V/WiredAccessoryManager( 719): newName=hdmi_audio newState=16 headsetState=16 prev headsetState=0
V/WiredAccessoryManager( 719): device hdmi_audio connected
E/msm8974_platform( 186): platform_edid_get_max_channels: mixer_ctl_get_array() failed to get EDID info
E/audio_hw_primary( 186): HDMI does not support multi channel playback
D/audio_hw_primary( 186): adev_open_output_stream: exit: ret -38
W/AudioPolicyManager( 186): checkOutputsForDevice() could not open output for device 400
D/audio_hw_primary( 186): adev_set_parameters: enter: connect=1024
V/WiredAccessoryManager( 719): Headset UEVENT: {SUBSYSTEM=switch, SEQNUM=5409, USEC_INITIALIZED=8563049, ACTION=change, SWITCH_STATE=1, SWITCH_NAME=hdmi_audio, DEVPATH=/devices/virtual/switch/hdmi_audio}
V/WiredAccessoryManager( 719): newName=hdmi_audio newState=16 headsetState=16 prev headsetState=16
E/WiredAccessoryManager( 719): No state change.
E/NetlinkListener( 182): recvmsg failed (I/O error)
E/NetlinkListener( 173): recvmsg failed (I/O error)
D/ConnectivityManager.CallbackHandler( 719): CM callback handler got msg 524298
D/ConnectivityManager( 719): expireRequest with 193, 189
D/ConnectivityManager.CallbackHandler( 719): CM callback handler got msg 524298
D/ConnectivityManager( 719): expireRequest with 193, 190
D/ConnectivityManager.CallbackHandler( 719): CM callback handler got msg 524298
D/ConnectivityManager( 719): expireRequest with 193, 191
D/Tethering( 719): TetherModeAliveState.processMessage what=4
D/Tethering( 719): TetherModeAliveState.processMessage what=4
D/ConnectivityManager( 719): renewing startUsingNetworkFeature request NetworkRequest [ id=3, legacyType=4, [ Transports: CELLULAR Capabilities: DUN&NOT_RESTRICTED&TRUSTED&NOT_VPN] ]
D/ConnectivityManager( 719): renewing request to seqNum 194
D/ConnectivityManager( 719): sending expire msg with seqNum 194 and delay 60000
D/QSEECOMD: (10890): qseecom listener services process entry PPID = 1
E/QSEECOMD: (10890): Listener: index = 0, hierarchy = 0
E/QSEECOMD: (10890): Init dlopen(librpmb.so, RLTD_NOW) is failed....
E/QSEECOMD: (10890): ERROR: RPMB_INIT failed, shall not start listener services
D/QSEECOMD: (10892): qseecom listener services process entry PPID = 1
E/QSEECOMD: (10892): Listener: index = 0, hierarchy = 0
E/QSEECOMD: (10892): Init dlopen(librpmb.so, RLTD_NOW) is failed....
E/QSEECOMD: (10892): ERROR: RPMB_INIT failed, shall not start listener services
I/ActivityManager( 719): Waited long enough for: ServiceRecord{28750c53 u0 com.android.music/.MediaPlaybackService}
D/QSEECOMD: (10895): qseecom listener services process entry PPID = 1
E/QSEECOMD: (10895): Listener: index = 0, hierarchy = 0
E/QSEECOMD: (10895): Init dlopen(librpmb.so, RLTD_NOW) is failed....
E/QSEECOMD: (10895): ERROR: RPMB_INIT failed, shall not start listener services
D/QSEECOMD: (10897): qseecom listener services process entry PPID = 1
E/QSEECOMD: (10897): Listener: index = 0, hierarchy = 0
E/QSEECOMD: (10897): Init dlopen(librpmb.so, RLTD_NOW) is failed....
E/QSEECOMD: (10897): ERROR: RPMB_INIT failed, shall not start listener services
D/ConnectivityManager.CallbackHandler( 719): CM callback handler got msg 524298
D/ConnectivityManager( 719): expireRequest with 194, 192
D/ConnectivityManager.CallbackHandler( 719): CM callback handler got msg 524298
D/ConnectivityManager( 719): expireRequest with 194, 193
W/BackupManagerService( 719): dataChanged but no participant pkg='com.android.providers.settings' uid=1001
D/HeadsetPhoneState( 1461): sendDeviceStateChanged. mService=1 mSignal=4 mRoam=0 mBatteryCharge=2
D/HeadsetStateMachine( 1461): Disconnected process message: 11, size: 0
D/QSEECOMD: (10900): qseecom listener services process entry PPID = 1
E/QSEECOMD: (10900): Listener: index = 0, hierarchy = 0
E/QSEECOMD: (10900): Init dlopen(librpmb.so, RLTD_NOW) is failed....
E/QSEECOMD: (10900): ERROR: RPMB_INIT failed, shall not start listener services
D/HeadsetPhoneState( 1461): sendDeviceStateChanged. mService=1 mSignal=3 mRoam=0 mBatteryCharge=2
D/HeadsetStateMachine( 1461): Disconnected process message: 11, size: 0
D/QSEECOMD: (10902): qseecom listener services process entry PPID = 1
E/QSEECOMD: (10902): Listener: index = 0, hierarchy = 0
E/QSEECOMD: (10902): Init dlopen(librpmb.so, RLTD_NOW) is failed....
E/QSEECOMD: (10902): ERROR: RPMB_INIT failed, shall not start listener services
I/rmt_storage( 175): rmt_storage_connect_cb: clnt_h=0xc conn_h=0xb6403090
I/rmt_storage( 175): rmt_storage_rw_iovec_cb: /boot/modem_fs2: clnt_h=0x2: req_h=0x10 msg_id=3: R/W request received
I/rmt_storage( 175): wakelock acquired: 1, error no: 2
I/rmt_storage( 175): rmt_storage_client_thread: /boot/modem_fs2: clnt_h=0x2 Unblock worker thread (th_id: -1236802816)
I/rmt_storage( 175): rmt_storage_client_thread: /boot/modem_fs2: clnt_h=0x2: req_h=0x10 msg_id=3: Bytes written = 1572864
I/rmt_storage( 175): rmt_storage_client_thread: /boot/modem_fs2: clnt_h=0x2: req_h=0x10 msg_id=3: Send response: res=0 err=0
I/rmt_storage( 175): rmt_storage_client_thread: /boot/modem_fs2: clnt_h=0x2 About to block rmt_storage client thread (th_id: -1236802816) wakelock released: 1, error no: 0
I/rmt_storage( 175):
I/rmt_storage( 175): rmt_storage_disconnect_cb: clnt_h=0x0xc conn_h=0x0xb6403090
D/QSEECOMD: (10905): qseecom listener services process entry PPID = 1
E/QSEECOMD: (10905): Listener: index = 0, hierarchy = 0
E/QSEECOMD: (10905): Init dlopen(librpmb.so, RLTD_NOW) is failed....
E/QSEECOMD: (10905): ERROR: RPMB_INIT failed, shall not start listener services
W/bt-btif ( 1461): dm_pm_timer expires
W/bt-btif ( 1461): dm_pm_timer expires 0
W/bt-btif ( 1461): proc dm_pm_timer expires
D/QSEECOMD: (10907): qseecom listener services process entry PPID = 1
E/QSEECOMD: (10907): Listener: index = 0, hierarchy = 0
E/QSEECOMD: (10907): Init dlopen(librpmb.so, RLTD_NOW) is failed....
E/QSEECOMD: (10907): ERROR: RPMB_INIT failed, shall not start listener services
D/Tethering( 719): TetherModeAliveState.processMessage what=4
D/ConnectivityManager( 719): renewing startUsingNetworkFeature request NetworkRequest [ id=3, legacyType=4, [ Transports: CELLULAR Capabilities: DUN&NOT_RESTRICTED&TRUSTED&NOT_VPN] ]
D/ConnectivityManager( 719): renewing request to seqNum 195
D/ConnectivityManager( 719): sending expire msg with seqNum 195 and delay 60000
D/QSEECOMD: (10915): qseecom listener services process entry PPID = 1
E/QSEECOMD: (10915): Listener: index = 0, hierarchy = 0
E/QSEECOMD: (10915): Init dlopen(librpmb.so, RLTD_NOW) is failed....
E/QSEECOMD: (10915): ERROR: RPMB_INIT failed, shall not start listener services
D/QSEECOMD: (10918): qseecom listener services process entry PPID = 1
E/QSEECOMD: (10918): Listener: index = 0, hierarchy = 0
E/QSEECOMD: (10918): Init dlopen(librpmb.so, RLTD_NOW) is failed....
E/QSEECOMD: (10918): ERROR: RPMB_INIT failed, shall not start listener services
D/QSEECOMD: (10921): qseecom listener services process entry PPID = 1
E/QSEECOMD: (10921): Listener: index = 0, hierarchy = 0
E/QSEECOMD: (10921): Init dlopen(librpmb.so, RLTD_NOW) is failed....
E/QSEECOMD: (10921): ERROR: RPMB_INIT failed, shall not start listener services
V/MusicFXControlPanelReceiver( 2210): onReceive
V/MusicFXControlPanelReceiver( 2210): Action: android.media.action.CLOSE_AUDIO_EFFECT_CONTROL_SESSION
V/MusicFXControlPanelReceiver( 2210): Package name: com.android.music
V/MusicFXControlPanelReceiver( 2210): Audio session: 47
V/MusicFXControlPanelEffect( 2210): closeSession(android.app.ReceiverRestrictedContext@1751122c, com.android.music, 47)
I/MediaFocusControl( 719): AudioFocus abandonAudioFocus() from android.media.AudioManager@2159168ccom.android.music.MediaPlaybackService$3@141571d5
D/HeadsetStateMachine( 1461): Disconnected process message: 10, size: 0
D/QSEECOMD: (10923): qseecom listener services process entry PPID = 1
E/QSEECOMD: (10923): Listener: index = 0, hierarchy = 0
E/QSEECOMD: (10923): Init dlopen(librpmb.so, RLTD_NOW) is failed....
E/QSEECOMD: (10923): ERROR: RPMB_INIT failed, shall not start listener services
D/ConnectivityManager.CallbackHandler( 719): CM callback handler got msg 524298
D/ConnectivityManager( 719): expireRequest with 195, 194
D/QSEECOMD: (10926): qseecom listener services process entry PPID = 1
E/QSEECOMD: (10926): Listener: index = 0, hierarchy = 0
E/QSEECOMD: (10926): Init dlopen(librpmb.so, RLTD_NOW) is failed....
E/QSEECOMD: (10926): ERROR: RPMB_INIT failed, shall not start listener services
D/QSEECOMD: (10928): qseecom listener services process entry PPID = 1
E/QSEECOMD: (10928): Listener: index = 0, hierarchy = 0
E/QSEECOMD: (10928): Init dlopen(librpmb.so, RLTD_NOW) is failed....
E/QSEECOMD: (10928): ERROR: RPMB_INIT failed, shall not start listener services
W/bt-btif ( 1461): dm_pm_timer expires
W/bt-btif ( 1461): dm_pm_timer expires 0
W/bt-btif ( 1461): proc dm_pm_timer expires
D/QSEECOMD: (10931): qseecom listener services process entry PPID = 1
E/QSEECOMD: (10931): Listener: index = 0, hierarchy = 0
E/QSEECOMD: (10931): Init dlopen(librpmb.so, RLTD_NOW) is failed....
E/QSEECOMD: (10931): ERROR: RPMB_INIT failed, shall not start listener services
D/QSEECOMD: (10933): qseecom listener services process entry PPID = 1
E/QSEECOMD: (10933): Listener: index = 0, hierarchy = 0
E/QSEECOMD: (10933): Init dlopen(librpmb.so, RLTD_NOW) is failed....
E/QSEECOMD: (10933): ERROR: RPMB_INIT failed, shall not start listener services
D/Tethering( 719): TetherModeAliveState.processMessage what=4
D/ConnectivityManager( 719): renewing startUsingNetworkFeature request NetworkRequest [ id=3, legacyType=4, [ Transports: CELLULAR Capabilities: DUN&NOT_RESTRICTED&TRUSTED&NOT_VPN] ]
D/ConnectivityManager( 719): renewing request to seqNum 196
D/ConnectivityManager( 719): sending expire msg with seqNum 196 and delay 60000
W/BackupManagerService( 719): dataChanged but no participant pkg='com.android.providers.settings' uid=1001
D/QSEECOMD: (10936): qseecom listener services process entry PPID = 1
E/QSEECOMD: (10936): Listener: index = 0, hierarchy = 0
E/QSEECOMD: (10936): Init dlopen(librpmb.so, RLTD_NOW) is failed....
E/QSEECOMD: (10936): ERROR: RPMB_INIT failed, shall not start listener services
D/HeadsetStateMachine( 1461): Disconnected process message: 10, size: 0
E/NetlinkListener( 182): recvmsg failed (I/O error)
E/NetlinkListener( 173): recvmsg failed (I/O error)
D/QSEECOMD: (10939): qseecom listener services process entry PPID = 1
E/QSEECOMD: (10939): Listener: index = 0, hierarchy = 0
E/QSEECOMD: (10939): Init dlopen(librpmb.so, RLTD_NOW) is failed....
E/QSEECOMD: (10939): ERROR: RPMB_INIT failed, shall not start listener services
D/QSEECOMD: (10942): qseecom listener services process entry PPID = 1
E/QSEECOMD: (10942): Listener: index = 0, hierarchy = 0
E/QSEECOMD: (10942): Init dlopen(librpmb.so, RLTD_NOW) is failed....
E/QSEECOMD: (10942): ERROR: RPMB_INIT failed, shall not start listener services
D/QSEECOMD: (10944): qseecom listener services process entry PPID = 1
E/QSEECOMD: (10944): Listener: index = 0, hierarchy = 0
E/QSEECOMD: (10944): Init dlopen(librpmb.so, RLTD_NOW) is failed....
E/QSEECOMD: (10944): ERROR: RPMB_INIT failed, shall not start listener services
D/ConnectivityManager.CallbackHandler( 719): CM callback handler got msg 524298
D/ConnectivityManager( 719): expireRequest with 196, 195
D/QSEECOMD: (10947): qseecom listener services process entry PPID = 1
E/QSEECOMD: (10947): Listener: index = 0, hierarchy = 0
E/QSEECOMD: (10947): Init dlopen(librpmb.so, RLTD_NOW) is failed....
E/QSEECOMD: (10947): ERROR: RPMB_INIT failed, shall not start listener services
D/QSEECOMD: (10949): qseecom listener services process entry PPID = 1
E/QSEECOMD: (10949): Listener: index = 0, hierarchy = 0
E/QSEECOMD: (10949): Init dlopen(librpmb.so, RLTD_NOW) is failed....
E/QSEECOMD: (10949): ERROR: RPMB_INIT failed, shall not start listener services
D/qdhwcomposer( 174): handle_uevent sending hotplug: connected = 0 and dpy:1
I/DisplayManagerService( 719): Display device removed: DisplayDeviceInfo{"HDMI Screen": uniqueId="local:1", 1920 x 1080, 60.000004 fps, supportedRefreshRates [60.000004], density 320, 320.0 x 320.0 dpi, appVsyncOff 7500000, presDeadline 12666666, touch EXTERNAL, rotation 0, type HDMI, state ON, FLAG_SECURE, FLAG_SUPPORTS_PROTECTED_BUFFERS, FLAG_PRESENTATION, FLAG_DEFAULT_EXTERNAL_DISPLAY}
V/ActivityManager( 719): Display removed displayId=1
I/InputReader( 719): Reconfiguring input devices. changes=0x00000004
V/WiredAccessoryManager( 719): Headset UEVENT: {SUBSYSTEM=switch, SEQNUM=5411, ACTION=change, SWITCH_STATE=0, SWITCH_NAME=hdmi_audio, DEVPATH=/devices/virtual/switch/hdmi_audio}
V/WiredAccessoryManager( 719): newName=hdmi_audio newState=0 headsetState=0 prev headsetState=16
V/WiredAccessoryManager( 719): device hdmi_audio disconnected
V/WiredAccessoryManager( 719): Headset UEVENT: {SUBSYSTEM=switch, SEQNUM=5411, USEC_INITIALIZED=7120449740, ACTION=change, SWITCH_STATE=0, SWITCH_NAME=hdmi_audio, DEVPATH=/devices/virtual/switch/hdmi_audio}
V/WiredAccessoryManager( 719): newName=hdmi_audio newState=0 headsetState=0 prev headsetState=0
E/WiredAccessoryManager( 719): No state change.
E/NetlinkListener( 182): recvmsg failed (I/O error)
E/NetlinkListener( 173): recvmsg failed (I/O error)
E/NetlinkListener( 182): recvmsg failed (I/O error)
E/NetlinkListener( 173): recvmsg failed (I/O error)
D/audio_hw_primary( 186): adev_set_parameters: enter: disconnect=1024
D/qdexternal( 174): readCEUnderscanInfo: Scan Info string: 2, 2, 3
D/qdexternal( 174): length = 8
E/NetlinkListener( 182): recvmsg failed (I/O error)
E/NetlinkListener( 173): recvmsg failed (I/O error)
D/qdexternal( 174): ExtDisplay setting xres = 1920, yres = 1080
D/qdhwcomposer( 174): handle_uevent sending hotplug: connected = 1
D/qdhwcomposer( 174): hwc_getDisplayAttributes disp = 1, width = 1920
D/qdhwcomposer( 174): hwc_getDisplayAttributes disp = 1, height = 1080
I/DisplayManagerService( 719): Display device added: DisplayDeviceInfo{"HDMI Screen": uniqueId="local:1", 1920 x 1080, 60.000004 fps, supportedRefreshRates [60.000004], density 320, 320.0 x 320.0 dpi, appVsyncOff 7500000, presDeadline 12666666, touch EXTERNAL, rotation 0, type HDMI, state UNKNOWN, FLAG_SECURE, FLAG_SUPPORTS_PROTECTED_BUFFERS, FLAG_PRESENTATION, FLAG_DEFAULT_EXTERNAL_DISPLAY}
D/SurfaceFlinger( 174): Set power mode=2, type=1 flinger=0xb6082000
D/qdhwcomposer( 174): hwc_blank: Unblanking display: 1
D/qdhwcomposer( 174): hwc_blank: Done unblanking display: 1
I/PerspectiveService( 719): HDMI display added, scheduling desktop start...
V/ActivityManager( 719): Display added displayId=1
I/DisplayManagerService( 719): Display device changed: DisplayDeviceInfo{"HDMI Screen": uniqueId="local:1", 1920 x 1080, 60.000004 fps, supportedRefreshRates [60.000004], density 320, 320.0 x 320.0 dpi, appVsyncOff 7500000, presDeadline 12666666, touch EXTERNAL, rotation 0, type HDMI, state ON, FLAG_SECURE, FLAG_SUPPORTS_PROTECTED_BUFFERS, FLAG_PRESENTATION, FLAG_DEFAULT_EXTERNAL_DISPLAY}
V/ActivityManager( 719): Display changed displayId=1
V/ActivityManager( 719): Display changed displayId=1
I/InputReader( 719): Reconfiguring input devices. changes=0x00000004
V/WiredAccessoryManager( 719): Headset UEVENT: {SUBSYSTEM=switch, SEQNUM=5414, ACTION=change, SWITCH_STATE=1, SWITCH_NAME=hdmi_audio, DEVPATH=/devices/virtual/switch/hdmi_audio}
V/WiredAccessoryManager( 719): newName=hdmi_audio newState=16 headsetState=16 prev headsetState=0
V/WiredAccessoryManager( 719): device hdmi_audio connected
E/msm8974_platform( 186): platform_edid_get_max_channels: mixer_ctl_get_array() failed to get EDID info
E/audio_hw_primary( 186): HDMI does not support multi channel playback
D/audio_hw_primary( 186): adev_open_output_stream: exit: ret -38
W/AudioPolicyManager( 186): checkOutputsForDevice() could not open output for device 400
D/audio_hw_primary( 186): adev_set_parameters: enter: connect=1024
V/WiredAccessoryManager( 719): Headset UEVENT: {SUBSYSTEM=switch, SEQNUM=5414, USEC_INITIALIZED=22795476, ACTION=change, SWITCH_STATE=1, SWITCH_NAME=hdmi_audio, DEVPATH=/devices/virtual/switch/hdmi_audio}
V/WiredAccessoryManager( 719): newName=hdmi_audio newState=16 headsetState=16 prev headsetState=16
E/WiredAccessoryManager( 719): No state change.
E/NetlinkListener( 182): recvmsg failed (I/O error)
E/NetlinkListener( 173): recvmsg failed (I/O error)
D/QSEECOMD: (10956): qseecom listener services process entry PPID = 1
E/QSEECOMD: (10956): Listener: index = 0, hierarchy = 0
E/QSEECOMD: (10956): Init dlopen(librpmb.so, RLTD_NOW) is failed....
E/QSEECOMD: (10956): ERROR: RPMB_INIT failed, shall not start listener services
D/QSEECOMD: (10958): qseecom listener services process entry PPID = 1
E/QSEECOMD: (10958): Listener: index = 0, hierarchy = 0
E/QSEECOMD: (10958): Init dlopen(librpmb.so, RLTD_NOW) is failed....
E/QSEECOMD: (10958): ERROR: RPMB_INIT failed, shall not start listener services
D/Tethering( 719): TetherModeAliveState.processMessage what=4
D/ConnectivityManager( 719): renewing startUsingNetworkFeature request NetworkRequest [ id=3, legacyType=4, [ Transports: CELLULAR Capabilities: DUN&NOT_RESTRICTED&TRUSTED&NOT_VPN] ]
D/ConnectivityManager( 719): renewing request to seqNum 197
D/ConnectivityManager( 719): sending expire msg with seqNum 197 and delay 60000
D/QSEECOMD: (10961): qseecom listener services process entry PPID = 1
E/QSEECOMD: (10961): Listener: index = 0, hierarchy = 0
E/QSEECOMD: (10961): Init dlopen(librpmb.so, RLTD_NOW) is failed....
E/QSEECOMD: (10961): ERROR: RPMB_INIT failed, shall not start listener services
I/ActivityManager( 719): Waited long enough for: ServiceRecord{a24899a u0 com.android.music/.MediaPlaybackService}
D/QSEECOMD: (10963): qseecom listener services process entry PPID = 1
E/QSEECOMD: (10963): Listener: index = 0, hierarchy = 0
E/QSEECOMD: (10963): Init dlopen(librpmb.so, RLTD_NOW) is failed....
E/QSEECOMD: (10963): ERROR: RPMB_INIT failed, shall not start listener services
D/QSEECOMD: (10966): qseecom listener services process entry PPID = 1
E/QSEECOMD: (10966): Listener: index = 0, hierarchy = 0
E/QSEECOMD: (10966): Init dlopen(librpmb.so, RLTD_NOW) is failed....
E/QSEECOMD: (10966): ERROR: RPMB_INIT failed, shall not start listener services
D/HeadsetPhoneState( 1461): sendDeviceStateChanged. mService=1 mSignal=4 mRoam=0 mBatteryCharge=2
D/HeadsetStateMachine( 1461): Disconnected process message: 11, size: 0
D/QSEECOMD: (10968): qseecom listener services process entry PPID = 1
E/QSEECOMD: (10968): Listener: index = 0, hierarchy = 0
E/QSEECOMD: (10968): Init dlopen(librpmb.so, RLTD_NOW) is failed....
E/QSEECOMD: (10968): ERROR: RPMB_INIT failed, shall not start listener services
D/HeadsetPhoneState( 1461): sendDeviceStateChanged. mService=1 mSignal=3 mRoam=0 mBatteryCharge=2
D/HeadsetStateMachine( 1461): Disconnected process message: 11, size: 0
D/ConnectivityManager.CallbackHandler( 719): CM callback handler got msg 524298
D/ConnectivityManager( 719): expireRequest with 197, 196
W/BackupManagerService( 719): dataChanged but no participant pkg='com.android.providers.settings' uid=1001
D/ConnectivityService( 719): NetworkAgentInfo [MOBILE (LTE) - 110] EVENT_NETWORK_INFO_CHANGED, going from CONNECTED to DISCONNECTED
D/ConnectivityService( 719): NetworkAgentInfo [MOBILE (LTE) - 110] got DISCONNECTED, was satisfying 2
D/DcNetworkAgent( 1098): NetworkAgent: NetworkAgent channel lost
D/DcNetworkAgent( 1098): NetworkAgent: DcNetworkAgent: unwanted found mNetworkAgent=null, which isn't me. Aborting unwanted
E/NetlinkListener( 182): recvmsg failed (I/O error)
E/NetlinkListener( 173): recvmsg failed (I/O error)
E/NetlinkListener( 173): recvmsg failed (I/O error)
E/NetlinkListener( 182): recvmsg failed (I/O error)
E/NetlinkListener( 173): recvmsg failed (I/O error)
E/NetlinkListener( 182): recvmsg failed (I/O error)
E/NetlinkListener( 182): recvmsg failed (I/O error)
E/NetlinkListener( 173): recvmsg failed (I/O error)
