D/ConnectivityService( 719): notifyType LOST for NetworkAgentInfo [MOBILE (LTE) - 110]
D/CSLegacyTypeTracker( 719): Sending disconnected broadcast for type 0 NetworkAgentInfo [MOBILE (LTE) - 110] isDefaultNetwork=true
D/ConnectivityService( 719): sendStickyBroadcast: action=android.net.conn.CONNECTIVITY_CHANGE_IMMEDIATE
D/ConnectivityService( 719): sendStickyBroadcast: action=android.net.conn.CONNECTIVITY_CHANGE
D/ConnectivityManager.CallbackHandler( 889): CM callback handler got msg 524292
D/ConnectivityService( 719): sendStickyBroadcast: action=android.net.conn.CONNECTIVITY_CHANGE_IMMEDIATE
D/ConnectivityService( 719): sendStickyBroadcast: action=android.net.conn.CONNECTIVITY_CHANGE D/NetworkMonitor/NetworkAgentInfo [MOBILE (LTE) - 110]( 719): ValidatedState{ when=-1ms what=532487 target=com.android.internal.util.StateMachine$SmHandler } D/NetworkMonitor/NetworkAgentInfo [MOBILE (LTE) - 110]( 719): DefaultState{ when=-1ms what=532487 target=com.android.internal.util.StateMachine$SmHandler } D/NetworkMonitor/NetworkAgentInfo [MOBILE (LTE) - 110]( 719): Disconnected - quitting
D/ConnectivityService( 719): Checking for replacement network to handle request NetworkRequest [ id=1, legacyType=-1, [ Capabilities: INTERNET&NOT_RESTRICTED&TRUSTED&NOT_VPN] ]
D/Tethering( 719): TetherModeAliveState.processMessage what=3
D/Tethering( 719): chooseUpstreamType(true), preferredApn =4, got type=4
D/ConnectivityManager( 719): renewing startUsingNetworkFeature request NetworkRequest [ id=3, legacyType=4, [ Transports: CELLULAR Capabilities: DUN&NOT_RESTRICTED&TRUSTED&NOT_VPN] ]
D/ConnectivityManager( 719): renewing request to seqNum 198
D/ConnectivityManager( 719): sending expire msg with seqNum 198 and delay 60000
I/Tethering( 719): Finding IPv4 upstream interface on: {InterfaceName: rmnet1 LinkAddresses: [10.41.105.96/26,] Routes: [0.0.0.0/0 -> 10.41.105.97 rmnet1,] DnsAddresses: [192.168.10.110,] Domains: null MTU: 1500 TcpBufferSizes: 524288,1048576,2097152,262144,524288,1048576}
I/Tethering( 719): Found interface rmnet1
D/PhoneInterfaceManager( 1098): [PhoneIntfMgr] getDataEnabled: subId=1 phoneId=0
D/PhoneInterfaceManager( 1098): [PhoneIntfMgr] getDataEnabled: subId=1 retVal=true
D/ConnectivityManager( 1661): getMobileDataEnabled()+ subId=1
D/TelephonyManager( 719): getDataEnabled: retVal=true
D/PhoneInterfaceManager( 1098): [PhoneIntfMgr] getDataEnabled: subId=1 phoneId=0
D/PhoneInterfaceManager( 1098): [PhoneIntfMgr] getDataEnabled: subId=1 retVal=true
D/ConnectivityManager( 1661): getMobileDataEnabled()- subId=1 retVal=true
D/ConnectivityManager( 1661): getMobileDataEnabled()+ subId=1
D/PhoneInterfaceManager( 1098): [PhoneIntfMgr] getDataEnabled: subId=1 phoneId=0
D/PhoneInterfaceManager( 1098): [PhoneIntfMgr] getDataEnabled: subId=1 retVal=true
D/ConnectivityManager( 1661): getMobileDataEnabled()- subId=1 retVal=true
V/IdletimerController( 182): runCmd(/system/bin/ip6tables -t raw -D idletimer_raw_PREROUTING -i rmnet0 -j IDLETIMER --timeout 5 --label 0 --send_nl_msg 1) res_ipv4=0, res_ipv6=0
D/ConnectivityManager( 1661): getMobileDataEnabled()+ subId=1
V/IdletimerController( 182): runCmd(/system/bin/ip6tables -t mangle -D idletimer_mangle_POSTROUTING -o rmnet0 -j IDLETIMER --timeout 5 --label 0 --send_nl_msg 1) res_ipv4=0, res_ipv6=0
D/TetherController( 182): setDnsForwarders(0xf006f 0 = '192.168.10.110')
D/TetherController( 182): Sending update msg to dnsmasq [update_dns:0xf006f:192.168.10.110]
D/PhoneInterfaceManager( 1098): [PhoneIntfMgr] getDataEnabled: subId=1 phoneId=0
D/ConnectivityService( 719): NetworkAgentInfo [MOBILE (LTE) - 111] EVENT_NETWORK_INFO_CHANGED, going from CONNECTED to DISCONNECTED
D/PhoneInterfaceManager( 1098): [PhoneIntfMgr] getDataEnabled: subId=1 phoneId=0
I/dnsmasq ( 2110): using nameserver 192.168.10.110#53
D/PhoneInterfaceManager( 1098): [PhoneIntfMgr] getDataEnabled: subId=1 retVal=true
D/ConnectivityService( 719): NetworkAgentInfo [MOBILE (LTE) - 111] got DISCONNECTED, was satisfying 2
D/Tethering( 719): notifying tethered with iface =rmnet1
D/Tethering( 719): TetherModeAliveState.processMessage what=3
D/DcNetworkAgent( 1098): NetworkAgent: NetworkAgent channel lost
D/DcNetworkAgent( 1098): NetworkAgent: DcNetworkAgent: unwanted found mNetworkAgent=null, which isn't me. Aborting unwanted
D/PhoneInterfaceManager( 1098): [PhoneIntfMgr] getDataEnabled: subId=1 retVal=true
D/ConnectivityManager( 1661): getMobileDataEnabled()- subId=1 retVal=true
D/TelephonyManager( 719): getDataEnabled: retVal=true
D/Tethering( 719): chooseUpstreamType(true), preferredApn =4, got type=-1
D/ConnectivityManager( 719): renewing startUsingNetworkFeature request NetworkRequest [ id=3, legacyType=4, [ Transports: CELLULAR Capabilities: DUN&NOT_RESTRICTED&TRUSTED&NOT_VPN] ]
D/ConnectivityManager( 719): renewing request to seqNum 199
D/ConnectivityManager( 719): sending expire msg with seqNum 199 and delay 60000
D/Tethering( 719): notifying tethered with iface =null
D/Tethering( 719): TetheredState.processMessage what=12
D/Tethering( 719): TetheredState.processMessage what=12
D/ConnectivityManager( 1661): getMobileDataEnabled()+ subId=1
D/PhoneInterfaceManager( 1098): [PhoneIntfMgr] getDataEnabled: subId=1 phoneId=0
D/PhoneInterfaceManager( 1098): [PhoneIntfMgr] getDataEnabled: subId=1 retVal=true
D/ConnectivityManager( 1661): getMobileDataEnabled()- subId=1 retVal=true
D/ConnectivityService( 719): notifyType LOST for NetworkAgentInfo [MOBILE (LTE) - 111]
D/ConnectivityManager.CallbackHandler( 889): CM callback handler got msg 524292
D/CSLegacyTypeTracker( 719): Sending disconnected broadcast for type 4 NetworkAgentInfo [MOBILE (LTE) - 111] isDefaultNetwork=false
D/ConnectivityService( 719): sendStickyBroadcast: action=android.net.conn.CONNECTIVITY_CHANGE_IMMEDIATE
D/ConnectivityService( 719): sendStickyBroadcast: action=android.net.conn.CONNECTIVITY_CHANGE D/NetworkMonitor/NetworkAgentInfo [MOBILE (LTE) - 111]( 719): ValidatedState{ when=-1ms what=532487 target=com.android.internal.util.StateMachine$SmHandler } D/NetworkMonitor/NetworkAgentInfo [MOBILE (LTE) - 111]( 719): DefaultState{ when=-1ms what=532487 target=com.android.internal.util.StateMachine$SmHandler } D/NetworkMonitor/NetworkAgentInfo [MOBILE (LTE) - 111]( 719): Disconnected - quitting
D/ConnectivityService( 719): Checking for replacement network to handle request NetworkRequest [ id=3, legacyType=4, [ Transports: CELLULAR Capabilities: DUN&NOT_RESTRICTED&TRUSTED&NOT_VPN] ]
D/ConnectivityManager.CallbackHandler( 719): CM callback handler got msg 524292
D/ConnectivityManager( 719): startUsingNetworkFeature lost Network:111
V/NatController( 182): runCmd(/system/bin/iptables -D natctrl_FORWARD -i rmnet1 -o wlan0 -m state --state ESTABLISHED,RELATED -g natctrl_tether_counters) res=0
V/NatController( 182): runCmd(/system/bin/iptables -D natctrl_FORWARD -i wlan0 -o rmnet1 -m state --state INVALID -j DROP) res=0
V/NatController( 182): runCmd(/system/bin/iptables -D natctrl_FORWARD -i wlan0 -o rmnet1 -g natctrl_tether_counters) res=0
V/NatController( 182): runCmd(/system/bin/iptables -F natctrl_FORWARD) res=0
V/NatController( 182): runCmd(/system/bin/iptables -A natctrl_FORWARD -j DROP) res=0
V/NatController( 182): runCmd(/system/bin/iptables -t nat -F natctrl_nat_POSTROUTING) res=0
D/Tethering( 719): TetherModeAliveState.processMessage what=3
D/Tethering( 719): chooseUpstreamType(true), preferredApn =4, got type=-1
D/ConnectivityManager( 719): renewing startUsingNetworkFeature request NetworkRequest [ id=3, legacyType=4, [ Transports: CELLULAR Capabilities: DUN&NOT_RESTRICTED&TRUSTED&NOT_VPN] ]
D/ConnectivityManager( 719): renewing request to seqNum 200
D/ConnectivityManager( 719): sending expire msg with seqNum 200 and delay 60000
D/Tethering( 719): notifying tethered with iface =null
D/Tethering( 719): TetheredState.processMessage what=12
D/PhoneInterfaceManager( 1098): [PhoneIntfMgr] getDataEnabled: subId=1 phoneId=0
D/ConnectivityManager( 1661): getMobileDataEnabled()+ subId=1
D/PhoneInterfaceManager( 1098): [PhoneIntfMgr] getDataEnabled: subId=1 phoneId=0
D/PhoneInterfaceManager( 1098): [PhoneIntfMgr] getDataEnabled: subId=1 retVal=true
D/PhoneInterfaceManager( 1098): [PhoneIntfMgr] getDataEnabled: subId=1 retVal=true
D/ConnectivityManager( 1661): getMobileDataEnabled()- subId=1 retVal=true
D/TelephonyManager( 719): getDataEnabled: retVal=true
E/NetlinkListener( 173): recvmsg failed (I/O error)
E/NetlinkListener( 182): recvmsg failed (I/O error)
D/ConnectivityManager( 1661): getMobileDataEnabled()+ subId=1
D/PhoneInterfaceManager( 1098): [PhoneIntfMgr] getDataEnabled: subId=1 phoneId=0
D/PhoneInterfaceManager( 1098): [PhoneIntfMgr] getDataEnabled: subId=1 retVal=true
D/ConnectivityManager( 1661): getMobileDataEnabled()- subId=1 retVal=true
E/NetlinkListener( 182): recvmsg failed (I/O error)
E/NetlinkListener( 173): recvmsg failed (I/O error)
E/NetlinkListener( 182): recvmsg failed (I/O error)
E/NetlinkListener( 173): recvmsg failed (I/O error)
D/QSEECOMD: (11074): qseecom listener services process entry PPID = 1
E/QSEECOMD: (11074): Listener: index = 0, hierarchy = 0
E/QSEECOMD: (11074): Init dlopen(librpmb.so, RLTD_NOW) is failed....
E/QSEECOMD: (11074): ERROR: RPMB_INIT failed, shall not start listener services
D/QSEECOMD: (11076): qseecom listener services process entry PPID = 1
E/QSEECOMD: (11076): Listener: index = 0, hierarchy = 0
E/QSEECOMD: (11076): Init dlopen(librpmb.so, RLTD_NOW) is failed....
E/QSEECOMD: (11076): ERROR: RPMB_INIT failed, shall not start listener services
D/QSEECOMD: (11079): qseecom listener services process entry PPID = 1
E/QSEECOMD: (11079): Listener: index = 0, hierarchy = 0
E/QSEECOMD: (11079): Init dlopen(librpmb.so, RLTD_NOW) is failed....
E/QSEECOMD: (11079): ERROR: RPMB_INIT failed, shall not start listener services
D/QSEECOMD: (11081): qseecom listener services process entry PPID = 1
E/QSEECOMD: (11081): Listener: index = 0, hierarchy = 0
E/QSEECOMD: (11081): Init dlopen(librpmb.so, RLTD_NOW) is failed....
E/QSEECOMD: (11081): ERROR: RPMB_INIT failed, shall not start listener services
D/Tethering( 719): TetherModeAliveState.processMessage what=4
D/ConnectivityService( 719): setProvNotificationVisible: E visible=false networkType=0 action=com.android.internal.telephony.PROVISION0
D/ConnectivityService( 719): setProvNotificationVisibleIntent: E visible=false networkType=0 extraInfo=null
D/ConnectivityService( 719): registerNetworkAgent NetworkAgentInfo{ ni{[type: MOBILE[LTE], state: CONNECTED/CONNECTED, reason: connected, extra: orange, roaming: false, failover: false, isAvailable: true, isConnectedToProvisioningNetwork: false]} network{null} lp{{InterfaceName: rmnet0 LinkAddresses: [10.159.255.207/27,] Routes: [0.0.0.0/0 -> 10.159.255.208 rmnet0,] DnsAddresses: [192.168.10.110,] Domains: null MTU: 1500 TcpBufferSizes: 524288,1048576,2097152,262144,524288,1048576}} nc{[ Transports: CELLULAR Capabilities: SUPL&INTERNET&NOT_RESTRICTED&TRUSTED&NOT_VPN LinkUpBandwidth>=51200Kbps LinkDnBandwidth>=102400Kbps Specifier: <1>]} Score{10} everValidated{false} lastValidated{false} created{false} explicitlySelected{false} }
D/ConnectivityService( 719): NetworkAgentInfo [MOBILE (LTE) - 112] EVENT_NETWORK_INFO_CHANGED, going from null to CONNECTED
D/ConnectivityService( 719): Adding iface rmnet0 to network 112
E/NetlinkListener( 182): recvmsg failed (I/O error)
E/NetlinkListener( 173): recvmsg failed (I/O error)
D/ConnectivityService( 719): Setting MTU size: rmnet0, 1500
D/ConnectivityService( 719): Adding Route [0.0.0.0/0 -> 10.159.255.208 rmnet0] to network 112
D/ConnectivityService( 719): Setting Dns servers for network 112 to [/192.168.10.110]
D/ConnectivityService( 719): notifyType IP_CHANGED for NetworkAgentInfo [MOBILE (LTE) - 112]
D/ConnectivityService( 719): notifyType PRECHECK for NetworkAgentInfo [MOBILE (LTE) - 112]
D/ConnectivityService( 719): rematching NetworkAgentInfo [MOBILE (LTE) - 112]
D/ConnectivityService( 719): accepting network in place of null
D/ConnectivityService( 719): Switching to new default network: NetworkAgentInfo{ ni{[type: MOBILE[LTE], state: CONNECTED/CONNECTED, reason: connected, extra: orange, roaming: false, failover: false, isAvailable: true, isConnectedToProvisioningNetwork: false]} network{112} lp{{InterfaceName: rmnet0 LinkAddresses: [10.159.255.207/27,] Routes: [0.0.0.0/0 -> 10.159.255.208 rmnet0,] DnsAddresses: [192.168.10.110,] Domains: null MTU: 1500 TcpBufferSizes: 524288,1048576,2097152,262144,524288,1048576}} nc{[ Transports: CELLULAR Capabilities: SUPL&INTERNET&NOT_RESTRICTED&TRUSTED&NOT_VPN LinkUpBandwidth>=51200Kbps LinkDnBandwidth>=102400Kbps Specifier: <1>]} Score{10} everValidated{false} lastValidated{false} created{true} explicitlySelected{false} } D/NetworkMonitor/NetworkAgentInfo [MOBILE (LTE) - 112]( 719): DefaultState{ when=-1ms what=532481 target=com.android.internal.util.StateMachine$SmHandler } D/NetworkMonitor/NetworkAgentInfo [MOBILE (LTE) - 112]( 719): Connected D/NetworkMonitor/NetworkAgentInfo [MOBILE (LTE) - 112]( 719): EvaluatingState{ when=0 what=532486 arg1=1 target=com.android.internal.util.StateMachine$SmHandler } D/NetworkMonitor/NetworkAgentInfo [MOBILE (LTE) - 112]( 719): Checking http://connectivitycheck.android.com/generate_204 on orange
V/IdletimerController( 182): runCmd(/system/bin/ip6tables -t raw -A idletimer_raw_PREROUTING -i rmnet0 -j IDLETIMER --timeout 5 --label 0 --send_nl_msg 1) res_ipv4=0, res_ipv6=0
V/IdletimerController( 182): runCmd(/system/bin/ip6tables -t mangle -A idletimer_mangle_POSTROUTING -o rmnet0 -j IDLETIMER --timeout 5 --label 0 --send_nl_msg 1) res_ipv4=0, res_ipv6=0
D/ConnectivityService( 719): notifyType AVAILABLE for NetworkAgentInfo [MOBILE (LTE) - 112]
D/CSLegacyTypeTracker( 719): Sending connected broadcast for type 0 NetworkAgentInfo [MOBILE (LTE) - 112] isDefaultNetwork=true
D/ConnectivityService( 719): sendStickyBroadcast: action=android.net.conn.CONNECTIVITY_CHANGE_IMMEDIATE
D/ConnectivityManager.CallbackHandler( 889): CM callback handler got msg 524290
D/ConnectivityService( 719): sendStickyBroadcast: action=android.net.conn.CONNECTIVITY_CHANGE
D/Tethering( 719): TetherModeAliveState.processMessage what=3
D/Tethering( 719): chooseUpstreamType(true), preferredApn =4, got type=-1
D/ConnectivityManager( 719): renewing startUsingNetworkFeature request NetworkRequest [ id=3, legacyType=4, [ Transports: CELLULAR Capabilities: DUN&NOT_RESTRICTED&TRUSTED&NOT_VPN] ]
D/ConnectivityManager( 719): renewing request to seqNum 201
D/ConnectivityManager( 719): sending expire msg with seqNum 201 and delay 60000
D/Tethering( 719): notifying tethered with iface =null
D/Tethering( 719): TetheredState.processMessage what=12
D/ConnectivityManager( 1661): getMobileDataEnabled()+ subId=1
D/PhoneInterfaceManager( 1098): [PhoneIntfMgr] getDataEnabled: subId=1 phoneId=0
D/PhoneInterfaceManager( 1098): [PhoneIntfMgr] getDataEnabled: subId=1 retVal=true
D/ConnectivityManager( 1661): getMobileDataEnabled()- subId=1 retVal=true
D/PhoneInterfaceManager( 1098): [PhoneIntfMgr] getDataEnabled: subId=1 phoneId=0
D/PhoneInterfaceManager( 1098): [PhoneIntfMgr] getDataEnabled: subId=1 retVal=true
D/TelephonyManager( 719): getDataEnabled: retVal=true
D/ConnectivityManager( 1661): getMobileDataEnabled()+ subId=1
D/PhoneInterfaceManager( 1098): [PhoneIntfMgr] getDataEnabled: subId=1 phoneId=0
D/PhoneInterfaceManager( 1098): [PhoneIntfMgr] getDataEnabled: subId=1 retVal=true
D/ConnectivityManager( 1661): getMobileDataEnabled()- subId=1 retVal=true
D/ConnectivityService( 719): setProvNotificationVisible: E visible=false networkType=0 action=com.android.internal.telephony.PROVISION0
D/ConnectivityService( 719): setProvNotificationVisibleIntent: E visible=false networkType=0 extraInfo=null
D/ConnectivityService( 719): registerNetworkAgent NetworkAgentInfo{ ni{[type: MOBILE[LTE], state: CONNECTED/CONNECTED, reason: connected, extra: orange.fr, roaming: false, failover: false, isAvailable: true, isConnectedToProvisioningNetwork: false]} network{null} lp{{InterfaceName: rmnet1 LinkAddresses: [10.41.220.90/30,] Routes: [0.0.0.0/0 -> 10.41.220.89 rmnet1,] DnsAddresses: [192.168.10.110,] Domains: null MTU: 1500 TcpBufferSizes: 524288,1048576,2097152,262144,524288,1048576}} nc{[ Transports: CELLULAR Capabilities: DUN&NOT_RESTRICTED&TRUSTED&NOT_VPN LinkUpBandwidth>=51200Kbps LinkDnBandwidth>=102400Kbps Specifier: <1>]} Score{10} everValidated{false} lastValidated{false} created{false} explicitlySelected{false} }
D/ConnectivityService( 719): NetworkAgentInfo [MOBILE (LTE) - 113] EVENT_NETWORK_INFO_CHANGED, going from null to CONNECTED
D/ConnectivityService( 719): Adding iface rmnet1 to network 113 D/NetworkMonitor/NetworkAgentInfo [MOBILE (LTE) - 112]( 719): isCaptivePortal: ret=204 headers={null=[HTTP/1.1 204 No Content], Content-Length=[0], Date=[Mon, 18 Apr 2016 08:41:21 GMT], X-Android-Received-Millis=[1460968880879], X-Android-Response-Source=[NETWORK 204], X-Android-Sent-Millis=[1460968880825]} D/NetworkMonitor/NetworkAgentInfo [MOBILE (LTE) - 112]( 719): Don't send network conditions - lacking user consent. D/NetworkMonitor/NetworkAgentInfo [MOBILE (LTE) - 112]( 719): Validated
D/ConnectivityService( 719): Setting MTU size: rmnet1, 1500
D/ConnectivityService( 719): Adding Route [0.0.0.0/0 -> 10.41.220.89 rmnet1] to network 113
D/ConnectivityService( 719): Setting Dns servers for network 113 to [/192.168.10.110]
D/ConnectivityService( 719): notifyType IP_CHANGED for NetworkAgentInfo [MOBILE (LTE) - 113]
D/ConnectivityService( 719): notifyType PRECHECK for NetworkAgentInfo [MOBILE (LTE) - 113]
D/ConnectivityService( 719): rematching NetworkAgentInfo [MOBILE (LTE) - 113]
D/ConnectivityService( 719): accepting network in place of null
D/ConnectivityService( 719): notifyType AVAILABLE for NetworkAgentInfo [MOBILE (LTE) - 113] D/NetworkMonitor/NetworkAgentInfo [MOBILE (LTE) - 113]( 719): DefaultState{ when=0 what=532481 target=com.android.internal.util.StateMachine$SmHandler } D/NetworkMonitor/NetworkAgentInfo [MOBILE (LTE) - 113]( 719): Connected D/NetworkMonitor/NetworkAgentInfo [MOBILE (LTE) - 113]( 719): EvaluatingState{ when=0 what=532486 arg1=1 target=com.android.internal.util.StateMachine$SmHandler } D/NetworkMonitor/NetworkAgentInfo [MOBILE (LTE) - 113]( 719): Validated
D/ConnectivityManager.CallbackHandler( 889): CM callback handler got msg 524290
D/ConnectivityManager.CallbackHandler( 719): CM callback handler got msg 524290
D/ConnectivityManager( 719): startUsingNetworkFeature got Network:113
D/CSLegacyTypeTracker( 719): Sending connected broadcast for type 4 NetworkAgentInfo [MOBILE (LTE) - 113] isDefaultNetwork=false
D/ConnectivityService( 719): sendStickyBroadcast: action=android.net.conn.CONNECTIVITY_CHANGE_IMMEDIATE
D/ConnectivityService( 719): sendStickyBroadcast: action=android.net.conn.CONNECTIVITY_CHANGE
D/Tethering( 719): TetherModeAliveState.processMessage what=3
D/Tethering( 719): chooseUpstreamType(true), preferredApn =4, got type=4
D/ConnectivityManager( 719): renewing startUsingNetworkFeature request NetworkRequest [ id=3, legacyType=4, [ Transports: CELLULAR Capabilities: DUN&NOT_RESTRICTED&TRUSTED&NOT_VPN] ]
D/ConnectivityManager( 719): renewing request to seqNum 202
D/ConnectivityManager( 719): sending expire msg with seqNum 202 and delay 60000
I/Tethering( 719): Finding IPv4 upstream interface on: {InterfaceName: rmnet1 LinkAddresses: [10.41.220.90/30,] Routes: [0.0.0.0/0 -> 10.41.220.89 rmnet1,] DnsAddresses: [192.168.10.110,] Domains: null MTU: 1500 TcpBufferSizes: 524288,1048576,2097152,262144,524288,1048576}
I/Tethering( 719): Found interface rmnet1
D/TetherController( 182): setDnsForwarders(0xf0071 0 = '192.168.10.110')
D/TetherController( 182): Sending update msg to dnsmasq [update_dns:0xf0071:192.168.10.110]
I/dnsmasq ( 2110): using nameserver 192.168.10.110#53
D/Tethering( 719): notifying tethered with iface =rmnet1
D/Tethering( 719): TetheredState.processMessage what=12
V/NatController( 182): enableNat(intIface=, extIface=)
D/ConnectivityService( 719): setProvNotificationVisibleIntent: E visible=false networkType=0 extraInfo=null
D/ConnectivityService( 719): Validated NetworkAgentInfo [MOBILE (LTE) - 112]
D/ConnectivityService( 719): rematching NetworkAgentInfo [MOBILE (LTE) - 112]
D/ConnectivityService( 719): Network NetworkAgentInfo [MOBILE (LTE) - 112] was already satisfying request 1. No change.
D/ConnectivityService( 719): notifyType AVAILABLE for NetworkAgentInfo [MOBILE (LTE) - 112]
D/ConnectivityManager.CallbackHandler( 889): CM callback handler got msg 524290
D/ConnectivityService( 719): sendStickyBroadcast: action=android.net.conn.INET_CONDITION_ACTION
D/ConnectivityService( 719): setProvNotificationVisibleIntent: E visible=false networkType=0 extraInfo=null
D/ConnectivityService( 719): Validated NetworkAgentInfo [MOBILE (LTE) - 113]
D/ConnectivityService( 719): rematching NetworkAgentInfo [MOBILE (LTE) - 113]
D/ConnectivityService( 719): Network NetworkAgentInfo [MOBILE (LTE) - 113] was already satisfying request 3. No change.
D/ConnectivityService( 719): notifyType AVAILABLE for NetworkAgentInfo [MOBILE (LTE) - 113]
D/ConnectivityManager.CallbackHandler( 889): CM callback handler got msg 524290
D/ConnectivityManager.CallbackHandler( 719): CM callback handler got msg 524290
D/ConnectivityManager( 719): startUsingNetworkFeature got Network:113
E/ConnectivityService( 719): Attempting to register duplicate agent for type 4: NetworkAgentInfo{ ni{[type: MOBILE[LTE], state: CONNECTED/CONNECTED, reason: connected, extra: orange.fr, roaming: false, failover: false, isAvailable: true, isConnectedToProvisioningNetwork: false]} network{113} lp{{InterfaceName: rmnet1 LinkAddresses: [10.41.220.90/30,] Routes: [0.0.0.0/0 -> 10.41.220.89 rmnet1,] DnsAddresses: [192.168.10.110,] Domains: null MTU: 1500 TcpBufferSizes: 524288,1048576,2097152,262144,524288,1048576}} nc{[ Transports: CELLULAR Capabilities: DUN&NOT_RESTRICTED&TRUSTED&NOT_VPN LinkUpBandwidth>=51200Kbps LinkDnBandwidth>=102400Kbps Specifier: <1>]} Score{50} everValidated{true} lastValidated{true} created{true} explicitlySelected{false} }
W/NetworkPolicy( 719): shared quota unsupported; generating rule for each iface
D/ConnectivityManager( 1661): getMobileDataEnabled()+ subId=1
D/PhoneInterfaceManager( 1098): [PhoneIntfMgr] getDataEnabled: subId=1 phoneId=0
D/PhoneInterfaceManager( 1098): [PhoneIntfMgr] getDataEnabled: subId=1 retVal=true
D/ConnectivityManager( 1661): getMobileDataEnabled()- subId=1 retVal=true
V/NatController( 182): runCmd(/system/bin/iptables -t nat -A natctrl_nat_POSTROUTING -o rmnet1 -j MASQUERADE) res=0
V/NatController( 182): runCmd(/system/bin/iptables -A natctrl_FORWARD -i rmnet1 -o wlan0 -m state --state ESTABLISHED,RELATED -g natctrl_tether_counters) res=0
V/NatController( 182): runCmd(/system/bin/iptables -A natctrl_FORWARD -i wlan0 -o rmnet1 -m state --state INVALID -j DROP) res=0
D/ConnectivityManager( 1661): getMobileDataEnabled()+ subId=1
D/PhoneInterfaceManager( 1098): [PhoneIntfMgr] getDataEnabled: subId=1 phoneId=0
D/PhoneInterfaceManager( 1098): [PhoneIntfMgr] getDataEnabled: subId=1 retVal=true
D/ConnectivityManager( 1661): getMobileDataEnabled()- subId=1 retVal=true
V/NatController( 182): runCmd(/system/bin/iptables -A natctrl_FORWARD -i wlan0 -o rmnet1 -g natctrl_tether_counters) res=0
D/PhoneInterfaceManager( 1098): [PhoneIntfMgr] getDataEnabled: subId=1 phoneId=0
D/PhoneInterfaceManager( 1098): [PhoneIntfMgr] getDataEnabled: subId=1 retVal=true
D/TelephonyManager( 719): getDataEnabled: retVal=true
V/NatController( 182): runCmd(/system/bin/iptables -D natctrl_FORWARD -j DROP) res=0
V/NatController( 182): runCmd(/system/bin/iptables -A natctrl_FORWARD -j DROP) res=0
E/NetlinkListener( 182): recvmsg failed (I/O error)
E/NetlinkListener( 173): recvmsg failed (I/O error)
E/NetlinkListener( 182): recvmsg failed (I/O error)
E/NetlinkListener( 173): recvmsg failed (I/O error)
E/NetlinkListener( 182): recvmsg failed (I/O error)
E/NetlinkListener( 173): recvmsg failed (I/O error)
E/NetlinkListener( 173): recvmsg failed (I/O error)
E/NetlinkListener( 182): recvmsg failed (I/O error)
E/NetlinkListener( 182): recvmsg failed (I/O error)
E/NetlinkListener( 173): recvmsg failed (I/O error)
D/ConnectivityService( 719): NetTransition Wakelock (NetworkAgentInfo [MOBILE (LTE) - 110] cleared because we found a replacement network
D/QSEECOMD: (11215): qseecom listener services process entry PPID = 1
E/QSEECOMD: (11215): Listener: index = 0, hierarchy = 0
E/QSEECOMD: (11215): Init dlopen(librpmb.so, RLTD_NOW) is failed....
E/QSEECOMD: (11215): ERROR: RPMB_INIT failed, shall not start listener services
D/QSEECOMD: (11217): qseecom listener services process entry PPID = 1
E/QSEECOMD: (11217): Listener: index = 0, hierarchy = 0
E/QSEECOMD: (11217): Init dlopen(librpmb.so, RLTD_NOW) is failed....
E/QSEECOMD: (11217): ERROR: RPMB_INIT failed, shall not start listener services
V/MusicFXControlPanelReceiver( 2210): onReceive
V/MusicFXControlPanelReceiver( 2210): Action: android.media.action.CLOSE_AUDIO_EFFECT_CONTROL_SESSION
V/MusicFXControlPanelReceiver( 2210): Package name: com.android.music
V/MusicFXControlPanelReceiver( 2210): Audio session: 49
V/MusicFXControlPanelEffect( 2210): closeSession(android.app.ReceiverRestrictedContext@1751122c, com.android.music, 49)
I/MediaFocusControl( 719): AudioFocus abandonAudioFocus() from android.media.AudioManager@3cbf9eb6com.android.music.MediaPlaybackService$3@36b637b7
D/QSEECOMD: (11220): qseecom listener services process entry PPID = 1
E/QSEECOMD: (11220): Listener: index = 0, hierarchy = 0
E/QSEECOMD: (11220): Init dlopen(librpmb.so, RLTD_NOW) is failed....
E/QSEECOMD: (11220): ERROR: RPMB_INIT failed, shall not start listener services
E/NetlinkListener( 182): recvmsg failed (I/O error)
E/NetlinkListener( 173): recvmsg failed (I/O error)
D/QSEECOMD: (11223): qseecom listener services process entry PPID = 1
E/QSEECOMD: (11223): Listener: index = 0, hierarchy = 0
E/QSEECOMD: (11223): Init dlopen(librpmb.so, RLTD_NOW) is failed....
E/QSEECOMD: (11223): ERROR: RPMB_INIT failed, shall not start listener services
D/ConnectivityManager.CallbackHandler( 719): CM callback handler got msg 524298
D/ConnectivityManager( 719): expireRequest with 202, 197
D/Tethering( 719): TetherModeAliveState.processMessage what=4
D/Tethering( 719): TetherModeAliveState.processMessage what=4
D/Tethering( 719): TetherModeAliveState.processMessage what=4
D/QSEECOMD: (11226): qseecom listener services process entry PPID = 1
E/QSEECOMD: (11226): Listener: index = 0, hierarchy = 0
E/QSEECOMD: (11226): Init dlopen(librpmb.so, RLTD_NOW) is failed....
E/QSEECOMD: (11226): ERROR: RPMB_INIT failed, shall not start listener services
D/QSEECOMD: (11228): qseecom listener services process entry PPID = 1
E/QSEECOMD: (11228): Listener: index = 0, hierarchy = 0
E/QSEECOMD: (11228): Init dlopen(librpmb.so, RLTD_NOW) is failed....
E/QSEECOMD: (11228): ERROR: RPMB_INIT failed, shall not start listener services
D/QSEECOMD: (11231): qseecom listener services process entry PPID = 1
E/QSEECOMD: (11231): Listener: index = 0, hierarchy = 0
E/QSEECOMD: (11231): Init dlopen(librpmb.so, RLTD_NOW) is failed....
E/QSEECOMD: (11231): ERROR: RPMB_INIT failed, shall not start listener services
D/QSEECOMD: (11233): qseecom listener services process entry PPID = 1
E/QSEECOMD: (11233): Listener: index = 0, hierarchy = 0
E/QSEECOMD: (11233): Init dlopen(librpmb.so, RLTD_NOW) is failed....
E/QSEECOMD: (11233): ERROR: RPMB_INIT failed, shall not start listener services
E/NetlinkListener( 182): recvmsg failed (I/O error)
E/NetlinkListener( 173): recvmsg failed (I/O error)
I/ProcessStatsService( 719): Prepared write state in 1ms
D/ConnectivityManager.CallbackHandler( 719): CM callback handler got msg 524298
D/ConnectivityManager( 719): expireRequest with 202, 198
D/ConnectivityManager.CallbackHandler( 719): CM callback handler got msg 524298
D/ConnectivityManager( 719): expireRequest with 202, 199
D/ConnectivityManager.CallbackHandler( 719): CM callback handler got msg 524298
D/ConnectivityManager( 719): expireRequest with 202, 200
D/Tethering( 719): TetherModeAliveState.processMessage what=4
D/Tethering( 719): TetherModeAliveState.processMessage what=4
D/ConnectivityManager( 719): renewing startUsingNetworkFeature request NetworkRequest [ id=3, legacyType=4, [ Transports: CELLULAR Capabilities: DUN&NOT_RESTRICTED&TRUSTED&NOT_VPN] ]
D/ConnectivityManager( 719): renewing request to seqNum 203
D/ConnectivityManager( 719): sending expire msg with seqNum 203 and delay 60000
D/QSEECOMD: (11237): qseecom listener services process entry PPID = 1
E/QSEECOMD: (11237): Listener: index = 0, hierarchy = 0
E/QSEECOMD: (11237): Init dlopen(librpmb.so, RLTD_NOW) is failed....
E/QSEECOMD: (11237): ERROR: RPMB_INIT failed, shall not start listener services
E/NetlinkListener( 182): recvmsg failed (I/O error)
E/NetlinkListener( 173): recvmsg failed (I/O error)
D/QSEECOMD: (11240): qseecom listener services process entry PPID = 1
E/QSEECOMD: (11240): Listener: index = 0, hierarchy = 0
E/QSEECOMD: (11240): Init dlopen(librpmb.so, RLTD_NOW) is failed....
E/QSEECOMD: (11240): ERROR: RPMB_INIT failed, shall not start listener services
D/QSEECOMD: (11243): qseecom listener services process entry PPID = 1
E/QSEECOMD: (11243): Listener: index = 0, hierarchy = 0
E/QSEECOMD: (11243): Init dlopen(librpmb.so, RLTD_NOW) is failed....
E/QSEECOMD: (11243): ERROR: RPMB_INIT failed, shall not start listener services
D/QSEECOMD: (11245): qseecom listener services process entry PPID = 1
E/QSEECOMD: (11245): Listener: index = 0, hierarchy = 0
E/QSEECOMD: (11245): Init dlopen(librpmb.so, RLTD_NOW) is failed....
E/QSEECOMD: (11245): ERROR: RPMB_INIT failed, shall not start listener services
D/ConnectivityManager.CallbackHandler( 719): CM callback handler got msg 524298
D/ConnectivityManager( 719): expireRequest with 203, 201
D/ConnectivityManager.CallbackHandler( 719): CM callback handler got msg 524298
D/ConnectivityManager( 719): expireRequest with 203, 202
W/BackupManagerService( 719): dataChanged but no participant pkg='com.android.providers.settings' uid=1001
D/QSEECOMD: (11249): qseecom listener services process entry PPID = 1
E/QSEECOMD: (11249): Listener: index = 0, hierarchy = 0
E/QSEECOMD: (11249): Init dlopen(librpmb.so, RLTD_NOW) is failed....
E/QSEECOMD: (11249): ERROR: RPMB_INIT failed, shall not start listener services
D/QSEECOMD: (11251): qseecom listener services process entry PPID = 1
E/QSEECOMD: (11251): Listener: index = 0, hierarchy = 0
E/QSEECOMD: (11251): Init dlopen(librpmb.so, RLTD_NOW) is failed....
E/QSEECOMD: (11251): ERROR: RPMB_INIT failed, shall not start listener services
I/rmt_storage( 175): rmt_storage_connect_cb: clnt_h=0xd conn_h=0xb6403090
I/rmt_storage( 175): rmt_storage_rw_iovec_cb: /boot/modem_fs1: clnt_h=0x1: req_h=0x11 msg_id=3: R/W request received
I/rmt_storage( 175): wakelock acquired: 1, error no: 2
I/rmt_storage( 175): rmt_storage_client_thread: /boot/modem_fs1: clnt_h=0x1 Unblock worker thread (th_id: -1236803456)
I/rmt_storage( 175): rmt_storage_client_thread: /boot/modem_fs1: clnt_h=0x1: req_h=0x11 msg_id=3: Bytes written = 1572864
I/rmt_storage( 175): rmt_storage_client_thread: /boot/modem_fs1: clnt_h=0x1: req_h=0x11 msg_id=3: Send response: res=0 err=0
I/rmt_storage( 175): rmt_storage_client_thread: /boot/modem_fs1: clnt_h=0x1 About to block rmt_storage client thread (th_id: -1236803456) wakelock released: 1, error no: 0
I/rmt_storage( 175):
I/rmt_storage( 175): rmt_storage_disconnect_cb: clnt_h=0x0xd conn_h=0x0xb6403090
D/QSEECOMD: (11255): qseecom listener services process entry PPID = 1
E/QSEECOMD: (11255): Listener: index = 0, hierarchy = 0
E/QSEECOMD: (11255): Init dlopen(librpmb.so, RLTD_NOW) is failed....
E/QSEECOMD: (11255): ERROR: RPMB_INIT failed, shall not start listener services
D/QSEECOMD: (11257): qseecom listener services process entry PPID = 1
E/QSEECOMD: (11257): Listener: index = 0, hierarchy = 0
E/QSEECOMD: (11257): Init dlopen(librpmb.so, RLTD_NOW) is failed....
E/QSEECOMD: (11257): ERROR: RPMB_INIT failed, shall not start listener services
D/Tethering( 719): TetherModeAliveState.processMessage what=4
D/ConnectivityManager( 719): renewing startUsingNetworkFeature request NetworkRequest [ id=3, legacyType=4, [ Transports: CELLULAR Capabilities: DUN&NOT_RESTRICTED&TRUSTED&NOT_VPN] ]
D/ConnectivityManager( 719): renewing request to seqNum 204
D/ConnectivityManager( 719): sending expire msg with seqNum 204 and delay 60000
D/QSEECOMD: (11260): qseecom listener services process entry PPID = 1
E/QSEECOMD: (11260): Listener: index = 0, hierarchy = 0
E/QSEECOMD: (11260): Init dlopen(librpmb.so, RLTD_NOW) is failed....
E/QSEECOMD: (11260): ERROR: RPMB_INIT failed, shall not start listener services
D/QSEECOMD: (11262): qseecom listener services process entry PPID = 1
E/QSEECOMD: (11262): Listener: index = 0, hierarchy = 0
E/QSEECOMD: (11262): Init dlopen(librpmb.so, RLTD_NOW) is failed....
E/QSEECOMD: (11262): ERROR: RPMB_INIT failed, shall not start listener services
I/hostapd ( 2103): wlan0: STA ac:9e:17:c6:ac:c9 WPA: group key handshake completed (RSN)
I/hostapd ( 2103): wlan0: STA ac:9e:17:c6:ac:c9 WPA: group key handshake completed (RSN)
D/QSEECOMD: (11265): qseecom listener services process entry PPID = 1
E/QSEECOMD: (11265): Listener: index = 0, hierarchy = 0
E/QSEECOMD: (11265): Init dlopen(librpmb.so, RLTD_NOW) is failed....
E/QSEECOMD: (11265): ERROR: RPMB_INIT failed, shall not start listener services
D/QSEECOMD: (11267): qseecom listener services process entry PPID = 1
E/QSEECOMD: (11267): Listener: index = 0, hierarchy = 0
E/QSEECOMD: (11267): Init dlopen(librpmb.so, RLTD_NOW) is failed....
E/QSEECOMD: (11267): ERROR: RPMB_INIT failed, shall not start listener services
D/ConnectivityManager.CallbackHandler( 719): CM callback handler got msg 524298
D/ConnectivityManager( 719): expireRequest with 204, 203
D/QSEECOMD: (11270): qseecom listener services process entry PPID = 1
E/QSEECOMD: (11270): Listener: index = 0, hierarchy = 0
E/QSEECOMD: (11270): Init dlopen(librpmb.so, RLTD_NOW) is failed....
E/QSEECOMD: (11270): ERROR: RPMB_INIT failed, shall not start listener services
D/HeadsetStateMachine( 1461): Disconnected process message: 10, size: 0
D/QSEECOMD: (11272): qseecom listener services process entry PPID = 1
E/QSEECOMD: (11272): Listener: index = 0, hierarchy = 0
E/QSEECOMD: (11272): Init dlopen(librpmb.so, RLTD_NOW) is failed....
E/QSEECOMD: (11272): ERROR: RPMB_INIT failed, shall not start listener services
D/QSEECOMD: (11275): qseecom listener services process entry PPID = 1
E/QSEECOMD: (11275): Listener: index = 0, hierarchy = 0
E/QSEECOMD: (11275): Init dlopen(librpmb.so, RLTD_NOW) is failed....
E/QSEECOMD: (11275): ERROR: RPMB_INIT failed, shall not start listener services
D/QSEECOMD: (11277): qseecom listener services process entry PPID = 1
E/QSEECOMD: (11277): Listener: index = 0, hierarchy = 0
E/QSEECOMD: (11277): Init dlopen(librpmb.so, RLTD_NOW) is failed....
E/QSEECOMD: (11277): ERROR: RPMB_INIT failed, shall not start listener services
D/Tethering( 719): TetherModeAliveState.processMessage what=4
D/ConnectivityManager( 719): renewing startUsingNetworkFeature request NetworkRequest [ id=3, legacyType=4, [ Transports: CELLULAR Capabilities: DUN&NOT_RESTRICTED&TRUSTED&NOT_VPN] ]
D/ConnectivityManager( 719): renewing request to seqNum 205
D/ConnectivityManager( 719): sending expire msg with seqNum 205 and delay 60000
D/QSEECOMD: (11280): qseecom listener services process entry PPID = 1
E/QSEECOMD: (11280): Listener: index = 0, hierarchy = 0
E/QSEECOMD: (11280): Init dlopen(librpmb.so, RLTD_NOW) is failed....
E/QSEECOMD: (11280): ERROR: RPMB_INIT failed, shall not start listener services
D/HeadsetStateMachine( 1461): Disconnected process message: 10, size: 0
E/NetlinkListener( 182): recvmsg failed (I/O error)
E/NetlinkListener( 173): recvmsg failed (I/O error)
D/QSEECOMD: (11284): qseecom listener services process entry PPID = 1
E/QSEECOMD: (11284): Listener: index = 0, hierarchy = 0
E/QSEECOMD: (11284): Init dlopen(librpmb.so, RLTD_NOW) is failed....
E/QSEECOMD: (11284): ERROR: RPMB_INIT failed, shall not start listener services
D/qdhwcomposer( 174): handle_uevent sending hotplug: connected = 0 and dpy:1
V/WiredAccessoryManager( 719): Headset UEVENT: {SUBSYSTEM=switch, SEQNUM=5432, ACTION=change, SWITCH_STATE=0, SWITCH_NAME=hdmi_audio, DEVPATH=/devices/virtual/switch/hdmi_audio}
V/WiredAccessoryManager( 719): newName=hdmi_audio newState=0 headsetState=0 prev headsetState=16
I/DisplayManagerService( 719): Display device removed: DisplayDeviceInfo{"HDMI Screen": uniqueId="local:1", 1920 x 1080, 60.000004 fps, supportedRefreshRates [60.000004], density 320, 320.0 x 320.0 dpi, appVsyncOff 7500000, presDeadline 12666666, touch EXTERNAL, rotation 0, type HDMI, state ON, FLAG_SECURE, FLAG_SUPPORTS_PROTECTED_BUFFERS, FLAG_PRESENTATION, FLAG_DEFAULT_EXTERNAL_DISPLAY}
V/ActivityManager( 719): Display removed displayId=1
I/InputReader( 719): Reconfiguring input devices. changes=0x00000004
V/WiredAccessoryManager( 719): device hdmi_audio disconnected
V/WiredAccessoryManager( 719): Headset UEVENT: {SUBSYSTEM=switch, SEQNUM=5432, USEC_INITIALIZED=99313707, ACTION=change, SWITCH_STATE=0, SWITCH_NAME=hdmi_audio, DEVPATH=/devices/virtual/switch/hdmi_audio}
V/WiredAccessoryManager( 719): newName=hdmi_audio newState=0 headsetState=0 prev headsetState=0
E/WiredAccessoryManager( 719): No state change.
E/NetlinkListener( 182): recvmsg failed (I/O error)
E/NetlinkListener( 182): recvmsg failed (I/O error)
E/NetlinkListener( 173): recvmsg failed (I/O error)
E/NetlinkListener( 173): recvmsg failed (I/O error)
D/audio_hw_primary( 186): adev_set_parameters: enter: disconnect=1024
E/NetlinkListener( 182): recvmsg failed (I/O error)
E/NetlinkListener( 173): recvmsg failed (I/O error)
D/qdexternal( 174): readCEUnderscanInfo: Scan Info string: 2, 2, 3
D/qdexternal( 174): length = 8
D/qdexternal( 174): ExtDisplay setting xres = 1920, yres = 1080
D/qdhwcomposer( 174): handle_uevent sending hotplug: connected = 1
D/qdhwcomposer( 174): hwc_getDisplayAttributes disp = 1, width = 1920
D/qdhwcomposer( 174): hwc_getDisplayAttributes disp = 1, height = 1080
I/DisplayManagerService( 719): Display device added: DisplayDeviceInfo{"HDMI Screen": uniqueId="local:1", 1920 x 1080, 60.000004 fps, supportedRefreshRates [60.000004], density 320, 320.0 x 320.0 dpi, appVsyncOff 7500000, presDeadline 12666666, touch EXTERNAL, rotation 0, type HDMI, state UNKNOWN, FLAG_SECURE, FLAG_SUPPORTS_PROTECTED_BUFFERS, FLAG_PRESENTATION, FLAG_DEFAULT_EXTERNAL_DISPLAY}
D/SurfaceFlinger( 174): Set power mode=2, type=1 flinger=0xb6082000
D/qdhwcomposer( 174): hwc_blank: Unblanking display: 1
D/qdhwcomposer( 174): hwc_blank: Done unblanking display: 1
I/PerspectiveService( 719): HDMI display added, scheduling desktop start...
V/ActivityManager( 719): Display added displayId=1
I/DisplayManagerService( 719): Display device changed: DisplayDeviceInfo{"HDMI Screen": uniqueId="local:1", 1920 x 1080, 60.000004 fps, supportedRefreshRates [60.000004], density 320, 320.0 x 320.0 dpi, appVsyncOff 7500000, presDeadline 12666666, touch EXTERNAL, rotation 0, type HDMI, state ON, FLAG_SECURE, FLAG_SUPPORTS_PROTECTED_BUFFERS, FLAG_PRESENTATION, FLAG_DEFAULT_EXTERNAL_DISPLAY}
V/ActivityManager( 719): Display changed displayId=1
V/ActivityManager( 719): Display changed displayId=1
I/InputReader( 719): Reconfiguring input devices. changes=0x00000004
E/NetlinkListener( 182): recvmsg failed (I/O error)
E/NetlinkListener( 173): recvmsg failed (I/O error)
V/WiredAccessoryManager( 719): Headset UEVENT: {SUBSYSTEM=switch, SEQNUM=5435, ACTION=change, SWITCH_STATE=1, SWITCH_NAME=hdmi_audio, DEVPATH=/devices/virtual/switch/hdmi_audio}
V/WiredAccessoryManager( 719): newName=hdmi_audio newState=16 headsetState=16 prev headsetState=0
V/WiredAccessoryManager( 719): device hdmi_audio connected
E/msm8974_platform( 186): platform_edid_get_max_channels: mixer_ctl_get_array() failed to get EDID info
E/audio_hw_primary( 186): HDMI does not support multi channel playback
D/audio_hw_primary( 186): adev_open_output_stream: exit: ret -38
W/AudioPolicyManager( 186): checkOutputsForDevice() could not open output for device 400
D/audio_hw_primary( 186): adev_set_parameters: enter: connect=1024
V/WiredAccessoryManager( 719): Headset UEVENT: {SUBSYSTEM=switch, SEQNUM=5435, USEC_INITIALIZED=1675067, ACTION=change, SWITCH_STATE=1, SWITCH_NAME=hdmi_audio, DEVPATH=/devices/virtual/switch/hdmi_audio}
V/WiredAccessoryManager( 719): newName=hdmi_audio newState=16 headsetState=16 prev headsetState=16
E/WiredAccessoryManager( 719): No state change.
D/QSEECOMD: (11290): qseecom listener services process entry PPID = 1
E/QSEECOMD: (11290): Listener: index = 0, hierarchy = 0
E/QSEECOMD: (11290): Init dlopen(librpmb.so, RLTD_NOW) is failed....
E/QSEECOMD: (11290): ERROR: RPMB_INIT failed, shall not start listener services
D/QSEECOMD: (11292): qseecom listener services process entry PPID = 1
E/QSEECOMD: (11292): Listener: index = 0, hierarchy = 0
E/QSEECOMD: (11292): Init dlopen(librpmb.so, RLTD_NOW) is failed....
E/QSEECOMD: (11292): ERROR: RPMB_INIT failed, shall not start listener services
D/ConnectivityManager.CallbackHandler( 719): CM callback handler got msg 524298
D/ConnectivityManager( 719): expireRequest with 205, 204
D/QSEECOMD: (11295): qseecom listener services process entry PPID = 1
E/QSEECOMD: (11295): Listener: index = 0, hierarchy = 0
E/QSEECOMD: (11295): Init dlopen(librpmb.so, RLTD_NOW) is failed....
E/QSEECOMD: (11295): ERROR: RPMB_INIT failed, shall not start listener services
I/ActivityManager( 719): Waited long enough for: ServiceRecord{26c4d34c u0 com.android.music/.MediaPlaybackService}
D/QSEECOMD: (11297): qseecom listener services process entry PPID = 1
E/QSEECOMD: (11297): Listener: index = 0, hierarchy = 0
E/QSEECOMD: (11297): Init dlopen(librpmb.so, RLTD_NOW) is failed....
E/QSEECOMD: (11297): ERROR: RPMB_INIT failed, shall not start listener services
D/QSEECOMD: (11300): qseecom listener services process entry PPID = 1
E/QSEECOMD: (11300): Listener: index = 0, hierarchy = 0
E/QSEECOMD: (11300): Init dlopen(librpmb.so, RLTD_NOW) is failed....
E/QSEECOMD: (11300): ERROR: RPMB_INIT failed, shall not start listener services
D/qdhwcomposer( 174): handle_uevent sending hotplug: connected = 0 and dpy:1
I/DisplayManagerService( 719): Display device removed: DisplayDeviceInfo{"HDMI Screen": uniqueId="local:1", 1920 x 1080, 60.000004 fps, supportedRefreshRates [60.000004], density 320, 320.0 x 320.0 dpi, appVsyncOff 7500000, presDeadline 12666666, touch EXTERNAL, rotation 0, type HDMI, state ON, FLAG_SECURE, FLAG_SUPPORTS_PROTECTED_BUFFERS, FLAG_PRESENTATION, FLAG_DEFAULT_EXTERNAL_DISPLAY}
V/ActivityManager( 719): Display removed displayId=1
I/InputReader( 719): Reconfiguring input devices. changes=0x00000004
V/WiredAccessoryManager( 719): Headset UEVENT: {SUBSYSTEM=switch, SEQNUM=5436, ACTION=change, SWITCH_STATE=0, SWITCH_NAME=hdmi_audio, DEVPATH=/devices/virtual/switch/hdmi_audio}
V/WiredAccessoryManager( 719): newName=hdmi_audio newState=0 headsetState=0 prev headsetState=16
V/WiredAccessoryManager( 719): device hdmi_audio disconnected
V/WiredAccessoryManager( 719): Headset UEVENT: {SUBSYSTEM=switch, SEQNUM=5436, USEC_INITIALIZED=7328644099, ACTION=change, SWITCH_STATE=0, SWITCH_NAME=hdmi_audio, DEVPATH=/devices/virtual/switch/hdmi_audio}
V/WiredAccessoryManager( 719): newName=hdmi_audio newState=0 headsetState=0 prev headsetState=0
E/WiredAccessoryManager( 719): No state change.
E/NetlinkListener( 182): recvmsg failed (I/O error)
E/NetlinkListener( 173): recvmsg failed (I/O error)
E/NetlinkListener( 182): recvmsg failed (I/O error)
E/NetlinkListener( 173): recvmsg failed (I/O error)
D/QSEECOMD: (11304): qseecom listener services process entry PPID = 1
E/QSEECOMD: (11304): Listener: index = 0, hierarchy = 0
E/QSEECOMD: (11304): Init dlopen(librpmb.so, RLTD_NOW) is failed....
E/QSEECOMD: (11304): ERROR: RPMB_INIT failed, shall not start listener services
D/audio_hw_primary( 186): adev_set_parameters: enter: disconnect=1024
D/HeadsetStateMachine( 1461): Disconnected process message: 10, size: 0
D/Tethering( 719): TetherModeAliveState.processMessage what=4
D/ConnectivityManager( 719): renewing startUsingNetworkFeature request NetworkRequest [ id=3, legacyType=4, [ Transports: CELLULAR Capabilities: DUN&NOT_RESTRICTED&TRUSTED&NOT_VPN] ]
D/ConnectivityManager( 719): renewing request to seqNum 206
D/ConnectivityManager( 719): sending expire msg with seqNum 206 and delay 60000
E/NetlinkListener( 182): recvmsg failed (I/O error)
E/NetlinkListener( 173): recvmsg failed (I/O error)
D/HeadsetStateMachine( 1461): Disconnected process message: 10, size: 0
E/NetlinkListener( 182): recvmsg failed (I/O error)
E/NetlinkListener( 173): recvmsg failed (I/O error)
D/HeadsetStateMachine( 1461): Disconnected process message: 10, size: 0
E/NetlinkListener( 182): recvmsg failed (I/O error)
E/NetlinkListener( 173): recvmsg failed (I/O error)
E/NetlinkListener( 182): recvmsg failed (I/O error)
E/NetlinkListener( 173): recvmsg failed (I/O error)
E/NetlinkListener( 182): recvmsg failed (I/O error)
E/NetlinkListener( 173): recvmsg failed (I/O error)
D/HeadsetStateMachine( 1461): Disconnected process message: 10, size: 0
E/NetlinkListener( 182): recvmsg failed (I/O error)
I/EntropyMixer( 719): Writing entropy...
E/NetlinkListener( 173): recvmsg failed (I/O error)
E/NetlinkListener( 182): recvmsg failed (I/O error)
E/NetlinkListener( 173): recvmsg failed (I/O error)
E/NetlinkListener( 182): recvmsg failed (I/O error)
E/NetlinkListener( 173): recvmsg failed (I/O error)
I/ValidateNoPeople( 719): skipping global notification
I/ValidateNoPeople( 719): skipping global notification
E/NetlinkListener( 173): recvmsg failed (I/O error)
E/NetlinkListener( 182): recvmsg failed (I/O error)
E/NetlinkListener( 182): recvmsg failed (I/O error)
E/NetlinkListener( 173): recvmsg failed (I/O error)
E/NetlinkListener( 182): recvmsg failed (I/O error)
E/NetlinkListener( 173): recvmsg failed (I/O error)
E/NetlinkListener( 173): recvmsg failed (I/O error)
E/NetlinkListener( 182): recvmsg failed (I/O error)
D/MtpService( 855): updating state; isCurrentUser=true, mMtpLocked=false
D/MtpService( 855): addStorageLocked 65537 /storage/emulated/0
D/MtpService( 855): updating state; isCurrentUser=true, mMtpLocked=false
D/MtpService( 855): starting MTP server in MTP mode
D/MtpService( 855): addStorageLocked 65537 /storage/emulated/0
D/MtpService( 855): updating state; isCurrentUser=true, mMtpLocked=false
E/NetlinkListener( 182): recvmsg failed (I/O error)
E/NetlinkListener( 173): recvmsg failed (I/O error)
I/art ( 719): Explicit concurrent mark sweep GC freed 63748(3MB) AllocSpace objects, 11(267KB) LOS objects, 33% free, 22MB/34MB, paused 1.500ms total 56.422ms
D/QSEECOMD: (11325): qseecom listener services process entry PPID = 1
E/QSEECOMD: (11325): Listener: index = 0, hierarchy = 0
E/QSEECOMD: (11325): Init dlopen(librpmb.so, RLTD_NOW) is failed....
E/QSEECOMD: (11325): ERROR: RPMB_INIT failed, shall not start listener services
D/HeadsetPhoneState( 1461): sendDeviceStateChanged. mService=1 mSignal=4 mRoam=0 mBatteryCharge=2
D/HeadsetStateMachine( 1461): Disconnected process message: 11, size: 0
E/NetlinkListener( 182): recvmsg failed (I/O error)
E/NetlinkListener( 173): recvmsg failed (I/O error)
D/HeadsetPhoneState( 1461): sendDeviceStateChanged. mService=1 mSignal=3 mRoam=0 mBatteryCharge=2
D/HeadsetStateMachine( 1461): Disconnected process message: 11, size: 0
D/QSEECOMD: (11331): qseecom listener services process entry PPID = 1
E/QSEECOMD: (11331): Listener: index = 0, hierarchy = 0
E/QSEECOMD: (11331): Init dlopen(librpmb.so, RLTD_NOW) is failed....
E/QSEECOMD: (11331): ERROR: RPMB_INIT failed, shall not start listener services
D/QSEECOMD: (11334): qseecom listener services process entry PPID = 1
E/QSEECOMD: (11334): Listener: index = 0, hierarchy = 0
E/QSEECOMD: (11334): Init dlopen(librpmb.so, RLTD_NOW) is failed....
E/QSEECOMD: (11334): ERROR: RPMB_INIT failed, shall not start listener services
D/QSEECOMD: (11336): qseecom listener services process entry PPID = 1
E/QSEECOMD: (11336): Listener: index = 0, hierarchy = 0
E/QSEECOMD: (11336): Init dlopen(librpmb.so, RLTD_NOW) is failed....
E/QSEECOMD: (11336): ERROR: RPMB_INIT failed, shall not start listener services
D/ConnectivityManager.CallbackHandler( 719): CM callback handler got msg 524298
D/ConnectivityManager( 719): expireRequest with 206, 205
D/QSEECOMD: (11339): qseecom listener services process entry PPID = 1
E/QSEECOMD: (11339): Listener: index = 0, hierarchy = 0
E/QSEECOMD: (11339): Init dlopen(librpmb.so, RLTD_NOW) is failed....
E/QSEECOMD: (11339): ERROR: RPMB_INIT failed, shall not start listener services
D/QSEECOMD: (11346): qseecom listener services process entry PPID = 1
E/QSEECOMD: (11346): Listener: index = 0, hierarchy = 0
E/QSEECOMD: (11346): Init dlopen(librpmb.so, RLTD_NOW) is failed....
E/QSEECOMD: (11346): ERROR: RPMB_INIT failed, shall not start listener services
W/daemonsu(11353): type=1400 audit(0.0:67): avc: denied { search } for name="169" dev="proc" ino=1451 scontext=u:r:init:s0 tcontext=u:r:logd:s0 tclass=dir
W/daemonsu(11353): type=1400 audit(0.0:68): avc: denied { read } for name="cmdline" dev="proc" ino=10828 scontext=u:r:init:s0 tcontext=u:r:logd:s0 tclass=file
W/daemonsu(11353): type=1400 audit(0.0:69): avc: denied { open } for name="cmdline" dev="proc" ino=10828 scontext=u:r:init:s0 tcontext=u:r:logd:s0 tclass=file
E/NetlinkListener( 182): recvmsg failed (I/O error)
E/NetlinkListener( 173): recvmsg failed (I/O error)
W/app_process32_o(11358): type=1400 audit(0.0:70): avc: denied { write } for name="system@framework@boot.art" dev="mmcblk0p28" ino=105877 scontext=u:r:shell:s0 tcontext=u:object_r:dalvikcache_data_file:s0 tclass=file
D/AndroidRuntime(11358): >>>>>> START com.android.internal.os.RuntimeInit uid 0 <<<<<<
