E/NetlinkListener( 182): recvmsg failed (I/O error)
E/NetlinkListener( 173): recvmsg failed (I/O error)
E/NetlinkListener( 182): recvmsg failed (I/O error)
E/NetlinkListener( 173): recvmsg failed (I/O error)
V/WiredAccessoryManager( 719): Headset UEVENT: {SUBSYSTEM=switch, SEQNUM=5199, ACTION=change, SWITCH_STATE=0, SWITCH_NAME=hdmi_audio, DEVPATH=/devices/virtual/switch/hdmi_audio}
V/WiredAccessoryManager( 719): newName=hdmi_audio newState=0 headsetState=0 prev headsetState=16
V/WiredAccessoryManager( 719): device hdmi_audio disconnected
I/DisplayManagerService( 719): Display device removed: DisplayDeviceInfo{"HDMI Screen": uniqueId="local:1", 1920 x 1080, 60.000004 fps, supportedRefreshRates [60.000004], density 320, 320.0 x 320.0 dpi, appVsyncOff 7500000, presDeadline 12666666, touch EXTERNAL, rotation 0, type HDMI, state ON, FLAG_SECURE, FLAG_SUPPORTS_PROTECTED_BUFFERS, FLAG_PRESENTATION, FLAG_DEFAULT_EXTERNAL_DISPLAY}
V/ActivityManager( 719): Display removed displayId=1
I/ActivityManager( 719): Start proc 7781:com.android.music/u0a36 for broadcast com.android.music/.MediaButtonIntentReceiver
V/WiredAccessoryManager( 719): Headset UEVENT: {SUBSYSTEM=switch, SEQNUM=5199, USEC_INITIALIZED=3510384976, ACTION=change, SWITCH_STATE=0, SWITCH_NAME=hdmi_audio, DEVPATH=/devices/virtual/switch/hdmi_audio}
V/WiredAccessoryManager( 719): newName=hdmi_audio newState=0 headsetState=0 prev headsetState=0
E/NetlinkListener( 182): recvmsg failed (I/O error)
E/NetlinkListener( 182): recvmsg failed (I/O error)
E/NetlinkListener( 173): recvmsg failed (I/O error)
E/NetlinkListener( 173): recvmsg failed (I/O error)
E/NetlinkListener( 182): recvmsg failed (I/O error)
E/NetlinkListener( 173): recvmsg failed (I/O error)
E/NetlinkListener( 182): recvmsg failed (I/O error)
E/NetlinkListener( 173): recvmsg failed (I/O error)
E/NetlinkListener( 182): recvmsg failed (I/O error)
E/NetlinkListener( 173): recvmsg failed (I/O error)
E/NetlinkListener( 182): recvmsg failed (I/O error)
E/NetlinkListener( 173): recvmsg failed (I/O error)
E/NetlinkListener( 182): recvmsg failed (I/O error)
E/NetlinkListener( 173): recvmsg failed (I/O error)
I/DisplayManagerService( 719): Display device added: DisplayDeviceInfo{"HDMI Screen": uniqueId="local:1", 1920 x 1080, 60.000004 fps, supportedRefreshRates [60.000004], density 320, 320.0 x 320.0 dpi, appVsyncOff 7500000, presDeadline 12666666, touch EXTERNAL, rotation 0, type HDMI, state UNKNOWN, FLAG_SECURE, FLAG_SUPPORTS_PROTECTED_BUFFERS, FLAG_PRESENTATION, FLAG_DEFAULT_EXTERNAL_DISPLAY}
I/DisplayManagerService( 719): Display device changed: DisplayDeviceInfo{"HDMI Screen": uniqueId="local:1", 1920 x 1080, 60.000004 fps, supportedRefreshRates [60.000004], density 320, 320.0 x 320.0 dpi, appVsyncOff 7500000, presDeadline 12666666, touch EXTERNAL, rotation 0, type HDMI, state ON, FLAG_SECURE, FLAG_SUPPORTS_PROTECTED_BUFFERS, FLAG_PRESENTATION, FLAG_DEFAULT_EXTERNAL_DISPLAY}
V/ActivityManager( 719): Display added displayId=1
V/ActivityManager( 719): Display changed displayId=1
V/ActivityManager( 719): Display changed displayId=1
V/WiredAccessoryManager( 719): Headset UEVENT: {SUBSYSTEM=switch, SEQNUM=5206, ACTION=change, SWITCH_STATE=1, SWITCH_NAME=hdmi_audio, DEVPATH=/devices/virtual/switch/hdmi_audio}
V/WiredAccessoryManager( 719): newName=hdmi_audio newState=16 headsetState=16 prev headsetState=0
V/WiredAccessoryManager( 719): device hdmi_audio connected
V/WiredAccessoryManager( 719): Headset UEVENT: {SUBSYSTEM=switch, SEQNUM=5206, USEC_INITIALIZED=12582134, ACTION=change, SWITCH_STATE=1, SWITCH_NAME=hdmi_audio, DEVPATH=/devices/virtual/switch/hdmi_audio}
V/WiredAccessoryManager( 719): newName=hdmi_audio newState=16 headsetState=16 prev headsetState=16
E/NetlinkListener( 182): recvmsg failed (I/O error)
E/NetlinkListener( 173): recvmsg failed (I/O error)
V/WiredAccessoryManager( 719): Headset UEVENT: {SUBSYSTEM=switch, SEQNUM=5207, ACTION=change, SWITCH_STATE=0, SWITCH_NAME=hdmi_audio, DEVPATH=/devices/virtual/switch/hdmi_audio}
V/WiredAccessoryManager( 719): newName=hdmi_audio newState=0 headsetState=0 prev headsetState=16
V/WiredAccessoryManager( 719): device hdmi_audio disconnected
I/DisplayManagerService( 719): Display device removed: DisplayDeviceInfo{"HDMI Screen": uniqueId="local:1", 1920 x 1080, 60.000004 fps, supportedRefreshRates [60.000004], density 320, 320.0 x 320.0 dpi, appVsyncOff 7500000, presDeadline 12666666, touch EXTERNAL, rotation 0, type HDMI, state ON, FLAG_SECURE, FLAG_SUPPORTS_PROTECTED_BUFFERS, FLAG_PRESENTATION, FLAG_DEFAULT_EXTERNAL_DISPLAY}
V/ActivityManager( 719): Display removed displayId=1
V/WiredAccessoryManager( 719): Headset UEVENT: {SUBSYSTEM=switch, SEQNUM=5207, USEC_INITIALIZED=13501646, ACTION=change, SWITCH_STATE=0, SWITCH_NAME=hdmi_audio, DEVPATH=/devices/virtual/switch/hdmi_audio}
V/WiredAccessoryManager( 719): newName=hdmi_audio newState=0 headsetState=0 prev headsetState=0
E/NetlinkListener( 182): recvmsg failed (I/O error)
E/NetlinkListener( 173): recvmsg failed (I/O error)
E/NetlinkListener( 182): recvmsg failed (I/O error)
E/NetlinkListener( 173): recvmsg failed (I/O error)
E/NetlinkListener( 182): recvmsg failed (I/O error)
E/NetlinkListener( 173): recvmsg failed (I/O error)
I/DisplayManagerService( 719): Display device added: DisplayDeviceInfo{"HDMI Screen": uniqueId="local:1", 1920 x 1080, 60.000004 fps, supportedRefreshRates [60.000004], density 320, 320.0 x 320.0 dpi, appVsyncOff 7500000, presDeadline 12666666, touch EXTERNAL, rotation 0, type HDMI, state UNKNOWN, FLAG_SECURE, FLAG_SUPPORTS_PROTECTED_BUFFERS, FLAG_PRESENTATION, FLAG_DEFAULT_EXTERNAL_DISPLAY}
I/DisplayManagerService( 719): Display device changed: DisplayDeviceInfo{"HDMI Screen": uniqueId="local:1", 1920 x 1080, 60.000004 fps, supportedRefreshRates [60.000004], density 320, 320.0 x 320.0 dpi, appVsyncOff 7500000, presDeadline 12666666, touch EXTERNAL, rotation 0, type HDMI, state ON, FLAG_SECURE, FLAG_SUPPORTS_PROTECTED_BUFFERS, FLAG_PRESENTATION, FLAG_DEFAULT_EXTERNAL_DISPLAY}
V/ActivityManager( 719): Display added displayId=1
V/ActivityManager( 719): Display changed displayId=1
V/ActivityManager( 719): Display changed displayId=1
V/WiredAccessoryManager( 719): Headset UEVENT: {SUBSYSTEM=switch, SEQNUM=5210, ACTION=change, SWITCH_STATE=1, SWITCH_NAME=hdmi_audio, DEVPATH=/devices/virtual/switch/hdmi_audio}
V/WiredAccessoryManager( 719): newName=hdmi_audio newState=16 headsetState=16 prev headsetState=0
V/WiredAccessoryManager( 719): device hdmi_audio connected
V/WiredAccessoryManager( 719): Headset UEVENT: {SUBSYSTEM=switch, SEQNUM=5210, USEC_INITIALIZED=15808536, ACTION=change, SWITCH_STATE=1, SWITCH_NAME=hdmi_audio, DEVPATH=/devices/virtual/switch/hdmi_audio}
V/WiredAccessoryManager( 719): newName=hdmi_audio newState=16 headsetState=16 prev headsetState=16
E/NetlinkListener( 182): recvmsg failed (I/O error)
E/NetlinkListener( 173): recvmsg failed (I/O error)
W/BackupManagerService( 719): dataChanged but no participant pkg='com.android.providers.settings' uid=1001
E/NetlinkListener( 182): recvmsg failed (I/O error)
E/NetlinkListener( 173): recvmsg failed (I/O error)
I/ActivityManager( 719): Waited long enough for: ServiceRecord{32d6bd44 u0 com.android.music/.MediaPlaybackService}
E/NetlinkListener( 182): recvmsg failed (I/O error)
E/NetlinkListener( 173): recvmsg failed (I/O error)
E/NetlinkListener( 182): recvmsg failed (I/O error)
E/NetlinkListener( 173): recvmsg failed (I/O error)
E/NetlinkListener( 173): recvmsg failed (I/O error)
E/NetlinkListener( 182): recvmsg failed (I/O error)
E/NetlinkListener( 182): recvmsg failed (I/O error)
E/NetlinkListener( 173): recvmsg failed (I/O error)
I/ActivityManager( 719): Killing 1727:com.android.calendar/u0a20 (adj 15): empty for 3524s
W/BackupManagerService( 719): dataChanged but no participant pkg='com.android.providers.settings' uid=1001
I/ProcessStatsService( 719): Prepared write state in 9ms
I/ProcessStatsService( 719): Prepared write state in 1ms
W/BackupManagerService( 719): dataChanged but no participant pkg='com.android.providers.settings' uid=1001
D/ConnectivityService( 719): NetworkAgentInfo [MOBILE (LTE) - 104] EVENT_NETWORK_INFO_CHANGED, going from CONNECTED to DISCONNECTED
D/ConnectivityService( 719): NetworkAgentInfo [MOBILE (LTE) - 104] got DISCONNECTED, was satisfying 2
E/NetlinkListener( 182): recvmsg failed (I/O error)
E/NetlinkListener( 173): recvmsg failed (I/O error)
E/NetlinkListener( 173): recvmsg failed (I/O error)
E/NetlinkListener( 182): recvmsg failed (I/O error)
E/NetlinkListener( 182): recvmsg failed (I/O error)
E/NetlinkListener( 182): recvmsg failed (I/O error)
E/NetlinkListener( 173): recvmsg failed (I/O error)
E/NetlinkListener( 173): recvmsg failed (I/O error)
D/ConnectivityService( 719): notifyType LOST for NetworkAgentInfo [MOBILE (LTE) - 104]
D/CSLegacyTypeTracker( 719): Sending disconnected broadcast for type 0 NetworkAgentInfo [MOBILE (LTE) - 104] isDefaultNetwork=true
D/ConnectivityService( 719): sendStickyBroadcast: action=android.net.conn.CONNECTIVITY_CHANGE_IMMEDIATE
D/ConnectivityService( 719): sendStickyBroadcast: action=android.net.conn.CONNECTIVITY_CHANGE
D/ConnectivityService( 719): sendStickyBroadcast: action=android.net.conn.CONNECTIVITY_CHANGE_IMMEDIATE
D/ConnectivityService( 719): sendStickyBroadcast: action=android.net.conn.CONNECTIVITY_CHANGE
D/ConnectivityService( 719): Checking for replacement network to handle request NetworkRequest [ id=1, legacyType=-1, [ Capabilities: INTERNET&NOT_RESTRICTED&TRUSTED&NOT_VPN] ]
D/ConnectivityService( 719): NetworkAgentInfo [MOBILE (LTE) - 105] EVENT_NETWORK_INFO_CHANGED, going from CONNECTED to DISCONNECTED
D/ConnectivityService( 719): NetworkAgentInfo [MOBILE (LTE) - 105] got DISCONNECTED, was satisfying 2
D/ConnectivityService( 719): notifyType LOST for NetworkAgentInfo [MOBILE (LTE) - 105]
D/CSLegacyTypeTracker( 719): Sending disconnected broadcast for type 4 NetworkAgentInfo [MOBILE (LTE) - 105] isDefaultNetwork=false
D/ConnectivityService( 719): sendStickyBroadcast: action=android.net.conn.CONNECTIVITY_CHANGE_IMMEDIATE
D/ConnectivityService( 719): sendStickyBroadcast: action=android.net.conn.CONNECTIVITY_CHANGE
D/ConnectivityService( 719): Checking for replacement network to handle request NetworkRequest [ id=3, legacyType=4, [ Transports: CELLULAR Capabilities: DUN&NOT_RESTRICTED&TRUSTED&NOT_VPN] ]
E/NetlinkListener( 182): recvmsg failed (I/O error)
E/NetlinkListener( 173): recvmsg failed (I/O error)
E/NetlinkListener( 182): recvmsg failed (I/O error)
E/NetlinkListener( 173): recvmsg failed (I/O error)
E/NetlinkListener( 182): recvmsg failed (I/O error)
E/NetlinkListener( 173): recvmsg failed (I/O error)
E/NetlinkListener( 182): recvmsg failed (I/O error)
E/NetlinkListener( 173): recvmsg failed (I/O error)
E/NetlinkListener( 182): recvmsg failed (I/O error)
E/NetlinkListener( 173): recvmsg failed (I/O error)
D/ConnectivityService( 719): setProvNotificationVisible: E visible=false networkType=0 action=com.android.internal.telephony.PROVISION0
D/ConnectivityService( 719): setProvNotificationVisibleIntent: E visible=false networkType=0 extraInfo=null
D/ConnectivityService( 719): registerNetworkAgent NetworkAgentInfo{ ni{[type: MOBILE[LTE], state: CONNECTED/CONNECTED, reason: connected, extra: orange, roaming: false, failover: false, isAvailable: true, isConnectedToProvisioningNetwork: false]} network{null} lp{{InterfaceName: rmnet0 LinkAddresses: [10.159.255.207/27,] Routes: [0.0.0.0/0 -> 10.159.255.208 rmnet0,] DnsAddresses: [192.168.10.110,] Domains: null MTU: 1500 TcpBufferSizes: 524288,1048576,2097152,262144,524288,1048576}} nc{[ Transports: CELLULAR Capabilities: SUPL&INTERNET&NOT_RESTRICTED&TRUSTED&NOT_VPN LinkUpBandwidth>=51200Kbps LinkDnBandwidth>=102400Kbps Specifier: <1>]} Score{10} everValidated{false} lastValidated{false} created{false} explicitlySelected{false} }
D/ConnectivityService( 719): NetworkAgentInfo [MOBILE (LTE) - 106] EVENT_NETWORK_INFO_CHANGED, going from null to CONNECTED
D/ConnectivityService( 719): Adding iface rmnet0 to network 106
E/NetlinkListener( 173): recvmsg failed (I/O error)
E/NetlinkListener( 182): recvmsg failed (I/O error)
E/NetlinkListener( 173): recvmsg failed (I/O error)
E/NetlinkListener( 182): recvmsg failed (I/O error)
D/ConnectivityService( 719): Setting MTU size: rmnet0, 1500
D/ConnectivityService( 719): Adding Route [0.0.0.0/0 -> 10.159.255.208 rmnet0] to network 106
D/ConnectivityService( 719): Setting Dns servers for network 106 to [/192.168.10.110]
D/ConnectivityService( 719): notifyType IP_CHANGED for NetworkAgentInfo [MOBILE (LTE) - 106]
D/ConnectivityService( 719): notifyType PRECHECK for NetworkAgentInfo [MOBILE (LTE) - 106]
D/ConnectivityService( 719): rematching NetworkAgentInfo [MOBILE (LTE) - 106]
D/ConnectivityService( 719): accepting network in place of null
D/ConnectivityService( 719): Switching to new default network: NetworkAgentInfo{ ni{[type: MOBILE[LTE], state: CONNECTED/CONNECTED, reason: connected, extra: orange, roaming: false, failover: false, isAvailable: true, isConnectedToProvisioningNetwork: false]} network{106} lp{{InterfaceName: rmnet0 LinkAddresses: [10.159.255.207/27,] Routes: [0.0.0.0/0 -> 10.159.255.208 rmnet0,] DnsAddresses: [192.168.10.110,] Domains: null MTU: 1500 TcpBufferSizes: 524288,1048576,2097152,262144,524288,1048576}} nc{[ Transports: CELLULAR Capabilities: SUPL&INTERNET&NOT_RESTRICTED&TRUSTED&NOT_VPN LinkUpBandwidth>=51200Kbps LinkDnBandwidth>=102400Kbps Specifier: <1>]} Score{10} everValidated{false} lastValidated{false} created{true} explicitlySelected{false} }
D/ConnectivityService( 719): notifyType AVAILABLE for NetworkAgentInfo [MOBILE (LTE) - 106]
D/CSLegacyTypeTracker( 719): Sending connected broadcast for type 0 NetworkAgentInfo [MOBILE (LTE) - 106] isDefaultNetwork=true
D/ConnectivityService( 719): sendStickyBroadcast: action=android.net.conn.CONNECTIVITY_CHANGE_IMMEDIATE
D/ConnectivityService( 719): sendStickyBroadcast: action=android.net.conn.CONNECTIVITY_CHANGE
E/NetlinkListener( 173): recvmsg failed (I/O error)
E/NetlinkListener( 182): recvmsg failed (I/O error)
D/ConnectivityService( 719): setProvNotificationVisibleIntent: E visible=false networkType=0 extraInfo=null
D/ConnectivityService( 719): Validated NetworkAgentInfo [MOBILE (LTE) - 106]
D/ConnectivityService( 719): rematching NetworkAgentInfo [MOBILE (LTE) - 106]
D/ConnectivityService( 719): Network NetworkAgentInfo [MOBILE (LTE) - 106] was already satisfying request 1. No change.
D/ConnectivityService( 719): notifyType AVAILABLE for NetworkAgentInfo [MOBILE (LTE) - 106]
D/ConnectivityService( 719): sendStickyBroadcast: action=android.net.conn.INET_CONDITION_ACTION
D/ConnectivityService( 719): setProvNotificationVisible: E visible=false networkType=0 action=com.android.internal.telephony.PROVISION0
D/ConnectivityService( 719): setProvNotificationVisibleIntent: E visible=false networkType=0 extraInfo=null
D/ConnectivityService( 719): registerNetworkAgent NetworkAgentInfo{ ni{[type: MOBILE[LTE], state: CONNECTED/CONNECTED, reason: connected, extra: orange.fr, roaming: false, failover: false, isAvailable: true, isConnectedToProvisioningNetwork: false]} network{null} lp{{InterfaceName: rmnet1 LinkAddresses: [10.41.221.180/29,] Routes: [0.0.0.0/0 -> 10.41.221.181 rmnet1,] DnsAddresses: [192.168.10.110,] Domains: null MTU: 1500 TcpBufferSizes: 524288,1048576,2097152,262144,524288,1048576}} nc{[ Transports: CELLULAR Capabilities: DUN&NOT_RESTRICTED&TRUSTED&NOT_VPN LinkUpBandwidth>=51200Kbps LinkDnBandwidth>=102400Kbps Specifier: <1>]} Score{10} everValidated{false} lastValidated{false} created{false} explicitlySelected{false} }
D/ConnectivityService( 719): NetworkAgentInfo [MOBILE (LTE) - 107] EVENT_NETWORK_INFO_CHANGED, going from null to CONNECTED
D/ConnectivityService( 719): Adding iface rmnet1 to network 107
D/ConnectivityService( 719): Setting MTU size: rmnet1, 1500
D/ConnectivityService( 719): Adding Route [0.0.0.0/0 -> 10.41.221.181 rmnet1] to network 107
D/ConnectivityService( 719): Setting Dns servers for network 107 to [/192.168.10.110]
D/ConnectivityService( 719): notifyType IP_CHANGED for NetworkAgentInfo [MOBILE (LTE) - 107]
D/ConnectivityService( 719): notifyType PRECHECK for NetworkAgentInfo [MOBILE (LTE) - 107]
D/ConnectivityService( 719): rematching NetworkAgentInfo [MOBILE (LTE) - 107]
D/ConnectivityService( 719): accepting network in place of null
D/ConnectivityService( 719): notifyType AVAILABLE for NetworkAgentInfo [MOBILE (LTE) - 107]
D/CSLegacyTypeTracker( 719): Sending connected broadcast for type 4 NetworkAgentInfo [MOBILE (LTE) - 107] isDefaultNetwork=false
D/ConnectivityService( 719): sendStickyBroadcast: action=android.net.conn.CONNECTIVITY_CHANGE_IMMEDIATE
D/ConnectivityService( 719): sendStickyBroadcast: action=android.net.conn.CONNECTIVITY_CHANGE
D/ConnectivityService( 719): setProvNotificationVisibleIntent: E visible=false networkType=0 extraInfo=null
D/ConnectivityService( 719): Validated NetworkAgentInfo [MOBILE (LTE) - 107]
D/ConnectivityService( 719): rematching NetworkAgentInfo [MOBILE (LTE) - 107]
D/ConnectivityService( 719): Network NetworkAgentInfo [MOBILE (LTE) - 107] was already satisfying request 3. No change.
D/ConnectivityService( 719): notifyType AVAILABLE for NetworkAgentInfo [MOBILE (LTE) - 107]
E/ConnectivityService( 719): Attempting to register duplicate agent for type 4: NetworkAgentInfo{ ni{[type: MOBILE[LTE], state: CONNECTED/CONNECTED, reason: connected, extra: orange.fr, roaming: false, failover: false, isAvailable: true, isConnectedToProvisioningNetwork: false]} network{107} lp{{InterfaceName: rmnet1 LinkAddresses: [10.41.221.180/29,] Routes: [0.0.0.0/0 -> 10.41.221.181 rmnet1,] DnsAddresses: [192.168.10.110,] Domains: null MTU: 1500 TcpBufferSizes: 524288,1048576,2097152,262144,524288,1048576}} nc{[ Transports: CELLULAR Capabilities: DUN&NOT_RESTRICTED&TRUSTED&NOT_VPN LinkUpBandwidth>=51200Kbps LinkDnBandwidth>=102400Kbps Specifier: <1>]} Score{50} everValidated{true} lastValidated{true} created{true} explicitlySelected{false} }
W/NetworkPolicy( 719): shared quota unsupported; generating rule for each iface
E/NetlinkListener( 182): recvmsg failed (I/O error)
E/NetlinkListener( 173): recvmsg failed (I/O error)
E/NetlinkListener( 173): recvmsg failed (I/O error)
E/NetlinkListener( 182): recvmsg failed (I/O error)
E/NetlinkListener( 182): recvmsg failed (I/O error)
E/NetlinkListener( 173): recvmsg failed (I/O error)
E/NetlinkListener( 182): recvmsg failed (I/O error)
E/NetlinkListener( 173): recvmsg failed (I/O error)
D/ConnectivityService( 719): NetTransition Wakelock (NetworkAgentInfo [MOBILE (LTE) - 104] cleared because we found a replacement network
E/NetlinkListener( 182): recvmsg failed (I/O error)
E/NetlinkListener( 173): recvmsg failed (I/O error)
E/NetlinkListener( 182): recvmsg failed (I/O error)
E/NetlinkListener( 173): recvmsg failed (I/O error)
E/NetlinkListener( 182): recvmsg failed (I/O error)
E/NetlinkListener( 173): recvmsg failed (I/O error)
E/NetlinkListener( 173): recvmsg failed (I/O error)
E/NetlinkListener( 182): recvmsg failed (I/O error)
E/NetlinkListener( 182): recvmsg failed (I/O error)
E/NetlinkListener( 173): recvmsg failed (I/O error)
E/NetlinkListener( 182): recvmsg failed (I/O error)
E/NetlinkListener( 173): recvmsg failed (I/O error)
E/NetlinkListener( 182): recvmsg failed (I/O error)
E/NetlinkListener( 173): recvmsg failed (I/O error)
W/BackupManagerService( 719): dataChanged but no participant pkg='com.android.providers.settings' uid=1001
E/NetlinkListener( 182): recvmsg failed (I/O error)
E/NetlinkListener( 173): recvmsg failed (I/O error)
E/NetlinkListener( 182): recvmsg failed (I/O error)
E/NetlinkListener( 173): recvmsg failed (I/O error)
E/NetlinkListener( 182): recvmsg failed (I/O error)
E/NetlinkListener( 173): recvmsg failed (I/O error)
E/NetlinkListener( 182): recvmsg failed (I/O error)
E/NetlinkListener( 173): recvmsg failed (I/O error)
E/NetlinkListener( 182): recvmsg failed (I/O error)
E/NetlinkListener( 173): recvmsg failed (I/O error)
E/NetlinkListener( 182): recvmsg failed (I/O error)
E/NetlinkListener( 173): recvmsg failed (I/O error)
E/NetlinkListener( 182): recvmsg failed (I/O error)
E/NetlinkListener( 173): recvmsg failed (I/O error)
V/DeadZone( 889): consuming errant click: (268.0,27.0)
E/NetlinkListener( 182): recvmsg failed (I/O error)
E/NetlinkListener( 173): recvmsg failed (I/O error)
E/NetlinkListener( 182): recvmsg failed (I/O error)
E/NetlinkListener( 173): recvmsg failed (I/O error)
E/NetlinkListener( 182): recvmsg failed (I/O error)
E/NetlinkListener( 173): recvmsg failed (I/O error)
E/NetlinkListener( 182): recvmsg failed (I/O error)
E/NetlinkListener( 173): recvmsg failed (I/O error)
E/NetlinkListener( 182): recvmsg failed (I/O error)
E/NetlinkListener( 173): recvmsg failed (I/O error)
E/NetlinkListener( 182): recvmsg failed (I/O error)
E/NetlinkListener( 173): recvmsg failed (I/O error)
E/NetlinkListener( 182): recvmsg failed (I/O error)
E/NetlinkListener( 173): recvmsg failed (I/O error)
E/NetlinkListener( 182): recvmsg failed (I/O error)
E/NetlinkListener( 173): recvmsg failed (I/O error)
E/NetlinkListener( 182): recvmsg failed (I/O error)
E/NetlinkListener( 173): recvmsg failed (I/O error)
E/NetlinkListener( 182): recvmsg failed (I/O error)
E/NetlinkListener( 173): recvmsg failed (I/O error)
E/NetlinkListener( 182): recvmsg failed (I/O error)
E/NetlinkListener( 173): recvmsg failed (I/O error)
E/NetlinkListener( 182): recvmsg failed (I/O error)
E/NetlinkListener( 173): recvmsg failed (I/O error)
E/NetlinkListener( 182): recvmsg failed (I/O error)
E/NetlinkListener( 173): recvmsg failed (I/O error)
E/NetlinkListener( 182): recvmsg failed (I/O error)
E/NetlinkListener( 173): recvmsg failed (I/O error)
E/NetlinkListener( 182): recvmsg failed (I/O error)
E/NetlinkListener( 173): recvmsg failed (I/O error)
E/NetlinkListener( 182): recvmsg failed (I/O error)
E/NetlinkListener( 173): recvmsg failed (I/O error)
E/NetlinkListener( 182): recvmsg failed (I/O error)
E/NetlinkListener( 173): recvmsg failed (I/O error)
E/NetlinkListener( 182): recvmsg failed (I/O error)
E/NetlinkListener( 173): recvmsg failed (I/O error)
W/BackupManagerService( 719): dataChanged but no participant pkg='com.android.providers.settings' uid=1001
E/NetlinkListener( 182): recvmsg failed (I/O error)
E/NetlinkListener( 173): recvmsg failed (I/O error)
E/NetlinkListener( 182): recvmsg failed (I/O error)
E/NetlinkListener( 173): recvmsg failed (I/O error)
V/WiredAccessoryManager( 719): Headset UEVENT: {SUBSYSTEM=switch, SEQNUM=5266, ACTION=change, SWITCH_STATE=0, SWITCH_NAME=hdmi_audio, DEVPATH=/devices/virtual/switch/hdmi_audio}
V/WiredAccessoryManager( 719): newName=hdmi_audio newState=0 headsetState=0 prev headsetState=16
V/WiredAccessoryManager( 719): device hdmi_audio disconnected
I/DisplayManagerService( 719): Display device removed: DisplayDeviceInfo{"HDMI Screen": uniqueId="local:1", 1920 x 1080, 60.000004 fps, supportedRefreshRates [60.000004], density 320, 320.0 x 320.0 dpi, appVsyncOff 7500000, presDeadline 12666666, touch EXTERNAL, rotation 0, type HDMI, state ON, FLAG_SECURE, FLAG_SUPPORTS_PROTECTED_BUFFERS, FLAG_PRESENTATION, FLAG_DEFAULT_EXTERNAL_DISPLAY}
V/ActivityManager( 719): Display removed displayId=1
V/WiredAccessoryManager( 719): Headset UEVENT: {SUBSYSTEM=switch, SEQNUM=5266, USEC_INITIALIZED=77536061, ACTION=change, SWITCH_STATE=0, SWITCH_NAME=hdmi_audio, DEVPATH=/devices/virtual/switch/hdmi_audio}
V/WiredAccessoryManager( 719): newName=hdmi_audio newState=0 headsetState=0 prev headsetState=0
E/NetlinkListener( 182): recvmsg failed (I/O error)
E/NetlinkListener( 173): recvmsg failed (I/O error)
E/NetlinkListener( 182): recvmsg failed (I/O error)
E/NetlinkListener( 173): recvmsg failed (I/O error)
E/NetlinkListener( 182): recvmsg failed (I/O error)
E/NetlinkListener( 173): recvmsg failed (I/O error)
E/NetlinkListener( 182): recvmsg failed (I/O error)
E/NetlinkListener( 173): recvmsg failed (I/O error)
E/NetlinkListener( 182): recvmsg failed (I/O error)
E/NetlinkListener( 173): recvmsg failed (I/O error)
I/DisplayManagerService( 719): Display device added: DisplayDeviceInfo{"HDMI Screen": uniqueId="local:1", 1920 x 1080, 60.000004 fps, supportedRefreshRates [60.000004], density 320, 320.0 x 320.0 dpi, appVsyncOff 7500000, presDeadline 12666666, touch EXTERNAL, rotation 0, type HDMI, state UNKNOWN, FLAG_SECURE, FLAG_SUPPORTS_PROTECTED_BUFFERS, FLAG_PRESENTATION, FLAG_DEFAULT_EXTERNAL_DISPLAY}
I/DisplayManagerService( 719): Display device changed: DisplayDeviceInfo{"HDMI Screen": uniqueId="local:1", 1920 x 1080, 60.000004 fps, supportedRefreshRates [60.000004], density 320, 320.0 x 320.0 dpi, appVsyncOff 7500000, presDeadline 12666666, touch EXTERNAL, rotation 0, type HDMI, state ON, FLAG_SECURE, FLAG_SUPPORTS_PROTECTED_BUFFERS, FLAG_PRESENTATION, FLAG_DEFAULT_EXTERNAL_DISPLAY}
V/ActivityManager( 719): Display added displayId=1
V/ActivityManager( 719): Display changed displayId=1
V/ActivityManager( 719): Display changed displayId=1
V/WiredAccessoryManager( 719): Headset UEVENT: {SUBSYSTEM=switch, SEQNUM=5271, ACTION=change, SWITCH_STATE=1, SWITCH_NAME=hdmi_audio, DEVPATH=/devices/virtual/switch/hdmi_audio}
V/WiredAccessoryManager( 719): newName=hdmi_audio newState=16 headsetState=16 prev headsetState=0
V/WiredAccessoryManager( 719): device hdmi_audio connected
V/WiredAccessoryManager( 719): Headset UEVENT: {SUBSYSTEM=switch, SEQNUM=5271, USEC_INITIALIZED=79678942, ACTION=change, SWITCH_STATE=1, SWITCH_NAME=hdmi_audio, DEVPATH=/devices/virtual/switch/hdmi_audio}
V/WiredAccessoryManager( 719): newName=hdmi_audio newState=16 headsetState=16 prev headsetState=16
E/NetlinkListener( 182): recvmsg failed (I/O error)
E/NetlinkListener( 173): recvmsg failed (I/O error)
I/ActivityManager( 719): Waited long enough for: ServiceRecord{3e7adfe6 u0 com.android.music/.MediaPlaybackService}
E/NetlinkListener( 182): recvmsg failed (I/O error)
E/NetlinkListener( 173): recvmsg failed (I/O error)
E/NetlinkListener( 182): recvmsg failed (I/O error)
E/NetlinkListener( 173): recvmsg failed (I/O error)
W/BackupManagerService( 719): dataChanged but no participant pkg='com.android.providers.settings' uid=1001
D/ConnectivityService( 719): NetworkAgentInfo [MOBILE (LTE) - 106] EVENT_NETWORK_INFO_CHANGED, going from CONNECTED to DISCONNECTED
D/ConnectivityService( 719): NetworkAgentInfo [MOBILE (LTE) - 106] got DISCONNECTED, was satisfying 2
E/NetlinkListener( 182): recvmsg failed (I/O error)
E/NetlinkListener( 173): recvmsg failed (I/O error)
E/NetlinkListener( 173): recvmsg failed (I/O error)
E/NetlinkListener( 182): recvmsg failed (I/O error)
E/NetlinkListener( 182): recvmsg failed (I/O error)
E/NetlinkListener( 173): recvmsg failed (I/O error)
E/NetlinkListener( 182): recvmsg failed (I/O error)
E/NetlinkListener( 173): recvmsg failed (I/O error)
D/ConnectivityService( 719): notifyType LOST for NetworkAgentInfo [MOBILE (LTE) - 106]
D/CSLegacyTypeTracker( 719): Sending disconnected broadcast for type 0 NetworkAgentInfo [MOBILE (LTE) - 106] isDefaultNetwork=true
D/ConnectivityService( 719): sendStickyBroadcast: action=android.net.conn.CONNECTIVITY_CHANGE_IMMEDIATE
D/ConnectivityService( 719): sendStickyBroadcast: action=android.net.conn.CONNECTIVITY_CHANGE
D/ConnectivityService( 719): sendStickyBroadcast: action=android.net.conn.CONNECTIVITY_CHANGE_IMMEDIATE
D/ConnectivityService( 719): sendStickyBroadcast: action=android.net.conn.CONNECTIVITY_CHANGE
D/ConnectivityService( 719): Checking for replacement network to handle request NetworkRequest [ id=1, legacyType=-1, [ Capabilities: INTERNET&NOT_RESTRICTED&TRUSTED&NOT_VPN] ]
D/ConnectivityService( 719): NetworkAgentInfo [MOBILE (LTE) - 107] EVENT_NETWORK_INFO_CHANGED, going from CONNECTED to DISCONNECTED
D/ConnectivityService( 719): NetworkAgentInfo [MOBILE (LTE) - 107] got DISCONNECTED, was satisfying 2
D/ConnectivityService( 719): notifyType LOST for NetworkAgentInfo [MOBILE (LTE) - 107]
D/CSLegacyTypeTracker( 719): Sending disconnected broadcast for type 4 NetworkAgentInfo [MOBILE (LTE) - 107] isDefaultNetwork=false
D/ConnectivityService( 719): sendStickyBroadcast: action=android.net.conn.CONNECTIVITY_CHANGE_IMMEDIATE
D/ConnectivityService( 719): sendStickyBroadcast: action=android.net.conn.CONNECTIVITY_CHANGE
D/ConnectivityService( 719): Checking for replacement network to handle request NetworkRequest [ id=3, legacyType=4, [ Transports: CELLULAR Capabilities: DUN&NOT_RESTRICTED&TRUSTED&NOT_VPN] ]
E/NetlinkListener( 182): recvmsg failed (I/O error)
E/NetlinkListener( 173): recvmsg failed (I/O error)
E/NetlinkListener( 182): recvmsg failed (I/O error)
E/NetlinkListener( 173): recvmsg failed (I/O error)
E/NetlinkListener( 182): recvmsg failed (I/O error)
E/NetlinkListener( 173): recvmsg failed (I/O error)
D/ConnectivityService( 719): setProvNotificationVisible: E visible=false networkType=0 action=com.android.internal.telephony.PROVISION0
D/ConnectivityService( 719): setProvNotificationVisibleIntent: E visible=false networkType=0 extraInfo=null
D/ConnectivityService( 719): registerNetworkAgent NetworkAgentInfo{ ni{[type: MOBILE[LTE], state: CONNECTED/CONNECTED, reason: connected, extra: orange, roaming: false, failover: false, isAvailable: true, isConnectedToProvisioningNetwork: false]} network{null} lp{{InterfaceName: rmnet0 LinkAddresses: [10.159.255.207/27,] Routes: [0.0.0.0/0 -> 10.159.255.208 rmnet0,] DnsAddresses: [192.168.10.110,] Domains: null MTU: 1500 TcpBufferSizes: 524288,1048576,2097152,262144,524288,1048576}} nc{[ Transports: CELLULAR Capabilities: SUPL&INTERNET&NOT_RESTRICTED&TRUSTED&NOT_VPN LinkUpBandwidth>=51200Kbps LinkDnBandwidth>=102400Kbps Specifier: <1>]} Score{10} everValidated{false} lastValidated{false} created{false} explicitlySelected{false} }
D/ConnectivityService( 719): NetworkAgentInfo [MOBILE (LTE) - 108] EVENT_NETWORK_INFO_CHANGED, going from null to CONNECTED
D/ConnectivityService( 719): Adding iface rmnet0 to network 108
D/ConnectivityService( 719): Setting MTU size: rmnet0, 1500
D/ConnectivityService( 719): Adding Route [0.0.0.0/0 -> 10.159.255.208 rmnet0] to network 108
D/ConnectivityService( 719): Setting Dns servers for network 108 to [/192.168.10.110]
D/ConnectivityService( 719): notifyType IP_CHANGED for NetworkAgentInfo [MOBILE (LTE) - 108]
D/ConnectivityService( 719): notifyType PRECHECK for NetworkAgentInfo [MOBILE (LTE) - 108]
D/ConnectivityService( 719): rematching NetworkAgentInfo [MOBILE (LTE) - 108]
D/ConnectivityService( 719): accepting network in place of null
D/ConnectivityService( 719): Switching to new default network: NetworkAgentInfo{ ni{[type: MOBILE[LTE], state: CONNECTED/CONNECTED, reason: connected, extra: orange, roaming: false, failover: false, isAvailable: true, isConnectedToProvisioningNetwork: false]} network{108} lp{{InterfaceName: rmnet0 LinkAddresses: [10.159.255.207/27,] Routes: [0.0.0.0/0 -> 10.159.255.208 rmnet0,] DnsAddresses: [192.168.10.110,] Domains: null MTU: 1500 TcpBufferSizes: 524288,1048576,2097152,262144,524288,1048576}} nc{[ Transports: CELLULAR Capabilities: SUPL&INTERNET&NOT_RESTRICTED&TRUSTED&NOT_VPN LinkUpBandwidth>=51200Kbps LinkDnBandwidth>=102400Kbps Specifier: <1>]} Score{10} everValidated{false} lastValidated{false} created{true} explicitlySelected{false} }
E/NetlinkListener( 182): recvmsg failed (I/O error)
E/NetlinkListener( 173): recvmsg failed (I/O error)
D/ConnectivityService( 719): notifyType AVAILABLE for NetworkAgentInfo [MOBILE (LTE) - 108]
D/CSLegacyTypeTracker( 719): Sending connected broadcast for type 0 NetworkAgentInfo [MOBILE (LTE) - 108] isDefaultNetwork=true
D/ConnectivityService( 719): sendStickyBroadcast: action=android.net.conn.CONNECTIVITY_CHANGE_IMMEDIATE
D/ConnectivityService( 719): sendStickyBroadcast: action=android.net.conn.CONNECTIVITY_CHANGE
E/NetlinkListener( 173): recvmsg failed (I/O error)
E/NetlinkListener( 182): recvmsg failed (I/O error)
E/NetlinkListener( 182): recvmsg failed (I/O error)
E/NetlinkListener( 173): recvmsg failed (I/O error)
D/ConnectivityService( 719): setProvNotificationVisibleIntent: E visible=false networkType=0 extraInfo=null
D/ConnectivityService( 719): Validated NetworkAgentInfo [MOBILE (LTE) - 108]
D/ConnectivityService( 719): rematching NetworkAgentInfo [MOBILE (LTE) - 108]
D/ConnectivityService( 719): Network NetworkAgentInfo [MOBILE (LTE) - 108] was already satisfying request 1. No change.
D/ConnectivityService( 719): notifyType AVAILABLE for NetworkAgentInfo [MOBILE (LTE) - 108]
D/ConnectivityService( 719): sendStickyBroadcast: action=android.net.conn.INET_CONDITION_ACTION
E/NetlinkListener( 182): recvmsg failed (I/O error)
E/NetlinkListener( 173): recvmsg failed (I/O error)
E/NetlinkListener( 182): recvmsg failed (I/O error)
E/NetlinkListener( 173): recvmsg failed (I/O error)
E/NetlinkListener( 182): recvmsg failed (I/O error)
E/NetlinkListener( 173): recvmsg failed (I/O error)
D/ConnectivityService( 719): NetTransition Wakelock (NetworkAgentInfo [MOBILE (LTE) - 106] cleared because we found a replacement network
D/ConnectivityService( 719): setProvNotificationVisible: E visible=false networkType=0 action=com.android.internal.telephony.PROVISION0
D/ConnectivityService( 719): setProvNotificationVisibleIntent: E visible=false networkType=0 extraInfo=null
D/ConnectivityService( 719): registerNetworkAgent NetworkAgentInfo{ ni{[type: MOBILE[LTE], state: CONNECTED/CONNECTED, reason: connected, extra: orange.fr, roaming: false, failover: false, isAvailable: true, isConnectedToProvisioningNetwork: false]} network{null} lp{{InterfaceName: rmnet1 LinkAddresses: [10.41.97.170/30,] Routes: [0.0.0.0/0 -> 10.41.97.169 rmnet1,] DnsAddresses: [192.168.10.110,] Domains: null MTU: 1500 TcpBufferSizes: 524288,1048576,2097152,262144,524288,1048576}} nc{[ Transports: CELLULAR Capabilities: DUN&NOT_RESTRICTED&TRUSTED&NOT_VPN LinkUpBandwidth>=51200Kbps LinkDnBandwidth>=102400Kbps Specifier: <1>]} Score{10} everValidated{false} lastValidated{false} created{false} explicitlySelected{false} }
D/ConnectivityService( 719): NetworkAgentInfo [MOBILE (LTE) - 109] EVENT_NETWORK_INFO_CHANGED, going from null to CONNECTED
D/ConnectivityService( 719): Adding iface rmnet1 to network 109
D/ConnectivityService( 719): Setting MTU size: rmnet1, 1500
D/ConnectivityService( 719): Adding Route [0.0.0.0/0 -> 10.41.97.169 rmnet1] to network 109
D/ConnectivityService( 719): Setting Dns servers for network 109 to [/192.168.10.110]
D/ConnectivityService( 719): notifyType IP_CHANGED for NetworkAgentInfo [MOBILE (LTE) - 109]
D/ConnectivityService( 719): notifyType PRECHECK for NetworkAgentInfo [MOBILE (LTE) - 109]
D/ConnectivityService( 719): rematching NetworkAgentInfo [MOBILE (LTE) - 109]
D/ConnectivityService( 719): accepting network in place of null
D/ConnectivityService( 719): notifyType AVAILABLE for NetworkAgentInfo [MOBILE (LTE) - 109]
D/CSLegacyTypeTracker( 719): Sending connected broadcast for type 4 NetworkAgentInfo [MOBILE (LTE) - 109] isDefaultNetwork=false
D/ConnectivityService( 719): sendStickyBroadcast: action=android.net.conn.CONNECTIVITY_CHANGE_IMMEDIATE
W/NetworkPolicy( 719): shared quota unsupported; generating rule for each iface
D/ConnectivityService( 719): sendStickyBroadcast: action=android.net.conn.CONNECTIVITY_CHANGE
D/ConnectivityService( 719): setProvNotificationVisibleIntent: E visible=false networkType=0 extraInfo=null
D/ConnectivityService( 719): Validated NetworkAgentInfo [MOBILE (LTE) - 109]
D/ConnectivityService( 719): rematching NetworkAgentInfo [MOBILE (LTE) - 109]
D/ConnectivityService( 719): Network NetworkAgentInfo [MOBILE (LTE) - 109] was already satisfying request 3. No change.
D/ConnectivityService( 719): notifyType AVAILABLE for NetworkAgentInfo [MOBILE (LTE) - 109]
E/ConnectivityService( 719): Attempting to register duplicate agent for type 4: NetworkAgentInfo{ ni{[type: MOBILE[LTE], state: CONNECTED/CONNECTED, reason: connected, extra: orange.fr, roaming: false, failover: false, isAvailable: true, isConnectedToProvisioningNetwork: false]} network{109} lp{{InterfaceName: rmnet1 LinkAddresses: [10.41.97.170/30,] Routes: [0.0.0.0/0 -> 10.41.97.169 rmnet1,] DnsAddresses: [192.168.10.110,] Domains: null MTU: 1500 TcpBufferSizes: 524288,1048576,2097152,262144,524288,1048576}} nc{[ Transports: CELLULAR Capabilities: DUN&NOT_RESTRICTED&TRUSTED&NOT_VPN LinkUpBandwidth>=51200Kbps LinkDnBandwidth>=102400Kbps Specifier: <1>]} Score{50} everValidated{true} lastValidated{true} created{true} explicitlySelected{false} }
E/NetlinkListener( 182): recvmsg failed (I/O error)
E/NetlinkListener( 173): recvmsg failed (I/O error)
E/NetlinkListener( 182): recvmsg failed (I/O error)
E/NetlinkListener( 173): recvmsg failed (I/O error)
E/NetlinkListener( 182): recvmsg failed (I/O error)
E/NetlinkListener( 173): recvmsg failed (I/O error)
E/NetlinkListener( 173): recvmsg failed (I/O error)
E/NetlinkListener( 182): recvmsg failed (I/O error)
E/NetlinkListener( 182): recvmsg failed (I/O error)
E/NetlinkListener( 173): recvmsg failed (I/O error)
E/NetlinkListener( 182): recvmsg failed (I/O error)
E/NetlinkListener( 173): recvmsg failed (I/O error)
W/ProcessCpuTracker( 719): Skipping unknown process pid 8748
W/ProcessCpuTracker( 719): Skipping unknown process pid 8797
E/NetlinkListener( 182): recvmsg failed (I/O error)
E/NetlinkListener( 173): recvmsg failed (I/O error)
W/BackupManagerService( 719): dataChanged but no participant pkg='com.android.providers.settings' uid=1001
V/WiredAccessoryManager( 719): Headset UEVENT: {SUBSYSTEM=switch, SEQNUM=5294, ACTION=change, SWITCH_STATE=0, SWITCH_NAME=hdmi_audio, DEVPATH=/devices/virtual/switch/hdmi_audio}
V/WiredAccessoryManager( 719): newName=hdmi_audio newState=0 headsetState=0 prev headsetState=16
V/WiredAccessoryManager( 719): device hdmi_audio disconnected
E/NetlinkListener( 182): recvmsg failed (I/O error)
E/NetlinkListener( 173): recvmsg failed (I/O error)
V/WiredAccessoryManager( 719): Headset UEVENT: {SUBSYSTEM=switch, SEQNUM=5294, USEC_INITIALIZED=4308354474, ACTION=change, SWITCH_STATE=0, SWITCH_NAME=hdmi_audio, DEVPATH=/devices/virtual/switch/hdmi_audio}
V/WiredAccessoryManager( 719): newName=hdmi_audio newState=0 headsetState=0 prev headsetState=0
E/NetlinkListener( 182): recvmsg failed (I/O error)
E/NetlinkListener( 173): recvmsg failed (I/O error)
I/DisplayManagerService( 719): Display device removed: DisplayDeviceInfo{"HDMI Screen": uniqueId="local:1", 1920 x 1080, 60.000004 fps, supportedRefreshRates [60.000004], density 320, 320.0 x 320.0 dpi, appVsyncOff 7500000, presDeadline 12666666, touch EXTERNAL, rotation 0, type HDMI, state ON, FLAG_SECURE, FLAG_SUPPORTS_PROTECTED_BUFFERS, FLAG_PRESENTATION, FLAG_DEFAULT_EXTERNAL_DISPLAY}
V/ActivityManager( 719): Display removed displayId=1
E/NetlinkListener( 182): recvmsg failed (I/O error)
E/NetlinkListener( 173): recvmsg failed (I/O error)
I/DisplayManagerService( 719): Display device added: DisplayDeviceInfo{"HDMI Screen": uniqueId="local:1", 1920 x 1080, 60.000004 fps, supportedRefreshRates [60.000004], density 320, 320.0 x 320.0 dpi, appVsyncOff 7500000, presDeadline 12666666, touch EXTERNAL, rotation 0, type HDMI, state UNKNOWN, FLAG_SECURE, FLAG_SUPPORTS_PROTECTED_BUFFERS, FLAG_PRESENTATION, FLAG_DEFAULT_EXTERNAL_DISPLAY}
I/DisplayManagerService( 719): Display device changed: DisplayDeviceInfo{"HDMI Screen": uniqueId="local:1", 1920 x 1080, 60.000004 fps, supportedRefreshRates [60.000004], density 320, 320.0 x 320.0 dpi, appVsyncOff 7500000, presDeadline 12666666, touch EXTERNAL, rotation 0, type HDMI, state ON, FLAG_SECURE, FLAG_SUPPORTS_PROTECTED_BUFFERS, FLAG_PRESENTATION, FLAG_DEFAULT_EXTERNAL_DISPLAY}
V/ActivityManager( 719): Display added displayId=1
V/ActivityManager( 719): Display changed displayId=1
V/ActivityManager( 719): Display changed displayId=1
E/NetlinkListener( 182): recvmsg failed (I/O error)
E/NetlinkListener( 173): recvmsg failed (I/O error)
E/NetlinkListener( 182): recvmsg failed (I/O error)
E/NetlinkListener( 173): recvmsg failed (I/O error)
V/WiredAccessoryManager( 719): Headset UEVENT: {SUBSYSTEM=switch, SEQNUM=5299, ACTION=change, SWITCH_STATE=1, SWITCH_NAME=hdmi_audio, DEVPATH=/devices/virtual/switch/hdmi_audio}
V/WiredAccessoryManager( 719): newName=hdmi_audio newState=16 headsetState=16 prev headsetState=0
V/WiredAccessoryManager( 719): device hdmi_audio connected
V/WiredAccessoryManager( 719): Headset UEVENT: {SUBSYSTEM=switch, SEQNUM=5299, USEC_INITIALIZED=10612148, ACTION=change, SWITCH_STATE=1, SWITCH_NAME=hdmi_audio, DEVPATH=/devices/virtual/switch/hdmi_audio}
V/WiredAccessoryManager( 719): newName=hdmi_audio newState=16 headsetState=16 prev headsetState=16
E/NetlinkListener( 182): recvmsg failed (I/O error)
E/NetlinkListener( 173): recvmsg failed (I/O error)
E/NetlinkListener( 182): recvmsg failed (I/O error)
E/NetlinkListener( 173): recvmsg failed (I/O error)
E/NetlinkListener( 182): recvmsg failed (I/O error)
E/NetlinkListener( 173): recvmsg failed (I/O error)
E/NetlinkListener( 182): recvmsg failed (I/O error)
E/NetlinkListener( 173): recvmsg failed (I/O error)
I/ActivityManager( 719): Waited long enough for: ServiceRecord{800ceb8 u0 com.android.music/.MediaPlaybackService}
W/BackupManagerService( 719): dataChanged but no participant pkg='com.android.providers.settings' uid=1001 --------- beginning of main
E/QSEECOMD: ( 8990): ERROR: RPMB_INIT failed, shall not start listener services
D/Tethering( 719): TetherModeAliveState.processMessage what=4
D/ConnectivityManager( 719): renewing startUsingNetworkFeature request NetworkRequest [ id=3, legacyType=4, [ Transports: CELLULAR Capabilities: DUN&NOT_RESTRICTED&TRUSTED&NOT_VPN] ]
D/ConnectivityManager( 719): renewing request to seqNum 125
D/ConnectivityManager( 719): sending expire msg with seqNum 125 and delay 60000
D/QSEECOMD: ( 8993): qseecom listener services process entry PPID = 1
E/QSEECOMD: ( 8993): Listener: index = 0, hierarchy = 0
E/QSEECOMD: ( 8993): Init dlopen(librpmb.so, RLTD_NOW) is failed....
E/QSEECOMD: ( 8993): ERROR: RPMB_INIT failed, shall not start listener services
D/QSEECOMD: ( 8995): qseecom listener services process entry PPID = 1
E/QSEECOMD: ( 8995): Listener: index = 0, hierarchy = 0
E/QSEECOMD: ( 8995): Init dlopen(librpmb.so, RLTD_NOW) is failed....
E/QSEECOMD: ( 8995): ERROR: RPMB_INIT failed, shall not start listener services
D/QSEECOMD: ( 8998): qseecom listener services process entry PPID = 1
E/QSEECOMD: ( 8998): Listener: index = 0, hierarchy = 0
E/QSEECOMD: ( 8998): Init dlopen(librpmb.so, RLTD_NOW) is failed....
E/QSEECOMD: ( 8998): ERROR: RPMB_INIT failed, shall not start listener services
D/QSEECOMD: ( 9000): qseecom listener services process entry PPID = 1
E/QSEECOMD: ( 9000): Listener: index = 0, hierarchy = 0
E/QSEECOMD: ( 9000): Init dlopen(librpmb.so, RLTD_NOW) is failed....
E/QSEECOMD: ( 9000): ERROR: RPMB_INIT failed, shall not start listener services
D/ConnectivityManager.CallbackHandler( 719): CM callback handler got msg 524298
D/ConnectivityManager( 719): expireRequest with 125, 124
D/QSEECOMD: ( 9003): qseecom listener services process entry PPID = 1
E/QSEECOMD: ( 9003): Listener: index = 0, hierarchy = 0
E/QSEECOMD: ( 9003): Init dlopen(librpmb.so, RLTD_NOW) is failed....
E/QSEECOMD: ( 9003): ERROR: RPMB_INIT failed, shall not start listener services
D/QSEECOMD: ( 9005): qseecom listener services process entry PPID = 1
E/QSEECOMD: ( 9005): Listener: index = 0, hierarchy = 0
E/QSEECOMD: ( 9005): Init dlopen(librpmb.so, RLTD_NOW) is failed....
E/QSEECOMD: ( 9005): ERROR: RPMB_INIT failed, shall not start listener services
D/HeadsetStateMachine( 1461): Disconnected process message: 10, size: 0
D/QSEECOMD: ( 9008): qseecom listener services process entry PPID = 1
E/QSEECOMD: ( 9008): Listener: index = 0, hierarchy = 0
E/QSEECOMD: ( 9008): Init dlopen(librpmb.so, RLTD_NOW) is failed....
E/QSEECOMD: ( 9008): ERROR: RPMB_INIT failed, shall not start listener services
D/HeadsetStateMachine( 1461): Disconnected process message: 10, size: 0
E/NetlinkListener( 182): recvmsg failed (I/O error)
E/NetlinkListener( 173): recvmsg failed (I/O error)
D/QSEECOMD: ( 9011): qseecom listener services process entry PPID = 1
E/QSEECOMD: ( 9011): Listener: index = 0, hierarchy = 0
E/QSEECOMD: ( 9011): Init dlopen(librpmb.so, RLTD_NOW) is failed....
E/QSEECOMD: ( 9011): ERROR: RPMB_INIT failed, shall not start listener services
D/Tethering( 719): TetherModeAliveState.processMessage what=4
D/ConnectivityManager( 719): renewing startUsingNetworkFeature request NetworkRequest [ id=3, legacyType=4, [ Transports: CELLULAR Capabilities: DUN&NOT_RESTRICTED&TRUSTED&NOT_VPN] ]
D/ConnectivityManager( 719): renewing request to seqNum 126
D/ConnectivityManager( 719): sending expire msg with seqNum 126 and delay 60000
D/QSEECOMD: ( 9014): qseecom listener services process entry PPID = 1
E/QSEECOMD: ( 9014): Listener: index = 0, hierarchy = 0
E/QSEECOMD: ( 9014): Init dlopen(librpmb.so, RLTD_NOW) is failed....
E/QSEECOMD: ( 9014): ERROR: RPMB_INIT failed, shall not start listener services
D/QSEECOMD: ( 9016): qseecom listener services process entry PPID = 1
E/QSEECOMD: ( 9016): Listener: index = 0, hierarchy = 0
E/QSEECOMD: ( 9016): Init dlopen(librpmb.so, RLTD_NOW) is failed....
E/QSEECOMD: ( 9016): ERROR: RPMB_INIT failed, shall not start listener services
D/QSEECOMD: ( 9019): qseecom listener services process entry PPID = 1
E/QSEECOMD: ( 9019): Listener: index = 0, hierarchy = 0
E/QSEECOMD: ( 9019): Init dlopen(librpmb.so, RLTD_NOW) is failed....
E/QSEECOMD: ( 9019): ERROR: RPMB_INIT failed, shall not start listener services
D/QSEECOMD: ( 9021): qseecom listener services process entry PPID = 1
E/QSEECOMD: ( 9021): Listener: index = 0, hierarchy = 0
E/QSEECOMD: ( 9021): Init dlopen(librpmb.so, RLTD_NOW) is failed....
E/QSEECOMD: ( 9021): ERROR: RPMB_INIT failed, shall not start listener services
D/ConnectivityManager.CallbackHandler( 719): CM callback handler got msg 524298
D/ConnectivityManager( 719): expireRequest with 126, 125
D/QSEECOMD: ( 9024): qseecom listener services process entry PPID = 1
E/QSEECOMD: ( 9024): Listener: index = 0, hierarchy = 0
E/QSEECOMD: ( 9024): Init dlopen(librpmb.so, RLTD_NOW) is failed....
E/QSEECOMD: ( 9024): ERROR: RPMB_INIT failed, shall not start listener services
D/QSEECOMD: ( 9026): qseecom listener services process entry PPID = 1
E/QSEECOMD: ( 9026): Listener: index = 0, hierarchy = 0
E/QSEECOMD: ( 9026): Init dlopen(librpmb.so, RLTD_NOW) is failed....
E/QSEECOMD: ( 9026): ERROR: RPMB_INIT failed, shall not start listener services
D/QSEECOMD: ( 9029): qseecom listener services process entry PPID = 1
E/QSEECOMD: ( 9029): Listener: index = 0, hierarchy = 0
E/QSEECOMD: ( 9029): Init dlopen(librpmb.so, RLTD_NOW) is failed....
E/QSEECOMD: ( 9029): ERROR: RPMB_INIT failed, shall not start listener services
D/QSEECOMD: ( 9031): qseecom listener services process entry PPID = 1
E/QSEECOMD: ( 9031): Listener: index = 0, hierarchy = 0
E/QSEECOMD: ( 9031): Init dlopen(librpmb.so, RLTD_NOW) is failed....
E/QSEECOMD: ( 9031): ERROR: RPMB_INIT failed, shall not start listener services
E/NetlinkListener( 182): recvmsg failed (I/O error)
E/NetlinkListener( 173): recvmsg failed (I/O error)
D/Tethering( 719): TetherModeAliveState.processMessage what=4
D/ConnectivityManager( 719): renewing startUsingNetworkFeature request NetworkRequest [ id=3, legacyType=4, [ Transports: CELLULAR Capabilities: DUN&NOT_RESTRICTED&TRUSTED&NOT_VPN] ]
D/ConnectivityManager( 719): renewing request to seqNum 127
D/ConnectivityManager( 719): sending expire msg with seqNum 127 and delay 60000
D/QSEECOMD: ( 9035): qseecom listener services process entry PPID = 1
E/QSEECOMD: ( 9035): Listener: index = 0, hierarchy = 0
E/QSEECOMD: ( 9035): Init dlopen(librpmb.so, RLTD_NOW) is failed....
E/QSEECOMD: ( 9035): ERROR: RPMB_INIT failed, shall not start listener services
E/NetlinkListener( 182): recvmsg failed (I/O error)
E/NetlinkListener( 173): recvmsg failed (I/O error)
D/QSEECOMD: ( 9038): qseecom listener services process entry PPID = 1
E/QSEECOMD: ( 9038): Listener: index = 0, hierarchy = 0
E/QSEECOMD: ( 9038): Init dlopen(librpmb.so, RLTD_NOW) is failed....
E/QSEECOMD: ( 9038): ERROR: RPMB_INIT failed, shall not start listener services
W/bt-btif ( 1461): bta_hh_co_close: dev_handle = 0, app_id = 2
W/bt-btif ( 1461): bta_hh_co_close: Found an existing device with the same handle dev_status = 0, dev_handle =0
D/HidService( 1461): Connection state CC:C5:0A:1F:00:9A: 2->0
D/CachedBluetoothDevice( 1050): onProfileStateChanged: profile HID newProfileState 0
D/BluetoothAdapterProperties( 1461): CONNECTION_STATE_CHANGE: CC:C5:0A:1F:00:9A: 2 -> 0
I/EventHub( 719): Removing device '/dev/input/event6' due to inotify event
E/NetlinkListener( 182): recvmsg failed (I/O error)
E/NetlinkListener( 173): recvmsg failed (I/O error)
E/NetlinkListener( 182): recvmsg failed (I/O error)
E/NetlinkListener( 173): recvmsg failed (I/O error)
E/NetlinkListener( 182): recvmsg failed (I/O error)
E/NetlinkListener( 173): recvmsg failed (I/O error)
E/bt-btm ( 1461): btm_sec_disconnected - Clearing Pending flag
D/BluetoothMapService( 1461): onReceive
D/QSEECOMD: ( 9043): qseecom listener services process entry PPID = 1
E/QSEECOMD: ( 9043): Listener: index = 0, hierarchy = 0
E/QSEECOMD: ( 9043): Init dlopen(librpmb.so, RLTD_NOW) is failed....
E/QSEECOMD: ( 9043): ERROR: RPMB_INIT failed, shall not start listener services
D/QSEECOMD: ( 9045): qseecom listener services process entry PPID = 1
E/QSEECOMD: ( 9045): Listener: index = 0, hierarchy = 0
E/QSEECOMD: ( 9045): Init dlopen(librpmb.so, RLTD_NOW) is failed....
E/QSEECOMD: ( 9045): ERROR: RPMB_INIT failed, shall not start listener services
D/ConnectivityManager.CallbackHandler( 719): CM callback handler got msg 524298
D/ConnectivityManager( 719): expireRequest with 127, 126
D/QSEECOMD: ( 9048): qseecom listener services process entry PPID = 1
E/QSEECOMD: ( 9048): Listener: index = 0, hierarchy = 0
