I/ActivityManager( 2279): Start proc com.android.exchange for content provider com.android.exchange/.provider.ExchangeDirectoryProvider: pid=2675 uid=10040 gids={50040, 3003, 1028, 1015, 1023}
D/MobileDataStateTracker( 2279): fota: Broadcast received: android.intent.action.ANY_DATA_STATE apnType=fota
I/ActivityManager( 2279): START u0 {cmp=com.google.android.setupwizard/.WelcomeActivity (has extras)} from pid 2586
D/MobileDataStateTracker( 2279): fota: Received state=DISCONNECTED, old=DISCONNECTED, reason=dataDetached
D/MobileDataStateTracker( 2279): supl: Broadcast received: android.intent.action.ANY_DATA_STATE apnType=supl
D/MobileDataStateTracker( 2279): supl: Received state=DISCONNECTED, old=DISCONNECTED, reason=dataDetached
I/ActivityThread( 2675): Switching default density from 160 to 240
I/ActivityManager( 2279): Start proc com.google.process.location for on-hold: pid=2690 uid=10008 gids={50008, 3003, 1007, 3002, 3001, 1028, 1015, 1023, 3007, 2001, 3006}
D/MobileDataStateTracker( 2279): hipri: Broadcast received: android.intent.action.ANY_DATA_STATE apnType=hipri
D/MobileDataStateTracker( 2279): hipri: Received state=DISCONNECTED, old=DISCONNECTED, reason=dataDetached
I/ActivityManager( 2279): Start proc com.android.email for content provider com.android.email/.provider.EmailProvider: pid=2716 uid=10039 gids={50039, 3003, 1028, 1015, 1023}
I/ActivityThread( 2690): Switching default density from 160 to 240
D/MobileDataStateTracker( 2279): ims: Broadcast received: android.intent.action.ANY_DATA_STATE apnType=ims
D/MobileDataStateTracker( 2279): ims: Received state=DISCONNECTED, old=DISCONNECTED, reason=dataDetached
D/MobileDataStateTracker( 2279): default: Broadcast received: android.intent.action.ANY_DATA_STATE apnType=default
D/MobileDataStateTracker( 2279): default: Received state=DISCONNECTED, old=DISCONNECTED, reason=dataDetached
D/MobileDataStateTracker( 2279): mms: Broadcast received: android.intent.action.ANY_DATA_STATE apnType=mms
D/MobileDataStateTracker( 2279): mms: Received state=DISCONNECTED, old=DISCONNECTED, reason=dataDetached
D/MobileDataStateTracker( 2279): cbs: Broadcast received: android.intent.action.ANY_DATA_STATE apnType=cbs
D/MobileDataStateTracker( 2279): cbs: Received state=DISCONNECTED, old=DISCONNECTED, reason=dataDetached
D/MobileDataStateTracker( 2279): fota: Broadcast received: android.intent.action.ANY_DATA_STATE apnType=fota
D/MobileDataStateTracker( 2279): fota: Received state=DISCONNECTED, old=DISCONNECTED, reason=roamingOff
D/MobileDataStateTracker( 2279): supl: Broadcast received: android.intent.action.ANY_DATA_STATE apnType=supl
D/MobileDataStateTracker( 2279): supl: Received state=DISCONNECTED, old=DISCONNECTED, reason=roamingOff
D/MobileDataStateTracker( 2279): hipri: Broadcast received: android.intent.action.ANY_DATA_STATE apnType=hipri
D/MobileDataStateTracker( 2279): hipri: Received state=DISCONNECTED, old=DISCONNECTED, reason=roamingOff
D/MobileDataStateTracker( 2279): ims: Broadcast received: android.intent.action.ANY_DATA_STATE apnType=ims
D/MobileDataStateTracker( 2279): ims: Received state=DISCONNECTED, old=DISCONNECTED, reason=roamingOff
D/MobileDataStateTracker( 2279): default: Broadcast received: android.intent.action.ANY_DATA_STATE apnType=default
I/ActivityThread( 2716): Switching default density from 160 to 240
D/MobileDataStateTracker( 2279): default: Received state=DISCONNECTED, old=DISCONNECTED, reason=roamingOff
D/MobileDataStateTracker( 2279): mms: Broadcast received: android.intent.action.ANY_DATA_STATE apnType=mms
D/MobileDataStateTracker( 2279): mms: Received state=DISCONNECTED, old=DISCONNECTED, reason=roamingOff
D/MobileDataStateTracker( 2279): cbs: Broadcast received: android.intent.action.ANY_DATA_STATE apnType=cbs
D/MobileDataStateTracker( 2279): cbs: Received state=DISCONNECTED, old=DISCONNECTED, reason=roamingOff
I/ActivityManager( 2279): Start proc com.svox.pico for service com.svox.pico/.PicoService: pid=2736 uid=10061 gids={50061, 1028, 1015, 1023}
V/BackupManagerService( 2279): Connected to transport ComponentInfo{com.google.android.backuptransport/com.google.android.backup.BackupTransportService}
V/BackupManagerService( 2279): Registering transport com.google.android.backuptransport/com.google.android.backup.BackupTransportService::com.google.android.backup/.BackupTransportService = com.android.internal.backup.IBackupTransport$Stub$Proxy@2c40f758
I/ActivityThread( 2736): Switching default density from 160 to 240
D/ActivityThread( 2716): Loading provider com.android.email.provider;com.android.email.notifier: com.android.email.provider.EmailProvider
E/ActivityThread( 2586): Performing stop of activity that is not resumed: {com.google.android.setupwizard/com.google.android.setupwizard.SetupWizardActivity}
E/ActivityThread( 2586): java.lang.RuntimeException: Performing stop of activity that is not resumed: {com.google.android.setupwizard/com.google.android.setupwizard.SetupWizardActivity}
E/ActivityThread( 2586): at android.app.ActivityThread.performStopActivityInner(ActivityThread.java:3133)
E/ActivityThread( 2586): at android.app.ActivityThread.handleStopActivity(ActivityThread.java:3220)
E/ActivityThread( 2586): at android.app.ActivityThread.access$1100(ActivityThread.java:135)
E/ActivityThread( 2586): at android.app.ActivityThread$H.handleMessage(ActivityThread.java:1223)
E/ActivityThread( 2586): at android.os.Handler.dispatchMessage(Handler.java:102)
E/ActivityThread( 2586): at android.os.Looper.loop(Looper.java:136)
E/ActivityThread( 2586): at android.app.ActivityThread.main(ActivityThread.java:5001)
E/ActivityThread( 2586): at java.lang.reflect.Method.invokeNative(Native Method)
E/ActivityThread( 2586): at java.lang.reflect.Method.invoke(Method.java:515)
E/ActivityThread( 2586): at com.android.internal.os.ZygoteInit$MethodAndArgsCaller.run(ZygoteInit.java:785)
E/ActivityThread( 2586): at com.android.internal.os.ZygoteInit.main(ZygoteInit.java:601)
E/ActivityThread( 2586): at dalvik.system.NativeStart.main(Native Method)
W/ActivityManager( 2279): Unable to start service Intent { cmp=com.android.email/.service.AttachmentDownloadService } U=0: not found
W/ActivityManager( 2279): Unable to start service Intent { cmp=com.android.email/.service.AttachmentDownloadService } U=0: not found
I/ActivityManager( 2279): Activity reported stop, but no longer stopping: ActivityRecord{2c236878 u0 com.google.android.setupwizard/.SetupWizardActivity t3}
I/ActivityManager( 2279): Start proc com.google.android.gms.ui for broadcast com.google.android.gms/com.google.android.location.network.LocationProviderChangeReceiver: pid=2771 uid=10008 gids={50008, 3003, 1007, 3002, 3001, 1028, 1015, 1023, 3007, 2001, 3006}
I/ActivityThread( 2771): Switching default density from 160 to 240
W/ContextImpl( 2536): Calling a method in the system process without a qualified user: android.app.ContextImpl.bindService:1551 android.content.ContextWrapper.bindService:517 android.bluetooth.BluetoothInputDevice.doBind:245 android.bluetooth.BluetoothInputDevice.:238 android.bluetooth.BluetoothAdapter.getProfileProxy:1367
W/ContextImpl( 2536): Calling a method in the system process without a qualified user: android.app.ContextImpl.bindService:1551 android.content.ContextWrapper.bindService:517 android.bluetooth.BluetoothPan.doBind:149 android.bluetooth.BluetoothPan.:141 android.bluetooth.BluetoothAdapter.getProfileProxy:1370
W/ContextImpl( 2536): Calling a method in the system process without a qualified user: android.app.ContextImpl.bindService:1551 android.content.ContextWrapper.bindService:517 android.bluetooth.BluetoothMap.doBind:109 android.bluetooth.BluetoothMap.:102 android.bluetooth.BluetoothAdapter.getProfileProxy:1376
W/ContextImpl( 2536): Calling a method in the system process without a qualified user: android.app.ContextImpl.bindService:1551 android.content.ContextWrapper.bindService:517 android.bluetooth.BluetoothPbap.doBind:164 android.bluetooth.BluetoothPbap.:157 com.android.settings.bluetooth.PbapServerProfile.:68
I/ActivityManager( 2279): Start proc com.google.android.apps.magazines for broadcast com.google.android.apps.magazines/com.google.apps.dots.android.newsstand.audio.MediaButtonIntentReceiver: pid=2800 uid=10053 gids={50053, 3003, 1028, 1015, 1023}
I/ActivityThread( 2800): Switching default density from 160 to 240
I/PackageManager( 2279): Adding preferred activity ComponentInfo{com.android.mms/com.android.mms.ui.ComposeMessageActivity} for user 0 :
I/PackageManager( 2279): Adding preferred activity ComponentInfo{com.android.mms/com.android.mms.ui.ComposeMessageActivity} for user 0 :
I/PackageManager( 2279): Adding preferred activity ComponentInfo{com.android.mms/com.android.mms.ui.ComposeMessageActivity} for user 0 :
I/PackageManager( 2279): Adding preferred activity ComponentInfo{com.android.mms/com.android.mms.ui.ComposeMessageActivity} for user 0 :
I/PackageManager( 2279): Adding preferred activity ComponentInfo{com.android.mms/com.android.mms.ui.ComposeMessageActivity} for user 0 :
I/PackageManager( 2279): Adding preferred activity ComponentInfo{com.android.mms/com.android.mms.ui.ComposeMessageActivity} for user 0 :
I/PackageManager( 2279): Adding preferred activity ComponentInfo{com.android.mms/com.android.mms.ui.ComposeMessageActivity} for user 0 :
I/PackageManager( 2279): Adding preferred activity ComponentInfo{com.android.mms/com.android.mms.ui.ComposeMessageActivity} for user 0 :
W/Vold ( 1935): Returning OperationFailed - no handler for errno 30
I/PackageManager( 2279): Adding preferred activity ComponentInfo{com.android.mms/com.android.mms.ui.ComposeMessageActivity} for user 0 :
W/Vold ( 1935): Returning OperationFailed - no handler for errno 30
I/PackageManager( 2279): Adding preferred activity ComponentInfo{com.android.mms/com.android.mms.ui.ComposeMessageActivity} for user 0 :
I/PackageManager( 2279): Adding preferred activity ComponentInfo{com.android.mms/com.android.mms.ui.ComposeMessageActivity} for user 0 :
I/PackageManager( 2279): Adding preferred activity ComponentInfo{com.android.mms/com.android.mms.ui.ComposeMessageActivity} for user 0 :
W/Vold ( 1935): Returning OperationFailed - no handler for errno 30
I/PackageManager( 2279): Adding preferred activity ComponentInfo{com.android.mms/com.android.mms.ui.ComposeMessageActivity} for user 0 :
I/PackageManager( 2279): Adding preferred activity ComponentInfo{com.android.mms/com.android.mms.ui.ComposeMessageActivity} for user 0 :
E/Vold ( 1935): Failed to find volume for /storage/sdcard1/Android/data/com.google.android.apps.magazines/cache/
W/Vold ( 1935): Returning OperationFailed - no handler for errno 30
I/PackageManager( 2279): Adding preferred activity ComponentInfo{com.android.mms/com.android.mms.ui.ComposeMessageActivity} for user 0 :
W/Vold ( 1935): Returning OperationFailed - no handler for errno 30
I/PackageManager( 2279): Adding preferred activity ComponentInfo{com.android.mms/com.android.mms.ui.ComposeMessageActivity} for user 0 :
W/Vold ( 1935): Returning OperationFailed - no handler for errno 30
I/PackageManager( 2279): Adding preferred activity ComponentInfo{com.android.mms/com.android.mms.ui.ComposeMessageActivity} for user 0 :
W/Vold ( 1935): Returning OperationFailed - no handler for errno 30
I/PackageManager( 2279): Adding preferred activity ComponentInfo{com.android.mms/com.android.mms.ui.ComposeMessageActivity} for user 0 :
E/Vold ( 1935): Failed to find volume for /storage/sdcard1/Android/data/com.google.android.apps.magazines/files/
W/Vold ( 1935): Returning OperationFailed - no handler for errno 30
I/PackageManager( 2279): Adding preferred activity ComponentInfo{com.android.mms/com.android.mms.ui.ComposeMessageActivity} for user 0 :
I/PackageManager( 2279): Adding preferred activity ComponentInfo{com.android.mms/com.android.mms.ui.ComposeMessageActivity} for user 0 :
I/PackageManager( 2279): Adding preferred activity ComponentInfo{com.android.mms/com.android.mms.ui.ComposeMessageActivity} for user 0 :
I/PackageManager( 2279): Adding preferred activity ComponentInfo{com.android.mms/com.android.mms.ui.ComposeMessageActivity} for user 0 :
I/ActivityManager( 2279): Start proc com.google.android.gms.wearable for service com.google.android.gms/.wearable.service.WearableService: pid=2822 uid=10008 gids={50008, 3003, 1007, 3002, 3001, 1028, 1015, 1023, 3007, 2001, 3006}
I/PackageManager( 2279): Adding preferred activity ComponentInfo{com.android.mms/com.android.mms.ui.ComposeMessageActivity} for user 0 :
I/PackageManager( 2279): Adding preferred activity ComponentInfo{com.android.mms/com.android.mms.ui.ComposeMessageActivity} for user 0 :
W/Vold ( 1935): Returning OperationFailed - no handler for errno 30
W/Vold ( 1935): Returning OperationFailed - no handler for errno 30
I/PackageManager( 2279): Adding preferred activity ComponentInfo{com.android.mms/com.android.mms.ui.ComposeMessageActivity} for user 0 :
I/PackageManager( 2279): Adding preferred activity ComponentInfo{com.android.mms/com.android.mms.ui.ComposeMessageActivity} for user 0 :
I/PackageManager( 2279): Adding preferred activity ComponentInfo{com.android.mms/com.android.mms.ui.ComposeMessageActivity} for user 0 :
W/Vold ( 1935): Returning OperationFailed - no handler for errno 30
I/PackageManager( 2279): Adding preferred activity ComponentInfo{com.android.mms/com.android.mms.ui.ComposeMessageActivity} for user 0 :
E/Vold ( 1935): Failed to find volume for /storage/sdcard1/Android/data/com.google.android.apps.magazines/files/
W/Vold ( 1935): Returning OperationFailed - no handler for errno 30
I/ActivityThread( 2822): Switching default density from 160 to 240
I/PackageManager( 2279): Adding preferred activity ComponentInfo{com.android.mms/com.android.mms.ui.ComposeMessageActivity} for user 0 :
I/PackageManager( 2279): Adding preferred activity ComponentInfo{com.android.mms/com.android.mms.ui.ComposeMessageActivity} for user 0 :
W/Vold ( 1935): Returning OperationFailed - no handler for errno 30
I/PackageManager( 2279): Adding preferred activity ComponentInfo{com.android.mms/com.android.mms.ui.ComposeMessageActivity} for user 0 :
I/PackageManager( 2279): Adding preferred activity ComponentInfo{com.android.mms/com.android.mms.ui.ComposeMessageActivity} for user 0 :
W/Vold ( 1935): Returning OperationFailed - no handler for errno 30
W/Vold ( 1935): Returning OperationFailed - no handler for errno 30
E/Vold ( 1935): Failed to find volume for /storage/sdcard1/Android/data/com.google.android.apps.magazines/cache/
W/Vold ( 1935): Returning OperationFailed - no handler for errno 30
W/Vold ( 1935): Returning OperationFailed - no handler for errno 30
W/Vold ( 1935): Returning OperationFailed - no handler for errno 30
W/Vold ( 1935): Returning OperationFailed - no handler for errno 30
E/Vold ( 1935): Failed to find volume for /storage/sdcard1/Android/data/com.google.android.apps.magazines/cache/
W/Vold ( 1935): Returning OperationFailed - no handler for errno 30
W/Vold ( 1935): Returning OperationFailed - no handler for errno 30
W/Vold ( 1935): Returning OperationFailed - no handler for errno 30
W/Vold ( 1935): Returning OperationFailed - no handler for errno 30
E/Vold ( 1935): Failed to find volume for /storage/sdcard1/Android/data/com.google.android.apps.magazines/files/
W/Vold ( 1935): Returning OperationFailed - no handler for errno 30
I/ActivityManager( 2279): Start proc com.android.music for broadcast com.android.music/.MediaButtonIntentReceiver: pid=2893 uid=10055 gids={50055, 3003, 1028, 1015, 1023}
I/ActivityThread( 2893): Switching default density from 160 to 240
I/ActivityManager( 2279): Start proc com.android.vending for broadcast com.android.vending/com.google.android.finsky.widget.consumption.NowPlayingWidgetProvider: pid=2914 uid=10016 gids={50016, 3003, 1028, 1015, 1023}
I/ActivityThread( 2914): Switching default density from 160 to 240
I/ActivityManager( 2279): Start proc com.cyanogenmod.trebuchet for broadcast com.cyanogenmod.trebuchet/com.android.launcher3.PackageChangedReceiver: pid=2964 uid=10020 gids={50020, 1028}
I/ActivityThread( 2964): Switching default density from 160 to 240
E/ActivityThread( 2964): Failed to find provider info for com.android.launcher2.settings
I/ActivityManager( 2279): Start proc com.google.android.googlequicksearchbox:search for broadcast com.google.android.googlequicksearchbox/com.google.android.search.core.summons.icing.InternalIcingCorporaProvider$CorporaChangedReceiver: pid=2993 uid=10021 gids={50021, 3003, 3001, 1028, 3002, 1015, 1023}
I/ActivityThread( 2993): Switching default density from 160 to 240
I/ActivityManager( 2279): Start proc com.android.gallery3d for broadcast com.android.gallery3d/.app.PackagesMonitor: pid=3009 uid=10043 gids={50043, 3003, 1028, 1015, 1023}
E/ActivityThread( 2993): Failed to find provider info for com.google.android.voicesearch
I/ActivityThread( 3009): Switching default density from 160 to 240
I/ActivityManager( 2279): Start proc com.google.android.partnersetup for content provider com.google.android.partnersetup/.RlzAppProvider: pid=3030 uid=10011 gids={50011, 3003}
I/ActivityThread( 3030): Switching default density from 160 to 240
I/ActivityManager( 2279): Delay finish: com.android.gallery3d/.app.PackagesMonitor
I/ActivityManager( 2279): Resuming delayed broadcast
I/ActivityManager( 2279): Start proc com.android.dialer for broadcast com.android.dialer/.calllog.CallLogReceiver: pid=3058 uid=10005 gids={50005, 3003, 1028, 1015, 1023}
I/ActivityThread( 3058): Switching default density from 160 to 240
I/ActivityManager( 2279): Start proc com.android.bluetooth for service com.android.bluetooth/.btservice.AdapterService: pid=3075 uid=1002 gids={41002, 3003, 3002, 3001, 1028, 1015, 1023, 3005, 1016, 3008}
W/ContextImpl( 2279): Calling a method in the system process without a qualified user: android.app.ContextImpl.bindService:1551 android.bluetooth.BluetoothHeadset.doBind:283 android.bluetooth.BluetoothHeadset.:276 android.bluetooth.BluetoothAdapter.getProfileProxy:1361 android.media.AudioService.getBluetoothHeadset:2251
W/ContextImpl( 2279): Calling a method in the system process without a qualified user: android.app.ContextImpl.bindService:1551 android.bluetooth.BluetoothA2dp.doBind:165 android.bluetooth.BluetoothA2dp.:158 android.bluetooth.BluetoothAdapter.getProfileProxy:1364 android.media.AudioService$AudioServiceBroadcastReceiver.onReceive:4172
V/WiredAccessoryManager( 2279): notifyWiredAccessoryChanged: when=0 bits= mask=14
V/WiredAccessoryManager( 2279): newName=h2w newState=0 headsetState=0 prev headsetState=0
V/WiredAccessoryManager( 2279): init()
I/PowerManagerService( 2279): Boot animation finished.
I/ActivityManager( 2279): Start proc com.android.calendar for broadcast com.android.calendar/.UpgradeReceiver: pid=3094 uid=10031 gids={50031, 3003}
I/ActivityThread( 3075): Switching default density from 160 to 240
I/ActivityThread( 3094): Switching default density from 160 to 240
I/ActivityManager( 2279): Start proc com.android.providers.calendar for broadcast com.android.providers.calendar/.CalendarReceiver: pid=3134 uid=10001 gids={50001, 3003, 1028, 1015, 1023}
I/ActivityThread( 3134): Switching default density from 160 to 240
I/BootReceiver( 2279): Copying audit failures to DropBox
I/BootReceiver( 2279): Checking for fsck errors
I/bluetoothd( 3120): Bluetooth daemon 5.32
I/bluetoothd( 3120): Starting SDP server
I/bluetoothd( 3120): Bluetooth management interface 1.8 initialized
I/bluetoothd( 3120): Kernel connection control will be used
I/ActivityManager( 2279): Start proc com.google.android.configupdater for broadcast com.google.android.configupdater/.CertPin.CertPinUpdateRequestReceiver: pid=3160 uid=10002 gids={50002, 3003, 2001}
I/ActivityThread( 3160): Switching default density from 160 to 240
I/ActivityManager( 2279): Delay finish: com.android.providers.downloads/.DownloadReceiver
I/ActivityManager( 2279): Resuming delayed broadcast
I/ActivityManager( 2279): Start proc com.google.android.onetimeinitializer for broadcast com.google.android.onetimeinitializer/.OneTimeInitializerReceiver: pid=3229 uid=10010 gids={50010}
I/ActivityThread( 3229): Switching default density from 160 to 240
I/ActivityManager( 2279): Delay finish: com.google.android.onetimeinitializer/.OneTimeInitializerReceiver
E/ActivityThread( 3229): Failed to find provider info for com.android.launcher2.settings
I/ActivityManager( 2279): Resuming delayed broadcast
I/ActivityManager( 2279): Delay finish: com.google.android.partnersetup/.GooglePartnerSetup
I/ActivityManager( 2279): Resuming delayed broadcast
I/ActivityManager( 2279): Killing 2675:com.android.exchange/u0a40 (adj 15): empty #17
I/ActivityManager( 2279): Delay finish: com.android.providers.media/.MediaScannerReceiver
I/ActivityManager( 2279): Resuming delayed broadcast
I/ActivityManager( 2279): Start proc com.android.mms for broadcast com.android.mms/.transaction.MmsSystemEventReceiver: pid=3256 uid=10013 gids={50013, 3003, 1028, 1015, 1023}
I/ActivityThread( 3256): Switching default density from 160 to 240
D/CountryDetector( 2279): The first listener is added
I/ActivityManager( 2279): Delay finish: com.android.mms/.transaction.MmsSystemEventReceiver
I/ActivityManager( 2279): Resuming delayed broadcast
I/ActivityManager( 2279): Delay finish: com.android.mms/.transaction.SmsReceiver
I/ActivityManager( 2279): Resuming delayed broadcast
I/ActivityManager( 2279): Start proc com.android.onetimeinitializer for broadcast com.android.onetimeinitializer/.OneTimeInitializerReceiver: pid=3285 uid=10015 gids={50015}
I/ActivityManager( 2279): Killing 2716:com.android.email/u0a39 (adj 15): empty #17
I/ActivityThread( 3285): Switching default density from 160 to 240
I/ActivityManager( 2279): Delay finish: com.android.onetimeinitializer/.OneTimeInitializerReceiver
E/ActivityThread( 3285): Failed to find provider info for com.android.launcher2.settings
I/ActivityManager( 2279): Resuming delayed broadcast
I/ActivityManager( 2279): Start proc com.thirdparty.superuser for broadcast com.thirdparty.superuser/com.koushikdutta.superuser.SuCheckerReceiver: pid=3300 uid=1000 gids={41000, 1028, 1015, 1023, 3002, 3001, 3003}
I/ActivityManager( 2279): Killing 2519:com.android.printspooler/u0a64 (adj 15): empty #17
I/ActivityThread( 3300): Switching default density from 160 to 240
I/ActivityManager( 2279): Killing 2503:com.android.externalstorage/u0a7 (adj 15): empty #17
I/ActivityManager( 2279): Delay finish: com.google.android.googlequicksearchbox/com.google.android.search.core.StartUpReceiver
W/BackupManagerService( 2279): dataChanged but no participant pkg='com.android.providers.settings' uid=10006
I/ActivityManager( 2279): Resuming delayed broadcast
I/ActivityManager( 2279): Delay finish: com.android.calendar/.alerts.AlertReceiver
I/bluetoothd( 3120): Stopping SDP server
I/bluetoothd( 3120): Exit
I/PackageManager( 2279): Adding preferred activity ComponentInfo{com.android.mms/com.android.mms.ui.ComposeMessageActivity} for user 0 :
I/PackageManager( 2279): Adding preferred activity ComponentInfo{com.android.mms/com.android.mms.ui.ComposeMessageActivity} for user 0 :
I/PackageManager( 2279): Adding preferred activity ComponentInfo{com.android.mms/com.android.mms.ui.ComposeMessageActivity} for user 0 :
I/PackageManager( 2279): Adding preferred activity ComponentInfo{com.android.mms/com.android.mms.ui.ComposeMessageActivity} for user 0 :
I/PackageManager( 2279): Adding preferred activity ComponentInfo{com.android.mms/com.android.mms.ui.ComposeMessageActivity} for user 0 :
I/PackageManager( 2279): Adding preferred activity ComponentInfo{com.android.mms/com.android.mms.ui.ComposeMessageActivity} for user 0 :
I/PackageManager( 2279): Adding preferred activity ComponentInfo{com.android.mms/com.android.mms.ui.ComposeMessageActivity} for user 0 :
I/PackageManager( 2279): Adding preferred activity ComponentInfo{com.android.mms/com.android.mms.ui.ComposeMessageActivity} for user 0 :
I/PackageManager( 2279): Adding preferred activity ComponentInfo{com.android.mms/com.android.mms.ui.ComposeMessageActivity} for user 0 :
I/PackageManager( 2279): Adding preferred activity ComponentInfo{com.android.mms/com.android.mms.ui.ComposeMessageActivity} for user 0 :
I/PackageManager( 2279): Adding preferred activity ComponentInfo{com.android.mms/com.android.mms.ui.ComposeMessageActivity} for user 0 :
I/PackageManager( 2279): Adding preferred activity ComponentInfo{com.android.mms/com.android.mms.ui.ComposeMessageActivity} for user 0 :
I/PackageManager( 2279): Adding preferred activity ComponentInfo{com.android.mms/com.android.mms.ui.ComposeMessageActivity} for user 0 :
I/PackageManager( 2279): Adding preferred activity ComponentInfo{com.android.mms/com.android.mms.ui.ComposeMessageActivity} for user 0 :
I/PackageManager( 2279): Adding preferred activity ComponentInfo{com.android.mms/com.android.mms.ui.ComposeMessageActivity} for user 0 :
I/PackageManager( 2279): Adding preferred activity ComponentInfo{com.android.mms/com.android.mms.ui.ComposeMessageActivity} for user 0 :
I/PackageManager( 2279): Adding preferred activity ComponentInfo{com.android.mms/com.android.mms.ui.ComposeMessageActivity} for user 0 :
I/PackageManager( 2279): Adding preferred activity ComponentInfo{com.android.mms/com.android.mms.ui.ComposeMessageActivity} for user 0 :
I/PackageManager( 2279): Adding preferred activity ComponentInfo{com.android.mms/com.android.mms.ui.ComposeMessageActivity} for user 0 :
I/PackageManager( 2279): Adding preferred activity ComponentInfo{com.android.mms/com.android.mms.ui.ComposeMessageActivity} for user 0 :
I/PackageManager( 2279): Adding preferred activity ComponentInfo{com.android.mms/com.android.mms.ui.ComposeMessageActivity} for user 0 :
I/PackageManager( 2279): Adding preferred activity ComponentInfo{com.android.mms/com.android.mms.ui.ComposeMessageActivity} for user 0 :
I/PackageManager( 2279): Adding preferred activity ComponentInfo{com.android.mms/com.android.mms.ui.ComposeMessageActivity} for user 0 :
I/PackageManager( 2279): Adding preferred activity ComponentInfo{com.android.mms/com.android.mms.ui.ComposeMessageActivity} for user 0 :
I/PackageManager( 2279): Adding preferred activity ComponentInfo{com.android.mms/com.android.mms.ui.ComposeMessageActivity} for user 0 :
I/PackageManager( 2279): Adding preferred activity ComponentInfo{com.android.mms/com.android.mms.ui.ComposeMessageActivity} for user 0 :
I/PackageManager( 2279): Adding preferred activity ComponentInfo{com.android.mms/com.android.mms.ui.ComposeMessageActivity} for user 0 :
I/PackageManager( 2279): Adding preferred activity ComponentInfo{com.android.mms/com.android.mms.ui.ComposeMessageActivity} for user 0 :
I/PackageManager( 2279): Adding preferred activity ComponentInfo{com.android.mms/com.android.mms.ui.ComposeMessageActivity} for user 0 :
I/PackageManager( 2279): Adding preferred activity ComponentInfo{com.android.mms/com.android.mms.ui.ComposeMessageActivity} for user 0 :
I/PackageManager( 2279): Adding preferred activity ComponentInfo{com.android.mms/com.android.mms.ui.ComposeMessageActivity} for user 0 :
I/PackageManager( 2279): Adding preferred activity ComponentInfo{com.android.mms/com.android.mms.ui.ComposeMessageActivity} for user 0 :
I/PackageManager( 2279): Adding preferred activity ComponentInfo{com.android.mms/com.android.mms.ui.ComposeMessageActivity} for user 0 :
I/PackageManager( 2279): Adding preferred activity ComponentInfo{com.android.mms/com.android.mms.ui.ComposeMessageActivity} for user 0 :
I/PackageManager( 2279): Adding preferred activity ComponentInfo{com.android.mms/com.android.mms.ui.ComposeMessageActivity} for user 0 :
I/PackageManager( 2279): Adding preferred activity ComponentInfo{com.android.mms/com.android.mms.ui.ComposeMessageActivity} for user 0 :
I/PackageManager( 2279): Adding preferred activity ComponentInfo{com.android.mms/com.android.mms.ui.ComposeMessageActivity} for user 0 :
I/PackageManager( 2279): Adding preferred activity ComponentInfo{com.android.mms/com.android.mms.ui.ComposeMessageActivity} for user 0 :
I/PackageManager( 2279): Adding preferred activity ComponentInfo{com.android.mms/com.android.mms.ui.ComposeMessageActivity} for user 0 :
I/PackageManager( 2279): Adding preferred activity ComponentInfo{com.android.mms/com.android.mms.ui.ComposeMessageActivity} for user 0 :
I/PackageManager( 2279): Adding preferred activity ComponentInfo{com.android.mms/com.android.mms.ui.ComposeMessageActivity} for user 0 :
I/PackageManager( 2279): Adding preferred activity ComponentInfo{com.android.mms/com.android.mms.ui.ComposeMessageActivity} for user 0 :
I/PackageManager( 2279): Adding preferred activity ComponentInfo{com.android.mms/com.android.mms.ui.ComposeMessageActivity} for user 0 :
I/PackageManager( 2279): Adding preferred activity ComponentInfo{com.android.mms/com.android.mms.ui.ComposeMessageActivity} for user 0 :
I/PackageManager( 2279): Adding preferred activity ComponentInfo{com.android.mms/com.android.mms.ui.ComposeMessageActivity} for user 0 :
I/PackageManager( 2279): Adding preferred activity ComponentInfo{com.android.mms/com.android.mms.ui.ComposeMessageActivity} for user 0 :
I/PackageManager( 2279): Adding preferred activity ComponentInfo{com.android.mms/com.android.mms.ui.ComposeMessageActivity} for user 0 :
I/PackageManager( 2279): Adding preferred activity ComponentInfo{com.android.mms/com.android.mms.ui.ComposeMessageActivity} for user 0 :
I/ActivityManager( 2279): Waited long enough for: ServiceRecord{2c1e0bd4 u0 com.android.music/.MediaPlaybackService}
I/ActivityManager( 2279): Resuming delayed broadcast
I/ActivityManager( 2279): Start proc com.android.camera2 for broadcast com.android.camera2/com.android.camera.DisableCameraReceiver: pid=3374 uid=10032 gids={50032, 3003, 1028, 1015, 1023}
I/ActivityThread( 3374): Switching default density from 160 to 240
I/ActivityManager( 2279): Start proc com.android.deskclock for broadcast com.android.deskclock/.AlarmInitReceiver: pid=3387 uid=10035 gids={50035, 1028}
I/ActivityManager( 2279): Killing 2800:com.google.android.apps.magazines/u0a53 (adj 15): empty #17
I/ActivityThread( 3387): Switching default density from 160 to 240
W/BackupManagerService( 2279): dataChanged but no participant pkg='com.android.providers.settings' uid=10035
I/ActivityManager( 2279): Start proc com.android.email for broadcast com.android.email/.service.EmailUpgradeBroadcastReceiver: pid=3403 uid=10039 gids={50039, 3003, 1028, 1015, 1023}
I/ActivityManager( 2279): Killing 2569:android.process.acore/u0a3 (adj 15): empty #17
I/ActivityThread( 3403): Switching default density from 160 to 240
D/ActivityThread( 3403): Loading provider com.android.email.provider;com.android.email.notifier: com.android.email.provider.EmailProvider
I/ActivityManager( 2279): Delay finish: com.android.email/.service.EmailUpgradeBroadcastReceiver
W/ActivityManager( 2279): Unable to start service Intent { cmp=com.android.email/.service.AttachmentDownloadService } U=0: not found
W/ActivityManager( 2279): Unable to start service Intent { cmp=com.android.email/.service.AttachmentDownloadService } U=0: not found
I/ActivityManager( 2279): Resuming delayed broadcast
I/ActivityManager( 2279): Delay finish: com.android.email/.service.EmailBroadcastReceiver
I/ActivityManager( 2279): Delaying start of: ServiceRecord{2c4529ac u0 com.android.exchange/.service.EmailSyncAdapterService}
I/ActivityManager( 2279): Start proc com.android.exchange for service com.android.exchange/.service.EmailSyncAdapterService: pid=3425 uid=10040 gids={50040, 3003, 1028, 1015, 1023}
I/ActivityManager( 2279): Killing 2964:com.cyanogenmod.trebuchet/u0a20 (adj 15): empty #17
I/ActivityThread( 3425): Switching default density from 160 to 240
I/ActivityManager( 2279): Resuming delayed broadcast
I/ActivityManager( 2279): Start proc com.google.android.gm for broadcast com.google.android.gm/.GoogleMailDeviceStartupReceiver: pid=3439 uid=10044 gids={50044, 3003, 1028, 1015, 1023}
I/ActivityManager( 2279): Killing 2771:com.google.android.gms.ui/u0a8 (adj 15): empty #17
I/ActivityThread( 3439): Switching default density from 160 to 240
D/ActivityThread( 3439): Loading provider com.android.gmail.ui: com.google.android.gm.provider.GmailProvider
D/ActivityThread( 3439): Loading provider com.google.android.gmail.provider;com.android.mail.notifier;com.google.android.gm.email.provider;com.google.android.gm.email.notifier: com.android.email.provider.EmailProvider
W/ActivityManager( 2279): Unable to start service Intent { act=com.android.mail.action.BACKUP_DATA_CHANGED pkg=com.google.android.gm } U=0: not found
W/ActivityManager( 2279): Unable to start service Intent { act=com.android.mail.action.BACKUP_DATA_CHANGED pkg=com.google.android.gm } U=0: not found
W/ActivityManager( 2279): Unable to start service Intent { act=com.android.mail.action.BACKUP_DATA_CHANGED pkg=com.google.android.gm } U=0: not found
W/ActivityManager( 2279): Unable to start service Intent { act=com.android.mail.action.BACKUP_DATA_CHANGED pkg=com.google.android.gm } U=0: not found
W/ActivityManager( 2279): Unable to start service Intent { act=com.android.mail.action.BACKUP_DATA_CHANGED pkg=com.google.android.gm } U=0: not found
W/ActivityManager( 2279): Unable to start service Intent { act=com.android.mail.action.BACKUP_DATA_CHANGED pkg=com.google.android.gm } U=0: not found
W/ActivityManager( 2279): Unable to start service Intent { act=com.google.android.gm.email.EXCHANGE_INTENT pkg=com.google.android.gm.exchange } U=0: not found
W/ActivityManager( 2279): Unable to start service Intent { act=com.android.mail.action.BACKUP_DATA_CHANGED pkg=com.google.android.gm } U=0: not found
W/ActivityManager( 2279): Unable to start service Intent { act=com.google.android.gm.email.EXCHANGE_INTENT pkg=com.google.android.gm.exchange } U=0: not found
D/ActivityThread( 3439): Loading provider com.google.android.gmail.provider;com.android.mail.notifier;com.google.android.gm.email.provider;com.google.android.gm.email.notifier: com.android.email.provider.EmailProvider
D/ActivityThread( 3439): Loading provider com.google.android.gmail.provider;com.android.mail.notifier;com.google.android.gm.email.provider;com.google.android.gm.email.notifier: com.android.email.provider.EmailProvider
D/ActivityThread( 3439): Loading provider com.google.android.gmail.provider;com.android.mail.notifier;com.google.android.gm.email.provider;com.google.android.gm.email.notifier: com.android.email.provider.EmailProvider
W/ActivityManager( 2279): Unable to start service Intent { act=com.google.android.gm.email.EXCHANGE_INTENT pkg=com.google.android.gm.exchange } U=0: not found
W/ActivityManager( 2279): Unable to start service Intent { act=com.google.android.gm.email.EXCHANGE_INTENT pkg=com.google.android.gm.exchange } U=0: not found
W/ActivityManager( 2279): Unable to start service Intent { act=com.google.android.gm.email.EXCHANGE_INTENT pkg=com.google.android.gm.exchange } U=0: not found
W/ActivityManager( 2279): Unable to start service Intent { cmp=com.google.android.gm/com.android.email.service.AttachmentService } U=0: not found
I/ActivityManager( 2279): Delay finish: com.google.android.gm/.GoogleMailDeviceStartupReceiver
W/ActivityManager( 2279): Unable to start service Intent { cmp=com.google.android.gm/com.android.email.service.AttachmentService } U=0: not found
W/ActivityManager( 2279): Unable to start service Intent { cmp=com.google.android.gm/com.android.email.service.AttachmentService } U=0: not found
W/ActivityManager( 2279): Unable to start service Intent { act=com.google.android.gm.email.EXCHANGE_INTENT pkg=com.google.android.gm.exchange } U=0: not found
W/ActivityManager( 2279): Unable to start service Intent { cmp=com.google.android.gm/com.android.email.service.AttachmentService } U=0: not found
W/ActivityManager( 2279): Unable to start service Intent { cmp=com.google.android.gm/com.android.email.service.AttachmentService } U=0: not found
W/ActivityManager( 2279): Unable to start service Intent { act=com.google.android.gm.email.EXCHANGE_INTENT pkg=com.google.android.gm.exchange } U=0: not found
I/ActivityManager( 2279): Resuming delayed broadcast
W/ActivityManager( 2279): Unable to start service Intent { act=com.google.android.gm.email.EXCHANGE_INTENT pkg=com.google.android.gm.exchange } U=0: not found
I/ActivityManager( 2279): Delay finish: com.google.android.gm/.MailIntentReceiver
I/ActivityManager( 2279): Resuming delayed broadcast
W/ActivityManager( 2279): Unable to start service Intent { act=com.google.android.gm.email.EXCHANGE_INTENT pkg=com.google.android.gm.exchange } U=0: not found
I/ActivityManager( 2279): Delay finish: com.google.android.gm/com.android.email.service.EmailUpgradeBroadcastReceiver
W/ActivityManager( 2279): Unable to start service Intent { act=com.google.android.gm.email.EXCHANGE_INTENT pkg=com.google.android.gm.exchange } U=0: not found
I/ActivityManager( 2279): Resuming delayed broadcast
I/ActivityManager( 2279): Delay finish: com.google.android.gm/com.android.email.service.EmailBroadcastReceiver
W/ActivityManager( 2279): Unable to start service Intent { act=com.google.android.gm.email.EXCHANGE_INTENT pkg=com.google.android.gm.exchange } U=0: not found
W/ActivityManager( 2279): Unable to start service Intent { act=com.google.android.gm.email.EXCHANGE_INTENT pkg=com.google.android.gm.exchange } U=0: not found
I/ActivityManager( 2279): Resuming delayed broadcast
E/ActivityThread( 3439): Service com.android.email.service.EmailBroadcastProcessorService has leaked ServiceConnection com.android.emailcommon.service.J@2c1956d4 that was originally bound here
E/ActivityThread( 3439): android.app.ServiceConnectionLeaked: Service com.android.email.service.EmailBroadcastProcessorService has leaked ServiceConnection com.android.emailcommon.service.J@2c1956d4 that was originally bound here
E/ActivityThread( 3439): at android.app.LoadedApk$ServiceDispatcher.(LoadedApk.java:970)
E/ActivityThread( 3439): at android.app.LoadedApk.getServiceDispatcher(LoadedApk.java:864)
E/ActivityThread( 3439): at android.app.ContextImpl.bindServiceCommon(ContextImpl.java:1569)
E/ActivityThread( 3439): at android.app.ContextImpl.bindService(ContextImpl.java:1552)
E/ActivityThread( 3439): at android.content.ContextWrapper.bindService(ContextWrapper.java:517)
E/ActivityThread( 3439): at com.android.emailcommon.service.H.a(SourceFile:181)
E/ActivityThread( 3439): at com.android.emailcommon.service.H.mb(SourceFile:224)
E/ActivityThread( 3439): at com.android.email.service.n.j(SourceFile:160)
E/ActivityThread( 3439): at com.android.email.provider.b.a(SourceFile:171)
E/ActivityThread( 3439): at com.android.email.provider.b.F(SourceFile:115)
E/ActivityThread( 3439): at com.android.email.service.EmailBroadcastProcessorService.kD(SourceFile:305)
E/ActivityThread( 3439): at com.android.email.service.EmailBroadcastProcessorService.onHandleIntent(SourceFile:130)
E/ActivityThread( 3439): at android.app.IntentService$ServiceHandler.handleMessage(IntentService.java:65)
E/ActivityThread( 3439): at android.os.Handler.dispatchMessage(Handler.java:102)
E/ActivityThread( 3439): at android.os.Looper.loop(Looper.java:136)
E/ActivityThread( 3439): at android.os.HandlerThread.run(HandlerThread.java:61)
I/ActivityManager( 2279): Killing 2536:com.android.settings/1000 (adj 15): empty #17
W/ActivityManager( 2279): Unbind failed: could not find connection for android.os.BinderProxy@2c5520d4
I/ActivityManager( 2279): Start proc android.process.acore for content provider com.android.providers.contacts/.ContactsProvider2: pid=3480 uid=10003 gids={50003, 3003, 1028, 1015, 1023}
I/ActivityManager( 2279): Start proc com.google.android.inputmethod.latin for broadcast com.google.android.inputmethod.latin/com.android.inputmethod.latin.setup.LauncherIconVisibilityManager: pid=3493 uid=10050 gids={50050, 3003, 1028, 1015, 1023}
I/ActivityThread( 3480): Switching default density from 160 to 240
W/ActivityManager( 2279): Unable to start service Intent { act=com.google.android.gm.email.EXCHANGE_INTENT pkg=com.google.android.gm.exchange } U=0: not found
I/ActivityThread( 3493): Switching default density from 160 to 240
I/ActivityManager( 2279): Killing 3058:com.android.dialer/u0a5 (adj 15): empty #17
I/ActivityManager( 2279): Process com.google.android.inputmethod.latin (pid 3493) has died.
I/ActivityManager( 2279): Waited long enough for: ServiceRecord{2c2e6424 u0 com.google.android.googlequicksearchbox/com.google.android.search.core.service.SearchService}
I/ActivityManager( 2279): Start proc com.google.android.videos for broadcast com.google.android.videos/.pinning.TransferService$Receiver: pid=3511 uid=10071 gids={50071, 3003, 1028, 1015, 1023, 3002}
I/ActivityManager( 2279): Waited long enough for: ServiceRecord{2c549910 u0 com.android.calendar/.alerts.InitAlarmsService}
I/ActivityThread( 3511): Switching default density from 160 to 240
I/ActivityManager( 2279): Start proc com.google.android.youtube for broadcast com.google.android.youtube/com.google.android.libraries.youtube.upload.service.UploadService$BootReceiver: pid=3534 uid=10073 gids={50073, 3003, 1028, 1015, 1023}
I/ActivityThread( 3534): Switching default density from 160 to 240
I/PackageManager( 2279): Adding preferred activity ComponentInfo{com.android.mms/com.android.mms.ui.ComposeMessageActivity} for user 0 :
I/PackageManager( 2279): Adding preferred activity ComponentInfo{com.android.mms/com.android.mms.ui.ComposeMessageActivity} for user 0 :
I/PackageManager( 2279): Adding preferred activity ComponentInfo{com.android.mms/com.android.mms.ui.ComposeMessageActivity} for user 0 :
I/PackageManager( 2279): Adding preferred activity ComponentInfo{com.android.mms/com.android.mms.ui.ComposeMessageActivity} for user 0 :
I/PackageManager( 2279): Adding preferred activity ComponentInfo{com.android.mms/com.android.mms.ui.ComposeMessageActivity} for user 0 :
I/PackageManager( 2279): Adding preferred activity ComponentInfo{com.android.mms/com.android.mms.ui.ComposeMessageActivity} for user 0 :
I/PackageManager( 2279): Adding preferred activity ComponentInfo{com.android.mms/com.android.mms.ui.ComposeMessageActivity} for user 0 :
I/PackageManager( 2279): Adding preferred activity ComponentInfo{com.android.mms/com.android.mms.ui.ComposeMessageActivity} for user 0 :
I/PackageManager( 2279): Adding preferred activity ComponentInfo{com.android.mms/com.android.mms.ui.ComposeMessageActivity} for user 0 :
I/PackageManager( 2279): Adding preferred activity ComponentInfo{com.android.mms/com.android.mms.ui.ComposeMessageActivity} for user 0 :
I/PackageManager( 2279): Adding preferred activity ComponentInfo{com.android.mms/com.android.mms.ui.ComposeMessageActivity} for user 0 :
I/PackageManager( 2279): Adding preferred activity ComponentInfo{com.android.mms/com.android.mms.ui.ComposeMessageActivity} for user 0 :
W/Vold ( 1935): Returning OperationFailed - no handler for errno 30
W/Vold ( 1935): Returning OperationFailed - no handler for errno 30
I/PackageManager( 2279): Adding preferred activity ComponentInfo{com.android.mms/com.android.mms.ui.ComposeMessageActivity} for user 0 :
I/PackageManager( 2279): Adding preferred activity ComponentInfo{com.android.mms/com.android.mms.ui.ComposeMessageActivity} for user 0 :
W/Vold ( 1935): Returning OperationFailed - no handler for errno 30
I/PackageManager( 2279): Adding preferred activity ComponentInfo{com.android.mms/com.android.mms.ui.ComposeMessageActivity} for user 0 :
E/Vold ( 1935): Failed to find volume for /storage/sdcard1/Android/data/com.google.android.videos/files/Movies/
W/Vold ( 1935): Returning OperationFailed - no handler for errno 30
I/PackageManager( 2279): Adding preferred activity ComponentInfo{com.android.mms/com.android.mms.ui.ComposeMessageActivity} for user 0 :
I/PackageManager( 2279): Adding preferred activity ComponentInfo{com.android.mms/com.android.mms.ui.ComposeMessageActivity} for user 0 :
I/PackageManager( 2279): Adding preferred activity ComponentInfo{com.android.mms/com.android.mms.ui.ComposeMessageActivity} for user 0 :
I/PackageManager( 2279): Adding preferred activity ComponentInfo{com.android.mms/com.android.mms.ui.ComposeMessageActivity} for user 0 :
I/PackageManager( 2279): Adding preferred activity ComponentInfo{com.android.mms/com.android.mms.ui.ComposeMessageActivity} for user 0 :
W/Vold ( 1935): Returning OperationFailed - no handler for errno 30
I/PackageManager( 2279): Adding preferred activity ComponentInfo{com.android.mms/com.android.mms.ui.ComposeMessageActivity} for user 0 :
I/PackageManager( 2279): Adding preferred activity ComponentInfo{com.android.mms/com.android.mms.ui.ComposeMessageActivity} for user 0 :
W/Vold ( 1935): Returning OperationFailed - no handler for errno 30
I/PackageManager( 2279): Adding preferred activity ComponentInfo{com.android.mms/com.android.mms.ui.ComposeMessageActivity} for user 0 :
W/Vold ( 1935): Returning OperationFailed - no handler for errno 30
I/PackageManager( 2279): Adding preferred activity ComponentInfo{com.android.mms/com.android.mms.ui.ComposeMessageActivity} for user 0 :
E/Vold ( 1935): Failed to find volume for /storage/sdcard1/Android/data/com.google.android.videos/files/Movies/
W/Vold ( 1935): Returning OperationFailed - no handler for errno 30
I/PackageManager( 2279): Adding preferred activity ComponentInfo{com.android.mms/com.android.mms.ui.ComposeMessageActivity} for user 0 :
I/ActivityManager( 2279): Killing 3134:com.android.providers.calendar/u0a1 (adj 15): empty #17
I/PackageManager( 2279): Adding preferred activity ComponentInfo{com.android.mms/com.android.mms.ui.ComposeMessageActivity} for user 0 :
I/PackageManager( 2279): Adding preferred activity ComponentInfo{com.android.mms/com.android.mms.ui.ComposeMessageActivity} for user 0 :
I/PackageManager( 2279): Adding preferred activity ComponentInfo{com.android.mms/com.android.mms.ui.ComposeMessageActivity} for user 0 :
I/PackageManager( 2279): Adding preferred activity ComponentInfo{com.android.mms/com.android.mms.ui.ComposeMessageActivity} for user 0 :
I/PackageManager( 2279): Adding preferred activity ComponentInfo{com.android.mms/com.android.mms.ui.ComposeMessageActivity} for user 0 :
I/PackageManager( 2279): Adding preferred activity ComponentInfo{com.android.mms/com.android.mms.ui.ComposeMessageActivity} for user 0 :
I/PackageManager( 2279): Adding preferred activity ComponentInfo{com.android.mms/com.android.mms.ui.ComposeMessageActivity} for user 0 :
W/Vold ( 1935): Returning OperationFailed - no handler for errno 30
W/Vold ( 1935): Returning OperationFailed - no handler for errno 30
I/PackageManager( 2279): Adding preferred activity ComponentInfo{com.android.mms/com.android.mms.ui.ComposeMessageActivity} for user 0 :
I/PackageManager( 2279): Adding preferred activity ComponentInfo{com.android.mms/com.android.mms.ui.ComposeMessageActivity} for user 0 :
W/Vold ( 1935): Returning OperationFailed - no handler for errno 30
I/PackageManager( 2279): Adding preferred activity ComponentInfo{com.android.mms/com.android.mms.ui.ComposeMessageActivity} for user 0 :
I/PackageManager( 2279): Adding preferred activity ComponentInfo{com.android.mms/com.android.mms.ui.ComposeMessageActivity} for user 0 :
E/Vold ( 1935): Failed to find volume for /storage/sdcard1/Android/data/com.google.android.youtube/cache/
W/Vold ( 1935): Returning OperationFailed - no handler for errno 30
I/PackageManager( 2279): Adding preferred activity ComponentInfo{com.android.mms/com.android.mms.ui.ComposeMessageActivity} for user 0 :
I/PackageManager( 2279): Adding preferred activity ComponentInfo{com.android.mms/com.android.mms.ui.ComposeMessageActivity} for user 0 :
I/PackageManager( 2279): Adding preferred activity ComponentInfo{com.android.mms/com.android.mms.ui.ComposeMessageActivity} for user 0 :
I/PackageManager( 2279): Adding preferred activity ComponentInfo{com.android.mms/com.android.mms.ui.ComposeMessageActivity} for user 0 :
I/PackageManager( 2279): Adding preferred activity ComponentInfo{com.android.mms/com.android.mms.ui.ComposeMessageActivity} for user 0 :
I/PackageManager( 2279): Adding preferred activity ComponentInfo{com.android.mms/com.android.mms.ui.ComposeMessageActivity} for user 0 :
I/PackageManager( 2279): Adding preferred activity ComponentInfo{com.android.mms/com.android.mms.ui.ComposeMessageActivity} for user 0 :
I/PackageManager( 2279): Adding preferred activity ComponentInfo{com.android.mms/com.android.mms.ui.ComposeMessageActivity} for user 0 :
I/PackageManager( 2279): Adding preferred activity ComponentInfo{com.android.mms/com.android.mms.ui.ComposeMessageActivity} for user 0 :
I/PackageManager( 2279): Adding preferred activity ComponentInfo{com.android.mms/com.android.mms.ui.ComposeMessageActivity} for user 0 :
I/PackageManager( 2279): Adding preferred activity ComponentInfo{com.android.mms/com.android.mms.ui.ComposeMessageActivity} for user 0 :
I/PackageManager( 2279): Adding preferred activity ComponentInfo{com.android.mms/com.android.mms.ui.ComposeMessageActivity} for user 0 :
I/PackageManager( 2279): Adding preferred activity ComponentInfo{com.android.mms/com.android.mms.ui.ComposeMessageActivity} for user 0 :
I/PackageManager( 2279): Adding preferred activity ComponentInfo{com.android.mms/com.android.mms.ui.ComposeMessageActivity} for user 0 :
I/PackageManager( 2279): Adding preferred activity ComponentInfo{com.android.mms/com.android.mms.ui.ComposeMessageActivity} for user 0 :
I/PackageManager( 2279): Adding preferred activity ComponentInfo{com.android.mms/com.android.mms.ui.ComposeMessageActivity} for user 0 :
I/PackageManager( 2279): Adding preferred activity ComponentInfo{com.android.mms/com.android.mms.ui.ComposeMessageActivity} for user 0 :
I/PackageManager( 2279): Adding preferred activity ComponentInfo{com.android.mms/com.android.mms.ui.ComposeMessageActivity} for user 0 :
I/PackageManager( 2279): Adding preferred activity ComponentInfo{com.android.mms/com.android.mms.ui.ComposeMessageActivity} for user 0 :
