E/audio_hw_primary( 1942): no pcm card found!
W/audio_hw_primary( 1942): out_write error: -19, sleeping...
E/audio_hw_primary( 1942): no pcm card found!
W/audio_hw_primary( 1942): out_write error: -19, sleeping...
D/ConnectivityService( 2279): special network not available ni=mobile_hipri
E/audio_hw_primary( 1942): no pcm card found!
W/audio_hw_primary( 1942): out_write error: -19, sleeping...
E/audio_hw_primary( 1942): no pcm card found!
W/audio_hw_primary( 1942): out_write error: -19, sleeping...
E/audio_hw_primary( 1942): no pcm card found!
W/audio_hw_primary( 1942): out_write error: -19, sleeping...
E/audio_hw_primary( 1942): no pcm card found!
W/audio_hw_primary( 1942): out_write error: -19, sleeping...
E/audio_hw_primary( 1942): no pcm card found!
W/audio_hw_primary( 1942): out_write error: -19, sleeping...
E/audio_hw_primary( 1942): no pcm card found!
W/audio_hw_primary( 1942): out_write error: -19, sleeping...
E/audio_hw_primary( 1942): no pcm card found!
W/audio_hw_primary( 1942): out_write error: -19, sleeping...
E/audio_hw_primary( 1942): no pcm card found!
W/audio_hw_primary( 1942): out_write error: -19, sleeping...
E/audio_hw_primary( 1942): no pcm card found!
W/audio_hw_primary( 1942): out_write error: -19, sleeping...
E/audio_hw_primary( 1942): no pcm card found!
W/audio_hw_primary( 1942): out_write error: -19, sleeping...
D/InputEventConsistencyVerifier( 2279): KeyEvent: ACTION_UP but key was not down.
D/InputEventConsistencyVerifier( 2279): in android.view.ViewRootImpl@2c1f0178
D/InputEventConsistencyVerifier( 2279): 0: sent at 667024000000, KeyEvent { action=ACTION_UP, keyCode=KEYCODE_ALT_LEFT, scanCode=56, metaState=0, flags=0x8, repeatCount=0, eventTime=667024, downTime=666431, deviceId=9, source=0x101 }
D/InputEventConsistencyVerifier( 2279): -- recent events --
D/InputEventConsistencyVerifier( 2279): 1: sent at 666503000000, KeyEvent { action=ACTION_UP, keyCode=KEYCODE_TAB, scanCode=15, metaState=META_ALT_ON|META_ALT_LEFT_ON, flags=0x8, repeatCount=0, eventTime=666503, downTime=666431, deviceId=9, source=0x101 }
D/InputEventConsistencyVerifier( 2279): 2: sent at 666431000000, KeyEvent { action=ACTION_DOWN, keyCode=KEYCODE_TAB, scanCode=15, metaState=META_ALT_ON|META_ALT_LEFT_ON, flags=0x8, repeatCount=0, eventTime=666431, downTime=666431, deviceId=9, source=0x101 }
D/InputEventConsistencyVerifier( 2279): 3: sent at 666047007000, MotionEvent { action=ACTION_HOVER_MOVE, id[0]=0, x[0]=827.45166, y[0]=1038.9176, toolType[0]=TOOL_TYPE_MOUSE, buttonState=0, metaState=META_ALT_ON|META_ALT_LEFT_ON, flags=0x0, edgeFlags=0x0, pointerCount=1, historySize=0, eventTime=666047, downTime=663340, deviceId=7, source=0x2002 }
D/InputEventConsistencyVerifier( 2279): 4: sent at 666006904000, MotionEvent { action=ACTION_HOVER_MOVE, id[0]=0, x[0]=827.45166, y[0]=1040.9176, toolType[0]=TOOL_TYPE_MOUSE, buttonState=0, metaState=META_ALT_ON|META_ALT_LEFT_ON, flags=0x0, edgeFlags=0x0, pointerCount=1, historySize=0, eventTime=666006, downTime=663340, deviceId=7, source=0x2002 }
D/InputEventConsistencyVerifier( 2279): 5: sent at 665967071000, MotionEvent { action=ACTION_HOVER_MOVE, id[0]=0, x[0]=827.45166, y[0]=1042.9176, toolType[0]=TOOL_TYPE_MOUSE, buttonState=0, metaState=META_ALT_ON|META_ALT_LEFT_ON, flags=0x0, edgeFlags=0x0, pointerCount=1, historySize=0, eventTime=665967, downTime=663340, deviceId=7, source=0x2002 }
E/audio_hw_primary( 1942): no pcm card found!
W/audio_hw_primary( 1942): out_write error: -19, sleeping...
D/PhoneStatusBar( 2339): disable: < expand* icons alerts ticker system_info back home recent clock search > E/audio_hw_primary( 1942): no pcm card found!
W/audio_hw_primary( 1942): out_write error: -19, sleeping...
W/InputMethodManagerService( 2279): Window already focused, ignoring focus gain of: com.android.internal.view.IInputMethodClient$Stub$Proxy@2c377b70 attribute=null, token = android.os.BinderProxy@2c46ef68
E/audio_hw_primary( 1942): no pcm card found!
W/audio_hw_primary( 1942): out_write error: -19, sleeping...
E/audio_hw_primary( 1942): no pcm card found!
W/audio_hw_primary( 1942): out_write error: -19, sleeping...
E/audio_hw_primary( 1942): no pcm card found!
W/audio_hw_primary( 1942): out_write error: -19, sleeping...
E/audio_hw_primary( 1942): no pcm card found!
W/audio_hw_primary( 1942): out_write error: -19, sleeping...
E/audio_hw_primary( 1942): no pcm card found!
W/audio_hw_primary( 1942): out_write error: -19, sleeping...
E/audio_hw_primary( 1942): no pcm card found!
W/audio_hw_primary( 1942): out_write error: -19, sleeping...
E/audio_hw_primary( 1942): no pcm card found!
W/audio_hw_primary( 1942): out_write error: -19, sleeping...
E/audio_hw_primary( 1942): no pcm card found!
W/audio_hw_primary( 1942): out_write error: -19, sleeping...
E/audio_hw_primary( 1942): no pcm card found!
W/audio_hw_primary( 1942): out_write error: -19, sleeping...
E/audio_hw_primary( 1942): no pcm card found!
W/audio_hw_primary( 1942): out_write error: -19, sleeping...
E/audio_hw_primary( 1942): no pcm card found!
W/audio_hw_primary( 1942): out_write error: -19, sleeping...
E/audio_hw_primary( 1942): no pcm card found!
W/audio_hw_primary( 1942): out_write error: -19, sleeping...
E/audio_hw_primary( 1942): no pcm card found!
W/audio_hw_primary( 1942): out_write error: -19, sleeping...
E/audio_hw_primary( 1942): no pcm card found!
W/audio_hw_primary( 1942): out_write error: -19, sleeping...
E/audio_hw_primary( 1942): no pcm card found!
W/audio_hw_primary( 1942): out_write error: -19, sleeping...
E/audio_hw_primary( 1942): no pcm card found!
W/audio_hw_primary( 1942): out_write error: -19, sleeping...
E/audio_hw_primary( 1942): no pcm card found!
W/audio_hw_primary( 1942): out_write error: -19, sleeping...
E/audio_hw_primary( 1942): no pcm card found!
W/audio_hw_primary( 1942): out_write error: -19, sleeping...
E/audio_hw_primary( 1942): no pcm card found!
W/audio_hw_primary( 1942): out_write error: -19, sleeping...
E/audio_hw_primary( 1942): no pcm card found!
W/audio_hw_primary( 1942): out_write error: -19, sleeping...
E/audio_hw_primary( 1942): no pcm card found!
W/audio_hw_primary( 1942): out_write error: -19, sleeping...
E/audio_hw_primary( 1942): no pcm card found!
W/audio_hw_primary( 1942): out_write error: -19, sleeping...
E/audio_hw_primary( 1942): no pcm card found!
W/audio_hw_primary( 1942): out_write error: -19, sleeping...
E/audio_hw_primary( 1942): no pcm card found!
W/audio_hw_primary( 1942): out_write error: -19, sleeping...
E/audio_hw_primary( 1942): no pcm card found!
W/audio_hw_primary( 1942): out_write error: -19, sleeping...
E/audio_hw_primary( 1942): no pcm card found!
W/audio_hw_primary( 1942): out_write error: -19, sleeping...
E/audio_hw_primary( 1942): no pcm card found!
W/audio_hw_primary( 1942): out_write error: -19, sleeping...
E/audio_hw_primary( 1942): no pcm card found!
W/audio_hw_primary( 1942): out_write error: -19, sleeping...
E/audio_hw_primary( 1942): no pcm card found!
W/audio_hw_primary( 1942): out_write error: -19, sleeping...
E/audio_hw_primary( 1942): no pcm card found!
W/audio_hw_primary( 1942): out_write error: -19, sleeping...
E/audio_hw_primary( 1942): no pcm card found!
W/audio_hw_primary( 1942): out_write error: -19, sleeping...
E/audio_hw_primary( 1942): no pcm card found!
W/audio_hw_primary( 1942): out_write error: -19, sleeping...
E/audio_hw_primary( 1942): no pcm card found!
W/audio_hw_primary( 1942): out_write error: -19, sleeping...
E/audio_hw_primary( 1942): no pcm card found!
W/audio_hw_primary( 1942): out_write error: -19, sleeping...
E/audio_hw_primary( 1942): no pcm card found!
W/audio_hw_primary( 1942): out_write error: -19, sleeping...
E/audio_hw_primary( 1942): no pcm card found!
W/audio_hw_primary( 1942): out_write error: -19, sleeping...
E/audio_hw_primary( 1942): no pcm card found!
W/audio_hw_primary( 1942): out_write error: -19, sleeping...
E/audio_hw_primary( 1942): no pcm card found!
W/audio_hw_primary( 1942): out_write error: -19, sleeping...
E/audio_hw_primary( 1942): no pcm card found!
W/audio_hw_primary( 1942): out_write error: -19, sleeping...
E/audio_hw_primary( 1942): no pcm card found!
W/audio_hw_primary( 1942): out_write error: -19, sleeping...
E/audio_hw_primary( 1942): no pcm card found!
W/audio_hw_primary( 1942): out_write error: -19, sleeping...
E/audio_hw_primary( 1942): no pcm card found!
W/audio_hw_primary( 1942): out_write error: -19, sleeping...
E/audio_hw_primary( 1942): no pcm card found!
W/audio_hw_primary( 1942): out_write error: -19, sleeping...
E/audio_hw_primary( 1942): no pcm card found!
W/audio_hw_primary( 1942): out_write error: -19, sleeping...
E/audio_hw_primary( 1942): no pcm card found!
W/audio_hw_primary( 1942): out_write error: -19, sleeping...
E/audio_hw_primary( 1942): no pcm card found!
W/audio_hw_primary( 1942): out_write error: -19, sleeping...
E/audio_hw_primary( 1942): no pcm card found!
W/audio_hw_primary( 1942): out_write error: -19, sleeping...
E/audio_hw_primary( 1942): no pcm card found!
W/audio_hw_primary( 1942): out_write error: -19, sleeping...
E/audio_hw_primary( 1942): no pcm card found!
W/audio_hw_primary( 1942): out_write error: -19, sleeping...
E/audio_hw_primary( 1942): no pcm card found!
W/audio_hw_primary( 1942): out_write error: -19, sleeping...
E/audio_hw_primary( 1942): no pcm card found!
W/audio_hw_primary( 1942): out_write error: -19, sleeping...
E/audio_hw_primary( 1942): no pcm card found!
W/audio_hw_primary( 1942): out_write error: -19, sleeping...
E/audio_hw_primary( 1942): no pcm card found!
W/audio_hw_primary( 1942): out_write error: -19, sleeping...
E/audio_hw_primary( 1942): no pcm card found!
W/audio_hw_primary( 1942): out_write error: -19, sleeping...
E/audio_hw_primary( 1942): no pcm card found!
W/audio_hw_primary( 1942): out_write error: -19, sleeping...
E/audio_hw_primary( 1942): no pcm card found!
W/audio_hw_primary( 1942): out_write error: -19, sleeping...
E/audio_hw_primary( 1942): no pcm card found!
W/audio_hw_primary( 1942): out_write error: -19, sleeping...
E/audio_hw_primary( 1942): no pcm card found!
W/audio_hw_primary( 1942): out_write error: -19, sleeping...
E/audio_hw_primary( 1942): no pcm card found!
W/audio_hw_primary( 1942): out_write error: -19, sleeping...
E/audio_hw_primary( 1942): no pcm card found!
W/audio_hw_primary( 1942): out_write error: -19, sleeping...
E/audio_hw_primary( 1942): no pcm card found!
W/audio_hw_primary( 1942): out_write error: -19, sleeping...
E/audio_hw_primary( 1942): no pcm card found!
W/audio_hw_primary( 1942): out_write error: -19, sleeping...
E/audio_hw_primary( 1942): no pcm card found!
W/audio_hw_primary( 1942): out_write error: -19, sleeping...
E/audio_hw_primary( 1942): no pcm card found!
W/audio_hw_primary( 1942): out_write error: -19, sleeping...
E/audio_hw_primary( 1942): no pcm card found!
W/audio_hw_primary( 1942): out_write error: -19, sleeping...
E/audio_hw_primary( 1942): no pcm card found!
W/audio_hw_primary( 1942): out_write error: -19, sleeping...
E/audio_hw_primary( 1942): no pcm card found!
W/audio_hw_primary( 1942): out_write error: -19, sleeping...
E/audio_hw_primary( 1942): no pcm card found!
W/audio_hw_primary( 1942): out_write error: -19, sleeping...
E/audio_hw_primary( 1942): no pcm card found!
W/audio_hw_primary( 1942): out_write error: -19, sleeping...
E/audio_hw_primary( 1942): no pcm card found!
W/audio_hw_primary( 1942): out_write error: -19, sleeping...
E/audio_hw_primary( 1942): no pcm card found!
W/audio_hw_primary( 1942): out_write error: -19, sleeping...
E/audio_hw_primary( 1942): no pcm card found!
W/audio_hw_primary( 1942): out_write error: -19, sleeping...
E/audio_hw_primary( 1942): no pcm card found!
W/audio_hw_primary( 1942): out_write error: -19, sleeping...
E/audio_hw_primary( 1942): no pcm card found!
W/audio_hw_primary( 1942): out_write error: -19, sleeping...
E/audio_hw_primary( 1942): no pcm card found!
W/audio_hw_primary( 1942): out_write error: -19, sleeping...
E/audio_hw_primary( 1942): no pcm card found!
W/audio_hw_primary( 1942): out_write error: -19, sleeping...
E/audio_hw_primary( 1942): no pcm card found!
W/audio_hw_primary( 1942): out_write error: -19, sleeping...
D/ConnectivityService( 2279): special network not available ni=mobile_hipri
E/audio_hw_primary( 1942): no pcm card found!
W/audio_hw_primary( 1942): out_write error: -19, sleeping...
E/audio_hw_primary( 1942): no pcm card found!
W/audio_hw_primary( 1942): out_write error: -19, sleeping...
E/audio_hw_primary( 1942): no pcm card found!
W/audio_hw_primary( 1942): out_write error: -19, sleeping...
E/audio_hw_primary( 1942): no pcm card found!
W/audio_hw_primary( 1942): out_write error: -19, sleeping...
E/audio_hw_primary( 1942): no pcm card found!
W/audio_hw_primary( 1942): out_write error: -19, sleeping...
E/audio_hw_primary( 1942): no pcm card found!
W/audio_hw_primary( 1942): out_write error: -19, sleeping...
E/audio_hw_primary( 1942): no pcm card found!
W/audio_hw_primary( 1942): out_write error: -19, sleeping...
E/audio_hw_primary( 1942): no pcm card found!
W/audio_hw_primary( 1942): out_write error: -19, sleeping...
E/audio_hw_primary( 1942): no pcm card found!
W/audio_hw_primary( 1942): out_write error: -19, sleeping...
E/audio_hw_primary( 1942): no pcm card found!
W/audio_hw_primary( 1942): out_write error: -19, sleeping...
E/audio_hw_primary( 1942): no pcm card found!
W/audio_hw_primary( 1942): out_write error: -19, sleeping...
E/audio_hw_primary( 1942): no pcm card found!
W/audio_hw_primary( 1942): out_write error: -19, sleeping...
E/audio_hw_primary( 1942): no pcm card found!
W/audio_hw_primary( 1942): out_write error: -19, sleeping...
E/audio_hw_primary( 1942): no pcm card found!
W/audio_hw_primary( 1942): out_write error: -19, sleeping...
E/audio_hw_primary( 1942): no pcm card found!
W/audio_hw_primary( 1942): out_write error: -19, sleeping...
E/audio_hw_primary( 1942): no pcm card found!
W/audio_hw_primary( 1942): out_write error: -19, sleeping...
E/audio_hw_primary( 1942): no pcm card found!
W/audio_hw_primary( 1942): out_write error: -19, sleeping...
E/audio_hw_primary( 1942): no pcm card found!
W/audio_hw_primary( 1942): out_write error: -19, sleeping...
E/audio_hw_primary( 1942): no pcm card found!
W/audio_hw_primary( 1942): out_write error: -19, sleeping...
E/audio_hw_primary( 1942): no pcm card found!
W/audio_hw_primary( 1942): out_write error: -19, sleeping...
E/audio_hw_primary( 1942): no pcm card found!
W/audio_hw_primary( 1942): out_write error: -19, sleeping...
E/audio_hw_primary( 1942): no pcm card found!
W/audio_hw_primary( 1942): out_write error: -19, sleeping...
E/audio_hw_primary( 1942): no pcm card found!
W/audio_hw_primary( 1942): out_write error: -19, sleeping...
E/audio_hw_primary( 1942): no pcm card found!
W/audio_hw_primary( 1942): out_write error: -19, sleeping...
E/audio_hw_primary( 1942): no pcm card found!
W/audio_hw_primary( 1942): out_write error: -19, sleeping...
E/audio_hw_primary( 1942): no pcm card found!
W/audio_hw_primary( 1942): out_write error: -19, sleeping...
E/audio_hw_primary( 1942): no pcm card found!
W/audio_hw_primary( 1942): out_write error: -19, sleeping...
E/audio_hw_primary( 1942): no pcm card found!
W/audio_hw_primary( 1942): out_write error: -19, sleeping...
E/audio_hw_primary( 1942): no pcm card found!
W/audio_hw_primary( 1942): out_write error: -19, sleeping...
E/audio_hw_primary( 1942): no pcm card found!
W/audio_hw_primary( 1942): out_write error: -19, sleeping...
E/audio_hw_primary( 1942): no pcm card found!
W/audio_hw_primary( 1942): out_write error: -19, sleeping...
E/audio_hw_primary( 1942): no pcm card found!
W/audio_hw_primary( 1942): out_write error: -19, sleeping...
E/audio_hw_primary( 1942): no pcm card found!
W/audio_hw_primary( 1942): out_write error: -19, sleeping...
E/audio_hw_primary( 1942): no pcm card found!
W/audio_hw_primary( 1942): out_write error: -19, sleeping...
E/audio_hw_primary( 1942): no pcm card found!
W/audio_hw_primary( 1942): out_write error: -19, sleeping...
E/audio_hw_primary( 1942): no pcm card found!
W/audio_hw_primary( 1942): out_write error: -19, sleeping...
E/audio_hw_primary( 1942): no pcm card found!
W/audio_hw_primary( 1942): out_write error: -19, sleeping...
E/audio_hw_primary( 1942): no pcm card found!
W/audio_hw_primary( 1942): out_write error: -19, sleeping...
E/audio_hw_primary( 1942): no pcm card found!
W/audio_hw_primary( 1942): out_write error: -19, sleeping...
E/audio_hw_primary( 1942): no pcm card found!
W/audio_hw_primary( 1942): out_write error: -19, sleeping...
E/audio_hw_primary( 1942): no pcm card found!
W/audio_hw_primary( 1942): out_write error: -19, sleeping...
E/audio_hw_primary( 1942): no pcm card found!
W/audio_hw_primary( 1942): out_write error: -19, sleeping...
E/audio_hw_primary( 1942): no pcm card found!
W/audio_hw_primary( 1942): out_write error: -19, sleeping...
E/audio_hw_primary( 1942): no pcm card found!
W/audio_hw_primary( 1942): out_write error: -19, sleeping...
E/audio_hw_primary( 1942): no pcm card found!
W/audio_hw_primary( 1942): out_write error: -19, sleeping...
E/audio_hw_primary( 1942): no pcm card found!
W/audio_hw_primary( 1942): out_write error: -19, sleeping...
E/audio_hw_primary( 1942): no pcm card found!
W/audio_hw_primary( 1942): out_write error: -19, sleeping...
E/audio_hw_primary( 1942): no pcm card found!
W/audio_hw_primary( 1942): out_write error: -19, sleeping...
E/audio_hw_primary( 1942): no pcm card found!
W/audio_hw_primary( 1942): out_write error: -19, sleeping...
E/audio_hw_primary( 1942): no pcm card found!
W/audio_hw_primary( 1942): out_write error: -19, sleeping...
E/audio_hw_primary( 1942): no pcm card found!
W/audio_hw_primary( 1942): out_write error: -19, sleeping...
E/audio_hw_primary( 1942): no pcm card found!
W/audio_hw_primary( 1942): out_write error: -19, sleeping...
E/audio_hw_primary( 1942): no pcm card found!
W/audio_hw_primary( 1942): out_write error: -19, sleeping...
E/audio_hw_primary( 1942): no pcm card found!
W/audio_hw_primary( 1942): out_write error: -19, sleeping...
E/audio_hw_primary( 1942): no pcm card found!
W/audio_hw_primary( 1942): out_write error: -19, sleeping...
E/audio_hw_primary( 1942): no pcm card found!
W/audio_hw_primary( 1942): out_write error: -19, sleeping...
E/audio_hw_primary( 1942): no pcm card found!
W/audio_hw_primary( 1942): out_write error: -19, sleeping...
E/audio_hw_primary( 1942): no pcm card found!
W/audio_hw_primary( 1942): out_write error: -19, sleeping...
E/audio_hw_primary( 1942): no pcm card found!
W/audio_hw_primary( 1942): out_write error: -19, sleeping...
E/audio_hw_primary( 1942): no pcm card found!
W/audio_hw_primary( 1942): out_write error: -19, sleeping...
E/audio_hw_primary( 1942): no pcm card found!
W/audio_hw_primary( 1942): out_write error: -19, sleeping...
E/audio_hw_primary( 1942): no pcm card found!
W/audio_hw_primary( 1942): out_write error: -19, sleeping...
E/audio_hw_primary( 1942): no pcm card found!
W/audio_hw_primary( 1942): out_write error: -19, sleeping...
E/audio_hw_primary( 1942): no pcm card found!
W/audio_hw_primary( 1942): out_write error: -19, sleeping...
E/audio_hw_primary( 1942): no pcm card found!
W/audio_hw_primary( 1942): out_write error: -19, sleeping...
E/audio_hw_primary( 1942): no pcm card found!
W/audio_hw_primary( 1942): out_write error: -19, sleeping...
E/audio_hw_primary( 1942): no pcm card found!
W/audio_hw_primary( 1942): out_write error: -19, sleeping...
E/audio_hw_primary( 1942): no pcm card found!
W/audio_hw_primary( 1942): out_write error: -19, sleeping...
E/audio_hw_primary( 1942): no pcm card found!
W/audio_hw_primary( 1942): out_write error: -19, sleeping...
E/audio_hw_primary( 1942): no pcm card found!
W/audio_hw_primary( 1942): out_write error: -19, sleeping...
E/audio_hw_primary( 1942): no pcm card found!
W/audio_hw_primary( 1942): out_write error: -19, sleeping...
E/audio_hw_primary( 1942): no pcm card found!
W/audio_hw_primary( 1942): out_write error: -19, sleeping...
E/audio_hw_primary( 1942): no pcm card found!
W/audio_hw_primary( 1942): out_write error: -19, sleeping...
E/audio_hw_primary( 1942): no pcm card found!
W/audio_hw_primary( 1942): out_write error: -19, sleeping...
E/audio_hw_primary( 1942): no pcm card found!
W/audio_hw_primary( 1942): out_write error: -19, sleeping...
E/audio_hw_primary( 1942): no pcm card found!
W/audio_hw_primary( 1942): out_write error: -19, sleeping...
E/audio_hw_primary( 1942): no pcm card found!
W/audio_hw_primary( 1942): out_write error: -19, sleeping...
E/audio_hw_primary( 1942): no pcm card found!
W/audio_hw_primary( 1942): out_write error: -19, sleeping...
E/audio_hw_primary( 1942): no pcm card found!
W/audio_hw_primary( 1942): out_write error: -19, sleeping...
E/audio_hw_primary( 1942): no pcm card found!
W/audio_hw_primary( 1942): out_write error: -19, sleeping...
E/audio_hw_primary( 1942): no pcm card found!
W/audio_hw_primary( 1942): out_write error: -19, sleeping...
E/audio_hw_primary( 1942): no pcm card found!
W/audio_hw_primary( 1942): out_write error: -19, sleeping...
E/audio_hw_primary( 1942): no pcm card found!
W/audio_hw_primary( 1942): out_write error: -19, sleeping...
E/audio_hw_primary( 1942): no pcm card found!
W/audio_hw_primary( 1942): out_write error: -19, sleeping...
E/audio_hw_primary( 1942): no pcm card found!
W/audio_hw_primary( 1942): out_write error: -19, sleeping...
E/audio_hw_primary( 1942): no pcm card found!
W/audio_hw_primary( 1942): out_write error: -19, sleeping...
E/audio_hw_primary( 1942): no pcm card found!
W/audio_hw_primary( 1942): out_write error: -19, sleeping...
E/audio_hw_primary( 1942): no pcm card found!
W/audio_hw_primary( 1942): out_write error: -19, sleeping...
E/audio_hw_primary( 1942): no pcm card found!
W/audio_hw_primary( 1942): out_write error: -19, sleeping...
D/ConnectivityService( 2279): special network not available ni=mobile_hipri
E/audio_hw_primary( 1942): no pcm card found!
W/audio_hw_primary( 1942): out_write error: -19, sleeping...
E/audio_hw_primary( 1942): no pcm card found!
W/audio_hw_primary( 1942): out_write error: -19, sleeping...
E/audio_hw_primary( 1942): no pcm card found!
W/audio_hw_primary( 1942): out_write error: -19, sleeping...
E/audio_hw_primary( 1942): no pcm card found!
W/audio_hw_primary( 1942): out_write error: -19, sleeping...
E/audio_hw_primary( 1942): no pcm card found!
W/audio_hw_primary( 1942): out_write error: -19, sleeping...
E/audio_hw_primary( 1942): no pcm card found!
W/audio_hw_primary( 1942): out_write error: -19, sleeping...
E/audio_hw_primary( 1942): no pcm card found!
W/audio_hw_primary( 1942): out_write error: -19, sleeping...
E/audio_hw_primary( 1942): no pcm card found!
W/audio_hw_primary( 1942): out_write error: -19, sleeping...
E/audio_hw_primary( 1942): no pcm card found!
W/audio_hw_primary( 1942): out_write error: -19, sleeping...
E/audio_hw_primary( 1942): no pcm card found!
W/audio_hw_primary( 1942): out_write error: -19, sleeping...
E/audio_hw_primary( 1942): no pcm card found!
W/audio_hw_primary( 1942): out_write error: -19, sleeping...
E/audio_hw_primary( 1942): no pcm card found!
W/audio_hw_primary( 1942): out_write error: -19, sleeping...
E/audio_hw_primary( 1942): no pcm card found!
W/audio_hw_primary( 1942): out_write error: -19, sleeping...
E/audio_hw_primary( 1942): no pcm card found!
W/audio_hw_primary( 1942): out_write error: -19, sleeping...
E/audio_hw_primary( 1942): no pcm card found!
W/audio_hw_primary( 1942): out_write error: -19, sleeping...
E/audio_hw_primary( 1942): no pcm card found!
W/audio_hw_primary( 1942): out_write error: -19, sleeping...
E/audio_hw_primary( 1942): no pcm card found!
W/audio_hw_primary( 1942): out_write error: -19, sleeping...
E/audio_hw_primary( 1942): no pcm card found!
W/audio_hw_primary( 1942): out_write error: -19, sleeping...
E/audio_hw_primary( 1942): no pcm card found!
W/audio_hw_primary( 1942): out_write error: -19, sleeping...
E/audio_hw_primary( 1942): no pcm card found!
W/audio_hw_primary( 1942): out_write error: -19, sleeping...
E/audio_hw_primary( 1942): no pcm card found!
W/audio_hw_primary( 1942): out_write error: -19, sleeping...
E/audio_hw_primary( 1942): no pcm card found!
W/audio_hw_primary( 1942): out_write error: -19, sleeping...
E/audio_hw_primary( 1942): no pcm card found!
W/audio_hw_primary( 1942): out_write error: -19, sleeping...
E/audio_hw_primary( 1942): no pcm card found!
W/audio_hw_primary( 1942): out_write error: -19, sleeping...
E/audio_hw_primary( 1942): no pcm card found!
W/audio_hw_primary( 1942): out_write error: -19, sleeping...
E/audio_hw_primary( 1942): no pcm card found!
W/audio_hw_primary( 1942): out_write error: -19, sleeping...
E/audio_hw_primary( 1942): no pcm card found!
W/audio_hw_primary( 1942): out_write error: -19, sleeping...
E/audio_hw_primary( 1942): no pcm card found!
W/audio_hw_primary( 1942): out_write error: -19, sleeping...
E/audio_hw_primary( 1942): no pcm card found!
W/audio_hw_primary( 1942): out_write error: -19, sleeping...
E/audio_hw_primary( 1942): no pcm card found!
W/audio_hw_primary( 1942): out_write error: -19, sleeping...
E/audio_hw_primary( 1942): no pcm card found!
W/audio_hw_primary( 1942): out_write error: -19, sleeping...
E/audio_hw_primary( 1942): no pcm card found!
W/audio_hw_primary( 1942): out_write error: -19, sleeping...
E/audio_hw_primary( 1942): no pcm card found!
W/audio_hw_primary( 1942): out_write error: -19, sleeping...
E/audio_hw_primary( 1942): no pcm card found!
W/audio_hw_primary( 1942): out_write error: -19, sleeping...
E/audio_hw_primary( 1942): no pcm card found!
W/audio_hw_primary( 1942): out_write error: -19, sleeping...
E/audio_hw_primary( 1942): no pcm card found!
W/audio_hw_primary( 1942): out_write error: -19, sleeping...
E/audio_hw_primary( 1942): no pcm card found!
W/audio_hw_primary( 1942): out_write error: -19, sleeping...
E/audio_hw_primary( 1942): no pcm card found!
W/audio_hw_primary( 1942): out_write error: -19, sleeping...
E/audio_hw_primary( 1942): no pcm card found!
W/audio_hw_primary( 1942): out_write error: -19, sleeping...
E/audio_hw_primary( 1942): no pcm card found!
W/audio_hw_primary( 1942): out_write error: -19, sleeping...
E/audio_hw_primary( 1942): no pcm card found!
W/audio_hw_primary( 1942): out_write error: -19, sleeping...
E/audio_hw_primary( 1942): no pcm card found!
W/audio_hw_primary( 1942): out_write error: -19, sleeping...
E/audio_hw_primary( 1942): no pcm card found!
W/audio_hw_primary( 1942): out_write error: -19, sleeping...
E/audio_hw_primary( 1942): no pcm card found!
W/audio_hw_primary( 1942): out_write error: -19, sleeping...
E/audio_hw_primary( 1942): no pcm card found!
W/audio_hw_primary( 1942): out_write error: -19, sleeping...
E/audio_hw_primary( 1942): no pcm card found!
W/audio_hw_primary( 1942): out_write error: -19, sleeping...
E/audio_hw_primary( 1942): no pcm card found!
W/audio_hw_primary( 1942): out_write error: -19, sleeping...
E/audio_hw_primary( 1942): no pcm card found!
W/audio_hw_primary( 1942): out_write error: -19, sleeping...
E/audio_hw_primary( 1942): no pcm card found!
W/audio_hw_primary( 1942): out_write error: -19, sleeping...
E/audio_hw_primary( 1942): no pcm card found!
W/audio_hw_primary( 1942): out_write error: -19, sleeping...
E/audio_hw_primary( 1942): no pcm card found!
W/audio_hw_primary( 1942): out_write error: -19, sleeping...
E/audio_hw_primary( 1942): no pcm card found!
W/audio_hw_primary( 1942): out_write error: -19, sleeping...
E/audio_hw_primary( 1942): no pcm card found!
W/audio_hw_primary( 1942): out_write error: -19, sleeping...
E/audio_hw_primary( 1942): no pcm card found!
W/audio_hw_primary( 1942): out_write error: -19, sleeping...
E/audio_hw_primary( 1942): no pcm card found!
W/audio_hw_primary( 1942): out_write error: -19, sleeping...
E/audio_hw_primary( 1942): no pcm card found!
W/audio_hw_primary( 1942): out_write error: -19, sleeping...
E/audio_hw_primary( 1942): no pcm card found!
W/audio_hw_primary( 1942): out_write error: -19, sleeping...
E/audio_hw_primary( 1942): no pcm card found!
W/audio_hw_primary( 1942): out_write error: -19, sleeping...
D/ConnectivityService( 2279): special network not available ni=mobile_hipri
D/ConnectivityService( 2279): special network not available ni=mobile_hipri
D/ConnectivityService( 2279): special network not available ni=mobile_hipri
D/ConnectivityService( 2279): special network not available ni=mobile_hipri
D/ConnectivityService( 2279): special network not available ni=mobile_hipri
D/dalvikvm( 2914): GC_CONCURRENT freed 159K, 7% free 3461K/3684K, paused 2ms+1ms, total 15ms
D/Finsky ( 2914): [1] 5.onFinished: Installation state replication succeeded.
D/ConnectivityService( 2279): special network not available ni=mobile_hipri
D/dalvikvm( 4054): GC_CONCURRENT freed 429K, 13% free 3291K/3780K, paused 2ms+2ms, total 19ms
D/dalvikvm( 4054): GC_CONCURRENT freed 419K, 14% free 3284K/3780K, paused 1ms+3ms, total 18ms
D/ConnectivityService( 2279): special network not available ni=mobile_hipri
D/dalvikvm( 4054): GC_CONCURRENT freed 432K, 14% free 3291K/3784K, paused 3ms+3ms, total 20ms
D/ConnectivityService( 2279): special network not available ni=mobile_hipri
D/dalvikvm( 4054): GC_CONCURRENT freed 414K, 14% free 3282K/3784K, paused 1ms+3ms, total 17ms
D/ConnectivityService( 2279): special network not available ni=mobile_hipri
D/dalvikvm( 4054): GC_CONCURRENT freed 432K, 14% free 3292K/3788K, paused 1ms+2ms, total 17ms
D/ConnectivityService( 2279): special network not available ni=mobile_hipri
D/ConnectivityService( 2279): special network not available ni=mobile_hipri
D/ConnectivityService( 2279): special network not available ni=mobile_hipri
D/ConnectivityService( 2279): special network not available ni=mobile_hipri
D/dalvikvm( 4054): GC_CONCURRENT freed 412K, 14% free 3281K/3788K, paused 2ms+2ms, total 17ms
D/ConnectivityService( 2279): special network not available ni=mobile_hipri
D/ConnectivityService( 2279): special network not available ni=mobile_hipri
D/ConnectivityService( 2279): special network not available ni=mobile_hipri
D/ConnectivityService( 2279): special network not available ni=mobile_hipri
D/ConnectivityService( 2279): special network not available ni=mobile_hipri
D/dalvikvm( 4054): GC_CONCURRENT freed 427K, 14% free 3292K/3788K, paused 3ms+3ms, total 20ms
D/ConnectivityService( 2279): special network not available ni=mobile_hipri
D/dalvikvm( 4054): GC_CONCURRENT freed 414K, 14% free 3283K/3788K, paused 1ms+3ms, total 18ms
D/ConnectivityService( 2279): special network not available ni=mobile_hipri
D/dalvikvm( 4054): GC_CONCURRENT freed 433K, 14% free 3294K/3788K, paused 2ms+4ms, total 19ms
D/ConnectivityService( 2279): special network not available ni=mobile_hipri
D/dalvikvm( 4054): GC_CONCURRENT freed 414K, 14% free 3279K/3788K, paused 3ms+2ms, total 19ms
D/ConnectivityService( 2279): special network not available ni=mobile_hipri
D/ConnectivityService( 2279): special network not available ni=mobile_hipri
D/ConnectivityService( 2279): [CheckMp] isMobileOk: timed out
D/ConnectivityService( 2279): [CheckMp] isMobileOk: F stop hipri
D/MobileDataStateTracker( 2279): default: setEnableFailFastMobileData(enabled=0)
D/dalvikvm( 4054): GC_CONCURRENT freed 425K, 14% free 3291K/3788K, paused 1ms+2ms, total 17ms
D/dalvikvm( 4054): GC_CONCURRENT freed 415K, 14% free 3282K/3788K, paused 3ms+2ms, total 19ms
D/dalvikvm( 4054): GC_CONCURRENT freed 414K, 14% free 3286K/3788K, paused 2ms+2ms, total 17ms
D/dalvikvm( 4054): GC_CONCURRENT freed 424K, 14% free 3288K/3788K, paused 3ms+3ms, total 19ms
D/ConnectivityService( 2279): [CheckMp] isMobileOk: X result=0
D/ConnectivityService( 2279): [CheckMp] onPostExecute: result=0
D/ConnectivityService( 2279): CheckMp.onComplete: result=0
D/ConnectivityService( 2279): CheckMp.onComplete: ignore, connected or no connection
D/dalvikvm( 2690): GC_CONCURRENT freed 354K, 10% free 3920K/4336K, paused 2ms+4ms, total 26ms
D/dalvikvm( 4054): GC_CONCURRENT freed 427K, 14% free 3289K/3788K, paused 3ms+2ms, total 19ms
D/dalvikvm( 4054): GC_CONCURRENT freed 421K, 14% free 3287K/3788K, paused 2ms+2ms, total 19ms
D/dalvikvm( 4054): GC_CONCURRENT freed 431K, 14% free 3292K/3788K, paused 1ms+2ms, total 16ms
D/dalvikvm( 4054): GC_CONCURRENT freed 417K, 14% free 3283K/3788K, paused 3ms+2ms, total 19ms
D/dalvikvm( 4054): GC_CONCURRENT freed 408K, 14% free 3284K/3788K, paused 2ms+3ms, total 19ms
D/dalvikvm( 4054): GC_CONCURRENT freed 422K, 14% free 3291K/3788K, paused 1ms+3ms, total 18ms
D/dalvikvm( 4054): GC_CONCURRENT freed 417K, 14% free 3286K/3788K, paused 2ms+3ms, total 18ms
D/dalvikvm( 4054): GC_CONCURRENT freed 415K, 14% free 3287K/3788K, paused 1ms+3ms, total 18ms
D/dalvikvm( 4054): GC_CONCURRENT freed 417K, 14% free 3287K/3788K, paused 3ms+3ms, total 20ms
D/dalvikvm( 4054): GC_CONCURRENT freed 415K, 14% free 3288K/3788K, paused 1ms+2ms, total 17ms
D/dalvikvm( 4054): GC_CONCURRENT freed 400K, 14% free 3281K/3788K, paused 2ms+2ms, total 17ms
D/dalvikvm( 4054): GC_CONCURRENT freed 402K, 14% free 3286K/3788K, paused 1ms+2ms, total 17ms
D/dalvikvm( 4054): GC_CONCURRENT freed 428K, 13% free 3296K/3788K, paused 2ms+2ms, total 17ms
D/dalvikvm( 4054): GC_CONCURRENT freed 417K, 14% free 3288K/3788K, paused 1ms+3ms, total 17ms
D/dalvikvm( 4054): GC_CONCURRENT freed 415K, 14% free 3290K/3788K, paused 1ms+4ms, total 18ms
D/dalvikvm( 4054): GC_CONCURRENT freed 412K, 14% free 3290K/3788K, paused 2ms+2ms, total 18ms
D/dalvikvm( 4054): GC_CONCURRENT freed 416K, 14% free 3291K/3788K, paused 1ms+4ms, total 18ms
D/dalvikvm( 4054): GC_CONCURRENT freed 400K, 14% free 3282K/3788K, paused 1ms+3ms, total 17ms
D/dalvikvm( 2279): GC_CONCURRENT freed 1312K, 26% free 9083K/12216K, paused 2ms+7ms, total 70ms
D/dalvikvm( 4054): GC_CONCURRENT freed 402K, 14% free 3291K/3784K, paused 1ms+3ms, total 19ms
D/dalvikvm( 4054): GC_CONCURRENT freed 415K, 13% free 3296K/3784K, paused 1ms+3ms, total 17ms
D/dalvikvm( 4054): GC_CONCURRENT freed 411K, 13% free 3292K/3784K, paused 3ms+4ms, total 20ms
D/dalvikvm( 4054): GC_CONCURRENT freed 414K, 13% free 3295K/3784K, paused 1ms+2ms, total 17ms
D/dalvikvm( 4054): GC_CONCURRENT freed 315K, 11% free 3382K/3784K, paused 3ms+1ms, total 9ms
D/dalvikvm( 4054): GC_CONCURRENT freed 169K, 7% free 3620K/3880K, paused 2ms+3ms, total 17ms
D/dalvikvm( 4054): GC_CONCURRENT freed 325K, 10% free 3700K/4088K, paused 2ms+3ms, total 18ms
D/dalvikvm( 4054): GC_CONCURRENT freed 406K, 12% free 3703K/4172K, paused 2ms+4ms, total 19ms
D/dalvikvm( 4054): GC_CONCURRENT freed 406K, 12% free 3702K/4172K, paused 1ms+2ms, total 14ms
D/dalvikvm( 4054): GC_CONCURRENT freed 408K, 12% free 3704K/4176K, paused 1ms+2ms, total 18ms
D/dalvikvm( 4054): GC_CONCURRENT freed 412K, 12% free 3703K/4180K, paused 2ms+3ms, total 18ms
D/dalvikvm( 4054): GC_CONCURRENT freed 408K, 12% free 3702K/4180K, paused 2ms+3ms, total 18ms
D/dalvikvm( 4054): GC_CONCURRENT freed 407K, 12% free 3704K/4180K, paused 1ms+2ms, total 18ms
D/dalvikvm( 4054): GC_CONCURRENT freed 398K, 12% free 3697K/4180K, paused 1ms+2ms, total 17ms
D/dalvikvm( 4054): GC_CONCURRENT freed 400K, 12% free 3702K/4180K, paused 1ms+2ms, total 17ms
D/dalvikvm( 4054): GC_CONCURRENT freed 407K, 12% free 3705K/4180K, paused 1ms+2ms, total 17ms
D/dalvikvm( 4054): GC_CONCURRENT freed 398K, 12% free 3698K/4180K, paused 1ms+2ms, total 17ms
D/dalvikvm( 4054): GC_CONCURRENT freed 402K, 12% free 3711K/4180K, paused 1ms+2ms, total 13ms
D/dalvikvm( 4054): GC_CONCURRENT freed 416K, 12% free 3718K/4196K, paused 1ms+2ms, total 17ms
D/dalvikvm( 4054): GC_CONCURRENT freed 415K, 12% free 3713K/4196K, paused 1ms+3ms, total 13ms
D/dalvikvm( 4054): GC_CONCURRENT freed 437K, 12% free 3722K/4224K, paused 1ms+3ms, total 18ms
D/dalvikvm( 4054): GC_CONCURRENT freed 418K, 13% free 3712K/4224K, paused 2ms+2ms, total 18ms
D/dalvikvm( 4054): GC_CONCURRENT freed 418K, 12% free 3717K/4224K, paused 2ms+4ms, total 19ms
D/dalvikvm( 4054): GC_CONCURRENT freed 414K, 13% free 3713K/4224K, paused 2ms+4ms, total 20ms
D/dalvikvm( 4054): GC_CONCURRENT freed 414K, 12% free 3720K/4224K, paused 3ms+2ms, total 20ms
D/dalvikvm( 4054): GC_CONCURRENT freed 396K, 13% free 3710K/4224K, paused 1ms+2ms, total 17ms
D/dalvikvm( 4054): GC_CONCURRENT freed 404K, 12% free 3717K/4224K, paused 1ms+3ms, total 18ms
D/dalvikvm( 4054): GC_CONCURRENT freed 415K, 12% free 3721K/4224K, paused 2ms+2ms, total 18ms
D/dalvikvm( 4054): GC_CONCURRENT freed 412K, 12% free 3719K/4224K, paused 1ms+2ms, total 18ms
D/dalvikvm( 4054): GC_CONCURRENT freed 416K, 12% free 3722K/4224K, paused 2ms+2ms, total 19ms
D/dalvikvm( 4054): GC_CONCURRENT freed 397K, 13% free 3712K/4224K, paused 1ms+3ms, total 18ms
D/dalvikvm( 4054): GC_CONCURRENT freed 406K, 12% free 3721K/4224K, paused 2ms+3ms, total 19ms
D/dalvikvm( 4054): GC_CONCURRENT freed 418K, 12% free 3722K/4224K, paused 1ms+3ms, total 18ms
D/dalvikvm( 4054): GC_CONCURRENT freed 416K, 12% free 3721K/4224K, paused 1ms+3ms, total 19ms
D/dalvikvm( 4054): GC_CONCURRENT freed 417K, 12% free 3722K/4224K, paused 2ms+3ms, total 19ms
D/dalvikvm( 4054): GC_CONCURRENT freed 415K, 12% free 3720K/4224K, paused 2ms+4ms, total 19ms
D/dalvikvm( 4054): GC_CONCURRENT freed 416K, 12% free 3722K/4224K, paused 2ms+2ms, total 19ms
D/dalvikvm( 2458): GC_CONCURRENT freed 333K, 12% free 2964K/3356K, paused 1ms+2ms, total 17ms
D/dalvikvm( 4054): GC_CONCURRENT freed 400K, 12% free 3713K/4208K, paused 3ms+2ms, total 19ms
D/dalvikvm( 4054): GC_CONCURRENT freed 431K, 12% free 3729K/4224K, paused 2ms+2ms, total 19ms
D/dalvikvm( 4054): GC_CONCURRENT freed 237K, 9% free 3885K/4224K, paused 2ms+3ms, total 19ms
D/dalvikvm( 4054): GC_CONCURRENT freed 111K, 5% free 4162K/4372K, paused 1ms+1ms, total 7ms
D/dalvikvm( 4054): GC_CONCURRENT freed 45K, 3% free 4527K/4660K, paused 3ms+2ms, total 10ms
D/dalvikvm( 4054): GC_CONCURRENT freed 8K, 2% free 5038K/5116K, paused 2ms+2ms, total 10ms
D/dalvikvm( 4054): GC_CONCURRENT freed <1K, 2% free 5732K/5796K, paused 3ms+4ms, total 13ms
D/ConnectivityService( 2279): Sampling interval elapsed, updating statistics ..
D/ConnectivityService( 2279): Done.
D/ConnectivityService( 2279): Setting timer for 720seconds
D/dalvikvm( 4054): GC_CONCURRENT freed 585K, 10% free 6078K/6724K, paused 2ms+2ms, total 22ms
D/dalvikvm( 4054): GC_CONCURRENT freed 979K, 15% free 6149K/7188K, paused 1ms+4ms, total 25ms
D/dalvikvm( 4054): GC_CONCURRENT freed 1065K, 16% free 6157K/7288K, paused 2ms+3ms, total 24ms
D/dalvikvm( 2690): GC_CONCURRENT freed 362K, 10% free 3948K/4372K, paused 3ms+4ms, total 27ms
D/SizeAdaptiveLayout( 2339): com.android.internal.widget.SizeAdaptiveLayout{2c8cd1f8 V.E..... ......I. 0,0-0,0 #7f070050 app:id/adaptive}child view android.widget.FrameLayout{2c8ce4d0 G.E..... ......ID 0,0-0,0 #10202d6 android:id/status_bar_latest_event_content} measured out of bounds at 95px clamped to 96px
D/SizeAdaptiveLayout( 2339): com.android.internal.widget.SizeAdaptiveLayout{2c81e434 V.E..... ......I. 0,0-0,0 #7f070050 app:id/adaptive}child view android.widget.FrameLayout{2c81f8d8 G.E..... ......ID 0,0-0,0 #10202d6 android:id/status_bar_latest_event_content} measured out of bounds at 95px clamped to 96px
D/SizeAdaptiveLayout( 2339): com.android.internal.widget.SizeAdaptiveLayout{2c96d010 V.E..... ......I. 0,0-0,0 #7f070050 app:id/adaptive}child view android.widget.FrameLayout{2c96e070 G.E..... ......ID 0,0-0,0 #10202d6 android:id/status_bar_latest_event_content} measured out of bounds at 95px clamped to 96px
D/SizeAdaptiveLayout( 2339): com.android.internal.widget.SizeAdaptiveLayout{2c29fd40 V.E..... ......I. 0,0-0,0 #7f070050 app:id/adaptive}child view android.widget.FrameLayout{2c2aee40 G.E..... ......ID 0,0-0,0 #10202d6 android:id/status_bar_latest_event_content} measured out of bounds at 95px clamped to 96px
D/SizeAdaptiveLayout( 2339): com.android.internal.widget.SizeAdaptiveLayout{2c8cd1f8 V.E..... ......I. 0,0-0,0 #7f070050 app:id/adaptive}child view android.widget.FrameLayout{2c8ce4d0 G.E..... ......ID 0,0-0,0 #10202d6 android:id/status_bar_latest_event_content} measured out of bounds at 95px clamped to 96px
D/SizeAdaptiveLayout( 2339): com.android.internal.widget.SizeAdaptiveLayout{2c81e434 V.E..... ......I. 0,0-0,0 #7f070050 app:id/adaptive}child view android.widget.FrameLayout{2c81f8d8 G.E..... ......ID 0,0-0,0 #10202d6 android:id/status_bar_latest_event_content} measured out of bounds at 95px clamped to 96px
D/SizeAdaptiveLayout( 2339): com.android.internal.widget.SizeAdaptiveLayout{2c96d010 V.E..... ......I. 0,0-0,0 #7f070050 app:id/adaptive}child view android.widget.FrameLayout{2c96e070 G.E..... ......ID 0,0-0,0 #10202d6 android:id/status_bar_latest_event_content} measured out of bounds at 95px clamped to 96px
D/SizeAdaptiveLayout( 2339): com.android.internal.widget.SizeAdaptiveLayout{2c29fd40 V.E..... ......I. 0,0-0,0 #7f070050 app:id/adaptive}child view android.widget.FrameLayout{2c2aee40 G.E..... ......ID 0,0-0,0 #10202d6 android:id/status_bar_latest_event_content} measured out of bounds at 95px clamped to 96px
D/SizeAdaptiveLayout( 2339): com.android.internal.widget.SizeAdaptiveLayout{2c8cd1f8 V.E..... ......I. 0,0-0,0 #7f070050 app:id/adaptive}child view android.widget.FrameLayout{2c8ce4d0 G.E..... ......ID 0,0-0,0 #10202d6 android:id/status_bar_latest_event_content} measured out of bounds at 95px clamped to 96px
D/SizeAdaptiveLayout( 2339): com.android.internal.widget.SizeAdaptiveLayout{2c81e434 V.E..... ......I. 0,0-0,0 #7f070050 app:id/adaptive}child view android.widget.FrameLayout{2c81f8d8 G.E..... ......ID 0,0-0,0 #10202d6 android:id/status_bar_latest_event_content} measured out of bounds at 95px clamped to 96px
D/SizeAdaptiveLayout( 2339): com.android.internal.widget.SizeAdaptiveLayout{2c96d010 V.E..... ......I. 0,0-0,0 #7f070050 app:id/adaptive}child view android.widget.FrameLayout{2c96e070 G.E..... ......ID 0,0-0,0 #10202d6 android:id/status_bar_latest_event_content} measured out of bounds at 95px clamped to 96px
D/SizeAdaptiveLayout( 2339): com.android.internal.widget.SizeAdaptiveLayout{2c29fd40 V.E..... ......I. 0,0-0,0 #7f070050 app:id/adaptive}child view android.widget.FrameLayout{2c2aee40 G.E..... ......ID 0,0-0,0 #10202d6 android:id/status_bar_latest_event_content} measured out of bounds at 95px clamped to 96px
D/SizeAdaptiveLayout( 2339): com.android.internal.widget.SizeAdaptiveLayout{2c8cd1f8 V.E..... ......I. 0,0-0,0 #7f070050 app:id/adaptive}child view android.widget.FrameLayout{2c8ce4d0 G.E..... ......ID 0,0-0,0 #10202d6 android:id/status_bar_latest_event_content} measured out of bounds at 95px clamped to 96px
D/SizeAdaptiveLayout( 2339): com.android.internal.widget.SizeAdaptiveLayout{2c81e434 V.E..... ......I. 0,0-0,0 #7f070050 app:id/adaptive}child view android.widget.FrameLayout{2c81f8d8 G.E..... ......ID 0,0-0,0 #10202d6 android:id/status_bar_latest_event_content} measured out of bounds at 95px clamped to 96px
D/SizeAdaptiveLayout( 2339): com.android.internal.widget.SizeAdaptiveLayout{2c96d010 V.E..... ......I. 0,0-0,0 #7f070050 app:id/adaptive}child view android.widget.FrameLayout{2c96e070 G.E..... ......ID 0,0-0,0 #10202d6 android:id/status_bar_latest_event_content} measured out of bounds at 95px clamped to 96px
D/SizeAdaptiveLayout( 2339): com.android.internal.widget.SizeAdaptiveLayout{2c29fd40 V.E..... ......I. 0,0-0,0 #7f070050 app:id/adaptive}child view android.widget.FrameLayout{2c2aee40 G.E..... ......ID 0,0-0,0 #10202d6 android:id/status_bar_latest_event_content} measured out of bounds at 95px clamped to 96px
D/PhoneStatusBar( 2339): disable: < expand ICONS* alerts TICKER* system_info back home recent CLOCK* search > V/PanelView( 2339): animationTick called with dtms=0; nothing to do (h=72.0 v=0.0)
V/PanelView( 2339): animationTick called with dtms=0; nothing to do (h=72.0 v=0.0)
D/PhoneStatusBar( 2339): disable: < expand icons* alerts ticker* system_info back home recent clock* search > W/InputMethodManagerService( 2279): Window already focused, ignoring focus gain of: com.android.internal.view.IInputMethodClient$Stub$Proxy@2c222dac attribute=null, token = android.os.BinderProxy@2c46ef68
D/dalvikvm( 4054): GC_CONCURRENT freed 1053K, 16% free 6149K/7288K, paused 2ms+3ms, total 24ms
D/dalvikvm( 4054): GC_CONCURRENT freed 1075K, 16% free 6161K/7304K, paused 2ms+3ms, total 25ms
D/dalvikvm( 4054): GC_CONCURRENT freed 1079K, 16% free 6160K/7304K, paused 2ms+3ms, total 25ms
D/dalvikvm( 2690): GC_CONCURRENT freed 377K, 10% free 3968K/4404K, paused 3ms+5ms, total 27ms
D/dalvikvm( 2279): GC_CONCURRENT freed 1462K, 26% free 9105K/12208K, paused 1ms+7ms, total 72ms
D/dalvikvm( 4054): GC_CONCURRENT freed 1078K, 16% free 6159K/7304K, paused 1ms+5ms, total 25ms