W/audio_hw_primary( 1942): out_write error: -19, sleeping...
E/audio_hw_primary( 1942): no pcm card found!
W/audio_hw_primary( 1942): out_write error: -19, sleeping...
E/audio_hw_primary( 1942): no pcm card found!
W/audio_hw_primary( 1942): out_write error: -19, sleeping...
E/audio_hw_primary( 1942): no pcm card found!
W/audio_hw_primary( 1942): out_write error: -19, sleeping...
E/audio_hw_primary( 1942): no pcm card found!
W/audio_hw_primary( 1942): out_write error: -19, sleeping...
E/audio_hw_primary( 1942): no pcm card found!
W/audio_hw_primary( 1942): out_write error: -19, sleeping...
E/audio_hw_primary( 1942): no pcm card found!
W/audio_hw_primary( 1942): out_write error: -19, sleeping...
E/audio_hw_primary( 1942): no pcm card found!
W/audio_hw_primary( 1942): out_write error: -19, sleeping...
E/audio_hw_primary( 1942): no pcm card found!
W/audio_hw_primary( 1942): out_write error: -19, sleeping...
E/audio_hw_primary( 1942): no pcm card found!
W/audio_hw_primary( 1942): out_write error: -19, sleeping...
E/audio_hw_primary( 1942): no pcm card found!
W/audio_hw_primary( 1942): out_write error: -19, sleeping...
E/audio_hw_primary( 1942): no pcm card found!
W/audio_hw_primary( 1942): out_write error: -19, sleeping...
E/audio_hw_primary( 1942): no pcm card found!
W/audio_hw_primary( 1942): out_write error: -19, sleeping...
E/audio_hw_primary( 1942): no pcm card found!
W/audio_hw_primary( 1942): out_write error: -19, sleeping...
E/audio_hw_primary( 1942): no pcm card found!
W/audio_hw_primary( 1942): out_write error: -19, sleeping...
E/audio_hw_primary( 1942): no pcm card found!
W/audio_hw_primary( 1942): out_write error: -19, sleeping...
E/audio_hw_primary( 1942): no pcm card found!
W/audio_hw_primary( 1942): out_write error: -19, sleeping...
E/audio_hw_primary( 1942): no pcm card found!
W/audio_hw_primary( 1942): out_write error: -19, sleeping...
E/audio_hw_primary( 1942): no pcm card found!
W/audio_hw_primary( 1942): out_write error: -19, sleeping...
E/audio_hw_primary( 1942): no pcm card found!
W/audio_hw_primary( 1942): out_write error: -19, sleeping...
E/audio_hw_primary( 1942): no pcm card found!
W/audio_hw_primary( 1942): out_write error: -19, sleeping...
E/audio_hw_primary( 1942): no pcm card found!
W/audio_hw_primary( 1942): out_write error: -19, sleeping...
E/audio_hw_primary( 1942): no pcm card found!
W/audio_hw_primary( 1942): out_write error: -19, sleeping...
E/audio_hw_primary( 1942): no pcm card found!
W/audio_hw_primary( 1942): out_write error: -19, sleeping...
E/audio_hw_primary( 1942): no pcm card found!
W/audio_hw_primary( 1942): out_write error: -19, sleeping...
E/audio_hw_primary( 1942): no pcm card found!
W/audio_hw_primary( 1942): out_write error: -19, sleeping...
E/audio_hw_primary( 1942): no pcm card found!
W/audio_hw_primary( 1942): out_write error: -19, sleeping...
E/audio_hw_primary( 1942): no pcm card found!
W/audio_hw_primary( 1942): out_write error: -19, sleeping...
E/audio_hw_primary( 1942): no pcm card found!
W/audio_hw_primary( 1942): out_write error: -19, sleeping...
E/audio_hw_primary( 1942): no pcm card found!
W/audio_hw_primary( 1942): out_write error: -19, sleeping...
E/audio_hw_primary( 1942): no pcm card found!
W/audio_hw_primary( 1942): out_write error: -19, sleeping...
E/audio_hw_primary( 1942): no pcm card found!
W/audio_hw_primary( 1942): out_write error: -19, sleeping...
E/audio_hw_primary( 1942): no pcm card found!
W/audio_hw_primary( 1942): out_write error: -19, sleeping...
E/audio_hw_primary( 1942): no pcm card found!
W/audio_hw_primary( 1942): out_write error: -19, sleeping...
E/audio_hw_primary( 1942): no pcm card found!
W/audio_hw_primary( 1942): out_write error: -19, sleeping...
E/audio_hw_primary( 1942): no pcm card found!
W/audio_hw_primary( 1942): out_write error: -19, sleeping...
E/audio_hw_primary( 1942): no pcm card found!
W/audio_hw_primary( 1942): out_write error: -19, sleeping...
E/audio_hw_primary( 1942): no pcm card found!
W/audio_hw_primary( 1942): out_write error: -19, sleeping...
E/audio_hw_primary( 1942): no pcm card found!
W/audio_hw_primary( 1942): out_write error: -19, sleeping...
E/audio_hw_primary( 1942): no pcm card found!
W/audio_hw_primary( 1942): out_write error: -19, sleeping...
E/audio_hw_primary( 1942): no pcm card found!
W/audio_hw_primary( 1942): out_write error: -19, sleeping...
E/audio_hw_primary( 1942): no pcm card found!
W/audio_hw_primary( 1942): out_write error: -19, sleeping...
D/dalvikvm( 4054): GC_CONCURRENT freed 350K, 12% free 3289K/3700K, paused 3ms+3ms, total 20ms
E/audio_hw_primary( 1942): no pcm card found!
W/audio_hw_primary( 1942): out_write error: -19, sleeping...
E/audio_hw_primary( 1942): no pcm card found!
W/audio_hw_primary( 1942): out_write error: -19, sleeping...
E/audio_hw_primary( 1942): no pcm card found!
W/audio_hw_primary( 1942): out_write error: -19, sleeping...
E/audio_hw_primary( 1942): no pcm card found!
W/audio_hw_primary( 1942): out_write error: -19, sleeping...
E/audio_hw_primary( 1942): no pcm card found!
W/audio_hw_primary( 1942): out_write error: -19, sleeping...
E/audio_hw_primary( 1942): no pcm card found!
W/audio_hw_primary( 1942): out_write error: -19, sleeping...
E/audio_hw_primary( 1942): no pcm card found!
W/audio_hw_primary( 1942): out_write error: -19, sleeping...
E/audio_hw_primary( 1942): no pcm card found!
W/audio_hw_primary( 1942): out_write error: -19, sleeping...
E/audio_hw_primary( 1942): no pcm card found!
W/audio_hw_primary( 1942): out_write error: -19, sleeping...
E/audio_hw_primary( 1942): no pcm card found!
W/audio_hw_primary( 1942): out_write error: -19, sleeping...
D/ConnectivityService( 2279): special network not available ni=mobile_hipri
D/ConnectivityService( 2279): special network not available ni=mobile_hipri
D/su ( 4076): su invoked.
D/su ( 4076): starting daemon client 10024 10024
D/su ( 4079): remote pid: 4076
D/su ( 4079): remote pts_slave: /dev/pts/1
D/su ( 4079): waiting for child exit
D/su ( 4080): daemon: stdin using PTY
D/su ( 4080): daemon: stdout using PTY
D/su ( 4080): daemon: stderr using PTY
D/su ( 4081): su invoked.
D/su ( 4081): /dev/com.thirdparty.superuser/.socket4081
D/AndroidRuntime( 4083):
D/AndroidRuntime( 4083): >>>>>> AndroidRuntime START com.android.internal.os.RuntimeInit <<<<<<
D/AndroidRuntime( 4083): CheckJNI is ON
D/dalvikvm( 4083): Trying to load lib libjavacore.so 0x0
E/houdini_hook( 4083): Unable to open libdvm_houdini lib
E/houdini_hook( 4083): Unable to open libdvm_houdini lib
E/houdini_hook( 4083): Unable to open libdvm_houdini lib
E/houdini_hook( 4083): Unable to open libdvm_houdini lib
E/houdini_hook( 4083): Unable to open libdvm_houdini lib
E/houdini_hook( 4083): Unable to open libdvm_houdini lib
D/dalvikvm( 4083): Added shared lib libjavacore.so 0x0
D/dalvikvm( 4083): Trying to load lib libnativehelper.so 0x0
E/houdini_hook( 4083): Unable to open libdvm_houdini lib
E/houdini_hook( 4083): Unable to open libdvm_houdini lib
E/houdini_hook( 4083): Unable to open libdvm_houdini lib
E/houdini_hook( 4083): Unable to open libdvm_houdini lib
E/houdini_hook( 4083): Unable to open libdvm_houdini lib
E/houdini_hook( 4083): Unable to open libdvm_houdini lib
D/dalvikvm( 4083): Added shared lib libnativehelper.so 0x0
D/dalvikvm( 4083): No JNI_OnLoad found in libnativehelper.so 0x0, skipping init
D/dalvikvm( 4083): Note: class Landroid/app/ActivityManagerNative; has 179 unimplemented (abstract) methods
E/memtrack( 4083): Couldn't load memtrack module (No such file or directory)
E/android.os.Debug( 4083): failed to load memtrack module: -2
D/Finsky ( 2914): [1] DailyHygiene.inHoldoffPeriod: No holdoff required - already provisioned
D/Finsky ( 2914): [1] DailyHygiene.onStartCommand: Beginning daily hygiene
W/Finsky ( 2914): [1] FinskyApp.getCurrentAccount: No account configured on this device.
W/Finsky ( 2914): [1] FinskyApp.getDfeApi: No account configured on this device.
D/AndroidRuntime( 4083): Calling main entry com.android.commands.am.Am
E/dalvikvm( 2914): Could not find class 'android.app.job.JobScheduler', referenced from method com.google.android.finsky.services.CheckPreconditionsAndAutoUpdateScheduler.cancelCheck
W/dalvikvm( 2914): VFY: unable to resolve check-cast 68 (Landroid/app/job/JobScheduler;) in Lcom/google/android/finsky/services/CheckPreconditionsAndAutoUpdateScheduler;
D/dalvikvm( 2914): VFY: replacing opcode 0x1f at 0x0010
E/dalvikvm( 2914): Could not find class 'android.app.job.JobScheduler', referenced from method com.google.android.finsky.services.CheckPreconditionsAndAutoUpdateScheduler.scheduleJob
W/dalvikvm( 2914): VFY: unable to resolve check-cast 68 (Landroid/app/job/JobScheduler;) in Lcom/google/android/finsky/services/CheckPreconditionsAndAutoUpdateScheduler;
D/dalvikvm( 2914): VFY: replacing opcode 0x1f at 0x0007
D/dalvikvm( 2914): DexOpt: unable to opt direct call 0x0146 at 0x15 in Lcom/google/android/finsky/services/CheckPreconditionsAndAutoUpdateScheduler;.scheduleJob
D/dalvikvm( 2914): DexOpt: unable to opt direct call 0x049e at 0x3f in Lcom/google/android/finsky/services/CheckPreconditionsAndAutoUpdateScheduler;.scheduleJob
D/Finsky ( 2914): [1] CheckPreconditionsAndAutoUpdateScheduler.cancelCheck: Canceling auto-update wifi check.
W/Finsky ( 2914): [1] FinskyApp.getCurrentAccount: No account configured on this device.
I/ActivityManager( 2279): START u0 {flg=0x10000000 cmp=com.thirdparty.superuser/com.koushikdutta.superuser.RequestActivity (has extras)} from pid 4083
D/Finsky ( 2914): [1] DailyHygiene.logDeviceFeaturesAndContinue: Logging device features
W/SurfaceFlinger( 1939): captureScreen: error creating EGL fence: 0x3000
D/dalvikvm( 2279): GC_FOR_ALLOC freed 134K, 27% free 8414K/11388K, paused 57ms, total 58ms
I/dalvikvm-heap( 2279): Grow heap (frag case) to 8.545MB for 280152-byte allocation
D/dalvikvm( 2279): GC_FOR_ALLOC freed 8K, 26% free 8679K/11664K, paused 35ms, total 35ms
D/dalvikvm( 2279): GC_FOR_ALLOC freed 17K, 26% free 8663K/11664K, paused 27ms, total 27ms
I/dalvikvm-heap( 2279): Grow heap (frag case) to 8.789MB for 280152-byte allocation
D/dalvikvm( 2279): GC_FOR_ALLOC freed <1K, 26% free 8936K/11940K, paused 22ms, total 22ms
D/AndroidRuntime( 4083): Shutting down VM
D/dalvikvm( 4083): GC_CONCURRENT freed 94K, 15% free 579K/676K, paused 1ms+0ms, total 2ms
I/ActivityManager( 2279): Start proc com.thirdparty.superuser:superuser for activity com.thirdparty.superuser/com.koushikdutta.superuser.RequestActivity: pid=4094 uid=1000 gids={41000, 1028, 1015, 1023, 3002, 3001, 3003}
D/Finsky ( 2914): [1] DailyHygiene.reschedule: Scheduling first run in 32.5 hours
D/dalvikvm( 2914): GC_CONCURRENT freed 369K, 12% free 3224K/3656K, paused 2ms+2ms, total 9ms
D/DeviceConnectionService( 2690): client connected with version: 6577000
D/Finsky ( 2914): [1] VerifyInstalledPackagesReceiver.checkPrerequisites: Skipping verification because network inactive
I/ActivityManager( 2279): Killing 3387:com.android.deskclock/u0a35 (adj 15): empty #17
I/ActivityThread( 4094): Switching default density from 160 to 240
I/ActivityManager( 2279): START u0 {flg=0x10800000 cmp=com.thirdparty.superuser/com.koushikdutta.superuser.MultitaskSuRequestActivity (has extras)} from pid 4094
D/dalvikvm( 4094): GC_CONCURRENT freed 94K, 5% free 2993K/3148K, paused 2ms+3ms, total 14ms
W/GRALLOC-PIPE( 4094): failed to create pipe screen for i965
I/GRALLOC-DRM( 4094): create intel for driver i915
W/EGL-GALLIUM( 4094): failed to create DRM screen
W/EGL-GALLIUM( 4094): will fall back to other EGL drivers if any
D/OpenGLRenderer( 4094): Enabling debug mode 0
W/IInputConnectionWrapper( 4054): showStatusIcon on inactive InputConnection
D/ConnectivityService( 2279): special network not available ni=mobile_hipri
I/ActivityManager( 2279): Displayed com.thirdparty.superuser/com.koushikdutta.superuser.MultitaskSuRequestActivity: +337ms (total +412ms)
D/ConnectivityService( 2279): special network not available ni=mobile_hipri
D/ConnectivityService( 2279): special network not available ni=mobile_hipri
D/ConnectivityService( 2279): special network not available ni=mobile_hipri
E/audio_hw_primary( 1942): no pcm card found!
W/audio_hw_primary( 1942): out_write error: -19, sleeping...
D/su ( 4081): 10024 /android/system/xbin/su executing 0 /system/bin/sh using binary /system/bin/sh : sh
E/audio_hw_primary( 1942): no pcm card found!
W/audio_hw_primary( 1942): out_write error: -19, sleeping...
E/audio_hw_primary( 1942): no pcm card found!
W/audio_hw_primary( 1942): out_write error: -19, sleeping...
E/audio_hw_primary( 1942): no pcm card found!
W/audio_hw_primary( 1942): out_write error: -19, sleeping...
E/audio_hw_primary( 1942): no pcm card found!
W/audio_hw_primary( 1942): out_write error: -19, sleeping...
W/SurfaceFlinger( 1939): captureScreen: error creating EGL fence: 0x3000
E/audio_hw_primary( 1942): no pcm card found!
W/audio_hw_primary( 1942): out_write error: -19, sleeping...
E/audio_hw_primary( 1942): no pcm card found!
W/audio_hw_primary( 1942): out_write error: -19, sleeping...
E/audio_hw_primary( 1942): no pcm card found!
W/audio_hw_primary( 1942): out_write error: -19, sleeping...
E/audio_hw_primary( 1942): no pcm card found!
W/audio_hw_primary( 1942): out_write error: -19, sleeping...
E/audio_hw_primary( 1942): no pcm card found!
W/audio_hw_primary( 1942): out_write error: -19, sleeping...
D/dalvikvm( 2279): GC_FOR_ALLOC freed 50K, 25% free 8956K/11940K, paused 46ms, total 46ms
I/dalvikvm-heap( 2279): Grow heap (frag case) to 9.075MB for 280152-byte allocation
D/dalvikvm( 4054): GC_CONCURRENT freed 420K, 13% free 3284K/3768K, paused 2ms+1ms, total 11ms
E/audio_hw_primary( 1942): no pcm card found!
W/audio_hw_primary( 1942): out_write error: -19, sleeping...
E/audio_hw_primary( 1942): no pcm card found!
W/audio_hw_primary( 1942): out_write error: -19, sleeping...
E/audio_hw_primary( 1942): no pcm card found!
W/audio_hw_primary( 1942): out_write error: -19, sleeping...
D/dalvikvm( 2279): GC_FOR_ALLOC freed 5K, 25% free 9224K/12216K, paused 33ms, total 33ms
D/AndroidRuntime( 4110):
D/AndroidRuntime( 4110): >>>>>> AndroidRuntime START com.android.internal.os.RuntimeInit <<<<<<
D/AndroidRuntime( 4110): CheckJNI is ON
E/audio_hw_primary( 1942): no pcm card found!
W/audio_hw_primary( 1942): out_write error: -19, sleeping...
D/dalvikvm( 4110): Trying to load lib libjavacore.so 0x0
E/houdini_hook( 4110): Unable to open libdvm_houdini lib
E/houdini_hook( 4110): Unable to open libdvm_houdini lib
E/houdini_hook( 4110): Unable to open libdvm_houdini lib
E/houdini_hook( 4110): Unable to open libdvm_houdini lib
E/houdini_hook( 4110): Unable to open libdvm_houdini lib
E/houdini_hook( 4110): Unable to open libdvm_houdini lib
D/dalvikvm( 4110): Added shared lib libjavacore.so 0x0
D/dalvikvm( 4110): Trying to load lib libnativehelper.so 0x0
E/houdini_hook( 4110): Unable to open libdvm_houdini lib
E/houdini_hook( 4110): Unable to open libdvm_houdini lib
E/houdini_hook( 4110): Unable to open libdvm_houdini lib
E/houdini_hook( 4110): Unable to open libdvm_houdini lib
E/houdini_hook( 4110): Unable to open libdvm_houdini lib
E/houdini_hook( 4110): Unable to open libdvm_houdini lib
D/dalvikvm( 4110): Added shared lib libnativehelper.so 0x0
D/dalvikvm( 4110): No JNI_OnLoad found in libnativehelper.so 0x0, skipping init
E/audio_hw_primary( 1942): no pcm card found!
W/audio_hw_primary( 1942): out_write error: -19, sleeping...
E/audio_hw_primary( 1942): no pcm card found!
W/audio_hw_primary( 1942): out_write error: -19, sleeping...
D/dalvikvm( 2279): GC_FOR_ALLOC freed 277K, 27% free 8947K/12216K, paused 26ms, total 26ms
D/dalvikvm( 4110): Note: class Landroid/app/ActivityManagerNative; has 179 unimplemented (abstract) methods
E/audio_hw_primary( 1942): no pcm card found!
W/audio_hw_primary( 1942): out_write error: -19, sleeping...
I/ActivityManager( 2279): Killing 3403:com.android.email/u0a39 (adj 15): empty #17
E/audio_hw_primary( 1942): no pcm card found!
W/audio_hw_primary( 1942): out_write error: -19, sleeping...
E/audio_hw_primary( 1942): no pcm card found!
W/audio_hw_primary( 1942): out_write error: -19, sleeping...
E/audio_hw_primary( 1942): no pcm card found!
W/audio_hw_primary( 1942): out_write error: -19, sleeping...
E/audio_hw_primary( 1942): no pcm card found!
W/audio_hw_primary( 1942): out_write error: -19, sleeping...
E/audio_hw_primary( 1942): no pcm card found!
W/audio_hw_primary( 1942): out_write error: -19, sleeping...
E/audio_hw_primary( 1942): no pcm card found!
W/audio_hw_primary( 1942): out_write error: -19, sleeping...
E/audio_hw_primary( 1942): no pcm card found!
W/audio_hw_primary( 1942): out_write error: -19, sleeping...
E/memtrack( 4110): Couldn't load memtrack module (No such file or directory)
E/android.os.Debug( 4110): failed to load memtrack module: -2
E/audio_hw_primary( 1942): no pcm card found!
W/audio_hw_primary( 1942): out_write error: -19, sleeping...
E/audio_hw_primary( 1942): no pcm card found!
W/audio_hw_primary( 1942): out_write error: -19, sleeping...
E/audio_hw_primary( 1942): no pcm card found!
W/audio_hw_primary( 1942): out_write error: -19, sleeping...
D/AndroidRuntime( 4110): Calling main entry com.android.commands.am.Am
E/audio_hw_primary( 1942): no pcm card found!
W/audio_hw_primary( 1942): out_write error: -19, sleeping...
E/audio_hw_primary( 1942): no pcm card found!
W/audio_hw_primary( 1942): out_write error: -19, sleeping...
I/ActivityManager( 2279): Start proc com.thirdparty.superuser for broadcast com.thirdparty.superuser/com.koushikdutta.superuser.SuReceiver: pid=4122 uid=1000 gids={41000, 1028, 1015, 1023, 3002, 3001, 3003}
E/audio_hw_primary( 1942): no pcm card found!
W/audio_hw_primary( 1942): out_write error: -19, sleeping...
I/ActivityThread( 4122): Switching default density from 160 to 240
E/audio_hw_primary( 1942): no pcm card found!
W/audio_hw_primary( 1942): out_write error: -19, sleeping...
E/audio_hw_primary( 1942): no pcm card found!
W/audio_hw_primary( 1942): out_write error: -19, sleeping...
E/audio_hw_primary( 1942): no pcm card found!
W/audio_hw_primary( 1942): out_write error: -19, sleeping...
E/audio_hw_primary( 1942): no pcm card found!
W/audio_hw_primary( 1942): out_write error: -19, sleeping...
D/AndroidRuntime( 4110): Shutting down VM
D/dalvikvm( 4110): GC_CONCURRENT freed 94K, 15% free 583K/680K, paused 0ms+0ms, total 1ms
E/audio_hw_primary( 1942): no pcm card found!
W/audio_hw_primary( 1942): out_write error: -19, sleeping...
E/audio_hw_primary( 1942): no pcm card found!
W/audio_hw_primary( 1942): out_write error: -19, sleeping...
E/audio_hw_primary( 1942): no pcm card found!
W/audio_hw_primary( 1942): out_write error: -19, sleeping...
E/audio_hw_primary( 1942): no pcm card found!
W/audio_hw_primary( 1942): out_write error: -19, sleeping...
E/audio_hw_primary( 1942): no pcm card found!
W/audio_hw_primary( 1942): out_write error: -19, sleeping...
W/GRALLOC-PIPE( 4122): failed to create pipe screen for i965
I/GRALLOC-DRM( 4122): create intel for driver i915
E/audio_hw_primary( 1942): no pcm card found!
W/audio_hw_primary( 1942): out_write error: -19, sleeping...
E/audio_hw_primary( 1942): no pcm card found!
W/audio_hw_primary( 1942): out_write error: -19, sleeping...
E/audio_hw_primary( 1942): no pcm card found!
W/audio_hw_primary( 1942): out_write error: -19, sleeping...
E/audio_hw_primary( 1942): no pcm card found!
W/audio_hw_primary( 1942): out_write error: -19, sleeping...
E/audio_hw_primary( 1942): no pcm card found!
W/audio_hw_primary( 1942): out_write error: -19, sleeping...
E/audio_hw_primary( 1942): no pcm card found!
W/audio_hw_primary( 1942): out_write error: -19, sleeping...
D/ConnectivityService( 2279): special network not available ni=mobile_hipri
E/audio_hw_primary( 1942): no pcm card found!
W/audio_hw_primary( 1942): out_write error: -19, sleeping...
E/audio_hw_primary( 1942): no pcm card found!
W/audio_hw_primary( 1942): out_write error: -19, sleeping...
E/audio_hw_primary( 1942): no pcm card found!
W/audio_hw_primary( 1942): out_write error: -19, sleeping...
E/audio_hw_primary( 1942): no pcm card found!
W/audio_hw_primary( 1942): out_write error: -19, sleeping...
E/audio_hw_primary( 1942): no pcm card found!
W/audio_hw_primary( 1942): out_write error: -19, sleeping...
E/audio_hw_primary( 1942): no pcm card found!
W/audio_hw_primary( 1942): out_write error: -19, sleeping...
E/audio_hw_primary( 1942): no pcm card found!
W/audio_hw_primary( 1942): out_write error: -19, sleeping...
E/audio_hw_primary( 1942): no pcm card found!
W/audio_hw_primary( 1942): out_write error: -19, sleeping...
E/audio_hw_primary( 1942): no pcm card found!
W/audio_hw_primary( 1942): out_write error: -19, sleeping...
E/audio_hw_primary( 1942): no pcm card found!
W/audio_hw_primary( 1942): out_write error: -19, sleeping...
E/audio_hw_primary( 1942): no pcm card found!
W/audio_hw_primary( 1942): out_write error: -19, sleeping...
E/audio_hw_primary( 1942): no pcm card found!
W/audio_hw_primary( 1942): out_write error: -19, sleeping...
E/audio_hw_primary( 1942): no pcm card found!
W/audio_hw_primary( 1942): out_write error: -19, sleeping...
E/audio_hw_primary( 1942): no pcm card found!
W/audio_hw_primary( 1942): out_write error: -19, sleeping...
E/audio_hw_primary( 1942): no pcm card found!
W/audio_hw_primary( 1942): out_write error: -19, sleeping...
E/audio_hw_primary( 1942): no pcm card found!
W/audio_hw_primary( 1942): out_write error: -19, sleeping...
E/audio_hw_primary( 1942): no pcm card found!
W/audio_hw_primary( 1942): out_write error: -19, sleeping...
E/audio_hw_primary( 1942): no pcm card found!
W/audio_hw_primary( 1942): out_write error: -19, sleeping...
E/audio_hw_primary( 1942): no pcm card found!
W/audio_hw_primary( 1942): out_write error: -19, sleeping...
E/audio_hw_primary( 1942): no pcm card found!
W/audio_hw_primary( 1942): out_write error: -19, sleeping...
E/audio_hw_primary( 1942): no pcm card found!
W/audio_hw_primary( 1942): out_write error: -19, sleeping...
E/audio_hw_primary( 1942): no pcm card found!
W/audio_hw_primary( 1942): out_write error: -19, sleeping...
E/audio_hw_primary( 1942): no pcm card found!
W/audio_hw_primary( 1942): out_write error: -19, sleeping...
E/audio_hw_primary( 1942): no pcm card found!
W/audio_hw_primary( 1942): out_write error: -19, sleeping...
E/audio_hw_primary( 1942): no pcm card found!
W/audio_hw_primary( 1942): out_write error: -19, sleeping...
E/audio_hw_primary( 1942): no pcm card found!
W/audio_hw_primary( 1942): out_write error: -19, sleeping...
E/audio_hw_primary( 1942): no pcm card found!
W/audio_hw_primary( 1942): out_write error: -19, sleeping...
E/audio_hw_primary( 1942): no pcm card found!
W/audio_hw_primary( 1942): out_write error: -19, sleeping...
E/audio_hw_primary( 1942): no pcm card found!
W/audio_hw_primary( 1942): out_write error: -19, sleeping...
E/audio_hw_primary( 1942): no pcm card found!
W/audio_hw_primary( 1942): out_write error: -19, sleeping...
E/audio_hw_primary( 1942): no pcm card found!
W/audio_hw_primary( 1942): out_write error: -19, sleeping...
E/audio_hw_primary( 1942): no pcm card found!
W/audio_hw_primary( 1942): out_write error: -19, sleeping...
E/audio_hw_primary( 1942): no pcm card found!
W/audio_hw_primary( 1942): out_write error: -19, sleeping...
E/audio_hw_primary( 1942): no pcm card found!
W/audio_hw_primary( 1942): out_write error: -19, sleeping...
E/audio_hw_primary( 1942): no pcm card found!
W/audio_hw_primary( 1942): out_write error: -19, sleeping...
E/audio_hw_primary( 1942): no pcm card found!
W/audio_hw_primary( 1942): out_write error: -19, sleeping...
E/audio_hw_primary( 1942): no pcm card found!
W/audio_hw_primary( 1942): out_write error: -19, sleeping...
E/audio_hw_primary( 1942): no pcm card found!
W/audio_hw_primary( 1942): out_write error: -19, sleeping...
E/audio_hw_primary( 1942): no pcm card found!
W/audio_hw_primary( 1942): out_write error: -19, sleeping...
E/audio_hw_primary( 1942): no pcm card found!
W/audio_hw_primary( 1942): out_write error: -19, sleeping...
E/audio_hw_primary( 1942): no pcm card found!
W/audio_hw_primary( 1942): out_write error: -19, sleeping...
E/audio_hw_primary( 1942): no pcm card found!
W/audio_hw_primary( 1942): out_write error: -19, sleeping...
E/audio_hw_primary( 1942): no pcm card found!
W/audio_hw_primary( 1942): out_write error: -19, sleeping...
E/audio_hw_primary( 1942): no pcm card found!
W/audio_hw_primary( 1942): out_write error: -19, sleeping...
E/audio_hw_primary( 1942): no pcm card found!
W/audio_hw_primary( 1942): out_write error: -19, sleeping...
E/audio_hw_primary( 1942): no pcm card found!
W/audio_hw_primary( 1942): out_write error: -19, sleeping...
E/audio_hw_primary( 1942): no pcm card found!
W/audio_hw_primary( 1942): out_write error: -19, sleeping...
E/audio_hw_primary( 1942): no pcm card found!
W/audio_hw_primary( 1942): out_write error: -19, sleeping...
E/audio_hw_primary( 1942): no pcm card found!
W/audio_hw_primary( 1942): out_write error: -19, sleeping...
E/audio_hw_primary( 1942): no pcm card found!
W/audio_hw_primary( 1942): out_write error: -19, sleeping...
E/audio_hw_primary( 1942): no pcm card found!
W/audio_hw_primary( 1942): out_write error: -19, sleeping...
E/audio_hw_primary( 1942): no pcm card found!
W/audio_hw_primary( 1942): out_write error: -19, sleeping...
E/audio_hw_primary( 1942): no pcm card found!
W/audio_hw_primary( 1942): out_write error: -19, sleeping...
E/audio_hw_primary( 1942): no pcm card found!
W/audio_hw_primary( 1942): out_write error: -19, sleeping...
E/audio_hw_primary( 1942): no pcm card found!
W/audio_hw_primary( 1942): out_write error: -19, sleeping...
E/audio_hw_primary( 1942): no pcm card found!
W/audio_hw_primary( 1942): out_write error: -19, sleeping...
E/audio_hw_primary( 1942): no pcm card found!
W/audio_hw_primary( 1942): out_write error: -19, sleeping...
E/audio_hw_primary( 1942): no pcm card found!
W/audio_hw_primary( 1942): out_write error: -19, sleeping...
E/audio_hw_primary( 1942): no pcm card found!
W/audio_hw_primary( 1942): out_write error: -19, sleeping...
E/audio_hw_primary( 1942): no pcm card found!
W/audio_hw_primary( 1942): out_write error: -19, sleeping...
E/audio_hw_primary( 1942): no pcm card found!
W/audio_hw_primary( 1942): out_write error: -19, sleeping...
E/audio_hw_primary( 1942): no pcm card found!
W/audio_hw_primary( 1942): out_write error: -19, sleeping...
E/audio_hw_primary( 1942): no pcm card found!
W/audio_hw_primary( 1942): out_write error: -19, sleeping...
E/audio_hw_primary( 1942): no pcm card found!
W/audio_hw_primary( 1942): out_write error: -19, sleeping...
E/audio_hw_primary( 1942): no pcm card found!
W/audio_hw_primary( 1942): out_write error: -19, sleeping...
E/audio_hw_primary( 1942): no pcm card found!
W/audio_hw_primary( 1942): out_write error: -19, sleeping...
E/audio_hw_primary( 1942): no pcm card found!
W/audio_hw_primary( 1942): out_write error: -19, sleeping...
E/audio_hw_primary( 1942): no pcm card found!
W/audio_hw_primary( 1942): out_write error: -19, sleeping...
E/audio_hw_primary( 1942): no pcm card found!
W/audio_hw_primary( 1942): out_write error: -19, sleeping...
E/audio_hw_primary( 1942): no pcm card found!
W/audio_hw_primary( 1942): out_write error: -19, sleeping...
E/audio_hw_primary( 1942): no pcm card found!
W/audio_hw_primary( 1942): out_write error: -19, sleeping...
E/audio_hw_primary( 1942): no pcm card found!
W/audio_hw_primary( 1942): out_write error: -19, sleeping...
E/audio_hw_primary( 1942): no pcm card found!
W/audio_hw_primary( 1942): out_write error: -19, sleeping...
E/audio_hw_primary( 1942): no pcm card found!
W/audio_hw_primary( 1942): out_write error: -19, sleeping...
E/audio_hw_primary( 1942): no pcm card found!
W/audio_hw_primary( 1942): out_write error: -19, sleeping...
E/audio_hw_primary( 1942): no pcm card found!
W/audio_hw_primary( 1942): out_write error: -19, sleeping...
E/audio_hw_primary( 1942): no pcm card found!
W/audio_hw_primary( 1942): out_write error: -19, sleeping...
E/audio_hw_primary( 1942): no pcm card found!
W/audio_hw_primary( 1942): out_write error: -19, sleeping...
E/audio_hw_primary( 1942): no pcm card found!
W/audio_hw_primary( 1942): out_write error: -19, sleeping...
E/audio_hw_primary( 1942): no pcm card found!
W/audio_hw_primary( 1942): out_write error: -19, sleeping...
E/audio_hw_primary( 1942): no pcm card found!
W/audio_hw_primary( 1942): out_write error: -19, sleeping...
E/audio_hw_primary( 1942): no pcm card found!
W/audio_hw_primary( 1942): out_write error: -19, sleeping...
E/audio_hw_primary( 1942): no pcm card found!
W/audio_hw_primary( 1942): out_write error: -19, sleeping...
E/audio_hw_primary( 1942): no pcm card found!
W/audio_hw_primary( 1942): out_write error: -19, sleeping...
E/audio_hw_primary( 1942): no pcm card found!
W/audio_hw_primary( 1942): out_write error: -19, sleeping...
E/audio_hw_primary( 1942): no pcm card found!
W/audio_hw_primary( 1942): out_write error: -19, sleeping...
E/audio_hw_primary( 1942): no pcm card found!
W/audio_hw_primary( 1942): out_write error: -19, sleeping...
E/audio_hw_primary( 1942): no pcm card found!
W/audio_hw_primary( 1942): out_write error: -19, sleeping...
E/audio_hw_primary( 1942): no pcm card found!
W/audio_hw_primary( 1942): out_write error: -19, sleeping...
E/audio_hw_primary( 1942): no pcm card found!
W/audio_hw_primary( 1942): out_write error: -19, sleeping...
E/audio_hw_primary( 1942): no pcm card found!
W/audio_hw_primary( 1942): out_write error: -19, sleeping...
D/ConnectivityService( 2279): special network not available ni=mobile_hipri
E/audio_hw_primary( 1942): no pcm card found!
W/audio_hw_primary( 1942): out_write error: -19, sleeping...
E/audio_hw_primary( 1942): no pcm card found!
W/audio_hw_primary( 1942): out_write error: -19, sleeping...
E/audio_hw_primary( 1942): no pcm card found!
W/audio_hw_primary( 1942): out_write error: -19, sleeping...
E/audio_hw_primary( 1942): no pcm card found!
W/audio_hw_primary( 1942): out_write error: -19, sleeping...
E/audio_hw_primary( 1942): no pcm card found!
W/audio_hw_primary( 1942): out_write error: -19, sleeping...
E/audio_hw_primary( 1942): no pcm card found!
W/audio_hw_primary( 1942): out_write error: -19, sleeping...
E/audio_hw_primary( 1942): no pcm card found!
W/audio_hw_primary( 1942): out_write error: -19, sleeping...
E/audio_hw_primary( 1942): no pcm card found!
W/audio_hw_primary( 1942): out_write error: -19, sleeping...
E/audio_hw_primary( 1942): no pcm card found!
W/audio_hw_primary( 1942): out_write error: -19, sleeping...
E/audio_hw_primary( 1942): no pcm card found!
W/audio_hw_primary( 1942): out_write error: -19, sleeping...
E/audio_hw_primary( 1942): no pcm card found!
W/audio_hw_primary( 1942): out_write error: -19, sleeping...
E/audio_hw_primary( 1942): no pcm card found!
W/audio_hw_primary( 1942): out_write error: -19, sleeping...
E/audio_hw_primary( 1942): no pcm card found!
W/audio_hw_primary( 1942): out_write error: -19, sleeping...
E/audio_hw_primary( 1942): no pcm card found!
W/audio_hw_primary( 1942): out_write error: -19, sleeping...
E/audio_hw_primary( 1942): no pcm card found!
W/audio_hw_primary( 1942): out_write error: -19, sleeping...
E/audio_hw_primary( 1942): no pcm card found!
W/audio_hw_primary( 1942): out_write error: -19, sleeping...
E/audio_hw_primary( 1942): no pcm card found!
W/audio_hw_primary( 1942): out_write error: -19, sleeping...
E/audio_hw_primary( 1942): no pcm card found!
W/audio_hw_primary( 1942): out_write error: -19, sleeping...
E/audio_hw_primary( 1942): no pcm card found!
W/audio_hw_primary( 1942): out_write error: -19, sleeping...
E/audio_hw_primary( 1942): no pcm card found!
W/audio_hw_primary( 1942): out_write error: -19, sleeping...
E/audio_hw_primary( 1942): no pcm card found!
W/audio_hw_primary( 1942): out_write error: -19, sleeping...
E/audio_hw_primary( 1942): no pcm card found!
W/audio_hw_primary( 1942): out_write error: -19, sleeping...
E/audio_hw_primary( 1942): no pcm card found!
W/audio_hw_primary( 1942): out_write error: -19, sleeping...
E/audio_hw_primary( 1942): no pcm card found!
W/audio_hw_primary( 1942): out_write error: -19, sleeping...
E/audio_hw_primary( 1942): no pcm card found!
W/audio_hw_primary( 1942): out_write error: -19, sleeping...
E/audio_hw_primary( 1942): no pcm card found!
W/audio_hw_primary( 1942): out_write error: -19, sleeping...
E/audio_hw_primary( 1942): no pcm card found!
W/audio_hw_primary( 1942): out_write error: -19, sleeping...
E/audio_hw_primary( 1942): no pcm card found!
W/audio_hw_primary( 1942): out_write error: -19, sleeping...
E/audio_hw_primary( 1942): no pcm card found!
W/audio_hw_primary( 1942): out_write error: -19, sleeping...
E/audio_hw_primary( 1942): no pcm card found!
W/audio_hw_primary( 1942): out_write error: -19, sleeping...
E/audio_hw_primary( 1942): no pcm card found!
W/audio_hw_primary( 1942): out_write error: -19, sleeping...
E/audio_hw_primary( 1942): no pcm card found!
W/audio_hw_primary( 1942): out_write error: -19, sleeping...
E/audio_hw_primary( 1942): no pcm card found!
W/audio_hw_primary( 1942): out_write error: -19, sleeping...
E/audio_hw_primary( 1942): no pcm card found!
W/audio_hw_primary( 1942): out_write error: -19, sleeping...
E/audio_hw_primary( 1942): no pcm card found!
W/audio_hw_primary( 1942): out_write error: -19, sleeping...
E/audio_hw_primary( 1942): no pcm card found!
W/audio_hw_primary( 1942): out_write error: -19, sleeping...
E/audio_hw_primary( 1942): no pcm card found!
W/audio_hw_primary( 1942): out_write error: -19, sleeping...
E/audio_hw_primary( 1942): no pcm card found!
W/audio_hw_primary( 1942): out_write error: -19, sleeping...
E/audio_hw_primary( 1942): no pcm card found!
W/audio_hw_primary( 1942): out_write error: -19, sleeping...
E/audio_hw_primary( 1942): no pcm card found!
W/audio_hw_primary( 1942): out_write error: -19, sleeping...
E/audio_hw_primary( 1942): no pcm card found!
W/audio_hw_primary( 1942): out_write error: -19, sleeping...
E/audio_hw_primary( 1942): no pcm card found!
W/audio_hw_primary( 1942): out_write error: -19, sleeping...
E/audio_hw_primary( 1942): no pcm card found!
W/audio_hw_primary( 1942): out_write error: -19, sleeping...
E/audio_hw_primary( 1942): no pcm card found!
W/audio_hw_primary( 1942): out_write error: -19, sleeping...
E/audio_hw_primary( 1942): no pcm card found!
W/audio_hw_primary( 1942): out_write error: -19, sleeping...
E/audio_hw_primary( 1942): no pcm card found!
W/audio_hw_primary( 1942): out_write error: -19, sleeping...
E/audio_hw_primary( 1942): no pcm card found!
W/audio_hw_primary( 1942): out_write error: -19, sleeping...
E/audio_hw_primary( 1942): no pcm card found!
W/audio_hw_primary( 1942): out_write error: -19, sleeping...
E/audio_hw_primary( 1942): no pcm card found!
W/audio_hw_primary( 1942): out_write error: -19, sleeping...
E/audio_hw_primary( 1942): no pcm card found!
W/audio_hw_primary( 1942): out_write error: -19, sleeping...
E/audio_hw_primary( 1942): no pcm card found!
W/audio_hw_primary( 1942): out_write error: -19, sleeping...
E/audio_hw_primary( 1942): no pcm card found!
W/audio_hw_primary( 1942): out_write error: -19, sleeping...
E/audio_hw_primary( 1942): no pcm card found!
W/audio_hw_primary( 1942): out_write error: -19, sleeping...
E/audio_hw_primary( 1942): no pcm card found!
W/audio_hw_primary( 1942): out_write error: -19, sleeping...
E/audio_hw_primary( 1942): no pcm card found!
W/audio_hw_primary( 1942): out_write error: -19, sleeping...
E/audio_hw_primary( 1942): no pcm card found!
W/audio_hw_primary( 1942): out_write error: -19, sleeping...
E/audio_hw_primary( 1942): no pcm card found!
W/audio_hw_primary( 1942): out_write error: -19, sleeping...
D/PhoneStatusBar( 2339): disable: < EXPAND* icons alerts ticker system_info back home recent clock search > E/audio_hw_primary( 1942): no pcm card found!
W/audio_hw_primary( 1942): out_write error: -19, sleeping...
E/audio_hw_primary( 1942): no pcm card found!
W/audio_hw_primary( 1942): out_write error: -19, sleeping...
E/audio_hw_primary( 1942): no pcm card found!
W/audio_hw_primary( 1942): out_write error: -19, sleeping...
E/audio_hw_primary( 1942): no pcm card found!
W/audio_hw_primary( 1942): out_write error: -19, sleeping...
E/audio_hw_primary( 1942): no pcm card found!
W/audio_hw_primary( 1942): out_write error: -19, sleeping...
E/audio_hw_primary( 1942): no pcm card found!
W/audio_hw_primary( 1942): out_write error: -19, sleeping...
E/audio_hw_primary( 1942): no pcm card found!
W/audio_hw_primary( 1942): out_write error: -19, sleeping...
E/audio_hw_primary( 1942): no pcm card found!
W/audio_hw_primary( 1942): out_write error: -19, sleeping...
D/InputEventConsistencyVerifier( 2279): KeyEvent: ACTION_UP but key was not down.
D/InputEventConsistencyVerifier( 2279): in android.view.ViewRootImpl@2c1f0178
D/InputEventConsistencyVerifier( 2279): 0: sent at 665614000000, KeyEvent { action=ACTION_UP, keyCode=KEYCODE_TAB, scanCode=15, metaState=META_ALT_ON|META_ALT_LEFT_ON, flags=0x8, repeatCount=0, eventTime=665614, downTime=665494, deviceId=9, source=0x101 }
D/InputEventConsistencyVerifier( 2279): -- recent events --
D/InputEventConsistencyVerifier( 2279): 1: sent at 665574493000, MotionEvent { action=ACTION_HOVER_MOVE, id[0]=0, x[0]=822.45166, y[0]=1051.9176, toolType[0]=TOOL_TYPE_MOUSE, buttonState=0, metaState=META_ALT_ON|META_ALT_LEFT_ON, flags=0x0, edgeFlags=0x0, pointerCount=1, historySize=0, eventTime=665574, downTime=663340, deviceId=7, source=0x2002 }
D/InputEventConsistencyVerifier( 2279): 2: sent at 665574493000, MotionEvent { action=ACTION_HOVER_ENTER, id[0]=0, x[0]=822.45166, y[0]=1051.9176, toolType[0]=TOOL_TYPE_MOUSE, buttonState=0, metaState=META_ALT_ON|META_ALT_LEFT_ON, flags=0x0, edgeFlags=0x0, pointerCount=1, historySize=0, eventTime=665574, downTime=663340, deviceId=7, source=0x2002 }
E/audio_hw_primary( 1942): no pcm card found!
W/audio_hw_primary( 1942): out_write error: -19, sleeping...
E/audio_hw_primary( 1942): no pcm card found!
W/audio_hw_primary( 1942): out_write error: -19, sleeping...
E/audio_hw_primary( 1942): no pcm card found!
W/audio_hw_primary( 1942): out_write error: -19, sleeping...
E/audio_hw_primary( 1942): no pcm card found!
W/audio_hw_primary( 1942): out_write error: -19, sleeping...
E/audio_hw_primary( 1942): no pcm card found!
W/audio_hw_primary( 1942): out_write error: -19, sleeping...
E/audio_hw_primary( 1942): no pcm card found!
W/audio_hw_primary( 1942): out_write error: -19, sleeping...
E/audio_hw_primary( 1942): no pcm card found!
W/audio_hw_primary( 1942): out_write error: -19, sleeping...
E/audio_hw_primary( 1942): no pcm card found!
W/audio_hw_primary( 1942): out_write error: -19, sleeping...
E/audio_hw_primary( 1942): no pcm card found!
W/audio_hw_primary( 1942): out_write error: -19, sleeping...
E/audio_hw_primary( 1942): no pcm card found!
W/audio_hw_primary( 1942): out_write error: -19, sleeping...
E/audio_hw_primary( 1942): no pcm card found!
W/audio_hw_primary( 1942): out_write error: -19, sleeping...
E/audio_hw_primary( 1942): no pcm card found!
W/audio_hw_primary( 1942): out_write error: -19, sleeping...
E/audio_hw_primary( 1942): no pcm card found!
W/audio_hw_primary( 1942): out_write error: -19, sleeping...
I/ActivityManager( 2279): Killing 3511:com.google.android.videos/u0a71 (adj 15): empty #17
E/audio_hw_primary( 1942): no pcm card found!
W/audio_hw_primary( 1942): out_write error: -19, sleeping...
E/audio_hw_primary( 1942): no pcm card found!
W/audio_hw_primary( 1942): out_write error: -19, sleeping...
E/audio_hw_primary( 1942): no pcm card found!
W/audio_hw_primary( 1942): out_write error: -19, sleeping...
E/audio_hw_primary( 1942): no pcm card found!
W/audio_hw_primary( 1942): out_write error: -19, sleeping...
E/audio_hw_primary( 1942): no pcm card found!
W/audio_hw_primary( 1942): out_write error: -19, sleeping...
E/audio_hw_primary( 1942): no pcm card found!
W/audio_hw_primary( 1942): out_write error: -19, sleeping...
E/audio_hw_primary( 1942): no pcm card found!
W/audio_hw_primary( 1942): out_write error: -19, sleeping...
E/audio_hw_primary( 1942): no pcm card found!
W/audio_hw_primary( 1942): out_write error: -19, sleeping...
E/audio_hw_primary( 1942): no pcm card found!
W/audio_hw_primary( 1942): out_write error: -19, sleeping...
E/audio_hw_primary( 1942): no pcm card found!
W/audio_hw_primary( 1942): out_write error: -19, sleeping...
E/audio_hw_primary( 1942): no pcm card found!
W/audio_hw_primary( 1942): out_write error: -19, sleeping...
E/audio_hw_primary( 1942): no pcm card found!
W/audio_hw_primary( 1942): out_write error: -19, sleeping...
D/ConnectivityService( 2279): special network not available ni=mobile_hipri
E/audio_hw_primary( 1942): no pcm card found!
W/audio_hw_primary( 1942): out_write error: -19, sleeping...
E/audio_hw_primary( 1942): no pcm card found!
W/audio_hw_primary( 1942): out_write error: -19, sleeping...
E/audio_hw_primary( 1942): no pcm card found!
W/audio_hw_primary( 1942): out_write error: -19, sleeping...
E/audio_hw_primary( 1942): no pcm card found!
W/audio_hw_primary( 1942): out_write error: -19, sleeping...
E/audio_hw_primary( 1942): no pcm card found!
W/audio_hw_primary( 1942): out_write error: -19, sleeping...
E/audio_hw_primary( 1942): no pcm card found!
W/audio_hw_primary( 1942): out_write error: -19, sleeping...
E/audio_hw_primary( 1942): no pcm card found!
W/audio_hw_primary( 1942): out_write error: -19, sleeping...
E/audio_hw_primary( 1942): no pcm card found!
W/audio_hw_primary( 1942): out_write error: -19, sleeping...
E/audio_hw_primary( 1942): no pcm card found!
W/audio_hw_primary( 1942): out_write error: -19, sleeping...
E/audio_hw_primary( 1942): no pcm card found!
W/audio_hw_primary( 1942): out_write error: -19, sleeping...
E/audio_hw_primary( 1942): no pcm card found!
W/audio_hw_primary( 1942): out_write error: -19, sleeping...
E/audio_hw_primary( 1942): no pcm card found!
W/audio_hw_primary( 1942): out_write error: -19, sleeping...
E/audio_hw_primary( 1942): no pcm card found!
W/audio_hw_primary( 1942): out_write error: -19, sleeping...
E/audio_hw_primary( 1942): no pcm card found!
W/audio_hw_primary( 1942): out_write error: -19, sleeping...
E/audio_hw_primary( 1942): no pcm card found!
W/audio_hw_primary( 1942): out_write error: -19, sleeping...
E/audio_hw_primary( 1942): no pcm card found!
W/audio_hw_primary( 1942): out_write error: -19, sleeping...
E/audio_hw_primary( 1942): no pcm card found!
W/audio_hw_primary( 1942): out_write error: -19, sleeping...
E/audio_hw_primary( 1942): no pcm card found!
W/audio_hw_primary( 1942): out_write error: -19, sleeping...
E/audio_hw_primary( 1942): no pcm card found!
W/audio_hw_primary( 1942): out_write error: -19, sleeping...
E/audio_hw_primary( 1942): no pcm card found!
W/audio_hw_primary( 1942): out_write error: -19, sleeping...
E/audio_hw_primary( 1942): no pcm card found!
W/audio_hw_primary( 1942): out_write error: -19, sleeping...
E/audio_hw_primary( 1942): no pcm card found!
W/audio_hw_primary( 1942): out_write error: -19, sleeping...
E/audio_hw_primary( 1942): no pcm card found!
W/audio_hw_primary( 1942): out_write error: -19, sleeping...
E/audio_hw_primary( 1942): no pcm card found!
W/audio_hw_primary( 1942): out_write error: -19, sleeping...
E/audio_hw_primary( 1942): no pcm card found!
W/audio_hw_primary( 1942): out_write error: -19, sleeping...
E/audio_hw_primary( 1942): no pcm card found!
W/audio_hw_primary( 1942): out_write error: -19, sleeping...
E/audio_hw_primary( 1942): no pcm card found!
W/audio_hw_primary( 1942): out_write error: -19, sleeping...
E/audio_hw_primary( 1942): no pcm card found!
W/audio_hw_primary( 1942): out_write error: -19, sleeping...
E/audio_hw_primary( 1942): no pcm card found!
W/audio_hw_primary( 1942): out_write error: -19, sleeping...
E/audio_hw_primary( 1942): no pcm card found!
W/audio_hw_primary( 1942): out_write error: -19, sleeping...
E/audio_hw_primary( 1942): no pcm card found!
W/audio_hw_primary( 1942): out_write error: -19, sleeping...
E/audio_hw_primary( 1942): no pcm card found!
W/audio_hw_primary( 1942): out_write error: -19, sleeping...
E/audio_hw_primary( 1942): no pcm card found!
W/audio_hw_primary( 1942): out_write error: -19, sleeping...
E/audio_hw_primary( 1942): no pcm card found!
W/audio_hw_primary( 1942): out_write error: -19, sleeping...
E/audio_hw_primary( 1942): no pcm card found!
W/audio_hw_primary( 1942): out_write error: -19, sleeping...
E/audio_hw_primary( 1942): no pcm card found!
W/audio_hw_primary( 1942): out_write error: -19, sleeping...
E/audio_hw_primary( 1942): no pcm card found!
W/audio_hw_primary( 1942): out_write error: -19, sleeping...
E/audio_hw_primary( 1942): no pcm card found!
W/audio_hw_primary( 1942): out_write error: -19, sleeping...
E/audio_hw_primary( 1942): no pcm card found!
W/audio_hw_primary( 1942): out_write error: -19, sleeping...
E/audio_hw_primary( 1942): no pcm card found!
W/audio_hw_primary( 1942): out_write error: -19, sleeping...
E/audio_hw_primary( 1942): no pcm card found!
W/audio_hw_primary( 1942): out_write error: -19, sleeping...
E/audio_hw_primary( 1942): no pcm card found!
W/audio_hw_primary( 1942): out_write error: -19, sleeping...
E/audio_hw_primary( 1942): no pcm card found!
W/audio_hw_primary( 1942): out_write error: -19, sleeping...
E/audio_hw_primary( 1942): no pcm card found!
W/audio_hw_primary( 1942): out_write error: -19, sleeping...
E/audio_hw_primary( 1942): no pcm card found!
W/audio_hw_primary( 1942): out_write error: -19, sleeping...
E/audio_hw_primary( 1942): no pcm card found!
W/audio_hw_primary( 1942): out_write error: -19, sleeping...
E/audio_hw_primary( 1942): no pcm card found!
W/audio_hw_primary( 1942): out_write error: -19, sleeping...
E/audio_hw_primary( 1942): no pcm card found!
W/audio_hw_primary( 1942): out_write error: -19, sleeping...
E/audio_hw_primary( 1942): no pcm card found!
W/audio_hw_primary( 1942): out_write error: -19, sleeping...
E/audio_hw_primary( 1942): no pcm card found!
W/audio_hw_primary( 1942): out_write error: -19, sleeping...
E/audio_hw_primary( 1942): no pcm card found!
W/audio_hw_primary( 1942): out_write error: -19, sleeping...
E/audio_hw_primary( 1942): no pcm card found!
W/audio_hw_primary( 1942): out_write error: -19, sleeping...
E/audio_hw_primary( 1942): no pcm card found!
W/audio_hw_primary( 1942): out_write error: -19, sleeping...
E/audio_hw_primary( 1942): no pcm card found!
W/audio_hw_primary( 1942): out_write error: -19, sleeping...
E/audio_hw_primary( 1942): no pcm card found!
W/audio_hw_primary( 1942): out_write error: -19, sleeping...
E/audio_hw_primary( 1942): no pcm card found!
W/audio_hw_primary( 1942): out_write error: -19, sleeping...
E/audio_hw_primary( 1942): no pcm card found!
W/audio_hw_primary( 1942): out_write error: -19, sleeping...
E/audio_hw_primary( 1942): no pcm card found!
W/audio_hw_primary( 1942): out_write error: -19, sleeping...
E/audio_hw_primary( 1942): no pcm card found!
W/audio_hw_primary( 1942): out_write error: -19, sleeping...
E/audio_hw_primary( 1942): no pcm card found!
W/audio_hw_primary( 1942): out_write error: -19, sleeping...
E/audio_hw_primary( 1942): no pcm card found!
W/audio_hw_primary( 1942): out_write error: -19, sleeping...
E/audio_hw_primary( 1942): no pcm card found!
W/audio_hw_primary( 1942): out_write error: -19, sleeping...
E/audio_hw_primary( 1942): no pcm card found!
W/audio_hw_primary( 1942): out_write error: -19, sleeping...
E/audio_hw_primary( 1942): no pcm card found!
W/audio_hw_primary( 1942): out_write error: -19, sleeping...
E/audio_hw_primary( 1942): no pcm card found!
W/audio_hw_primary( 1942): out_write error: -19, sleeping...
E/audio_hw_primary( 1942): no pcm card found!
W/audio_hw_primary( 1942): out_write error: -19, sleeping...
E/audio_hw_primary( 1942): no pcm card found!
W/audio_hw_primary( 1942): out_write error: -19, sleeping...
E/audio_hw_primary( 1942): no pcm card found!
W/audio_hw_primary( 1942): out_write error: -19, sleeping...
E/audio_hw_primary( 1942): no pcm card found!
W/audio_hw_primary( 1942): out_write error: -19, sleeping...
E/audio_hw_primary( 1942): no pcm card found!
W/audio_hw_primary( 1942): out_write error: -19, sleeping...
E/audio_hw_primary( 1942): no pcm card found!
W/audio_hw_primary( 1942): out_write error: -19, sleeping...
E/audio_hw_primary( 1942): no pcm card found!
W/audio_hw_primary( 1942): out_write error: -19, sleeping...
E/audio_hw_primary( 1942): no pcm card found!
W/audio_hw_primary( 1942): out_write error: -19, sleeping...
E/audio_hw_primary( 1942): no pcm card found!
W/audio_hw_primary( 1942): out_write error: -19, sleeping...
E/audio_hw_primary( 1942): no pcm card found!
W/audio_hw_primary( 1942): out_write error: -19, sleeping...
E/audio_hw_primary( 1942): no pcm card found!
W/audio_hw_primary( 1942): out_write error: -19, sleeping...
E/audio_hw_primary( 1942): no pcm card found!
W/audio_hw_primary( 1942): out_write error: -19, sleeping...
E/audio_hw_primary( 1942): no pcm card found!
W/audio_hw_primary( 1942): out_write error: -19, sleeping...
E/audio_hw_primary( 1942): no pcm card found!
W/audio_hw_primary( 1942): out_write error: -19, sleeping...
E/audio_hw_primary( 1942): no pcm card found!
W/audio_hw_primary( 1942): out_write error: -19, sleeping...
E/audio_hw_primary( 1942): no pcm card found!
W/audio_hw_primary( 1942): out_write error: -19, sleeping...
E/audio_hw_primary( 1942): no pcm card found!
W/audio_hw_primary( 1942): out_write error: -19, sleeping...
E/audio_hw_primary( 1942): no pcm card found!
W/audio_hw_primary( 1942): out_write error: -19, sleeping...
E/audio_hw_primary( 1942): no pcm card found!
W/audio_hw_primary( 1942): out_write error: -19, sleeping...
E/audio_hw_primary( 1942): no pcm card found!
W/audio_hw_primary( 1942): out_write error: -19, sleeping...
E/audio_hw_primary( 1942): no pcm card found!
W/audio_hw_primary( 1942): out_write error: -19, sleeping...
E/audio_hw_primary( 1942): no pcm card found!
W/audio_hw_primary( 1942): out_write error: -19, sleeping...
E/audio_hw_primary( 1942): no pcm card found!
W/audio_hw_primary( 1942): out_write error: -19, sleeping...
