I/PackageManager( 2279): Adding preferred activity ComponentInfo{com.android.mms/com.android.mms.ui.ComposeMessageActivity} for user 0 :
W/Vold ( 1935): Returning OperationFailed - no handler for errno 30
W/Vold ( 1935): Returning OperationFailed - no handler for errno 30
W/Vold ( 1935): Returning OperationFailed - no handler for errno 30
E/Vold ( 1935): Failed to find volume for /storage/sdcard1/Android/data/com.google.android.youtube/cache/
W/Vold ( 1935): Returning OperationFailed - no handler for errno 30
W/Vold ( 1935): Returning OperationFailed - no handler for errno 30
W/Vold ( 1935): Returning OperationFailed - no handler for errno 30
W/Vold ( 1935): Returning OperationFailed - no handler for errno 30
E/Vold ( 1935): Failed to find volume for /storage/sdcard1/Android/data/com.google.android.youtube/files/
W/Vold ( 1935): Returning OperationFailed - no handler for errno 30
W/Vold ( 1935): Returning OperationFailed - no handler for errno 30
W/Vold ( 1935): Returning OperationFailed - no handler for errno 30
W/Vold ( 1935): Returning OperationFailed - no handler for errno 30
E/Vold ( 1935): Failed to find volume for /storage/sdcard1/Android/data/com.google.android.youtube/files/
W/Vold ( 1935): Returning OperationFailed - no handler for errno 30
I/ActivityManager( 2279): Start proc com.google.android.music:main for broadcast com.google.android.music/.store.MediaStoreImportService$Receiver: pid=3640 uid=10056 gids={50056, 3003, 1028, 1015, 1023}
I/ActivityThread( 3640): Switching default density from 160 to 240
W/Vold ( 1935): Returning OperationFailed - no handler for errno 30
W/Vold ( 1935): Returning OperationFailed - no handler for errno 30
W/Vold ( 1935): Returning OperationFailed - no handler for errno 30
E/Vold ( 1935): Failed to find volume for /storage/sdcard1/Android/data/com.google.android.music/cache/
W/Vold ( 1935): Returning OperationFailed - no handler for errno 30
W/Vold ( 1935): Returning OperationFailed - no handler for errno 30
W/Vold ( 1935): Returning OperationFailed - no handler for errno 30
W/Vold ( 1935): Returning OperationFailed - no handler for errno 30
E/Vold ( 1935): Failed to find volume for /storage/sdcard1/Android/data/com.google.android.music/files/
W/Vold ( 1935): Returning OperationFailed - no handler for errno 30
W/Vold ( 1935): Returning OperationFailed - no handler for errno 30
W/Vold ( 1935): Returning OperationFailed - no handler for errno 30
W/Vold ( 1935): Returning OperationFailed - no handler for errno 30
E/Vold ( 1935): Failed to find volume for /storage/sdcard1/Android/data/com.google.android.music/cache/
W/Vold ( 1935): Returning OperationFailed - no handler for errno 30
W/Vold ( 1935): Returning OperationFailed - no handler for errno 30
W/Vold ( 1935): Returning OperationFailed - no handler for errno 30
W/Vold ( 1935): Returning OperationFailed - no handler for errno 30
E/Vold ( 1935): Failed to find volume for /storage/sdcard1/Android/data/com.google.android.music/files/
W/Vold ( 1935): Returning OperationFailed - no handler for errno 30
W/Vold ( 1935): Returning OperationFailed - no handler for errno 30
W/Vold ( 1935): Returning OperationFailed - no handler for errno 30
W/Vold ( 1935): Returning OperationFailed - no handler for errno 30
E/Vold ( 1935): Failed to find volume for /storage/sdcard1/Android/data/com.google.android.music/files/
W/Vold ( 1935): Returning OperationFailed - no handler for errno 30
W/Vold ( 1935): Returning OperationFailed - no handler for errno 30
W/Vold ( 1935): Returning OperationFailed - no handler for errno 30
W/Vold ( 1935): Returning OperationFailed - no handler for errno 30
E/Vold ( 1935): Failed to find volume for /storage/sdcard1/Android/data/com.google.android.music/files/
W/Vold ( 1935): Returning OperationFailed - no handler for errno 30
W/Vold ( 1935): Returning OperationFailed - no handler for errno 30
W/Vold ( 1935): Returning OperationFailed - no handler for errno 30
W/Vold ( 1935): Returning OperationFailed - no handler for errno 30
E/Vold ( 1935): Failed to find volume for /storage/sdcard1/Android/data/com.google.android.music/files/
W/Vold ( 1935): Returning OperationFailed - no handler for errno 30
I/ActivityManager( 2279): Start proc com.cyanogenmod.trebuchet for broadcast com.cyanogenmod.trebuchet/com.android.launcher3.PackageChangedReceiver: pid=3670 uid=10020 gids={50020, 1028}
I/ActivityThread( 3670): Switching default density from 160 to 240
I/ActivityManager( 2279): Killing 3160:com.google.android.configupdater/u0a2 (adj 15): empty #17
I/ActivityManager( 2279): Killing 3229:com.google.android.onetimeinitializer/u0a10 (adj 15): empty #17
I/ActivityManager( 2279): Delay finish: com.android.mms/.transaction.SmsReceiver
I/ActivityManager( 2279): Start proc com.android.providers.calendar for content provider com.android.providers.calendar/.CalendarProvider2: pid=3725 uid=10001 gids={50001, 3003, 1028, 1015, 1023}
I/ActivityThread( 3725): Switching default density from 160 to 240
I/ActivityManager( 2279): Resuming delayed broadcast
I/ActivityManager( 2279): Delay finish: com.android.providers.calendar/.CalendarProviderBroadcastReceiver
I/ActivityManager( 2279): Resuming delayed broadcast
I/ActivityManager( 2279): Delay finish: com.android.vending/com.google.android.finsky.receivers.PackageMonitorReceiver$RegisteredReceiver
I/ActivityManager( 2279): Resuming delayed broadcast
I/ActivityManager( 2279): Delay finish: com.google.android.googlequicksearchbox/com.google.android.search.core.summons.icing.InternalIcingCorporaProvider$CorporaChangedReceiver
I/ActivityManager( 2279): Resuming delayed broadcast
I/ActivityManager( 2279): Delay finish: com.android.gallery3d/.app.PackagesMonitor
I/ActivityManager( 2279): Resuming delayed broadcast
I/ActivityManager( 2279): Delay finish: com.google.android.googlequicksearchbox/com.google.android.search.core.summons.icing.InternalIcingCorporaProvider$CorporaChangedReceiver
I/ActivityManager( 2279): Resuming delayed broadcast
I/ActivityManager( 2279): Delay finish: com.android.gallery3d/.app.PackagesMonitor
I/ActivityManager( 2279): Resuming delayed broadcast
I/ActivityManager( 2279): Delay finish: com.google.android.googlequicksearchbox/com.google.android.search.core.summons.icing.InternalIcingCorporaProvider$CorporaChangedReceiver
I/ActivityManager( 2279): Resuming delayed broadcast
I/ActivityManager( 2279): Delay finish: com.android.gallery3d/.app.PackagesMonitor
I/ActivityManager( 2279): Resuming delayed broadcast
I/ActivityManager( 2279): Delay finish: com.google.android.googlequicksearchbox/com.google.android.search.core.summons.icing.InternalIcingCorporaProvider$CorporaChangedReceiver
I/ActivityManager( 2279): Resuming delayed broadcast
I/ActivityManager( 2279): Delay finish: com.android.gallery3d/.app.PackagesMonitor
I/ActivityManager( 2279): Resuming delayed broadcast
I/ActivityManager( 2279): Delay finish: com.google.android.googlequicksearchbox/com.google.android.search.core.summons.icing.InternalIcingCorporaProvider$CorporaChangedReceiver
I/ActivityManager( 2279): Resuming delayed broadcast
I/ActivityManager( 2279): Delay finish: com.android.gallery3d/.app.PackagesMonitor
I/ActivityManager( 2279): Resuming delayed broadcast
I/ActivityManager( 2279): Delay finish: com.google.android.googlequicksearchbox/com.google.android.search.core.summons.icing.InternalIcingCorporaProvider$CorporaChangedReceiver
I/ActivityManager( 2279): Resuming delayed broadcast
I/ActivityManager( 2279): Delay finish: com.android.gallery3d/.app.PackagesMonitor
I/ActivityManager( 2279): Resuming delayed broadcast
I/ActivityManager( 2279): Delay finish: com.google.android.gm/.MailIntentReceiver
I/ActivityManager( 2279): Resuming delayed broadcast
I/ActivityManager( 2279): Delay finish: com.google.android.googlequicksearchbox/com.google.android.search.core.summons.icing.InternalIcingCorporaProvider$CorporaChangedReceiver
I/ActivityManager( 2279): Resuming delayed broadcast
I/ActivityManager( 2279): Delay finish: com.android.gallery3d/.app.PackagesMonitor
I/ActivityManager( 2279): Resuming delayed broadcast
I/ActivityManager( 2279): Delay finish: com.google.android.googlequicksearchbox/com.google.android.search.core.summons.icing.InternalIcingCorporaProvider$CorporaChangedReceiver
I/ActivityManager( 2279): Resuming delayed broadcast
I/ActivityManager( 2279): Delay finish: com.android.gallery3d/.app.PackagesMonitor
I/ActivityManager( 2279): Resuming delayed broadcast
I/ActivityManager( 2279): Delay finish: com.google.android.googlequicksearchbox/com.google.android.search.core.summons.icing.InternalIcingCorporaProvider$CorporaChangedReceiver
I/ActivityManager( 2279): Resuming delayed broadcast
I/ActivityManager( 2279): Delay finish: com.android.gallery3d/.app.PackagesMonitor
I/ActivityManager( 2279): Resuming delayed broadcast
I/ActivityManager( 2279): Delay finish: com.google.android.googlequicksearchbox/com.google.android.search.core.summons.icing.InternalIcingCorporaProvider$CorporaChangedReceiver
I/ActivityManager( 2279): Resuming delayed broadcast
I/ActivityManager( 2279): Delay finish: com.android.gallery3d/.app.PackagesMonitor
I/ActivityManager( 2279): Resuming delayed broadcast
I/ActivityManager( 2279): Delay finish: com.google.android.googlequicksearchbox/com.google.android.search.core.summons.icing.InternalIcingCorporaProvider$CorporaChangedReceiver
I/ActivityManager( 2279): Resuming delayed broadcast
I/ActivityManager( 2279): Delay finish: com.android.gallery3d/.app.PackagesMonitor
I/ActivityManager( 2279): Resuming delayed broadcast
I/ActivityManager( 2279): Delay finish: com.google.android.googlequicksearchbox/com.google.android.search.core.summons.icing.InternalIcingCorporaProvider$CorporaChangedReceiver
I/ActivityManager( 2279): Resuming delayed broadcast
I/ActivityManager( 2279): Delay finish: com.android.gallery3d/.app.PackagesMonitor
I/ActivityManager( 2279): Resuming delayed broadcast
I/ActivityManager( 2279): Delay finish: com.google.android.googlequicksearchbox/com.google.android.search.core.summons.icing.InternalIcingCorporaProvider$CorporaChangedReceiver
I/ActivityManager( 2279): Resuming delayed broadcast
I/ActivityManager( 2279): Delay finish: com.android.gallery3d/.app.PackagesMonitor
I/ActivityManager( 2279): Resuming delayed broadcast
I/ActivityManager( 2279): Start proc com.google.android.gms.ui for broadcast com.google.android.gms/.mdm.receivers.MdmDeviceAdminReceiver: pid=3800 uid=10008 gids={50008, 3003, 1007, 3002, 3001, 1028, 1015, 1023, 3007, 2001, 3006}
I/ActivityManager( 2279): Killing 3030:com.google.android.partnersetup/u0a11 (adj 15): empty #17
I/ActivityThread( 3800): Switching default density from 160 to 240
I/ActivityManager( 2279): Killing 2554:android.process.media/u0a6 (adj 15): empty #17
W/ActivityThread( 3640): ClassLoader.loadClass: The class loader returned by Thread.getContextClassLoader() may fail for processes that host multiple applications. You should explicitly specify a context class loader. For example: Thread.setContextClassLoader(getClass().getClassLoader());
I/PackageManager( 2279): Adding preferred activity ComponentInfo{com.android.mms/com.android.mms.ui.ComposeMessageActivity} for user 0 :
I/PackageManager( 2279): Adding preferred activity ComponentInfo{com.android.mms/com.android.mms.ui.ComposeMessageActivity} for user 0 :
I/PackageManager( 2279): Adding preferred activity ComponentInfo{com.android.mms/com.android.mms.ui.ComposeMessageActivity} for user 0 :
I/PackageManager( 2279): Adding preferred activity ComponentInfo{com.android.mms/com.android.mms.ui.ComposeMessageActivity} for user 0 :
I/PackageManager( 2279): Adding preferred activity ComponentInfo{com.android.mms/com.android.mms.ui.ComposeMessageActivity} for user 0 :
I/PackageManager( 2279): Adding preferred activity ComponentInfo{com.android.mms/com.android.mms.ui.ComposeMessageActivity} for user 0 :
I/PackageManager( 2279): Adding preferred activity ComponentInfo{com.android.mms/com.android.mms.ui.ComposeMessageActivity} for user 0 :
I/PackageManager( 2279): Adding preferred activity ComponentInfo{com.android.mms/com.android.mms.ui.ComposeMessageActivity} for user 0 :
I/PackageManager( 2279): Adding preferred activity ComponentInfo{com.android.mms/com.android.mms.ui.ComposeMessageActivity} for user 0 :
I/PackageManager( 2279): Adding preferred activity ComponentInfo{com.android.mms/com.android.mms.ui.ComposeMessageActivity} for user 0 :
I/ActivityManager( 2279): Delay finish: com.android.gallery3d/.app.PackagesMonitor
I/PackageManager( 2279): Adding preferred activity ComponentInfo{com.android.mms/com.android.mms.ui.ComposeMessageActivity} for user 0 :
I/ActivityManager( 2279): Resuming delayed broadcast
I/PackageManager( 2279): Adding preferred activity ComponentInfo{com.android.mms/com.android.mms.ui.ComposeMessageActivity} for user 0 :
I/PackageManager( 2279): Adding preferred activity ComponentInfo{com.android.mms/com.android.mms.ui.ComposeMessageActivity} for user 0 :
I/PackageManager( 2279): Adding preferred activity ComponentInfo{com.android.mms/com.android.mms.ui.ComposeMessageActivity} for user 0 :
I/PackageManager( 2279): Adding preferred activity ComponentInfo{com.android.mms/com.android.mms.ui.ComposeMessageActivity} for user 0 :
I/PackageManager( 2279): Adding preferred activity ComponentInfo{com.android.mms/com.android.mms.ui.ComposeMessageActivity} for user 0 :
I/PackageManager( 2279): Adding preferred activity ComponentInfo{com.android.mms/com.android.mms.ui.ComposeMessageActivity} for user 0 :
I/PackageManager( 2279): Adding preferred activity ComponentInfo{com.android.mms/com.android.mms.ui.ComposeMessageActivity} for user 0 :
I/PackageManager( 2279): Adding preferred activity ComponentInfo{com.android.mms/com.android.mms.ui.ComposeMessageActivity} for user 0 :
I/PackageManager( 2279): Adding preferred activity ComponentInfo{com.android.mms/com.android.mms.ui.ComposeMessageActivity} for user 0 :
I/PackageManager( 2279): Adding preferred activity ComponentInfo{com.android.mms/com.android.mms.ui.ComposeMessageActivity} for user 0 :
I/PackageManager( 2279): Adding preferred activity ComponentInfo{com.android.mms/com.android.mms.ui.ComposeMessageActivity} for user 0 :
I/PackageManager( 2279): Adding preferred activity ComponentInfo{com.android.mms/com.android.mms.ui.ComposeMessageActivity} for user 0 :
I/ActivityManager( 2279): Delay finish: com.android.gallery3d/.app.PackagesMonitor
I/PackageManager( 2279): Adding preferred activity ComponentInfo{com.android.mms/com.android.mms.ui.ComposeMessageActivity} for user 0 :
I/ActivityManager( 2279): Resuming delayed broadcast
I/PackageManager( 2279): Adding preferred activity ComponentInfo{com.android.mms/com.android.mms.ui.ComposeMessageActivity} for user 0 :
I/PackageManager( 2279): Adding preferred activity ComponentInfo{com.android.mms/com.android.mms.ui.ComposeMessageActivity} for user 0 :
I/PackageManager( 2279): Adding preferred activity ComponentInfo{com.android.mms/com.android.mms.ui.ComposeMessageActivity} for user 0 :
I/PackageManager( 2279): Adding preferred activity ComponentInfo{com.android.mms/com.android.mms.ui.ComposeMessageActivity} for user 0 :
I/PackageManager( 2279): Adding preferred activity ComponentInfo{com.android.mms/com.android.mms.ui.ComposeMessageActivity} for user 0 :
I/PackageManager( 2279): Adding preferred activity ComponentInfo{com.android.mms/com.android.mms.ui.ComposeMessageActivity} for user 0 :
I/PackageManager( 2279): Adding preferred activity ComponentInfo{com.android.mms/com.android.mms.ui.ComposeMessageActivity} for user 0 :
I/PackageManager( 2279): Adding preferred activity ComponentInfo{com.android.mms/com.android.mms.ui.ComposeMessageActivity} for user 0 :
I/ActivityManager( 2279): Delay finish: com.android.gallery3d/.app.PackagesMonitor
I/ActivityManager( 2279): Resuming delayed broadcast
I/ActivityManager( 2279): Delay finish: com.android.gallery3d/.app.PackagesMonitor
I/ActivityManager( 2279): Resuming delayed broadcast
I/ActivityManager( 2279): Killing 3285:com.android.onetimeinitializer/u0a15 (adj 15): empty #17
D/ConnectivityService( 2279): Sampling interval elapsed, updating statistics ..
D/ConnectivityService( 2279): Done.
D/ConnectivityService( 2279): Setting timer for 720seconds
I/ActivityManager( 2279): Start proc com.android.musicfx for broadcast com.android.musicfx/.ControlPanelReceiver: pid=3864 uid=10014 gids={50014, 3003, 3002}
I/ActivityManager( 2279): Killing 2893:com.android.music/u0a55 (adj 15): empty #17
I/ActivityThread( 3864): Switching default density from 160 to 240
I/ActivityManager( 2279): Killing 3300:com.thirdparty.superuser/1000 (adj 15): empty #17
I/ActivityManager( 2279): START u0 {cmp=com.google.android.setupwizard/.WifiSettingsActivity (has extras)} from pid 2586
D/WifiService( 2279): setWifiEnabled: true pid=2586, uid=10018
I/ActivityManager( 2279): START u0 {act=com.android.net.wifi.SETUP_WIFI_NETWORK cmp=com.android.settings/.wifi.WifiSetupActivity (has extras)} from pid 2586
I/ActivityManager( 2279): Start proc com.android.settings for activity com.android.settings/.wifi.WifiSetupActivity: pid=3884 uid=1000 gids={41000, 1028, 1015, 1023, 3002, 3001, 3003}
I/ActivityThread( 3884): Switching default density from 160 to 240
W/ContextImpl( 3884): Calling a method in the system process without a qualified user: android.app.ContextImpl.bindService:1551 android.content.ContextWrapper.bindService:517 android.bluetooth.BluetoothInputDevice.doBind:245 android.bluetooth.BluetoothInputDevice.:238 android.bluetooth.BluetoothAdapter.getProfileProxy:1367
W/ContextImpl( 3884): Calling a method in the system process without a qualified user: android.app.ContextImpl.bindService:1551 android.content.ContextWrapper.bindService:517 android.bluetooth.BluetoothPan.doBind:149 android.bluetooth.BluetoothPan.:141 android.bluetooth.BluetoothAdapter.getProfileProxy:1370
W/ContextImpl( 3884): Calling a method in the system process without a qualified user: android.app.ContextImpl.bindService:1551 android.content.ContextWrapper.bindService:517 android.bluetooth.BluetoothMap.doBind:109 android.bluetooth.BluetoothMap.:102 android.bluetooth.BluetoothAdapter.getProfileProxy:1376
W/ContextImpl( 3884): Calling a method in the system process without a qualified user: android.app.ContextImpl.bindService:1551 android.content.ContextWrapper.bindService:517 android.bluetooth.BluetoothPbap.doBind:164 android.bluetooth.BluetoothPbap.:157 com.android.settings.bluetooth.PbapServerProfile.:68
I/PowerManagerService( 2279): Going to sleep due to screen timeout...
I/WindowManager( 2279): No lock screen! windowToken=null
I/PowerManagerService( 2279): Waking up from sleep...
I/WindowManager( 2279): No lock screen! windowToken=null
D/DisplayPowerController( 2279): Unblocked screen on after 609800 ms
I/ActivityManager( 2279): START u0 {cmp=com.google.android.setupwizard/.LocationSharingActivity (has extras)} from pid 2586
I/ActivityManager( 2279): Killing 3374:com.android.camera2/u0a32 (adj 15): empty #17
I/ActivityManager( 2279): START u0 {cmp=com.google.android.setupwizard/.DateTimeSetupActivity (has extras)} from pid 2586
I/ActivityManager( 2279): START u0 {cmp=com.google.android.setupwizard/.NoAccountTosActivity (has extras)} from pid 2586
D/ConnectivityService( 2279): checkMobileProvisioning: E suggestedTimeOutMs=60000
D/ConnectivityService( 2279): setProvNotificationVisible: E visible=false networkType=5 extraInfo=null url=null
D/ConnectivityService( 2279): checkMobileProvisioning: params={ url=http://clients3.google.com/generate_204 mTimeOutMs=60000 mCb=com.android.server.ConnectivityService$5@2c4c04c4}
D/ConnectivityService( 2279): checkMobileProvisioning: X
D/MobileDataStateTracker( 2279): default: isProvisioningNetwork: retVal=false
D/ConnectivityService( 2279): [CheckMp] isMobileOk: isDefaultProvisioning=false
D/MobileDataStateTracker( 2279): hipri: isProvisioningNetwork: retVal=false
D/ConnectivityService( 2279): [CheckMp] isMobileOk: isHipriProvisioning=false
D/ConnectivityService( 2279): [CheckMp] isMobileOk: start hipri url=http://clients3.google.com/generate_204
W/BroadcastQueue( 2279): Permission Denial: broadcasting Intent { act=com.google.android.gsf.settings.GoogleLocationSettings.UPDATE_LOCATION_SETTINGS flg=0x10 } from com.google.android.setupwizard (pid=2586, uid=10018) is not exported from uid 10008 due to receiver com.google.android.gms/com.google.android.location.reporting.service.ExternalChangeReceiver
I/ActivityManager( 2279): START u0 {act=android.intent.action.MAIN cat=[android.intent.category.HOME] flg=0x10200000 cmp=com.android.provision/.DefaultActivity} from pid 2586
D/ConnectivityService( 2279): special network not available ni=mobile_hipri
I/ActivityManager( 2279): Process com.google.android.setupwizard (pid 2586) has died.
I/StatusBarManagerService( 2279): binder died for pkg=com.google.android.setupwizard
I/StatusBarManagerService( 2279): binder died for pkg=com.google.android.setupwizard
I/StatusBarManagerService( 2279): binder died for pkg=com.google.android.setupwizard
I/StatusBarManagerService( 2279): binder died for pkg=com.google.android.setupwizard
I/StatusBarManagerService( 2279): binder died for pkg=com.google.android.setupwizard
W/ActivityManager( 2279): Force removing ActivityRecord{2c1c3a48 u0 com.google.android.setupwizard/.NoAccountTosActivity t3}: app died, no saved state
I/WindowState( 2279): WIN DEATH: Window{2c35e150 u0 com.google.android.setupwizard/com.google.android.setupwizard.WelcomeActivity}
I/WindowState( 2279): WIN DEATH: Window{2c584244 u0 com.google.android.setupwizard/com.google.android.setupwizard.DateTimeSetupActivity}
I/WindowState( 2279): WIN DEATH: Window{2c55078c u0 com.google.android.setupwizard/com.google.android.setupwizard.LocationSharingActivity}
I/WindowState( 2279): WIN DEATH: Window{2c517d4c u0 com.google.android.setupwizard/com.google.android.setupwizard.WifiSettingsActivity}
I/WindowState( 2279): WIN DEATH: Window{2c373914 u0 com.google.android.setupwizard/com.google.android.setupwizard.NoAccountTosActivity}
I/ActivityManager( 2279): Start proc com.android.provision for activity com.android.provision/.DefaultActivity: pid=3955 uid=10065 gids={50065}
I/ActivityManager( 2279): Killing 3425:com.android.exchange/u0a40 (adj 15): empty #17
I/ActivityThread( 3955): Switching default density from 160 to 240
I/ActivityManager( 2279): Start proc com.google.android.setupwizard for activity com.google.android.setupwizard/.DateTimeSetupActivity: pid=3968 uid=10018 gids={50018, 3003}
I/ActivityThread( 3968): Switching default density from 160 to 240
D/ConnectivityService( 2279): checkMobileProvisioning: E suggestedTimeOutMs=60000
D/ConnectivityService( 2279): checkMobileProvisioning: X already checking ignore for the moment
D/ConnectivityService( 2279): checkMobileProvisioning: X
W/BroadcastQueue( 2279): Permission Denial: broadcasting Intent { act=com.google.android.gsf.settings.GoogleLocationSettings.UPDATE_LOCATION_SETTINGS flg=0x10 } from com.google.android.setupwizard (pid=3968, uid=10018) is not exported from uid 10008 due to receiver com.google.android.gms/com.google.android.location.reporting.service.ExternalChangeReceiver
I/ActivityManager( 2279): START u0 {act=android.intent.action.MAIN cat=[android.intent.category.HOME] flg=0x10200000 cmp=com.cyanogenmod.trebuchet/com.android.launcher3.Launcher} from pid 3968
I/ActivityManager( 2279): Process com.google.android.setupwizard (pid 3968) has died.
I/ActivityManager( 2279): Start proc com.google.android.googlequicksearchbox for broadcast com.google.android.googlequicksearchbox/com.android.launcher3.WallpaperChangedReceiver: pid=3998 uid=10021 gids={50021, 3003, 3001, 1028, 3002, 1015, 1023}
I/ActivityThread( 3998): Switching default density from 160 to 240
W/BackupManagerService( 2279): dataChanged but no participant pkg='com.cyanogenmod.trebuchet' uid=10020
W/BackupManagerService( 2279): dataChanged but no participant pkg='com.cyanogenmod.trebuchet' uid=10020
D/ConnectivityService( 2279): special network not available ni=mobile_hipri
W/InputMethodManagerService( 2279): Got RemoteException sending setActive(false) notification to pid 2586 uid 10018
I/ActivityManager( 2279): Killing 3256:com.android.mms/u0a13 (adj 15): empty #17
D/CountryDetector( 2279): No listener is left
D/ConnectivityService( 2279): special network not available ni=mobile_hipri
D/ConnectivityService( 2279): special network not available ni=mobile_hipri
D/ConnectivityService( 2279): special network not available ni=mobile_hipri
D/ConnectivityService( 2279): special network not available ni=mobile_hipri
D/ConnectivityService( 2279): special network not available ni=mobile_hipri
D/ConnectivityService( 2279): special network not available ni=mobile_hipri --------- beginning of /dev/log/main
W/audio_hw_primary( 1942): out_write error: -19, sleeping...
E/audio_hw_primary( 1942): no pcm card found!
W/audio_hw_primary( 1942): out_write error: -19, sleeping...
E/audio_hw_primary( 1942): no pcm card found!
W/audio_hw_primary( 1942): out_write error: -19, sleeping...
E/audio_hw_primary( 1942): no pcm card found!
W/audio_hw_primary( 1942): out_write error: -19, sleeping...
E/audio_hw_primary( 1942): no pcm card found!
W/audio_hw_primary( 1942): out_write error: -19, sleeping...
E/audio_hw_primary( 1942): no pcm card found!
W/audio_hw_primary( 1942): out_write error: -19, sleeping...
E/audio_hw_primary( 1942): no pcm card found!
W/audio_hw_primary( 1942): out_write error: -19, sleeping...
E/audio_hw_primary( 1942): no pcm card found!
W/audio_hw_primary( 1942): out_write error: -19, sleeping...
E/audio_hw_primary( 1942): no pcm card found!
W/audio_hw_primary( 1942): out_write error: -19, sleeping...
E/audio_hw_primary( 1942): no pcm card found!
W/audio_hw_primary( 1942): out_write error: -19, sleeping...
E/audio_hw_primary( 1942): no pcm card found!
W/audio_hw_primary( 1942): out_write error: -19, sleeping...
E/audio_hw_primary( 1942): no pcm card found!
W/audio_hw_primary( 1942): out_write error: -19, sleeping...
E/audio_hw_primary( 1942): no pcm card found!
W/audio_hw_primary( 1942): out_write error: -19, sleeping...
E/audio_hw_primary( 1942): no pcm card found!
W/audio_hw_primary( 1942): out_write error: -19, sleeping...
E/audio_hw_primary( 1942): no pcm card found!
W/audio_hw_primary( 1942): out_write error: -19, sleeping...
E/audio_hw_primary( 1942): no pcm card found!
W/audio_hw_primary( 1942): out_write error: -19, sleeping...
E/audio_hw_primary( 1942): no pcm card found!
W/audio_hw_primary( 1942): out_write error: -19, sleeping...
E/audio_hw_primary( 1942): no pcm card found!
W/audio_hw_primary( 1942): out_write error: -19, sleeping...
E/audio_hw_primary( 1942): no pcm card found!
W/audio_hw_primary( 1942): out_write error: -19, sleeping...
E/audio_hw_primary( 1942): no pcm card found!
W/audio_hw_primary( 1942): out_write error: -19, sleeping...
E/audio_hw_primary( 1942): no pcm card found!
W/audio_hw_primary( 1942): out_write error: -19, sleeping...
E/audio_hw_primary( 1942): no pcm card found!
W/audio_hw_primary( 1942): out_write error: -19, sleeping...
E/audio_hw_primary( 1942): no pcm card found!
W/audio_hw_primary( 1942): out_write error: -19, sleeping...
E/audio_hw_primary( 1942): no pcm card found!
W/audio_hw_primary( 1942): out_write error: -19, sleeping...
E/audio_hw_primary( 1942): no pcm card found!
W/audio_hw_primary( 1942): out_write error: -19, sleeping...
E/audio_hw_primary( 1942): no pcm card found!
W/audio_hw_primary( 1942): out_write error: -19, sleeping...
E/audio_hw_primary( 1942): no pcm card found!
W/audio_hw_primary( 1942): out_write error: -19, sleeping...
E/audio_hw_primary( 1942): no pcm card found!
W/audio_hw_primary( 1942): out_write error: -19, sleeping...
E/audio_hw_primary( 1942): no pcm card found!
W/audio_hw_primary( 1942): out_write error: -19, sleeping...
E/audio_hw_primary( 1942): no pcm card found!
W/audio_hw_primary( 1942): out_write error: -19, sleeping...
E/audio_hw_primary( 1942): no pcm card found!
W/audio_hw_primary( 1942): out_write error: -19, sleeping...
E/audio_hw_primary( 1942): no pcm card found!
W/audio_hw_primary( 1942): out_write error: -19, sleeping...
E/audio_hw_primary( 1942): no pcm card found!
W/audio_hw_primary( 1942): out_write error: -19, sleeping...
E/audio_hw_primary( 1942): no pcm card found!
W/audio_hw_primary( 1942): out_write error: -19, sleeping...
E/audio_hw_primary( 1942): no pcm card found!
W/audio_hw_primary( 1942): out_write error: -19, sleeping...
E/audio_hw_primary( 1942): no pcm card found!
W/audio_hw_primary( 1942): out_write error: -19, sleeping...
E/audio_hw_primary( 1942): no pcm card found!
W/audio_hw_primary( 1942): out_write error: -19, sleeping...
E/audio_hw_primary( 1942): no pcm card found!
W/audio_hw_primary( 1942): out_write error: -19, sleeping...
E/audio_hw_primary( 1942): no pcm card found!
W/audio_hw_primary( 1942): out_write error: -19, sleeping...
E/audio_hw_primary( 1942): no pcm card found!
W/audio_hw_primary( 1942): out_write error: -19, sleeping...
E/audio_hw_primary( 1942): no pcm card found!
W/audio_hw_primary( 1942): out_write error: -19, sleeping...
E/audio_hw_primary( 1942): no pcm card found!
W/audio_hw_primary( 1942): out_write error: -19, sleeping...
D/ConnectivityService( 2279): special network not available ni=mobile_hipri
E/audio_hw_primary( 1942): no pcm card found!
W/audio_hw_primary( 1942): out_write error: -19, sleeping...
E/audio_hw_primary( 1942): no pcm card found!
W/audio_hw_primary( 1942): out_write error: -19, sleeping...
E/audio_hw_primary( 1942): no pcm card found!
W/audio_hw_primary( 1942): out_write error: -19, sleeping...
E/audio_hw_primary( 1942): no pcm card found!
W/audio_hw_primary( 1942): out_write error: -19, sleeping...
E/audio_hw_primary( 1942): no pcm card found!
W/audio_hw_primary( 1942): out_write error: -19, sleeping...
E/audio_hw_primary( 1942): no pcm card found!
W/audio_hw_primary( 1942): out_write error: -19, sleeping...
E/audio_hw_primary( 1942): no pcm card found!
W/audio_hw_primary( 1942): out_write error: -19, sleeping...
E/audio_hw_primary( 1942): no pcm card found!
W/audio_hw_primary( 1942): out_write error: -19, sleeping...
E/audio_hw_primary( 1942): no pcm card found!
W/audio_hw_primary( 1942): out_write error: -19, sleeping...
E/audio_hw_primary( 1942): no pcm card found!
W/audio_hw_primary( 1942): out_write error: -19, sleeping...
E/audio_hw_primary( 1942): no pcm card found!
W/audio_hw_primary( 1942): out_write error: -19, sleeping...
E/audio_hw_primary( 1942): no pcm card found!
W/audio_hw_primary( 1942): out_write error: -19, sleeping...
E/audio_hw_primary( 1942): no pcm card found!
W/audio_hw_primary( 1942): out_write error: -19, sleeping...
E/audio_hw_primary( 1942): no pcm card found!
W/audio_hw_primary( 1942): out_write error: -19, sleeping...
E/audio_hw_primary( 1942): no pcm card found!
W/audio_hw_primary( 1942): out_write error: -19, sleeping...
E/audio_hw_primary( 1942): no pcm card found!
W/audio_hw_primary( 1942): out_write error: -19, sleeping...
E/audio_hw_primary( 1942): no pcm card found!
W/audio_hw_primary( 1942): out_write error: -19, sleeping...
E/audio_hw_primary( 1942): no pcm card found!
W/audio_hw_primary( 1942): out_write error: -19, sleeping...
E/audio_hw_primary( 1942): no pcm card found!
W/audio_hw_primary( 1942): out_write error: -19, sleeping...
E/audio_hw_primary( 1942): no pcm card found!
W/audio_hw_primary( 1942): out_write error: -19, sleeping...
E/audio_hw_primary( 1942): no pcm card found!
W/audio_hw_primary( 1942): out_write error: -19, sleeping...
E/audio_hw_primary( 1942): no pcm card found!
W/audio_hw_primary( 1942): out_write error: -19, sleeping...
E/audio_hw_primary( 1942): no pcm card found!
W/audio_hw_primary( 1942): out_write error: -19, sleeping...
E/audio_hw_primary( 1942): no pcm card found!
W/audio_hw_primary( 1942): out_write error: -19, sleeping...
E/audio_hw_primary( 1942): no pcm card found!
W/audio_hw_primary( 1942): out_write error: -19, sleeping...
E/audio_hw_primary( 1942): no pcm card found!
W/audio_hw_primary( 1942): out_write error: -19, sleeping...
E/audio_hw_primary( 1942): no pcm card found!
W/audio_hw_primary( 1942): out_write error: -19, sleeping...
E/audio_hw_primary( 1942): no pcm card found!
W/audio_hw_primary( 1942): out_write error: -19, sleeping...
E/audio_hw_primary( 1942): no pcm card found!
W/audio_hw_primary( 1942): out_write error: -19, sleeping...
E/audio_hw_primary( 1942): no pcm card found!
W/audio_hw_primary( 1942): out_write error: -19, sleeping...
E/audio_hw_primary( 1942): no pcm card found!
W/audio_hw_primary( 1942): out_write error: -19, sleeping...
E/audio_hw_primary( 1942): no pcm card found!
W/audio_hw_primary( 1942): out_write error: -19, sleeping...
E/audio_hw_primary( 1942): no pcm card found!
W/audio_hw_primary( 1942): out_write error: -19, sleeping...
E/audio_hw_primary( 1942): no pcm card found!
W/audio_hw_primary( 1942): out_write error: -19, sleeping...
E/audio_hw_primary( 1942): no pcm card found!
W/audio_hw_primary( 1942): out_write error: -19, sleeping...
E/audio_hw_primary( 1942): no pcm card found!
W/audio_hw_primary( 1942): out_write error: -19, sleeping...
E/audio_hw_primary( 1942): no pcm card found!
W/audio_hw_primary( 1942): out_write error: -19, sleeping...
E/audio_hw_primary( 1942): no pcm card found!
W/audio_hw_primary( 1942): out_write error: -19, sleeping...
E/audio_hw_primary( 1942): no pcm card found!
W/audio_hw_primary( 1942): out_write error: -19, sleeping...
E/audio_hw_primary( 1942): no pcm card found!
W/audio_hw_primary( 1942): out_write error: -19, sleeping...
E/audio_hw_primary( 1942): no pcm card found!
W/audio_hw_primary( 1942): out_write error: -19, sleeping...
E/audio_hw_primary( 1942): no pcm card found!
W/audio_hw_primary( 1942): out_write error: -19, sleeping...
E/audio_hw_primary( 1942): no pcm card found!
W/audio_hw_primary( 1942): out_write error: -19, sleeping...
E/audio_hw_primary( 1942): no pcm card found!
W/audio_hw_primary( 1942): out_write error: -19, sleeping...
E/audio_hw_primary( 1942): no pcm card found!
W/audio_hw_primary( 1942): out_write error: -19, sleeping...
E/audio_hw_primary( 1942): no pcm card found!
W/audio_hw_primary( 1942): out_write error: -19, sleeping...
E/audio_hw_primary( 1942): no pcm card found!
W/audio_hw_primary( 1942): out_write error: -19, sleeping...
E/audio_hw_primary( 1942): no pcm card found!
W/audio_hw_primary( 1942): out_write error: -19, sleeping...
E/audio_hw_primary( 1942): no pcm card found!
W/audio_hw_primary( 1942): out_write error: -19, sleeping...
E/audio_hw_primary( 1942): no pcm card found!
W/audio_hw_primary( 1942): out_write error: -19, sleeping...
E/audio_hw_primary( 1942): no pcm card found!
W/audio_hw_primary( 1942): out_write error: -19, sleeping...
E/audio_hw_primary( 1942): no pcm card found!
W/audio_hw_primary( 1942): out_write error: -19, sleeping...
E/audio_hw_primary( 1942): no pcm card found!
W/audio_hw_primary( 1942): out_write error: -19, sleeping...
E/audio_hw_primary( 1942): no pcm card found!
W/audio_hw_primary( 1942): out_write error: -19, sleeping...
E/audio_hw_primary( 1942): no pcm card found!
W/audio_hw_primary( 1942): out_write error: -19, sleeping...
E/audio_hw_primary( 1942): no pcm card found!
W/audio_hw_primary( 1942): out_write error: -19, sleeping...
E/audio_hw_primary( 1942): no pcm card found!
W/audio_hw_primary( 1942): out_write error: -19, sleeping...
E/audio_hw_primary( 1942): no pcm card found!
W/audio_hw_primary( 1942): out_write error: -19, sleeping...
D/dalvikvm( 3670): GC_FOR_ALLOC freed 9000K, 40% free 14874K/24440K, paused 14ms, total 14ms
E/audio_hw_primary( 1942): no pcm card found!
W/audio_hw_primary( 1942): out_write error: -19, sleeping...
I/dalvikvm-heap( 3670): Grow heap (frag case) to 23.370MB for 9216012-byte allocation
E/audio_hw_primary( 1942): no pcm card found!
W/audio_hw_primary( 1942): out_write error: -19, sleeping...
D/dalvikvm( 3670): GC_FOR_ALLOC freed <1K, 3% free 23874K/24440K, paused 11ms, total 11ms
E/audio_hw_primary( 1942): no pcm card found!
W/audio_hw_primary( 1942): out_write error: -19, sleeping...
E/audio_hw_primary( 1942): no pcm card found!
W/audio_hw_primary( 1942): out_write error: -19, sleeping...
D/dalvikvm( 3670): GC_CONCURRENT freed <1K, 3% free 23874K/24440K, paused 3ms+3ms, total 23ms
E/audio_hw_primary( 1942): no pcm card found!
W/audio_hw_primary( 1942): out_write error: -19, sleeping...
E/audio_hw_primary( 1942): no pcm card found!
W/audio_hw_primary( 1942): out_write error: -19, sleeping...
E/audio_hw_primary( 1942): no pcm card found!
W/audio_hw_primary( 1942): out_write error: -19, sleeping...
E/audio_hw_primary( 1942): no pcm card found!
W/audio_hw_primary( 1942): out_write error: -19, sleeping...
E/audio_hw_primary( 1942): no pcm card found!
W/audio_hw_primary( 1942): out_write error: -19, sleeping...
E/audio_hw_primary( 1942): no pcm card found!
W/audio_hw_primary( 1942): out_write error: -19, sleeping...
E/audio_hw_primary( 1942): no pcm card found!
W/audio_hw_primary( 1942): out_write error: -19, sleeping...
E/audio_hw_primary( 1942): no pcm card found!
W/audio_hw_primary( 1942): out_write error: -19, sleeping...
E/audio_hw_primary( 1942): no pcm card found!
W/audio_hw_primary( 1942): out_write error: -19, sleeping...
D/dalvikvm( 3670): GC_FOR_ALLOC freed 9001K, 4% free 14876K/15436K, paused 12ms, total 12ms
E/audio_hw_primary( 1942): no pcm card found!
W/audio_hw_primary( 1942): out_write error: -19, sleeping...
I/dalvikvm-heap( 3670): Grow heap (frag case) to 23.373MB for 9216012-byte allocation
E/audio_hw_primary( 1942): no pcm card found!
W/audio_hw_primary( 1942): out_write error: -19, sleeping...
D/dalvikvm( 3670): GC_FOR_ALLOC freed <1K, 3% free 23876K/24440K, paused 9ms, total 9ms
E/audio_hw_primary( 1942): no pcm card found!
W/audio_hw_primary( 1942): out_write error: -19, sleeping...
D/dalvikvm( 3670): GC_CONCURRENT freed 0K, 3% free 23876K/24440K, paused 1ms+1ms, total 12ms
E/audio_hw_primary( 1942): no pcm card found!
W/audio_hw_primary( 1942): out_write error: -19, sleeping...
E/audio_hw_primary( 1942): no pcm card found!
W/audio_hw_primary( 1942): out_write error: -19, sleeping...
E/audio_hw_primary( 1942): no pcm card found!
W/audio_hw_primary( 1942): out_write error: -19, sleeping...
E/audio_hw_primary( 1942): no pcm card found!
W/audio_hw_primary( 1942): out_write error: -19, sleeping...
D/dalvikvm( 3670): GC_FOR_ALLOC freed 9001K, 40% free 14876K/24440K, paused 8ms, total 8ms
E/audio_hw_primary( 1942): no pcm card found!
W/audio_hw_primary( 1942): out_write error: -19, sleeping...
I/dalvikvm-heap( 3670): Grow heap (frag case) to 23.373MB for 9216012-byte allocation
D/dalvikvm( 3670): GC_FOR_ALLOC freed <1K, 3% free 23876K/24440K, paused 7ms, total 7ms
E/audio_hw_primary( 1942): no pcm card found!
W/audio_hw_primary( 1942): out_write error: -19, sleeping...
D/dalvikvm( 3670): GC_CONCURRENT freed <1K, 3% free 23876K/24440K, paused 1ms+1ms, total 9ms
E/audio_hw_primary( 1942): no pcm card found!
W/audio_hw_primary( 1942): out_write error: -19, sleeping...
E/audio_hw_primary( 1942): no pcm card found!
W/audio_hw_primary( 1942): out_write error: -19, sleeping...
E/audio_hw_primary( 1942): no pcm card found!
W/audio_hw_primary( 1942): out_write error: -19, sleeping...
E/audio_hw_primary( 1942): no pcm card found!
W/audio_hw_primary( 1942): out_write error: -19, sleeping...
E/audio_hw_primary( 1942): no pcm card found!
W/audio_hw_primary( 1942): out_write error: -19, sleeping...
E/audio_hw_primary( 1942): no pcm card found!
W/audio_hw_primary( 1942): out_write error: -19, sleeping...
E/audio_hw_primary( 1942): no pcm card found!
W/audio_hw_primary( 1942): out_write error: -19, sleeping...
E/audio_hw_primary( 1942): no pcm card found!
W/audio_hw_primary( 1942): out_write error: -19, sleeping...
E/audio_hw_primary( 1942): no pcm card found!
W/audio_hw_primary( 1942): out_write error: -19, sleeping...
E/audio_hw_primary( 1942): no pcm card found!
W/audio_hw_primary( 1942): out_write error: -19, sleeping...
E/audio_hw_primary( 1942): no pcm card found!
W/audio_hw_primary( 1942): out_write error: -19, sleeping...
D/ConnectivityService( 2279): special network not available ni=mobile_hipri
E/audio_hw_primary( 1942): no pcm card found!
W/audio_hw_primary( 1942): out_write error: -19, sleeping...
E/audio_hw_primary( 1942): no pcm card found!
W/audio_hw_primary( 1942): out_write error: -19, sleeping...
E/audio_hw_primary( 1942): no pcm card found!
W/audio_hw_primary( 1942): out_write error: -19, sleeping...
E/audio_hw_primary( 1942): no pcm card found!
W/audio_hw_primary( 1942): out_write error: -19, sleeping...
E/audio_hw_primary( 1942): no pcm card found!
W/audio_hw_primary( 1942): out_write error: -19, sleeping...
E/audio_hw_primary( 1942): no pcm card found!
W/audio_hw_primary( 1942): out_write error: -19, sleeping...
E/audio_hw_primary( 1942): no pcm card found!
W/audio_hw_primary( 1942): out_write error: -19, sleeping...
E/audio_hw_primary( 1942): no pcm card found!
W/audio_hw_primary( 1942): out_write error: -19, sleeping...
E/audio_hw_primary( 1942): no pcm card found!
W/audio_hw_primary( 1942): out_write error: -19, sleeping...
E/audio_hw_primary( 1942): no pcm card found!
W/audio_hw_primary( 1942): out_write error: -19, sleeping...
E/audio_hw_primary( 1942): no pcm card found!
W/audio_hw_primary( 1942): out_write error: -19, sleeping...
E/audio_hw_primary( 1942): no pcm card found!
W/audio_hw_primary( 1942): out_write error: -19, sleeping...
E/audio_hw_primary( 1942): no pcm card found!
W/audio_hw_primary( 1942): out_write error: -19, sleeping...
E/audio_hw_primary( 1942): no pcm card found!
W/audio_hw_primary( 1942): out_write error: -19, sleeping...
E/audio_hw_primary( 1942): no pcm card found!
W/audio_hw_primary( 1942): out_write error: -19, sleeping...
E/audio_hw_primary( 1942): no pcm card found!
W/audio_hw_primary( 1942): out_write error: -19, sleeping...
E/audio_hw_primary( 1942): no pcm card found!
W/audio_hw_primary( 1942): out_write error: -19, sleeping...
E/audio_hw_primary( 1942): no pcm card found!
W/audio_hw_primary( 1942): out_write error: -19, sleeping...
E/audio_hw_primary( 1942): no pcm card found!
W/audio_hw_primary( 1942): out_write error: -19, sleeping...
E/audio_hw_primary( 1942): no pcm card found!
W/audio_hw_primary( 1942): out_write error: -19, sleeping...
E/audio_hw_primary( 1942): no pcm card found!
W/audio_hw_primary( 1942): out_write error: -19, sleeping...
E/audio_hw_primary( 1942): no pcm card found!
W/audio_hw_primary( 1942): out_write error: -19, sleeping...
E/audio_hw_primary( 1942): no pcm card found!
W/audio_hw_primary( 1942): out_write error: -19, sleeping...
E/audio_hw_primary( 1942): no pcm card found!
W/audio_hw_primary( 1942): out_write error: -19, sleeping...
E/audio_hw_primary( 1942): no pcm card found!
W/audio_hw_primary( 1942): out_write error: -19, sleeping...
E/audio_hw_primary( 1942): no pcm card found!
W/audio_hw_primary( 1942): out_write error: -19, sleeping...
E/audio_hw_primary( 1942): no pcm card found!
W/audio_hw_primary( 1942): out_write error: -19, sleeping...
E/audio_hw_primary( 1942): no pcm card found!
W/audio_hw_primary( 1942): out_write error: -19, sleeping...
E/audio_hw_primary( 1942): no pcm card found!
W/audio_hw_primary( 1942): out_write error: -19, sleeping...
E/audio_hw_primary( 1942): no pcm card found!
W/audio_hw_primary( 1942): out_write error: -19, sleeping...
E/audio_hw_primary( 1942): no pcm card found!
W/audio_hw_primary( 1942): out_write error: -19, sleeping...
E/audio_hw_primary( 1942): no pcm card found!
W/audio_hw_primary( 1942): out_write error: -19, sleeping...
E/audio_hw_primary( 1942): no pcm card found!
W/audio_hw_primary( 1942): out_write error: -19, sleeping...
E/audio_hw_primary( 1942): no pcm card found!
W/audio_hw_primary( 1942): out_write error: -19, sleeping...
E/audio_hw_primary( 1942): no pcm card found!
W/audio_hw_primary( 1942): out_write error: -19, sleeping...
E/audio_hw_primary( 1942): no pcm card found!
W/audio_hw_primary( 1942): out_write error: -19, sleeping...
E/audio_hw_primary( 1942): no pcm card found!
W/audio_hw_primary( 1942): out_write error: -19, sleeping...
E/audio_hw_primary( 1942): no pcm card found!
W/audio_hw_primary( 1942): out_write error: -19, sleeping...
E/audio_hw_primary( 1942): no pcm card found!
W/audio_hw_primary( 1942): out_write error: -19, sleeping...
E/audio_hw_primary( 1942): no pcm card found!
W/audio_hw_primary( 1942): out_write error: -19, sleeping...
E/audio_hw_primary( 1942): no pcm card found!
W/audio_hw_primary( 1942): out_write error: -19, sleeping...
E/audio_hw_primary( 1942): no pcm card found!
W/audio_hw_primary( 1942): out_write error: -19, sleeping...
E/audio_hw_primary( 1942): no pcm card found!
W/audio_hw_primary( 1942): out_write error: -19, sleeping...
E/audio_hw_primary( 1942): no pcm card found!
W/audio_hw_primary( 1942): out_write error: -19, sleeping...
E/audio_hw_primary( 1942): no pcm card found!
W/audio_hw_primary( 1942): out_write error: -19, sleeping...
E/audio_hw_primary( 1942): no pcm card found!
W/audio_hw_primary( 1942): out_write error: -19, sleeping...
E/audio_hw_primary( 1942): no pcm card found!
W/audio_hw_primary( 1942): out_write error: -19, sleeping...
E/audio_hw_primary( 1942): no pcm card found!
W/audio_hw_primary( 1942): out_write error: -19, sleeping...
E/audio_hw_primary( 1942): no pcm card found!
W/audio_hw_primary( 1942): out_write error: -19, sleeping...
E/audio_hw_primary( 1942): no pcm card found!
W/audio_hw_primary( 1942): out_write error: -19, sleeping...
E/audio_hw_primary( 1942): no pcm card found!
W/audio_hw_primary( 1942): out_write error: -19, sleeping...
E/audio_hw_primary( 1942): no pcm card found!
W/audio_hw_primary( 1942): out_write error: -19, sleeping...
E/audio_hw_primary( 1942): no pcm card found!
W/audio_hw_primary( 1942): out_write error: -19, sleeping...
E/audio_hw_primary( 1942): no pcm card found!
W/audio_hw_primary( 1942): out_write error: -19, sleeping...
E/audio_hw_primary( 1942): no pcm card found!
W/audio_hw_primary( 1942): out_write error: -19, sleeping...
E/audio_hw_primary( 1942): no pcm card found!
W/audio_hw_primary( 1942): out_write error: -19, sleeping...
E/audio_hw_primary( 1942): no pcm card found!
W/audio_hw_primary( 1942): out_write error: -19, sleeping...
E/audio_hw_primary( 1942): no pcm card found!
W/audio_hw_primary( 1942): out_write error: -19, sleeping...
E/audio_hw_primary( 1942): no pcm card found!
W/audio_hw_primary( 1942): out_write error: -19, sleeping...
E/audio_hw_primary( 1942): no pcm card found!
W/audio_hw_primary( 1942): out_write error: -19, sleeping...
E/audio_hw_primary( 1942): no pcm card found!
W/audio_hw_primary( 1942): out_write error: -19, sleeping...
E/audio_hw_primary( 1942): no pcm card found!
W/audio_hw_primary( 1942): out_write error: -19, sleeping...
E/audio_hw_primary( 1942): no pcm card found!
W/audio_hw_primary( 1942): out_write error: -19, sleeping...
E/audio_hw_primary( 1942): no pcm card found!
W/audio_hw_primary( 1942): out_write error: -19, sleeping...
E/audio_hw_primary( 1942): no pcm card found!
W/audio_hw_primary( 1942): out_write error: -19, sleeping...
E/audio_hw_primary( 1942): no pcm card found!
W/audio_hw_primary( 1942): out_write error: -19, sleeping...
E/audio_hw_primary( 1942): no pcm card found!
W/audio_hw_primary( 1942): out_write error: -19, sleeping...
E/audio_hw_primary( 1942): no pcm card found!
W/audio_hw_primary( 1942): out_write error: -19, sleeping...
E/audio_hw_primary( 1942): no pcm card found!
W/audio_hw_primary( 1942): out_write error: -19, sleeping...
E/audio_hw_primary( 1942): no pcm card found!
W/audio_hw_primary( 1942): out_write error: -19, sleeping...
E/audio_hw_primary( 1942): no pcm card found!
W/audio_hw_primary( 1942): out_write error: -19, sleeping...
E/audio_hw_primary( 1942): no pcm card found!
W/audio_hw_primary( 1942): out_write error: -19, sleeping...
E/audio_hw_primary( 1942): no pcm card found!
W/audio_hw_primary( 1942): out_write error: -19, sleeping...
E/audio_hw_primary( 1942): no pcm card found!
W/audio_hw_primary( 1942): out_write error: -19, sleeping...
E/audio_hw_primary( 1942): no pcm card found!
W/audio_hw_primary( 1942): out_write error: -19, sleeping...
E/audio_hw_primary( 1942): no pcm card found!
W/audio_hw_primary( 1942): out_write error: -19, sleeping...
E/audio_hw_primary( 1942): no pcm card found!
W/audio_hw_primary( 1942): out_write error: -19, sleeping...
E/audio_hw_primary( 1942): no pcm card found!
W/audio_hw_primary( 1942): out_write error: -19, sleeping...
E/audio_hw_primary( 1942): no pcm card found!
W/audio_hw_primary( 1942): out_write error: -19, sleeping...
E/audio_hw_primary( 1942): no pcm card found!
W/audio_hw_primary( 1942): out_write error: -19, sleeping...
E/audio_hw_primary( 1942): no pcm card found!
W/audio_hw_primary( 1942): out_write error: -19, sleeping...
E/audio_hw_primary( 1942): no pcm card found!
W/audio_hw_primary( 1942): out_write error: -19, sleeping...
E/audio_hw_primary( 1942): no pcm card found!
W/audio_hw_primary( 1942): out_write error: -19, sleeping...
E/audio_hw_primary( 1942): no pcm card found!
W/audio_hw_primary( 1942): out_write error: -19, sleeping...
E/audio_hw_primary( 1942): no pcm card found!
W/audio_hw_primary( 1942): out_write error: -19, sleeping...
E/audio_hw_primary( 1942): no pcm card found!
W/audio_hw_primary( 1942): out_write error: -19, sleeping...
I/InputReader( 2279): Reconfiguring input devices. changes=0x00000010
E/audio_hw_primary( 1942): no pcm card found!
W/audio_hw_primary( 1942): out_write error: -19, sleeping...
W/Launcher.Model( 3998): Nobody to tell about the new app. Launcher is probably loading.
I/InputReader( 2279): Reconfiguring input devices. changes=0x00000010
E/audio_hw_primary( 1942): no pcm card found!
W/audio_hw_primary( 1942): out_write error: -19, sleeping...
W/Launcher.Model( 3998): Nobody to tell about the new app. Launcher is probably loading.
E/audio_hw_primary( 1942): no pcm card found!
