W/audio_hw_primary( 1942): out_write error: -19, sleeping...
I/PackageManager( 2279): Adding preferred activity ComponentInfo{com.android.mms/com.android.mms.ui.ComposeMessageActivity} for user 0 :
I/PackageManager( 2279): Action: "android.intent.action.SENDTO"
I/PackageManager( 2279): Category: "android.intent.category.DEFAULT"
I/PackageManager( 2279): Scheme: "sms"
D/PackageBroadcastService( 2611): Received broadcast action=android.intent.action.PACKAGE_CHANGED and uri=com.google.android.setupwizard
E/audio_hw_primary( 1942): no pcm card found!
W/audio_hw_primary( 1942): out_write error: -19, sleeping...
I/PackageManager( 2279): Action: "android.intent.action.SENDTO"
I/PackageManager( 2279): Category: "android.intent.category.DEFAULT"
I/PackageManager( 2279): Scheme: "smsto"
I/PackageManager( 2279): Adding preferred activity ComponentInfo{com.android.mms/com.android.mms.ui.ComposeMessageActivity} for user 0 :
I/PackageManager( 2279): Action: "android.intent.action.SENDTO"
I/PackageManager( 2279): Category: "android.intent.category.DEFAULT"
I/PackageManager( 2279): Scheme: "mms"
I/PackageManager( 2279): Adding preferred activity ComponentInfo{com.android.mms/com.android.mms.ui.ComposeMessageActivity} for user 0 :
D/dalvikvm( 2611): GC_CONCURRENT freed 383K, 13% free 3946K/4508K, paused 1ms+2ms, total 20ms
E/audio_hw_primary( 1942): no pcm card found!
W/audio_hw_primary( 1942): out_write error: -19, sleeping...
I/PeopleContactsSync( 2611): CP2 sync disabled
I/PackageManager( 2279): Action: "android.intent.action.SENDTO"
I/PackageManager( 2279): Category: "android.intent.category.DEFAULT"
I/PackageManager( 2279): Scheme: "mmsto"
I/PackageManager( 2279): Adding preferred activity ComponentInfo{com.android.mms/com.android.mms.ui.ComposeMessageActivity} for user 0 :
E/audio_hw_primary( 1942): no pcm card found!
W/audio_hw_primary( 1942): out_write error: -19, sleeping...
E/Icing ( 2611): Couldn't handle android.intent.action.PACKAGE_CHANGED intent due to initialization failure.
E/audio_hw_primary( 1942): no pcm card found!
W/audio_hw_primary( 1942): out_write error: -19, sleeping...
I/PackageManager( 2279): Action: "android.intent.action.SENDTO"
I/PackageManager( 2279): Category: "android.intent.category.DEFAULT"
I/PackageManager( 2279): Scheme: "sms"
I/PackageManager( 2279): Adding preferred activity ComponentInfo{com.android.mms/com.android.mms.ui.ComposeMessageActivity} for user 0 :
E/audio_hw_primary( 1942): no pcm card found!
W/audio_hw_primary( 1942): out_write error: -19, sleeping...
I/PackageManager( 2279): Action: "android.intent.action.SENDTO"
I/PackageManager( 2279): Category: "android.intent.category.DEFAULT"
I/PackageManager( 2279): Scheme: "smsto"
I/PackageManager( 2279): Adding preferred activity ComponentInfo{com.android.mms/com.android.mms.ui.ComposeMessageActivity} for user 0 :
E/audio_hw_primary( 1942): no pcm card found!
W/audio_hw_primary( 1942): out_write error: -19, sleeping...
I/PackageManager( 2279): Action: "android.intent.action.SENDTO"
I/PackageManager( 2279): Category: "android.intent.category.DEFAULT"
I/PackageManager( 2279): Scheme: "mms"
I/PackageManager( 2279): Adding preferred activity ComponentInfo{com.android.mms/com.android.mms.ui.ComposeMessageActivity} for user 0 :
D/ConnectivityService( 2279): special network not available ni=mobile_hipri
E/audio_hw_primary( 1942): no pcm card found!
W/audio_hw_primary( 1942): out_write error: -19, sleeping...
I/PackageManager( 2279): Action: "android.intent.action.SENDTO"
I/PackageManager( 2279): Category: "android.intent.category.DEFAULT"
I/PackageManager( 2279): Scheme: "mmsto"
I/PackageManager( 2279): Adding preferred activity ComponentInfo{com.android.mms/com.android.mms.ui.ComposeMessageActivity} for user 0 :
E/audio_hw_primary( 1942): no pcm card found!
W/audio_hw_primary( 1942): out_write error: -19, sleeping...
I/PackageManager( 2279): Action: "android.intent.action.SENDTO"
I/PackageManager( 2279): Category: "android.intent.category.DEFAULT"
I/PackageManager( 2279): Scheme: "sms"
I/PackageManager( 2279): Adding preferred activity ComponentInfo{com.android.mms/com.android.mms.ui.ComposeMessageActivity} for user 0 :
E/audio_hw_primary( 1942): no pcm card found!
W/audio_hw_primary( 1942): out_write error: -19, sleeping...
D/dalvikvm( 2279): GC_CONCURRENT freed 875K, 25% free 8441K/11112K, paused 3ms+3ms, total 33ms
D/dalvikvm( 2279): WAIT_FOR_CONCURRENT_GC blocked 16ms
E/audio_hw_primary( 1942): no pcm card found!
W/audio_hw_primary( 1942): out_write error: -19, sleeping...
D/dalvikvm( 2279): WAIT_FOR_CONCURRENT_GC blocked 16ms
D/dalvikvm( 2279): WAIT_FOR_CONCURRENT_GC blocked 17ms
I/PackageManager( 2279): Action: "android.intent.action.SENDTO"
I/PackageManager( 2279): Category: "android.intent.category.DEFAULT"
I/PackageManager( 2279): Scheme: "smsto"
I/PackageManager( 2279): Adding preferred activity ComponentInfo{com.android.mms/com.android.mms.ui.ComposeMessageActivity} for user 0 :
I/PackageManager( 2279): Action: "android.intent.action.SENDTO"
I/PackageManager( 2279): Category: "android.intent.category.DEFAULT"
I/PackageManager( 2279): Scheme: "mms"
I/PackageManager( 2279): Adding preferred activity ComponentInfo{com.android.mms/com.android.mms.ui.ComposeMessageActivity} for user 0 :
I/PackageManager( 2279): Action: "android.intent.action.SENDTO"
E/audio_hw_primary( 1942): no pcm card found!
W/audio_hw_primary( 1942): out_write error: -19, sleeping...
I/PackageManager( 2279): Category: "android.intent.category.DEFAULT"
I/PackageManager( 2279): Scheme: "mmsto"
I/PackageManager( 2279): Adding preferred activity ComponentInfo{com.android.mms/com.android.mms.ui.ComposeMessageActivity} for user 0 :
I/PackageManager( 2279): Action: "android.intent.action.SENDTO"
I/PackageManager( 2279): Category: "android.intent.category.DEFAULT"
I/PackageManager( 2279): Scheme: "sms"
I/PackageManager( 2279): Adding preferred activity ComponentInfo{com.android.mms/com.android.mms.ui.ComposeMessageActivity} for user 0 :
E/audio_hw_primary( 1942): no pcm card found!
W/audio_hw_primary( 1942): out_write error: -19, sleeping...
I/PackageManager( 2279): Action: "android.intent.action.SENDTO"
I/PackageManager( 2279): Category: "android.intent.category.DEFAULT"
I/PackageManager( 2279): Scheme: "smsto"
I/PackageManager( 2279): Adding preferred activity ComponentInfo{com.android.mms/com.android.mms.ui.ComposeMessageActivity} for user 0 :
I/PackageManager( 2279): Action: "android.intent.action.SENDTO"
I/PackageManager( 2279): Category: "android.intent.category.DEFAULT"
I/PackageManager( 2279): Scheme: "mms"
I/PackageManager( 2279): Adding preferred activity ComponentInfo{com.android.mms/com.android.mms.ui.ComposeMessageActivity} for user 0 :
W/LocationProviderProxy-fused( 2279): com.google.android.gms resolves service com.android.location.service.FusedLocationProvider, but has wrong signature, ignoring
I/PackageManager( 2279): Action: "android.intent.action.SENDTO"
I/PackageManager( 2279): Category: "android.intent.category.DEFAULT"
I/PackageManager( 2279): Scheme: "mmsto"
I/PackageManager( 2279): Adding preferred activity ComponentInfo{com.android.mms/com.android.mms.ui.ComposeMessageActivity} for user 0 :
E/audio_hw_primary( 1942): no pcm card found!
W/audio_hw_primary( 1942): out_write error: -19, sleeping...
E/audio_hw_primary( 1942): no pcm card found!
W/audio_hw_primary( 1942): out_write error: -19, sleeping...
W/Launcher( 3670): setApplicationContext called twice! old=com.android.launcher3.LauncherApplication@2c17a38c new=com.android.launcher3.LauncherApplication@2c17a38c
I/IcingCorporaProvider( 2993): Updating corpora: APPS=com.google.android.setupwizard, CONTACTS=MAYBE
E/audio_hw_primary( 1942): no pcm card found!
W/audio_hw_primary( 1942): out_write error: -19, sleeping...
W/LocationProviderProxy-fused( 2279): com.google.android.gms resolves service com.android.location.service.FusedLocationProvider, but has wrong signature, ignoring
E/audio_hw_primary( 1942): no pcm card found!
W/audio_hw_primary( 1942): out_write error: -19, sleeping...
D/PackageBroadcastService( 2611): Received broadcast action=android.intent.action.PACKAGE_CHANGED and uri=com.android.provision
I/PeopleContactsSync( 2611): CP2 sync disabled
E/Icing ( 2611): Not initialized
E/Icing ( 2611): Couldn't handle android.intent.action.PACKAGE_CHANGED intent due to initialization failure.
E/.AppDataSearchProvider( 2993): Could not connect to AppDataSearchClient for registerCorpora, error 16
W/IcingCorporaProvider( 2993): Corpora registration failed
E/audio_hw_primary( 1942): no pcm card found!
W/audio_hw_primary( 1942): out_write error: -19, sleeping...
E/audio_hw_primary( 1942): no pcm card found!
W/audio_hw_primary( 1942): out_write error: -19, sleeping...
I/IcingCorporaProvider( 2993): UpdateCorporaTask done [took 38 ms] updated apps [took 38 ms]
E/WindowManager( 2279): Starting window AppWindowToken{2c2c7d0c token=Token{2c2e9b60 ActivityRecord{2c2c7be4 u0 com.google.android.setupwizard/.DateTimeSetupActivity t3}}} timed out
E/audio_hw_primary( 1942): no pcm card found!
W/audio_hw_primary( 1942): out_write error: -19, sleeping...
E/audio_hw_primary( 1942): no pcm card found!
W/audio_hw_primary( 1942): out_write error: -19, sleeping...
W/Launcher( 3670): setApplicationContext called twice! old=com.android.launcher3.LauncherApplication@2c17a38c new=com.android.launcher3.LauncherApplication@2c17a38c
E/audio_hw_primary( 1942): no pcm card found!
W/audio_hw_primary( 1942): out_write error: -19, sleeping...
I/IcingCorporaProvider( 2993): Updating corpora: APPS=com.android.provision, CONTACTS=MAYBE
E/audio_hw_primary( 1942): no pcm card found!
W/audio_hw_primary( 1942): out_write error: -19, sleeping...
E/Icing ( 2611): Not initialized
E/.AppDataSearchProvider( 2993): Could not connect to AppDataSearchClient for registerCorpora, error 16
W/IcingCorporaProvider( 2993): Corpora registration failed
E/audio_hw_primary( 1942): no pcm card found!
W/audio_hw_primary( 1942): out_write error: -19, sleeping...
I/IcingCorporaProvider( 2993): UpdateCorporaTask done [took 25 ms] updated apps [took 25 ms]
D/dalvikvm( 2993): GC_CONCURRENT freed 548K, 30% free 4413K/6224K, paused 0ms+2ms, total 8ms
E/audio_hw_primary( 1942): no pcm card found!
W/audio_hw_primary( 1942): out_write error: -19, sleeping...
E/audio_hw_primary( 1942): no pcm card found!
W/audio_hw_primary( 1942): out_write error: -19, sleeping...
E/audio_hw_primary( 1942): no pcm card found!
W/audio_hw_primary( 1942): out_write error: -19, sleeping...
E/audio_hw_primary( 1942): no pcm card found!
W/audio_hw_primary( 1942): out_write error: -19, sleeping...
E/audio_hw_primary( 1942): no pcm card found!
W/audio_hw_primary( 1942): out_write error: -19, sleeping...
E/audio_hw_primary( 1942): no pcm card found!
W/audio_hw_primary( 1942): out_write error: -19, sleeping...
E/audio_hw_primary( 1942): no pcm card found!
W/audio_hw_primary( 1942): out_write error: -19, sleeping...
E/audio_hw_primary( 1942): no pcm card found!
W/audio_hw_primary( 1942): out_write error: -19, sleeping...
E/audio_hw_primary( 1942): no pcm card found!
W/audio_hw_primary( 1942): out_write error: -19, sleeping...
E/audio_hw_primary( 1942): no pcm card found!
W/audio_hw_primary( 1942): out_write error: -19, sleeping...
E/audio_hw_primary( 1942): no pcm card found!
W/audio_hw_primary( 1942): out_write error: -19, sleeping...
E/audio_hw_primary( 1942): no pcm card found!
W/audio_hw_primary( 1942): out_write error: -19, sleeping...
E/audio_hw_primary( 1942): no pcm card found!
W/audio_hw_primary( 1942): out_write error: -19, sleeping...
E/audio_hw_primary( 1942): no pcm card found!
W/audio_hw_primary( 1942): out_write error: -19, sleeping...
E/audio_hw_primary( 1942): no pcm card found!
W/audio_hw_primary( 1942): out_write error: -19, sleeping...
E/audio_hw_primary( 1942): no pcm card found!
W/audio_hw_primary( 1942): out_write error: -19, sleeping...
E/audio_hw_primary( 1942): no pcm card found!
W/audio_hw_primary( 1942): out_write error: -19, sleeping...
E/audio_hw_primary( 1942): no pcm card found!
W/audio_hw_primary( 1942): out_write error: -19, sleeping...
E/audio_hw_primary( 1942): no pcm card found!
W/audio_hw_primary( 1942): out_write error: -19, sleeping...
E/audio_hw_primary( 1942): no pcm card found!
W/audio_hw_primary( 1942): out_write error: -19, sleeping...
E/audio_hw_primary( 1942): no pcm card found!
W/audio_hw_primary( 1942): out_write error: -19, sleeping...
E/audio_hw_primary( 1942): no pcm card found!
W/audio_hw_primary( 1942): out_write error: -19, sleeping...
E/audio_hw_primary( 1942): no pcm card found!
W/audio_hw_primary( 1942): out_write error: -19, sleeping...
E/audio_hw_primary( 1942): no pcm card found!
W/audio_hw_primary( 1942): out_write error: -19, sleeping...
E/audio_hw_primary( 1942): no pcm card found!
W/audio_hw_primary( 1942): out_write error: -19, sleeping...
E/audio_hw_primary( 1942): no pcm card found!
W/audio_hw_primary( 1942): out_write error: -19, sleeping...
E/audio_hw_primary( 1942): no pcm card found!
W/audio_hw_primary( 1942): out_write error: -19, sleeping...
E/audio_hw_primary( 1942): no pcm card found!
W/audio_hw_primary( 1942): out_write error: -19, sleeping...
E/audio_hw_primary( 1942): no pcm card found!
W/audio_hw_primary( 1942): out_write error: -19, sleeping...
E/audio_hw_primary( 1942): no pcm card found!
W/audio_hw_primary( 1942): out_write error: -19, sleeping...
E/audio_hw_primary( 1942): no pcm card found!
W/audio_hw_primary( 1942): out_write error: -19, sleeping...
E/audio_hw_primary( 1942): no pcm card found!
W/audio_hw_primary( 1942): out_write error: -19, sleeping...
E/audio_hw_primary( 1942): no pcm card found!
W/audio_hw_primary( 1942): out_write error: -19, sleeping...
E/audio_hw_primary( 1942): no pcm card found!
W/audio_hw_primary( 1942): out_write error: -19, sleeping...
E/audio_hw_primary( 1942): no pcm card found!
W/audio_hw_primary( 1942): out_write error: -19, sleeping...
E/audio_hw_primary( 1942): no pcm card found!
W/audio_hw_primary( 1942): out_write error: -19, sleeping...
E/audio_hw_primary( 1942): no pcm card found!
W/audio_hw_primary( 1942): out_write error: -19, sleeping...
E/audio_hw_primary( 1942): no pcm card found!
W/audio_hw_primary( 1942): out_write error: -19, sleeping...
E/audio_hw_primary( 1942): no pcm card found!
W/audio_hw_primary( 1942): out_write error: -19, sleeping...
E/audio_hw_primary( 1942): no pcm card found!
W/audio_hw_primary( 1942): out_write error: -19, sleeping...
E/audio_hw_primary( 1942): no pcm card found!
W/audio_hw_primary( 1942): out_write error: -19, sleeping...
E/audio_hw_primary( 1942): no pcm card found!
W/audio_hw_primary( 1942): out_write error: -19, sleeping...
E/audio_hw_primary( 1942): no pcm card found!
W/audio_hw_primary( 1942): out_write error: -19, sleeping...
E/audio_hw_primary( 1942): no pcm card found!
W/audio_hw_primary( 1942): out_write error: -19, sleeping...
E/audio_hw_primary( 1942): no pcm card found!
W/audio_hw_primary( 1942): out_write error: -19, sleeping...
E/audio_hw_primary( 1942): no pcm card found!
W/audio_hw_primary( 1942): out_write error: -19, sleeping...
E/audio_hw_primary( 1942): no pcm card found!
W/audio_hw_primary( 1942): out_write error: -19, sleeping...
E/audio_hw_primary( 1942): no pcm card found!
W/audio_hw_primary( 1942): out_write error: -19, sleeping...
E/audio_hw_primary( 1942): no pcm card found!
W/audio_hw_primary( 1942): out_write error: -19, sleeping...
E/audio_hw_primary( 1942): no pcm card found!
W/audio_hw_primary( 1942): out_write error: -19, sleeping...
E/audio_hw_primary( 1942): no pcm card found!
W/audio_hw_primary( 1942): out_write error: -19, sleeping...
E/audio_hw_primary( 1942): no pcm card found!
W/audio_hw_primary( 1942): out_write error: -19, sleeping...
E/audio_hw_primary( 1942): no pcm card found!
W/audio_hw_primary( 1942): out_write error: -19, sleeping...
E/audio_hw_primary( 1942): no pcm card found!
W/audio_hw_primary( 1942): out_write error: -19, sleeping...
E/audio_hw_primary( 1942): no pcm card found!
W/audio_hw_primary( 1942): out_write error: -19, sleeping...
E/audio_hw_primary( 1942): no pcm card found!
W/audio_hw_primary( 1942): out_write error: -19, sleeping...
E/audio_hw_primary( 1942): no pcm card found!
W/audio_hw_primary( 1942): out_write error: -19, sleeping...
E/audio_hw_primary( 1942): no pcm card found!
W/audio_hw_primary( 1942): out_write error: -19, sleeping...
E/audio_hw_primary( 1942): no pcm card found!
W/audio_hw_primary( 1942): out_write error: -19, sleeping...
E/audio_hw_primary( 1942): no pcm card found!
W/audio_hw_primary( 1942): out_write error: -19, sleeping...
E/audio_hw_primary( 1942): no pcm card found!
W/audio_hw_primary( 1942): out_write error: -19, sleeping...
E/audio_hw_primary( 1942): no pcm card found!
W/audio_hw_primary( 1942): out_write error: -19, sleeping...
E/audio_hw_primary( 1942): no pcm card found!
W/audio_hw_primary( 1942): out_write error: -19, sleeping...
E/audio_hw_primary( 1942): no pcm card found!
W/audio_hw_primary( 1942): out_write error: -19, sleeping...
E/audio_hw_primary( 1942): no pcm card found!
W/audio_hw_primary( 1942): out_write error: -19, sleeping...
E/audio_hw_primary( 1942): no pcm card found!
W/audio_hw_primary( 1942): out_write error: -19, sleeping...
E/audio_hw_primary( 1942): no pcm card found!
W/audio_hw_primary( 1942): out_write error: -19, sleeping...
E/audio_hw_primary( 1942): no pcm card found!
W/audio_hw_primary( 1942): out_write error: -19, sleeping...
E/audio_hw_primary( 1942): no pcm card found!
W/audio_hw_primary( 1942): out_write error: -19, sleeping...
E/audio_hw_primary( 1942): no pcm card found!
W/audio_hw_primary( 1942): out_write error: -19, sleeping...
E/audio_hw_primary( 1942): no pcm card found!
W/audio_hw_primary( 1942): out_write error: -19, sleeping...
E/audio_hw_primary( 1942): no pcm card found!
W/audio_hw_primary( 1942): out_write error: -19, sleeping...
E/audio_hw_primary( 1942): no pcm card found!
W/audio_hw_primary( 1942): out_write error: -19, sleeping...
D/ConnectivityService( 2279): special network not available ni=mobile_hipri
E/audio_hw_primary( 1942): no pcm card found!
W/audio_hw_primary( 1942): out_write error: -19, sleeping...
E/audio_hw_primary( 1942): no pcm card found!
W/audio_hw_primary( 1942): out_write error: -19, sleeping...
E/audio_hw_primary( 1942): no pcm card found!
W/audio_hw_primary( 1942): out_write error: -19, sleeping...
E/audio_hw_primary( 1942): no pcm card found!
W/audio_hw_primary( 1942): out_write error: -19, sleeping...
E/audio_hw_primary( 1942): no pcm card found!
W/audio_hw_primary( 1942): out_write error: -19, sleeping...
E/audio_hw_primary( 1942): no pcm card found!
W/audio_hw_primary( 1942): out_write error: -19, sleeping...
E/audio_hw_primary( 1942): no pcm card found!
W/audio_hw_primary( 1942): out_write error: -19, sleeping...
E/audio_hw_primary( 1942): no pcm card found!
W/audio_hw_primary( 1942): out_write error: -19, sleeping...
E/audio_hw_primary( 1942): no pcm card found!
W/audio_hw_primary( 1942): out_write error: -19, sleeping...
E/audio_hw_primary( 1942): no pcm card found!
W/audio_hw_primary( 1942): out_write error: -19, sleeping...
E/audio_hw_primary( 1942): no pcm card found!
W/audio_hw_primary( 1942): out_write error: -19, sleeping...
E/audio_hw_primary( 1942): no pcm card found!
W/audio_hw_primary( 1942): out_write error: -19, sleeping...
E/audio_hw_primary( 1942): no pcm card found!
W/audio_hw_primary( 1942): out_write error: -19, sleeping...
E/audio_hw_primary( 1942): no pcm card found!
W/audio_hw_primary( 1942): out_write error: -19, sleeping...
E/audio_hw_primary( 1942): no pcm card found!
W/audio_hw_primary( 1942): out_write error: -19, sleeping...
E/audio_hw_primary( 1942): no pcm card found!
W/audio_hw_primary( 1942): out_write error: -19, sleeping...
E/audio_hw_primary( 1942): no pcm card found!
W/audio_hw_primary( 1942): out_write error: -19, sleeping...
E/audio_hw_primary( 1942): no pcm card found!
W/audio_hw_primary( 1942): out_write error: -19, sleeping...
E/audio_hw_primary( 1942): no pcm card found!
W/audio_hw_primary( 1942): out_write error: -19, sleeping...
E/audio_hw_primary( 1942): no pcm card found!
W/audio_hw_primary( 1942): out_write error: -19, sleeping...
E/audio_hw_primary( 1942): no pcm card found!
W/audio_hw_primary( 1942): out_write error: -19, sleeping...
E/audio_hw_primary( 1942): no pcm card found!
W/audio_hw_primary( 1942): out_write error: -19, sleeping...
E/audio_hw_primary( 1942): no pcm card found!
W/audio_hw_primary( 1942): out_write error: -19, sleeping...
E/audio_hw_primary( 1942): no pcm card found!
W/audio_hw_primary( 1942): out_write error: -19, sleeping...
E/audio_hw_primary( 1942): no pcm card found!
W/audio_hw_primary( 1942): out_write error: -19, sleeping...
E/audio_hw_primary( 1942): no pcm card found!
W/audio_hw_primary( 1942): out_write error: -19, sleeping...
E/audio_hw_primary( 1942): no pcm card found!
W/audio_hw_primary( 1942): out_write error: -19, sleeping...
E/audio_hw_primary( 1942): no pcm card found!
W/audio_hw_primary( 1942): out_write error: -19, sleeping...
E/audio_hw_primary( 1942): no pcm card found!
W/audio_hw_primary( 1942): out_write error: -19, sleeping...
E/audio_hw_primary( 1942): no pcm card found!
W/audio_hw_primary( 1942): out_write error: -19, sleeping...
E/audio_hw_primary( 1942): no pcm card found!
W/audio_hw_primary( 1942): out_write error: -19, sleeping...
E/audio_hw_primary( 1942): no pcm card found!
W/audio_hw_primary( 1942): out_write error: -19, sleeping...
E/audio_hw_primary( 1942): no pcm card found!
W/audio_hw_primary( 1942): out_write error: -19, sleeping...
E/audio_hw_primary( 1942): no pcm card found!
W/audio_hw_primary( 1942): out_write error: -19, sleeping...
E/audio_hw_primary( 1942): no pcm card found!
W/audio_hw_primary( 1942): out_write error: -19, sleeping...
E/audio_hw_primary( 1942): no pcm card found!
W/audio_hw_primary( 1942): out_write error: -19, sleeping...
E/audio_hw_primary( 1942): no pcm card found!
W/audio_hw_primary( 1942): out_write error: -19, sleeping...
E/audio_hw_primary( 1942): no pcm card found!
W/audio_hw_primary( 1942): out_write error: -19, sleeping...
E/audio_hw_primary( 1942): no pcm card found!
W/audio_hw_primary( 1942): out_write error: -19, sleeping...
E/audio_hw_primary( 1942): no pcm card found!
W/audio_hw_primary( 1942): out_write error: -19, sleeping...
E/audio_hw_primary( 1942): no pcm card found!
W/audio_hw_primary( 1942): out_write error: -19, sleeping...
E/audio_hw_primary( 1942): no pcm card found!
W/audio_hw_primary( 1942): out_write error: -19, sleeping...
E/audio_hw_primary( 1942): no pcm card found!
W/audio_hw_primary( 1942): out_write error: -19, sleeping...
E/audio_hw_primary( 1942): no pcm card found!
W/audio_hw_primary( 1942): out_write error: -19, sleeping...
E/audio_hw_primary( 1942): no pcm card found!
W/audio_hw_primary( 1942): out_write error: -19, sleeping...
E/audio_hw_primary( 1942): no pcm card found!
W/audio_hw_primary( 1942): out_write error: -19, sleeping...
E/audio_hw_primary( 1942): no pcm card found!
W/audio_hw_primary( 1942): out_write error: -19, sleeping...
E/audio_hw_primary( 1942): no pcm card found!
W/audio_hw_primary( 1942): out_write error: -19, sleeping...
E/audio_hw_primary( 1942): no pcm card found!
W/audio_hw_primary( 1942): out_write error: -19, sleeping...
E/audio_hw_primary( 1942): no pcm card found!
W/audio_hw_primary( 1942): out_write error: -19, sleeping...
E/audio_hw_primary( 1942): no pcm card found!
W/audio_hw_primary( 1942): out_write error: -19, sleeping...
E/audio_hw_primary( 1942): no pcm card found!
W/audio_hw_primary( 1942): out_write error: -19, sleeping...
E/audio_hw_primary( 1942): no pcm card found!
W/audio_hw_primary( 1942): out_write error: -19, sleeping...
E/audio_hw_primary( 1942): no pcm card found!
W/audio_hw_primary( 1942): out_write error: -19, sleeping...
E/audio_hw_primary( 1942): no pcm card found!
W/audio_hw_primary( 1942): out_write error: -19, sleeping...
E/audio_hw_primary( 1942): no pcm card found!
W/audio_hw_primary( 1942): out_write error: -19, sleeping...
E/audio_hw_primary( 1942): no pcm card found!
W/audio_hw_primary( 1942): out_write error: -19, sleeping...
E/audio_hw_primary( 1942): no pcm card found!
W/audio_hw_primary( 1942): out_write error: -19, sleeping...
E/audio_hw_primary( 1942): no pcm card found!
W/audio_hw_primary( 1942): out_write error: -19, sleeping...
E/audio_hw_primary( 1942): no pcm card found!
W/audio_hw_primary( 1942): out_write error: -19, sleeping...
E/audio_hw_primary( 1942): no pcm card found!
W/audio_hw_primary( 1942): out_write error: -19, sleeping...
E/audio_hw_primary( 1942): no pcm card found!
W/audio_hw_primary( 1942): out_write error: -19, sleeping...
E/audio_hw_primary( 1942): no pcm card found!
W/audio_hw_primary( 1942): out_write error: -19, sleeping...
E/audio_hw_primary( 1942): no pcm card found!
W/audio_hw_primary( 1942): out_write error: -19, sleeping...
E/audio_hw_primary( 1942): no pcm card found!
W/audio_hw_primary( 1942): out_write error: -19, sleeping...
E/audio_hw_primary( 1942): no pcm card found!
W/audio_hw_primary( 1942): out_write error: -19, sleeping...
E/audio_hw_primary( 1942): no pcm card found!
W/audio_hw_primary( 1942): out_write error: -19, sleeping...
E/audio_hw_primary( 1942): no pcm card found!
W/audio_hw_primary( 1942): out_write error: -19, sleeping...
E/audio_hw_primary( 1942): no pcm card found!
W/audio_hw_primary( 1942): out_write error: -19, sleeping...
E/audio_hw_primary( 1942): no pcm card found!
W/audio_hw_primary( 1942): out_write error: -19, sleeping...
E/audio_hw_primary( 1942): no pcm card found!
W/audio_hw_primary( 1942): out_write error: -19, sleeping...
E/audio_hw_primary( 1942): no pcm card found!
W/audio_hw_primary( 1942): out_write error: -19, sleeping...
D/ConnectivityService( 2279): special network not available ni=mobile_hipri
D/ConnectivityService( 2279): special network not available ni=mobile_hipri
D/ConnectivityService( 2279): special network not available ni=mobile_hipri
D/ConnectivityService( 2279): special network not available ni=mobile_hipri
D/ConnectivityService( 2279): special network not available ni=mobile_hipri
D/ConnectivityService( 2279): special network not available ni=mobile_hipri
D/ConnectivityService( 2279): special network not available ni=mobile_hipri
E/audio_hw_primary( 1942): no pcm card found!
W/audio_hw_primary( 1942): out_write error: -19, sleeping...
E/audio_hw_primary( 1942): no pcm card found!
W/audio_hw_primary( 1942): out_write error: -19, sleeping...
E/audio_hw_primary( 1942): no pcm card found!
W/audio_hw_primary( 1942): out_write error: -19, sleeping...
E/audio_hw_primary( 1942): no pcm card found!
W/audio_hw_primary( 1942): out_write error: -19, sleeping...
E/audio_hw_primary( 1942): no pcm card found!
W/audio_hw_primary( 1942): out_write error: -19, sleeping...
E/audio_hw_primary( 1942): no pcm card found!
W/audio_hw_primary( 1942): out_write error: -19, sleeping...
E/audio_hw_primary( 1942): no pcm card found!
W/audio_hw_primary( 1942): out_write error: -19, sleeping...
E/audio_hw_primary( 1942): no pcm card found!
W/audio_hw_primary( 1942): out_write error: -19, sleeping...
W/View ( 3670): requestLayout() improperly called by com.android.launcher3.PagedViewIcon{2cc3c99c VFED..CL ......ID 0,0-237,147 #0} during layout: running second layout pass
W/ResourceType( 3670): No package identifier when getting name for resource number 0x00000001
W/View ( 3670): requestLayout() improperly called by com.android.launcher3.PagedViewIcon{2cc3cfec VFED..CL ......ID 237,0-474,147 #1} during layout: running second layout pass
W/ResourceType( 3670): No package identifier when getting name for resource number 0x00000002
W/View ( 3670): requestLayout() improperly called by com.android.launcher3.PagedViewIcon{2cc3d5fc VFED..CL ......ID 474,0-711,147 #2} during layout: running second layout pass
W/ResourceType( 3670): No package identifier when getting name for resource number 0x00000003
W/View ( 3670): requestLayout() improperly called by com.android.launcher3.PagedViewIcon{2cc3dc0c VFED..CL ......ID 711,0-948,147 #3} during layout: running second layout pass
W/ResourceType( 3670): No package identifier when getting name for resource number 0x00000004
W/View ( 3670): requestLayout() improperly called by com.android.launcher3.PagedViewIcon{2cc3e21c VFED..CL ......ID 948,0-1185,147 #4} during layout: running second layout pass
W/ResourceType( 3670): No package identifier when getting name for resource number 0x00000005
W/View ( 3670): requestLayout() improperly called by com.android.launcher3.PagedViewIcon{2cc3e82c VFED..CL ......ID 1185,0-1422,147 #5} during layout: running second layout pass
W/ResourceType( 3670): No package identifier when getting name for resource number 0x00000006
W/View ( 3670): requestLayout() improperly called by com.android.launcher3.PagedViewIcon{2cc3ee3c VFED..CL ......ID 1422,0-1659,147 #6} during layout: running second layout pass
W/ResourceType( 3670): No package identifier when getting name for resource number 0x00000007
W/View ( 3670): requestLayout() improperly called by com.android.launcher3.PagedViewIcon{2cc3f44c VFED..CL ......ID 1659,0-1896,147 #7} during layout: running second layout pass
W/ResourceType( 3670): No package identifier when getting name for resource number 0x00000008
W/View ( 3670): requestLayout() improperly called by com.android.launcher3.PagedViewIcon{2cc3fa5c VFED..CL ......ID 0,147-237,294 #8} during layout: running second layout pass
E/audio_hw_primary( 1942): no pcm card found!
W/ResourceType( 3670): No package identifier when getting name for resource number 0x00000009
W/audio_hw_primary( 1942): out_write error: -19, sleeping...
W/View ( 3670): requestLayout() improperly called by com.android.launcher3.PagedViewIcon{2cc4006c VFED..CL ......ID 237,147-474,294 #9} during layout: running second layout pass
W/ResourceType( 3670): No package identifier when getting name for resource number 0x0000000a
W/View ( 3670): requestLayout() improperly called by com.android.launcher3.PagedViewIcon{2cc4067c VFED..CL ......ID 474,147-711,294 #a} during layout: running second layout pass
W/ResourceType( 3670): No package identifier when getting name for resource number 0x0000000b
W/View ( 3670): requestLayout() improperly called by com.android.launcher3.PagedViewIcon{2cc40c8c VFED..CL ......ID 711,147-948,294 #b} during layout: running second layout pass
W/ResourceType( 3670): No package identifier when getting name for resource number 0x0000000c
W/View ( 3670): requestLayout() improperly called by com.android.launcher3.PagedViewIcon{2cc4129c VFED..CL ......ID 948,147-1185,294 #c} during layout: running second layout pass
W/ResourceType( 3670): No package identifier when getting name for resource number 0x0000000d
W/View ( 3670): requestLayout() improperly called by com.android.launcher3.PagedViewIcon{2cc4193c VFED..CL ......ID 1185,147-1422,294 #d} during layout: running second layout pass
W/ResourceType( 3670): No package identifier when getting name for resource number 0x0000000e
W/View ( 3670): requestLayout() improperly called by com.android.launcher3.PagedViewIcon{2cc41f4c VFED..CL ......ID 1422,147-1659,294 #e} during layout: running second layout pass
W/ResourceType( 3670): No package identifier when getting name for resource number 0x0000000f
W/View ( 3670): requestLayout() improperly called by com.android.launcher3.PagedViewIcon{2cc4255c VFED..CL ......ID 1659,147-1896,294 #f} during layout: running second layout pass
W/ResourceType( 3670): No package identifier when getting name for resource number 0x00000010
W/View ( 3670): requestLayout() improperly called by com.android.launcher3.PagedViewIcon{2cc42b6c VFED..CL ......ID 0,294-237,441 #10} during layout: running second layout pass
W/ResourceType( 3670): No package identifier when getting name for resource number 0x00000011
W/View ( 3670): requestLayout() improperly called by com.android.launcher3.PagedViewIcon{2cc4317c VFED..CL ......ID 237,294-474,441 #11} during layout: running second layout pass
W/ResourceType( 3670): No package identifier when getting name for resource number 0x00000012
W/View ( 3670): requestLayout() improperly called by com.android.launcher3.PagedViewIcon{2cc4378c VFED..CL ......ID 474,294-711,441 #12} during layout: running second layout pass
W/ResourceType( 3670): No package identifier when getting name for resource number 0x00000013
W/View ( 3670): requestLayout() improperly called by com.android.launcher3.PagedViewIcon{2cc43e1c VFED..CL ......ID 711,294-948,441 #13} during layout: running second layout pass
W/ResourceType( 3670): No package identifier when getting name for resource number 0x00000014
W/View ( 3670): requestLayout() improperly called by com.android.launcher3.PagedViewIcon{2cc4442c VFED..CL ......ID 948,294-1185,441 #14} during layout: running second layout pass
W/ResourceType( 3670): No package identifier when getting name for resource number 0x00000015
W/View ( 3670): requestLayout() improperly called by com.android.launcher3.PagedViewIcon{2cc44a3c VFED..CL ......ID 1185,294-1422,441 #15} during layout: running second layout pass
W/ResourceType( 3670): No package identifier when getting name for resource number 0x00000016
W/View ( 3670): requestLayout() improperly called by com.android.launcher3.PagedViewIcon{2cc4504c VFED..CL ......ID 1422,294-1659,441 #16} during layout: running second layout pass
W/ResourceType( 3670): No package identifier when getting name for resource number 0x00000017
W/View ( 3670): requestLayout() improperly called by com.android.launcher3.PagedViewIcon{2cc4565c VFED..CL ......ID 1659,294-1896,441 #17} during layout: running second layout pass
W/ResourceType( 3670): No package identifier when getting name for resource number 0x00000018
W/View ( 3670): requestLayout() improperly called by com.android.launcher3.PagedViewIcon{2cc45c6c VFED..CL ......ID 0,441-237,588 #18} during layout: running second layout pass
W/ResourceType( 3670): No package identifier when getting name for resource number 0x00000019
W/View ( 3670): requestLayout() improperly called by com.android.launcher3.PagedViewIcon{2cc462cc VFED..CL ......ID 237,441-474,588 #19} during layout: running second layout pass
W/ResourceType( 3670): No package identifier when getting name for resource number 0x0000001a
W/View ( 3670): requestLayout() improperly called by com.android.launcher3.PagedViewIcon{2cc468dc VFED..CL ......ID 474,441-711,588 #1a} during layout: running second layout pass
W/ResourceType( 3670): No package identifier when getting name for resource number 0x0000001b
W/View ( 3670): requestLayout() improperly called by com.android.launcher3.PagedViewIcon{2cc46eec VFED..CL ......ID 711,441-948,588 #1b} during layout: running second layout pass
W/ResourceType( 3670): No package identifier when getting name for resource number 0x0000001c
W/View ( 3670): requestLayout() improperly called by com.android.launcher3.PagedViewIcon{2cc475ac VFED..CL ......ID 948,441-1185,588 #1c} during layout: running second layout pass
W/ResourceType( 3670): No package identifier when getting name for resource number 0x0000001d
W/View ( 3670): requestLayout() improperly called by com.android.launcher3.PagedViewIcon{2cc47bbc VFED..CL ......ID 1185,441-1422,588 #1d} during layout: running second layout pass
W/ResourceType( 3670): No package identifier when getting name for resource number 0x0000001e
W/View ( 3670): requestLayout() improperly called by com.android.launcher3.PagedViewIcon{2cc481cc VFED..CL ......ID 1422,441-1659,588 #1e} during layout: running second layout pass
W/ResourceType( 3670): No package identifier when getting name for resource number 0x0000001f
W/View ( 3670): requestLayout() improperly called by com.android.launcher3.PagedViewIcon{2cc487dc VFED..CL ......ID 1659,441-1896,588 #1f} during layout: running second layout pass
W/ResourceType( 3670): No package identifier when getting name for resource number 0x00000020
W/View ( 3670): requestLayout() improperly called by com.android.launcher3.PagedViewIcon{2cc48dec VFED..CL ......ID 0,588-237,735 #20} during layout: running second layout pass
W/ResourceType( 3670): No package identifier when getting name for resource number 0x00000021
W/View ( 3670): requestLayout() improperly called by com.android.launcher3.PagedViewIcon{2cc493fc VFED..CL ......ID 237,588-474,735 #21} during layout: running second layout pass
E/audio_hw_primary( 1942): no pcm card found!
W/audio_hw_primary( 1942): out_write error: -19, sleeping...
E/audio_hw_primary( 1942): no pcm card found!
W/audio_hw_primary( 1942): out_write error: -19, sleeping...
E/audio_hw_primary( 1942): no pcm card found!
W/audio_hw_primary( 1942): out_write error: -19, sleeping...
E/audio_hw_primary( 1942): no pcm card found!
W/audio_hw_primary( 1942): out_write error: -19, sleeping...
E/audio_hw_primary( 1942): no pcm card found!
W/audio_hw_primary( 1942): out_write error: -19, sleeping...
E/audio_hw_primary( 1942): no pcm card found!
W/audio_hw_primary( 1942): out_write error: -19, sleeping...
E/audio_hw_primary( 1942): no pcm card found!
W/audio_hw_primary( 1942): out_write error: -19, sleeping...
E/audio_hw_primary( 1942): no pcm card found!
W/audio_hw_primary( 1942): out_write error: -19, sleeping...
E/audio_hw_primary( 1942): no pcm card found!
W/audio_hw_primary( 1942): out_write error: -19, sleeping...
E/audio_hw_primary( 1942): no pcm card found!
W/audio_hw_primary( 1942): out_write error: -19, sleeping...
E/audio_hw_primary( 1942): no pcm card found!
W/audio_hw_primary( 1942): out_write error: -19, sleeping...
E/audio_hw_primary( 1942): no pcm card found!
W/audio_hw_primary( 1942): out_write error: -19, sleeping...
E/audio_hw_primary( 1942): no pcm card found!
W/audio_hw_primary( 1942): out_write error: -19, sleeping...
E/audio_hw_primary( 1942): no pcm card found!
W/audio_hw_primary( 1942): out_write error: -19, sleeping...
E/audio_hw_primary( 1942): no pcm card found!
W/audio_hw_primary( 1942): out_write error: -19, sleeping...
E/audio_hw_primary( 1942): no pcm card found!
W/audio_hw_primary( 1942): out_write error: -19, sleeping...
E/audio_hw_primary( 1942): no pcm card found!
W/audio_hw_primary( 1942): out_write error: -19, sleeping...
E/audio_hw_primary( 1942): no pcm card found!
W/audio_hw_primary( 1942): out_write error: -19, sleeping...
E/audio_hw_primary( 1942): no pcm card found!
W/audio_hw_primary( 1942): out_write error: -19, sleeping...
E/audio_hw_primary( 1942): no pcm card found!
W/audio_hw_primary( 1942): out_write error: -19, sleeping...
E/audio_hw_primary( 1942): no pcm card found!
W/audio_hw_primary( 1942): out_write error: -19, sleeping...
E/audio_hw_primary( 1942): no pcm card found!
W/audio_hw_primary( 1942): out_write error: -19, sleeping...
E/audio_hw_primary( 1942): no pcm card found!
W/audio_hw_primary( 1942): out_write error: -19, sleeping...
E/audio_hw_primary( 1942): no pcm card found!
W/audio_hw_primary( 1942): out_write error: -19, sleeping...
E/audio_hw_primary( 1942): no pcm card found!
W/audio_hw_primary( 1942): out_write error: -19, sleeping...
E/audio_hw_primary( 1942): no pcm card found!
W/audio_hw_primary( 1942): out_write error: -19, sleeping...
E/audio_hw_primary( 1942): no pcm card found!
W/audio_hw_primary( 1942): out_write error: -19, sleeping...
E/audio_hw_primary( 1942): no pcm card found!
W/audio_hw_primary( 1942): out_write error: -19, sleeping...
E/audio_hw_primary( 1942): no pcm card found!
W/audio_hw_primary( 1942): out_write error: -19, sleeping...
E/audio_hw_primary( 1942): no pcm card found!
W/audio_hw_primary( 1942): out_write error: -19, sleeping...
E/audio_hw_primary( 1942): no pcm card found!
W/audio_hw_primary( 1942): out_write error: -19, sleeping...
E/audio_hw_primary( 1942): no pcm card found!
W/audio_hw_primary( 1942): out_write error: -19, sleeping...
E/audio_hw_primary( 1942): no pcm card found!
W/audio_hw_primary( 1942): out_write error: -19, sleeping...
E/audio_hw_primary( 1942): no pcm card found!
W/audio_hw_primary( 1942): out_write error: -19, sleeping...
E/audio_hw_primary( 1942): no pcm card found!
W/audio_hw_primary( 1942): out_write error: -19, sleeping...
E/audio_hw_primary( 1942): no pcm card found!
W/audio_hw_primary( 1942): out_write error: -19, sleeping...
E/audio_hw_primary( 1942): no pcm card found!
W/audio_hw_primary( 1942): out_write error: -19, sleeping...
E/audio_hw_primary( 1942): no pcm card found!
W/audio_hw_primary( 1942): out_write error: -19, sleeping...
E/audio_hw_primary( 1942): no pcm card found!
W/audio_hw_primary( 1942): out_write error: -19, sleeping...
E/audio_hw_primary( 1942): no pcm card found!
W/audio_hw_primary( 1942): out_write error: -19, sleeping...
E/audio_hw_primary( 1942): no pcm card found!
W/audio_hw_primary( 1942): out_write error: -19, sleeping...
E/audio_hw_primary( 1942): no pcm card found!
W/audio_hw_primary( 1942): out_write error: -19, sleeping...
E/audio_hw_primary( 1942): no pcm card found!
W/audio_hw_primary( 1942): out_write error: -19, sleeping...
E/audio_hw_primary( 1942): no pcm card found!
W/audio_hw_primary( 1942): out_write error: -19, sleeping...
E/audio_hw_primary( 1942): no pcm card found!
W/audio_hw_primary( 1942): out_write error: -19, sleeping...
E/audio_hw_primary( 1942): no pcm card found!
W/audio_hw_primary( 1942): out_write error: -19, sleeping...
E/audio_hw_primary( 1942): no pcm card found!
W/audio_hw_primary( 1942): out_write error: -19, sleeping...
E/audio_hw_primary( 1942): no pcm card found!
W/audio_hw_primary( 1942): out_write error: -19, sleeping...
E/audio_hw_primary( 1942): no pcm card found!
W/audio_hw_primary( 1942): out_write error: -19, sleeping...
E/audio_hw_primary( 1942): no pcm card found!
W/audio_hw_primary( 1942): out_write error: -19, sleeping...
E/audio_hw_primary( 1942): no pcm card found!
W/audio_hw_primary( 1942): out_write error: -19, sleeping...
E/audio_hw_primary( 1942): no pcm card found!
W/audio_hw_primary( 1942): out_write error: -19, sleeping...
E/audio_hw_primary( 1942): no pcm card found!
W/audio_hw_primary( 1942): out_write error: -19, sleeping...
E/audio_hw_primary( 1942): no pcm card found!
W/audio_hw_primary( 1942): out_write error: -19, sleeping...
E/audio_hw_primary( 1942): no pcm card found!
W/audio_hw_primary( 1942): out_write error: -19, sleeping...
E/audio_hw_primary( 1942): no pcm card found!
W/audio_hw_primary( 1942): out_write error: -19, sleeping...
D/dalvikvm( 3670): GC_FOR_ALLOC freed 9959K, 40% free 15059K/25080K, paused 15ms, total 15ms
I/dalvikvm-heap( 3670): Grow heap (frag case) to 23.551MB for 9216012-byte allocation
E/audio_hw_primary( 1942): no pcm card found!
W/audio_hw_primary( 1942): out_write error: -19, sleeping...
D/dalvikvm( 3670): GC_FOR_ALLOC freed 2K, 5% free 24057K/25080K, paused 11ms, total 11ms
E/audio_hw_primary( 1942): no pcm card found!
W/audio_hw_primary( 1942): out_write error: -19, sleeping...
D/dalvikvm( 3670): GC_CONCURRENT freed 12K, 5% free 24044K/25080K, paused 1ms+1ms, total 12ms
E/audio_hw_primary( 1942): no pcm card found!
W/audio_hw_primary( 1942): out_write error: -19, sleeping...
E/audio_hw_primary( 1942): no pcm card found!
W/audio_hw_primary( 1942): out_write error: -19, sleeping...
E/audio_hw_primary( 1942): no pcm card found!
W/audio_hw_primary( 1942): out_write error: -19, sleeping...
E/audio_hw_primary( 1942): no pcm card found!
W/audio_hw_primary( 1942): out_write error: -19, sleeping...
E/audio_hw_primary( 1942): no pcm card found!
W/audio_hw_primary( 1942): out_write error: -19, sleeping...
D/ConnectivityService( 2279): special network not available ni=mobile_hipri
D/dalvikvm( 3670): GC_FOR_ALLOC freed 1K, 5% free 24046K/25080K, paused 9ms, total 9ms
E/audio_hw_primary( 1942): no pcm card found!
W/audio_hw_primary( 1942): out_write error: -19, sleeping...
I/dalvikvm-heap( 3670): Grow heap (frag case) to 32.328MB for 9216012-byte allocation
E/audio_hw_primary( 1942): no pcm card found!
W/audio_hw_primary( 1942): out_write error: -19, sleeping...
D/dalvikvm( 3670): GC_FOR_ALLOC freed <1K, 4% free 33046K/34084K, paused 7ms, total 7ms
E/audio_hw_primary( 1942): no pcm card found!
W/audio_hw_primary( 1942): out_write error: -19, sleeping...
D/dalvikvm( 3670): GC_CONCURRENT freed 0K, 4% free 33046K/34084K, paused 1ms+2ms, total 9ms
E/audio_hw_primary( 1942): no pcm card found!
W/audio_hw_primary( 1942): out_write error: -19, sleeping...
E/audio_hw_primary( 1942): no pcm card found!
W/audio_hw_primary( 1942): out_write error: -19, sleeping...
E/audio_hw_primary( 1942): no pcm card found!
W/audio_hw_primary( 1942): out_write error: -19, sleeping...
D/dalvikvm( 3670): GC_FOR_ALLOC freed 9000K, 30% free 24046K/34084K, paused 9ms, total 9ms
E/audio_hw_primary( 1942): no pcm card found!
W/audio_hw_primary( 1942): out_write error: -19, sleeping...
I/dalvikvm-heap( 3670): Grow heap (frag case) to 32.328MB for 9216012-byte allocation
E/audio_hw_primary( 1942): no pcm card found!
W/audio_hw_primary( 1942): out_write error: -19, sleeping...
D/dalvikvm( 3670): GC_CONCURRENT freed <1K, 4% free 33046K/34084K, paused 2ms+1ms, total 10ms
D/dalvikvm( 3670): WAIT_FOR_CONCURRENT_GC blocked 9ms
D/dalvikvm( 3670): WAIT_FOR_CONCURRENT_GC blocked 9ms
E/audio_hw_primary( 1942): no pcm card found!
W/audio_hw_primary( 1942): out_write error: -19, sleeping...
E/audio_hw_primary( 1942): no pcm card found!
W/audio_hw_primary( 1942): out_write error: -19, sleeping...
E/audio_hw_primary( 1942): no pcm card found!
W/audio_hw_primary( 1942): out_write error: -19, sleeping...
E/audio_hw_primary( 1942): no pcm card found!
W/audio_hw_primary( 1942): out_write error: -19, sleeping...
E/audio_hw_primary( 1942): no pcm card found!
W/audio_hw_primary( 1942): out_write error: -19, sleeping...
D/dalvikvm( 3670): GC_FOR_ALLOC freed 9000K, 5% free 24046K/25080K, paused 9ms, total 9ms
E/audio_hw_primary( 1942): no pcm card found!
W/audio_hw_primary( 1942): out_write error: -19, sleeping...
I/dalvikvm-heap( 3670): Grow heap (frag case) to 32.328MB for 9216012-byte allocation
E/audio_hw_primary( 1942): no pcm card found!
W/audio_hw_primary( 1942): out_write error: -19, sleeping...
D/dalvikvm( 3670): GC_FOR_ALLOC freed 0K, 4% free 33046K/34084K, paused 7ms, total 7ms
E/audio_hw_primary( 1942): no pcm card found!
W/audio_hw_primary( 1942): out_write error: -19, sleeping...
D/dalvikvm( 3670): GC_CONCURRENT freed <1K, 4% free 33047K/34084K, paused 1ms+2ms, total 13ms
E/audio_hw_primary( 1942): no pcm card found!
W/audio_hw_primary( 1942): out_write error: -19, sleeping...
E/audio_hw_primary( 1942): no pcm card found!
W/audio_hw_primary( 1942): out_write error: -19, sleeping...
E/audio_hw_primary( 1942): no pcm card found!
W/audio_hw_primary( 1942): out_write error: -19, sleeping...
D/dalvikvm( 3670): GC_FOR_ALLOC freed 9000K, 30% free 24047K/34084K, paused 8ms, total 8ms
I/dalvikvm-heap( 3670): Grow heap (frag case) to 32.329MB for 9216012-byte allocation
E/audio_hw_primary( 1942): no pcm card found!
W/audio_hw_primary( 1942): out_write error: -19, sleeping...
D/dalvikvm( 3670): GC_FOR_ALLOC freed <1K, 4% free 33047K/34084K, paused 10ms, total 10ms
E/audio_hw_primary( 1942): no pcm card found!
W/audio_hw_primary( 1942): out_write error: -19, sleeping...
D/dalvikvm( 3670): GC_CONCURRENT freed <1K, 4% free 33047K/34084K, paused 1ms+1ms, total 11ms
E/audio_hw_primary( 1942): no pcm card found!
W/audio_hw_primary( 1942): out_write error: -19, sleeping...
E/audio_hw_primary( 1942): no pcm card found!
W/audio_hw_primary( 1942): out_write error: -19, sleeping...
E/audio_hw_primary( 1942): no pcm card found!
W/audio_hw_primary( 1942): out_write error: -19, sleeping...
D/dalvikvm( 3670): GC_FOR_ALLOC freed 9001K, 5% free 24046K/25080K, paused 8ms, total 8ms
E/audio_hw_primary( 1942): no pcm card found!
W/audio_hw_primary( 1942): out_write error: -19, sleeping...
I/dalvikvm-heap( 3670): Grow heap (frag case) to 32.328MB for 9216012-byte allocation
E/audio_hw_primary( 1942): no pcm card found!
W/audio_hw_primary( 1942): out_write error: -19, sleeping...
D/dalvikvm( 3670): GC_FOR_ALLOC freed <1K, 4% free 33046K/34084K, paused 8ms, total 8ms
E/audio_hw_primary( 1942): no pcm card found!
W/audio_hw_primary( 1942): out_write error: -19, sleeping...
D/dalvikvm( 3670): GC_CONCURRENT freed <1K, 4% free 33047K/34084K, paused 1ms+1ms, total 11ms
E/audio_hw_primary( 1942): no pcm card found!
W/audio_hw_primary( 1942): out_write error: -19, sleeping...
E/audio_hw_primary( 1942): no pcm card found!
W/audio_hw_primary( 1942): out_write error: -19, sleeping...
E/audio_hw_primary( 1942): no pcm card found!
W/audio_hw_primary( 1942): out_write error: -19, sleeping...
E/audio_hw_primary( 1942): no pcm card found!
W/audio_hw_primary( 1942): out_write error: -19, sleeping...
E/audio_hw_primary( 1942): no pcm card found!
W/audio_hw_primary( 1942): out_write error: -19, sleeping...
E/audio_hw_primary( 1942): no pcm card found!
W/audio_hw_primary( 1942): out_write error: -19, sleeping...
E/audio_hw_primary( 1942): no pcm card found!
W/audio_hw_primary( 1942): out_write error: -19, sleeping...
E/audio_hw_primary( 1942): no pcm card found!
W/audio_hw_primary( 1942): out_write error: -19, sleeping...
E/audio_hw_primary( 1942): no pcm card found!
W/audio_hw_primary( 1942): out_write error: -19, sleeping...
E/audio_hw_primary( 1942): no pcm card found!
W/audio_hw_primary( 1942): out_write error: -19, sleeping...
E/audio_hw_primary( 1942): no pcm card found!
W/audio_hw_primary( 1942): out_write error: -19, sleeping...
E/audio_hw_primary( 1942): no pcm card found!
W/audio_hw_primary( 1942): out_write error: -19, sleeping...
E/audio_hw_primary( 1942): no pcm card found!
W/audio_hw_primary( 1942): out_write error: -19, sleeping...
E/audio_hw_primary( 1942): no pcm card found!
W/audio_hw_primary( 1942): out_write error: -19, sleeping...
E/audio_hw_primary( 1942): no pcm card found!
W/audio_hw_primary( 1942): out_write error: -19, sleeping...
E/audio_hw_primary( 1942): no pcm card found!
