--------- beginning of /dev/log/system
I/Vold ( 1935): Vold 2.1 (the revenge) firing up
D/Vold ( 1935): failed to open /fstab.android_x86, use AutoVolume
D/Vold ( 1935): Volume usb0 state changing -1 (Initializing) -> 0 (No-Media)
D/Vold ( 1935): Volume usb1 state changing -1 (Initializing) -> 0 (No-Media)
D/Vold ( 1935): Volume usb2 state changing -1 (Initializing) -> 0 (No-Media)
D/Vold ( 1935): Volume usb3 state changing -1 (Initializing) -> 0 (No-Media)
D/Vold ( 1935): Volume usb0 state changing 0 (No-Media) -> 2 (Pending)
D/DirectVolume( 1935): DirectVolume::handlePartitionAdded -> MAJOR 8, MINOR 1, PARTN 1
D/Vold ( 1935): Volume usb0 state changing 2 (Pending) -> 1 (Idle-Unmounted)
D/Vold ( 1935): Volume usb1 state changing 0 (No-Media) -> 2 (Pending)
D/DirectVolume( 1935): DirectVolume::handlePartitionAdded -> MAJOR 179, MINOR 1, PARTN 1
D/DirectVolume( 1935): DirectVolume::handlePartitionAdded -> MAJOR 179, MINOR 2, PARTN 2
D/DirectVolume( 1935): DirectVolume::handlePartitionAdded -> MAJOR 179, MINOR 3, PARTN 3
D/DirectVolume( 1935): DirectVolume::handlePartitionAdded -> MAJOR 179, MINOR 4, PARTN 4
D/DirectVolume( 1935): DirectVolume::handlePartitionAdded -> MAJOR 179, MINOR 5, PARTN 5
D/Vold ( 1935): Volume usb1 state changing 2 (Pending) -> 1 (Idle-Unmounted)
D/Vold ( 1935): Volume usb2 state changing 0 (No-Media) -> 2 (Pending)
D/DirectVolume( 1935): DirectVolume::handlePartitionAdded -> MAJOR 179, MINOR 33, PARTN 1
D/Vold ( 1935): Volume usb2 state changing 2 (Pending) -> 1 (Idle-Unmounted)
I/SystemServer( 2279): Entered the Android system server!
I/SystemServer( 2279): Waiting for installd to be ready.
I/Installer( 2279): connecting...
I/SystemServer( 2279): Power Manager
I/SystemServer( 2279): Activity Manager
I/ActivityManager( 2279): Memory class: 192
I/AppOps ( 2279): No existing app ops /data/system/appops.xml; starting empty
I/IntentFirewall( 2279): Read new rules (A:0 B:0 S:0)
I/SystemServer( 2279): Display Manager
I/SystemServer( 2279): Telephony Registry
I/SystemServer( 2279): Scheduling Policy
I/DisplayManagerService( 2279): Display device added: DisplayDeviceInfo{"Built-in Screen": 1920 x 1200, 60.000004 fps, density 240, 75.0 x 75.0 dpi, touch INTERNAL, rotation 0, type BUILT_IN, FLAG_DEFAULT_DISPLAY, FLAG_ROTATES_WITH_CONTENT, FLAG_SECURE, FLAG_SUPPORTS_PROTECTED_BUFFERS}
I/SystemServer( 2279): Package Manager
W/FileUtils( 2279): Failed to chmod(/data/system/packages.list): libcore.io.ErrnoException: chmod failed: ENOENT (No such file or directory)
D/SELinuxMMAC( 2279): Couldn't find install policy /data/security/mac_permissions.xml
D/SELinuxMMAC( 2279): Using install policy file /system/etc/security/mac_permissions.xml
I/PackageManager( 2279): No settings file; creating initial state
W/PackageManager( 2279): Running ENG build: no pre-dexopt!
W/PackageParser( 2279): No actions in intent filter at /system/priv-app/Contacts.apk Binary XML file line #375
W/PackageParser( 2279): No actions in intent filter at /system/priv-app/Dialer.apk Binary XML file line #163
W/PackageParser( 2279): No actions in intent filter at /system/priv-app/SetupWizard.apk Binary XML file line #117
W/PackageParser( 2279): No actions in intent filter at /system/app/AndroidTerm.apk Binary XML file line #149
W/PackageParser( 2279): No actions in intent filter at /system/app/Bluetooth.apk Binary XML file line #211
W/PackageParser( 2279): No actions in intent filter at /system/app/CMFileManager.apk Binary XML file line #127
W/PackageParser( 2279): Unknown element under : permission at /system/app/Gallery2.apk Binary XML file line #242
W/PackageParser( 2279): Unknown element under : permission at /system/app/Gallery2.apk Binary XML file line #245
W/PackageManager( 2279): Unable to update from com.android.inputmethod.latin to com.google.android.inputmethod.latin: old package still exists
W/PackageParser( 2279): Problem in package /system/app/Magazines.apk:
W/PackageParser( 2279): Unknown element under : category at /system/app/Magazines.apk Binary XML file line #74
W/PackageParser( 2279): Problem in package /system/app/Magazines.apk:
W/PackageParser( 2279): Unknown element under : category at /system/app/Magazines.apk Binary XML file line #75
W/PackageManager( 2279): Unable to update from com.android.music to com.google.android.music: old package still exists
W/PackageManager( 2279): Package com.google.android.videos desires unavailable shared library com.google.widevine.software.drm; ignoring!
W/PackageManager( 2279): Package com.google.android.gms desires unavailable shared library com.google.android.ble; ignoring!
W/PackageManager( 2279): Package com.android.gallery3d desires unavailable shared library com.google.android.media.effects; ignoring!
I/PackageManager( 2279): Time to scan packages: 19.775 seconds
W/PackageManager( 2279): Not granting permission android.permission.GLOBAL_SEARCH to package com.android.quicksearchbox (protectionLevel=18 flags=0x8be45)
W/PackageManager( 2279): Unknown permission com.android.smspush.WAPPUSH_MANAGER_BIND in package com.android.phone
W/PackageManager( 2279): Unknown permission com.android.launcher.permission.READ_SETTINGS in package com.google.android.onetimeinitializer
W/PackageManager( 2279): Unknown permission com.android.launcher.permission.WRITE_SETTINGS in package com.google.android.onetimeinitializer
W/PackageManager( 2279): Unknown permission com.android.launcher.permission.PRELOAD_WORKSPACE in package com.google.android.partnersetup
W/PackageManager( 2279): Unknown permission com.android.vending.billing.IBillingAccountService.BIND2 in package com.google.android.gsf.login
W/PackageManager( 2279): Unknown permission com.android.chrome.TOS_ACKED in package com.google.android.gsf.login
W/PackageManager( 2279): Unknown permission com.google.android.gallery3d.permission.GALLERY_PROVIDER in package com.android.bluetooth
W/PackageManager( 2279): Not granting permission android.permission.ACCESS_DOWNLOAD_MANAGER to package com.android.browser (protectionLevel=18 flags=0x9be45)
W/PackageManager( 2279): Not granting permission android.permission.SEND_DOWNLOAD_COMPLETED_INTENTS to package com.android.browser (protectionLevel=2 flags=0x9be45)
W/PackageManager( 2279): Unknown permission com.android.launcher.permission.READ_SETTINGS in package com.android.onetimeinitializer
W/PackageManager( 2279): Unknown permission com.android.launcher.permission.WRITE_SETTINGS in package com.android.onetimeinitializer
W/PackageManager( 2279): Not granting permission android.permission.BIND_WALLPAPER to package com.android.camera2 (protectionLevel=18 flags=0x58bc45)
W/PackageManager( 2279): Unknown permission android.permission.INSTALL_DRM in package com.android.mms
W/PackageManager( 2279): Unknown permission com.cyanogenmod.filemanager.permissions.READ_THEME in package com.cyanogenmod.filemanager
W/PackageManager( 2279): Not granting permission android.permission.BROADCAST_PACKAGE_REMOVED to package com.google.android.marvin.talkback (protectionLevel=2 flags=0x49be45)
W/PackageManager( 2279): Unknown permission com.android.voicemail.permission.READ_VOICEMAIL in package com.google.android.gms
W/PackageManager( 2279): Unknown permission android.permission.BODY_SENSORS in package com.google.android.gms
W/PackageManager( 2279): Unknown permission android.permission.RECOVERY in package com.google.android.gms
W/PackageManager( 2279): Not granting permission android.permission.READ_DREAM_STATE to package com.google.android.gms (protectionLevel=2 flags=0x40483e45)
W/PackageManager( 2279): Unknown permission android.permission.PROVIDE_TRUST_AGENT in package com.google.android.gms
W/PackageManager( 2279): Unknown permission com.google.android.apps.enterprise.dmagent.permission.AutoSyncPermission in package com.google.android.gms
W/PackageManager( 2279): Unknown permission android.permission.MANAGE_VOICE_KEYPHRASES in package com.google.android.gms
W/PackageManager( 2279): Unknown permission android.permission.REAL_GET_TASKS in package com.google.android.gms
W/PackageManager( 2279): Unknown permission com.google.android.hangouts.START_HANGOUT in package com.google.android.gms
W/PackageManager( 2279): Unknown permission android.permission.READ_WIFI_CREDENTIAL in package com.google.android.gms
W/PackageManager( 2279): Unknown permission android.permission.CONTROL_INCALL_EXPERIENCE in package com.google.android.gms
W/PackageManager( 2279): Unknown permission android.permission.USER_ACTIVITY in package com.google.android.gms
W/PackageManager( 2279): Unknown permission com.google.android.wearable.READ_SETTINGS in package com.google.android.gms
W/PackageManager( 2279): Unknown permission android.permission.SCORE_NETWORKS in package com.google.android.gms
W/PackageManager( 2279): Unknown permission android.permission.READ_OWNER_DATA in package com.google.android.setupwizard
W/PackageManager( 2279): Unknown permission android.permission.WRITE_OWNER_DATA in package com.google.android.setupwizard
W/PackageManager( 2279): Unknown permission com.android.launcher.permission.READ_SETTINGS in package com.android.settings
W/PackageManager( 2279): Unknown permission com.android.launcher.permission.WRITE_SETTINGS in package com.android.settings
W/PackageManager( 2279): Unknown permission com.android.launcher.permission.READ_SETTINGS in package com.cyanogenmod.trebuchet
W/PackageManager( 2279): Unknown permission com.android.launcher.permission.WRITE_SETTINGS in package com.cyanogenmod.trebuchet
W/PackageManager( 2279): Unknown permission com.google.android.voicesearch.SHORTCUTS_ACCESS in package com.google.android.googlequicksearchbox
W/PackageManager( 2279): Unknown permission com.google.android.voicesearch.ACCESS_SETTINGS in package com.google.android.googlequicksearchbox
W/PackageManager( 2279): Unknown permission com.google.android.ears.permission.WRITE in package com.google.android.googlequicksearchbox
W/PackageManager( 2279): Unknown permission com.google.googlenav.friend.permission.OPT_IN in package com.google.android.googlequicksearchbox
W/PackageManager( 2279): Unknown permission com.google.android.apps.maps.permission.PREFETCH in package com.google.android.googlequicksearchbox
W/PackageManager( 2279): Unknown permission com.google.android.apps.googlevoice.permission.AUTO_SEND in package com.google.android.googlequicksearchbox
W/PackageManager( 2279): Unknown permission com.google.android.hangouts.START_HANGOUT in package com.google.android.googlequicksearchbox
W/PackageManager( 2279): Unknown permission com.android.chrome.PRERENDER_URL in package com.google.android.googlequicksearchbox
W/PackageManager( 2279): Unknown permission com.google.android.launcher.permission.CONTENT_REDIRECT in package com.google.android.googlequicksearchbox
W/PackageManager( 2279): Not granting permission com.android.launcher3.permission.RECEIVE_LAUNCH_BROADCASTS to package com.google.android.googlequicksearchbox (protectionLevel=2 flags=0x405bbe45)
W/PackageManager( 2279): Unknown permission android.permission.REAL_GET_TASKS in package com.android.vending
W/PackageManager( 2279): Not granting permission android.permission.SEND_DOWNLOAD_COMPLETED_INTENTS to package com.android.vending (protectionLevel=2 flags=0x400abe45)
W/PackageManager( 2279): Unknown permission android.permission.SEND_SMS_NO_CONFIRMATION in package com.android.vending
W/PackageManager( 2279): Not granting permission android.permission.MOUNT_UNMOUNT_FILESYSTEMS to package net.toload.main.hd (protectionLevel=18 flags=0x9be45)
W/PackageManager( 2279): Unknown permission com.google.android.email.permission.READ_ATTACHMENT in package com.google.android.gm
W/PackageManager( 2279): Unknown permission com.google.android.email.permission.ACCESS_PROVIDER in package com.google.android.gm
W/PackageManager( 2279): Not granting permission android.permission.DELETE_PACKAGES to package com.svox.pico (protectionLevel=18 flags=0x8be45)
W/PackageManager( 2279): Not granting permission android.permission.MANAGE_DOCUMENTS to package com.google.android.youtube (protectionLevel=2 flags=0x183e45)
W/PackageManager( 2279): Not granting permission android.permission.DEVICE_POWER to package com.android.deskclock (protectionLevel=2 flags=0x48be45)
W/PackageManager( 2279): Not granting permission android.permission.READ_DREAM_STATE to package com.google.android.gsf (protectionLevel=2 flags=0x40083e45)
W/PackageManager( 2279): Unknown permission android.permission.WRITE_SYNC_STATS in package com.google.android.apps.docs
I/SystemServer( 2279): Entropy Mixer
W/EntropyMixer( 2279): No existing entropy file -- first boot?
I/EntropyMixer( 2279): Writing entropy...
I/SystemServer( 2279): User Service
I/SystemServer( 2279): Account Manager
I/SystemServer( 2279): Content Manager
I/SystemServer( 2279): System Content Providers
D/SettingsProvider( 2279): Generated and saved new ANDROID_ID [67067ce9b22dd455] for user 0
I/SystemServer( 2279): Lights Service
I/SystemServer( 2279): Battery Service
I/SystemServer( 2279): Vibrator Service
I/SystemServer( 2279): Consumer IR Service
I/SystemServer( 2279): Alarm Manager
I/SystemServer( 2279): Init Watchdog
I/SystemServer( 2279): Input Manager
I/InputManager( 2279): Initializing input manager, mUseDevInputEventForAudioJack=true
I/SystemServer( 2279): Window Manager
I/WindowManager( 2279): No existing display settings /data/system/display_settings.xml; starting empty
I/WindowManager( 2279): No keyguard interface!
I/InputManager( 2279): Starting input manager
I/SystemServer( 2279): Bluetooth Manager Service
I/SystemServer( 2279): Input Method Service
W/InputMethodManagerService( 2279): No IME selected. Choose the most applicable IME.
I/InputMethodManagerService( 2279): No default found, using com.google.android.inputmethod.latin/com.android.inputmethod.latin.LatinIME
I/SystemServer( 2279): Accessibility Manager
I/ActivityManager( 2279): Config changes=1df8 {1.0 ?mcc?mnc en_US ldltr sw800dp w1280dp h800dp 240dpi xlrg land ?uimode ?night -touch -keyb/h/h -nav/h s.2}
I/ActivityManager( 2279): Config changes=400 {1.0 ?mcc?mnc en_US ldltr sw800dp w1280dp h726dp 240dpi xlrg land ?uimode ?night -touch -keyb/h/h -nav/h s.3}
I/SystemServer( 2279): Mount Service
D/MountService( 2279): got storage path: null description: Internal storage primary: true removable: false emulated: true mtpReserve: 100 allowMassStorage: false maxFileSize: 0
D/MountService( 2279): addVolumeLocked() StorageVolume:
D/MountService( 2279): mStorageId=65537 mPath=/storage/emulated/0 mDescriptionId=17040667
D/MountService( 2279): mPrimary=true mRemovable=false mEmulated=true mMtpReserveSpace=100
D/MountService( 2279): mAllowMassStorage=false mMaxFileSize=0 mOwner=UserHandle{0} mUuid=null
D/MountService( 2279): mUserLabel=null mState=null
D/MountService( 2279): got storage path: /storage/sdcard1 description: SD card primary: false removable: true emulated: false mtpReserve: 0 allowMassStorage: false maxFileSize: 4294967296
D/MountService( 2279): addVolumeLocked() StorageVolume:
D/MountService( 2279): mStorageId=0 mPath=/storage/sdcard1 mDescriptionId=17040668 mPrimary=false
D/MountService( 2279): mRemovable=true mEmulated=false mMtpReserveSpace=0 mAllowMassStorage=false
D/MountService( 2279): mMaxFileSize=4294967296 mOwner=null mUuid=null mUserLabel=null mState=null
D/MountService( 2279): got storage path: /storage/usb0 description: USB storage primary: false removable: true emulated: false mtpReserve: 0 allowMassStorage: false maxFileSize: 4294967296
D/MountService( 2279): addVolumeLocked() StorageVolume:
D/MountService( 2279): mStorageId=0 mPath=/storage/usb0 mDescriptionId=17040669 mPrimary=false
D/MountService( 2279): mRemovable=true mEmulated=false mMtpReserveSpace=0 mAllowMassStorage=false
D/MountService( 2279): mMaxFileSize=4294967296 mOwner=null mUuid=null mUserLabel=null mState=null
D/MountService( 2279): got storage path: /storage/usb1 description: USB storage primary: false removable: true emulated: false mtpReserve: 0 allowMassStorage: false maxFileSize: 4294967296
D/MountService( 2279): addVolumeLocked() StorageVolume:
D/MountService( 2279): mStorageId=0 mPath=/storage/usb1 mDescriptionId=17040669 mPrimary=false
D/MountService( 2279): mRemovable=true mEmulated=false mMtpReserveSpace=0 mAllowMassStorage=false
D/MountService( 2279): mMaxFileSize=4294967296 mOwner=null mUuid=null mUserLabel=null mState=null
D/MountService( 2279): got storage path: /storage/usb2 description: USB storage primary: false removable: true emulated: false mtpReserve: 0 allowMassStorage: false maxFileSize: 4294967296
D/MountService( 2279): addVolumeLocked() StorageVolume:
D/MountService( 2279): mStorageId=0 mPath=/storage/usb2 mDescriptionId=17040669 mPrimary=false
D/MountService( 2279): mRemovable=true mEmulated=false mMtpReserveSpace=0 mAllowMassStorage=false
D/MountService( 2279): mMaxFileSize=4294967296 mOwner=null mUuid=null mUserLabel=null mState=null
D/MountService( 2279): got storage path: /storage/usb3 description: USB storage primary: false removable: true emulated: false mtpReserve: 0 allowMassStorage: false maxFileSize: 4294967296
D/MountService( 2279): addVolumeLocked() StorageVolume:
D/MountService( 2279): mStorageId=0 mPath=/storage/usb3 mDescriptionId=17040669 mPrimary=false
D/MountService( 2279): mRemovable=true mEmulated=false mMtpReserveSpace=0 mAllowMassStorage=false
D/MountService( 2279): mMaxFileSize=4294967296 mOwner=null mUuid=null mUserLabel=null mState=null
I/SystemServer( 2279): LockSettingsService
I/SystemServer( 2279): Device Policy
I/SystemServer( 2279): Status Bar
I/SystemServer( 2279): Clipboard Service
I/SystemServer( 2279): NetworkManagement Service
I/SystemServer( 2279): Text Service Manager Service
W/MountService( 2279): Duplicate state transition (unmounted -> unmounted) for /storage/usb0
W/MountService( 2279): Duplicate state transition (unmounted -> unmounted) for /storage/usb1
W/MountService( 2279): Duplicate state transition (unmounted -> unmounted) for /storage/usb2
D/MountService( 2279): volume state changed for /storage/usb3 (unmounted -> removed)
W/TextServicesManagerService( 2279): more than one spell checker service found, picking first
W/PackageManager( 2279): Not granting permission android.permission.GLOBAL_SEARCH to package com.android.quicksearchbox (protectionLevel=18 flags=0x8be45)
W/PackageManager( 2279): Unknown permission com.android.smspush.WAPPUSH_MANAGER_BIND in package com.android.phone
I/SystemServer( 2279): NetworkStats Service
W/PackageManager( 2279): Unknown permission com.android.launcher.permission.READ_SETTINGS in package com.google.android.onetimeinitializer
W/PackageManager( 2279): Unknown permission com.android.launcher.permission.WRITE_SETTINGS in package com.google.android.onetimeinitializer
W/PackageManager( 2279): Unknown permission com.android.launcher.permission.PRELOAD_WORKSPACE in package com.google.android.partnersetup
W/PackageManager( 2279): Unknown permission com.android.vending.billing.IBillingAccountService.BIND2 in package com.google.android.gsf.login
W/PackageManager( 2279): Unknown permission com.android.chrome.TOS_ACKED in package com.google.android.gsf.login
I/SystemServer( 2279): NetworkPolicy Service
W/PackageManager( 2279): Unknown permission com.google.android.gallery3d.permission.GALLERY_PROVIDER in package com.android.bluetooth
W/PackageManager( 2279): Not granting permission android.permission.ACCESS_DOWNLOAD_MANAGER to package com.android.browser (protectionLevel=18 flags=0x9be45)
I/SystemServer( 2279): Wi-Fi P2pService
W/PackageManager( 2279): Not granting permission android.permission.SEND_DOWNLOAD_COMPLETED_INTENTS to package com.android.browser (protectionLevel=2 flags=0x9be45)
W/PackageManager( 2279): Unknown permission com.android.launcher.permission.READ_SETTINGS in package com.android.onetimeinitializer
W/PackageManager( 2279): Unknown permission com.android.launcher.permission.WRITE_SETTINGS in package com.android.onetimeinitializer
W/PackageManager( 2279): Not granting permission android.permission.BIND_WALLPAPER to package com.android.camera2 (protectionLevel=18 flags=0x58bc45)
W/PackageManager( 2279): Unknown permission android.permission.INSTALL_DRM in package com.android.mms
W/PackageManager( 2279): Unknown permission com.cyanogenmod.filemanager.permissions.READ_THEME in package com.cyanogenmod.filemanager
W/PackageManager( 2279): Not granting permission android.permission.BROADCAST_PACKAGE_REMOVED to package com.google.android.marvin.talkback (protectionLevel=2 flags=0x49be45)
W/PackageManager( 2279): Unknown permission com.android.voicemail.permission.READ_VOICEMAIL in package com.google.android.gms
W/PackageManager( 2279): Unknown permission android.permission.BODY_SENSORS in package com.google.android.gms
W/PackageManager( 2279): Unknown permission android.permission.RECOVERY in package com.google.android.gms
W/PackageManager( 2279): Not granting permission android.permission.READ_DREAM_STATE to package com.google.android.gms (protectionLevel=2 flags=0x40483e45)
W/PackageManager( 2279): Unknown permission android.permission.PROVIDE_TRUST_AGENT in package com.google.android.gms
W/PackageManager( 2279): Unknown permission com.google.android.apps.enterprise.dmagent.permission.AutoSyncPermission in package com.google.android.gms
W/PackageManager( 2279): Unknown permission android.permission.MANAGE_VOICE_KEYPHRASES in package com.google.android.gms
W/PackageManager( 2279): Unknown permission android.permission.REAL_GET_TASKS in package com.google.android.gms
W/PackageManager( 2279): Unknown permission com.google.android.hangouts.START_HANGOUT in package com.google.android.gms
W/PackageManager( 2279): Unknown permission android.permission.READ_WIFI_CREDENTIAL in package com.google.android.gms
W/PackageManager( 2279): Unknown permission android.permission.CONTROL_INCALL_EXPERIENCE in package com.google.android.gms
W/PackageManager( 2279): Unknown permission android.permission.USER_ACTIVITY in package com.google.android.gms
W/PackageManager( 2279): Unknown permission com.google.android.wearable.READ_SETTINGS in package com.google.android.gms
W/PackageManager( 2279): Unknown permission android.permission.SCORE_NETWORKS in package com.google.android.gms
W/PackageManager( 2279): Unknown permission android.permission.READ_OWNER_DATA in package com.google.android.setupwizard
W/PackageManager( 2279): Unknown permission android.permission.WRITE_OWNER_DATA in package com.google.android.setupwizard
W/PackageManager( 2279): Unknown permission com.android.launcher.permission.READ_SETTINGS in package com.android.settings
W/PackageManager( 2279): Unknown permission com.android.launcher.permission.WRITE_SETTINGS in package com.android.settings
W/PackageManager( 2279): Unknown permission com.android.launcher.permission.READ_SETTINGS in package com.cyanogenmod.trebuchet
W/PackageManager( 2279): Unknown permission com.android.launcher.permission.WRITE_SETTINGS in package com.cyanogenmod.trebuchet
W/PackageManager( 2279): Unknown permission com.google.android.voicesearch.SHORTCUTS_ACCESS in package com.google.android.googlequicksearchbox
W/PackageManager( 2279): Unknown permission com.google.android.voicesearch.ACCESS_SETTINGS in package com.google.android.googlequicksearchbox
W/PackageManager( 2279): Unknown permission com.google.android.ears.permission.WRITE in package com.google.android.googlequicksearchbox
W/PackageManager( 2279): Unknown permission com.google.googlenav.friend.permission.OPT_IN in package com.google.android.googlequicksearchbox
W/PackageManager( 2279): Unknown permission com.google.android.apps.maps.permission.PREFETCH in package com.google.android.googlequicksearchbox
W/PackageManager( 2279): Unknown permission com.google.android.apps.googlevoice.permission.AUTO_SEND in package com.google.android.googlequicksearchbox
W/PackageManager( 2279): Unknown permission com.google.android.hangouts.START_HANGOUT in package com.google.android.googlequicksearchbox
W/PackageManager( 2279): Unknown permission com.android.chrome.PRERENDER_URL in package com.google.android.googlequicksearchbox
W/PackageManager( 2279): Unknown permission com.google.android.launcher.permission.CONTENT_REDIRECT in package com.google.android.googlequicksearchbox
W/PackageManager( 2279): Not granting permission com.android.launcher3.permission.RECEIVE_LAUNCH_BROADCASTS to package com.google.android.googlequicksearchbox (protectionLevel=2 flags=0x40dbbe45)
W/PackageManager( 2279): Unknown permission android.permission.REAL_GET_TASKS in package com.android.vending
W/PackageManager( 2279): Not granting permission android.permission.SEND_DOWNLOAD_COMPLETED_INTENTS to package com.android.vending (protectionLevel=2 flags=0x400abe45)
W/PackageManager( 2279): Unknown permission android.permission.SEND_SMS_NO_CONFIRMATION in package com.android.vending
W/PackageManager( 2279): Not granting permission android.permission.MOUNT_UNMOUNT_FILESYSTEMS to package net.toload.main.hd (protectionLevel=18 flags=0x9be45)
W/PackageManager( 2279): Unknown permission com.google.android.email.permission.READ_ATTACHMENT in package com.google.android.gm
W/PackageManager( 2279): Unknown permission com.google.android.email.permission.ACCESS_PROVIDER in package com.google.android.gm
W/PackageManager( 2279): Not granting permission android.permission.DELETE_PACKAGES to package com.svox.pico (protectionLevel=18 flags=0x8be45)
W/PackageManager( 2279): Not granting permission android.permission.MANAGE_DOCUMENTS to package com.google.android.youtube (protectionLevel=2 flags=0x183e45)
W/PackageManager( 2279): Not granting permission android.permission.DEVICE_POWER to package com.android.deskclock (protectionLevel=2 flags=0x48be45)
W/PackageManager( 2279): Not granting permission android.permission.READ_DREAM_STATE to package com.google.android.gsf (protectionLevel=2 flags=0x40083e45)
W/PackageManager( 2279): Unknown permission android.permission.WRITE_SYNC_STATS in package com.google.android.apps.docs
I/SystemServer( 2279): Wi-Fi Service
I/SystemServer( 2279): Connectivity Service
D/ConnectivityService( 2279): ConnectivityService starting up
D/ConnectivityService( 2279): wifiOnly=false
E/ConnectivityService( 2279): Ignoring protectedNetwork 14
E/MobileDataStateTracker( 2279): default: Ignoring feature request because could not acquire PhoneService
E/MobileDataStateTracker( 2279): default: Could not enable APN type "default"
I/WifiService( 2279): WifiService starting up with Wi-Fi disabled
I/SystemServer( 2279): Network Service Discovery Service
D/NsdService( 2279): Network service discovery enabled true
I/SystemServer( 2279): UpdateLock Service
I/SystemServer( 2279): Notification Manager
I/SystemServer( 2279): Device Storage Monitor
I/SystemServer( 2279): Location Manager
I/SystemServer( 2279): Country Detector
I/SystemServer( 2279): Search Service
I/SystemServer( 2279): DropBox Service
I/SystemServer( 2279): Wallpaper Service
W/WallpaperService( 2279): no current wallpaper -- first boot?
I/SystemServer( 2279): Audio Service
I/ActivityManager( 2279): Config changes=78 {1.0 ?mcc?mnc en_US ldltr sw800dp w1280dp h726dp 240dpi xlrg land ?uimode ?night finger qwerty/v/v dpad/v s.4}
I/SystemServer( 2279): Dock Observer
W/DockObserver( 2279): This kernel does not have dock station support
I/SystemServer( 2279): Wired Accessory Manager
W/WiredAccessoryManager( 2279): This kernel does not have usb audio support
W/WiredAccessoryManager( 2279): This kernel does not have HDMI audio support
I/SystemServer( 2279): USB Service
I/SystemServer( 2279): Serial Service
I/SystemServer( 2279): Twilight Service
I/SystemServer( 2279): UI Mode Manager Service
I/SystemServer( 2279): Backup Service
V/BackupManagerService( 2279): Initializing package tracking
V/BackupManagerService( 2279): No ancestral data
V/BackupManagerService( 2279): addPackageParticipantsLocked: all
I/BackupManagerService( 2279): Scheduling backup for new app com.android.calendar
D/BackupManagerService( 2279): Now staging backup of com.android.calendar
I/BackupManagerService( 2279): Scheduling backup for new app com.android.browser
D/BackupManagerService( 2279): Now staging backup of com.android.browser
I/BackupManagerService( 2279): Scheduling backup for new app com.android.providers.userdictionary
D/BackupManagerService( 2279): Now staging backup of com.android.providers.userdictionary
I/BackupManagerService( 2279): Scheduling backup for new app com.android.sharedstoragebackup
D/BackupManagerService( 2279): Now staging backup of com.android.sharedstoragebackup
I/BackupManagerService( 2279): Scheduling backup for new app com.google.android.marvin.talkback
D/BackupManagerService( 2279): Now staging backup of com.google.android.marvin.talkback
I/BackupManagerService( 2279): Scheduling backup for new app android
D/BackupManagerService( 2279): Now staging backup of android
I/BackupManagerService( 2279): Scheduling backup for new app com.google.android.googlequicksearchbox
D/BackupManagerService( 2279): Now staging backup of com.google.android.googlequicksearchbox
I/BackupManagerService( 2279): Scheduling backup for new app com.android.vending
D/BackupManagerService( 2279): Now staging backup of com.android.vending
I/BackupManagerService( 2279): Scheduling backup for new app net.toload.main.hd
D/BackupManagerService( 2279): Now staging backup of net.toload.main.hd
I/BackupManagerService( 2279): Scheduling backup for new app com.google.android.gm
D/BackupManagerService( 2279): Now staging backup of com.google.android.gm
I/BackupManagerService( 2279): Scheduling backup for new app com.google.android.inputmethod.latin
D/BackupManagerService( 2279): Now staging backup of com.google.android.inputmethod.latin
I/BackupManagerService( 2279): Scheduling backup for new app com.android.dialer
D/BackupManagerService( 2279): Now staging backup of com.android.dialer
I/BackupManagerService( 2279): Scheduling backup for new app com.android.providers.settings
D/BackupManagerService( 2279): Now staging backup of com.android.providers.settings
V/BackupManagerService( 2279): Starting with transport android/com.android.internal.backup.LocalTransport
V/BackupManagerService( 2279): Found transports: 2
I/BackupManagerService( 2279): Binding to transport host ComponentInfo{android/com.android.internal.backup.LocalTransportService}
I/BackupManagerService( 2279): Binding to transport host ComponentInfo{com.google.android.backuptransport/com.google.android.backup.BackupTransportService}
I/BackupManagerService( 2279): Backup enabled => false
I/BackupManagerService( 2279): Opting out of backup
I/SystemServer( 2279): AppWidget Service
I/SystemServer( 2279): Recognition Service
I/SystemServer( 2279): DiskStats Service
I/SystemServer( 2279): SamplingProfiler Service
I/SystemServer( 2279): NetworkTimeUpdateService
I/SystemServer( 2279): CommonTimeManagementService
I/SystemServer( 2279): CertBlacklister
I/SystemServer( 2279): Dreams Service
I/SystemServer( 2279): Assets Atlas Service
I/SystemServer( 2279): IdleMaintenanceService
I/SystemServer( 2279): Print Service
I/SystemServer( 2279): Media Router Service
I/LockSettingsService( 2279): Migrated lock settings to new location
I/LockSettingsService( 2279): Migrated per-user lock settings to new location
I/ActivityManager( 2279): Start proc com.android.systemui for service com.android.keyguard/.KeyguardService: pid=2339 uid=10012 gids={50012, 1028, 1015, 1023, 1035, 3002, 3001}
W/SystemServer( 2279): ***********************************************
I/ActivityThread( 2339): Switching default density from 160 to 240
I/ActivityManager( 2279): Sending system update to ComponentInfo{com.android.providers.calendar/com.android.providers.calendar.CalendarUpgradeReceiver} for user 0
I/ActivityManager( 2279): Sending system update to ComponentInfo{com.android.providers.contacts/com.android.providers.contacts.ContactsUpgradeReceiver} for user 0
I/ActivityManager( 2279): Sending system update to ComponentInfo{com.google.android.gsf/com.google.android.gsf.loginservice.MigrateToAccountManagerBroadcastReceiver} for user 0
I/ActivityManager( 2279): Sending system update to ComponentInfo{com.android.providers.media/com.android.providers.media.MediaUpgradeReceiver} for user 0
I/ActivityManager( 2279): Sending system update to ComponentInfo{com.google.android.googlequicksearchbox/com.google.android.googlequicksearchbox.GelStubAppWatcher} for user 0
I/ActivityManager( 2279): Start proc com.android.providers.calendar for broadcast com.android.providers.calendar/.CalendarUpgradeReceiver: pid=2354 uid=10001 gids={50001, 3003, 1028, 1015, 1023}
I/ActivityThread( 2279): Switching default density from 160 to 240
W/InputMethodManagerService( 2279): Focus gain on non-focused client android.view.inputmethod.InputMethodManager$1@2c582e70 (uid=1000 pid=2279)
V/BackupManagerService( 2279): Connected to transport ComponentInfo{android/com.android.internal.backup.LocalTransportService}
V/BackupManagerService( 2279): Registering transport android/com.android.internal.backup.LocalTransportService::android/com.android.internal.backup.LocalTransport = com.android.internal.backup.LocalTransport@2c3d576c
I/ActivityManager( 2279): Launching preboot mode app: ProcessRecord{2c4125b4 2354:com.android.providers.calendar/u0a1}
I/ActivityThread( 2354): Switching default density from 160 to 240
I/ActivityManager( 2279): Start proc android.process.acore for broadcast com.android.providers.contacts/.ContactsUpgradeReceiver: pid=2370 uid=10003 gids={50003, 3003, 1028, 1015, 1023}
W/ActivityManager( 2279): Permission Denial: not allowed to send broadcast android.intent.action.USER_PRESENT from pid=2339, uid=10012
I/ActivityManager( 2279): Launching preboot mode app: ProcessRecord{2c41b364 2370:android.process.acore/u0a3}
W/ActivityManager( 2279): Permission Denial: not allowed to send broadcast android.intent.action.USER_PRESENT from pid=2339, uid=10012
I/ActivityThread( 2370): Switching default density from 160 to 240
I/ActivityManager( 2279): Start proc com.google.process.gapps for broadcast com.google.android.gsf/.loginservice.MigrateToAccountManagerBroadcastReceiver: pid=2394 uid=10008 gids={50008, 3003, 1007, 3002, 3001, 1028, 1015, 1023, 3007, 2001, 3006}
I/ActivityManager( 2279): Launching preboot mode app: ProcessRecord{2c41d0ec 2394:com.google.process.gapps/u0a8}
I/ActivityThread( 2394): Switching default density from 160 to 240
I/ActivityManager( 2279): Start proc android.process.media for broadcast com.android.providers.media/.MediaUpgradeReceiver: pid=2409 uid=10006 gids={50006, 1028, 1015, 1023, 1024, 2001, 3003, 3007}
I/ActivityManager( 2279): Launching preboot mode app: ProcessRecord{2c421b80 2409:android.process.media/u0a6}
I/ActivityThread( 2409): Switching default density from 160 to 240
I/ActivityManager( 2279): Start proc com.google.android.googlequicksearchbox:search for broadcast com.google.android.googlequicksearchbox/.GelStubAppWatcher: pid=2423 uid=10021 gids={50021, 3003, 3001, 1028, 3002, 1015, 1023}
I/ActivityManager( 2279): Launching preboot mode app: ProcessRecord{2c427068 2423:com.google.android.googlequicksearchbox:search/u0a21}
I/ActivityThread( 2423): Switching default density from 160 to 240
I/ActivityManager( 2279): Writing new set of last done pre-boot receivers...
I/ActivityManager( 2279): Removing system update proc: ProcessRecord{2c4125b4 2354:com.android.providers.calendar/u0a1}
I/ActivityManager( 2279): Killing 2354:com.android.providers.calendar/u0a1 (adj 15): system update done
I/ActivityManager( 2279): Removing system update proc: ProcessRecord{2c41b364 2370:android.process.acore/u0a3}
I/ActivityManager( 2279): Killing 2370:android.process.acore/u0a3 (adj 15): system update done
I/ActivityManager( 2279): Removing system update proc: ProcessRecord{2c41d0ec 2394:com.google.process.gapps/u0a8}
I/ActivityManager( 2279): Killing 2394:com.google.process.gapps/u0a8 (adj 13): system update done
I/ActivityManager( 2279): Removing system update proc: ProcessRecord{2c421b80 2409:android.process.media/u0a6}
I/ActivityManager( 2279): Killing 2409:android.process.media/u0a6 (adj 11): system update done
I/ActivityManager( 2279): Removing system update proc: ProcessRecord{2c427068 2423:com.google.android.googlequicksearchbox:search/u0a21}
I/ActivityManager( 2279): Killing 2423:com.google.android.googlequicksearchbox:search/u0a21 (adj 9): system update done
I/ActivityManager( 2279): System now ready
I/SystemServer( 2279): Making services ready
D/NetworkManagementService( 2279): not enabling bandwidth control
I/Vold ( 1935): /dev/block/vold/8:1 being considered for volume usb0
D/Vold ( 1935): Volume usb0 state changing 1 (Idle-Unmounted) -> 3 (Checking)
D/Vold ( 1935): Trying to get filesystem type for /dev/block/vold/8:1
D/MountService( 2279): volume state changed for /storage/usb0 (unmounted -> checking)
D/MountService( 2279): sendStorageIntent Intent { act=android.intent.action.MEDIA_CHECKING dat=file:///storage/usb0 (has extras) } to UserHandle{-1}
D/Vold ( 1935): Found vfat filesystem on /dev/block/vold/8:1
W/NetworkStats( 2279): bandwidth controls disabled, unable to track stats
W/NetworkPolicy( 2279): bandwidth controls disabled, unable to enforce policy
I/StatusBarManagerService( 2279): registerStatusBar bar=com.android.internal.statusbar.IStatusBar$Stub$Proxy@2c1bc8d8
I/Vold ( 1935): Filesystem check completed OK
E/Vold ( 1935): /dev/block/vold/8:1 failed to mount via VFAT (Device or resource busy)
E/Vold ( 1935): Volume usb0 found no suitable devices for mounting :(
D/Vold ( 1935): Volume usb0 state changing 3 (Checking) -> 1 (Idle-Unmounted)
D/MountService( 2279): volume state changed for /storage/usb0 (checking -> unmounted)
D/MountService( 2279): sendStorageIntent Intent { act=android.intent.action.MEDIA_UNMOUNTED dat=file:///storage/usb0 (has extras) } to UserHandle{-1}
E/MountService( 2279): Boot-time mount failed (-1)
E/MountService( 2279): Boot-time mount failed (-1)
I/Vold ( 1935): /dev/block/vold/179:33 being considered for volume usb2
D/Vold ( 1935): Volume usb2 state changing 1 (Idle-Unmounted) -> 3 (Checking)
D/Vold ( 1935): Trying to get filesystem type for /dev/block/vold/179:33
D/MountService( 2279): volume state changed for /storage/usb2 (unmounted -> checking)
D/MountService( 2279): sendStorageIntent Intent { act=android.intent.action.MEDIA_CHECKING dat=file:///storage/usb2 (has extras) } to UserHandle{-1}
D/Vold ( 1935): Found ntfs filesystem on /dev/block/vold/179:33
D/Vold ( 1935): Mounting ntfs with options:utf8,uid=1023,gid=1023,fmask=7,dmask=7,shortname=mixed,nodev,nosuid,dirsync,noexec
I/ActivityManager( 2279): Config changes=200 {1.0 ?mcc?mnc en_US ldltr sw800dp w1280dp h726dp 240dpi xlrg land finger qwerty/v/v dpad/v s.5}
W/ContextImpl( 2279): Calling a method in the system process without a qualified user: android.app.ContextImpl.sendBroadcast:1131 com.android.server.usb.UsbSettingsManager.deviceAttached:621 com.android.server.usb.UsbHostManager.usbDeviceAdded:156 com.android.server.usb.UsbHostManager.monitorUsbHostBus:-2 com.android.server.usb.UsbHostManager.access$000:38
W/ContextImpl( 2279): Calling a method in the system process without a qualified user: android.app.ContextImpl.sendBroadcast:1131 com.android.server.usb.UsbSettingsManager.deviceAttached:621 com.android.server.usb.UsbHostManager.usbDeviceAdded:156 com.android.server.usb.UsbHostManager.monitorUsbHostBus:-2 com.android.server.usb.UsbHostManager.access$000:38
W/AppWidgetServiceImpl( 2279): Failed to read state: java.io.FileNotFoundException: /data/system/users/0/appwidgets.xml: open failed: ENOENT (No such file or directory)
W/InputMethodManagerService( 2279): Ignoring setImeWindowStatus of uid 1000 token: null
W/InputMethodUtils( 2279): Found no subtypes in a system IME: net.toload.main.hd
W/InputMethodUtils( 2279): Found no subtypes in a system IME: com.android.inputmethod.pinyin
W/InputMethodManagerService( 2279): Reset the default IME as "Resource" is ready here.
W/InputMethodUtils( 2279): Found no subtypes in a system IME: net.toload.main.hd
W/InputMethodUtils( 2279): Found no subtypes in a system IME: com.android.inputmethod.pinyin
W/InputMethodUtils( 2279): Found no subtypes in a system IME: net.toload.main.hd
I/InputMethodManagerService( 2279): Selected default: com.android.inputmethod.latin/.LatinIME
I/ActivityManager( 2279): Start proc com.android.inputmethod.latin for service com.android.inputmethod.latin/.LatinIME: pid=2458 uid=10049 gids={50049, 1028, 1015, 1023}
V/InputMethodManagerService( 2279): Adding window token: android.os.Binder@2c54c9d8
W/LocationManagerService( 2279): no network location provider found
E/LocationManagerService( 2279): no geocoder provider found
E/LocationManagerService( 2279): No FusedProvider found.
E/LocationManagerService( 2279): no geofence provider found
W/InputMethodManagerService( 2279): Illegal subtype state: old subtype = null, new subtype = android.view.inputmethod.InputMethodSubtype@c9194f98
I/ActivityThread( 2458): Switching default density from 160 to 240
I/ActivityManager( 2279): Start proc com.android.phone for added application com.android.phone: pid=2473 uid=1001 gids={41001, 3002, 3001, 3003, 1028, 1015, 1023}
I/ActivityManager( 2279): START u0 {act=android.intent.action.MAIN cat=[android.intent.category.HOME] flg=0x10000000 cmp=org.zeroxlab.util.tscal/.TSCalibrationStartup} from pid 0
I/ActivityManager( 2279): Start proc org.zeroxlab.util.tscal for activity org.zeroxlab.util.tscal/.TSCalibrationStartup: pid=2487 uid=1000 gids={41000, 1028, 1015, 1023, 3002, 3001, 3003}
D/Vold ( 1935): Volume usb2 state changing 3 (Checking) -> 4 (Mounted)
D/MountService( 2279): volume state changed for /storage/usb2 (checking -> mounted)
D/MountService( 2279): sendStorageIntent Intent { act=android.intent.action.MEDIA_MOUNTED dat=file:///storage/usb2 (has extras) } to UserHandle{-1}
D/DirectVolume( 1935): Disc has only one partition.
I/Vold ( 1935): /dev/block/vold/179:16 being considered for volume usb1
D/Vold ( 1935): Volume usb1 state changing 1 (Idle-Unmounted) -> 3 (Checking)
D/Vold ( 1935): Trying to get filesystem type for /dev/block/vold/179:16
I/ActivityManager( 2279): Start proc com.android.externalstorage for broadcast com.android.externalstorage/.MountReceiver: pid=2503 uid=10007 gids={50007, 1028, 1015, 1023}
E/Vold ( 1935): None or unknown filesystem on /dev/block/vold/179:16
D/Vold ( 1935): Volume usb1 state changing 3 (Checking) -> 1 (Idle-Unmounted)
D/MountService( 2279): volume state changed for /storage/usb1 (unmounted -> checking)
D/MountService( 2279): volume state changed for /storage/usb1 (checking -> nofs)
D/MountService( 2279): sendStorageIntent Intent { act=android.intent.action.MEDIA_CHECKING dat=file:///storage/usb1 (has extras) } to UserHandle{-1}
D/MountService( 2279): sendStorageIntent Intent { act=android.intent.action.MEDIA_NOFS dat=file:///storage/usb1 (has extras) } to UserHandle{-1}
I/ActivityThread( 2487): Switching default density from 160 to 240
I/ActivityThread( 2473): Switching default density from 160 to 240
I/ActivityManager( 2279): Start proc com.android.printspooler for service com.android.printspooler/.PrintSpoolerService: pid=2519 uid=10064 gids={50064}
E/MountService( 2279): Boot-time mount failed (-3)
W/MountService( 2279): Duplicate state transition (mounted -> mounted) for /storage/emulated/0
I/ActivityManager( 2279): Force stopping org.zeroxlab.util.tscal appid=1000 user=0: pkg changed
I/ActivityManager( 2279): Killing 2487:org.zeroxlab.util.tscal/1000 (adj 0): stop org.zeroxlab.util.tscal
I/ActivityManager( 2279): Force finishing activity ActivityRecord{2c1c8078 u0 org.zeroxlab.util.tscal/.TSCalibrationStartup t1}
I/ActivityManager( 2279): START u0 {act=android.intent.action.MAIN cat=[android.intent.category.HOME] flg=0x10000000 cmp=com.android.settings/.CryptKeeper} from pid 0
I/ActivityThread( 2503): Switching default density from 160 to 240
I/ActivityManager( 2279): Start proc com.android.settings for activity com.android.settings/.CryptKeeper: pid=2536 uid=1000 gids={41000, 1028, 1015, 1023, 3002, 3001, 3003}
I/ActivityThread( 2519): Switching default density from 160 to 240
I/ActivityThread( 2536): Switching default density from 160 to 240
I/ActivityManager( 2279): Start proc android.process.media for broadcast com.android.providers.media/.MediaScannerReceiver: pid=2554 uid=10006 gids={50006, 1028, 1015, 1023, 1024, 2001, 3003, 3007}
I/ActivityManager( 2279): Start proc android.process.acore for content provider com.android.providers.userdictionary/.UserDictionaryProvider: pid=2569 uid=10003 gids={50003, 3003, 1028, 1015, 1023}
I/ActivityThread( 2554): Switching default density from 160 to 240
I/ActivityManager( 2279): START u0 {act=android.intent.action.MAIN cat=[android.intent.category.HOME] flg=0x10000000 cmp=com.google.android.setupwizard/.SetupWizardActivity} from pid 0
I/ActivityThread( 2569): Switching default density from 160 to 240
I/ActivityManager( 2279): Start proc com.google.android.setupwizard for activity com.google.android.setupwizard/.SetupWizardActivity: pid=2586 uid=10018 gids={50018, 3003}
I/ActivityManager( 2279): Start proc com.google.android.gms for broadcast com.google.android.gms/com.google.android.location.internal.NlpNetworkProviderSettingsUpdateReceiver: pid=2611 uid=10008 gids={50008, 3003, 1007, 3002, 3001, 1028, 1015, 1023, 3007, 2001, 3006}
I/ActivityThread( 2586): Switching default density from 160 to 240
W/BackupManagerService( 2279): dataChanged but no participant pkg='com.android.providers.settings' uid=1001
I/PackageManager( 2279): Adding preferred activity ComponentInfo{com.android.mms/com.android.mms.ui.ComposeMessageActivity} for user 0 :
I/PackageManager( 2279): Adding preferred activity ComponentInfo{com.android.mms/com.android.mms.ui.ComposeMessageActivity} for user 0 :
I/PackageManager( 2279): Adding preferred activity ComponentInfo{com.android.mms/com.android.mms.ui.ComposeMessageActivity} for user 0 :
I/PackageManager( 2279): Adding preferred activity ComponentInfo{com.android.mms/com.android.mms.ui.ComposeMessageActivity} for user 0 :
I/PackageManager( 2279): Adding preferred activity ComponentInfo{com.android.mms/com.android.mms.ui.ComposeMessageActivity} for user 0 :
I/PackageManager( 2279): Adding preferred activity ComponentInfo{com.android.mms/com.android.mms.ui.ComposeMessageActivity} for user 0 :
I/PackageManager( 2279): Adding preferred activity ComponentInfo{com.android.mms/com.android.mms.ui.ComposeMessageActivity} for user 0 :
I/PackageManager( 2279): Adding preferred activity ComponentInfo{com.android.mms/com.android.mms.ui.ComposeMessageActivity} for user 0 :
I/ActivityThread( 2611): Switching default density from 160 to 240
I/ActivityManager( 2279): Start proc com.google.process.gapps for content provider com.google.android.gsf/.gservices.GservicesProvider: pid=2642 uid=10008 gids={50008, 3003, 1007, 3002, 3001, 1028, 1015, 1023, 3007, 2001, 3006}
I/ActivityThread( 2642): Switching default density from 160 to 240
D/MobileDataStateTracker( 2279): fota: Broadcast received: android.intent.action.ANY_DATA_STATE apnType=fota
D/MobileDataStateTracker( 2279): fota: Received state=DISCONNECTED, old=DISCONNECTED, reason=radioTurnedOff
D/MobileDataStateTracker( 2279): supl: Broadcast received: android.intent.action.ANY_DATA_STATE apnType=supl
D/MobileDataStateTracker( 2279): supl: Received state=DISCONNECTED, old=DISCONNECTED, reason=radioTurnedOff
D/MobileDataStateTracker( 2279): hipri: Broadcast received: android.intent.action.ANY_DATA_STATE apnType=hipri
D/MobileDataStateTracker( 2279): hipri: Received state=DISCONNECTED, old=DISCONNECTED, reason=radioTurnedOff
D/MobileDataStateTracker( 2279): ims: Broadcast received: android.intent.action.ANY_DATA_STATE apnType=ims
D/MobileDataStateTracker( 2279): ims: Received state=DISCONNECTED, old=DISCONNECTED, reason=radioTurnedOff
D/MobileDataStateTracker( 2279): default: Broadcast received: android.intent.action.ANY_DATA_STATE apnType=default
D/MobileDataStateTracker( 2279): default: Received state=DISCONNECTED, old=DISCONNECTED, reason=radioTurnedOff
D/MobileDataStateTracker( 2279): mms: Broadcast received: android.intent.action.ANY_DATA_STATE apnType=mms
D/MobileDataStateTracker( 2279): mms: Received state=DISCONNECTED, old=DISCONNECTED, reason=radioTurnedOff
D/MobileDataStateTracker( 2279): cbs: Broadcast received: android.intent.action.ANY_DATA_STATE apnType=cbs
D/MobileDataStateTracker( 2279): cbs: Received state=DISCONNECTED, old=DISCONNECTED, reason=radioTurnedOff
D/MobileDataStateTracker( 2279): fota: Broadcast received: android.intent.action.ANY_DATA_STATE apnType=fota
D/MobileDataStateTracker( 2279): fota: Received state=DISCONNECTED, old=DISCONNECTED, reason=radioTurnedOff
D/MobileDataStateTracker( 2279): supl: Broadcast received: android.intent.action.ANY_DATA_STATE apnType=supl
D/MobileDataStateTracker( 2279): supl: Received state=DISCONNECTED, old=DISCONNECTED, reason=radioTurnedOff
D/MobileDataStateTracker( 2279): hipri: Broadcast received: android.intent.action.ANY_DATA_STATE apnType=hipri
D/MobileDataStateTracker( 2279): hipri: Received state=DISCONNECTED, old=DISCONNECTED, reason=radioTurnedOff
D/MobileDataStateTracker( 2279): ims: Broadcast received: android.intent.action.ANY_DATA_STATE apnType=ims
D/MobileDataStateTracker( 2279): ims: Received state=DISCONNECTED, old=DISCONNECTED, reason=radioTurnedOff
D/MobileDataStateTracker( 2279): default: Broadcast received: android.intent.action.ANY_DATA_STATE apnType=default
D/MobileDataStateTracker( 2279): default: Received state=DISCONNECTED, old=DISCONNECTED, reason=radioTurnedOff
D/MobileDataStateTracker( 2279): mms: Broadcast received: android.intent.action.ANY_DATA_STATE apnType=mms
D/MobileDataStateTracker( 2279): mms: Received state=DISCONNECTED, old=DISCONNECTED, reason=radioTurnedOff
D/MobileDataStateTracker( 2279): cbs: Broadcast received: android.intent.action.ANY_DATA_STATE apnType=cbs
D/MobileDataStateTracker( 2279): cbs: Received state=DISCONNECTED, old=DISCONNECTED, reason=radioTurnedOff
