W/audio_hw_primary( 1942): out_write error: -19, sleeping...
E/audio_hw_primary( 1942): no pcm card found!
W/audio_hw_primary( 1942): out_write error: -19, sleeping...
E/audio_hw_primary( 1942): no pcm card found!
W/audio_hw_primary( 1942): out_write error: -19, sleeping...
E/audio_hw_primary( 1942): no pcm card found!
W/audio_hw_primary( 1942): out_write error: -19, sleeping...
E/audio_hw_primary( 1942): no pcm card found!
W/audio_hw_primary( 1942): out_write error: -19, sleeping...
E/audio_hw_primary( 1942): no pcm card found!
W/audio_hw_primary( 1942): out_write error: -19, sleeping...
E/audio_hw_primary( 1942): no pcm card found!
W/audio_hw_primary( 1942): out_write error: -19, sleeping...
E/audio_hw_primary( 1942): no pcm card found!
W/audio_hw_primary( 1942): out_write error: -19, sleeping...
E/audio_hw_primary( 1942): no pcm card found!
W/audio_hw_primary( 1942): out_write error: -19, sleeping...
E/audio_hw_primary( 1942): no pcm card found!
W/audio_hw_primary( 1942): out_write error: -19, sleeping...
E/audio_hw_primary( 1942): no pcm card found!
W/audio_hw_primary( 1942): out_write error: -19, sleeping...
E/audio_hw_primary( 1942): no pcm card found!
W/audio_hw_primary( 1942): out_write error: -19, sleeping...
E/audio_hw_primary( 1942): no pcm card found!
W/audio_hw_primary( 1942): out_write error: -19, sleeping...
E/audio_hw_primary( 1942): no pcm card found!
W/audio_hw_primary( 1942): out_write error: -19, sleeping...
E/audio_hw_primary( 1942): no pcm card found!
W/audio_hw_primary( 1942): out_write error: -19, sleeping...
E/audio_hw_primary( 1942): no pcm card found!
W/audio_hw_primary( 1942): out_write error: -19, sleeping...
E/audio_hw_primary( 1942): no pcm card found!
W/audio_hw_primary( 1942): out_write error: -19, sleeping...
E/audio_hw_primary( 1942): no pcm card found!
W/audio_hw_primary( 1942): out_write error: -19, sleeping...
E/audio_hw_primary( 1942): no pcm card found!
W/audio_hw_primary( 1942): out_write error: -19, sleeping...
E/audio_hw_primary( 1942): no pcm card found!
W/audio_hw_primary( 1942): out_write error: -19, sleeping...
E/audio_hw_primary( 1942): no pcm card found!
W/audio_hw_primary( 1942): out_write error: -19, sleeping...
E/audio_hw_primary( 1942): no pcm card found!
W/audio_hw_primary( 1942): out_write error: -19, sleeping...
E/audio_hw_primary( 1942): no pcm card found!
W/audio_hw_primary( 1942): out_write error: -19, sleeping...
E/audio_hw_primary( 1942): no pcm card found!
W/audio_hw_primary( 1942): out_write error: -19, sleeping...
E/audio_hw_primary( 1942): no pcm card found!
W/audio_hw_primary( 1942): out_write error: -19, sleeping...
E/audio_hw_primary( 1942): no pcm card found!
W/audio_hw_primary( 1942): out_write error: -19, sleeping...
E/audio_hw_primary( 1942): no pcm card found!
W/audio_hw_primary( 1942): out_write error: -19, sleeping...
E/audio_hw_primary( 1942): no pcm card found!
W/audio_hw_primary( 1942): out_write error: -19, sleeping...
E/audio_hw_primary( 1942): no pcm card found!
W/audio_hw_primary( 1942): out_write error: -19, sleeping...
E/audio_hw_primary( 1942): no pcm card found!
W/audio_hw_primary( 1942): out_write error: -19, sleeping...
E/audio_hw_primary( 1942): no pcm card found!
W/audio_hw_primary( 1942): out_write error: -19, sleeping...
E/audio_hw_primary( 1942): no pcm card found!
W/audio_hw_primary( 1942): out_write error: -19, sleeping...
E/audio_hw_primary( 1942): no pcm card found!
W/audio_hw_primary( 1942): out_write error: -19, sleeping...
E/audio_hw_primary( 1942): no pcm card found!
W/audio_hw_primary( 1942): out_write error: -19, sleeping...
E/audio_hw_primary( 1942): no pcm card found!
W/audio_hw_primary( 1942): out_write error: -19, sleeping...
E/audio_hw_primary( 1942): no pcm card found!
W/audio_hw_primary( 1942): out_write error: -19, sleeping...
E/audio_hw_primary( 1942): no pcm card found!
W/audio_hw_primary( 1942): out_write error: -19, sleeping...
E/audio_hw_primary( 1942): no pcm card found!
W/audio_hw_primary( 1942): out_write error: -19, sleeping...
E/audio_hw_primary( 1942): no pcm card found!
W/audio_hw_primary( 1942): out_write error: -19, sleeping...
E/audio_hw_primary( 1942): no pcm card found!
W/audio_hw_primary( 1942): out_write error: -19, sleeping...
E/audio_hw_primary( 1942): no pcm card found!
W/audio_hw_primary( 1942): out_write error: -19, sleeping...
E/audio_hw_primary( 1942): no pcm card found!
W/audio_hw_primary( 1942): out_write error: -19, sleeping...
E/audio_hw_primary( 1942): no pcm card found!
W/audio_hw_primary( 1942): out_write error: -19, sleeping...
E/audio_hw_primary( 1942): no pcm card found!
W/audio_hw_primary( 1942): out_write error: -19, sleeping...
E/audio_hw_primary( 1942): no pcm card found!
W/audio_hw_primary( 1942): out_write error: -19, sleeping...
E/audio_hw_primary( 1942): no pcm card found!
W/audio_hw_primary( 1942): out_write error: -19, sleeping...
E/audio_hw_primary( 1942): no pcm card found!
W/audio_hw_primary( 1942): out_write error: -19, sleeping...
E/audio_hw_primary( 1942): no pcm card found!
W/audio_hw_primary( 1942): out_write error: -19, sleeping...
E/audio_hw_primary( 1942): no pcm card found!
W/audio_hw_primary( 1942): out_write error: -19, sleeping...
D/ConnectivityService( 2279): special network not available ni=mobile_hipri
E/audio_hw_primary( 1942): no pcm card found!
W/audio_hw_primary( 1942): out_write error: -19, sleeping...
E/audio_hw_primary( 1942): no pcm card found!
W/audio_hw_primary( 1942): out_write error: -19, sleeping...
E/audio_hw_primary( 1942): no pcm card found!
W/audio_hw_primary( 1942): out_write error: -19, sleeping...
E/audio_hw_primary( 1942): no pcm card found!
W/audio_hw_primary( 1942): out_write error: -19, sleeping...
E/audio_hw_primary( 1942): no pcm card found!
W/audio_hw_primary( 1942): out_write error: -19, sleeping...
E/audio_hw_primary( 1942): no pcm card found!
W/audio_hw_primary( 1942): out_write error: -19, sleeping...
E/audio_hw_primary( 1942): no pcm card found!
W/audio_hw_primary( 1942): out_write error: -19, sleeping...
E/audio_hw_primary( 1942): no pcm card found!
W/audio_hw_primary( 1942): out_write error: -19, sleeping...
E/audio_hw_primary( 1942): no pcm card found!
W/audio_hw_primary( 1942): out_write error: -19, sleeping...
E/audio_hw_primary( 1942): no pcm card found!
W/audio_hw_primary( 1942): out_write error: -19, sleeping...
E/audio_hw_primary( 1942): no pcm card found!
W/audio_hw_primary( 1942): out_write error: -19, sleeping...
E/audio_hw_primary( 1942): no pcm card found!
W/audio_hw_primary( 1942): out_write error: -19, sleeping...
E/audio_hw_primary( 1942): no pcm card found!
W/audio_hw_primary( 1942): out_write error: -19, sleeping...
E/audio_hw_primary( 1942): no pcm card found!
W/audio_hw_primary( 1942): out_write error: -19, sleeping...
E/audio_hw_primary( 1942): no pcm card found!
W/audio_hw_primary( 1942): out_write error: -19, sleeping...
E/audio_hw_primary( 1942): no pcm card found!
W/audio_hw_primary( 1942): out_write error: -19, sleeping...
E/audio_hw_primary( 1942): no pcm card found!
W/audio_hw_primary( 1942): out_write error: -19, sleeping...
E/audio_hw_primary( 1942): no pcm card found!
W/audio_hw_primary( 1942): out_write error: -19, sleeping...
E/audio_hw_primary( 1942): no pcm card found!
W/audio_hw_primary( 1942): out_write error: -19, sleeping...
E/audio_hw_primary( 1942): no pcm card found!
W/audio_hw_primary( 1942): out_write error: -19, sleeping...
E/audio_hw_primary( 1942): no pcm card found!
W/audio_hw_primary( 1942): out_write error: -19, sleeping...
E/audio_hw_primary( 1942): no pcm card found!
W/audio_hw_primary( 1942): out_write error: -19, sleeping...
E/audio_hw_primary( 1942): no pcm card found!
W/audio_hw_primary( 1942): out_write error: -19, sleeping...
E/audio_hw_primary( 1942): no pcm card found!
W/audio_hw_primary( 1942): out_write error: -19, sleeping...
E/audio_hw_primary( 1942): no pcm card found!
W/audio_hw_primary( 1942): out_write error: -19, sleeping...
E/audio_hw_primary( 1942): no pcm card found!
W/audio_hw_primary( 1942): out_write error: -19, sleeping...
E/audio_hw_primary( 1942): no pcm card found!
W/audio_hw_primary( 1942): out_write error: -19, sleeping...
E/audio_hw_primary( 1942): no pcm card found!
W/audio_hw_primary( 1942): out_write error: -19, sleeping...
E/audio_hw_primary( 1942): no pcm card found!
W/audio_hw_primary( 1942): out_write error: -19, sleeping...
E/audio_hw_primary( 1942): no pcm card found!
W/audio_hw_primary( 1942): out_write error: -19, sleeping...
E/audio_hw_primary( 1942): no pcm card found!
W/audio_hw_primary( 1942): out_write error: -19, sleeping...
E/audio_hw_primary( 1942): no pcm card found!
W/audio_hw_primary( 1942): out_write error: -19, sleeping...
E/audio_hw_primary( 1942): no pcm card found!
W/audio_hw_primary( 1942): out_write error: -19, sleeping...
E/audio_hw_primary( 1942): no pcm card found!
W/audio_hw_primary( 1942): out_write error: -19, sleeping...
E/audio_hw_primary( 1942): no pcm card found!
W/audio_hw_primary( 1942): out_write error: -19, sleeping...
D/dalvikvm( 3670): GC_FOR_ALLOC freed 9000K, 30% free 24048K/34084K, paused 18ms, total 18ms
I/dalvikvm-heap( 3670): Grow heap (frag case) to 32.329MB for 9216012-byte allocation
E/audio_hw_primary( 1942): no pcm card found!
W/audio_hw_primary( 1942): out_write error: -19, sleeping...
E/audio_hw_primary( 1942): no pcm card found!
W/audio_hw_primary( 1942): out_write error: -19, sleeping...
D/dalvikvm( 3670): GC_FOR_ALLOC freed <1K, 4% free 33047K/34084K, paused 17ms, total 17ms
E/audio_hw_primary( 1942): no pcm card found!
W/audio_hw_primary( 1942): out_write error: -19, sleeping...
D/dalvikvm( 3670): GC_CONCURRENT freed 0K, 4% free 33048K/34084K, paused 2ms+2ms, total 18ms
E/audio_hw_primary( 1942): no pcm card found!
W/audio_hw_primary( 1942): out_write error: -19, sleeping...
E/audio_hw_primary( 1942): no pcm card found!
W/audio_hw_primary( 1942): out_write error: -19, sleeping...
E/audio_hw_primary( 1942): no pcm card found!
W/audio_hw_primary( 1942): out_write error: -19, sleeping...
E/audio_hw_primary( 1942): no pcm card found!
W/audio_hw_primary( 1942): out_write error: -19, sleeping...
E/audio_hw_primary( 1942): no pcm card found!
W/audio_hw_primary( 1942): out_write error: -19, sleeping...
D/dalvikvm( 3670): GC_FOR_ALLOC freed 9000K, 5% free 24049K/25080K, paused 8ms, total 8ms
E/audio_hw_primary( 1942): no pcm card found!
W/audio_hw_primary( 1942): out_write error: -19, sleeping...
E/audio_hw_primary( 1942): no pcm card found!
W/audio_hw_primary( 1942): out_write error: -19, sleeping...
I/dalvikvm-heap( 3670): Grow heap (frag case) to 32.331MB for 9216012-byte allocation
E/audio_hw_primary( 1942): no pcm card found!
W/audio_hw_primary( 1942): out_write error: -19, sleeping...
D/dalvikvm( 3670): GC_FOR_ALLOC freed <1K, 4% free 33049K/34084K, paused 12ms, total 12ms
E/audio_hw_primary( 1942): no pcm card found!
W/audio_hw_primary( 1942): out_write error: -19, sleeping...
D/dalvikvm( 3670): GC_CONCURRENT freed <1K, 4% free 33049K/34084K, paused 0ms+1ms, total 10ms
E/audio_hw_primary( 1942): no pcm card found!
W/audio_hw_primary( 1942): out_write error: -19, sleeping...
E/audio_hw_primary( 1942): no pcm card found!
W/audio_hw_primary( 1942): out_write error: -19, sleeping...
E/audio_hw_primary( 1942): no pcm card found!
W/audio_hw_primary( 1942): out_write error: -19, sleeping...
D/dalvikvm( 3670): GC_FOR_ALLOC freed 9001K, 30% free 24049K/34084K, paused 8ms, total 8ms
I/dalvikvm-heap( 3670): Grow heap (frag case) to 32.331MB for 9216012-byte allocation
E/audio_hw_primary( 1942): no pcm card found!
W/audio_hw_primary( 1942): out_write error: -19, sleeping...
D/dalvikvm( 3670): GC_FOR_ALLOC freed <1K, 4% free 33049K/34084K, paused 9ms, total 9ms
E/audio_hw_primary( 1942): no pcm card found!
W/audio_hw_primary( 1942): out_write error: -19, sleeping...
D/dalvikvm( 3670): GC_CONCURRENT freed <1K, 4% free 33049K/34084K, paused 1ms+1ms, total 11ms
E/audio_hw_primary( 1942): no pcm card found!
W/audio_hw_primary( 1942): out_write error: -19, sleeping...
E/audio_hw_primary( 1942): no pcm card found!
W/audio_hw_primary( 1942): out_write error: -19, sleeping...
E/audio_hw_primary( 1942): no pcm card found!
W/audio_hw_primary( 1942): out_write error: -19, sleeping...
E/audio_hw_primary( 1942): no pcm card found!
W/audio_hw_primary( 1942): out_write error: -19, sleeping...
E/audio_hw_primary( 1942): no pcm card found!
W/audio_hw_primary( 1942): out_write error: -19, sleeping...
E/audio_hw_primary( 1942): no pcm card found!
W/audio_hw_primary( 1942): out_write error: -19, sleeping...
E/audio_hw_primary( 1942): no pcm card found!
W/audio_hw_primary( 1942): out_write error: -19, sleeping...
E/audio_hw_primary( 1942): no pcm card found!
W/audio_hw_primary( 1942): out_write error: -19, sleeping...
E/audio_hw_primary( 1942): no pcm card found!
W/audio_hw_primary( 1942): out_write error: -19, sleeping...
E/audio_hw_primary( 1942): no pcm card found!
W/audio_hw_primary( 1942): out_write error: -19, sleeping...
E/audio_hw_primary( 1942): no pcm card found!
W/audio_hw_primary( 1942): out_write error: -19, sleeping...
E/audio_hw_primary( 1942): no pcm card found!
W/audio_hw_primary( 1942): out_write error: -19, sleeping...
E/audio_hw_primary( 1942): no pcm card found!
W/audio_hw_primary( 1942): out_write error: -19, sleeping...
E/audio_hw_primary( 1942): no pcm card found!
W/audio_hw_primary( 1942): out_write error: -19, sleeping...
E/audio_hw_primary( 1942): no pcm card found!
W/audio_hw_primary( 1942): out_write error: -19, sleeping...
E/audio_hw_primary( 1942): no pcm card found!
W/audio_hw_primary( 1942): out_write error: -19, sleeping...
E/audio_hw_primary( 1942): no pcm card found!
W/audio_hw_primary( 1942): out_write error: -19, sleeping...
E/audio_hw_primary( 1942): no pcm card found!
W/audio_hw_primary( 1942): out_write error: -19, sleeping...
E/audio_hw_primary( 1942): no pcm card found!
W/audio_hw_primary( 1942): out_write error: -19, sleeping...
E/audio_hw_primary( 1942): no pcm card found!
W/audio_hw_primary( 1942): out_write error: -19, sleeping...
E/audio_hw_primary( 1942): no pcm card found!
W/audio_hw_primary( 1942): out_write error: -19, sleeping...
E/audio_hw_primary( 1942): no pcm card found!
W/audio_hw_primary( 1942): out_write error: -19, sleeping...
E/audio_hw_primary( 1942): no pcm card found!
W/audio_hw_primary( 1942): out_write error: -19, sleeping...
E/audio_hw_primary( 1942): no pcm card found!
W/audio_hw_primary( 1942): out_write error: -19, sleeping...
E/audio_hw_primary( 1942): no pcm card found!
W/audio_hw_primary( 1942): out_write error: -19, sleeping...
E/audio_hw_primary( 1942): no pcm card found!
W/audio_hw_primary( 1942): out_write error: -19, sleeping...
E/audio_hw_primary( 1942): no pcm card found!
W/audio_hw_primary( 1942): out_write error: -19, sleeping...
E/audio_hw_primary( 1942): no pcm card found!
W/audio_hw_primary( 1942): out_write error: -19, sleeping...
E/audio_hw_primary( 1942): no pcm card found!
W/audio_hw_primary( 1942): out_write error: -19, sleeping...
E/audio_hw_primary( 1942): no pcm card found!
W/audio_hw_primary( 1942): out_write error: -19, sleeping...
E/audio_hw_primary( 1942): no pcm card found!
W/audio_hw_primary( 1942): out_write error: -19, sleeping...
E/audio_hw_primary( 1942): no pcm card found!
W/audio_hw_primary( 1942): out_write error: -19, sleeping...
E/audio_hw_primary( 1942): no pcm card found!
W/audio_hw_primary( 1942): out_write error: -19, sleeping...
E/audio_hw_primary( 1942): no pcm card found!
W/audio_hw_primary( 1942): out_write error: -19, sleeping...
E/audio_hw_primary( 1942): no pcm card found!
W/audio_hw_primary( 1942): out_write error: -19, sleeping...
E/audio_hw_primary( 1942): no pcm card found!
W/audio_hw_primary( 1942): out_write error: -19, sleeping...
E/audio_hw_primary( 1942): no pcm card found!
W/audio_hw_primary( 1942): out_write error: -19, sleeping...
E/audio_hw_primary( 1942): no pcm card found!
W/audio_hw_primary( 1942): out_write error: -19, sleeping...
E/audio_hw_primary( 1942): no pcm card found!
W/audio_hw_primary( 1942): out_write error: -19, sleeping...
D/ConnectivityService( 2279): special network not available ni=mobile_hipri
E/audio_hw_primary( 1942): no pcm card found!
W/audio_hw_primary( 1942): out_write error: -19, sleeping...
E/audio_hw_primary( 1942): no pcm card found!
W/audio_hw_primary( 1942): out_write error: -19, sleeping...
E/audio_hw_primary( 1942): no pcm card found!
W/audio_hw_primary( 1942): out_write error: -19, sleeping...
E/audio_hw_primary( 1942): no pcm card found!
W/audio_hw_primary( 1942): out_write error: -19, sleeping...
E/audio_hw_primary( 1942): no pcm card found!
W/audio_hw_primary( 1942): out_write error: -19, sleeping...
E/audio_hw_primary( 1942): no pcm card found!
W/audio_hw_primary( 1942): out_write error: -19, sleeping...
E/audio_hw_primary( 1942): no pcm card found!
W/audio_hw_primary( 1942): out_write error: -19, sleeping...
E/audio_hw_primary( 1942): no pcm card found!
W/audio_hw_primary( 1942): out_write error: -19, sleeping...
E/audio_hw_primary( 1942): no pcm card found!
W/audio_hw_primary( 1942): out_write error: -19, sleeping...
E/audio_hw_primary( 1942): no pcm card found!
W/audio_hw_primary( 1942): out_write error: -19, sleeping...
E/audio_hw_primary( 1942): no pcm card found!
W/audio_hw_primary( 1942): out_write error: -19, sleeping...
E/audio_hw_primary( 1942): no pcm card found!
W/audio_hw_primary( 1942): out_write error: -19, sleeping...
E/audio_hw_primary( 1942): no pcm card found!
W/audio_hw_primary( 1942): out_write error: -19, sleeping...
E/audio_hw_primary( 1942): no pcm card found!
W/audio_hw_primary( 1942): out_write error: -19, sleeping...
E/audio_hw_primary( 1942): no pcm card found!
W/audio_hw_primary( 1942): out_write error: -19, sleeping...
E/audio_hw_primary( 1942): no pcm card found!
W/audio_hw_primary( 1942): out_write error: -19, sleeping...
E/audio_hw_primary( 1942): no pcm card found!
W/audio_hw_primary( 1942): out_write error: -19, sleeping...
E/audio_hw_primary( 1942): no pcm card found!
W/audio_hw_primary( 1942): out_write error: -19, sleeping...
E/audio_hw_primary( 1942): no pcm card found!
W/audio_hw_primary( 1942): out_write error: -19, sleeping...
E/audio_hw_primary( 1942): no pcm card found!
W/audio_hw_primary( 1942): out_write error: -19, sleeping...
E/audio_hw_primary( 1942): no pcm card found!
W/audio_hw_primary( 1942): out_write error: -19, sleeping...
E/audio_hw_primary( 1942): no pcm card found!
W/audio_hw_primary( 1942): out_write error: -19, sleeping...
E/audio_hw_primary( 1942): no pcm card found!
W/audio_hw_primary( 1942): out_write error: -19, sleeping...
E/audio_hw_primary( 1942): no pcm card found!
W/audio_hw_primary( 1942): out_write error: -19, sleeping...
E/audio_hw_primary( 1942): no pcm card found!
W/audio_hw_primary( 1942): out_write error: -19, sleeping...
E/audio_hw_primary( 1942): no pcm card found!
W/audio_hw_primary( 1942): out_write error: -19, sleeping...
E/audio_hw_primary( 1942): no pcm card found!
W/audio_hw_primary( 1942): out_write error: -19, sleeping...
E/audio_hw_primary( 1942): no pcm card found!
W/audio_hw_primary( 1942): out_write error: -19, sleeping...
E/audio_hw_primary( 1942): no pcm card found!
W/audio_hw_primary( 1942): out_write error: -19, sleeping...
E/audio_hw_primary( 1942): no pcm card found!
W/audio_hw_primary( 1942): out_write error: -19, sleeping...
E/audio_hw_primary( 1942): no pcm card found!
W/audio_hw_primary( 1942): out_write error: -19, sleeping...
E/audio_hw_primary( 1942): no pcm card found!
W/audio_hw_primary( 1942): out_write error: -19, sleeping...
E/audio_hw_primary( 1942): no pcm card found!
W/audio_hw_primary( 1942): out_write error: -19, sleeping...
E/audio_hw_primary( 1942): no pcm card found!
W/audio_hw_primary( 1942): out_write error: -19, sleeping...
E/audio_hw_primary( 1942): no pcm card found!
W/audio_hw_primary( 1942): out_write error: -19, sleeping...
E/audio_hw_primary( 1942): no pcm card found!
W/audio_hw_primary( 1942): out_write error: -19, sleeping...
E/audio_hw_primary( 1942): no pcm card found!
W/audio_hw_primary( 1942): out_write error: -19, sleeping...
E/audio_hw_primary( 1942): no pcm card found!
W/audio_hw_primary( 1942): out_write error: -19, sleeping...
E/audio_hw_primary( 1942): no pcm card found!
W/audio_hw_primary( 1942): out_write error: -19, sleeping...
E/audio_hw_primary( 1942): no pcm card found!
W/audio_hw_primary( 1942): out_write error: -19, sleeping...
E/audio_hw_primary( 1942): no pcm card found!
W/audio_hw_primary( 1942): out_write error: -19, sleeping...
E/audio_hw_primary( 1942): no pcm card found!
W/audio_hw_primary( 1942): out_write error: -19, sleeping...
E/audio_hw_primary( 1942): no pcm card found!
W/audio_hw_primary( 1942): out_write error: -19, sleeping...
I/ActivityManager( 2279): START u0 {act=android.intent.action.MAIN cat=[android.intent.category.LAUNCHER] flg=0x10200000 cmp=jackpal.androidterm/.Term} from pid 3670
E/audio_hw_primary( 1942): no pcm card found!
W/audio_hw_primary( 1942): out_write error: -19, sleeping...
E/audio_hw_primary( 1942): no pcm card found!
W/audio_hw_primary( 1942): out_write error: -19, sleeping...
E/audio_hw_primary( 1942): no pcm card found!
W/audio_hw_primary( 1942): out_write error: -19, sleeping...
W/SurfaceFlinger( 1939): captureScreen: error creating EGL fence: 0x3000
E/audio_hw_primary( 1942): no pcm card found!
W/audio_hw_primary( 1942): out_write error: -19, sleeping...
E/audio_hw_primary( 1942): no pcm card found!
W/audio_hw_primary( 1942): out_write error: -19, sleeping...
E/audio_hw_primary( 1942): no pcm card found!
W/audio_hw_primary( 1942): out_write error: -19, sleeping...
E/audio_hw_primary( 1942): no pcm card found!
W/audio_hw_primary( 1942): out_write error: -19, sleeping...
E/audio_hw_primary( 1942): no pcm card found!
W/audio_hw_primary( 1942): out_write error: -19, sleeping...
E/audio_hw_primary( 1942): no pcm card found!
W/audio_hw_primary( 1942): out_write error: -19, sleeping...
D/dalvikvm( 2279): GC_FOR_ALLOC freed 941K, 27% free 8168K/11112K, paused 63ms, total 63ms
I/dalvikvm-heap( 2279): Grow heap (frag case) to 8.305MB for 280152-byte allocation
E/audio_hw_primary( 1942): no pcm card found!
W/audio_hw_primary( 1942): out_write error: -19, sleeping...
E/audio_hw_primary( 1942): no pcm card found!
W/audio_hw_primary( 1942): out_write error: -19, sleeping...
E/audio_hw_primary( 1942): no pcm card found!
W/audio_hw_primary( 1942): out_write error: -19, sleeping...
E/audio_hw_primary( 1942): no pcm card found!
W/audio_hw_primary( 1942): out_write error: -19, sleeping...
D/dalvikvm( 2279): GC_FOR_ALLOC freed 0K, 26% free 8441K/11388K, paused 42ms, total 42ms
E/audio_hw_primary( 1942): no pcm card found!
W/audio_hw_primary( 1942): out_write error: -19, sleeping...
E/audio_hw_primary( 1942): no pcm card found!
W/audio_hw_primary( 1942): out_write error: -19, sleeping...
D/dalvikvm( 2279): GC_FOR_ALLOC freed 292K, 29% free 8152K/11388K, paused 29ms, total 29ms
E/audio_hw_primary( 1942): no pcm card found!
W/audio_hw_primary( 1942): out_write error: -19, sleeping...
W/BroadcastQueue( 2279): Permission Denial: receiving Intent { act=com.android.launcher3.action.LAUNCH flg=0x10 (has extras) } to com.google.android.googlequicksearchbox/com.google.android.search.core.summons.icing.InternalIcingCorporaProvider$ApplicationLaunchReceiver requires com.android.launcher3.permission.RECEIVE_LAUNCH_BROADCASTS due to sender com.cyanogenmod.trebuchet (uid 10020)
E/audio_hw_primary( 1942): no pcm card found!
W/audio_hw_primary( 1942): out_write error: -19, sleeping...
E/audio_hw_primary( 1942): no pcm card found!
W/audio_hw_primary( 1942): out_write error: -19, sleeping...
I/ActivityManager( 2279): Start proc jackpal.androidterm for activity jackpal.androidterm/.Term: pid=4054 uid=10024 gids={50024, 3003, 1028, 1015, 1023}
E/audio_hw_primary( 1942): no pcm card found!
W/audio_hw_primary( 1942): out_write error: -19, sleeping...
I/PackageManager( 2279): Running dexopt on: jackpal.androidterm
E/audio_hw_primary( 1942): no pcm card found!
W/audio_hw_primary( 1942): out_write error: -19, sleeping...
E/audio_hw_primary( 1942): no pcm card found!
W/audio_hw_primary( 1942): out_write error: -19, sleeping...
E/audio_hw_primary( 1942): no pcm card found!
W/audio_hw_primary( 1942): out_write error: -19, sleeping...
E/audio_hw_primary( 1942): no pcm card found!
W/audio_hw_primary( 1942): out_write error: -19, sleeping...
E/audio_hw_primary( 1942): no pcm card found!
W/audio_hw_primary( 1942): out_write error: -19, sleeping...
E/audio_hw_primary( 1942): no pcm card found!
W/audio_hw_primary( 1942): out_write error: -19, sleeping...
E/audio_hw_primary( 1942): no pcm card found!
W/audio_hw_primary( 1942): out_write error: -19, sleeping...
E/audio_hw_primary( 1942): no pcm card found!
W/audio_hw_primary( 1942): out_write error: -19, sleeping...
D/dalvikvm( 4066): DexOpt: load 12ms, verify+opt 47ms, 764764 bytes
E/audio_hw_primary( 1942): no pcm card found!
W/audio_hw_primary( 1942): out_write error: -19, sleeping...
E/audio_hw_primary( 1942): no pcm card found!
W/audio_hw_primary( 1942): out_write error: -19, sleeping...
I/ActivityThread( 4054): Switching default density from 160 to 240
E/audio_hw_primary( 1942): no pcm card found!
W/audio_hw_primary( 1942): out_write error: -19, sleeping...
V/Term ( 4054): onCreate
E/audio_hw_primary( 1942): no pcm card found!
W/audio_hw_primary( 1942): out_write error: -19, sleeping...
E/audio_hw_primary( 1942): no pcm card found!
W/audio_hw_primary( 1942): out_write error: -19, sleeping...
E/audio_hw_primary( 1942): no pcm card found!
W/audio_hw_primary( 1942): out_write error: -19, sleeping...
E/audio_hw_primary( 1942): no pcm card found!
W/audio_hw_primary( 1942): out_write error: -19, sleeping...
E/audio_hw_primary( 1942): no pcm card found!
W/audio_hw_primary( 1942): out_write error: -19, sleeping...
I/InputDispatcher( 2279): Dropping event because there is no touchable window at (1570, 586).
E/audio_hw_primary( 1942): no pcm card found!
W/audio_hw_primary( 1942): out_write error: -19, sleeping...
I/InputDispatcher( 2279): Dropping event because there is no touchable window at (1568, 586).
E/audio_hw_primary( 1942): no pcm card found!
W/audio_hw_primary( 1942): out_write error: -19, sleeping...
I/InputDispatcher( 2279): Dropping event because there is no touchable window at (1565, 586).
I/InputDispatcher( 2279): Dropping event because there is no touchable window at (1557, 591).
E/audio_hw_primary( 1942): no pcm card found!
W/audio_hw_primary( 1942): out_write error: -19, sleeping...
I/InputDispatcher( 2279): Dropping event because there is no touchable window at (1536, 603).
E/audio_hw_primary( 1942): no pcm card found!
W/audio_hw_primary( 1942): out_write error: -19, sleeping...
I/InputDispatcher( 2279): Dropping event because there is no touchable window at (1515, 616).
D/Term ( 4054): TermService started
I/TermService( 4054): Activity called onBind()
E/audio_hw_primary( 1942): no pcm card found!
W/audio_hw_primary( 1942): out_write error: -19, sleeping...
I/InputDispatcher( 2279): Dropping event because there is no touchable window at (1498, 624).
I/InputDispatcher( 2279): Dropping event because there is no touchable window at (1487, 629).
E/audio_hw_primary( 1942): no pcm card found!
W/audio_hw_primary( 1942): out_write error: -19, sleeping...
I/InputDispatcher( 2279): Dropping event because there is no touchable window at (1475, 640).
E/audio_hw_primary( 1942): no pcm card found!
W/audio_hw_primary( 1942): out_write error: -19, sleeping...
I/InputDispatcher( 2279): Dropping event because there is no touchable window at (1469, 643).
I/InputDispatcher( 2279): Dropping event because there is no touchable window at (1457, 649).
E/audio_hw_primary( 1942): no pcm card found!
W/audio_hw_primary( 1942): out_write error: -19, sleeping...
I/InputDispatcher( 2279): Dropping event because there is no touchable window at (1443, 655).
E/audio_hw_primary( 1942): no pcm card found!
W/audio_hw_primary( 1942): out_write error: -19, sleeping...
I/InputDispatcher( 2279): Dropping event because there is no touchable window at (1433, 661).
E/audio_hw_primary( 1942): no pcm card found!
W/audio_hw_primary( 1942): out_write error: -19, sleeping...
I/InputDispatcher( 2279): Dropping event because there is no touchable window at (1426, 662).
W/GRALLOC-PIPE( 4054): failed to create pipe screen for i965
I/GRALLOC-DRM( 4054): create intel for driver i915
W/EGL-GALLIUM( 4054): failed to create DRM screen
W/EGL-GALLIUM( 4054): will fall back to other EGL drivers if any
E/audio_hw_primary( 1942): no pcm card found!
W/audio_hw_primary( 1942): out_write error: -19, sleeping...
E/audio_hw_primary( 1942): no pcm card found!
W/audio_hw_primary( 1942): out_write error: -19, sleeping...
E/audio_hw_primary( 1942): no pcm card found!
W/audio_hw_primary( 1942): out_write error: -19, sleeping...
D/ConnectivityService( 2279): special network not available ni=mobile_hipri
E/audio_hw_primary( 1942): no pcm card found!
W/audio_hw_primary( 1942): out_write error: -19, sleeping...
E/audio_hw_primary( 1942): no pcm card found!
W/audio_hw_primary( 1942): out_write error: -19, sleeping...
E/audio_hw_primary( 1942): no pcm card found!
W/audio_hw_primary( 1942): out_write error: -19, sleeping...
E/audio_hw_primary( 1942): no pcm card found!
W/audio_hw_primary( 1942): out_write error: -19, sleeping...
E/audio_hw_primary( 1942): no pcm card found!
W/audio_hw_primary( 1942): out_write error: -19, sleeping...
E/audio_hw_primary( 1942): no pcm card found!
W/audio_hw_primary( 1942): out_write error: -19, sleeping...
E/audio_hw_primary( 1942): no pcm card found!
W/audio_hw_primary( 1942): out_write error: -19, sleeping...
D/OpenGLRenderer( 4054): Enabling debug mode 0
I/Term ( 4054): Bound to TermService
I/TermService( 4054): Activity binding to service
E/houdini_hook( 4054): Unable to open libdvm_houdini lib
E/houdini_hook( 4054): Unable to open libdvm_houdini lib
E/houdini_hook( 4054): Unable to open libdvm_houdini lib
E/houdini_hook( 4054): Unable to open libdvm_houdini lib
E/houdini_hook( 4054): Unable to open libdvm_houdini lib
E/houdini_hook( 4054): Unable to open libdvm_houdini lib
D/dalvikvm( 4054): No JNI_OnLoad found in /system/lib/libjackpal-termexec2.so 0x582f0160, skipping init
E/audio_hw_primary( 1942): no pcm card found!
W/audio_hw_primary( 1942): out_write error: -19, sleeping...
E/audio_hw_primary( 1942): no pcm card found!
W/audio_hw_primary( 1942): out_write error: -19, sleeping...
E/audio_hw_primary( 1942): no pcm card found!
W/audio_hw_primary( 1942): out_write error: -19, sleeping...
E/audio_hw_primary( 1942): no pcm card found!
W/audio_hw_primary( 1942): out_write error: -19, sleeping...
E/audio_hw_primary( 1942): no pcm card found!
W/audio_hw_primary( 1942): out_write error: -19, sleeping...
D/dalvikvm( 4054): GC_CONCURRENT freed 162K, 8% free 2907K/3132K, paused 2ms+1ms, total 8ms
E/audio_hw_primary( 1942): no pcm card found!
W/audio_hw_primary( 1942): out_write error: -19, sleeping...
E/audio_hw_primary( 1942): no pcm card found!
W/audio_hw_primary( 1942): out_write error: -19, sleeping...
E/houdini_hook( 4054): Unable to open libdvm_houdini lib
E/houdini_hook( 4054): Unable to open libdvm_houdini lib
E/houdini_hook( 4054): Unable to open libdvm_houdini lib
E/houdini_hook( 4054): Unable to open libdvm_houdini lib
E/houdini_hook( 4054): Unable to open libdvm_houdini lib
E/houdini_hook( 4054): Unable to open libdvm_houdini lib
I/libjackpal-androidterm( 4054): JNI_OnLoad
E/audio_hw_primary( 1942): no pcm card found!
W/audio_hw_primary( 1942): out_write error: -19, sleeping...
E/audio_hw_primary( 1942): no pcm card found!
W/audio_hw_primary( 1942): out_write error: -19, sleeping...
E/audio_hw_primary( 1942): no pcm card found!
W/audio_hw_primary( 1942): out_write error: -19, sleeping...
E/audio_hw_primary( 1942): no pcm card found!
W/audio_hw_primary( 1942): out_write error: -19, sleeping...
I/Term ( 4054): waiting for: 4069
E/audio_hw_primary( 1942): no pcm card found!
W/audio_hw_primary( 1942): out_write error: -19, sleeping...
E/audio_hw_primary( 1942): no pcm card found!
W/audio_hw_primary( 1942): out_write error: -19, sleeping...
D/dalvikvm( 4054): GC_CONCURRENT freed 113K, 6% free 3196K/3372K, paused 2ms+1ms, total 7ms
E/audio_hw_primary( 1942): no pcm card found!
W/audio_hw_primary( 1942): out_write error: -19, sleeping...
E/audio_hw_primary( 1942): no pcm card found!
W/audio_hw_primary( 1942): out_write error: -19, sleeping...
E/audio_hw_primary( 1942): no pcm card found!
W/audio_hw_primary( 1942): out_write error: -19, sleeping...
E/audio_hw_primary( 1942): no pcm card found!
W/audio_hw_primary( 1942): out_write error: -19, sleeping...
E/audio_hw_primary( 1942): no pcm card found!
W/audio_hw_primary( 1942): out_write error: -19, sleeping...
E/audio_hw_primary( 1942): no pcm card found!
W/audio_hw_primary( 1942): out_write error: -19, sleeping...
E/audio_hw_primary( 1942): no pcm card found!
W/audio_hw_primary( 1942): out_write error: -19, sleeping...
E/audio_hw_primary( 1942): no pcm card found!
W/audio_hw_primary( 1942): out_write error: -19, sleeping...
E/audio_hw_primary( 1942): no pcm card found!
W/audio_hw_primary( 1942): out_write error: -19, sleeping...
I/ActivityManager( 2279): Displayed jackpal.androidterm/.Term: +648ms
E/audio_hw_primary( 1942): no pcm card found!
W/audio_hw_primary( 1942): out_write error: -19, sleeping...
E/audio_hw_primary( 1942): no pcm card found!
W/audio_hw_primary( 1942): out_write error: -19, sleeping...
E/audio_hw_primary( 1942): no pcm card found!
W/audio_hw_primary( 1942): out_write error: -19, sleeping...
E/audio_hw_primary( 1942): no pcm card found!
W/audio_hw_primary( 1942): out_write error: -19, sleeping...
E/audio_hw_primary( 1942): no pcm card found!
W/audio_hw_primary( 1942): out_write error: -19, sleeping...
E/audio_hw_primary( 1942): no pcm card found!
W/audio_hw_primary( 1942): out_write error: -19, sleeping...
E/audio_hw_primary( 1942): no pcm card found!
W/audio_hw_primary( 1942): out_write error: -19, sleeping...
E/audio_hw_primary( 1942): no pcm card found!
W/audio_hw_primary( 1942): out_write error: -19, sleeping...
E/audio_hw_primary( 1942): no pcm card found!
W/audio_hw_primary( 1942): out_write error: -19, sleeping...
E/audio_hw_primary( 1942): no pcm card found!
W/audio_hw_primary( 1942): out_write error: -19, sleeping...
E/audio_hw_primary( 1942): no pcm card found!
W/audio_hw_primary( 1942): out_write error: -19, sleeping...
E/audio_hw_primary( 1942): no pcm card found!
W/audio_hw_primary( 1942): out_write error: -19, sleeping...
E/audio_hw_primary( 1942): no pcm card found!
W/audio_hw_primary( 1942): out_write error: -19, sleeping...
E/audio_hw_primary( 1942): no pcm card found!
W/audio_hw_primary( 1942): out_write error: -19, sleeping...
E/audio_hw_primary( 1942): no pcm card found!
W/audio_hw_primary( 1942): out_write error: -19, sleeping...
E/audio_hw_primary( 1942): no pcm card found!
W/audio_hw_primary( 1942): out_write error: -19, sleeping...
E/audio_hw_primary( 1942): no pcm card found!
W/audio_hw_primary( 1942): out_write error: -19, sleeping...
E/audio_hw_primary( 1942): no pcm card found!
W/audio_hw_primary( 1942): out_write error: -19, sleeping...
E/audio_hw_primary( 1942): no pcm card found!
W/audio_hw_primary( 1942): out_write error: -19, sleeping...
E/audio_hw_primary( 1942): no pcm card found!
W/audio_hw_primary( 1942): out_write error: -19, sleeping...
E/audio_hw_primary( 1942): no pcm card found!
W/audio_hw_primary( 1942): out_write error: -19, sleeping...
E/audio_hw_primary( 1942): no pcm card found!
W/audio_hw_primary( 1942): out_write error: -19, sleeping...
E/audio_hw_primary( 1942): no pcm card found!
W/audio_hw_primary( 1942): out_write error: -19, sleeping...
E/audio_hw_primary( 1942): no pcm card found!
W/audio_hw_primary( 1942): out_write error: -19, sleeping...
E/audio_hw_primary( 1942): no pcm card found!
W/audio_hw_primary( 1942): out_write error: -19, sleeping...
E/audio_hw_primary( 1942): no pcm card found!
W/audio_hw_primary( 1942): out_write error: -19, sleeping...
E/audio_hw_primary( 1942): no pcm card found!
W/audio_hw_primary( 1942): out_write error: -19, sleeping...
E/audio_hw_primary( 1942): no pcm card found!
W/audio_hw_primary( 1942): out_write error: -19, sleeping...
E/audio_hw_primary( 1942): no pcm card found!
W/audio_hw_primary( 1942): out_write error: -19, sleeping...
E/audio_hw_primary( 1942): no pcm card found!
W/audio_hw_primary( 1942): out_write error: -19, sleeping...
E/audio_hw_primary( 1942): no pcm card found!
W/audio_hw_primary( 1942): out_write error: -19, sleeping...
E/audio_hw_primary( 1942): no pcm card found!
W/audio_hw_primary( 1942): out_write error: -19, sleeping...
E/audio_hw_primary( 1942): no pcm card found!
W/audio_hw_primary( 1942): out_write error: -19, sleeping...
E/audio_hw_primary( 1942): no pcm card found!
W/audio_hw_primary( 1942): out_write error: -19, sleeping...
E/audio_hw_primary( 1942): no pcm card found!
W/audio_hw_primary( 1942): out_write error: -19, sleeping...
E/audio_hw_primary( 1942): no pcm card found!
W/audio_hw_primary( 1942): out_write error: -19, sleeping...
E/audio_hw_primary( 1942): no pcm card found!
W/audio_hw_primary( 1942): out_write error: -19, sleeping...
E/audio_hw_primary( 1942): no pcm card found!
W/audio_hw_primary( 1942): out_write error: -19, sleeping...
E/audio_hw_primary( 1942): no pcm card found!
W/audio_hw_primary( 1942): out_write error: -19, sleeping...
E/audio_hw_primary( 1942): no pcm card found!
W/audio_hw_primary( 1942): out_write error: -19, sleeping...
E/audio_hw_primary( 1942): no pcm card found!
W/audio_hw_primary( 1942): out_write error: -19, sleeping...
E/audio_hw_primary( 1942): no pcm card found!
W/audio_hw_primary( 1942): out_write error: -19, sleeping...
E/audio_hw_primary( 1942): no pcm card found!
W/audio_hw_primary( 1942): out_write error: -19, sleeping...
E/audio_hw_primary( 1942): no pcm card found!
W/audio_hw_primary( 1942): out_write error: -19, sleeping...
E/audio_hw_primary( 1942): no pcm card found!
W/audio_hw_primary( 1942): out_write error: -19, sleeping...
E/audio_hw_primary( 1942): no pcm card found!
W/audio_hw_primary( 1942): out_write error: -19, sleeping...
E/audio_hw_primary( 1942): no pcm card found!
W/audio_hw_primary( 1942): out_write error: -19, sleeping...
E/audio_hw_primary( 1942): no pcm card found!
W/audio_hw_primary( 1942): out_write error: -19, sleeping...
E/audio_hw_primary( 1942): no pcm card found!
W/audio_hw_primary( 1942): out_write error: -19, sleeping...
E/audio_hw_primary( 1942): no pcm card found!
W/audio_hw_primary( 1942): out_write error: -19, sleeping...
E/audio_hw_primary( 1942): no pcm card found!
W/audio_hw_primary( 1942): out_write error: -19, sleeping...
E/audio_hw_primary( 1942): no pcm card found!
W/audio_hw_primary( 1942): out_write error: -19, sleeping...
E/audio_hw_primary( 1942): no pcm card found!
W/audio_hw_primary( 1942): out_write error: -19, sleeping...
E/audio_hw_primary( 1942): no pcm card found!
W/audio_hw_primary( 1942): out_write error: -19, sleeping...
E/audio_hw_primary( 1942): no pcm card found!
W/audio_hw_primary( 1942): out_write error: -19, sleeping...
E/audio_hw_primary( 1942): no pcm card found!
W/audio_hw_primary( 1942): out_write error: -19, sleeping...
E/audio_hw_primary( 1942): no pcm card found!
W/audio_hw_primary( 1942): out_write error: -19, sleeping...
E/audio_hw_primary( 1942): no pcm card found!
W/audio_hw_primary( 1942): out_write error: -19, sleeping...
E/audio_hw_primary( 1942): no pcm card found!
W/audio_hw_primary( 1942): out_write error: -19, sleeping...
E/audio_hw_primary( 1942): no pcm card found!
W/audio_hw_primary( 1942): out_write error: -19, sleeping...
E/audio_hw_primary( 1942): no pcm card found!
W/audio_hw_primary( 1942): out_write error: -19, sleeping...
E/audio_hw_primary( 1942): no pcm card found!
W/audio_hw_primary( 1942): out_write error: -19, sleeping...
D/ConnectivityService( 2279): special network not available ni=mobile_hipri
E/audio_hw_primary( 1942): no pcm card found!
W/audio_hw_primary( 1942): out_write error: -19, sleeping...
E/audio_hw_primary( 1942): no pcm card found!
W/audio_hw_primary( 1942): out_write error: -19, sleeping...
E/audio_hw_primary( 1942): no pcm card found!
W/audio_hw_primary( 1942): out_write error: -19, sleeping...
E/audio_hw_primary( 1942): no pcm card found!
W/audio_hw_primary( 1942): out_write error: -19, sleeping...
E/audio_hw_primary( 1942): no pcm card found!
W/audio_hw_primary( 1942): out_write error: -19, sleeping...
E/audio_hw_primary( 1942): no pcm card found!
W/audio_hw_primary( 1942): out_write error: -19, sleeping...
E/audio_hw_primary( 1942): no pcm card found!
W/audio_hw_primary( 1942): out_write error: -19, sleeping...
E/audio_hw_primary( 1942): no pcm card found!
W/audio_hw_primary( 1942): out_write error: -19, sleeping...
E/audio_hw_primary( 1942): no pcm card found!
W/audio_hw_primary( 1942): out_write error: -19, sleeping...
E/audio_hw_primary( 1942): no pcm card found!
W/audio_hw_primary( 1942): out_write error: -19, sleeping...
E/audio_hw_primary( 1942): no pcm card found!
W/audio_hw_primary( 1942): out_write error: -19, sleeping...
E/audio_hw_primary( 1942): no pcm card found!
W/audio_hw_primary( 1942): out_write error: -19, sleeping...
E/audio_hw_primary( 1942): no pcm card found!
W/audio_hw_primary( 1942): out_write error: -19, sleeping...
E/audio_hw_primary( 1942): no pcm card found!
W/audio_hw_primary( 1942): out_write error: -19, sleeping...
E/audio_hw_primary( 1942): no pcm card found!
W/audio_hw_primary( 1942): out_write error: -19, sleeping...
E/audio_hw_primary( 1942): no pcm card found!
W/audio_hw_primary( 1942): out_write error: -19, sleeping...
E/audio_hw_primary( 1942): no pcm card found!
W/audio_hw_primary( 1942): out_write error: -19, sleeping...
E/audio_hw_primary( 1942): no pcm card found!
W/audio_hw_primary( 1942): out_write error: -19, sleeping...
E/audio_hw_primary( 1942): no pcm card found!
W/audio_hw_primary( 1942): out_write error: -19, sleeping...
E/audio_hw_primary( 1942): no pcm card found!
W/audio_hw_primary( 1942): out_write error: -19, sleeping...
E/audio_hw_primary( 1942): no pcm card found!
W/audio_hw_primary( 1942): out_write error: -19, sleeping...
E/audio_hw_primary( 1942): no pcm card found!
W/audio_hw_primary( 1942): out_write error: -19, sleeping...
E/audio_hw_primary( 1942): no pcm card found!
W/audio_hw_primary( 1942): out_write error: -19, sleeping...
E/audio_hw_primary( 1942): no pcm card found!
W/audio_hw_primary( 1942): out_write error: -19, sleeping...
E/audio_hw_primary( 1942): no pcm card found!
W/audio_hw_primary( 1942): out_write error: -19, sleeping...
E/audio_hw_primary( 1942): no pcm card found!
W/audio_hw_primary( 1942): out_write error: -19, sleeping...
E/audio_hw_primary( 1942): no pcm card found!
W/audio_hw_primary( 1942): out_write error: -19, sleeping...
E/audio_hw_primary( 1942): no pcm card found!
W/audio_hw_primary( 1942): out_write error: -19, sleeping...
E/audio_hw_primary( 1942): no pcm card found!
W/audio_hw_primary( 1942): out_write error: -19, sleeping...
E/audio_hw_primary( 1942): no pcm card found!
W/audio_hw_primary( 1942): out_write error: -19, sleeping...
E/audio_hw_primary( 1942): no pcm card found!
W/audio_hw_primary( 1942): out_write error: -19, sleeping...
E/audio_hw_primary( 1942): no pcm card found!
W/audio_hw_primary( 1942): out_write error: -19, sleeping...
E/audio_hw_primary( 1942): no pcm card found!
W/audio_hw_primary( 1942): out_write error: -19, sleeping...
E/audio_hw_primary( 1942): no pcm card found!
W/audio_hw_primary( 1942): out_write error: -19, sleeping...
E/audio_hw_primary( 1942): no pcm card found!
W/audio_hw_primary( 1942): out_write error: -19, sleeping...
E/audio_hw_primary( 1942): no pcm card found!
W/audio_hw_primary( 1942): out_write error: -19, sleeping...
E/audio_hw_primary( 1942): no pcm card found!
W/audio_hw_primary( 1942): out_write error: -19, sleeping...
E/audio_hw_primary( 1942): no pcm card found!
W/audio_hw_primary( 1942): out_write error: -19, sleeping...
E/audio_hw_primary( 1942): no pcm card found!
W/audio_hw_primary( 1942): out_write error: -19, sleeping...
E/audio_hw_primary( 1942): no pcm card found!
W/audio_hw_primary( 1942): out_write error: -19, sleeping...
E/audio_hw_primary( 1942): no pcm card found!
W/audio_hw_primary( 1942): out_write error: -19, sleeping...
E/audio_hw_primary( 1942): no pcm card found!
W/audio_hw_primary( 1942): out_write error: -19, sleeping...
E/audio_hw_primary( 1942): no pcm card found!
W/audio_hw_primary( 1942): out_write error: -19, sleeping...
E/audio_hw_primary( 1942): no pcm card found!
W/audio_hw_primary( 1942): out_write error: -19, sleeping...
E/audio_hw_primary( 1942): no pcm card found!
W/audio_hw_primary( 1942): out_write error: -19, sleeping...
E/audio_hw_primary( 1942): no pcm card found!
W/audio_hw_primary( 1942): out_write error: -19, sleeping...
E/audio_hw_primary( 1942): no pcm card found!
W/audio_hw_primary( 1942): out_write error: -19, sleeping...
E/audio_hw_primary( 1942): no pcm card found!
W/audio_hw_primary( 1942): out_write error: -19, sleeping...
E/audio_hw_primary( 1942): no pcm card found!
W/audio_hw_primary( 1942): out_write error: -19, sleeping...
E/audio_hw_primary( 1942): no pcm card found!
W/audio_hw_primary( 1942): out_write error: -19, sleeping...
E/audio_hw_primary( 1942): no pcm card found!
W/audio_hw_primary( 1942): out_write error: -19, sleeping...
E/audio_hw_primary( 1942): no pcm card found!
W/audio_hw_primary( 1942): out_write error: -19, sleeping...
E/audio_hw_primary( 1942): no pcm card found!
W/audio_hw_primary( 1942): out_write error: -19, sleeping...
E/audio_hw_primary( 1942): no pcm card found!
W/audio_hw_primary( 1942): out_write error: -19, sleeping...
E/audio_hw_primary( 1942): no pcm card found!
W/audio_hw_primary( 1942): out_write error: -19, sleeping...
E/audio_hw_primary( 1942): no pcm card found!
W/audio_hw_primary( 1942): out_write error: -19, sleeping...
E/audio_hw_primary( 1942): no pcm card found!
W/audio_hw_primary( 1942): out_write error: -19, sleeping...
E/audio_hw_primary( 1942): no pcm card found!
W/audio_hw_primary( 1942): out_write error: -19, sleeping...
E/audio_hw_primary( 1942): no pcm card found!
W/audio_hw_primary( 1942): out_write error: -19, sleeping...
E/audio_hw_primary( 1942): no pcm card found!
W/audio_hw_primary( 1942): out_write error: -19, sleeping...
E/audio_hw_primary( 1942): no pcm card found!
W/audio_hw_primary( 1942): out_write error: -19, sleeping...
E/audio_hw_primary( 1942): no pcm card found!
W/audio_hw_primary( 1942): out_write error: -19, sleeping...
E/audio_hw_primary( 1942): no pcm card found!
W/audio_hw_primary( 1942): out_write error: -19, sleeping...
E/audio_hw_primary( 1942): no pcm card found!
W/audio_hw_primary( 1942): out_write error: -19, sleeping...
E/audio_hw_primary( 1942): no pcm card found!
W/audio_hw_primary( 1942): out_write error: -19, sleeping...
E/audio_hw_primary( 1942): no pcm card found!
W/audio_hw_primary( 1942): out_write error: -19, sleeping...
E/audio_hw_primary( 1942): no pcm card found!
W/audio_hw_primary( 1942): out_write error: -19, sleeping...
E/audio_hw_primary( 1942): no pcm card found!
W/audio_hw_primary( 1942): out_write error: -19, sleeping...
E/audio_hw_primary( 1942): no pcm card found!
W/audio_hw_primary( 1942): out_write error: -19, sleeping...
E/audio_hw_primary( 1942): no pcm card found!
W/audio_hw_primary( 1942): out_write error: -19, sleeping...
E/audio_hw_primary( 1942): no pcm card found!
W/audio_hw_primary( 1942): out_write error: -19, sleeping...
E/audio_hw_primary( 1942): no pcm card found!
W/audio_hw_primary( 1942): out_write error: -19, sleeping...
E/audio_hw_primary( 1942): no pcm card found!
W/audio_hw_primary( 1942): out_write error: -19, sleeping...
E/audio_hw_primary( 1942): no pcm card found!
W/audio_hw_primary( 1942): out_write error: -19, sleeping...
E/audio_hw_primary( 1942): no pcm card found!
W/audio_hw_primary( 1942): out_write error: -19, sleeping...
E/audio_hw_primary( 1942): no pcm card found!
W/audio_hw_primary( 1942): out_write error: -19, sleeping...
E/audio_hw_primary( 1942): no pcm card found!
W/audio_hw_primary( 1942): out_write error: -19, sleeping...
E/audio_hw_primary( 1942): no pcm card found!
W/audio_hw_primary( 1942): out_write error: -19, sleeping...
E/audio_hw_primary( 1942): no pcm card found!
W/audio_hw_primary( 1942): out_write error: -19, sleeping...
E/audio_hw_primary( 1942): no pcm card found!
W/audio_hw_primary( 1942): out_write error: -19, sleeping...
E/audio_hw_primary( 1942): no pcm card found!
W/audio_hw_primary( 1942): out_write error: -19, sleeping...
E/audio_hw_primary( 1942): no pcm card found!
W/audio_hw_primary( 1942): out_write error: -19, sleeping...
E/audio_hw_primary( 1942): no pcm card found!
W/audio_hw_primary( 1942): out_write error: -19, sleeping...
E/audio_hw_primary( 1942): no pcm card found!
W/audio_hw_primary( 1942): out_write error: -19, sleeping...
E/audio_hw_primary( 1942): no pcm card found!
W/audio_hw_primary( 1942): out_write error: -19, sleeping...
E/audio_hw_primary( 1942): no pcm card found!
W/audio_hw_primary( 1942): out_write error: -19, sleeping...
E/audio_hw_primary( 1942): no pcm card found!
W/audio_hw_primary( 1942): out_write error: -19, sleeping...
E/audio_hw_primary( 1942): no pcm card found!
W/audio_hw_primary( 1942): out_write error: -19, sleeping...
E/audio_hw_primary( 1942): no pcm card found!
W/audio_hw_primary( 1942): out_write error: -19, sleeping...
D/ConnectivityService( 2279): special network not available ni=mobile_hipri
E/audio_hw_primary( 1942): no pcm card found!
W/audio_hw_primary( 1942): out_write error: -19, sleeping...
E/audio_hw_primary( 1942): no pcm card found!
W/audio_hw_primary( 1942): out_write error: -19, sleeping...
E/audio_hw_primary( 1942): no pcm card found!
W/audio_hw_primary( 1942): out_write error: -19, sleeping...
E/audio_hw_primary( 1942): no pcm card found!
