D/dalvikvm( 7940): VFY: replacing opcode 0x6e at 0x0006
W/GAV2 ( 7940): Thread[main,5,main]: Need to call initialize() and be in fallback mode to start dispatch.
I/BooksApp( 7940): Created application version: 3.5.15 (30515)
D/dalvikvm( 7940): GC_CONCURRENT freed 226K, 9% free 3054K/3340K, paused 1ms+0ms, total 7ms
I/ActivityManager( 1948): Start proc com.android.vending for service com.android.vending/com.google.android.finsky.services.ContentFiltersService: pid=7963 uid=10016 gids={50016, 3003, 1028, 1015, 1023}
D/dalvikvm( 5733): GC_CONCURRENT freed 800K, 30% free 5384K/7660K, paused 1ms+4ms, total 25ms
I/dalvikvm( 7963): Could not find method android.content.pm.PackageManager.getPackageInstaller, referenced from method com.google.android.gms.common.GooglePlayServicesUtil.zzl
W/dalvikvm( 7963): VFY: unable to resolve virtual method 576: Landroid/content/pm/PackageManager;.getPackageInstaller ()Landroid/content/pm/PackageInstaller;
D/dalvikvm( 7963): VFY: replacing opcode 0x6e at 0x000b
W/GRALLOC-PIPE( 7940): failed to create pipe screen for i965
I/GRALLOC-DRM( 7940): create intel for driver i915
D/OpenGLRenderer( 7940): Enabling debug mode 0
D/dalvikvm( 7963): GC_CONCURRENT freed 196K, 9% free 2890K/3148K, paused 0ms+2ms, total 9ms
D/Finsky ( 7963): [1] FinskyApp.onCreate: Initializing network with DFE https://android.clients.google.com/fdfe/
I/GLSUser ( 5120): [GLSUser] getTokenFromCache: [account: , callingPkg: com.google.android.apps.books, service: oauth2:https://www.googleapis.com/auth/books]
I/Auth.Core( 5120): [TokenCache] Missing snowballing token: no granted scopes set.
I/dalvikvm( 7963): Could not find method android.content.pm.ApplicationInfo.loadUnbadgedIcon, referenced from method com.google.android.finsky.utils.NotificationManager.showSuccessfulNewInstallMessage
W/dalvikvm( 7963): VFY: unable to resolve virtual method 532: Landroid/content/pm/ApplicationInfo;.loadUnbadgedIcon (Landroid/content/pm/PackageManager;)Landroid/graphics/drawable/Drawable;
D/dalvikvm( 7963): VFY: replacing opcode 0x6e at 0x004f
I/BooksUserContent( 7940): Sending notification to widget
I/ActivityManager( 1948): Displayed com.google.android.apps.books/.app.BooksActivity: +491ms
D/dalvikvm( 7940): GC_CONCURRENT freed 277K, 10% free 3167K/3504K, paused 3ms+0ms, total 8ms
D/dalvikvm( 7963): GC_CONCURRENT freed 277K, 11% free 3007K/3348K, paused 1ms+1ms, total 7ms
D/Finsky ( 7963): [1] DailyHygiene.goMakeHygieneIfDirty: No need to run daily hygiene.
W/Settings( 7963): Setting download_manager_max_bytes_over_mobile has moved from android.provider.Settings.Secure to android.provider.Settings.Global.
W/Settings( 7963): Setting download_manager_recommended_max_bytes_over_mobile has moved from android.provider.Settings.Secure to android.provider.Settings.Global.
I/dalvikvm( 7963): Could not find method com.google.android.finsky.layout.DocImageView.setTransitionName, referenced from method com.google.android.finsky.utils.PlayCardUtils.bindCard
W/dalvikvm( 7963): VFY: unable to resolve virtual method 22728: Lcom/google/android/finsky/layout/DocImageView;.setTransitionName (Ljava/lang/String;)V
D/dalvikvm( 7963): VFY: replacing opcode 0x6e at 0x011e
I/dalvikvm( 7963): Could not find method com.google.android.finsky.layout.DocImageView.setTransitionName, referenced from method com.google.android.finsky.utils.PlayCardUtils.bindCard
W/dalvikvm( 7963): VFY: unable to resolve virtual method 22728: Lcom/google/android/finsky/layout/DocImageView;.setTransitionName (Ljava/lang/String;)V
D/dalvikvm( 7963): VFY: replacing opcode 0x6e at 0x0292
I/dalvikvm( 7963): Could not find method com.google.android.play.layout.PlayCardViewBase.setTransitionGroup, referenced from method com.google.android.finsky.utils.PlayCardUtils.bindCard
W/dalvikvm( 7963): VFY: unable to resolve virtual method 43129: Lcom/google/android/play/layout/PlayCardViewBase;.setTransitionGroup (Z)V
D/dalvikvm( 7963): VFY: replacing opcode 0x6e at 0x029a
I/dalvikvm( 7963): Could not find method android.view.View.getTransitionName, referenced from method com.google.android.finsky.navigationmanager.NavigationManager.showPage
W/dalvikvm( 7963): VFY: unable to resolve virtual method 9973: Landroid/view/View;.getTransitionName ()Ljava/lang/String;
D/dalvikvm( 7963): VFY: replacing opcode 0x6e at 0x001a
D/dalvikvm( 7963): GC_CONCURRENT freed 220K, 9% free 3174K/3456K, paused 3ms+8ms, total 21ms
D/dalvikvm( 7940): GC_CONCURRENT freed 202K, 7% free 3391K/3644K, paused 2ms+5ms, total 14ms
D/Finsky ( 7963): [1] GmsCoreHelper.cleanupNlp: result=false type=4
E/dalvikvm( 7940): Could not find class 'android.graphics.drawable.RippleDrawable', referenced from method com.google.android.play.drawer.PlayDrawerLayout.updateDockedAction
W/dalvikvm( 7940): VFY: unable to resolve new-instance 189 (Landroid/graphics/drawable/RippleDrawable;) in Lcom/google/android/play/drawer/PlayDrawerLayout;
D/dalvikvm( 7940): VFY: replacing opcode 0x22 at 0x002e
I/dalvikvm( 7940): Failed resolving Lcom/google/android/play/drawer/PlayDrawerLayout$1; interface 1197 'Landroid/view/View$OnApplyWindowInsetsListener;'
W/dalvikvm( 7940): Link of class 'Lcom/google/android/play/drawer/PlayDrawerLayout$1;' failed
E/dalvikvm( 7940): Could not find class 'com.google.android.play.drawer.PlayDrawerLayout$1', referenced from method com.google.android.play.drawer.PlayDrawerLayout.onFinishInflate
W/dalvikvm( 7940): VFY: unable to resolve new-instance 6653 (Lcom/google/android/play/drawer/PlayDrawerLayout$1;) in Lcom/google/android/play/drawer/PlayDrawerLayout;
D/dalvikvm( 7940): VFY: replacing opcode 0x22 at 0x0030
D/dalvikvm( 7940): DexOpt: unable to opt direct call 0x03f5 at 0x36 in Lcom/google/android/play/drawer/PlayDrawerLayout;.updateDockedAction
I/dalvikvm( 7940): Failed resolving Lcom/google/android/play/drawer/PlayDrawerLayout$1; interface 1197 'Landroid/view/View$OnApplyWindowInsetsListener;'
W/dalvikvm( 7940): Link of class 'Lcom/google/android/play/drawer/PlayDrawerLayout$1;' failed
D/dalvikvm( 7940): DexOpt: unable to opt direct call 0xb530 at 0x32 in Lcom/google/android/play/drawer/PlayDrawerLayout;.onFinishInflate
I/dalvikvm( 7940): Could not find method android.view.ViewPropertyAnimator.z, referenced from method com.google.android.play.headerlist.PlayHeaderListLayout.setHeaderShadowVisible
W/dalvikvm( 7940): VFY: unable to resolve virtual method 9472: Landroid/view/ViewPropertyAnimator;.z (F)Landroid/view/ViewPropertyAnimator;
D/dalvikvm( 7940): VFY: replacing opcode 0x6e at 0x0037
I/dalvikvm( 7940): Could not find method com.google.android.play.headerlist.PlayHeaderStatusBarUnderlay.setOutlineProvider, referenced from method com.google.android.play.headerlist.PlayHeaderListLayout.configure
W/dalvikvm( 7940): VFY: unable to resolve virtual method 46815: Lcom/google/android/play/headerlist/PlayHeaderStatusBarUnderlay;.setOutlineProvider (Landroid/view/ViewOutlineProvider;)V
D/dalvikvm( 7940): VFY: replacing opcode 0x6e at 0x01b1
W/dalvikvm( 7940): VFY: unable to find class referenced in signature (Landroid/view/WindowInsets;)
I/dalvikvm( 7940): Could not find method android.view.WindowInsets.getSystemWindowInsetTop, referenced from method com.google.android.play.headerlist.PlayHeaderListLayout.onApplyWindowInsets
W/dalvikvm( 7940): VFY: unable to resolve virtual method 9500: Landroid/view/WindowInsets;.getSystemWindowInsetTop ()I
D/dalvikvm( 7940): VFY: replacing opcode 0x6e at 0x0000
D/dalvikvm( 7940): GC_FOR_ALLOC freed 229K, 8% free 3466K/3760K, paused 7ms, total 8ms
D/dalvikvm( 7940): GC_CONCURRENT freed 84K, 6% free 3804K/4036K, paused 1ms+2ms, total 7ms
I/BooksConfig( 7940): GmsCore Version = 7.5.74 (1997312-070)
E/dalvikvm( 7940): Could not find class 'android.graphics.drawable.RippleDrawable', referenced from method com.google.android.apps.books.widget.recommendation.BannerClusterDisplayManager.setBannerRipple
W/dalvikvm( 7940): VFY: unable to resolve new-instance 189 (Landroid/graphics/drawable/RippleDrawable;) in Lcom/google/android/apps/books/widget/recommendation/BannerClusterDisplayManager;
D/dalvikvm( 7940): VFY: replacing opcode 0x22 at 0x0018
D/dalvikvm( 7940): DexOpt: unable to opt direct call 0x03f5 at 0x24 in Lcom/google/android/apps/books/widget/recommendation/BannerClusterDisplayManager;.setBannerRipple
D/Finsky ( 7963): [1] 2.run: Loaded library for account: [O4WADLb6u_Bi_D8v7x8Ddu2Ifd0]
D/Finsky ( 7963): [1] 2.run: Finished loading 1 libraries.
D/Finsky ( 7963): [1] RestoreTracker.stopServiceIfDone: Restore complete with 0 success and 0 failed.
D/dalvikvm( 7940): GC_CONCURRENT freed 232K, 7% free 3984K/4276K, paused 0ms+0ms, total 9ms
D/dalvikvm( 7940): GC_FOR_ALLOC freed 38K, 8% free 3948K/4276K, paused 5ms, total 6ms
I/dalvikvm-heap( 7940): Grow heap (frag case) to 4.968MB for 1108812-byte allocation
D/dalvikvm( 7940): GC_FOR_ALLOC freed 9K, 7% free 5021K/5360K, paused 5ms, total 5ms
D/dalvikvm( 7940): GC_CONCURRENT freed 7K, 7% free 5013K/5360K, paused 1ms+1ms, total 6ms
I/dalvikvm( 7940): Could not find method android.content.res.Resources.getDrawable, referenced from method android.support.v7.internal.widget.ResourcesWrapper.getDrawable
W/dalvikvm( 7940): VFY: unable to resolve virtual method 590: Landroid/content/res/Resources;.getDrawable (ILandroid/content/res/Resources$Theme;)Landroid/graphics/drawable/Drawable;
D/dalvikvm( 7940): VFY: replacing opcode 0x6e at 0x0002
I/dalvikvm( 7940): Could not find method android.content.res.Resources.getDrawableForDensity, referenced from method android.support.v7.internal.widget.ResourcesWrapper.getDrawableForDensity
W/dalvikvm( 7940): VFY: unable to resolve virtual method 592: Landroid/content/res/Resources;.getDrawableForDensity (IILandroid/content/res/Resources$Theme;)Landroid/graphics/drawable/Drawable;
D/dalvikvm( 7940): VFY: replacing opcode 0x6e at 0x0002
W/ActionBarDrawerToggle( 7940): DrawerToggle may not show up because NavigationIcon is not visible. You may need to call actionbar.setDisplayHomeAsUpEnabled(true);
I/dalvikvm( 7940): Could not find method android.view.ViewPropertyAnimator.z, referenced from method com.google.android.play.animation.AnimationCompat.animateZ
W/dalvikvm( 7940): VFY: unable to resolve virtual method 9472: Landroid/view/ViewPropertyAnimator;.z (F)Landroid/view/ViewPropertyAnimator;
D/dalvikvm( 7940): VFY: replacing opcode 0x6e at 0x000c
D/dalvikvm( 7940): GC_FOR_ALLOC freed 144K, 4% free 5161K/5368K, paused 5ms, total 6ms
I/dalvikvm-heap( 7940): Grow heap (frag case) to 6.154MB for 1108812-byte allocation
D/dalvikvm( 7940): GC_FOR_ALLOC freed 1K, 4% free 6242K/6452K, paused 6ms, total 6ms
D/dalvikvm( 7940): GC_CONCURRENT freed 70K, 4% free 6249K/6464K, paused 2ms+3ms, total 18ms
D/Finsky ( 7963): [419] 1.getContentFiltersAndIntent: Received content filters request from com.google.android.apps.books
D/dalvikvm( 7963): GC_CONCURRENT freed 188K, 7% free 3380K/3632K, paused 1ms+1ms, total 6ms
E/RecyclerView( 7940): No adapter attached; skipping layout
I/dalvikvm( 7940): Could not find method android.widget.ImageView.drawableHotspotChanged, referenced from method com.google.android.play.image.FifeImageView.drawableHotspotChanged
W/dalvikvm( 7940): VFY: unable to resolve virtual method 9933: Landroid/widget/ImageView;.drawableHotspotChanged (FF)V
D/dalvikvm( 7940): VFY: replacing opcode 0x6f at 0x0000
D/dalvikvm( 7940): GC_CONCURRENT freed 369K, 6% free 6999K/7428K, paused 1ms+1ms, total 9ms
D/dalvikvm( 5120): GC_CONCURRENT freed 465K, 12% free 4391K/4980K, paused 2ms+1ms, total 22ms
I/GLSUser ( 5120): [GLSUser] getTokenFromCache: [account: , callingPkg: com.google.android.apps.books, service: androidmarket]
I/GLSUser ( 5120): [GLSUser] getTokenFromGoogle [account: , callingPkg: com.google.android.apps.books, service: androidmarket
W/View ( 7940): requestLayout() improperly called by android.view.View{218c2e1c V.ED.... ......I. 0,0-0,0 #7f0e01a8 app:id/header_shadow} during layout: running second layout pass
V/WebViewChromiumFactoryProvider( 7940): Binding Chromium to main looper Looper (main, tid 1) {216caf78}
I/LibraryLoader( 7940): Expected native library version number "",actual native library version number ""
I/chromium( 7940): [INFO:library_loader_hooks.cc(116)] Chromium logging enabled: level = 0, default verbosity = 0
I/BrowserStartupController( 7940): Initializing chromium process, renderers=0
E/AudioManagerAndroid( 7940): BLUETOOTH permission is missing!
W/chromium( 7940): [WARNING:proxy_service.cc(890)] PAC support disabled because there is no system implementation
I/dalvikvm( 7940): Could not find method android.view.ViewGroup., referenced from method com.google.android.play.layout.PlayEduCardButtonPanel.
W/dalvikvm( 7940): VFY: unable to resolve direct method 9348: Landroid/view/ViewGroup;. (Landroid/content/Context;Landroid/util/AttributeSet;II)V
D/dalvikvm( 7940): VFY: replacing opcode 0x70 at 0x0000
I/ActivityManager( 1948): Killing 7266:com.android.deskclock/u0a35 (adj 15): empty #17
D/dalvikvm( 7940): GC_CONCURRENT freed 834K, 11% free 7519K/8412K, paused 2ms+3ms, total 15ms
I/BooksSync( 7940): Starting books sync for -868725537, extras: md
I/GLSUser ( 5120): [GLSUser] getAuthtoken(, androidmarket) -> status: null)
I/GLSUser ( 5120): [GLSUser] Extracting token using key: Auth
W/GLSUser ( 5120): [GLSUser] Permission for com.google.android.apps.books to access androidmarket will be managed locally.
I/Icing ( 5733): Indexing BCE78D74FE435173697EC039663F6512276EE870 from com.google.android.apps.books
I/Icing ( 5733): Indexing done BCE78D74FE435173697EC039663F6512276EE870
I/BooksSync( 7940): Finished books sync
D/dalvikvm( 7940): GC_CONCURRENT freed 1395K, 16% free 7700K/9156K, paused 2ms+3ms, total 17ms
D/dalvikvm( 7940): GC_CONCURRENT freed 1605K, 17% free 7843K/9360K, paused 1ms+6ms, total 18ms
D/dalvikvm( 7940): GC_FOR_ALLOC freed 199K, 17% free 7986K/9524K, paused 9ms, total 10ms
D/dalvikvm( 7940): GC_FOR_ALLOC freed 223K, 16% free 8251K/9792K, paused 11ms, total 11ms
D/dalvikvm( 7940): GC_FOR_ALLOC freed 410K, 17% free 8448K/10160K, paused 9ms, total 9ms
D/dalvikvm( 7940): GC_FOR_ALLOC freed 281K, 17% free 8642K/10332K, paused 11ms, total 11ms
D/dalvikvm( 7940): GC_FOR_ALLOC freed 341K, 16% free 8944K/10640K, paused 8ms, total 10ms
D/dalvikvm( 7940): GC_FOR_ALLOC freed 87K, 11% free 9879K/11084K, paused 11ms, total 11ms
D/dalvikvm( 7940): GC_FOR_ALLOC freed 1530K, 22% free 9730K/12332K, paused 10ms, total 12ms
D/audio_hw_primary( 1608): found out /dev/snd/pcmC0D0p
D/dalvikvm( 7940): GC_FOR_ALLOC freed 1726K, 19% free 10075K/12332K, paused 10ms, total 11ms
D/dalvikvm( 7940): GC_FOR_ALLOC freed 171K, 8% free 11446K/12384K, paused 10ms, total 10ms
I/GAV2 ( 7940): Thread[GAThread,5,main]: No campaign data found.
E/dalvikvm( 7940): Could not find class 'android.transition.PatternPathMotion', referenced from method com.google.android.apps.books.util.BooksTransitionUtils.buildSharedTransition
W/dalvikvm( 7940): VFY: unable to resolve new-instance 1133 (Landroid/transition/PatternPathMotion;) in Lcom/google/android/apps/books/util/BooksTransitionUtils;
D/dalvikvm( 7940): VFY: replacing opcode 0x22 at 0x000e
D/dalvikvm( 7940): DexOpt: unable to opt direct call 0x22a3 at 0x10 in Lcom/google/android/apps/books/util/BooksTransitionUtils;.buildSharedTransition
D/dalvikvm( 7940): DexOpt: unable to opt direct call 0x22a2 at 0x23 in Lcom/google/android/apps/books/util/BooksTransitionUtils;.buildSharedTransition
I/ActivityManager( 1948): START u0 {act=android.intent.action.VIEW dat=https://play.google.com/books/reader?id=Yz1VnPml0gUC pkg=com.google.android.apps.books cmp=com.google.android.apps.books/.app.ReadingActivity (has extras)} from pid 7940
D/dalvikvm( 1948): GC_FOR_ALLOC freed 486K, 19% free 10864K/13328K, paused 28ms, total 28ms
I/dalvikvm-heap( 1948): Grow heap (frag case) to 10.805MB for 138237-byte allocation
D/dalvikvm( 1948): GC_FOR_ALLOC freed 31K, 19% free 10967K/13464K, paused 25ms, total 25ms
I/dalvikvm( 7940): Could not find method android.view.Window.setStatusBarColor, referenced from method com.google.android.apps.books.app.ReadingActivity.setupStatusBar
W/dalvikvm( 7940): VFY: unable to resolve virtual method 9493: Landroid/view/Window;.setStatusBarColor (I)V
D/dalvikvm( 7940): VFY: replacing opcode 0x6e at 0x001d
I/dalvikvm( 7940): Could not find method android.widget.ImageView.setTransitionName, referenced from method com.google.android.apps.books.app.ReadingActivity.onCreate
W/dalvikvm( 7940): VFY: unable to resolve virtual method 9978: Landroid/widget/ImageView;.setTransitionName (Ljava/lang/String;)V
D/dalvikvm( 7940): VFY: replacing opcode 0x6e at 0x00ab
I/dalvikvm( 7940): Could not find method android.view.ViewGroup.onNestedScrollAccepted, referenced from method android.support.v7.internal.widget.ActionBarOverlayLayout.onNestedScrollAccepted
W/dalvikvm( 7940): VFY: unable to resolve virtual method 9408: Landroid/view/ViewGroup;.onNestedScrollAccepted (Landroid/view/View;Landroid/view/View;I)V
D/dalvikvm( 7940): VFY: replacing opcode 0x6f at 0x0000
I/dalvikvm( 7940): Could not find method android.view.ViewGroup.onStopNestedScroll, referenced from method android.support.v7.internal.widget.ActionBarOverlayLayout.onStopNestedScroll
W/dalvikvm( 7940): VFY: unable to resolve virtual method 9413: Landroid/view/ViewGroup;.onStopNestedScroll (Landroid/view/View;)V
D/dalvikvm( 7940): VFY: replacing opcode 0x6f at 0x0000
I/dalvikvm( 7940): Could not find method android.support.v7.internal.widget.ActionBarOverlayLayout.stopNestedScroll, referenced from method android.support.v7.internal.widget.ActionBarOverlayLayout.setHideOnContentScrollEnabled
W/dalvikvm( 7940): VFY: unable to resolve virtual method 6021: Landroid/support/v7/internal/widget/ActionBarOverlayLayout;.stopNestedScroll ()V
D/dalvikvm( 7940): VFY: replacing opcode 0x6e at 0x000e
I/dalvikvm( 7940): Could not find method android.support.v7.widget.Toolbar.setElevation, referenced from method com.google.android.apps.books.util.StyleUtils.flattenToolbar
W/dalvikvm( 7940): VFY: unable to resolve virtual method 8744: Landroid/support/v7/widget/Toolbar;.setElevation (F)V
D/dalvikvm( 7940): VFY: replacing opcode 0x6e at 0x0007
I/BooksApp( 7940): Locking volume Yz1VnPml0gUC
W/dalvikvm( 7940): threadid=19: thread exiting with uncaught exception (group=0x42af3b20)
W/GAV2 ( 7940): Thread[GLThread 464,5,main]: dispatch call queued. Need to call GAServiceManager.getInstance().initialize().
E/AndroidRuntime( 7940): FATAL EXCEPTION: GLThread 464
E/AndroidRuntime( 7940): Process: com.google.android.apps.books, PID: 7940
E/AndroidRuntime( 7940): java.lang.IllegalArgumentException: No config chosen
E/AndroidRuntime( 7940): at com.google.android.ublib.opengl.GLSurfaceView$BaseConfigChooser.chooseConfig(GLSurfaceView.java:879)
E/AndroidRuntime( 7940): at com.google.android.ublib.opengl.GLSurfaceView$EglHelper.start(GLSurfaceView.java:1032)
E/AndroidRuntime( 7940): at com.google.android.ublib.opengl.GLSurfaceView$GLThread.guardedRun(GLSurfaceView.java:1412)
E/AndroidRuntime( 7940): at com.google.android.ublib.opengl.GLSurfaceView$GLThread.run(GLSurfaceView.java:1251)
W/ActivityManager( 1948): Force finishing activity com.google.android.apps.books/.app.ReadingActivity
W/ActivityManager( 1948): Force finishing activity com.google.android.apps.books/.app.BooksActivity
D/dalvikvm( 1948): GC_FOR_ALLOC freed 148K, 19% free 10984K/13464K, paused 42ms, total 42ms
I/dalvikvm-heap( 1948): Grow heap (frag case) to 11.059MB for 281892-byte allocation
D/dalvikvm( 1948): GC_FOR_ALLOC freed 1K, 19% free 11258K/13740K, paused 29ms, total 29ms
W/InputMethodManagerService( 1948): Focus gain on non-focused client com.android.internal.view.IInputMethodClient$Stub$Proxy@21957d20 (uid=10027 pid=7940)
D/dalvikvm( 7940): GC_CONCURRENT freed 2577K, 19% free 11728K/14368K, paused 1ms+7ms, total 50ms
I/BooksUserContent( 7940): Sending notification to widget
I/libjackpal-androidterm( 5086): JNI_OnLoad
D/dalvikvm( 5086): GC_CONCURRENT freed 82K, 4% free 3578K/3720K, paused 2ms+2ms, total 8ms
I/Term ( 5086): waiting for: 5965
I/Term ( 5086): Bound to TermService
I/TermService( 5086): Activity binding to service
I/ActivityManager( 1948): Killing 7246:com.android.defcontainer/u0a4 (adj 15): empty #17
I/OnTrimMemoryDispatcher( 7940): BitmapReusePool trimmed 0 bitmaps, 0 bytes
I/BooksApp( 7940): Unlocking volume Yz1VnPml0gUC
D/dalvikvm( 1948): GC_FOR_ALLOC freed 282K, 20% free 11044K/13740K, paused 32ms, total 32ms
I/VolumeMetadata( 7940): ## Volume:Yz1VnPml0gUC # Lang:en # Mode:Flowing/Image # UniqueCss:2 # SharedFonts:0 ##
D/dalvikvm( 5733): GC_CONCURRENT freed 846K, 30% free 5365K/7660K, paused 1ms+2ms, total 16ms
I/Process ( 7940): Sending signal. PID: 7940 SIG: 9
D/audio_hw_primary( 1608): found out /dev/snd/pcmC0D0p
I/ActivityManager( 1948): Process com.google.android.apps.books (pid 7940) has died.
I/ActivityManager( 1948): START u0 {act=android.intent.action.MAIN cat=[android.intent.category.LAUNCHER] flg=0x10200000 cmp=com.android.glperf/.GLPerfActivity} from pid 3453
D/dalvikvm( 1948): GC_FOR_ALLOC freed 424K, 20% free 11048K/13740K, paused 26ms, total 26ms
W/BroadcastQueue( 1948): Permission Denial: broadcasting Intent { act=com.android.launcher3.action.LAUNCH flg=0x10 (has extras) } from com.cyanogenmod.trebuchet (pid=3453, uid=10020) requires com.google.android.launcher.permission.RECEIVE_LAUNCH_BROADCASTS due to receiver com.google.android.googlequicksearchbox/com.google.android.search.core.icingsync.ApplicationLaunchReceiver
W/BroadcastQueue( 1948): Permission Denial: receiving Intent { act=com.android.launcher3.action.LAUNCH flg=0x10 (has extras) } to com.google.android.googlequicksearchbox/com.google.android.search.core.icingsync.ApplicationLaunchReceiver requires com.android.launcher3.permission.RECEIVE_LAUNCH_BROADCASTS due to sender com.cyanogenmod.trebuchet (uid 10020)
I/ActivityManager( 1948): Start proc com.android.glperf for activity com.android.glperf/.GLPerfActivity: pid=8089 uid=10046 gids={50046, 1028, 1015, 1023}
I/dalvikvm( 8089): CheckJNI enabled: not enabling JNI app bug workarounds.
V/PhoneStatusBar( 2015): setLightsOn(true)
W/GRALLOC-PIPE( 8089): failed to create pipe screen for i965
I/GRALLOC-DRM( 8089): create intel for driver i915
W/GLPerfView( 8089): creating OpenGL ES 2.0 context
I/ActivityManager( 1948): Displayed com.android.glperf/.GLPerfActivity: +172ms (total +7s926ms)
D/dalvikvm( 8089): No JNI_OnLoad found in /system/lib/libglperf.so 0x42d9c090, skipping init
I/GLPerf gl_code.cpp( 8089): Writing to: /sdcard/glperf.csv
I/GLPerf gl_code.cpp( 8089):
I/GLPerf gl_code.cpp( 8089): varColor, texCount, modulate, extraMath, texSize, blend, Mpps, DC60
I/GLPerf gl_code.cpp( 8089): Solid color, 0, 1, 1, 462.933568, 8.015666
I/GLPerf gl_code.cpp( 8089): Solid color, 0, 1, 1, 486.250916, 8.419404
I/GLPerf gl_code.cpp( 8089): Solid color, 0, 2, 1, 485.383539, 8.404386
I/GLPerf gl_code.cpp( 8089): Solid color, 0, 2, 1, 484.648396, 8.391657
I/GLPerf gl_code.cpp( 8089): Solid gradient, 1, 1, 1, 454.545515, 7.870427
I/GLPerf gl_code.cpp( 8089): Solid gradient, 1, 1, 1, 454.412133, 7.868118
I/GLPerf gl_code.cpp( 8089): Solid gradient, 1, 2, 1, 454.481211, 7.869314
I/GLPerf gl_code.cpp( 8089): Solid gradient, 1, 2, 1, 454.496198, 7.869573
I/GLPerf gl_code.cpp( 8089): Texture copy, 2, 1, 1, 327.635759, 5.672993
I/GLPerf gl_code.cpp( 8089): Texture copy, 2, 1, 1, 325.390802, 5.634122
I/GLPerf gl_code.cpp( 8089): Texture copy, 2, 2, 1, 402.315629, 6.966070
I/GLPerf gl_code.cpp( 8089): Texture copy, 2, 2, 1, 400.294114, 6.931068
I/GLPerf gl_code.cpp( 8089): Texture copy with gamma, 3, 1, 1, 27.288290, 0.472495
I/GLPerf gl_code.cpp( 8089): Texture copy with gamma, 3, 1, 1, 27.288826, 0.472504
I/GLPerf gl_code.cpp( 8089): Texture copy with gamma, 3, 2, 1, 27.284257, 0.472425
I/GLPerf gl_code.cpp( 8089): Texture copy with gamma, 3, 2, 1, 27.289400, 0.472514
I/GLPerf gl_code.cpp( 8089): Texture spec, 4, 1, 1, 75.617435, 1.309311
I/GLPerf gl_code.cpp( 8089): Texture spec, 4, 1, 1, 75.621394, 1.309380
I/GLPerf gl_code.cpp( 8089): Texture spec, 4, 2, 1, 75.663005, 1.310100
I/GLPerf gl_code.cpp( 8089): Texture spec, 4, 2, 1, 75.644811, 1.309785
I/GLPerf gl_code.cpp( 8089): Dependent Lookup, 5, 1, 1, 173.511253, 3.004337
I/GLPerf gl_code.cpp( 8089): Dependent Lookup, 5, 1, 1, 173.121770, 2.997593
I/GLPerf gl_code.cpp( 8089): Dependent Lookup, 5, 2, 1, 226.809797, 3.927198
I/GLPerf gl_code.cpp( 8089): Dependent Lookup, 5, 2, 1, 226.645049, 3.924345
I/GLPerf gl_code.cpp( 8089): Texture modulate constant, 6, 1, 1, 298.354546, 5.165990
I/GLPerf gl_code.cpp( 8089): Texture modulate constant, 6, 1, 1, 301.172127, 5.214777
I/GLPerf gl_code.cpp( 8089): Texture modulate constant, 6, 2, 1, 364.378975, 6.309199
I/GLPerf gl_code.cpp( 8089): Texture modulate constant, 6, 2, 1, 360.613294, 6.243997
I/GLPerf gl_code.cpp( 8089): Texture modulate gradient, 7, 1, 1, 248.235221, 4.298177
D/audio_hw_primary( 1608): found out /dev/snd/pcmC0D0p
D/dalvikvm( 1948): GC_FOR_ALLOC freed 222K, 19% free 11179K/13740K, paused 27ms, total 27ms
I/GLPerf gl_code.cpp( 8089): Texture modulate gradient, 7, 1, 1, 245.974108, 4.259026
F/libc ( 8089): invalid address or address of corrupt block 0x799cb008 passed to dlfree
F/libc ( 8089): Fatal signal 11 (SIGSEGV) at 0xdeadbaad (code=1), thread 8102 (Thread-423)
I/DEBUG ( 1603): *** *** *** *** *** *** *** *** *** *** *** *** *** *** *** ***
I/DEBUG ( 1603): Build fingerprint: 'Android-x86/android_x86/x86:4.4.4/KTU84Q/eng.utente.20150919.141140:eng/test-keys'
I/DEBUG ( 1603): Revision: '0'
I/DEBUG ( 1603): pid: 8089, tid: 8102, name: Thread-423 >>> com.android.glperf <<<
I/DEBUG ( 1603): signal 11 (SIGSEGV), code 1 (SEGV_MAPERR), fault addr deadbaad
I/DEBUG ( 1603): Abort message: 'invalid address or address of corrupt block 0x799cb008 passed to dlfree'
W/ActivityManager( 1948): Activity pause timeout for ActivityRecord{218878c0 u0 com.android.glperf/.GLPerfActivity t28 f}
I/DEBUG ( 1603): eax 55e9930e ebx 400e6fcc ecx 7855904b edx 55e9930e
I/DEBUG ( 1603): esi 799cb008 edi 7a3d29f8
I/DEBUG ( 1603): xcs 00000073 xds 0000007b xes 0000007b xfs 00000000 xss 0000007b
I/DEBUG ( 1603): eip 4005e914 ebp 00000202 esp 78556730 flags 00010246
I/DEBUG ( 1603):
I/DEBUG ( 1603): backtrace:
I/DEBUG ( 1603): #00 pc 00013914 /system/lib/libc.so (dlfree+1940)
I/DEBUG ( 1603): #01 pc 0000d2bf /system/lib/libc.so (free+31)
I/DEBUG ( 1603): #02 pc 0053d2c1 /android/system/lib/dri/i965_dri.so
I/DEBUG ( 1603): #03 pc 0019c872 /android/system/lib/dri/i965_dri.so
I/DEBUG ( 1603): #04 pc 001ad494 /android/system/lib/dri/i965_dri.so
I/DEBUG ( 1603): #05 pc 002ed474 /android/system/lib/dri/i965_dri.so
I/DEBUG ( 1603): #06 pc 0004e43e /system/lib/libc.so (__cxa_finalize+238)
I/DEBUG ( 1603): #07 pc 000197df /android/system/lib/dri/i965_dri.so
I/DEBUG ( 1603): #08 pc 00007256 /system/bin/linker (__dl__Z10do_dlcloseP6soinfo+470)
I/DEBUG ( 1603): #09 pc 00001024 /system/bin/linker (__dl_dlclose+52)
I/DEBUG ( 1603): #10 pc 0000f066 /android/system/lib/egl/libGLES_mesa.so
I/DEBUG ( 1603): #11 pc 00002214 /android/system/lib/egl/libGLES_mesa.so
I/DEBUG ( 1603): #12 pc 0000fb50 /system/lib/libEGL.so (android::egl_display_t::terminate()+224)
I/DEBUG ( 1603): #13 pc 00012ed0 /system/lib/libEGL.so (eglTerminate+80)
I/DEBUG ( 1603): #14 pc 00062c43 /system/lib/libandroid_runtime.so (android::jni_eglTerminate(_JNIEnv*, _jobject*, _jobject*)+67)
I/DEBUG ( 1603): #15 pc 0002a2fb /system/lib/libdvm.so (dvmPlatformInvoke+79)
I/DEBUG ( 1603): #16 pc 0000a71f
I/DEBUG ( 1603): #17 pc 00086bf2 /system/lib/libdvm.so (dvmCallJNIMethod(unsigned int const*, JValue*, Method const*, Thread*)+434)
I/DEBUG ( 1603): #18 pc 0004c322 /system/lib/libdvm.so (dvmCheckCallJNIMethod(unsigned int const*, JValue*, Method const*, Thread*)+66)
I/DEBUG ( 1603): #19 pc 001775b8 /system/lib/libdvm.so
I/DEBUG ( 1603): #20 pc 00019f03
I/DEBUG ( 1603): #21 pc 0003b7b2 /system/lib/libdvm.so (dvmMterpStd(Thread*)+66)
I/DEBUG ( 1603): #22 pc 00036e79 /system/lib/libdvm.so (dvmInterpret(Thread*, Method const*, JValue*)+217)
I/DEBUG ( 1603): #23 pc 000bce77 /system/lib/libdvm.so (dvmCallMethodV(Thread*, Method const*, Object*, bool, JValue*, char*)+759)
I/DEBUG ( 1603): #24 pc 000bd287 /system/lib/libdvm.so (dvmCallMethod(Thread*, Method const*, Object*, JValue*, ...)+55)
I/DEBUG ( 1603): #25 pc 00099213 /system/lib/libdvm.so (interpThreadStart(void*)+995)
I/DEBUG ( 1603): #26 pc 0000bcec /system/lib/libc.so (__thread_entry+236)
I/DEBUG ( 1603): #27 pc 0003e4f5 /system/lib/libc.so (__pthread_clone+69)
I/DEBUG ( 1603): #28 pc 00098e2f /system/lib/libdvm.so (internalThreadStart(void*)+655)
I/DEBUG ( 1603):
I/DEBUG ( 1603): stack:
I/DEBUG ( 1603): 785566f0 00000000
I/DEBUG ( 1603): 785566f4 400582a6 /system/lib/libc.so (free+6)
I/DEBUG ( 1603): 785566f8 40058e19 /system/lib/libc.so (pthread_mutex_lock+9)
I/DEBUG ( 1603): 785566fc 55e9930e /dev/ashmem/dalvik-heap (deleted)
I/DEBUG ( 1603): 78556700 799cca48
I/DEBUG ( 1603): 78556704 79093568
I/DEBUG ( 1603): 78556708 40062419 /system/lib/libc.so (__libc_fatal(char const*, char*)+9)
I/DEBUG ( 1603): 7855670c 400e6fcc /system/lib/libc.so
I/DEBUG ( 1603): 78556710 799cb008
I/DEBUG ( 1603): 78556714 7a3d29f8
I/DEBUG ( 1603): 78556718 00000202
I/DEBUG ( 1603): 7855671c 40062871 /system/lib/libc.so (__libc_fatal_no_abort+17)
I/DEBUG ( 1603): 78556720 799cc7d8
I/DEBUG ( 1603): 78556724 799cc7e0
I/DEBUG ( 1603): 78556728 0000001b
I/DEBUG ( 1603): 7855672c 4005e914 /system/lib/libc.so (dlfree+1940)
I/DEBUG ( 1603): #00 78556730 400cffa8 /system/lib/libc.so
I/DEBUG ( 1603): 78556734 799cb008
I/DEBUG ( 1603): 78556738 400d0023 /system/lib/libc.so (__FUNCTION__.4365)
I/DEBUG ( 1603): 7855673c 00000000
I/DEBUG ( 1603): 78556740 400eb800
I/DEBUG ( 1603): 78556744 799cc7f8
I/DEBUG ( 1603): 78556748 4002b000
I/DEBUG ( 1603): 7855674c 7a3d29f8
I/DEBUG ( 1603): 78556750 799cca14
I/DEBUG ( 1603): 78556754 78b9d388 /android/system/lib/dri/i965_dri.so
I/DEBUG ( 1603): 78556758 4005e189 /system/lib/libc.so (dlfree+9)
I/DEBUG ( 1603): 7855675c 400e6fcc /system/lib/libc.so
I/DEBUG ( 1603): 78556760 78ba7a00 /android/system/lib/dri/i965_dri.so
I/DEBUG ( 1603): 78556764 42add150
I/DEBUG ( 1603): 78556768 0000001b
I/DEBUG ( 1603): 7855676c 400582c0 /system/lib/libc.so (free+32)
I/DEBUG ( 1603): #01 78556770 799cc7e0
I/DEBUG ( 1603): 78556774 400582a6 /system/lib/libc.so (free+6)
I/DEBUG ( 1603): 78556778 78ba3ce8 /android/system/lib/dri/i965_dri.so
I/DEBUG ( 1603): 7855677c 78a9b2c2 /android/system/lib/dri/i965_dri.so
I/DEBUG ( 1603): 78556780 00000000
I/DEBUG ( 1603): 78556784 400582a6 /system/lib/libc.so (free+6)
I/DEBUG ( 1603): 78556788 78ba3ce8 /android/system/lib/dri/i965_dri.so
I/DEBUG ( 1603): 7855678c 78a9b2c2 /android/system/lib/dri/i965_dri.so
I/DEBUG ( 1603): #02 78556790 799cc7e0
I/DEBUG ( 1603): 78556794 400582a6 /system/lib/libc.so (free+6)
I/DEBUG ( 1603): 78556798 40058e19 /system/lib/libc.so (pthread_mutex_lock+9)
I/DEBUG ( 1603): 7855679c 400e6fcc /system/lib/libc.so
I/DEBUG ( 1603): 785567a0 799cb008
I/DEBUG ( 1603): 785567a4 7a3d29f8
I/DEBUG ( 1603): 785567a8 00000000
I/DEBUG ( 1603): 785567ac 4005e4f5 /system/lib/libc.so (dlfree+885)
I/DEBUG ( 1603): 785567b0 400eb800
I/DEBUG ( 1603): 785567b4 00000000
I/DEBUG ( 1603): 785567b8 78a9afd9 /android/system/lib/dri/i965_dri.so
I/DEBUG ( 1603): 785567bc 799cc7e0
I/DEBUG ( 1603): 785567c0 799cca14
I/DEBUG ( 1603): 785567c4 799cc7f8
I/DEBUG ( 1603): 785567c8 78a9afd9 /android/system/lib/dri/i965_dri.so
I/DEBUG ( 1603): 785567cc 78ba3ce8 /android/system/lib/dri/i965_dri.so
I/DEBUG ( 1603): ........ ........
I/DEBUG ( 1603):
I/DEBUG ( 1603): memory map around fault addr deadbaad:
I/DEBUG ( 1603): bf911000-bf932000 rw- [stack]
I/DEBUG ( 1603): (no map for address)
I/DEBUG ( 1603): (no map above)
W/InputDispatcher( 1948): channel '217d7764 com.android.glperf/com.android.glperf.GLPerfActivity (server)' ~ Consumer closed input channel or an error occurred. events=0x9
E/InputDispatcher( 1948): channel '217d7764 com.android.glperf/com.android.glperf.GLPerfActivity (server)' ~ Channel is unrecoverably broken and will be disposed!
D/Zygote ( 1606): Process 8089 terminated by signal (11)
W/InputDispatcher( 1948): Attempted to unregister already unregistered input channel '217d7764 com.android.glperf/com.android.glperf.GLPerfActivity (server)'
I/WindowState( 1948): WIN DEATH: Window{217d7764 u0 com.android.glperf/com.android.glperf.GLPerfActivity}
I/WindowState( 1948): WIN DEATH: Window{2181fbdc u0 SurfaceView}
I/ActivityManager( 1948): Process com.android.glperf (pid 8089) has died.
W/AudioFlinger( 1608): write blocked for 1045 msecs, 5 delayed writes, thread 0x41638010
D/audio_hw_primary( 1608): found out /dev/snd/pcmC0D0p
W/InputMethodManagerService( 1948): Window already focused, ignoring focus gain of: com.android.internal.view.IInputMethodClient$Stub$Proxy@218c7814 attribute=null, token = android.os.BinderProxy@21a8f4c4
I/ActivityManager( 1948): START u0 {act=android.intent.action.MAIN cat=[android.intent.category.LAUNCHER] flg=0x10200000 cmp=com.android.gl2cameraeye/.GL2CameraEye} from pid 3453
D/dalvikvm( 1948): GC_FOR_ALLOC freed 223K, 19% free 11228K/13740K, paused 26ms, total 26ms
W/BroadcastQueue( 1948): Permission Denial: broadcasting Intent { act=com.android.launcher3.action.LAUNCH flg=0x10 (has extras) } from com.cyanogenmod.trebuchet (pid=3453, uid=10020) requires com.google.android.launcher.permission.RECEIVE_LAUNCH_BROADCASTS due to receiver com.google.android.googlequicksearchbox/com.google.android.search.core.icingsync.ApplicationLaunchReceiver
W/BroadcastQueue( 1948): Permission Denial: receiving Intent { act=com.android.launcher3.action.LAUNCH flg=0x10 (has extras) } to com.google.android.googlequicksearchbox/com.google.android.search.core.icingsync.ApplicationLaunchReceiver requires com.android.launcher3.permission.RECEIVE_LAUNCH_BROADCASTS due to sender com.cyanogenmod.trebuchet (uid 10020)
I/ActivityManager( 1948): Start proc com.android.gl2cameraeye for activity com.android.gl2cameraeye/.GL2CameraEye: pid=8110 uid=10041 gids={50041}
D/Camera_Factory( 1608): CameraFactory::get_camera_info
D/Camera_Factory( 1608): CameraFactory::getCameraInfo: id = 0, info = 0x43089a00
D/Camera_Factory( 1608): CameraFactory::getCameraNum: 1
D/CameraHardware( 1608): CameraHardware::getCameraInfo
D/Camera_Factory( 1608): CameraFactory::get_camera_info
D/Camera_Factory( 1608): CameraFactory::getCameraInfo: id = 0, info = 0x4358598c
D/Camera_Factory( 1608): CameraFactory::getCameraNum: 1
D/CameraHardware( 1608): CameraHardware::getCameraInfo
D/Camera_Factory( 1608): CameraFactory::get_camera_info
D/Camera_Factory( 1608): CameraFactory::getCameraInfo: id = 0, info = 0x4358598c
D/Camera_Factory( 1608): CameraFactory::getCameraNum: 1
D/CameraHardware( 1608): CameraHardware::getCameraInfo
I/AwesomePlayer( 1608): setDataSource_l(URL suppressed)
I/FFmpegExtractor( 1608): android-source:0x41d3d040
D/FFMPEG ( 1608): android source begin open
D/FFMPEG ( 1608): android open, url: android-source:0x41d3d040
D/FFMPEG ( 1608): ffmpeg open android data source success, source ptr: 0x41d3d040
D/FFMPEG ( 1608): android source open success
I/FFMPEG ( 1608): Input #0, ogg, from 'android-source:0x41d3d040':
I/FFMPEG ( 1608): Duration: 00:00:00.42, start: 0.000000, bitrate: 113 kb/s
I/FFMPEG ( 1608): Stream #0:0: Audio: vorbis, 44100 Hz, mono, fltp, 48 kb/s
I/FFMPEG ( 1608): Metadata:
I/FFMPEG ( 1608): TITLE : Camera Shutter
I/FFMPEG ( 1608): ARTIST : (c) 2012 Android Open Source Project
I/FFmpegExtractor( 1608): FFmpegExtrator, url: android-source:0x41d3d040, format_name: ogg, format_long_name: Ogg
I/FFmpegExtractor( 1608): list the formats suppoted by ffmpeg:
I/FFmpegExtractor( 1608): ========================================
I/FFmpegExtractor( 1608): ========================================
I/FFmpegExtractor( 1608): adjust mime(application/ogg -> audio/vorbis)
D/FFmpegExtractor( 1608): suppoted codec(vorbis) by official Stagefright
D/FFMPEG ( 1608): android source close
I/FFmpegExtractor( 1608): sniff through BetterSniffFFMPEG success
D/FFmpegExtractor( 1608): ffmpeg detected media content as 'audio/vorbis' with confidence 0.08
D/SoftFFmpegAudio( 1608): SoftFFmpegAudio component: OMX.ffmpeg.vorbis.decoder mMode: 3
D/SoftFFmpegAudio( 1608): set OMX_IndexParamAudioVorbis, nChannels=1, nSampleRate=44100, nBitRate=0, nMinBitRate=0, nMaxBitRate=0
I/OMXCodec( 1608): [OMX.ffmpeg.vorbis.decoder] allocating 4 buffers of size 20480 on input port
I/OMXCodec( 1608): [OMX.ffmpeg.vorbis.decoder] allocated buffer 0x41da3160 on input port
I/OMXCodec( 1608): [OMX.ffmpeg.vorbis.decoder] allocated buffer 0x41da3c10 on input port
I/OMXCodec( 1608): [OMX.ffmpeg.vorbis.decoder] allocated buffer 0x41da3cf0 on input port
I/OMXCodec( 1608): [OMX.ffmpeg.vorbis.decoder] allocated buffer 0x41da3db0 on input port
I/OMXCodec( 1608): [OMX.ffmpeg.vorbis.decoder] allocating 4 buffers of size 9216 on output port
I/OMXCodec( 1608): [OMX.ffmpeg.vorbis.decoder] allocated buffer 0x41da3f70 on output port
I/OMXCodec( 1608): [OMX.ffmpeg.vorbis.decoder] allocated buffer 0x41da41b0 on output port
I/OMXCodec( 1608): [OMX.ffmpeg.vorbis.decoder] allocated buffer 0x41da4310 on output port
I/OMXCodec( 1608): [OMX.ffmpeg.vorbis.decoder] allocated buffer 0x41da4450 on output port
I/AwesomePlayer( 1608): setDataSource_l(URL suppressed)
I/FFmpegExtractor( 1608): android-source:0x41da4930
D/FFMPEG ( 1608): android source begin open
D/FFMPEG ( 1608): android open, url: android-source:0x41da4930
D/FFMPEG ( 1608): ffmpeg open android data source success, source ptr: 0x41da4930
D/FFMPEG ( 1608): android source open success
I/FFMPEG ( 1608): Input #0, ogg, from 'android-source:0x41da4930':
I/FFMPEG ( 1608): Duration: 00:00:00.54, start: 0.000000, bitrate: 93 kb/s
I/FFMPEG ( 1608): Stream #0:0: Audio: vorbis, 44100 Hz, mono, fltp, 48 kb/s
I/FFMPEG ( 1608): Metadata:
I/FFMPEG ( 1608): TITLE : Video Record
I/FFMPEG ( 1608): ARTIST : (c) 2012 Android Open Source Project
I/FFmpegExtractor( 1608): FFmpegExtrator, url: android-source:0x41da4930, format_name: ogg, format_long_name: Ogg
I/FFmpegExtractor( 1608): list the formats suppoted by ffmpeg:
I/FFmpegExtractor( 1608): ========================================
I/FFmpegExtractor( 1608): ========================================
I/FFmpegExtractor( 1608): adjust mime(application/ogg -> audio/vorbis)
D/FFmpegExtractor( 1608): suppoted codec(vorbis) by official Stagefright
D/FFMPEG ( 1608): android source close
I/FFmpegExtractor( 1608): sniff through BetterSniffFFMPEG success
D/FFmpegExtractor( 1608): ffmpeg detected media content as 'audio/vorbis' with confidence 0.08
D/SoftFFmpegAudio( 1608): SoftFFmpegAudio component: OMX.ffmpeg.vorbis.decoder mMode: 3
D/SoftFFmpegAudio( 1608): set OMX_IndexParamAudioVorbis, nChannels=1, nSampleRate=44100, nBitRate=0, nMinBitRate=0, nMaxBitRate=0
I/OMXCodec( 1608): [OMX.ffmpeg.vorbis.decoder] allocating 4 buffers of size 20480 on input port
I/OMXCodec( 1608): [OMX.ffmpeg.vorbis.decoder] allocated buffer 0x41da5a50 on input port
I/OMXCodec( 1608): [OMX.ffmpeg.vorbis.decoder] allocated buffer 0x41da6310 on input port
I/OMXCodec( 1608): [OMX.ffmpeg.vorbis.decoder] allocated buffer 0x41da63f0 on input port
I/OMXCodec( 1608): [OMX.ffmpeg.vorbis.decoder] allocated buffer 0x41da64b0 on input port
I/OMXCodec( 1608): [OMX.ffmpeg.vorbis.decoder] allocating 4 buffers of size 9216 on output port
I/OMXCodec( 1608): [OMX.ffmpeg.vorbis.decoder] allocated buffer 0x41da6670 on output port
I/OMXCodec( 1608): [OMX.ffmpeg.vorbis.decoder] allocated buffer 0x41da68b0 on output port
I/OMXCodec( 1608): [OMX.ffmpeg.vorbis.decoder] allocated buffer 0x41da6a10 on output port
I/OMXCodec( 1608): [OMX.ffmpeg.vorbis.decoder] allocated buffer 0x41da6b50 on output port
I/CameraClient( 1608): Opening camera 0
D/Camera_Factory( 1608): CameraFactory::device_open: name = 0
D/Camera_Factory( 1608): CameraFactory::cameraDeviceOpen: id = 0
D/Camera_Factory( 1608): CameraFactory::getCameraNum: 1
D/CameraHardware( 1608): CameraHardware::connectCamera
D/CameraHardware( 1608): CameraHardware::setCallbacks
D/CameraHardware( 1608): CameraHardware::enableMsgType: 3085
D/CameraHardware( 1608): CameraHardware::getParameters
D/CameraHardware( 1608): CameraHardware::putParameters
D/CameraHardware( 1608): CameraHardware::setParameters
D/CameraHardware( 1608): Trivially accept it. No changes detected
E/SensorManager( 8110): sensor or listener is null
D/CameraHardware( 1608): CameraHardware::getParameters
D/CameraHardware( 1608): CameraHardware::putParameters
W/GRALLOC-PIPE( 8110): failed to create pipe screen for i965
I/GRALLOC-DRM( 8110): create intel for driver i915
D/OpenGLRenderer( 8110): Enabling debug mode 0
D/CameraHardware( 1608): CameraHardware::isPreviewEnabled: 0
D/CameraHardware( 1608): CameraHardware::isPreviewEnabled: 0
D/CameraHardware( 1608): CameraHardware::setPreviewWindow: preview_stream_ops: 0x41da6dc0
D/CameraHardware( 1608): CameraHardware::startPreview
D/CameraHardware( 1608): CameraHardware::startPreviewLocked
D/CameraHardware( 1608): CameraHardware::startPreviewLocked: Open, 1024x768
D/V4L2Camera( 1608): V4L2Camera::EnumFrameFormats
D/V4L2Camera( 1608): { pixelformat = 'MJPG', description = 'MJPEG' }
D/V4L2Camera( 1608): V4L2Camera::EnumFrameSizes: pixfmt: 0x47504a4d
D/V4L2Camera( 1608): { discrete: width = 640, height = 480 }
D/V4L2Camera( 1608): V4L2Camera::EnumFrameIntervals: pixfmt: 0x47504a4d, w:640, h:480
D/V4L2Camera( 1608): Time interval between frame:
D/V4L2Camera( 1608): 1/30
D/V4L2Camera( 1608): { discrete: width = 160, height = 120 }
D/V4L2Camera( 1608): V4L2Camera::EnumFrameIntervals: pixfmt: 0x47504a4d, w:160, h:120
D/V4L2Camera( 1608): Time interval between frame:
D/V4L2Camera( 1608): 1/30
D/V4L2Camera( 1608): { discrete: width = 176, height = 144 }
D/V4L2Camera( 1608): V4L2Camera::EnumFrameIntervals: pixfmt: 0x47504a4d, w:176, h:144
D/V4L2Camera( 1608): Time interval between frame:
D/V4L2Camera( 1608): 1/30
D/V4L2Camera( 1608): { discrete: width = 320, height = 240 }
D/V4L2Camera( 1608): V4L2Camera::EnumFrameIntervals: pixfmt: 0x47504a4d, w:320, h:240
D/V4L2Camera( 1608): Time interval between frame:
D/V4L2Camera( 1608): 1/30
D/V4L2Camera( 1608): { discrete: width = 352, height = 288 }
D/V4L2Camera( 1608): V4L2Camera::EnumFrameIntervals: pixfmt: 0x47504a4d, w:352, h:288
D/V4L2Camera( 1608): Time interval between frame:
D/V4L2Camera( 1608): 1/30
D/V4L2Camera( 1608): { discrete: width = 800, height = 600 }
D/V4L2Camera( 1608): V4L2Camera::EnumFrameIntervals: pixfmt: 0x47504a4d, w:800, h:600
D/V4L2Camera( 1608): Time interval between frame:
D/V4L2Camera( 1608): 1/30
D/V4L2Camera( 1608): { discrete: width = 1024, height = 768 }
D/V4L2Camera( 1608): V4L2Camera::EnumFrameIntervals: pixfmt: 0x47504a4d, w:1024, h:768
D/V4L2Camera( 1608): Time interval between frame:
D/V4L2Camera( 1608): 1/10
D/V4L2Camera( 1608): { discrete: width = 1280, height = 1024 }
D/V4L2Camera( 1608): V4L2Camera::EnumFrameIntervals: pixfmt: 0x47504a4d, w:1280, h:1024
D/V4L2Camera( 1608): Time interval between frame:
D/V4L2Camera( 1608): 1/10
D/V4L2Camera( 1608): { discrete: width = 1600, height = 1200 }
D/V4L2Camera( 1608): V4L2Camera::EnumFrameIntervals: pixfmt: 0x47504a4d, w:1600, h:1200
D/V4L2Camera( 1608): Time interval between frame:
D/V4L2Camera( 1608): 1/10
D/V4L2Camera( 1608): { pixelformat = 'YUYV', description = 'YUV 4:2:2 (YUYV)' }
D/V4L2Camera( 1608): V4L2Camera::EnumFrameSizes: pixfmt: 0x56595559
D/V4L2Camera( 1608): { discrete: width = 640, height = 480 }
D/V4L2Camera( 1608): V4L2Camera::EnumFrameIntervals: pixfmt: 0x56595559, w:640, h:480
D/V4L2Camera( 1608): Time interval between frame:
D/V4L2Camera( 1608): 1/10
D/V4L2Camera( 1608): { discrete: width = 160, height = 120 }
D/V4L2Camera( 1608): V4L2Camera::EnumFrameIntervals: pixfmt: 0x56595559, w:160, h:120
D/V4L2Camera( 1608): Time interval between frame:
D/V4L2Camera( 1608): 1/30
D/V4L2Camera( 1608): { discrete: width = 176, height = 144 }
D/V4L2Camera( 1608): V4L2Camera::EnumFrameIntervals: pixfmt: 0x56595559, w:176, h:144
D/V4L2Camera( 1608): Time interval between frame:
D/V4L2Camera( 1608): 1/30
D/V4L2Camera( 1608): { discrete: width = 320, height = 240 }
D/V4L2Camera( 1608): V4L2Camera::EnumFrameIntervals: pixfmt: 0x56595559, w:320, h:240
D/V4L2Camera( 1608): Time interval between frame:
D/V4L2Camera( 1608): 1/30
D/V4L2Camera( 1608): { discrete: width = 352, height = 288 }
D/V4L2Camera( 1608): V4L2Camera::EnumFrameIntervals: pixfmt: 0x56595559, w:352, h:288
D/V4L2Camera( 1608): Time interval between frame:
D/V4L2Camera( 1608): 1/30
D/CameraHardware( 1608): CameraHardware::startPreviewLocked: Init
D/V4L2Camera( 1608): V4L2Camera::Init
D/V4L2Camera( 1608): Trying format: (1024 x 768), Fps: 10 [difArea:0, difFps:20, cDifArea:-1, cDifFps:-1]
D/V4L2Camera( 1608): Trying format: (1280 x 1024), Fps: 10 [difArea:524288, difFps:20, cDifArea:0, cDifFps:20]
D/V4L2Camera( 1608): Trying format: (1600 x 1200), Fps: 10 [difArea:1133568, difFps:20, cDifArea:0, cDifFps:20]
D/V4L2Camera( 1608): Selected format: (1024 x 768), Fps: 10
I/V4L2Camera( 1608): Cropping from origin: 0x0 - size: 1024x768 (offset:0)
I/V4L2Camera( 1608): Actual format: (1024 x 768), Fps: 10, pixfmt: 'MJPG', bytesperline: 2048
E/V4L2Camera( 1608): VIDIOC_G_COMP:
I/ActivityManager( 1948): Displayed com.android.gl2cameraeye/.GL2CameraEye: +317ms
D/CameraHardware( 1608): CameraHardware::startPreviewLocked: effective size: 1024x768
D/CameraHardware( 1608): CameraHardware::initHeapLocked
D/CameraHardware( 1608): CameraHardware::initHeapLocked: preview size=1024x768
D/CameraHardware( 1608): CameraHardware::initHeapLocked: picture size=1600x1200
D/CameraHardware( 1608): CameraHardware::initHeapLocked: video size=800x600
D/CameraHardware( 1608): CameraHardware::initHeapLocked: OK
D/CameraHardware( 1608): CameraHardware::startPreviewLocked: StartStreaming
D/CameraHardware( 1608): CameraHardware::setPreviewWindow - Negotiating preview format
D/CameraHardware( 1608): CameraHardware::NegotiatePreviewFormat
D/CameraHardware( 1608): Trying to set preview window geometry to 1024x768
D/CameraHardware( 1608): CameraHardware::startPreviewLocked: starting PreviewThread
D/CameraHardware( 1608): CameraHardware::startPreviewLocked: O - this:0x0x41df1dd0
I/ActivityManager( 1948): Start proc com.google.android.apps.books for service com.google.android.apps.books/.service.SyncService: pid=8131 uid=10027 gids={50027, 3003, 1028, 1015, 1023}
I/DeviceProperties( 8131): PortraitW 800 LandscapeW 640 SmallestSize 727 LargestSize 1280 textZoom 1.1249999 Memory 192
D/dalvikvm( 8131): GC_CONCURRENT freed 187K, 8% free 2950K/3200K, paused 0ms+2ms, total 5ms
I/dalvikvm( 8131): Could not find method android.os.PowerManager.isPowerSaveMode, referenced from method com.google.android.apps.books.app.BooksAnalyticsTracker.isPowerSaveMode
W/dalvikvm( 8131): VFY: unable to resolve virtual method 1356: Landroid/os/PowerManager;.isPowerSaveMode ()Z
D/dalvikvm( 8131): VFY: replacing opcode 0x6e at 0x0006
I/dalvikvm( 8131): Could not find method android.os.PowerManager.isInteractive, referenced from method com.google.android.apps.books.app.BooksAnalyticsTracker.isScreenOn
W/dalvikvm( 8131): VFY: unable to resolve virtual method 1355: Landroid/os/PowerManager;.isInteractive ()Z
D/dalvikvm( 8131): VFY: replacing opcode 0x6e at 0x0006
W/GAV2 ( 8131): Thread[main,5,main]: Need to call initialize() and be in fallback mode to start dispatch.
I/BooksApp( 8131): Created application version: 3.5.15 (30515)
I/BooksSync( 8131): Starting books sync for -868725537, extras: aude
D/dalvikvm( 8131): GC_CONCURRENT freed 272K, 10% free 3123K/3456K, paused 2ms+0ms, total 7ms
D/dalvikvm( 8131): WAIT_FOR_CONCURRENT_GC blocked 5ms
D/dalvikvm( 8131): GC_CONCURRENT freed 205K, 8% free 3320K/3572K, paused 1ms+1ms, total 7ms
I/GLSUser ( 5120): [GLSUser] getTokenFromCache: [account: , callingPkg: com.google.android.apps.books, service: oauth2:https://www.googleapis.com/auth/books]
I/Auth.Core( 5120): [TokenCache] Missing snowballing token: no granted scopes set.
D/dalvikvm( 8131): GC_CONCURRENT freed 292K, 10% free 3424K/3776K, paused 1ms+2ms, total 10ms
I/BooksSync( 8131): Finished books sync
F/libc ( 8110): Fatal signal 11 (SIGSEGV) at 0x0000003c (code=1), thread 8122 (Binder_2)
I/DEBUG ( 1603): *** *** *** *** *** *** *** *** *** *** *** *** *** *** *** ***
I/DEBUG ( 1603): Build fingerprint: 'Android-x86/android_x86/x86:4.4.4/KTU84Q/eng.utente.20150919.141140:eng/test-keys'
I/DEBUG ( 1603): Revision: '0'
I/DEBUG ( 1603): pid: 8110, tid: 8122, name: Binder_2 >>> com.android.gl2cameraeye <<<
I/DEBUG ( 1603): signal 11 (SIGSEGV), code 1 (SEGV_MAPERR), fault addr 0000003c
I/DEBUG ( 1603): eax 00000000 ebx 77b0bf30 ecx 78b97738 edx 3b9aca00
I/DEBUG ( 1603): esi 7923ca10 edi 7923ca30
I/DEBUG ( 1603): xcs 00000073 xds 0000007b xes 0000007b xfs 00000000 xss 0000007b
I/DEBUG ( 1603): eip 77afe3b3 ebp 78555c40 esp 7842c0b0 flags 00210246
I/DEBUG ( 1603):
I/DEBUG ( 1603): backtrace:
I/DEBUG ( 1603): #00 pc 000103b3 /android/system/lib/egl/libGLES_mesa.so
I/DEBUG ( 1603): #01 pc 00004ab9 /android/system/lib/egl/libGLES_mesa.so
I/DEBUG ( 1603): #02 pc 0001220d /system/lib/libEGL.so (eglClientWaitSyncKHR+125)
I/DEBUG ( 1603): #03 pc 00030314 /system/lib/libgui.so (android::BufferQueue::dequeueBuffer(int*, android::sp*, bool, unsigned int, unsigned int, unsigned int, unsigned int)+1508)
I/DEBUG ( 1603): #04 pc 0003e692 /system/lib/libgui.so (android::BnGraphicBufferProducer::onTransact(unsigned int, android::Parcel const&, android::Parcel*, unsigned int)+674)
I/DEBUG ( 1603): #05 pc 0001d364 /system/lib/libbinder.so (android::BBinder::transact(unsigned int, android::Parcel const&, android::Parcel*, unsigned int)+100)
I/DEBUG ( 1603): #06 pc 0002b1e2 /system/lib/libbinder.so (android::IPCThreadState::executeCommand(int)+610)
I/DEBUG ( 1603): #07 pc 0002c439 /system/lib/libbinder.so (android::IPCThreadState::joinThreadPool(bool)+553)
