W/ContextImpl( 8183): Failed to ensure directory: /storage/usb1/Android/data/com.google.android.youtube/files
W/Vold ( 1601): Returning OperationFailed - no handler for errno 30
E/cutils ( 1601): Failed to mkdirat(/storage/usb2/Android): Read-only file system
W/Vold ( 1601): Returning OperationFailed - no handler for errno 30
W/ContextImpl( 8183): Failed to ensure directory: /storage/usb2/Android/data/com.google.android.youtube/files
E/cutils ( 1601): Failed to mkdirat(/storage/usb3/Android): Read-only file system
W/Vold ( 1601): Returning OperationFailed - no handler for errno 30
W/ContextImpl( 8183): Failed to ensure directory: /storage/usb3/Android/data/com.google.android.youtube/files
E/Vold ( 1601): Failed to find volume for /storage/sdcard1/Android/data/com.google.android.youtube/files/
W/Vold ( 1601): Returning OperationFailed - no handler for errno 30
W/ContextImpl( 8183): Failed to ensure directory: /storage/sdcard1/Android/data/com.google.android.youtube/files
E/cutils ( 1601): Failed to mkdirat(/storage/usb0/Android): Read-only file system
W/Vold ( 1601): Returning OperationFailed - no handler for errno 30
W/ContextImpl( 8183): Failed to ensure directory: /storage/usb0/Android/data/com.google.android.youtube/files
E/cutils ( 1601): Failed to mkdirat(/storage/usb1/Android): Read-only file system
W/Vold ( 1601): Returning OperationFailed - no handler for errno 30
W/ContextImpl( 8183): Failed to ensure directory: /storage/usb1/Android/data/com.google.android.youtube/files
E/cutils ( 1601): Failed to mkdirat(/storage/usb2/Android): Read-only file system
W/Vold ( 1601): Returning OperationFailed - no handler for errno 30
W/ContextImpl( 8183): Failed to ensure directory: /storage/usb2/Android/data/com.google.android.youtube/files
D/dalvikvm( 1948): GC_CONCURRENT freed 2226K, 17% free 11529K/13888K, paused 1ms+3ms, total 36ms
D/dalvikvm( 1948): WAIT_FOR_CONCURRENT_GC blocked 20ms
E/cutils ( 1601): Failed to mkdirat(/storage/usb3/Android): Read-only file system
W/Vold ( 1601): Returning OperationFailed - no handler for errno 30
W/ContextImpl( 8183): Failed to ensure directory: /storage/usb3/Android/data/com.google.android.youtube/files
E/Vold ( 1601): Failed to find volume for /storage/sdcard1/Android/data/com.google.android.youtube/files/
W/Vold ( 1601): Returning OperationFailed - no handler for errno 30
W/ContextImpl( 8183): Failed to ensure directory: /storage/sdcard1/Android/data/com.google.android.youtube/files
W/InstanceID/Rpc( 8183): Found 10008
D/dalvikvm( 8183): GC_CONCURRENT freed 1406K, 16% free 7823K/9288K, paused 9ms+3ms, total 39ms
D/GCM ( 5120): GcmService start Intent { act=com.google.android.c2dm.intent.REGISTER pkg=com.google.android.gms cmp=com.google.android.gms/.gcm.GcmService (has extras) } com.google.android.c2dm.intent.REGISTER
D/dalvikvm( 8183): WAIT_FOR_CONCURRENT_GC blocked 14ms
D/dalvikvm( 8183): WAIT_FOR_CONCURRENT_GC blocked 18ms
D/dalvikvm( 8183): WAIT_FOR_CONCURRENT_GC blocked 15ms
D/dalvikvm( 8183): WAIT_FOR_CONCURRENT_GC blocked 18ms
D/dalvikvm( 8183): WAIT_FOR_CONCURRENT_GC blocked 19ms
D/dalvikvm( 8183): WAIT_FOR_CONCURRENT_GC blocked 25ms
D/dalvikvm( 5120): GC_CONCURRENT freed 417K, 14% free 4331K/4980K, paused 2ms+1ms, total 17ms
D/dalvikvm( 8183): GC_FOR_ALLOC freed 1771K, 26% free 7080K/9536K, paused 12ms, total 12ms
D/dalvikvm( 8183): GC_CONCURRENT freed 529K, 17% free 7981K/9536K, paused 1ms+3ms, total 19ms
E/Ticker ( 8183): In action: browse, ticks can't be marked in the past
E/RecyclerView( 8183): No adapter attached; skipping layout
E/Ticker ( 8183): In action: browse, ticks can't be marked in the past
E/RecyclerView( 8183): No adapter attached; skipping layout
D/dalvikvm( 8183): GC_CONCURRENT freed 1100K, 12% free 8643K/9804K, paused 2ms+4ms, total 25ms
D/dalvikvm( 8183): GC_CONCURRENT freed 1573K, 16% free 9065K/10696K, paused 3ms+3ms, total 34ms
D/dalvikvm( 8183): WAIT_FOR_CONCURRENT_GC blocked 13ms
D/dalvikvm( 8183): WAIT_FOR_CONCURRENT_GC blocked 13ms
D/dalvikvm( 8183): WAIT_FOR_CONCURRENT_GC blocked 13ms
D/dalvikvm( 8183): WAIT_FOR_CONCURRENT_GC blocked 9ms
D/dalvikvm( 8183): WAIT_FOR_CONCURRENT_GC blocked 13ms
D/InputEventConsistencyVerifier( 8183): KeyEvent: ACTION_UP but key was not down.
D/InputEventConsistencyVerifier( 8183): in com.android.internal.policy.impl.PhoneWindow$DecorView{21844554 V.E..... R....... 0,0-1280,752}
D/InputEventConsistencyVerifier( 8183): 0: sent at 2428037000000, KeyEvent { action=ACTION_UP, keyCode=KEYCODE_DPAD_DOWN, scanCode=108, metaState=0, flags=0x8, repeatCount=0, eventTime=2428037, downTime=2427942, deviceId=7, source=0x101 }
D/InputEventConsistencyVerifier( 8183): -- recent events --
D/InputEventConsistencyVerifier( 8183): 1: sent at 2423507686000, MotionEvent { action=ACTION_HOVER_MOVE, id[0]=0, x[0]=268.32098, y[0]=586.702, toolType[0]=TOOL_TYPE_FINGER, buttonState=0, metaState=0, flags=0x0, edgeFlags=0x0, pointerCount=1, historySize=0, eventTime=2423507, downTime=2418617, deviceId=6, source=0x2002 }
D/InputEventConsistencyVerifier( 8183): 2: sent at 2423493711000, MotionEvent { action=ACTION_HOVER_MOVE, id[0]=0, x[0]=262.66058, y[0]=586.702, toolType[0]=TOOL_TYPE_FINGER, buttonState=0, metaState=0, flags=0x0, edgeFlags=0x0, pointerCount=1, historySize=0, eventTime=2423493, downTime=2418617, deviceId=6, source=0x2002 }
D/InputEventConsistencyVerifier( 8183): 3: sent at 2423475727000, MotionEvent { action=ACTION_HOVER_MOVE, id[0]=0, x[0]=251.79337, y[0]=587.68994, toolType[0]=TOOL_TYPE_FINGER, buttonState=0, metaState=0, flags=0x0, edgeFlags=0x0, pointerCount=1, historySize=0, eventTime=2423475, downTime=2418617, deviceId=6, source=0x2002 }
D/InputEventConsistencyVerifier( 8183): 4: sent at 2423453309000, MotionEvent { action=ACTION_HOVER_MOVE, id[0]=0, x[0]=240.4726, y[0]=589.5767, toolType[0]=TOOL_TYPE_FINGER, buttonState=0, metaState=0, flags=0x0, edgeFlags=0x0, pointerCount=1, historySize=0, eventTime=2423453, downTime=2418617, deviceId=6, source=0x2002 }
D/InputEventConsistencyVerifier( 8183): 5: sent at 2423430417000, MotionEvent { action=ACTION_HOVER_MOVE, id[0]=0, x[0]=227.26501, y[0]=593.35034, toolType[0]=TOOL_TYPE_FINGER, buttonState=0, metaState=0, flags=0x0, edgeFlags=0x0, pointerCount=1, historySize=0, eventTime=2423430, downTime=2418617, deviceId=6, source=0x2002 }
D/audio_hw_primary( 1608): found out /dev/snd/pcmC0D0p
D/InputEventConsistencyVerifier( 8183): KeyEvent: ACTION_UP but key was not down.
D/InputEventConsistencyVerifier( 8183): in android.widget.FrameLayout{21799fc0 V.E..... ........ 0,64-1280,727 #7f09040f app:id/pane_fragment_container}
D/InputEventConsistencyVerifier( 8183): 0: sent at 2428245000000, KeyEvent { action=ACTION_UP, keyCode=KEYCODE_DPAD_DOWN, scanCode=108, metaState=0, flags=0x8, repeatCount=0, eventTime=2428245, downTime=2428174, deviceId=7, source=0x101 }
D/InputEventConsistencyVerifier( 8183): -- recent events --
D/InputEventConsistencyVerifier( 8183): 1: sent at 2423507686000, MotionEvent { action=ACTION_HOVER_MOVE, id[0]=0, x[0]=268.32098, y[0]=497.70203, toolType[0]=TOOL_TYPE_FINGER, buttonState=0, metaState=0, flags=0x0, edgeFlags=0x0, pointerCount=1, historySize=0, eventTime=2423507, downTime=2418617, deviceId=6, source=0x2002 }
D/InputEventConsistencyVerifier( 8183): 2: sent at 2423493711000, MotionEvent { action=ACTION_HOVER_MOVE, id[0]=0, x[0]=262.66058, y[0]=497.70203, toolType[0]=TOOL_TYPE_FINGER, buttonState=0, metaState=0, flags=0x0, edgeFlags=0x0, pointerCount=1, historySize=0, eventTime=2423493, downTime=2418617, deviceId=6, source=0x2002 }
D/InputEventConsistencyVerifier( 8183): 3: sent at 2423475727000, MotionEvent { action=ACTION_HOVER_MOVE, id[0]=0, x[0]=251.79337, y[0]=498.68994, toolType[0]=TOOL_TYPE_FINGER, buttonState=0, metaState=0, flags=0x0, edgeFlags=0x0, pointerCount=1, historySize=0, eventTime=2423475, downTime=2418617, deviceId=6, source=0x2002 }
D/InputEventConsistencyVerifier( 8183): 4: sent at 2423453309000, MotionEvent { action=ACTION_HOVER_MOVE, id[0]=0, x[0]=240.4726, y[0]=500.57672, toolType[0]=TOOL_TYPE_FINGER, buttonState=0, metaState=0, flags=0x0, edgeFlags=0x0, pointerCount=1, historySize=0, eventTime=2423453, downTime=2418617, deviceId=6, source=0x2002 }
D/InputEventConsistencyVerifier( 8183): 5: sent at 2423430417000, MotionEvent { action=ACTION_HOVER_MOVE, id[0]=0, x[0]=227.26501, y[0]=504.35034, toolType[0]=TOOL_TYPE_FINGER, buttonState=0, metaState=0, flags=0x0, edgeFlags=0x0, pointerCount=1, historySize=0, eventTime=2423430, downTime=2418617, deviceId=6, source=0x2002 }
D/libEGL ( 8183): [glTexSubImage2D] 0x500
D/glGetError:glTexSubImage2D( 8183): #00 pc 0001aefb /android/system/lib/libEGL.so
D/glGetError:glTexSubImage2D( 8183): #01 pc 00059f01 /android/system/lib/libhwui.so
D/glGetError:glTexSubImage2D( 8183): #02 pc 0000f717 /android/system/lib/libhwui.so
D/glGetError:glTexSubImage2D( 8183): #03 pc 000151c1 /android/system/lib/libhwui.so
D/glGetError:glTexSubImage2D( 8183): #04 pc 00017362 /android/system/lib/libhwui.so
D/glGetError:glTexSubImage2D( 8183): #05 pc 00020394 /android/system/lib/libhwui.so
D/glGetError:glTexSubImage2D( 8183): #06 pc 00039cc8 /android/system/lib/libhwui.so
D/glGetError:glTexSubImage2D( 8183): #07 pc 000a9ba3 /android/system/lib/libandroid_runtime.so
D/glGetError:glTexSubImage2D( 8183): #08 pc 0002a2fb /android/system/lib/libdvm.so (dvmPlatformInvoke+79)
D/dalvikvm( 8183): GC_CONCURRENT freed 1496K, 14% free 9669K/11212K, paused 3ms+5ms, total 37ms
D/libEGL ( 8183): [glTexSubImage2D] 0x500
D/glGetError:glTexSubImage2D( 8183): #00 pc 0001aefb /android/system/lib/libEGL.so
D/glGetError:glTexSubImage2D( 8183): #01 pc 00059f01 /android/system/lib/libhwui.so
D/glGetError:glTexSubImage2D( 8183): #02 pc 0000f717 /android/system/lib/libhwui.so
D/glGetError:glTexSubImage2D( 8183): #03 pc 000151c1 /android/system/lib/libhwui.so
D/glGetError:glTexSubImage2D( 8183): #04 pc 00017362 /android/system/lib/libhwui.so
D/glGetError:glTexSubImage2D( 8183): #05 pc 00020394 /android/system/lib/libhwui.so
D/glGetError:glTexSubImage2D( 8183): #06 pc 00039cc8 /android/system/lib/libhwui.so
D/glGetError:glTexSubImage2D( 8183): #07 pc 000a9ba3 /android/system/lib/libandroid_runtime.so
D/glGetError:glTexSubImage2D( 8183): #08 pc 0002a2fb /android/system/lib/libdvm.so (dvmPlatformInvoke+79)
I/ActivityManager( 1948): START u0 {act=android.intent.action.MAIN cat=[android.intent.category.HOME] flg=0x10200000 cmp=com.cyanogenmod.trebuchet/com.android.launcher3.Launcher} from pid 1948
D/audio_hw_primary( 1608): found out /dev/snd/pcmC0D0p
D/dalvikvm( 1948): GC_FOR_ALLOC freed 556K, 19% free 11314K/13868K, paused 29ms, total 29ms
D/KbdSensor( 1948): poll_activate: dev=0x77ae5720 handle=0 enabled=0
D/dalvikvm( 3453): GC_CONCURRENT freed 1087K, 69% free 6746K/21724K, paused 2ms+6ms, total 21ms
I/ActivityManager( 1948): START u0 {act=android.intent.action.MAIN cat=[android.intent.category.HOME] flg=0x10200000 cmp=com.cyanogenmod.trebuchet/com.android.launcher3.Launcher} from pid 1948
I/ActivityManager( 1948): START u0 {act=android.intent.action.MAIN cat=[android.intent.category.LAUNCHER] flg=0x10200000 cmp=com.google.android.youtube/.app.honeycomb.Shell$HomeActivity bnds=[338,669][462,745]} from pid 3453
W/BroadcastQueue( 1948): Permission Denial: broadcasting Intent { act=com.android.launcher3.action.LAUNCH flg=0x10 (has extras) } from com.cyanogenmod.trebuchet (pid=3453, uid=10020) requires com.google.android.launcher.permission.RECEIVE_LAUNCH_BROADCASTS due to receiver com.google.android.googlequicksearchbox/com.google.android.search.core.icingsync.ApplicationLaunchReceiver
W/BroadcastQueue( 1948): Permission Denial: receiving Intent { act=com.android.launcher3.action.LAUNCH flg=0x10 (has extras) } to com.google.android.googlequicksearchbox/com.google.android.search.core.icingsync.ApplicationLaunchReceiver requires com.android.launcher3.permission.RECEIVE_LAUNCH_BROADCASTS due to sender com.cyanogenmod.trebuchet (uid 10020)
D/KbdSensor( 1948): poll_activate: dev=0x77ae5720 handle=0 enabled=1
D/KbdSensor( 1948): poll_setDelay: dev=0x77ae5720 delay-ns=200000000
W/ActivityManager( 1948): Permission Denial: Accessing service ComponentInfo{com.google.android.music/com.google.android.music.dial.DialMediaRouteProviderService} from pid=8183, uid=10081 that is not exported from uid 10062
D/dalvikvm( 8183): GC_CONCURRENT freed 1538K, 14% free 10378K/11976K, paused 2ms+4ms, total 39ms
W/CastMediaRouteProvider( 5733): Invalid control category: MDX_MEDIA_ROUTE_CONTROL_CATEGORY
W/CastMediaRouteProvider( 5733): Invalid control category: android.media.intent.category.LIVE_AUDIO
D/dalvikvm( 5733): GC_FOR_ALLOC freed 340K, 30% free 5390K/7660K, paused 10ms, total 10ms
D/dalvikvm( 5733): GC_FOR_ALLOC freed 202K, 30% free 5381K/7660K, paused 10ms, total 10ms
I/ActivityManager( 1948): Start proc com.android.deskclock for broadcast com.android.deskclock/com.android.alarmclock.DigitalAppWidgetProvider: pid=8330 uid=10035 gids={50035, 1028}
I/ActivityManager( 1948): Killing 7386:com.android.mms/u0a13 (adj 15): empty #17
D/dalvikvm( 1948): GC_FOR_ALLOC freed 564K, 19% free 11326K/13868K, paused 29ms, total 31ms
D/audio_hw_primary( 1608): found out /dev/snd/pcmC0D0p
D/KbdSensor( 1948): poll_activate: dev=0x77ae5720 handle=0 enabled=0
I/ActivityManager( 1948): Killing 7408:com.google.android.apps.magazines/u0a58 (adj 15): empty #17
W/AudioFlinger( 1608): write blocked for 1045 msecs, 6 delayed writes, thread 0x41638010
I/ActivityManager( 1948): START u0 {act=android.intent.action.MAIN cat=[android.intent.category.LAUNCHER] flg=0x10200000 cmp=com.google.android.youtube/.app.honeycomb.Shell$HomeActivity bnds=[338,669][462,745]} from pid 3453
W/BroadcastQueue( 1948): Permission Denial: broadcasting Intent { act=com.android.launcher3.action.LAUNCH flg=0x10 (has extras) } from com.cyanogenmod.trebuchet (pid=3453, uid=10020) requires com.google.android.launcher.permission.RECEIVE_LAUNCH_BROADCASTS due to receiver com.google.android.googlequicksearchbox/com.google.android.search.core.icingsync.ApplicationLaunchReceiver
W/BroadcastQueue( 1948): Permission Denial: receiving Intent { act=com.android.launcher3.action.LAUNCH flg=0x10 (has extras) } to com.google.android.googlequicksearchbox/com.google.android.search.core.icingsync.ApplicationLaunchReceiver requires com.android.launcher3.permission.RECEIVE_LAUNCH_BROADCASTS due to sender com.cyanogenmod.trebuchet (uid 10020)
I/ActivityManager( 1948): START u0 {act=android.intent.action.MAIN cat=[android.intent.category.LAUNCHER] flg=0x4000000 cmp=com.google.android.youtube/com.google.android.apps.youtube.app.WatchWhileActivity bnds=[338,669][462,745] (has extras)} from pid 8183
D/dalvikvm( 1948): GC_FOR_ALLOC freed 329K, 19% free 11301K/13868K, paused 28ms, total 28ms
D/KbdSensor( 1948): poll_activate: dev=0x77ae5720 handle=0 enabled=1
D/KbdSensor( 1948): poll_setDelay: dev=0x77ae5720 delay-ns=200000000
W/ActivityManager( 1948): Permission Denial: Accessing service ComponentInfo{com.google.android.music/com.google.android.music.dial.DialMediaRouteProviderService} from pid=8183, uid=10081 that is not exported from uid 10062
I/ActivityManager( 1948): Displayed com.google.android.youtube/com.google.android.apps.youtube.app.WatchWhileActivity: +554ms (total +563ms)
W/CastMediaRouteProvider( 5733): Invalid control category: MDX_MEDIA_ROUTE_CONTROL_CATEGORY
W/CastMediaRouteProvider( 5733): Invalid control category: android.media.intent.category.LIVE_AUDIO
D/dalvikvm( 5733): GC_FOR_ALLOC freed 354K, 30% free 5385K/7660K, paused 12ms, total 12ms
D/dalvikvm( 5733): GC_FOR_ALLOC freed 236K, 30% free 5384K/7660K, paused 12ms, total 12ms
D/dalvikvm( 8183): GC_CONCURRENT freed 1344K, 11% free 11609K/13012K, paused 2ms+3ms, total 27ms
D/dalvikvm( 8183): WAIT_FOR_CONCURRENT_GC blocked 19ms
E/Ticker ( 8183): In action: browse, ticks can't be marked in the past
E/RecyclerView( 8183): No adapter attached; skipping layout
E/RecyclerView( 8183): No adapter attached; skipping layout