I/ActivityManager( 1948): Delay finish: com.google.android.gms/com.google.android.location.reporting.service.ExternalChangeReceiver
I/ActivityManager( 1948): Resuming delayed broadcast
I/ActivityManager( 1948): START u0 {cmp=com.google.android.gsf.login/.AccountPreIntroUIActivity (has extras)} from pid 4168
I/ActivityManager( 1948): Killing 3633:com.google.android.gms.ui/u0a8 (adj 15): empty #17
E/ActivityThread( 2305): Failed to find provider info for com.google.android.wearable.settings
I/ActivityManager( 1948): Start proc com.google.android.partnersetup for broadcast com.google.android.partnersetup/.GservicesChangedReceiver: pid=4190 uid=10011 gids={50011, 3003}
I/ActivityManager( 1948): Delay finish: com.google.android.partnersetup/.GservicesChangedReceiver
I/ActivityManager( 1948): Resuming delayed broadcast
I/ActivityManager( 1948): Force stopping com.google.android.youtube appid=10081 user=0: pkg changed
I/ActivityManager( 1948): Killing 2898:com.google.android.youtube/u0a81 (adj 8): stop com.google.android.youtube
W/ActivityManager( 1948): Scheduling restart of crashed service com.google.android.youtube/com.google.android.apps.youtube.app.offline.transfer.OfflineTransferService in 1000ms
I/ActivityManager( 1948): Force stopping service ServiceRecord{21aea380 u0 com.google.android.youtube/com.google.android.apps.youtube.app.offline.transfer.OfflineTransferService}
I/ActivityManager( 1948): Force stopping com.google.android.apps.maps appid=10060 user=0: pkg changed
D/ConnectivityService( 1948): handleInetConditionHoldEnd: net=1, condition=100, published condition=0
I/ActivityManager( 1948): Force stopping com.google.android.apps.magazines appid=10058 user=0: pkg changed
I/ActivityManager( 1948): Killing 3890:com.google.android.apps.magazines/u0a58 (adj 15): stop com.google.android.apps.magazines
I/PackageManager( 1948): Adding preferred activity ComponentInfo{com.android.mms/com.android.mms.ui.ComposeMessageActivity} for user 0 :
I/PackageManager( 1948): Adding preferred activity ComponentInfo{com.android.mms/com.android.mms.ui.ComposeMessageActivity} for user 0 :
I/ActivityManager( 1948): Force stopping com.android.vending appid=10016 user=0: pkg changed
I/ActivityManager( 1948): Killing 2721:com.android.vending/u0a16 (adj 8): stop com.android.vending
W/ActivityManager( 1948): Scheduling restart of crashed service com.android.vending/com.google.android.finsky.services.DailyHygiene in 1000ms
I/PackageManager( 1948): Adding preferred activity ComponentInfo{com.android.mms/com.android.mms.ui.ComposeMessageActivity} for user 0 :
I/ActivityManager( 1948): Force stopping com.google.android.apps.books appid=10027 user=0: pkg changed
I/PackageManager( 1948): Adding preferred activity ComponentInfo{com.android.mms/com.android.mms.ui.ComposeMessageActivity} for user 0 :
I/PackageManager( 1948): Adding preferred activity ComponentInfo{com.android.mms/com.android.mms.ui.ComposeMessageActivity} for user 0 :
I/PackageManager( 1948): Adding preferred activity ComponentInfo{com.android.mms/com.android.mms.ui.ComposeMessageActivity} for user 0 :
I/PackageManager( 1948): Adding preferred activity ComponentInfo{com.android.mms/com.android.mms.ui.ComposeMessageActivity} for user 0 :
I/PackageManager( 1948): Adding preferred activity ComponentInfo{com.android.mms/com.android.mms.ui.ComposeMessageActivity} for user 0 :
I/PackageManager( 1948): Adding preferred activity ComponentInfo{com.android.mms/com.android.mms.ui.ComposeMessageActivity} for user 0 :
I/PackageManager( 1948): Adding preferred activity ComponentInfo{com.android.mms/com.android.mms.ui.ComposeMessageActivity} for user 0 :
I/PackageManager( 1948): Adding preferred activity ComponentInfo{com.android.mms/com.android.mms.ui.ComposeMessageActivity} for user 0 :
I/PackageManager( 1948): Adding preferred activity ComponentInfo{com.android.mms/com.android.mms.ui.ComposeMessageActivity} for user 0 :
I/PackageManager( 1948): Adding preferred activity ComponentInfo{com.android.mms/com.android.mms.ui.ComposeMessageActivity} for user 0 :
I/PackageManager( 1948): Adding preferred activity ComponentInfo{com.android.mms/com.android.mms.ui.ComposeMessageActivity} for user 0 :
I/PackageManager( 1948): Adding preferred activity ComponentInfo{com.android.mms/com.android.mms.ui.ComposeMessageActivity} for user 0 :
I/PackageManager( 1948): Adding preferred activity ComponentInfo{com.android.mms/com.android.mms.ui.ComposeMessageActivity} for user 0 :
I/PackageManager( 1948): Adding preferred activity ComponentInfo{com.android.mms/com.android.mms.ui.ComposeMessageActivity} for user 0 :
I/PackageManager( 1948): Adding preferred activity ComponentInfo{com.android.mms/com.android.mms.ui.ComposeMessageActivity} for user 0 :
I/PackageManager( 1948): Adding preferred activity ComponentInfo{com.android.mms/com.android.mms.ui.ComposeMessageActivity} for user 0 :
I/PackageManager( 1948): Adding preferred activity ComponentInfo{com.android.mms/com.android.mms.ui.ComposeMessageActivity} for user 0 :
I/PackageManager( 1948): Adding preferred activity ComponentInfo{com.android.mms/com.android.mms.ui.ComposeMessageActivity} for user 0 :
I/PackageManager( 1948): Adding preferred activity ComponentInfo{com.android.mms/com.android.mms.ui.ComposeMessageActivity} for user 0 :
I/PackageManager( 1948): Adding preferred activity ComponentInfo{com.android.mms/com.android.mms.ui.ComposeMessageActivity} for user 0 :
I/PackageManager( 1948): Adding preferred activity ComponentInfo{com.android.mms/com.android.mms.ui.ComposeMessageActivity} for user 0 :
I/PackageManager( 1948): Adding preferred activity ComponentInfo{com.android.mms/com.android.mms.ui.ComposeMessageActivity} for user 0 :
I/PackageManager( 1948): Adding preferred activity ComponentInfo{com.android.mms/com.android.mms.ui.ComposeMessageActivity} for user 0 :
I/ActivityManager( 1948): Delay finish: com.google.android.configupdater/.CertPin.CertPinUpdateRequestReceiver
I/PackageManager( 1948): Adding preferred activity ComponentInfo{com.android.mms/com.android.mms.ui.ComposeMessageActivity} for user 0 :
I/PackageManager( 1948): Adding preferred activity ComponentInfo{com.android.mms/com.android.mms.ui.ComposeMessageActivity} for user 0 :
I/PackageManager( 1948): Adding preferred activity ComponentInfo{com.android.mms/com.android.mms.ui.ComposeMessageActivity} for user 0 :
I/PackageManager( 1948): Adding preferred activity ComponentInfo{com.android.mms/com.android.mms.ui.ComposeMessageActivity} for user 0 :
I/PackageManager( 1948): Adding preferred activity ComponentInfo{com.android.mms/com.android.mms.ui.ComposeMessageActivity} for user 0 :
I/PackageManager( 1948): Adding preferred activity ComponentInfo{com.android.mms/com.android.mms.ui.ComposeMessageActivity} for user 0 :
I/ActivityManager( 1948): Resuming delayed broadcast
I/PackageManager( 1948): Adding preferred activity ComponentInfo{com.android.mms/com.android.mms.ui.ComposeMessageActivity} for user 0 :
I/ActivityManager( 1948): Delay finish: com.google.android.gms/.app.receiver.SystemBroadcastReceiver
I/PackageManager( 1948): Adding preferred activity ComponentInfo{com.android.mms/com.android.mms.ui.ComposeMessageActivity} for user 0 :
I/PackageManager( 1948): Adding preferred activity ComponentInfo{com.android.mms/com.android.mms.ui.ComposeMessageActivity} for user 0 :
I/PackageManager( 1948): Adding preferred activity ComponentInfo{com.android.mms/com.android.mms.ui.ComposeMessageActivity} for user 0 :
I/PackageManager( 1948): Adding preferred activity ComponentInfo{com.android.mms/com.android.mms.ui.ComposeMessageActivity} for user 0 :
I/PackageManager( 1948): Adding preferred activity ComponentInfo{com.android.mms/com.android.mms.ui.ComposeMessageActivity} for user 0 :
I/PackageManager( 1948): Adding preferred activity ComponentInfo{com.android.mms/com.android.mms.ui.ComposeMessageActivity} for user 0 :
I/PackageManager( 1948): Adding preferred activity ComponentInfo{com.android.mms/com.android.mms.ui.ComposeMessageActivity} for user 0 :
I/ActivityManager( 1948): Resuming delayed broadcast
I/ActivityManager( 1948): Start proc com.android.vending for broadcast com.android.vending/com.google.android.finsky.receivers.PackageMonitorReceiver$RegisteredReceiver: pid=4232 uid=10016 gids={50016, 3003, 1028, 1015, 1023}
I/ActivityManager( 1948): Delay finish: com.google.android.googlequicksearchbox/com.google.android.search.core.icingsync.IcingCorporaChangedReceiver
I/ActivityManager( 1948): Resuming delayed broadcast
I/ActivityManager( 1948): Delay finish: com.android.gallery3d/.app.PackagesMonitor
I/ActivityManager( 1948): Resuming delayed broadcast
I/ActivityManager( 1948): Delay finish: com.android.vending/com.google.android.finsky.receivers.PackageMonitorReceiver$RegisteredReceiver
I/ActivityManager( 1948): Resuming delayed broadcast
I/ActivityManager( 1948): Delay finish: com.google.android.googlequicksearchbox/com.google.android.search.core.icingsync.IcingCorporaChangedReceiver
I/ActivityManager( 1948): Resuming delayed broadcast
I/ActivityManager( 1948): Delay finish: com.android.gallery3d/.app.PackagesMonitor
I/ActivityManager( 1948): Resuming delayed broadcast
I/ActivityManager( 1948): Delay finish: com.android.vending/com.google.android.finsky.receivers.PackageMonitorReceiver$RegisteredReceiver
I/ActivityManager( 1948): Resuming delayed broadcast
I/ActivityManager( 1948): Delay finish: com.google.android.googlequicksearchbox/com.google.android.search.core.icingsync.IcingCorporaChangedReceiver
I/ActivityManager( 1948): Resuming delayed broadcast
I/ActivityManager( 1948): Delay finish: com.android.vending/com.google.android.finsky.receivers.PackageMonitorReceiver$RegisteredReceiver
I/ActivityManager( 1948): Resuming delayed broadcast
I/ActivityManager( 1948): Delay finish: com.google.android.googlequicksearchbox/com.google.android.search.core.icingsync.IcingCorporaChangedReceiver
I/ActivityManager( 1948): Resuming delayed broadcast
I/ActivityManager( 1948): Delay finish: com.android.vending/com.google.android.finsky.receivers.PackageMonitorReceiver$RegisteredReceiver
I/ActivityManager( 1948): Resuming delayed broadcast
I/ActivityManager( 1948): Delay finish: com.google.android.googlequicksearchbox/com.google.android.search.core.icingsync.IcingCorporaChangedReceiver
I/ActivityManager( 1948): Resuming delayed broadcast
I/ActivityManager( 1948): Delay finish: com.android.gallery3d/.app.PackagesMonitor
I/ActivityManager( 1948): Resuming delayed broadcast
I/ActivityManager( 1948): Delay finish: com.google.android.gms/.gcm.gmsproc.GmsAutoStarter
I/ActivityManager( 1948): Resuming delayed broadcast
I/ActivityManager( 1948): Delay finish: com.google.android.gms/.gcm.ServiceAutoStarter
I/ActivityManager( 1948): Resuming delayed broadcast
I/ActivityManager( 1948): Killing 3362:com.google.android.gm/u0a49 (adj 15): empty #17
I/ActivityManager( 1948): Delay finish: com.google.android.configupdater/.CertPin.CertPinUpdateRequestReceiver
I/ActivityManager( 1948): Resuming delayed broadcast
I/ConfigUpdateInstallReceiver( 1948): Couldn't find current metadata, assuming first update
I/ConfigUpdateInstallReceiver( 1948): Failed to read current content, assuming first update!
I/ConfigUpdateInstallReceiver( 1948): Couldn't find current metadata, assuming first update
I/ConfigUpdateInstallReceiver( 1948): Failed to read current content, assuming first update!
I/ConfigUpdateInstallReceiver( 1948): Found new update, installing...
I/ConfigUpdateInstallReceiver( 1948): Installation successful
I/ActivityManager( 1948): START u0 {cmp=com.google.android.gsf.login/.LoginActivity (has extras)} from pid 4168
I/ActivityManager( 1948): START u0 {cmp=com.google.android.gsf.login/.UsernamePasswordActivity (has extras)} from pid 4168
I/PackageManager( 1948): Adding preferred activity ComponentInfo{com.android.mms/com.android.mms.ui.ComposeMessageActivity} for user 0 :
I/PackageManager( 1948): Adding preferred activity ComponentInfo{com.android.mms/com.android.mms.ui.ComposeMessageActivity} for user 0 :
I/PackageManager( 1948): Adding preferred activity ComponentInfo{com.android.mms/com.android.mms.ui.ComposeMessageActivity} for user 0 :
I/PackageManager( 1948): Adding preferred activity ComponentInfo{com.android.mms/com.android.mms.ui.ComposeMessageActivity} for user 0 :
I/PackageManager( 1948): Adding preferred activity ComponentInfo{com.android.mms/com.android.mms.ui.ComposeMessageActivity} for user 0 :
I/PackageManager( 1948): Adding preferred activity ComponentInfo{com.android.mms/com.android.mms.ui.ComposeMessageActivity} for user 0 :
I/ActivityManager( 1948): Delay finish: com.android.gallery3d/.app.PackagesMonitor
I/PackageManager( 1948): Adding preferred activity ComponentInfo{com.android.mms/com.android.mms.ui.ComposeMessageActivity} for user 0 :
I/ActivityManager( 1948): Resuming delayed broadcast
I/PackageManager( 1948): Adding preferred activity ComponentInfo{com.android.mms/com.android.mms.ui.ComposeMessageActivity} for user 0 :
I/ActivityManager( 1948): START u0 {cmp=com.google.android.gsf.login/.LoginActivityTask (has extras)} from pid 4168
I/ActivityManager( 1948): START u0 {cmp=com.google.android.gsf.login/.ShowErrorActivity (has extras)} from pid 4168
I/ActivityManager( 1948): START u0 {cmp=com.google.android.gsf.login/.UsernamePasswordActivity (has extras)} from pid 4168
W/InputMethodManagerService( 1948): Window already focused, ignoring focus gain of: com.android.internal.view.IInputMethodClient$Stub$Proxy@21873624 attribute=null, token = android.os.BinderProxy@218530b4
I/ActivityManager( 1948): START u0 {cmp=com.google.android.gsf.login/.LoginActivityTask (has extras)} from pid 4168
W/BroadcastQueue( 1948): Timeout of broadcast BroadcastRecord{21b019cc u0 com.google.android.gms.gcm.ACTION_CHECK_QUEUE} - receiver=android.os.BinderProxy@217362ec, started 120016ms ago
W/BroadcastQueue( 1948): Receiver during timeout: ResolveInfo{21a2287c com.google.android.gms/.gcm.nts.SchedulerInternalReceiver m=0x108000}
W/BroadcastQueue( 1948): Hung broadcast [background] discarded after timeout failure: now=537273 dispatchTime=417257 startTime=537273 intent=Intent { act=com.google.android.gms.gcm.ACTION_CHECK_QUEUE flg=0x14 (has extras) } numReceivers=1 nextReceiver=1 state=0
W/BroadcastQueue( 1948): Timeout of broadcast BroadcastRecord{21b019cc u0 com.google.android.gms.gcm.ACTION_CHECK_QUEUE} - receiver=null, started 0ms ago
W/BroadcastQueue( 1948): Receiver during timeout: ResolveInfo{21a2287c com.google.android.gms/.gcm.nts.SchedulerInternalReceiver m=0x108000}
W/BroadcastQueue( 1948): finishReceiver [background] called but state is IDLE
E/ActivityManager( 1948): ANR in com.google.process.gapps
E/ActivityManager( 1948): PID: 2269
E/ActivityManager( 1948): Reason: Broadcast of Intent { act=com.google.android.gms.gcm.ACTION_CHECK_QUEUE flg=0x14 cmp=com.google.android.gms/.gcm.nts.SchedulerInternalReceiver (has extras) }
E/ActivityManager( 1948): Load: 0.02 / 0.51 / 0.47
E/ActivityManager( 1948): CPU usage from 109483ms to 0ms ago:
E/ActivityManager( 1948): 4.2% 4168/com.google.android.gsf.login: 3.2% user + 1% kernel / faults: 10989 minor
E/ActivityManager( 1948): 3.2% 1605/surfaceflinger: 2.2% user + 0.9% kernel / faults: 4436 minor
E/ActivityManager( 1948): 0.1% 1948/system_server: 0% user + 0% kernel / faults: 45 minor
E/ActivityManager( 1948): 0% 3844/irq/17-b43: 0% user + 0% kernel
E/ActivityManager( 1948): 0% 2015/com.android.systemui: 0% user + 0% kernel / faults: 51 minor
E/ActivityManager( 1948): 0% 3836/kworker/u4:70: 0% user + 0% kernel
E/ActivityManager( 1948): 0% 3796/kworker/u4:31: 0% user + 0% kernel
E/ActivityManager( 1948): 0% 7/rcu_preempt: 0% user + 0% kernel
E/ActivityManager( 1948): 0% 10/rcuop/0: 0% user + 0% kernel
E/ActivityManager( 1948): 0% 20/rcuop/1: 0% user + 0% kernel
E/ActivityManager( 1948): 0% 1021/kworker/0:2: 0% user + 0% kernel
E/ActivityManager( 1948): 0% 1599/healthd: 0% user + 0% kernel
E/ActivityManager( 1948): 0% 1604/rild: 0% user + 0% kernel / faults: 4 minor
E/ActivityManager( 1948): 0% 2566/com.google.android.googlequicksearchbox:search: 0% user + 0% kernel / faults: 9 minor
E/ActivityManager( 1948): 0% 4232/com.android.vending: 0% user + 0% kernel / faults: 8 minor
E/ActivityManager( 1948): 2.2% TOTAL: 1.6% user + 0.6% kernel
E/ActivityManager( 1948): CPU usage from 1032ms to 1542ms later:
E/ActivityManager( 1948): 9.8% 1948/system_server: 1.9% user + 7.8% kernel / faults: 1 minor
E/ActivityManager( 1948): 1.9% 1963/ActivityManager: 0% user + 1.9% kernel
E/ActivityManager( 1948): 1.9% 1980/PowerManagerSer: 0% user + 1.9% kernel
E/ActivityManager( 1948): 1.9% 2027/AsyncTask #1: 0% user + 1.9% kernel
E/ActivityManager( 1948): 1.9% 2265/AsyncTask #2: 0% user + 1.9% kernel
E/ActivityManager( 1948): 5.8% 4168/com.google.android.gsf.login: 3.9% user + 1.9% kernel / faults: 54 minor
E/ActivityManager( 1948): 5.8% 4168/droid.gsf.login: 3.9% user + 1.9% kernel
E/ActivityManager( 1948): 3.9% 1605/surfaceflinger: 3.9% user + 0% kernel / faults: 20 minor
E/ActivityManager( 1948): 1.9% 1605/surfaceflinger: 1.9% user + 0% kernel
E/ActivityManager( 1948): 1.9% 1699/Binder_2: 0% user + 1.9% kernel
E/ActivityManager( 1948): 1.9% 1910/EventThread: 0% user + 1.9% kernel
E/ActivityManager( 1948): 1.9% 1947/Binder_3: 0% user + 1.9% kernel
E/ActivityManager( 1948): 1.7% 3730/wpa_supplicant: 0% user + 1.7% kernel
E/ActivityManager( 1948): 8.9% TOTAL: 3.9% user + 4.9% kernel
I/ActivityManager( 1948): Killing 2269:com.google.process.gapps/u0a8 (adj 0): background ANR
W/ActivityManager( 1948): Scheduling restart of crashed service com.google.android.gms/.gcm.GcmService in 1000ms
W/ActivityManager( 1948): Scheduling restart of crashed service com.google.android.gms/.gcm.http.GoogleHttpService in 10999ms
W/ActivityManager( 1948): Scheduling restart of crashed service com.google.android.gms/.config.ConfigService in 20999ms
W/ActivityManager( 1948): Scheduling restart of crashed service com.google.android.gms/.auth.be.GoogleAccountDataService in 30999ms
W/ActivityManager( 1948): Scheduling restart of crashed service com.google.android.gms/.clearcut.service.ClearcutLoggerService in 40999ms
I/ActivityManager( 1948): Start proc com.google.process.gapps for service com.google.android.gms/.gcm.http.GoogleHttpService: pid=4349 uid=10008 gids={50008, 3003, 1007, 1028, 1015, 1023, 3002, 3001, 3007, 2001, 3006}
W/ActivityThread( 4349): ClassLoader.loadClass: The class loader returned by Thread.getContextClassLoader() may fail for processes that host multiple applications. You should explicitly specify a context class loader. For example: Thread.setContextClassLoader(getClass().getClassLoader());
D/ConnectivityService( 1948): handleInetConditionHoldEnd: net=1, condition=100, published condition=100
I/PowerManagerService( 1948): Going to sleep due to screen timeout...
D/ConnectivityService( 1948): ConnectivityChange for WIFI: DISCONNECTED/DISCONNECTED
D/ConnectivityService( 1948): tryFailover: set mActiveDefaultNetwork=-1, prevNetType=1
D/ConnectivityService( 1948): Attempting to switch to mobile
D/ConnectivityService( 1948): Attempting to switch to ETHERNET
D/ConnectivityService( 1948): resetConnections(wlan0, 3)
D/Nat464Xlat( 1948): requiresClat: netType=1, hasIPv4Address=false
D/ConnectivityService( 1948): ConnectivityChange for WIFI: DISCONNECTED/DISCONNECTED
D/ConnectivityService( 1948): setProvNotificationVisible: E visible=false networkType=1 extraInfo=null url=null
D/ConnectivityService( 1948): Attempting to switch to mobile
D/ConnectivityService( 1948): Attempting to switch to ETHERNET
D/Nat464Xlat( 1948): requiresClat: netType=1, hasIPv4Address=false
I/PowerManagerService( 1948): Waking up from sleep...
D/ConnectivityService( 1948): Captive portal check NetworkInfo: type: WIFI[], state: CONNECTING/CAPTIVE_PORTAL_CHECK, reason: (unspecified), extra: "FloClaudi-WLAN", roaming: false, failover: false, isAvailable: true, isConnectedToProvisioningNetwork: false
D/ConnectivityService( 1948): handleCaptivePortalTrackerCheck: call captivePortalCheckComplete ni=NetworkInfo: type: WIFI[], state: CONNECTING/CAPTIVE_PORTAL_CHECK, reason: (unspecified), extra: "FloClaudi-WLAN", roaming: false, failover: false, isAvailable: true, isConnectedToProvisioningNetwork: false
D/ConnectivityService( 1948): Captive portal check NetworkInfo: type: WIFI[], state: CONNECTING/CAPTIVE_PORTAL_CHECK, reason: (unspecified), extra: "FloClaudi-WLAN", roaming: false, failover: false, isAvailable: true, isConnectedToProvisioningNetwork: false
D/ConnectivityService( 1948): handleCaptivePortalTrackerCheck: call captivePortalCheckComplete ni=NetworkInfo: type: WIFI[], state: CONNECTING/CAPTIVE_PORTAL_CHECK, reason: (unspecified), extra: "FloClaudi-WLAN", roaming: false, failover: false, isAvailable: true, isConnectedToProvisioningNetwork: false
D/ConnectivityService( 1948): ConnectivityChange for WIFI: CONNECTED/CONNECTED
E/ConnectivityService( 1948): Unexpected mtu value: android.net.wifi.WifiStateTracker@217a3f20
D/Nat464Xlat( 1948): requiresClat: netType=1, hasIPv4Address=true
D/ConnectivityService( 1948): ConnectivityChange for WIFI: CONNECTED/CONNECTED
D/ConnectivityService( 1948): setProvNotificationVisible: E visible=false networkType=1 extraInfo=null url=null
E/ConnectivityService( 1948): Unexpected mtu value: android.net.wifi.WifiStateTracker@217a3f20
D/ConnectivityService( 1948): handleConnectivityChange: address are the same reset per doReset linkProperty[1]: resetMask=0
D/Nat464Xlat( 1948): requiresClat: netType=1, hasIPv4Address=true
D/ConnectivityService( 1948): captivePortalCheckCompleted: ni=NetworkInfo: type: WIFI[], state: CONNECTED/CONNECTED, reason: (unspecified), extra: "FloClaudi-WLAN", roaming: false, failover: false, isAvailable: true, isConnectedToProvisioningNetwork: false captive=false
W/ContextImpl( 1948): Calling a method in the system process without a qualified user: android.app.ContextImpl.sendBroadcast:1131 android.net.CaptivePortalTracker$DelayedCaptiveCheckState.processMessage:306 com.android.internal.util.StateMachine$SmHandler.processMsg:966 com.android.internal.util.StateMachine$SmHandler.handleMessage:789 android.os.Handler.dispatchMessage:102
D/ConnectivityService( 1948): NetTransition Wakelock for ConnectedState released by timeout
D/ConnectivityService( 1948): handleConnectivityChange: addresses changed linkProperty[1]: resetMask=0
D/ConnectivityService( 1948): car=removed=[] added=[fe80::222:5fff:fe0a:7d75/64,]
D/Nat464Xlat( 1948): requiresClat: netType=1, hasIPv4Address=true
D/ConnectivityService( 1948): handleConnectivityChange: address are the same reset per doReset linkProperty[1]: resetMask=0
D/Nat464Xlat( 1948): requiresClat: netType=1, hasIPv4Address=true
W/BroadcastQueue( 1948): Timeout of broadcast BroadcastRecord{21a5f974 u-1 android.intent.action.SCREEN_OFF} - receiver=android.os.BinderProxy@218db0fc, started 10000ms ago
W/BroadcastQueue( 1948): Receiver during timeout: BroadcastFilter{21ac7e80 u0 ReceiverList{219b5538 4349 com.google.process.gapps/10008/u0 remote:218db0fc}}
E/ActivityManager( 1948): ANR in com.google.process.gapps
E/ActivityManager( 1948): PID: 4349
E/ActivityManager( 1948): Reason: Broadcast of Intent { act=android.intent.action.SCREEN_OFF flg=0x50000010 }
E/ActivityManager( 1948): Load: 0.15 / 0.5 / 0.47
E/ActivityManager( 1948): CPU usage from 10086ms to 79ms ago with 99% awake:
E/ActivityManager( 1948): 3.3% 1948/system_server: 2.5% user + 0.8% kernel / faults: 225 minor
E/ActivityManager( 1948): 2% 1605/surfaceflinger: 0.9% user + 1.1% kernel / faults: 148 minor
E/ActivityManager( 1948): 1.4% 4168/com.google.android.gsf.login: 0.7% user + 0.7% kernel / faults: 18 minor
E/ActivityManager( 1948): 0.1% 2015/com.android.systemui: 0.1% user + 0% kernel / faults: 43 minor
E/ActivityManager( 1948): 0.1% 2147/com.android.phone: 0.1% user + 0% kernel / faults: 121 minor
E/ActivityManager( 1948): 0% 1//init: 0% user + 0% kernel / faults: 65 minor
E/ActivityManager( 1948): 0% 7/rcu_preempt: 0% user + 0% kernel
E/ActivityManager( 1948): 0% 20/rcuop/1: 0% user + 0% kernel
E/ActivityManager( 1948): 0% 1598/logcat: 0% user + 0% kernel
E/ActivityManager( 1948): 0% 1599/healthd: 0% user + 0% kernel
E/ActivityManager( 1948): 0% 2172/com.google.android.gms.persistent: 0% user + 0% kernel / faults: 6 minor
E/ActivityManager( 1948): 0% 2231/com.google.android.setupwizard: 0% user + 0% kernel
E/ActivityManager( 1948): 0% 2305/com.google.android.gms: 0% user + 0% kernel / faults: 1 minor
E/ActivityManager( 1948): 0% 3529/com.android.providers.calendar: 0% user + 0% kernel
E/ActivityManager( 1948): 0% 3871/android.process.media: 0% user + 0% kernel / faults: 9 minor
E/ActivityManager( 1948): 0.1% 4384/kworker/u4:0: 0% user + 0.1% kernel
E/ActivityManager( 1948): 0.1% 4452/kworker/u4:68: 0% user + 0.1% kernel
E/ActivityManager( 1948): 0.1% 4460/irq/17-b43: 0% user + 0.1% kernel
E/ActivityManager( 1948): +0% 4463/dhcpcd: 0% user + 0% kernel
E/ActivityManager( 1948): +0% 4471/dhcpcd: 0% user + 0% kernel
E/ActivityManager( 1948): 5.3% TOTAL: 3.1% user + 2.2% kernel
E/ActivityManager( 1948): CPU usage from 1491ms to 2002ms later:
E/ActivityManager( 1948): 1.4% 1605/surfaceflinger: 0% user + 1.4% kernel
E/ActivityManager( 1948): 1.9% 1948/system_server: 0% user + 1.9% kernel
E/ActivityManager( 1948): 1.9% 1963/ActivityManager: 0% user + 1.9% kernel
E/ActivityManager( 1948): 0.9% TOTAL: 0% user + 0.9% kernel
I/ActivityManager( 1948): Killing 4349:com.google.process.gapps/u0a8 (adj 0): background ANR
W/ActivityManager( 1948): Scheduling restart of crashed service com.google.android.gms/.lockbox.LockboxService in 46396ms
W/ActivityManager( 1948): Scheduling restart of crashed service com.google.android.gms/.gcm.GcmService in 4000ms
W/ActivityManager( 1948): Scheduling restart of crashed service com.google.android.gms/.gcm.http.GoogleHttpService in 14000ms
W/ActivityManager( 1948): Scheduling restart of crashed service com.google.android.gms/.config.ConfigService in 83996ms
W/ActivityManager( 1948): Scheduling restart of crashed service com.google.android.gms/.auth.be.GoogleAccountDataService in 123996ms
W/ActivityManager( 1948): Scheduling restart of crashed service com.google.android.gms/.clearcut.service.ClearcutLoggerService in 163996ms
F/ProcessStats( 1948): Starting service ServiceState{21af4a48 com.google.android.gms.gcm.GcmService pkg=com.google.android.gms proc=21af4a48} without owner
F/ProcessStats( 1948): Starting service ServiceState{21ae9928 com.google.android.gms.auth.be.GoogleAccountDataService pkg=com.google.android.gms proc=21ae9928} without owner
I/WindowManager( 1948): No lock screen! windowToken=null
F/ProcessStats( 1948): Starting service ServiceState{21982168 com.google.android.gms.gcm.http.GoogleHttpService pkg=com.google.android.gms proc=21982168} without owner
F/ProcessStats( 1948): Starting service ServiceState{219048fc com.google.android.gms.clearcut.service.ClearcutLoggerService pkg=com.google.android.gms proc=219048fc} without owner
F/ProcessStats( 1948): Starting service ServiceState{21932510 com.google.android.gms.config.ConfigService pkg=com.google.android.gms proc=21932510} without owner
F/ProcessStats( 1948): Starting service ServiceState{21871e4c com.google.android.gms.lockbox.LockboxService pkg=com.google.android.gms proc=21871e4c} without owner
D/DisplayPowerController( 1948): Unblocked screen on after 646164 ms
I/ActivityManager( 1948): Start proc com.google.process.gapps for service com.google.android.gms/.gcm.http.GoogleHttpService: pid=4534 uid=10008 gids={50008, 3003, 1007, 1028, 1015, 1023, 3002, 3001, 3007, 2001, 3006}
I/ActivityManager( 1948): START u0 {cmp=com.google.android.gsf.login/.ShowErrorActivity (has extras)} from pid 4168
E/ActivityThread( 4168): Performing stop of activity that is not resumed: {com.google.android.gsf.login/com.google.android.gsf.login.LoginActivity}
E/ActivityThread( 4168): java.lang.RuntimeException: Performing stop of activity that is not resumed: {com.google.android.gsf.login/com.google.android.gsf.login.LoginActivity}
E/ActivityThread( 4168): at android.app.ActivityThread.performStopActivityInner(ActivityThread.java:3133)
E/ActivityThread( 4168): at android.app.ActivityThread.handleStopActivity(ActivityThread.java:3220)
E/ActivityThread( 4168): at android.app.ActivityThread.access$1100(ActivityThread.java:135)
E/ActivityThread( 4168): at android.app.ActivityThread$H.handleMessage(ActivityThread.java:1223)
E/ActivityThread( 4168): at android.os.Handler.dispatchMessage(Handler.java:102)
E/ActivityThread( 4168): at android.os.Looper.loop(Looper.java:136)
E/ActivityThread( 4168): at android.app.ActivityThread.main(ActivityThread.java:5001)
E/ActivityThread( 4168): at java.lang.reflect.Method.invokeNative(Native Method)
E/ActivityThread( 4168): at java.lang.reflect.Method.invoke(Method.java:515)
E/ActivityThread( 4168): at com.android.internal.os.ZygoteInit$MethodAndArgsCaller.run(ZygoteInit.java:785)
E/ActivityThread( 4168): at com.android.internal.os.ZygoteInit.main(ZygoteInit.java:601)
E/ActivityThread( 4168): at dalvik.system.NativeStart.main(Native Method)
I/ActivityManager( 1948): Activity reported stop, but no longer stopping: ActivityRecord{2170cdb0 u0 com.google.android.gsf.login/.LoginActivity t3}
W/ActivityThread( 4534): ClassLoader.loadClass: The class loader returned by Thread.getContextClassLoader() may fail for processes that host multiple applications. You should explicitly specify a context class loader. For example: Thread.setContextClassLoader(getClass().getClassLoader());
D/ConnectivityService( 1948): handleInetConditionHoldEnd: net=1, condition=100, published condition=0
I/ActivityManager( 1948): START u0 {cmp=com.google.android.gsf.login/.LoginActivityTask (has extras)} from pid 4168
W/InputMethodManagerService( 1948): Window already focused, ignoring focus gain of: com.android.internal.view.IInputMethodClient$Stub$Proxy@2195b64c attribute=null, token = android.os.BinderProxy@216f6464
W/InputMethodManagerService( 1948): Window already focused, ignoring focus gain of: com.android.internal.view.IInputMethodClient$Stub$Proxy@21925674 attribute=null, token = android.os.BinderProxy@216f6464
W/InputMethodManagerService( 1948): Window already focused, ignoring focus gain of: com.android.internal.view.IInputMethodClient$Stub$Proxy@2187610c attribute=null, token = android.os.BinderProxy@216f6464
I/ActivityManager( 1948): Start proc com.google.android.inputmethod.latin for service com.google.android.inputmethod.latin/com.android.inputmethod.latin.sync.BeanstalkAdapterService: pid=4572 uid=10055 gids={50055, 3003, 1028, 1015, 1023}
I/ActivityManager( 1948): Start proc com.google.android.apps.magazines for service com.google.android.apps.magazines/com.google.apps.dots.android.newsstand.service.SyncAdapterService: pid=4585 uid=10058 gids={50058, 3003, 1028, 1015, 1023}
I/ActivityManager( 1948): Start proc com.android.exchange for content provider com.android.exchange/.provider.ExchangeDirectoryProvider: pid=4600 uid=10040 gids={50040, 3003, 1028, 1015, 1023}
W/Vold ( 1601): Returning OperationFailed - no handler for errno 30
W/Vold ( 1601): Returning OperationFailed - no handler for errno 30
W/Vold ( 1601): Returning OperationFailed - no handler for errno 30
W/Vold ( 1601): Returning OperationFailed - no handler for errno 30
E/Vold ( 1601): Failed to find volume for /storage/sdcard1/Android/data/com.google.android.apps.magazines/cache/
W/Vold ( 1601): Returning OperationFailed - no handler for errno 30
W/Vold ( 1601): Returning OperationFailed - no handler for errno 30
I/ActivityManager( 1948): Start proc com.android.email for content provider com.android.email/.provider.EmailProvider: pid=4617 uid=10039 gids={50039, 3003, 1028, 1015, 1023}
W/Vold ( 1601): Returning OperationFailed - no handler for errno 30
W/Vold ( 1601): Returning OperationFailed - no handler for errno 30
W/Vold ( 1601): Returning OperationFailed - no handler for errno 30
E/Vold ( 1601): Failed to find volume for /storage/sdcard1/Android/data/com.google.android.apps.magazines/files/
W/Vold ( 1601): Returning OperationFailed - no handler for errno 30
W/Vold ( 1601): Returning OperationFailed - no handler for errno 30
W/Vold ( 1601): Returning OperationFailed - no handler for errno 30
W/Vold ( 1601): Returning OperationFailed - no handler for errno 30
W/Vold ( 1601): Returning OperationFailed - no handler for errno 30
E/Vold ( 1601): Failed to find volume for /storage/sdcard1/Android/data/com.google.android.apps.magazines/cache/
W/Vold ( 1601): Returning OperationFailed - no handler for errno 30
W/Vold ( 1601): Returning OperationFailed - no handler for errno 30
W/Vold ( 1601): Returning OperationFailed - no handler for errno 30
W/Vold ( 1601): Returning OperationFailed - no handler for errno 30
W/Vold ( 1601): Returning OperationFailed - no handler for errno 30
E/Vold ( 1601): Failed to find volume for /storage/sdcard1/Android/data/com.google.android.apps.magazines/files/
W/Vold ( 1601): Returning OperationFailed - no handler for errno 30
W/ActivityManager( 1948): Unable to start service Intent { cmp=com.android.email/.service.AttachmentDownloadService } U=0: not found
I/ActivityManager( 1948): Killing 3750:com.android.musicfx/u0a14 (adj 15): empty #17
I/ActivityManager( 1948): Killing 3731:com.android.settings/1000 (adj 15): empty #17
W/Vold ( 1601): Returning OperationFailed - no handler for errno 30
W/Vold ( 1601): Returning OperationFailed - no handler for errno 30
W/Vold ( 1601): Returning OperationFailed - no handler for errno 30
W/Vold ( 1601): Returning OperationFailed - no handler for errno 30
E/Vold ( 1601): Failed to find volume for /storage/sdcard1/Android/data/com.google.android.gms/files/
W/Vold ( 1601): Returning OperationFailed - no handler for errno 30
I/ActivityManager( 1948): Start proc com.google.android.apps.docs for service com.google.android.apps.docs/.sync.syncadapter.DocsSyncAdapterService: pid=4697 uid=10038 gids={50038, 1028, 3003, 1015, 1023}
I/ActivityManager( 1948): Killing 3179:com.android.mms/u0a13 (adj 15): empty #17
D/CountryDetector( 1948): No listener is left
I/ActivityManager( 1948): Start proc com.google.android.apps.cloudprint:sync for service com.google.android.apps.cloudprint/.printdialog.services.CloudPrintSyncService: pid=4732 uid=10034 gids={50034, 3003, 1028}
W/Vold ( 1601): Returning OperationFailed - no handler for errno 30
W/Vold ( 1601): Returning OperationFailed - no handler for errno 30
W/Vold ( 1601): Returning OperationFailed - no handler for errno 30
W/Vold ( 1601): Returning OperationFailed - no handler for errno 30
I/ActivityManager( 1948): Start proc com.google.android.apps.cloudprint for service com.google.android.apps.cloudprint/.printdialog.services.NotificationIntentService: pid=4752 uid=10034 gids={50034, 3003, 1028}
E/Vold ( 1601): Failed to find volume for /storage/sdcard1/Android/data/com.google.android.apps.docs/cache/
W/Vold ( 1601): Returning OperationFailed - no handler for errno 30
I/ActivityManager( 1948): Killing 4190:com.google.android.partnersetup/u0a11 (adj 15): empty #17
I/ActivityManager( 1948): Killing 2658:com.android.calendar/u0a31 (adj 15): empty #17
I/ActivityManager( 1948): Killing 4076:com.android.deskclock/u0a35 (adj 15): empty #17
I/ActivityManager( 1948): Start proc com.google.android.apps.books for service com.google.android.apps.books/.service.SyncService: pid=4772 uid=10027 gids={50027, 3003, 1028, 1015, 1023}
I/ActivityManager( 1948): Killing 4117:com.google.android.configupdater/u0a2 (adj 15): empty #17
W/ActivityManager( 1948): Timeout executing service: ServiceRecord{21abc340 u0 com.google.android.gms/.backup.BackupAccountManagerService}
E/ActivityManager( 1948): ANR in com.google.process.gapps
E/ActivityManager( 1948): PID: 4534
E/ActivityManager( 1948): Reason: Executing service com.google.android.gms/.backup.BackupAccountManagerService
E/ActivityManager( 1948): Load: 0.41 / 0.51 / 0.48
E/ActivityManager( 1948): CPU usage from 9126ms to 0ms ago:
E/ActivityManager( 1948): 4.2% 4168/com.google.android.gsf.login: 3.3% user + 0.8% kernel / faults: 745 minor
E/ActivityManager( 1948): 1.8% 1605/surfaceflinger: 0.6% user + 1.2% kernel / faults: 7 minor
E/ActivityManager( 1948): 1.6% 1948/system_server: 0.9% user + 0.6% kernel / faults: 22 minor
E/ActivityManager( 1948): 0.4% 2015/com.android.systemui: 0.3% user + 0.1% kernel / faults: 5 minor
E/ActivityManager( 1948): 0.1% 1612/sh: 0% user + 0.1% kernel / faults: 9 minor
E/ActivityManager( 1948): 0% 1599/healthd: 0% user + 0% kernel
E/ActivityManager( 1948): 0% 2133/com.android.inputmethod.latin: 0% user + 0% kernel / faults: 19 minor
E/ActivityManager( 1948): 0.1% 2172/com.google.android.gms.persistent: 0.1% user + 0% kernel
E/ActivityManager( 1948): +0% 4878/dmesg: 0% user + 0% kernel
E/ActivityManager( 1948): 12% TOTAL: 2.7% user + 9.3% kernel
E/ActivityManager( 1948): CPU usage from 896ms to 1413ms later with 99% awake:
E/ActivityManager( 1948): 3.8% 1948/system_server: 1.9% user + 1.9% kernel / faults: 1 minor
E/ActivityManager( 1948): 1.9% 1948/system_server: 0% user + 1.9% kernel
E/ActivityManager( 1948): 1.9% 1963/ActivityManager: 0% user + 1.9% kernel
E/ActivityManager( 1948): 3.8% 4168/com.google.android.gsf.login: 1.9% user + 1.9% kernel / faults: 44 minor
E/ActivityManager( 1948): 5.7% 4168/droid.gsf.login: 3.8% user + 1.9% kernel
E/ActivityManager( 1948): 1.3% 1605/surfaceflinger: 0% user + 1.3% kernel
E/ActivityManager( 1948): 1.3% 1699/Binder_2: 0% user + 1.3% kernel
E/ActivityManager( 1948): 1.3% 2214/Binder_5: 0% user + 1.3% kernel
E/ActivityManager( 1948): 1.3% 2133/com.android.inputmethod.latin: 1.3% user + 0% kernel
E/ActivityManager( 1948): 31% TOTAL: 1.9% user + 29% kernel
I/ActivityManager( 1948): Killing 4534:com.google.process.gapps/u0a8 (adj 0): background ANR
W/ActivityManager( 1948): Exception when unbinding service com.google.android.gms/.auth.be.GoogleAccountDataService
W/ActivityManager( 1948): android.os.DeadObjectException
W/ActivityManager( 1948): at android.os.BinderProxy.transact(Native Method)
W/ActivityManager( 1948): at android.app.ApplicationThreadProxy.scheduleUnbindService(ApplicationThreadNative.java:874)
W/ActivityManager( 1948): at com.android.server.am.ActiveServices.removeConnectionLocked(ActiveServices.java:1713)
W/ActivityManager( 1948): at com.android.server.am.ActiveServices.unbindServiceLocked(ActiveServices.java:860)
W/ActivityManager( 1948): at com.android.server.am.ActivityManagerService.unbindService(ActivityManagerService.java:12776)
W/ActivityManager( 1948): at android.app.ActivityManagerNative.onTransact(ActivityManagerNative.java:869)
W/ActivityManager( 1948): at com.android.server.am.ActivityManagerService.onTransact(ActivityManagerService.java:2071)
W/ActivityManager( 1948): at android.os.Binder.execTransact(Binder.java:404)
W/ActivityManager( 1948): at dalvik.system.NativeStart.run(Native Method)
W/ActivityManager( 1948): Scheduling restart of crashed service com.google.android.gms/.auth.GetToken in 1000ms
F/ActivityManager( 1948): Service ServiceRecord{21abc340 u0 com.google.android.gms/.backup.BackupAccountManagerService} in process ProcessRecord{217b4540 4534:com.google.process.gapps/u0a8} not same as in map: null
W/ActivityManager( 1948): Scheduling restart of crashed service com.google.android.gms/.gcm.GcmService in 16000ms
W/ActivityManager( 1948): Scheduling restart of crashed service com.google.android.gms/.clearcut.service.ClearcutLoggerIntentService in 40814ms
W/ActivityManager( 1948): Scheduling restart of crashed service com.google.android.gms/.gcm.http.GoogleHttpService in 26000ms
W/ActivityManager( 1948): Scheduling restart of crashed service com.google.android.gms/.config.ConfigService in 50814ms
F/ActivityManager( 1948): Service ServiceRecord{21980468 u0 com.google.android.gms/.playlog.service.PlayLogBrokerService} in process ProcessRecord{217b4540 4534:com.google.process.gapps/u0a8} not same as in map: null
W/ActivityManager( 1948): Scheduling restart of crashed service com.google.android.gms/.clearcut.service.ClearcutLoggerService in 655984ms
W/ActivityManager( 1948): Scheduling restart of crashed service com.google.android.gsf/.subscribedfeeds.SubscribedFeedsSyncAdapterService in 60811ms
W/ActivityManager( 1948): Scheduling restart of crashed service com.google.android.gsf.login/com.google.android.gsf.loginservice.GoogleLoginService in 70811ms
I/ActivityManager( 1948): Start proc com.google.process.gapps for service com.google.android.gms/.gcm.http.GoogleHttpService: pid=4885 uid=10008 gids={50008, 3003, 1007, 1028, 1015, 1023, 3002, 3001, 3007, 2001, 3006}
I/ActivityManager( 1948): START u0 {cmp=com.google.android.gsf.login/.ShowErrorActivity (has extras)} from pid 4168
W/ViewRootImpl( 4168): Dropping event due to no window focus: KeyEvent { action=ACTION_DOWN, keyCode=KEYCODE_F1, scanCode=59, metaState=META_ALT_ON|META_ALT_LEFT_ON, flags=0x8, repeatCount=193, eventTime=618630, downTime=608086, deviceId=7, source=0x101 }
E/ActivityThread( 4168): Performing stop of activity that is not resumed: {com.google.android.gsf.login/com.google.android.gsf.login.LoginActivity}
E/ActivityThread( 4168): java.lang.RuntimeException: Performing stop of activity that is not resumed: {com.google.android.gsf.login/com.google.android.gsf.login.LoginActivity}
E/ActivityThread( 4168): at android.app.ActivityThread.performStopActivityInner(ActivityThread.java:3133)
E/ActivityThread( 4168): at android.app.ActivityThread.handleStopActivity(ActivityThread.java:3220)
E/ActivityThread( 4168): at android.app.ActivityThread.access$1100(ActivityThread.java:135)
E/ActivityThread( 4168): at android.app.ActivityThread$H.handleMessage(ActivityThread.java:1223)
E/ActivityThread( 4168): at android.os.Handler.dispatchMessage(Handler.java:102)
E/ActivityThread( 4168): at android.os.Looper.loop(Looper.java:136)
E/ActivityThread( 4168): at android.app.ActivityThread.main(ActivityThread.java:5001)
E/ActivityThread( 4168): at java.lang.reflect.Method.invokeNative(Native Method)
E/ActivityThread( 4168): at java.lang.reflect.Method.invoke(Method.java:515)
E/ActivityThread( 4168): at com.android.internal.os.ZygoteInit$MethodAndArgsCaller.run(ZygoteInit.java:785)
E/ActivityThread( 4168): at com.android.internal.os.ZygoteInit.main(ZygoteInit.java:601)
E/ActivityThread( 4168): at dalvik.system.NativeStart.main(Native Method)
I/ActivityManager( 1948): Activity reported stop, but no longer stopping: ActivityRecord{2170cdb0 u0 com.google.android.gsf.login/.LoginActivity t3}
W/ActivityThread( 4885): ClassLoader.loadClass: The class loader returned by Thread.getContextClassLoader() may fail for processes that host multiple applications. You should explicitly specify a context class loader. For example: Thread.setContextClassLoader(getClass().getClassLoader());
W/ActivityThread( 2172): ClassLoader.loadClass: The class loader returned by Thread.getContextClassLoader() may fail for processes that host multiple applications. You should explicitly specify a context class loader. For example: Thread.setContextClassLoader(getClass().getClassLoader());
D/ConnectivityService( 1948): handleInetConditionHoldEnd: net=1, condition=100, published condition=100
I/ActivityManager( 1948): START u0 {cmp=com.google.android.gsf.login/.LoginActivityTask (has extras)} from pid 4168
I/ActivityManager( 1948): START u0 {cmp=com.google.android.setupwizard/.GoogleServicesActivity (has extras)} from pid 4168
I/ActivityManager( 1948): START u0 {cmp=com.google.android.gsf.login/.SyncIntroActivity (has extras)} from pid 4168
I/BackupManagerService( 1948): Backup enabled => false
I/BackupManagerService( 1948): Opting out of backup
I/ActivityManager( 1948): START u0 {cmp=com.google.android.gsf.login/.NameActivity (has extras)} from pid 2231
I/ActivityManager( 1948): START u0 {cmp=com.google.android.setupwizard/.GoogleNowActivity (has extras)} from pid 2231
I/ActivityManager( 1948): START u0 {act=com.google.android.apps.now.OPT_IN_WIZARD (has extras)} from pid 2231
D/ConnectivityService( 1948): checkMobileProvisioning: E suggestedTimeOutMs=60000
D/ConnectivityService( 1948): setProvNotificationVisible: E visible=false networkType=5 extraInfo=null url=null
D/ConnectivityService( 1948): checkMobileProvisioning: params={ url=http://clients3.google.com/generate_204 mTimeOutMs=60000 mCb=com.android.server.ConnectivityService$5@21700cc4}
D/ConnectivityService( 1948): checkMobileProvisioning: X
D/MobileDataStateTracker( 1948): default: isProvisioningNetwork: retVal=false
D/ConnectivityService( 1948): [CheckMp] isMobileOk: isDefaultProvisioning=false
D/MobileDataStateTracker( 1948): hipri: isProvisioningNetwork: retVal=false
D/ConnectivityService( 1948): [CheckMp] isMobileOk: isHipriProvisioning=false
D/ConnectivityService( 1948): [CheckMp] isMobileOk: start hipri url=http://clients3.google.com/generate_204
D/ConnectivityService( 1948): special network not available ni=mobile_hipri
I/ActivityManager( 1948): START u0 {act=android.intent.action.MAIN cat=[android.intent.category.HOME] flg=0x10200000 cmp=com.android.provision/.DefaultActivity} from pid 2231
I/ActivityManager( 1948): Process com.google.android.setupwizard (pid 2231) has died.
I/StatusBarManagerService( 1948): binder died for pkg=com.google.android.setupwizard
I/StatusBarManagerService( 1948): binder died for pkg=com.google.android.setupwizard
I/StatusBarManagerService( 1948): binder died for pkg=com.google.android.setupwizard
I/WindowState( 1948): WIN DEATH: Window{217570e8 u0 com.google.android.setupwizard/com.google.android.setupwizard.WifiSettingsActivity}
I/StatusBarManagerService( 1948): binder died for pkg=com.google.android.setupwizard
I/StatusBarManagerService( 1948): binder died for pkg=com.google.android.setupwizard
I/StatusBarManagerService( 1948): binder died for pkg=com.google.android.setupwizard
I/WindowState( 1948): WIN DEATH: Window{2191121c u0 com.google.android.setupwizard/com.google.android.setupwizard.WelcomeActivity}
I/WindowState( 1948): WIN DEATH: Window{218e32a0 u0 com.google.android.setupwizard/com.google.android.setupwizard.AccountSetupActivity}
W/ActivityManager( 1948): Force removing ActivityRecord{217aef88 u0 com.google.android.setupwizard/.AccountSetupActivity t3}: app died, no saved state
I/ActivityManager( 1948): Start proc com.android.provision for activity com.android.provision/.DefaultActivity: pid=4961 uid=10071 gids={50071}
I/ActivityManager( 1948): Start proc com.google.android.setupwizard for activity com.google.android.setupwizard/.WifiSettingsActivity: pid=4974 uid=10018 gids={50018, 3003}
D/ConnectivityService( 1948): checkMobileProvisioning: E suggestedTimeOutMs=60000
D/ConnectivityService( 1948): checkMobileProvisioning: X already checking ignore for the moment
D/ConnectivityService( 1948): checkMobileProvisioning: X
I/ActivityManager( 1948): START u0 {act=android.intent.action.MAIN cat=[android.intent.category.HOME] flg=0x10200000 cmp=com.cyanogenmod.trebuchet/com.android.launcher3.Launcher} from pid 4974
I/ActivityManager( 1948): Process com.google.android.setupwizard (pid 4974) has died.
W/BackupManagerService( 1948): dataChanged but no participant pkg='com.cyanogenmod.trebuchet' uid=10020
W/BackupManagerService( 1948): dataChanged but no participant pkg='com.cyanogenmod.trebuchet' uid=10020
D/ConnectivityService( 1948): special network not available ni=mobile_hipri
I/ActivityManager( 1948): Killing 2566:com.google.android.googlequicksearchbox:search/u0a21 (adj 15): empty #17
W/BackupManagerService( 1948): dataChanged but no participant pkg='com.cyanogenmod.trebuchet' uid=10020
W/BackupManagerService( 1948): dataChanged but no participant pkg='com.cyanogenmod.trebuchet' uid=10020
W/BackupManagerService( 1948): dataChanged but no participant pkg='com.cyanogenmod.trebuchet' uid=10020
D/ConnectivityService( 1948): special network not available ni=mobile_hipri
D/ConnectivityService( 1948): special network not available ni=mobile_hipri
D/ConnectivityService( 1948): special network not available ni=mobile_hipri
D/ConnectivityService( 1948): special network not available ni=mobile_hipri
D/ConnectivityService( 1948): special network not available ni=mobile_hipri
D/ConnectivityService( 1948): special network not available ni=mobile_hipri
D/ConnectivityService( 1948): special network not available ni=mobile_hipri
D/ConnectivityService( 1948): special network not available ni=mobile_hipri
D/ConnectivityService( 1948): special network not available ni=mobile_hipri
I/PackageManager( 1948): Adding preferred activity ComponentInfo{com.android.mms/com.android.mms.ui.ComposeMessageActivity} for user 0 :
I/PackageManager( 1948): Adding preferred activity ComponentInfo{com.android.mms/com.android.mms.ui.ComposeMessageActivity} for user 0 :
I/PackageManager( 1948): Adding preferred activity ComponentInfo{com.android.mms/com.android.mms.ui.ComposeMessageActivity} for user 0 :
I/PackageManager( 1948): Adding preferred activity ComponentInfo{com.android.mms/com.android.mms.ui.ComposeMessageActivity} for user 0 :
I/PackageManager( 1948): Adding preferred activity ComponentInfo{com.android.mms/com.android.mms.ui.ComposeMessageActivity} for user 0 :
I/PackageManager( 1948): Adding preferred activity ComponentInfo{com.android.mms/com.android.mms.ui.ComposeMessageActivity} for user 0 :
I/PackageManager( 1948): Adding preferred activity ComponentInfo{com.android.mms/com.android.mms.ui.ComposeMessageActivity} for user 0 :
I/PackageManager( 1948): Adding preferred activity ComponentInfo{com.android.mms/com.android.mms.ui.ComposeMessageActivity} for user 0 :
I/PackageManager( 1948): Adding preferred activity ComponentInfo{com.android.mms/com.android.mms.ui.ComposeMessageActivity} for user 0 :
I/PackageManager( 1948): Adding preferred activity ComponentInfo{com.android.mms/com.android.mms.ui.ComposeMessageActivity} for user 0 :
