--------- beginning of /dev/log/system
I/PackageManager( 1948): Adding preferred activity ComponentInfo{com.android.mms/com.android.mms.ui.ComposeMessageActivity} for user 0 :
I/PackageManager( 1948): Adding preferred activity ComponentInfo{com.android.mms/com.android.mms.ui.ComposeMessageActivity} for user 0 :
I/PackageManager( 1948): Adding preferred activity ComponentInfo{com.android.mms/com.android.mms.ui.ComposeMessageActivity} for user 0 :
I/PackageManager( 1948): Adding preferred activity ComponentInfo{com.android.mms/com.android.mms.ui.ComposeMessageActivity} for user 0 :
I/PackageManager( 1948): Adding preferred activity ComponentInfo{com.android.mms/com.android.mms.ui.ComposeMessageActivity} for user 0 :
I/PackageManager( 1948): Adding preferred activity ComponentInfo{com.android.mms/com.android.mms.ui.ComposeMessageActivity} for user 0 :
I/PackageManager( 1948): Adding preferred activity ComponentInfo{com.android.mms/com.android.mms.ui.ComposeMessageActivity} for user 0 :
I/PackageManager( 1948): Adding preferred activity ComponentInfo{com.android.mms/com.android.mms.ui.ComposeMessageActivity} for user 0 :
I/ActivityManager( 1948): Resuming delayed broadcast
I/ActivityManager( 1948): Start proc com.android.onetimeinitializer for broadcast com.android.onetimeinitializer/.OneTimeInitializerReceiver: pid=3208 uid=10015 gids={50015}
I/ActivityManager( 1948): Delay finish: com.android.onetimeinitializer/.OneTimeInitializerReceiver
E/ActivityThread( 3208): Failed to find provider info for com.android.launcher2.settings
I/ActivityManager( 1948): Resuming delayed broadcast
I/ActivityManager( 1948): Start proc com.thirdparty.superuser for broadcast com.thirdparty.superuser/com.koushikdutta.superuser.SuCheckerReceiver: pid=3224 uid=1000 gids={41000, 1028, 1015, 1023, 3002, 3001, 3003}
I/ActivityManager( 1948): Killing 2737:com.android.externalstorage/u0a7 (adj 15): empty #17
I/ActivityManager( 1948): Killing 2712:com.android.deskclock/u0a35 (adj 15): empty #17
I/ActivityManager( 1948): Delay finish: com.google.android.googlequicksearchbox/com.google.android.search.core.StartUpReceiver
W/Vold ( 1601): Returning OperationFailed - no handler for errno 30
W/Vold ( 1601): Returning OperationFailed - no handler for errno 30
W/Vold ( 1601): Returning OperationFailed - no handler for errno 30
W/Vold ( 1601): Returning OperationFailed - no handler for errno 30
E/Vold ( 1601): Failed to find volume for /storage/sdcard1/Android/data/com.google.android.googlequicksearchbox/files/pending_blobs/
W/Vold ( 1601): Returning OperationFailed - no handler for errno 30
W/BackupManagerService( 1948): dataChanged but no participant pkg='com.android.providers.settings' uid=10006
I/ActivityManager( 1948): Resuming delayed broadcast
I/ActivityManager( 1948): Delay finish: com.android.calendar/.alerts.AlertReceiver
I/ActivityManager( 1948): Resuming delayed broadcast
I/ActivityManager( 1948): Start proc com.android.camera2 for broadcast com.android.camera2/com.android.camera.DisableCameraReceiver: pid=3283 uid=10032 gids={50032, 3003, 1028, 1015, 1023}
I/ActivityManager( 1948): Start proc com.android.deskclock for broadcast com.android.deskclock/.AlarmInitReceiver: pid=3296 uid=10035 gids={50035, 1028}
I/ActivityManager( 1948): Killing 2792:com.google.android.gm/u0a49 (adj 15): empty #17
I/ActivityManager( 1948): Start proc com.android.email for broadcast com.android.email/.service.EmailUpgradeBroadcastReceiver: pid=3312 uid=10039 gids={50039, 3003, 1028, 1015, 1023}
I/ActivityManager( 1948): Killing 2760:com.google.android.apps.magazines/u0a58 (adj 15): empty #17
D/ActivityThread( 3312): Loading provider com.android.email.provider;com.android.email.notifier: com.android.email.provider.EmailProvider
I/ActivityManager( 1948): Delay finish: com.android.email/.service.EmailUpgradeBroadcastReceiver
W/ActivityManager( 1948): Unable to start service Intent { cmp=com.android.email/.service.AttachmentDownloadService } U=0: not found
I/ActivityManager( 1948): Resuming delayed broadcast
I/ActivityManager( 1948): Delay finish: com.android.email/.service.EmailBroadcastReceiver
W/ActivityManager( 1948): Unable to start service Intent { cmp=com.android.email/.service.AttachmentDownloadService } U=0: not found
I/ActivityManager( 1948): Delaying start of: ServiceRecord{217caa80 u0 com.android.exchange/.service.EmailSyncAdapterService}
I/ActivityManager( 1948): Start proc com.android.exchange for service com.android.exchange/.service.EmailSyncAdapterService: pid=3334 uid=10040 gids={50040, 3003, 1028, 1015, 1023}
I/ActivityManager( 1948): Killing 2205:com.android.settings/1000 (adj 15): empty #17
I/ActivityManager( 1948): Resuming delayed broadcast
I/ActivityManager( 1948): Start proc com.android.gallery3d for broadcast com.android.gallery3d/com.android.camera.DisableCameraReceiver: pid=3348 uid=10048 gids={50048, 3003, 1028, 1015, 1023}
I/ActivityManager( 1948): Killing 2437:com.google.android.apps.maps/u0a60 (adj 15): empty #17
I/ActivityManager( 1948): Start proc com.google.android.gm for broadcast com.google.android.gm/.GoogleMailDeviceStartupReceiver: pid=3362 uid=10049 gids={50049, 3003, 1028, 1015, 1023}
I/ActivityManager( 1948): Killing 2938:com.android.dialer/u0a5 (adj 15): empty #17
D/ActivityThread( 3362): Loading provider com.android.gmail.ui: com.google.android.gm.provider.GmailProvider
D/ActivityThread( 3362): Loading provider com.google.android.gmail.provider;com.android.mail.notifier;com.google.android.gm.email.provider;com.google.android.gm.email.notifier: com.android.email.provider.EmailProvider
W/ActivityManager( 1948): Unable to start service Intent { act=com.google.android.gm.email.EXCHANGE_INTENT pkg=com.google.android.gm.exchange } U=0: not found
W/ActivityManager( 1948): Unable to start service Intent { act=com.google.android.gm.email.EXCHANGE_INTENT pkg=com.google.android.gm.exchange } U=0: not found
I/ActivityManager( 1948): Delay finish: com.google.android.gm/.GoogleMailDeviceStartupReceiver
W/ActivityManager( 1948): Unable to start service Intent { act=com.google.android.gm.email.EXCHANGE_INTENT pkg=com.google.android.gm.exchange } U=0: not found
I/ActivityManager( 1948): Resuming delayed broadcast
W/ActivityManager( 1948): Unable to start service Intent { cmp=com.google.android.gm/com.android.email.service.AttachmentService } U=0: not found
I/ActivityManager( 1948): Delay finish: com.google.android.gm/.MailIntentReceiver
I/ActivityManager( 1948): Resuming delayed broadcast
W/ActivityManager( 1948): Unable to start service Intent { act=com.google.android.gm.email.EXCHANGE_INTENT pkg=com.google.android.gm.exchange } U=0: not found
I/ActivityManager( 1948): Delay finish: com.google.android.gm/com.android.email.service.EmailUpgradeBroadcastReceiver
I/ActivityManager( 1948): Resuming delayed broadcast
I/ActivityManager( 1948): Delay finish: com.google.android.gm/com.android.email.service.EmailBroadcastReceiver
W/ActivityManager( 1948): Unable to start service Intent { act=com.google.android.gm.email.EXCHANGE_INTENT pkg=com.google.android.gm.exchange } U=0: not found
W/ActivityManager( 1948): Unable to start service Intent { act=com.google.android.gm.email.EXCHANGE_INTENT pkg=com.google.android.gm.exchange } U=0: not found
I/ActivityManager( 1948): Resuming delayed broadcast
E/ActivityThread( 3362): Service com.android.email.service.EmailBroadcastProcessorService has leaked ServiceConnection com.android.emailcommon.service.am@21728394 that was originally bound here
E/ActivityThread( 3362): android.app.ServiceConnectionLeaked: Service com.android.email.service.EmailBroadcastProcessorService has leaked ServiceConnection com.android.emailcommon.service.am@21728394 that was originally bound here
E/ActivityThread( 3362): at android.app.LoadedApk$ServiceDispatcher.(LoadedApk.java:970)
E/ActivityThread( 3362): at android.app.LoadedApk.getServiceDispatcher(LoadedApk.java:864)
E/ActivityThread( 3362): at android.app.ContextImpl.bindServiceCommon(ContextImpl.java:1569)
E/ActivityThread( 3362): at android.app.ContextImpl.bindService(ContextImpl.java:1552)
E/ActivityThread( 3362): at android.content.ContextWrapper.bindService(ContextWrapper.java:517)
E/ActivityThread( 3362): at com.android.emailcommon.service.ak.a(SourceFile:181)
E/ActivityThread( 3362): at com.android.emailcommon.service.ak.e(SourceFile:224)
E/ActivityThread( 3362): at com.android.email.service.n.c(SourceFile:177)
E/ActivityThread( 3362): at com.android.email.provider.b.a(SourceFile:198)
E/ActivityThread( 3362): at com.android.email.provider.b.a(SourceFile:142)
E/ActivityThread( 3362): at com.android.email.service.EmailBroadcastProcessorService.c(SourceFile:349)
E/ActivityThread( 3362): at com.android.email.service.EmailBroadcastProcessorService.onHandleIntent(SourceFile:1334)
E/ActivityThread( 3362): at android.app.IntentService$ServiceHandler.handleMessage(IntentService.java:65)
E/ActivityThread( 3362): at android.os.Handler.dispatchMessage(Handler.java:102)
E/ActivityThread( 3362): at android.os.Looper.loop(Looper.java:136)
E/ActivityThread( 3362): at android.os.HandlerThread.run(HandlerThread.java:61)
I/ActivityManager( 1948): Killing 2502:android.process.acore/u0a3 (adj 15): empty #17
W/ActivityManager( 1948): Unbind failed: could not find connection for android.os.BinderProxy@217a0878
I/ActivityManager( 1948): Start proc android.process.acore for content provider com.android.providers.contacts/.ContactsProvider2: pid=3397 uid=10003 gids={50003, 3003, 1028, 1015, 1023}
I/ActivityManager( 1948): Start proc com.google.android.inputmethod.latin for broadcast com.google.android.inputmethod.latin/com.android.inputmethod.latin.SystemBroadcastReceiver: pid=3410 uid=10055 gids={50055, 3003, 1028, 1015, 1023}
I/ActivityManager( 1948): Process com.google.android.inputmethod.latin (pid 3410) has died.
I/ActivityManager( 1948): Killing 2698:com.android.providers.calendar/u0a1 (adj 15): empty #17
I/ActivityManager( 1948): Start proc com.google.android.apps.maps for broadcast com.google.android.apps.maps/com.google.android.apps.gmm.iamhere.ble.StartBleServiceReceiver: pid=3427 uid=10060 gids={50060, 3003, 1028, 1015, 1023, 3002, 3001}
I/ActivityManager( 1948): Delay finish: com.google.android.youtube/com.google.android.libraries.youtube.upload.service.UploadService$BootReceiver
I/ActivityManager( 1948): Resuming delayed broadcast
I/ActivityManager( 1948): Start proc com.cyanogenmod.trebuchet for broadcast com.cyanogenmod.trebuchet/com.android.launcher3.PackageChangedReceiver: pid=3453 uid=10020 gids={50020, 1028}
I/ActivityManager( 1948): Delay finish: com.google.android.googlequicksearchbox/com.google.android.search.core.icingsync.IcingCorporaChangedReceiver
I/ActivityManager( 1948): Resuming delayed broadcast
I/ActivityManager( 1948): Delay finish: com.android.gallery3d/.app.PackagesMonitor
I/ActivityManager( 1948): Resuming delayed broadcast
I/ActivityManager( 1948): Killing 2995:com.google.android.configupdater/u0a2 (adj 15): empty #17
I/ActivityManager( 1948): Delay finish: com.google.android.googlequicksearchbox/com.google.android.search.core.icingsync.IcingCorporaChangedReceiver
I/ActivityManager( 1948): Resuming delayed broadcast
I/ActivityManager( 1948): Delay finish: com.android.gallery3d/.app.PackagesMonitor
I/ActivityManager( 1948): Resuming delayed broadcast
I/ActivityManager( 1948): Delay finish: com.google.android.googlequicksearchbox/com.google.android.search.core.icingsync.IcingCorporaChangedReceiver
I/ActivityManager( 1948): Resuming delayed broadcast
I/ActivityManager( 1948): Delay finish: com.android.gallery3d/.app.PackagesMonitor
I/ActivityManager( 1948): Resuming delayed broadcast
I/ActivityManager( 1948): Delay finish: com.google.android.googlequicksearchbox/com.google.android.search.core.icingsync.IcingCorporaChangedReceiver
I/ActivityManager( 1948): Resuming delayed broadcast
I/ActivityManager( 1948): Delay finish: com.android.gallery3d/.app.PackagesMonitor
I/ActivityManager( 1948): Resuming delayed broadcast
I/ActivityManager( 1948): Delay finish: com.google.android.gms/.nearby.messages.NearbyMessagesBroadcastReceiver
I/ActivityManager( 1948): Resuming delayed broadcast
I/ActivityManager( 1948): Delay finish: com.android.calendar/.alerts.AlertReceiver
W/ActivityManager( 1948): Unable to start service Intent { act=INITIALIZE_SUBSCRIPTIONS cmp=com.google.android.gms/.nearby.sharing.NearbySharingIntentService } U=0: not found
W/ActivityManager( 1948): Unable to start service Intent { act=com.google.android.gms.analytics.service.START cmp=com.google.android.gms/.analytics.service.AnalyticsService (has extras) } U=0: not found
I/ActivityManager( 1948): Killing 3109:com.google.android.onetimeinitializer/u0a10 (adj 15): empty #17
I/ActivityManager( 1948): Start proc com.android.providers.calendar for content provider com.android.providers.calendar/.CalendarProvider2: pid=3529 uid=10001 gids={50001, 3003, 1028, 1015, 1023}
I/ActivityManager( 1948): Resuming delayed broadcast
I/ActivityManager( 1948): Killing 2629:com.google.android.partnersetup/u0a11 (adj 15): empty #17
I/ActivityManager( 1948): Delay finish: com.google.android.gm/.MailIntentReceiver
I/ActivityManager( 1948): Resuming delayed broadcast
I/ActivityManager( 1948): Delay finish: com.google.android.gm/.widget.GmailWidgetProvider
I/ActivityManager( 1948): Resuming delayed broadcast
I/ActivityManager( 1948): Delay finish: com.google.android.gm/.widget.GoogleMailWidgetProvider
I/ActivityManager( 1948): Resuming delayed broadcast
I/ActivityManager( 1948): Delay finish: com.google.android.gm/.widget.GmailWidgetProvider
I/ActivityManager( 1948): Resuming delayed broadcast
I/ActivityManager( 1948): Delay finish: com.google.android.gm/.widget.GoogleMailWidgetProvider
I/ActivityManager( 1948): Resuming delayed broadcast
I/ActivityManager( 1948): Delay finish: com.google.android.googlequicksearchbox/com.google.android.search.core.icingsync.IcingCorporaChangedReceiver
I/ActivityManager( 1948): Resuming delayed broadcast
I/ActivityManager( 1948): Delay finish: com.android.gallery3d/.app.PackagesMonitor
I/ActivityManager( 1948): Resuming delayed broadcast
I/ActivityManager( 1948): Delay finish: com.google.android.googlequicksearchbox/com.google.android.search.core.icingsync.IcingCorporaChangedReceiver
I/ActivityManager( 1948): Resuming delayed broadcast
I/ActivityManager( 1948): Delay finish: com.android.gallery3d/.app.PackagesMonitor
I/ActivityManager( 1948): Resuming delayed broadcast
I/ActivityManager( 1948): Delay finish: com.google.android.googlequicksearchbox/com.google.android.search.core.icingsync.IcingCorporaChangedReceiver
I/ActivityManager( 1948): Resuming delayed broadcast
I/ActivityManager( 1948): Delay finish: com.android.gallery3d/.app.PackagesMonitor
I/ActivityManager( 1948): Resuming delayed broadcast
I/ActivityManager( 1948): Delay finish: com.google.android.googlequicksearchbox/com.google.android.search.core.icingsync.IcingCorporaChangedReceiver
I/ActivityManager( 1948): Resuming delayed broadcast
I/ActivityManager( 1948): Delay finish: com.android.gallery3d/.app.PackagesMonitor
I/ActivityManager( 1948): Resuming delayed broadcast
I/ActivityManager( 1948): Start proc com.google.android.music:main for broadcast com.google.android.music/.store.MediaStoreImportService$Receiver: pid=3571 uid=10062 gids={50062, 3003, 1028, 1015, 1023}
I/PackageManager( 1948): Adding preferred activity ComponentInfo{com.android.mms/com.android.mms.ui.ComposeMessageActivity} for user 0 :
I/PackageManager( 1948): Adding preferred activity ComponentInfo{com.android.mms/com.android.mms.ui.ComposeMessageActivity} for user 0 :
I/PackageManager( 1948): Adding preferred activity ComponentInfo{com.android.mms/com.android.mms.ui.ComposeMessageActivity} for user 0 :
I/PackageManager( 1948): Adding preferred activity ComponentInfo{com.android.mms/com.android.mms.ui.ComposeMessageActivity} for user 0 :
I/PackageManager( 1948): Adding preferred activity ComponentInfo{com.android.mms/com.android.mms.ui.ComposeMessageActivity} for user 0 :
I/PackageManager( 1948): Adding preferred activity ComponentInfo{com.android.mms/com.android.mms.ui.ComposeMessageActivity} for user 0 :
I/PackageManager( 1948): Adding preferred activity ComponentInfo{com.android.mms/com.android.mms.ui.ComposeMessageActivity} for user 0 :
I/PackageManager( 1948): Adding preferred activity ComponentInfo{com.android.mms/com.android.mms.ui.ComposeMessageActivity} for user 0 :
W/ActivityManager( 1948): Unable to start service Intent { act=com.google.android.gms.analytics.service.START cmp=com.google.android.gms/.analytics.service.AnalyticsService (has extras) } U=0: not found
W/Vold ( 1601): Returning OperationFailed - no handler for errno 30
I/PackageManager( 1948): Adding preferred activity ComponentInfo{com.android.mms/com.android.mms.ui.ComposeMessageActivity} for user 0 :
W/Vold ( 1601): Returning OperationFailed - no handler for errno 30
I/PackageManager( 1948): Adding preferred activity ComponentInfo{com.android.mms/com.android.mms.ui.ComposeMessageActivity} for user 0 :
W/Vold ( 1601): Returning OperationFailed - no handler for errno 30
I/PackageManager( 1948): Adding preferred activity ComponentInfo{com.android.mms/com.android.mms.ui.ComposeMessageActivity} for user 0 :
W/Vold ( 1601): Returning OperationFailed - no handler for errno 30
I/PackageManager( 1948): Adding preferred activity ComponentInfo{com.android.mms/com.android.mms.ui.ComposeMessageActivity} for user 0 :
E/Vold ( 1601): Failed to find volume for /storage/sdcard1/Android/data/com.google.android.music/cache/
W/Vold ( 1601): Returning OperationFailed - no handler for errno 30
I/PackageManager( 1948): Adding preferred activity ComponentInfo{com.android.mms/com.android.mms.ui.ComposeMessageActivity} for user 0 :
I/PackageManager( 1948): Adding preferred activity ComponentInfo{com.android.mms/com.android.mms.ui.ComposeMessageActivity} for user 0 :
W/Vold ( 1601): Returning OperationFailed - no handler for errno 30
I/PackageManager( 1948): Adding preferred activity ComponentInfo{com.android.mms/com.android.mms.ui.ComposeMessageActivity} for user 0 :
I/PackageManager( 1948): Adding preferred activity ComponentInfo{com.android.mms/com.android.mms.ui.ComposeMessageActivity} for user 0 :
W/Vold ( 1601): Returning OperationFailed - no handler for errno 30
W/Vold ( 1601): Returning OperationFailed - no handler for errno 30
W/Vold ( 1601): Returning OperationFailed - no handler for errno 30
I/PackageManager( 1948): Adding preferred activity ComponentInfo{com.android.mms/com.android.mms.ui.ComposeMessageActivity} for user 0 :
I/PackageManager( 1948): Adding preferred activity ComponentInfo{com.android.mms/com.android.mms.ui.ComposeMessageActivity} for user 0 :
E/Vold ( 1601): Failed to find volume for /storage/sdcard1/Android/data/com.google.android.music/files/
W/Vold ( 1601): Returning OperationFailed - no handler for errno 30
I/PackageManager( 1948): Adding preferred activity ComponentInfo{com.android.mms/com.android.mms.ui.ComposeMessageActivity} for user 0 :
W/Vold ( 1601): Returning OperationFailed - no handler for errno 30
I/PackageManager( 1948): Adding preferred activity ComponentInfo{com.android.mms/com.android.mms.ui.ComposeMessageActivity} for user 0 :
W/Vold ( 1601): Returning OperationFailed - no handler for errno 30
W/Vold ( 1601): Returning OperationFailed - no handler for errno 30
I/PackageManager( 1948): Adding preferred activity ComponentInfo{com.android.mms/com.android.mms.ui.ComposeMessageActivity} for user 0 :
W/Vold ( 1601): Returning OperationFailed - no handler for errno 30
E/Vold ( 1601): Failed to find volume for /storage/sdcard1/Android/data/com.google.android.music/cache/
W/Vold ( 1601): Returning OperationFailed - no handler for errno 30
I/PackageManager( 1948): Adding preferred activity ComponentInfo{com.android.mms/com.android.mms.ui.ComposeMessageActivity} for user 0 :
I/PackageManager( 1948): Adding preferred activity ComponentInfo{com.android.mms/com.android.mms.ui.ComposeMessageActivity} for user 0 :
I/PackageManager( 1948): Adding preferred activity ComponentInfo{com.android.mms/com.android.mms.ui.ComposeMessageActivity} for user 0 :
W/Vold ( 1601): Returning OperationFailed - no handler for errno 30
W/Vold ( 1601): Returning OperationFailed - no handler for errno 30
I/PackageManager( 1948): Adding preferred activity ComponentInfo{com.android.mms/com.android.mms.ui.ComposeMessageActivity} for user 0 :
W/Vold ( 1601): Returning OperationFailed - no handler for errno 30
W/Vold ( 1601): Returning OperationFailed - no handler for errno 30
I/PackageManager( 1948): Adding preferred activity ComponentInfo{com.android.mms/com.android.mms.ui.ComposeMessageActivity} for user 0 :
E/Vold ( 1601): Failed to find volume for /storage/sdcard1/Android/data/com.google.android.music/files/
W/Vold ( 1601): Returning OperationFailed - no handler for errno 30
I/ActivityManager( 1948): Waited long enough for: ServiceRecord{219b7164 u0 com.android.music/.MediaPlaybackService}
I/PackageManager( 1948): Adding preferred activity ComponentInfo{com.android.mms/com.android.mms.ui.ComposeMessageActivity} for user 0 :
I/PackageManager( 1948): Adding preferred activity ComponentInfo{com.android.mms/com.android.mms.ui.ComposeMessageActivity} for user 0 :
I/PackageManager( 1948): Adding preferred activity ComponentInfo{com.android.mms/com.android.mms.ui.ComposeMessageActivity} for user 0 :
I/PackageManager( 1948): Adding preferred activity ComponentInfo{com.android.mms/com.android.mms.ui.ComposeMessageActivity} for user 0 :
I/PackageManager( 1948): Adding preferred activity ComponentInfo{com.android.mms/com.android.mms.ui.ComposeMessageActivity} for user 0 :
I/PackageManager( 1948): Adding preferred activity ComponentInfo{com.android.mms/com.android.mms.ui.ComposeMessageActivity} for user 0 :
I/PackageManager( 1948): Adding preferred activity ComponentInfo{com.android.mms/com.android.mms.ui.ComposeMessageActivity} for user 0 :
I/PackageManager( 1948): Adding preferred activity ComponentInfo{com.android.mms/com.android.mms.ui.ComposeMessageActivity} for user 0 :
I/PackageManager( 1948): Adding preferred activity ComponentInfo{com.android.mms/com.android.mms.ui.ComposeMessageActivity} for user 0 :
W/Vold ( 1601): Returning OperationFailed - no handler for errno 30
I/PackageManager( 1948): Adding preferred activity ComponentInfo{com.android.mms/com.android.mms.ui.ComposeMessageActivity} for user 0 :
W/Vold ( 1601): Returning OperationFailed - no handler for errno 30
W/Vold ( 1601): Returning OperationFailed - no handler for errno 30
I/PackageManager( 1948): Adding preferred activity ComponentInfo{com.android.mms/com.android.mms.ui.ComposeMessageActivity} for user 0 :
W/Vold ( 1601): Returning OperationFailed - no handler for errno 30
I/PackageManager( 1948): Adding preferred activity ComponentInfo{com.android.mms/com.android.mms.ui.ComposeMessageActivity} for user 0 :
E/Vold ( 1601): Failed to find volume for /storage/sdcard1/Android/data/com.google.android.music/files/
W/Vold ( 1601): Returning OperationFailed - no handler for errno 30
I/PackageManager( 1948): Adding preferred activity ComponentInfo{com.android.mms/com.android.mms.ui.ComposeMessageActivity} for user 0 :
I/PackageManager( 1948): Adding preferred activity ComponentInfo{com.android.mms/com.android.mms.ui.ComposeMessageActivity} for user 0 :
I/PackageManager( 1948): Adding preferred activity ComponentInfo{com.android.mms/com.android.mms.ui.ComposeMessageActivity} for user 0 :
I/PackageManager( 1948): Adding preferred activity ComponentInfo{com.android.mms/com.android.mms.ui.ComposeMessageActivity} for user 0 :
I/PackageManager( 1948): Adding preferred activity ComponentInfo{com.android.mms/com.android.mms.ui.ComposeMessageActivity} for user 0 :
I/PackageManager( 1948): Adding preferred activity ComponentInfo{com.android.mms/com.android.mms.ui.ComposeMessageActivity} for user 0 :
I/PackageManager( 1948): Adding preferred activity ComponentInfo{com.android.mms/com.android.mms.ui.ComposeMessageActivity} for user 0 :
I/PackageManager( 1948): Adding preferred activity ComponentInfo{com.android.mms/com.android.mms.ui.ComposeMessageActivity} for user 0 :
I/PackageManager( 1948): Adding preferred activity ComponentInfo{com.android.mms/com.android.mms.ui.ComposeMessageActivity} for user 0 :
I/PackageManager( 1948): Adding preferred activity ComponentInfo{com.android.mms/com.android.mms.ui.ComposeMessageActivity} for user 0 :
I/PackageManager( 1948): Adding preferred activity ComponentInfo{com.android.mms/com.android.mms.ui.ComposeMessageActivity} for user 0 :
I/PackageManager( 1948): Adding preferred activity ComponentInfo{com.android.mms/com.android.mms.ui.ComposeMessageActivity} for user 0 :
I/PackageManager( 1948): Adding preferred activity ComponentInfo{com.android.mms/com.android.mms.ui.ComposeMessageActivity} for user 0 :
I/PackageManager( 1948): Adding preferred activity ComponentInfo{com.android.mms/com.android.mms.ui.ComposeMessageActivity} for user 0 :
W/Vold ( 1601): Returning OperationFailed - no handler for errno 30
I/PackageManager( 1948): Adding preferred activity ComponentInfo{com.android.mms/com.android.mms.ui.ComposeMessageActivity} for user 0 :
W/Vold ( 1601): Returning OperationFailed - no handler for errno 30
I/PackageManager( 1948): Adding preferred activity ComponentInfo{com.android.mms/com.android.mms.ui.ComposeMessageActivity} for user 0 :
W/Vold ( 1601): Returning OperationFailed - no handler for errno 30
I/PackageManager( 1948): Adding preferred activity ComponentInfo{com.android.mms/com.android.mms.ui.ComposeMessageActivity} for user 0 :
I/PackageManager( 1948): Adding preferred activity ComponentInfo{com.android.mms/com.android.mms.ui.ComposeMessageActivity} for user 0 :
W/Vold ( 1601): Returning OperationFailed - no handler for errno 30
E/Vold ( 1601): Failed to find volume for /storage/sdcard1/Android/data/com.google.android.music/files/
W/Vold ( 1601): Returning OperationFailed - no handler for errno 30
I/PackageManager( 1948): Adding preferred activity ComponentInfo{com.android.mms/com.android.mms.ui.ComposeMessageActivity} for user 0 :
W/Vold ( 1601): Returning OperationFailed - no handler for errno 30
I/PackageManager( 1948): Adding preferred activity ComponentInfo{com.android.mms/com.android.mms.ui.ComposeMessageActivity} for user 0 :
W/Vold ( 1601): Returning OperationFailed - no handler for errno 30
I/PackageManager( 1948): Adding preferred activity ComponentInfo{com.android.mms/com.android.mms.ui.ComposeMessageActivity} for user 0 :
W/Vold ( 1601): Returning OperationFailed - no handler for errno 30
I/PackageManager( 1948): Adding preferred activity ComponentInfo{com.android.mms/com.android.mms.ui.ComposeMessageActivity} for user 0 :
W/Vold ( 1601): Returning OperationFailed - no handler for errno 30
E/Vold ( 1601): Failed to find volume for /storage/sdcard1/Android/data/com.google.android.music/files/
W/Vold ( 1601): Returning OperationFailed - no handler for errno 30
I/PackageManager( 1948): Adding preferred activity ComponentInfo{com.android.mms/com.android.mms.ui.ComposeMessageActivity} for user 0 :
I/PackageManager( 1948): Adding preferred activity ComponentInfo{com.android.mms/com.android.mms.ui.ComposeMessageActivity} for user 0 :
I/PackageManager( 1948): Adding preferred activity ComponentInfo{com.android.mms/com.android.mms.ui.ComposeMessageActivity} for user 0 :
I/PackageManager( 1948): Adding preferred activity ComponentInfo{com.android.mms/com.android.mms.ui.ComposeMessageActivity} for user 0 :
I/PackageManager( 1948): Adding preferred activity ComponentInfo{com.android.mms/com.android.mms.ui.ComposeMessageActivity} for user 0 :
I/PackageManager( 1948): Adding preferred activity ComponentInfo{com.android.mms/com.android.mms.ui.ComposeMessageActivity} for user 0 :
I/PackageManager( 1948): Adding preferred activity ComponentInfo{com.android.mms/com.android.mms.ui.ComposeMessageActivity} for user 0 :
I/PackageManager( 1948): Adding preferred activity ComponentInfo{com.android.mms/com.android.mms.ui.ComposeMessageActivity} for user 0 :
I/PackageManager( 1948): Adding preferred activity ComponentInfo{com.android.mms/com.android.mms.ui.ComposeMessageActivity} for user 0 :
I/PackageManager( 1948): Adding preferred activity ComponentInfo{com.android.mms/com.android.mms.ui.ComposeMessageActivity} for user 0 :
I/PackageManager( 1948): Adding preferred activity ComponentInfo{com.android.mms/com.android.mms.ui.ComposeMessageActivity} for user 0 :
I/PackageManager( 1948): Adding preferred activity ComponentInfo{com.android.mms/com.android.mms.ui.ComposeMessageActivity} for user 0 :
I/ActivityManager( 1948): Delay finish: com.google.android.googlequicksearchbox/com.google.android.search.core.icingsync.IcingCorporaChangedReceiver
I/ActivityManager( 1948): Resuming delayed broadcast
I/ActivityManager( 1948): Delay finish: com.android.gallery3d/.app.PackagesMonitor
I/ActivityManager( 1948): Resuming delayed broadcast
I/ActivityManager( 1948): Delay finish: com.android.gallery3d/.app.PackagesMonitor
I/ActivityManager( 1948): Resuming delayed broadcast
I/ActivityManager( 1948): Delay finish: com.android.gallery3d/.app.PackagesMonitor
I/ActivityManager( 1948): Resuming delayed broadcast
I/ActivityManager( 1948): Delay finish: com.android.mms/.transaction.SmsReceiver
I/ActivityManager( 1948): Resuming delayed broadcast
I/ActivityManager( 1948): Delay finish: com.google.android.music/.store.MediaStoreImportService$Receiver
I/ActivityManager( 1948): Resuming delayed broadcast
I/ActivityManager( 1948): Delay finish: com.google.android.music/.store.MediaStoreImportService$Receiver
I/ActivityManager( 1948): Resuming delayed broadcast
I/ActivityManager( 1948): Delay finish: com.google.android.gm/.MailIntentReceiver
I/ActivityManager( 1948): Resuming delayed broadcast
I/ActivityManager( 1948): Delay finish: com.google.android.gm/.widget.GmailWidgetProvider
I/ActivityManager( 1948): Resuming delayed broadcast
I/ActivityManager( 1948): Delay finish: com.google.android.gm/.widget.GoogleMailWidgetProvider
I/ActivityManager( 1948): Resuming delayed broadcast
I/ActivityManager( 1948): Delay finish: com.google.android.gm/.widget.GmailWidgetProvider
I/ActivityManager( 1948): Resuming delayed broadcast
I/ActivityManager( 1948): Delay finish: com.google.android.gm/.widget.GoogleMailWidgetProvider
I/ActivityManager( 1948): Resuming delayed broadcast
I/ActivityManager( 1948): Delay finish: com.android.providers.calendar/.CalendarProviderBroadcastReceiver
I/ActivityManager( 1948): Resuming delayed broadcast
W/Vold ( 1601): Returning OperationFailed - no handler for errno 30
W/Vold ( 1601): Returning OperationFailed - no handler for errno 30
W/Vold ( 1601): Returning OperationFailed - no handler for errno 30
W/Vold ( 1601): Returning OperationFailed - no handler for errno 30
W/SocketClient( 1602): write error (Broken pipe)
D/ConnectivityService( 1948): handleInetConditionChange: no active default network - ignore
E/Vold ( 1601): Failed to find volume for /storage/sdcard1/Android/data/com.google.android.music/files/
W/Vold ( 1601): Returning OperationFailed - no handler for errno 30
I/ActivityManager( 1948): Delay finish: com.android.calendar/.alerts.AlertReceiver
I/ActivityManager( 1948): Resuming delayed broadcast
I/ActivityManager( 1948): Killing 2578:android.process.media/u0a6 (adj 15): empty #17
I/ActivityManager( 1948): Delay finish: com.google.android.gm/.widget.GmailWidgetProvider
I/ActivityManager( 1948): Resuming delayed broadcast
I/ActivityManager( 1948): Start proc com.google.android.gms.ui for broadcast com.google.android.gms/.mdm.receivers.MdmDeviceAdminReceiver: pid=3633 uid=10008 gids={50008, 3003, 1007, 1028, 1015, 1023, 3002, 3001, 3007, 2001, 3006}
I/ActivityManager( 1948): Killing 3208:com.android.onetimeinitializer/u0a15 (adj 15): empty #17
I/ActivityManager( 1948): Delay finish: com.google.android.googlequicksearchbox/com.google.android.search.core.icingsync.IcingCorporaChangedReceiver
I/ActivityManager( 1948): Resuming delayed broadcast
I/ActivityManager( 1948): Delay finish: com.android.gallery3d/.app.PackagesMonitor
I/ActivityManager( 1948): Resuming delayed broadcast
I/ActivityManager( 1948): Delay finish: com.google.android.googlequicksearchbox/com.google.android.search.core.icingsync.IcingCorporaChangedReceiver
I/ActivityManager( 1948): Resuming delayed broadcast
I/ActivityManager( 1948): Delay finish: com.android.gallery3d/.app.PackagesMonitor
I/ActivityManager( 1948): Resuming delayed broadcast
I/ActivityManager( 1948): Delay finish: com.google.android.googlequicksearchbox/com.google.android.search.core.icingsync.IcingCorporaChangedReceiver
I/ActivityManager( 1948): Resuming delayed broadcast
I/ActivityManager( 1948): Delay finish: com.android.gallery3d/.app.PackagesMonitor
I/ActivityManager( 1948): Resuming delayed broadcast
I/ActivityManager( 1948): Delay finish: com.google.android.googlequicksearchbox/com.google.android.search.core.icingsync.IcingCorporaChangedReceiver
I/ActivityManager( 1948): Resuming delayed broadcast
I/ActivityManager( 1948): Delay finish: com.android.gallery3d/.app.PackagesMonitor
I/ActivityManager( 1948): Resuming delayed broadcast
I/ActivityManager( 1948): Delay finish: com.google.android.googlequicksearchbox/com.google.android.search.core.icingsync.IcingCorporaChangedReceiver
I/ActivityManager( 1948): Resuming delayed broadcast
I/ActivityManager( 1948): Delay finish: com.android.gallery3d/.app.PackagesMonitor
I/ActivityManager( 1948): Resuming delayed broadcast
I/ActivityManager( 1948): Delay finish: com.google.android.googlequicksearchbox/com.google.android.search.core.icingsync.IcingCorporaChangedReceiver
I/ActivityManager( 1948): Resuming delayed broadcast
I/ActivityManager( 1948): Delay finish: com.android.gallery3d/.app.PackagesMonitor
I/ActivityManager( 1948): Resuming delayed broadcast
I/ActivityManager( 1948): Delay finish: com.google.android.googlequicksearchbox/com.google.android.search.core.icingsync.IcingCorporaChangedReceiver
I/ActivityManager( 1948): Resuming delayed broadcast
I/ActivityManager( 1948): Delay finish: com.android.gallery3d/.app.PackagesMonitor
I/ActivityManager( 1948): Resuming delayed broadcast
I/ActivityManager( 1948): Delay finish: com.google.android.googlequicksearchbox/com.google.android.search.core.icingsync.IcingCorporaChangedReceiver
I/ActivityManager( 1948): Resuming delayed broadcast
I/ActivityManager( 1948): Delay finish: com.android.gallery3d/.app.PackagesMonitor
I/ActivityManager( 1948): Resuming delayed broadcast
I/ActivityManager( 1948): Delay finish: com.google.android.googlequicksearchbox/com.google.android.search.core.icingsync.IcingCorporaChangedReceiver
I/ActivityManager( 1948): Resuming delayed broadcast
I/ActivityManager( 1948): Delay finish: com.android.gallery3d/.app.PackagesMonitor
I/ActivityManager( 1948): Resuming delayed broadcast
I/ActivityManager( 1948): Delay finish: com.google.android.gm/.widget.GmailWidgetProvider
I/ActivityManager( 1948): Resuming delayed broadcast
I/ActivityManager( 1948): Waited long enough for: ServiceRecord{21abefe4 u0 com.android.calendar/.alerts.InitAlarmsService}
I/ActivityManager( 1948): Delay finish: com.google.android.music/.wear.WearBroadcastReceiver
I/ActivityManager( 1948): Resuming delayed broadcast
I/PackageManager( 1948): Adding preferred activity ComponentInfo{com.android.mms/com.android.mms.ui.ComposeMessageActivity} for user 0 :
I/PackageManager( 1948): Adding preferred activity ComponentInfo{com.android.mms/com.android.mms.ui.ComposeMessageActivity} for user 0 :
I/PackageManager( 1948): Adding preferred activity ComponentInfo{com.android.mms/com.android.mms.ui.ComposeMessageActivity} for user 0 :
I/PackageManager( 1948): Adding preferred activity ComponentInfo{com.android.mms/com.android.mms.ui.ComposeMessageActivity} for user 0 :
I/PackageManager( 1948): Adding preferred activity ComponentInfo{com.android.mms/com.android.mms.ui.ComposeMessageActivity} for user 0 :
I/PackageManager( 1948): Adding preferred activity ComponentInfo{com.android.mms/com.android.mms.ui.ComposeMessageActivity} for user 0 :
I/PackageManager( 1948): Adding preferred activity ComponentInfo{com.android.mms/com.android.mms.ui.ComposeMessageActivity} for user 0 :
I/PackageManager( 1948): Adding preferred activity ComponentInfo{com.android.mms/com.android.mms.ui.ComposeMessageActivity} for user 0 :
I/PackageManager( 1948): Adding preferred activity ComponentInfo{com.android.mms/com.android.mms.ui.ComposeMessageActivity} for user 0 :
I/PackageManager( 1948): Adding preferred activity ComponentInfo{com.android.mms/com.android.mms.ui.ComposeMessageActivity} for user 0 :
I/PackageManager( 1948): Adding preferred activity ComponentInfo{com.android.mms/com.android.mms.ui.ComposeMessageActivity} for user 0 :
I/PackageManager( 1948): Adding preferred activity ComponentInfo{com.android.mms/com.android.mms.ui.ComposeMessageActivity} for user 0 :
I/PackageManager( 1948): Adding preferred activity ComponentInfo{com.android.mms/com.android.mms.ui.ComposeMessageActivity} for user 0 :
I/PackageManager( 1948): Adding preferred activity ComponentInfo{com.android.mms/com.android.mms.ui.ComposeMessageActivity} for user 0 :
I/PackageManager( 1948): Adding preferred activity ComponentInfo{com.android.mms/com.android.mms.ui.ComposeMessageActivity} for user 0 :
I/PackageManager( 1948): Adding preferred activity ComponentInfo{com.android.mms/com.android.mms.ui.ComposeMessageActivity} for user 0 :
I/ActivityManager( 1948): Killing 3224:com.thirdparty.superuser/1000 (adj 15): empty #17
D/ConnectivityService( 1948): Sampling interval elapsed, updating statistics ..
D/ConnectivityService( 1948): Done.
D/ConnectivityService( 1948): Setting timer for 720seconds
W/SocketClient( 1602): write error (Broken pipe)
D/ConnectivityService( 1948): handleInetConditionChange: no active default network - ignore
I/ActivityManager( 1948): START u0 {cmp=com.google.android.setupwizard/.WifiSettingsActivity (has extras)} from pid 2231
D/WifiService( 1948): setWifiEnabled: true pid=2231, uid=10018
I/ActivityManager( 1948): START u0 {act=com.android.net.wifi.SETUP_WIFI_NETWORK cmp=com.android.settings/.wifi.WifiSetupActivity (has extras)} from pid 2231
I/ActivityManager( 1948): Start proc com.android.settings for broadcast com.android.settings/.widget.SettingsAppWidgetProvider: pid=3731 uid=1000 gids={41000, 1028, 1015, 1023, 3002, 3001, 3003}
W/ContextImpl( 3731): Calling a method in the system process without a qualified user: android.app.ContextImpl.bindService:1551 android.content.ContextWrapper.bindService:517 android.bluetooth.BluetoothInputDevice.doBind:245 android.bluetooth.BluetoothInputDevice.:238 android.bluetooth.BluetoothAdapter.getProfileProxy:1367
W/ContextImpl( 3731): Calling a method in the system process without a qualified user: android.app.ContextImpl.bindService:1551 android.content.ContextWrapper.bindService:517 android.bluetooth.BluetoothPan.doBind:149 android.bluetooth.BluetoothPan.:141 android.bluetooth.BluetoothAdapter.getProfileProxy:1370
W/ContextImpl( 3731): Calling a method in the system process without a qualified user: android.app.ContextImpl.bindService:1551 android.content.ContextWrapper.bindService:517 android.bluetooth.BluetoothMap.doBind:109 android.bluetooth.BluetoothMap.:102 android.bluetooth.BluetoothAdapter.getProfileProxy:1376
W/ContextImpl( 3731): Calling a method in the system process without a qualified user: android.app.ContextImpl.bindService:1551 android.content.ContextWrapper.bindService:517 android.bluetooth.BluetoothPbap.doBind:164 android.bluetooth.BluetoothPbap.:157 com.android.settings.bluetooth.PbapServerProfile.:68
I/ActivityManager( 1948): Start proc com.android.musicfx for broadcast com.android.musicfx/.ControlPanelReceiver: pid=3750 uid=10014 gids={50014, 3003, 3002}
I/ActivityManager( 1948): Killing 2909:com.android.music/u0a61 (adj 15): empty #17
I/ActivityManager( 1948): Killing 3283:com.android.camera2/u0a32 (adj 15): empty #17
D/ConnectivityService( 1948): handleInetConditionChange: no active default network - ignore
W/SocketClient( 1602): write error (Broken pipe)
I/PowerManagerService( 1948): Going to sleep due to screen timeout...
I/WindowManager( 1948): No lock screen! windowToken=null
I/PowerManagerService( 1948): Waking up from sleep...
I/WindowManager( 1948): No lock screen! windowToken=null
D/DisplayPowerController( 1948): Unblocked screen on after 281645 ms
W/SocketClient( 1602): write error (Broken pipe)
W/SocketClient( 1602): write error (Broken pipe)
D/ConnectivityService( 1948): handleInetConditionChange: no active default network - ignore
D/ConnectivityService( 1948): ConnectivityChange for WIFI: DISCONNECTED/DISCONNECTED
D/ConnectivityService( 1948): Attempting to switch to mobile
D/ConnectivityService( 1948): Attempting to switch to ETHERNET
D/Nat464Xlat( 1948): requiresClat: netType=1, hasIPv4Address=false
D/ConnectivityService( 1948): ConnectivityChange for WIFI: DISCONNECTED/DISCONNECTED
D/ConnectivityService( 1948): Attempting to switch to mobile
D/ConnectivityService( 1948): Attempting to switch to ETHERNET
D/Nat464Xlat( 1948): requiresClat: netType=1, hasIPv4Address=false
I/ActivityManager( 1948): Start proc android.process.media for broadcast com.android.providers.downloads/.DownloadReceiver: pid=3871 uid=10006 gids={50006, 1028, 1015, 1023, 1024, 2001, 3003, 3007}
I/ActivityManager( 1948): Killing 3334:com.android.exchange/u0a40 (adj 15): empty #17
I/ActivityManager( 1948): Start proc com.google.android.apps.magazines for broadcast com.google.android.apps.magazines/com.google.apps.dots.android.newsstand.appwidget.NewsWidgetProvider: pid=3890 uid=10058 gids={50058, 3003, 1028, 1015, 1023}
W/Vold ( 1601): Returning OperationFailed - no handler for errno 30
W/Vold ( 1601): Returning OperationFailed - no handler for errno 30
W/Vold ( 1601): Returning OperationFailed - no handler for errno 30
W/Vold ( 1601): Returning OperationFailed - no handler for errno 30
E/Vold ( 1601): Failed to find volume for /storage/sdcard1/Android/data/com.google.android.apps.magazines/cache/
W/Vold ( 1601): Returning OperationFailed - no handler for errno 30
W/Vold ( 1601): Returning OperationFailed - no handler for errno 30
W/Vold ( 1601): Returning OperationFailed - no handler for errno 30
W/Vold ( 1601): Returning OperationFailed - no handler for errno 30
W/Vold ( 1601): Returning OperationFailed - no handler for errno 30
E/Vold ( 1601): Failed to find volume for /storage/sdcard1/Android/data/com.google.android.apps.magazines/files/
W/Vold ( 1601): Returning OperationFailed - no handler for errno 30
W/Vold ( 1601): Returning OperationFailed - no handler for errno 30
W/Vold ( 1601): Returning OperationFailed - no handler for errno 30
W/Vold ( 1601): Returning OperationFailed - no handler for errno 30
W/Vold ( 1601): Returning OperationFailed - no handler for errno 30
E/Vold ( 1601): Failed to find volume for /storage/sdcard1/Android/data/com.google.android.apps.magazines/cache/
W/Vold ( 1601): Returning OperationFailed - no handler for errno 30
W/Vold ( 1601): Returning OperationFailed - no handler for errno 30
W/Vold ( 1601): Returning OperationFailed - no handler for errno 30
W/Vold ( 1601): Returning OperationFailed - no handler for errno 30
W/Vold ( 1601): Returning OperationFailed - no handler for errno 30
E/Vold ( 1601): Failed to find volume for /storage/sdcard1/Android/data/com.google.android.apps.magazines/files/
W/Vold ( 1601): Returning OperationFailed - no handler for errno 30
I/ActivityManager( 1948): Killing 3427:com.google.android.apps.maps/u0a60 (adj 15): empty #17
D/ConnectivityService( 1948): Captive portal check NetworkInfo: type: WIFI[], state: CONNECTING/CAPTIVE_PORTAL_CHECK, reason: (unspecified), extra: "FloClaudi-WLAN", roaming: false, failover: false, isAvailable: true, isConnectedToProvisioningNetwork: false
D/ConnectivityService( 1948): handleCaptivePortalTrackerCheck: call captivePortalCheckComplete ni=NetworkInfo: type: WIFI[], state: CONNECTING/CAPTIVE_PORTAL_CHECK, reason: (unspecified), extra: "FloClaudi-WLAN", roaming: false, failover: false, isAvailable: true, isConnectedToProvisioningNetwork: false
D/ConnectivityService( 1948): Captive portal check NetworkInfo: type: WIFI[], state: CONNECTING/CAPTIVE_PORTAL_CHECK, reason: (unspecified), extra: "FloClaudi-WLAN", roaming: false, failover: false, isAvailable: true, isConnectedToProvisioningNetwork: false
D/ConnectivityService( 1948): handleCaptivePortalTrackerCheck: call captivePortalCheckComplete ni=NetworkInfo: type: WIFI[], state: CONNECTING/CAPTIVE_PORTAL_CHECK, reason: (unspecified), extra: "FloClaudi-WLAN", roaming: false, failover: false, isAvailable: true, isConnectedToProvisioningNetwork: false
D/ConnectivityService( 1948): ConnectivityChange for WIFI: CONNECTED/CONNECTED
E/ConnectivityService( 1948): Unexpected mtu value: android.net.wifi.WifiStateTracker@217a3f20
D/Nat464Xlat( 1948): requiresClat: netType=1, hasIPv4Address=true
D/ConnectivityService( 1948): ConnectivityChange for WIFI: CONNECTED/CONNECTED
D/ConnectivityService( 1948): setProvNotificationVisible: E visible=false networkType=1 extraInfo=null url=null
I/ActivityManager( 1948): START u0 {cmp=com.google.android.setupwizard/.WalledGardenActivity (has extras)} from pid 2231
E/ConnectivityService( 1948): Unexpected mtu value: android.net.wifi.WifiStateTracker@217a3f20
D/ConnectivityService( 1948): handleConnectivityChange: address are the same reset per doReset linkProperty[1]: resetMask=0
D/Nat464Xlat( 1948): requiresClat: netType=1, hasIPv4Address=true
D/ConnectivityService( 1948): captivePortalCheckCompleted: ni=NetworkInfo: type: WIFI[], state: CONNECTED/CONNECTED, reason: (unspecified), extra: "FloClaudi-WLAN", roaming: false, failover: false, isAvailable: true, isConnectedToProvisioningNetwork: false captive=false
W/ContextImpl( 1948): Calling a method in the system process without a qualified user: android.app.ContextImpl.sendBroadcast:1131 android.net.CaptivePortalTracker$DelayedCaptiveCheckState.processMessage:306 com.android.internal.util.StateMachine$SmHandler.processMsg:966 com.android.internal.util.StateMachine$SmHandler.handleMessage:789 android.os.Handler.dispatchMessage:102
I/ActivityManager( 1948): Killing 3296:com.android.deskclock/u0a35 (adj 15): empty #17
I/ActivityManager( 1948): Start proc com.google.android.gms.unstable for service com.google.android.gms/.droidguard.DroidGuardService: pid=4011 uid=10008 gids={50008, 3003, 1007, 1028, 1015, 1023, 3002, 3001, 3007, 2001, 3006}
W/ActivityThread( 2269): ClassLoader.loadClass: The class loader returned by Thread.getContextClassLoader() may fail for processes that host multiple applications. You should explicitly specify a context class loader. For example: Thread.setContextClassLoader(getClass().getClassLoader());
D/ConnectivityService( 1948): handleConnectivityChange: addresses changed linkProperty[1]: resetMask=0
D/ConnectivityService( 1948): car=removed=[] added=[fe80::222:5fff:fe0a:7d75/64,]
D/Nat464Xlat( 1948): requiresClat: netType=1, hasIPv4Address=true
D/ConnectivityService( 1948): handleConnectivityChange: address are the same reset per doReset linkProperty[1]: resetMask=0
D/Nat464Xlat( 1948): requiresClat: netType=1, hasIPv4Address=true
W/ActivityThread( 2305): ClassLoader.loadClass: The class loader returned by Thread.getContextClassLoader() may fail for processes that host multiple applications. You should explicitly specify a context class loader. For example: Thread.setContextClassLoader(getClass().getClassLoader());
I/ActivityManager( 1948): Start proc com.android.deskclock for broadcast com.android.deskclock/.AlarmInitReceiver: pid=4076 uid=10035 gids={50035, 1028}
I/ActivityManager( 1948): Killing 3312:com.android.email/u0a39 (adj 15): empty #17
D/ConnectivityService( 1948): handleInetConditionHoldEnd: net=1, condition=0, published condition=0
E/ActivityThread( 2305): Failed to find provider info for com.google.android.wearable.settings
I/CertBlacklister( 1948): Certificate blacklist changed, updating...
I/CertBlacklister( 1948): Certificate blacklist updated
I/CertBlacklister( 1948): Certificate blacklist changed, updating...
I/CertBlacklister( 1948): Certificate blacklist updated
I/ActivityManager( 1948): Start proc com.google.android.configupdater for broadcast com.google.android.configupdater/.CertPin.CertPinUpdateRequestReceiver: pid=4117 uid=10002 gids={50002, 3003, 2001}
I/ActivityManager( 1948): START u0 {cmp=com.google.android.setupwizard/.OtaUpdateActivity (has extras)} from pid 2231
I/ActivityManager( 1948): Delay finish: com.google.android.configupdater/.SmsShortCodes.SmsShortCodesUpdateRequestReceiver
I/ActivityManager( 1948): Resuming delayed broadcast
I/ActivityManager( 1948): Delay finish: com.google.android.gms/.analytics.internal.GServicesChangedReceiver
W/ActivityThread( 3871): ClassLoader.loadClass: The class loader returned by Thread.getContextClassLoader() may fail for processes that host multiple applications. You should explicitly specify a context class loader. For example: Thread.setContextClassLoader(getClass().getClassLoader());
I/ActivityManager( 1948): Resuming delayed broadcast
I/ActivityManager( 1948): START u0 {cmp=com.google.android.setupwizard/.AccountSetupActivity (has extras)} from pid 2231
I/ActivityManager( 1948): START u0 {act=com.google.android.accounts.AccountIntro cmp=com.google.android.gsf.login/.AccountIntroActivity (has extras)} from pid 2231
I/ActivityManager( 1948): Delay finish: com.google.android.gms/.chromesync.sync.SyncReceiverService$Receiver
I/ActivityManager( 1948): Start proc com.google.android.gsf.login for activity com.google.android.gsf.login/.AccountIntroActivity: pid=4168 uid=10008 gids={50008, 3003, 1007, 1028, 1015, 1023, 3002, 3001, 3007, 2001, 3006}
I/ActivityManager( 1948): Resuming delayed broadcast
