W/BroadcastQueue( 1948): Permission Denial: broadcasting Intent { act=com.google.android.gsf.settings.GoogleLocationSettings.UPDATE_LOCATION_SETTINGS flg=0x10 } from com.google.android.setupwizard (pid=4974, uid=10018) is not exported from uid 10008 due to receiver com.google.android.gms/com.google.android.location.reporting.service.ExternalChangeReceiver
I/ActivityManager( 1948): Start proc com.google.android.googlequicksearchbox for broadcast com.google.android.googlequicksearchbox/com.android.launcher3.WallpaperChangedReceiver: pid=5871 uid=10021 gids={50021, 3003, 3001, 1028, 3002, 1015, 1023}
I/ActivityManager( 1948): Killing 5313:com.google.android.googlequicksearchbox:search/u0a21 (adj 15): empty #17
I/ActivityManager( 1948): Start proc com.android.deskclock for broadcast com.android.deskclock/com.android.alarmclock.DigitalAppWidgetProvider: pid=5886 uid=10035 gids={50035, 1028}
I/ActivityManager( 1948): Start proc com.google.android.googlequicksearchbox:search for broadcast com.google.android.googlequicksearchbox/com.google.android.search.core.icingsync.IcingCorporaChangedReceiver: pid=5902 uid=10021 gids={50021, 3003, 3001, 1028, 3002, 1015, 1023}
I/ActivityManager( 1948): Start proc com.android.gallery3d for broadcast com.android.gallery3d/.app.PackagesMonitor: pid=5919 uid=10048 gids={50048, 3003, 1028, 1015, 1023}
I/ActivityManager( 1948): Killing 5394:com.android.browser/u0a28 (adj 15): empty #17
I/ActivityManager( 1948): Start proc com.google.android.partnersetup for content provider com.google.android.partnersetup/.RlzAppProvider: pid=5948 uid=10011 gids={50011, 3003}
W/BroadcastQueue( 1948): Permission Denial: broadcasting Intent { act=com.android.launcher3.action.LAUNCH flg=0x10 (has extras) } from com.cyanogenmod.trebuchet (pid=3453, uid=10020) requires com.google.android.launcher.permission.RECEIVE_LAUNCH_BROADCASTS due to receiver com.google.android.googlequicksearchbox/com.google.android.search.core.icingsync.ApplicationLaunchReceiver
W/BroadcastQueue( 1948): Permission Denial: receiving Intent { act=com.android.launcher3.action.LAUNCH flg=0x10 (has extras) } to com.google.android.googlequicksearchbox/com.google.android.search.core.icingsync.ApplicationLaunchReceiver requires com.android.launcher3.permission.RECEIVE_LAUNCH_BROADCASTS due to sender com.cyanogenmod.trebuchet (uid 10020)
W/BroadcastQueue( 1948): Permission Denial: broadcasting Intent { act=com.android.launcher3.action.LAUNCH flg=0x10 (has extras) } from com.cyanogenmod.trebuchet (pid=3453, uid=10020) requires com.google.android.launcher.permission.RECEIVE_LAUNCH_BROADCASTS due to receiver com.google.android.googlequicksearchbox/com.google.android.search.core.icingsync.ApplicationLaunchReceiver
W/BroadcastQueue( 1948): Permission Denial: receiving Intent { act=com.android.launcher3.action.LAUNCH flg=0x10 (has extras) } to com.google.android.googlequicksearchbox/com.google.android.search.core.icingsync.ApplicationLaunchReceiver requires com.android.launcher3.permission.RECEIVE_LAUNCH_BROADCASTS due to sender com.cyanogenmod.trebuchet (uid 10020)
D/ConnectivityService( 1948): Sampling interval elapsed, updating statistics ..
D/ConnectivityService( 1948): Done.
D/ConnectivityService( 1948): Setting timer for 720seconds
I/ActivityManager( 1948): Killing 4600:com.android.exchange/u0a40 (adj 15): empty #17
I/ActivityManager( 1948): Killing 5429:com.google.android.gm/u0a49 (adj 15): empty #17
I/ActivityManager( 1948): Start proc com.android.mms for broadcast com.android.mms/.transaction.SmsReceiver: pid=5974 uid=10013 gids={50013, 3003, 1028, 1015, 1023}
W/ActivityThread( 5733): ClassLoader.loadClass: The class loader returned by Thread.getContextClassLoader() may fail for processes that host multiple applications. You should explicitly specify a context class loader. For example: Thread.setContextClassLoader(getClass().getClassLoader());
I/ActivityManager( 1948): Delay finish: com.android.vending/com.google.android.gcm.GCMBroadcastReceiver
I/ActivityManager( 1948): Resuming delayed broadcast
I/ActivityManager( 1948): Killing 5525:com.google.android.inputmethod.latin/u0a55 (adj 15): empty #17
I/ActivityManager( 1948): Start proc com.google.android.gm for broadcast com.google.android.gm/.MailIntentReceiver: pid=6026 uid=10049 gids={50049, 3003, 1028, 1015, 1023}
D/ActivityThread( 6026): Loading provider com.android.gmail.ui: com.google.android.gm.provider.GmailProvider
D/ActivityThread( 6026): Loading provider com.google.android.gmail.provider;com.android.mail.notifier;com.google.android.gm.email.provider;com.google.android.gm.email.notifier: com.android.email.provider.EmailProvider
W/ActivityManager( 1948): Unable to start service Intent { act=com.google.android.gm.email.EXCHANGE_INTENT pkg=com.google.android.gm.exchange } U=0: not found
W/ActivityManager( 1948): Unable to start service Intent { act=com.google.android.gm.email.EXCHANGE_INTENT pkg=com.google.android.gm.exchange } U=0: not found
W/ActivityManager( 1948): Unable to start service Intent { act=com.google.android.gm.email.EXCHANGE_INTENT pkg=com.google.android.gm.exchange } U=0: not found
I/ActivityManager( 1948): Killing 5570:com.google.android.youtube/u0a81 (adj 15): empty #17
W/ActivityManager( 1948): Unable to start service Intent { cmp=com.google.android.gm/com.android.email.service.AttachmentService } U=0: not found
F/ActivityManager( 1948): Service ServiceRecord{21984670 u0 com.google.android.youtube/com.google.android.apps.youtube.app.offline.transfer.OfflineTransferService} in process ProcessRecord{21856028 5570:com.google.android.youtube/u0a81} not same as in map: null
W/ActivityManager( 1948): Unable to start service Intent { act=com.google.android.gm.email.EXCHANGE_INTENT pkg=com.google.android.gm.exchange } U=0: not found
I/ActivityManager( 1948): Delay finish: com.android.vending/com.google.android.vending.verifier.VerifyInstalledPackagesReceiver
W/Vold ( 1601): Returning OperationFailed - no handler for errno 30
W/Vold ( 1601): Returning OperationFailed - no handler for errno 30
W/Vold ( 1601): Returning OperationFailed - no handler for errno 30
I/ActivityManager( 1948): Resuming delayed broadcast
W/Vold ( 1601): Returning OperationFailed - no handler for errno 30
I/ActivityManager( 1948): Delay finish: com.android.vending/com.google.android.vending.verifier.VerifyInstalledPackagesReceiver
E/Vold ( 1601): Failed to find volume for /storage/sdcard1/Android/data/com.google.android.music/cache/
W/Vold ( 1601): Returning OperationFailed - no handler for errno 30
I/ActivityManager( 1948): Resuming delayed broadcast
I/ActivityManager( 1948): Delay finish: com.google.android.googlequicksearchbox/com.google.android.search.core.icingsync.IcingCorporaChangedReceiver
I/ActivityManager( 1948): Resuming delayed broadcast
I/ActivityManager( 1948): Delay finish: com.android.gallery3d/.app.PackagesMonitor
I/ActivityManager( 1948): Resuming delayed broadcast
I/ActivityManager( 1948): Delay finish: com.google.android.googlequicksearchbox/com.google.android.search.core.icingsync.IcingCorporaChangedReceiver
I/ActivityManager( 1948): Resuming delayed broadcast
I/ActivityManager( 1948): Delay finish: com.android.gallery3d/.app.PackagesMonitor
I/ActivityManager( 1948): Resuming delayed broadcast
I/ActivityManager( 1948): Delay finish: com.google.android.music/.download.MusicCommunicator
I/ActivityManager( 1948): Resuming delayed broadcast
I/ActivityManager( 1948): Delay finish: com.google.android.googlequicksearchbox/com.google.android.search.core.icingsync.IcingCorporaChangedReceiver
I/ActivityManager( 1948): Resuming delayed broadcast
W/Vold ( 1601): Returning OperationFailed - no handler for errno 30
I/ActivityManager( 1948): Delay finish: com.android.gallery3d/.app.PackagesMonitor
I/ActivityManager( 1948): Resuming delayed broadcast
W/Vold ( 1601): Returning OperationFailed - no handler for errno 30
W/Vold ( 1601): Returning OperationFailed - no handler for errno 30
W/Vold ( 1601): Returning OperationFailed - no handler for errno 30
E/Vold ( 1601): Failed to find volume for /storage/sdcard1/Android/data/com.google.android.music/files/
W/Vold ( 1601): Returning OperationFailed - no handler for errno 30
W/Vold ( 1601): Returning OperationFailed - no handler for errno 30
W/Vold ( 1601): Returning OperationFailed - no handler for errno 30
W/Vold ( 1601): Returning OperationFailed - no handler for errno 30
W/Vold ( 1601): Returning OperationFailed - no handler for errno 30
E/Vold ( 1601): Failed to find volume for /storage/sdcard1/Android/data/com.google.android.music/cache/
W/Vold ( 1601): Returning OperationFailed - no handler for errno 30
I/ActivityManager( 1948): Start proc com.google.android.youtube for broadcast com.google.android.youtube/com.google.ipc.invalidation.external.client2.contrib.MultiplexingGcmListener$GCMReceiver: pid=6094 uid=10081 gids={50081, 3003, 1028, 1015, 1023}
W/Vold ( 1601): Returning OperationFailed - no handler for errno 30
W/Vold ( 1601): Returning OperationFailed - no handler for errno 30
W/Vold ( 1601): Returning OperationFailed - no handler for errno 30
W/Vold ( 1601): Returning OperationFailed - no handler for errno 30
E/Vold ( 1601): Failed to find volume for /storage/sdcard1/Android/data/com.google.android.youtube/cache/
W/Vold ( 1601): Returning OperationFailed - no handler for errno 30
W/Vold ( 1601): Returning OperationFailed - no handler for errno 30
W/Vold ( 1601): Returning OperationFailed - no handler for errno 30
W/Vold ( 1601): Returning OperationFailed - no handler for errno 30
W/Vold ( 1601): Returning OperationFailed - no handler for errno 30
E/Vold ( 1601): Failed to find volume for /storage/sdcard1/Android/data/com.google.android.youtube/cache/
W/Vold ( 1601): Returning OperationFailed - no handler for errno 30
W/Vold ( 1601): Returning OperationFailed - no handler for errno 30
W/Vold ( 1601): Returning OperationFailed - no handler for errno 30
W/Vold ( 1601): Returning OperationFailed - no handler for errno 30
W/Vold ( 1601): Returning OperationFailed - no handler for errno 30
E/Vold ( 1601): Failed to find volume for /storage/sdcard1/Android/data/com.google.android.youtube/files/
W/Vold ( 1601): Returning OperationFailed - no handler for errno 30
W/Vold ( 1601): Returning OperationFailed - no handler for errno 30
W/Vold ( 1601): Returning OperationFailed - no handler for errno 30
W/Vold ( 1601): Returning OperationFailed - no handler for errno 30
W/Vold ( 1601): Returning OperationFailed - no handler for errno 30
E/Vold ( 1601): Failed to find volume for /storage/sdcard1/Android/data/com.google.android.youtube/files/
W/Vold ( 1601): Returning OperationFailed - no handler for errno 30
I/ActivityManager( 1948): Delay finish: com.google.android.youtube/com.google.ipc.invalidation.external.client2.contrib.MultiplexingGcmListener$GCMReceiver
I/ActivityManager( 1948): Resuming delayed broadcast
I/ActivityManager( 1948): Delay finish: com.google.android.youtube/com.google.ipc.invalidation.external.client2.contrib.MultiplexingGcmListener$GCMReceiver
I/ActivityManager( 1948): Resuming delayed broadcast
I/ActivityManager( 1948): Delay finish: com.android.mms/.transaction.SmsReceiver
I/ActivityManager( 1948): Resuming delayed broadcast
I/ActivityManager( 1948): Delay finish: com.google.android.youtube/com.google.ipc.invalidation.external.client2.contrib.MultiplexingGcmListener$GCMReceiver
I/ActivityManager( 1948): Resuming delayed broadcast
I/ActivityManager( 1948): Start proc android.process.media for content provider com.android.providers.downloads/.DownloadProvider: pid=6188 uid=10006 gids={50006, 1028, 1015, 1023, 1024, 2001, 3003, 3007}
I/ActivityManager( 1948): Delay finish: com.google.android.youtube/com.google.ipc.invalidation.ticl2.android2.channel.AndroidMessageReceiverService$Receiver
I/ActivityManager( 1948): Resuming delayed broadcast
I/ActivityManager( 1948): Delay finish: com.google.android.youtube/com.google.ipc.invalidation.ticl2.android2.channel.AndroidMessageReceiverService$Receiver
W/Vold ( 1601): Returning OperationFailed - no handler for errno 30
W/Vold ( 1601): Returning OperationFailed - no handler for errno 30
W/Vold ( 1601): Returning OperationFailed - no handler for errno 30
I/ActivityManager( 1948): Resuming delayed broadcast
W/Vold ( 1601): Returning OperationFailed - no handler for errno 30
I/ActivityManager( 1948): Delay finish: com.google.android.youtube/com.google.ipc.invalidation.ticl2.android2.channel.AndroidMessageReceiverService$Receiver
E/Vold ( 1601): Failed to find volume for /storage/sdcard1/Android/data/com.google.android.music/cache/
W/Vold ( 1601): Returning OperationFailed - no handler for errno 30
I/ActivityManager( 1948): Resuming delayed broadcast
I/ActivityManager( 1948): Killing 4617:com.android.email/u0a39 (adj 15): empty #17
W/ActivityThread( 6188): ClassLoader.loadClass: The class loader returned by Thread.getContextClassLoader() may fail for processes that host multiple applications. You should explicitly specify a context class loader. For example: Thread.setContextClassLoader(getClass().getClassLoader());
W/ActivityManager( 1948): Unable to start service Intent { act=com.android.mail.action.BACKUP_DATA_CHANGED pkg=com.google.android.gm } U=0: not found
W/ActivityManager( 1948): Unable to start service Intent { act=com.android.mail.action.BACKUP_DATA_CHANGED pkg=com.google.android.gm } U=0: not found
W/ActivityManager( 1948): Unable to start service Intent { act=com.android.mail.action.BACKUP_DATA_CHANGED pkg=com.google.android.gm } U=0: not found
W/ActivityManager( 1948): Unable to start service Intent { act=com.android.mail.action.BACKUP_DATA_CHANGED pkg=com.google.android.gm } U=0: not found
W/ActivityManager( 1948): Unable to start service Intent { act=com.android.mail.action.BACKUP_DATA_CHANGED pkg=com.google.android.gm } U=0: not found
I/ActivityManager( 1948): Start proc com.google.android.apps.cloudprint:sync for service com.google.android.apps.cloudprint/.printdialog.services.CloudPrintSyncService: pid=6241 uid=10034 gids={50034, 3003, 1028}
I/ActivityManager( 1948): Start proc com.google.android.apps.cloudprint for service com.google.android.apps.cloudprint/.printdialog.services.NotificationIntentService: pid=6254 uid=10034 gids={50034, 3003, 1028}
I/ActivityManager( 1948): Killing 4697:com.google.android.apps.docs/u0a38 (adj 15): empty #17
I/ActivityManager( 1948): Killing 5489:com.google.android.syncadapters.calendar/u0a50 (adj 15): empty #17
W/Vold ( 1601): Returning OperationFailed - no handler for errno 30
W/Vold ( 1601): Returning OperationFailed - no handler for errno 30
W/Vold ( 1601): Returning OperationFailed - no handler for errno 30
W/Vold ( 1601): Returning OperationFailed - no handler for errno 30
E/Vold ( 1601): Failed to find volume for /storage/sdcard1/Android/data/com.google.android.gms/files/
W/Vold ( 1601): Returning OperationFailed - no handler for errno 30
I/ActivityManager( 1948): Killing 5755:com.google.android.apps.magazines/u0a58 (adj 15): empty #17
I/ActivityManager( 1948): Killing 5541:com.google.android.apps.maps/u0a60 (adj 15): empty #17
W/BackupManagerService( 1948): dataChanged but no participant pkg='com.cyanogenmod.trebuchet' uid=10020
I/PackageManager( 1948): Adding preferred activity ComponentInfo{com.android.mms/com.android.mms.ui.ComposeMessageActivity} for user 0 :
I/PackageManager( 1948): Adding preferred activity ComponentInfo{com.android.mms/com.android.mms.ui.ComposeMessageActivity} for user 0 :
I/PackageManager( 1948): Adding preferred activity ComponentInfo{com.android.mms/com.android.mms.ui.ComposeMessageActivity} for user 0 :
I/PackageManager( 1948): Adding preferred activity ComponentInfo{com.android.mms/com.android.mms.ui.ComposeMessageActivity} for user 0 :
I/PackageManager( 1948): Adding preferred activity ComponentInfo{com.android.mms/com.android.mms.ui.ComposeMessageActivity} for user 0 :
I/PackageManager( 1948): Adding preferred activity ComponentInfo{com.android.mms/com.android.mms.ui.ComposeMessageActivity} for user 0 :
I/PackageManager( 1948): Adding preferred activity ComponentInfo{com.android.mms/com.android.mms.ui.ComposeMessageActivity} for user 0 :
I/PackageManager( 1948): Adding preferred activity ComponentInfo{com.android.mms/com.android.mms.ui.ComposeMessageActivity} for user 0 :
I/ActivityManager( 1948): Killing 5838:com.android.settings/1000 (adj 15): empty #17
I/ActivityManager( 1948): Start proc com.google.android.syncadapters.calendar for service com.google.android.syncadapters.calendar/.CalendarSyncAdapterService: pid=6325 uid=10050 gids={50050, 3003}
W/Vold ( 1601): Returning OperationFailed - no handler for errno 30
W/Vold ( 1601): Returning OperationFailed - no handler for errno 30
W/Vold ( 1601): Returning OperationFailed - no handler for errno 30
W/Vold ( 1601): Returning OperationFailed - no handler for errno 30
W/Vold ( 1601): Returning OperationFailed - no handler for errno 30
E/Vold ( 1601): Failed to find volume for /storage/sdcard1/Android/data/com.google.android.music/files/
W/Vold ( 1601): Returning OperationFailed - no handler for errno 30
W/Vold ( 1601): Returning OperationFailed - no handler for errno 30
W/Vold ( 1601): Returning OperationFailed - no handler for errno 30
W/Vold ( 1601): Returning OperationFailed - no handler for errno 30
W/Vold ( 1601): Returning OperationFailed - no handler for errno 30
W/Vold ( 1601): Returning OperationFailed - no handler for errno 30
W/Vold ( 1601): Returning OperationFailed - no handler for errno 30
E/Vold ( 1601): Failed to find volume for /storage/sdcard1/Android/data/com.google.android.music/cache/
W/Vold ( 1601): Returning OperationFailed - no handler for errno 30
W/Vold ( 1601): Returning OperationFailed - no handler for errno 30
E/Vold ( 1601): Failed to find volume for /storage/sdcard1/Android/data/com.google.android.music/cache/
W/Vold ( 1601): Returning OperationFailed - no handler for errno 30
W/Vold ( 1601): Returning OperationFailed - no handler for errno 30
W/Vold ( 1601): Returning OperationFailed - no handler for errno 30
W/Vold ( 1601): Returning OperationFailed - no handler for errno 30
W/Vold ( 1601): Returning OperationFailed - no handler for errno 30
W/Vold ( 1601): Returning OperationFailed - no handler for errno 30
W/Vold ( 1601): Returning OperationFailed - no handler for errno 30
W/Vold ( 1601): Returning OperationFailed - no handler for errno 30
E/Vold ( 1601): Failed to find volume for /storage/sdcard1/Android/data/com.google.android.music/files/
W/Vold ( 1601): Returning OperationFailed - no handler for errno 30
W/Vold ( 1601): Returning OperationFailed - no handler for errno 30
E/Vold ( 1601): Failed to find volume for /storage/sdcard1/Android/data/com.google.android.music/cache/
W/Vold ( 1601): Returning OperationFailed - no handler for errno 30
W/Vold ( 1601): Returning OperationFailed - no handler for errno 30
W/Vold ( 1601): Returning OperationFailed - no handler for errno 30
W/Vold ( 1601): Returning OperationFailed - no handler for errno 30
W/Vold ( 1601): Returning OperationFailed - no handler for errno 30
E/Vold ( 1601): Failed to find volume for /storage/sdcard1/Android/data/com.google.android.music/cache/
W/Vold ( 1601): Returning OperationFailed - no handler for errno 30
I/ActivityManager( 1948): Killing 5871:com.google.android.googlequicksearchbox/u0a21 (adj 15): empty #17
I/PackageManager( 1948): Adding preferred activity ComponentInfo{com.android.mms/com.android.mms.ui.ComposeMessageActivity} for user 0 :
I/PackageManager( 1948): Adding preferred activity ComponentInfo{com.android.mms/com.android.mms.ui.ComposeMessageActivity} for user 0 :
I/PackageManager( 1948): Adding preferred activity ComponentInfo{com.android.mms/com.android.mms.ui.ComposeMessageActivity} for user 0 :
I/PackageManager( 1948): Adding preferred activity ComponentInfo{com.android.mms/com.android.mms.ui.ComposeMessageActivity} for user 0 :
I/PackageManager( 1948): Adding preferred activity ComponentInfo{com.android.mms/com.android.mms.ui.ComposeMessageActivity} for user 0 :
I/PackageManager( 1948): Adding preferred activity ComponentInfo{com.android.mms/com.android.mms.ui.ComposeMessageActivity} for user 0 :
I/PackageManager( 1948): Adding preferred activity ComponentInfo{com.android.mms/com.android.mms.ui.ComposeMessageActivity} for user 0 :
I/PackageManager( 1948): Adding preferred activity ComponentInfo{com.android.mms/com.android.mms.ui.ComposeMessageActivity} for user 0 :
E/ActivityThread( 5733): Failed to find provider info for com.google.android.wearable.settings
E/ActivityThread( 5733): Failed to find provider info for com.google.android.wearable.settings
I/PackageManager( 1948): Adding preferred activity ComponentInfo{com.android.mms/com.android.mms.ui.ComposeMessageActivity} for user 0 :
I/PackageManager( 1948): Adding preferred activity ComponentInfo{com.android.mms/com.android.mms.ui.ComposeMessageActivity} for user 0 :
I/PackageManager( 1948): Adding preferred activity ComponentInfo{com.android.mms/com.android.mms.ui.ComposeMessageActivity} for user 0 :
I/PackageManager( 1948): Adding preferred activity ComponentInfo{com.android.mms/com.android.mms.ui.ComposeMessageActivity} for user 0 :
I/PackageManager( 1948): Adding preferred activity ComponentInfo{com.android.mms/com.android.mms.ui.ComposeMessageActivity} for user 0 :
I/PackageManager( 1948): Adding preferred activity ComponentInfo{com.android.mms/com.android.mms.ui.ComposeMessageActivity} for user 0 :
I/PackageManager( 1948): Adding preferred activity ComponentInfo{com.android.mms/com.android.mms.ui.ComposeMessageActivity} for user 0 :
I/PackageManager( 1948): Adding preferred activity ComponentInfo{com.android.mms/com.android.mms.ui.ComposeMessageActivity} for user 0 :
I/ActivityManager( 1948): Delay finish: com.android.gallery3d/.app.PackagesMonitor
I/ActivityManager( 1948): Resuming delayed broadcast
I/ActivityManager( 1948): Killing 5886:com.android.deskclock/u0a35 (adj 15): empty #17
W/ActivityManager( 1948): Timeout executing service: ServiceRecord{21a86128 u0 com.google.android.gms/.droidguard.DroidGuardService}
E/ActivityManager( 1948): ANR in com.google.android.gms.unstable
E/ActivityManager( 1948): PID: 4011
E/ActivityManager( 1948): Reason: Executing service com.google.android.gms/.droidguard.DroidGuardService
E/ActivityManager( 1948): Load: 0.21 / 0.65 / 0.57
E/ActivityManager( 1948): CPU usage from 10365ms to 0ms ago with 99% awake:
E/ActivityManager( 1948): 0.1% 1948/system_server: 0% user + 0% kernel / faults: 1 minor
E/ActivityManager( 1948): 0% 1605/surfaceflinger: 0% user + 0% kernel / faults: 3 minor
E/ActivityManager( 1948): 0% 1935/adbd: 0% user + 0% kernel / faults: 15 minor
E/ActivityManager( 1948): 0.1% TOTAL: 0% user + 0% kernel
E/ActivityManager( 1948): CPU usage from 1269ms to 1779ms later:
E/ActivityManager( 1948): 1.9% TOTAL: 0.9% user + 0.9% kernel
I/ActivityManager( 1948): Killing 4011:com.google.android.gms.unstable/u0a8 (adj 0): background ANR
W/ActivityManager( 1948): Scheduling restart of crashed service com.google.android.gms/.droidguard.DroidGuardService in 1000ms
I/ActivityManager( 1948): Start proc com.google.android.gms.unstable for service com.google.android.gms/.droidguard.DroidGuardService: pid=6719 uid=10008 gids={50008, 3003, 1007, 1028, 1015, 1023, 3002, 3001, 3007, 2001, 3006}
I/ActivityManager( 1948): Force stopping com.android.settings appid=1000 user=0: from pid 6750
I/ActivityManager( 1948): START u0 {act=android.intent.action.MAIN cat=[android.intent.category.LAUNCHER] flg=0x10000000 cmp=com.android.settings/.Settings} from pid 6750
I/ActivityManager( 1948): Start proc com.android.settings for activity com.android.settings/.Settings: pid=6772 uid=1000 gids={41000, 1028, 1015, 1023, 3002, 3001, 3003}
W/ContextImpl( 6772): Calling a method in the system process without a qualified user: android.app.ContextImpl.bindService:1551 android.content.ContextWrapper.bindService:517 android.bluetooth.BluetoothInputDevice.doBind:245 android.bluetooth.BluetoothInputDevice.:238 android.bluetooth.BluetoothAdapter.getProfileProxy:1367
W/ContextImpl( 6772): Calling a method in the system process without a qualified user: android.app.ContextImpl.bindService:1551 android.content.ContextWrapper.bindService:517 android.bluetooth.BluetoothPan.doBind:149 android.bluetooth.BluetoothPan.:141 android.bluetooth.BluetoothAdapter.getProfileProxy:1370
W/ContextImpl( 6772): Calling a method in the system process without a qualified user: android.app.ContextImpl.bindService:1551 android.content.ContextWrapper.bindService:517 android.bluetooth.BluetoothMap.doBind:109 android.bluetooth.BluetoothMap.:102 android.bluetooth.BluetoothAdapter.getProfileProxy:1376
W/ContextImpl( 6772): Calling a method in the system process without a qualified user: android.app.ContextImpl.bindService:1551 android.content.ContextWrapper.bindService:517 android.bluetooth.BluetoothPbap.doBind:164 android.bluetooth.BluetoothPbap.:157 com.android.settings.bluetooth.PbapServerProfile.:68
D/WifiService( 1948): setWifiEnabled: true pid=6772, uid=1000
I/ActivityManager( 1948): Killing 5948:com.google.android.partnersetup/u0a11 (adj 15): empty #17
W/ActivityManager( 1948): Invalid packageName: com.android.maps
I/ActivityManager( 1948): START u0 {act=android.intent.action.MAIN cat=[android.intent.category.LAUNCHER] flg=0x10000000 cmp=com.android.maps/.Maps} from pid 6804
I/ActivityManager( 1948): Force stopping com.android.browser appid=10028 user=0: from pid 6826
I/ActivityManager( 1948): START u0 {act=android.intent.action.MAIN cat=[android.intent.category.LAUNCHER] flg=0x10000000 cmp=com.android.browser/.BrowserActivity} from pid 6826
I/ActivityManager( 1948): Start proc com.android.browser for activity com.android.browser/.BrowserActivity: pid=6837 uid=10028 gids={50028, 3003, 1028, 1015, 1023}
W/Vold ( 1601): Returning OperationFailed - no handler for errno 30
W/Vold ( 1601): Returning OperationFailed - no handler for errno 30
W/Vold ( 1601): Returning OperationFailed - no handler for errno 30
W/Vold ( 1601): Returning OperationFailed - no handler for errno 30
E/Vold ( 1601): Failed to find volume for /storage/sdcard1/Android/data/com.android.browser/files/
W/Vold ( 1601): Returning OperationFailed - no handler for errno 30
I/ActivityManager( 1948): START u0 {cat=[categoryhack:9987d8e9-5b53-44e4-962c-89308a6ed094] flg=0x10000000 cmp=com.google.android.gms/.common.ui.UnpackingRedirectActivity (has extras)} from pid 6837
I/ActivityManager( 1948): Start proc com.google.android.gms.ui for activity com.google.android.gms/.common.ui.UnpackingRedirectActivity: pid=6946 uid=10008 gids={50008, 3003, 1007, 1028, 1015, 1023, 3002, 3001, 3007, 2001, 3006}
I/ActivityManager( 1948): START u0 {cat=[categoryhack:-1709208860682454354] flg=0x2000000 cmp=com.google.android.gms/.auth.FilteringRedirectActivity (has extras)} from pid -1
I/ActivityManager( 1948): START u0 {cat=[categoryhack:ce8f2976-ec2b-4b24-ad29-5c9898084b7a] cmp=com.google.android.gms/.auth.login.LoginActivity (has extras)} from pid -1
I/ActivityManager( 1948): START u0 {cmp=com.google.android.gms/.auth.login.LoginActivityTask (has extras)} from pid 6946
I/ActivityManager( 1948): START u0 {cmp=com.google.android.gms/.auth.login.GrantCredentialsWithAclActivity (has extras)} from pid 6946
I/ActivityManager( 1948): START u0 {cmp=com.google.android.gms/.auth.login.LoginActivityTask (has extras)} from pid 6946
W/InputMethodManagerService( 1948): Focus gain on non-focused client com.android.internal.view.IInputMethodClient$Stub$Proxy@218417c8 (uid=10008 pid=6946)
I/ActivityManager( 1948): Killing 5974:com.android.mms/u0a13 (adj 15): empty #17
W/WindowManager( 1948): Rebuild removed 6 windows but added 4
W/WindowManager( 1948): java.lang.RuntimeException: here
W/WindowManager( 1948): at com.android.server.wm.WindowManagerService.rebuildAppWindowListLocked(WindowManagerService.java:8027)
W/WindowManager( 1948): at com.android.server.wm.WindowManagerService.rebuildAppWindowListLocked(WindowManagerService.java:7963)
W/WindowManager( 1948): at com.android.server.wm.WindowManagerService.handleAnimatingStoppedAndTransitionLocked(WindowManagerService.java:8707)
W/WindowManager( 1948): at com.android.server.wm.WindowManagerService.performLayoutAndPlaceSurfacesLockedInner(WindowManagerService.java:9221)
W/WindowManager( 1948): at com.android.server.wm.WindowManagerService.performLayoutAndPlaceSurfacesLockedLoop(WindowManagerService.java:8179)
W/WindowManager( 1948): at com.android.server.wm.WindowManagerService.performLayoutAndPlaceSurfacesLocked(WindowManagerService.java:8121)
W/WindowManager( 1948): at com.android.server.wm.WindowManagerService.access$300(WindowManagerService.java:157)
W/WindowManager( 1948): at com.android.server.wm.WindowManagerService$H.handleMessage(WindowManagerService.java:7155)
W/WindowManager( 1948): at android.os.Handler.dispatchMessage(Handler.java:102)
W/WindowManager( 1948): at android.os.Looper.loop(Looper.java:136)
W/WindowManager( 1948): at android.os.HandlerThread.run(HandlerThread.java:61)
W/WindowManager( 1948): This window was lost: Window{217da53c u0 com.google.android.gms/com.google.android.gms.auth.FilteringRedirectActivity}
W/WindowManager( 1948): mDisplayId=0 mSession=Session{21a61ea8 6946:u0a10008} mClient=android.os.BinderProxy@2187d524
W/WindowManager( 1948): mOwnerUid=10008 mShowToOwnerOnly=true package=com.google.android.gms appop=NONE
W/WindowManager( 1948): mAttrs=WM.LayoutParams{(0,0)(wrapxwrap) sim=#120 ty=1 fl=#1800002 pfl=0x8 fmt=-2 wanim=0x10302f5}
W/WindowManager( 1948): Requested w=0 h=0 mLayoutSeq=609
W/WindowManager( 1948): mBaseLayer=21000 mSubLayer=0 mAnimLayer=21025+0=21025 mLastLayer=21025
W/WindowManager( 1948): mToken=AppWindowToken{21b26b18 token=Token{219a6ab0 ActivityRecord{216f5f0c u0 com.google.android.gms/.auth.FilteringRedirectActivity t10}}}
W/WindowManager( 1948): mRootToken=AppWindowToken{21b26b18 token=Token{219a6ab0 ActivityRecord{216f5f0c u0 com.google.android.gms/.auth.FilteringRedirectActivity t10}}}
W/WindowManager( 1948): mAppToken=AppWindowToken{21b26b18 token=Token{219a6ab0 ActivityRecord{216f5f0c u0 com.google.android.gms/.auth.FilteringRedirectActivity t10}}}
W/WindowManager( 1948): mViewVisibility=0x8 mHaveFrame=true mObscured=false
W/WindowManager( 1948): mSeq=0 mSystemUiVisibility=0x0
W/WindowManager( 1948): mGivenContentInsets=[0,0][0,0] mGivenVisibleInsets=[0,0][0,0]
W/WindowManager( 1948): mConfiguration={1.0 ?mcc?mnc de_DE ldltr sw800dp w1280dp h727dp 160dpi xlrg land -touch qwerty/v/v -nav/h s.6}
W/WindowManager( 1948): mHasSurface=true mShownFrame=[640.0,506.90924][640.0,506.90924] isReadyForDisplay()=false
W/WindowManager( 1948): mFrame=[640,388][640,388] last=[640,388][640,388]
W/WindowManager( 1948): mSystemDecorRect=[0,0][0,0] last=[0,0][0,0]
W/WindowManager( 1948): Frames: containing=[0,25][1280,752] parent=[0,25][1280,752]
W/WindowManager( 1948): display=[0,25][1280,752] overscan=[0,25][1280,752]
W/WindowManager( 1948): content=[640,388][640,388] visible=[640,388][640,388]
W/WindowManager( 1948): decor=[0,25][1280,752]
W/WindowManager( 1948): Cur insets: overscan=[0,0][0,0] content=[0,0][0,0] visible=[0,0][0,0]
W/WindowManager( 1948): Lst insets: overscan=[0,0][0,0] content=[0,0][0,0] visible=[0,0][0,0]
W/WindowManager( 1948): WindowStateAnimator{21b164f8 com.google.android.gms/com.google.android.gms.auth.FilteringRedirectActivity}:
W/WindowManager( 1948): mSurface=Surface(name=com.google.android.gms/com.google.android.gms.auth.FilteringRedirectActivity)
W/WindowManager( 1948): mDrawState=HAS_DRAWN mLastHidden=true
W/WindowManager( 1948): Surface: shown=false layer=21025 alpha=0.594049 rect=(640.0,506.90924) 1.0 x 1.0
W/WindowManager( 1948): mShownAlpha=0.594049 mAlpha=1.0 mLastAlpha=0.594049
W/WindowManager( 1948): mGlobalScale=1.0 mDsDx=0.91880983 mDtDx=0.0 mDsDy=0.0 mDtDy=0.91880983
W/WindowManager( 1948): mExiting=false mRemoveOnExit=false mDestroying=true mRemoved=false
W/WindowManager( 1948): This window was lost: Window{21b0a664 u0 com.google.android.gms/com.google.android.gms.auth.login.LoginActivityTask}
W/WindowManager( 1948): mDisplayId=0 mSession=Session{21a61ea8 6946:u0a10008} mClient=android.os.BinderProxy@2175fac0
W/WindowManager( 1948): mOwnerUid=10008 mShowToOwnerOnly=true package=com.google.android.gms appop=NONE
W/WindowManager( 1948): mAttrs=WM.LayoutParams{(0,0)(fillxfill) sim=#120 ty=1 fl=#1810100 pfl=0x8 wanim=0x10302a1}
W/WindowManager( 1948): Requested w=1280 h=752 mLayoutSeq=603
W/WindowManager( 1948): mBaseLayer=21000 mSubLayer=0 mAnimLayer=21030+1000=21030 mLastLayer=22030
W/WindowManager( 1948): mToken=AppWindowToken{21a655b8 token=Token{2182f750 ActivityRecord{217ac6c4 u0 com.google.android.gms/.auth.login.LoginActivityTask t10}}}
W/WindowManager( 1948): mRootToken=AppWindowToken{21a655b8 token=Token{2182f750 ActivityRecord{217ac6c4 u0 com.google.android.gms/.auth.login.LoginActivityTask t10}}}
W/WindowManager( 1948): mAppToken=AppWindowToken{21a655b8 token=Token{2182f750 ActivityRecord{217ac6c4 u0 com.google.android.gms/.auth.login.LoginActivityTask t10}}}
W/WindowManager( 1948): mViewVisibility=0x8 mHaveFrame=true mObscured=false
W/WindowManager( 1948): mSeq=0 mSystemUiVisibility=0x0
W/WindowManager( 1948): mGivenContentInsets=[0,0][0,0] mGivenVisibleInsets=[0,0][0,0]
W/WindowManager( 1948): mConfiguration={1.0 ?mcc?mnc de_DE ldltr sw800dp w1280dp h727dp 160dpi xlrg land -touch qwerty/v/v -nav/h s.6}
W/WindowManager( 1948): mHasSurface=true mShownFrame=[127.99524,75.197205][1407.9952,827.1972] isReadyForDisplay()=false
W/WindowManager( 1948): mFrame=[0,0][1280,752] last=[0,0][1280,752]
W/WindowManager( 1948): mSystemDecorRect=[0,25][1280,752] last=[0,25][1280,752]
W/WindowManager( 1948): Frames: containing=[0,0][1280,752] parent=[0,0][1280,752]
W/WindowManager( 1948): display=[0,0][1280,752] overscan=[0,0][1280,800]
W/WindowManager( 1948): content=[0,25][1280,752] visible=[0,25][1280,752]
W/WindowManager( 1948): decor=[0,25][1280,752]
W/WindowManager( 1948): Cur insets: overscan=[0,0][0,0] content=[0,25][0,0] visible=[0,25][0,0]
W/WindowManager( 1948): Lst insets: overscan=[0,0][0,0] content=[0,25][0,0] visible=[0,25][0,0]
W/WindowManager( 1948): WindowStateAnimator{21ad7174 com.google.android.gms/com.google.android.gms.auth.login.LoginActivityTask}:
W/WindowManager( 1948): mSurface=Surface(name=com.google.android.gms/com.google.android.gms.auth.login.LoginActivityTask)
W/WindowManager( 1948): mDrawState=HAS_DRAWN mLastHidden=true
W/WindowManager( 1948): Surface: shown=false layer=22030 alpha=3.7014484E-5 rect=(127.99524,75.197205) 1280.0 x 752.0
W/WindowManager( 1948): mShownAlpha=3.7014484E-5 mAlpha=1.0 mLastAlpha=3.7014484E-5
W/WindowManager( 1948): mGlobalScale=1.0 mDsDx=0.8000074 mDtDx=0.0 mDsDy=0.0 mDtDy=0.8000074
W/WindowManager( 1948): mExiting=false mRemoveOnExit=false mDestroying=true mRemoved=false
W/WindowManager( 1948): Current app token list:
V/WindowManager( 1948): Display 0
V/WindowManager( 1948): #5: Token{2185ba2c ActivityRecord{21868afc u0 com.android.browser/.BrowserActivity t9}}
V/WindowManager( 1948): #4: Token{21b24f44 ActivityRecord{21757ac4 u0 com.cyanogenmod.trebuchet/com.android.launcher3.Launcher t5}}
V/WindowManager( 1948): #3: Token{21988008 ActivityRecord{21b37438 u0 jackpal.androidterm/.Term t7}}
V/WindowManager( 1948): #2: Token{218c7054 ActivityRecord{216fe93c u0 com.google.android.setupwizard/.WifiSettingsActivity t3}}
V/WindowManager( 1948): #1: Token{21780668 ActivityRecord{217a0df0 u0 com.google.android.setupwizard/.WelcomeActivity t3}}
V/WindowManager( 1948): #0: Token{21866148 ActivityRecord{21791c88 u0 com.google.android.setupwizard/.SetupWizardActivity t3}}
W/WindowManager( 1948): Final window list:
V/WindowManager( 1948): #0: Window{2173ce0c u0 SearchPanel}
V/WindowManager( 1948): #1: Window{2190034c u0 NavigationBar}
V/WindowManager( 1948): #2: Window{218f7214 u0 StatusBar}
V/WindowManager( 1948): #3: Window{2182bf94 u0 KeyguardScrim}
V/WindowManager( 1948): #4: Window{2197f3c0 u0 Automatische Google-Anmeldung}
V/WindowManager( 1948): #5: Window{219a021c u0 com.android.browser/com.android.browser.BrowserActivity}
V/WindowManager( 1948): #6: Window{217dc6e8 u0 com.cyanogenmod.trebuchet/com.android.launcher3.Launcher}
V/WindowManager( 1948): #7: Window{2175cf54 u0 jackpal.androidterm/jackpal.androidterm.Term}
V/WindowManager( 1948): #8: Window{219192e4 u0 com.android.systemui.ImageWallpaper}
W/InputMethodManagerService( 1948): Starting input on non-focused client com.android.internal.view.IInputMethodClient$Stub$Proxy@2198ce30 (uid=10028 pid=6837)
I/ActivityManager( 1948): Killing 6254:com.google.android.apps.cloudprint/u0a34 (adj 15): empty #17
I/ActivityManager( 1948): START u0 {act=android.intent.action.MAIN cat=[android.intent.category.HOME] flg=0x10200000 cmp=com.cyanogenmod.trebuchet/com.android.launcher3.Launcher} from pid 1948
I/ActivityManager( 1948): START u0 {act=android.intent.action.MAIN cat=[android.intent.category.LAUNCHER] flg=0x10200000 cmp=com.android.gl2java/.GL2JavaActivity} from pid 3453
W/BroadcastQueue( 1948): Permission Denial: broadcasting Intent { act=com.android.launcher3.action.LAUNCH flg=0x10 (has extras) } from com.cyanogenmod.trebuchet (pid=3453, uid=10020) requires com.google.android.launcher.permission.RECEIVE_LAUNCH_BROADCASTS due to receiver com.google.android.googlequicksearchbox/com.google.android.search.core.icingsync.ApplicationLaunchReceiver
W/BroadcastQueue( 1948): Permission Denial: receiving Intent { act=com.android.launcher3.action.LAUNCH flg=0x10 (has extras) } to com.google.android.googlequicksearchbox/com.google.android.search.core.icingsync.ApplicationLaunchReceiver requires com.android.launcher3.permission.RECEIVE_LAUNCH_BROADCASTS due to sender com.cyanogenmod.trebuchet (uid 10020)
I/ActivityManager( 1948): Start proc com.android.gl2java for activity com.android.gl2java/.GL2JavaActivity: pid=7023 uid=10043 gids={50043}
I/ActivityManager( 1948): Killing 6241:com.google.android.apps.cloudprint:sync/u0a34 (adj 15): empty #17
I/ActivityManager( 1948): START u0 {act=android.intent.action.MAIN cat=[android.intent.category.LAUNCHER] flg=0x10200000 cmp=com.google.android.apps.maps/com.google.android.maps.MapsActivity} from pid 3453
W/BroadcastQueue( 1948): Permission Denial: broadcasting Intent { act=com.android.launcher3.action.LAUNCH flg=0x10 (has extras) } from com.cyanogenmod.trebuchet (pid=3453, uid=10020) requires com.google.android.launcher.permission.RECEIVE_LAUNCH_BROADCASTS due to receiver com.google.android.googlequicksearchbox/com.google.android.search.core.icingsync.ApplicationLaunchReceiver
W/BroadcastQueue( 1948): Permission Denial: receiving Intent { act=com.android.launcher3.action.LAUNCH flg=0x10 (has extras) } to com.google.android.googlequicksearchbox/com.google.android.search.core.icingsync.ApplicationLaunchReceiver requires com.android.launcher3.permission.RECEIVE_LAUNCH_BROADCASTS due to sender com.cyanogenmod.trebuchet (uid 10020)
I/ActivityManager( 1948): Start proc com.google.android.apps.maps for activity com.google.android.apps.maps/com.google.android.maps.MapsActivity: pid=7057 uid=10060 gids={50060, 3003, 1028, 1015, 1023, 3002, 3001}
W/ActivityThread( 7057): ClassLoader.loadClass: The class loader returned by Thread.getContextClassLoader() may fail for processes that host multiple applications. You should explicitly specify a context class loader. For example: Thread.setContextClassLoader(getClass().getClassLoader());
I/ActivityManager( 1948): Killing 4772:com.google.android.apps.books/u0a27 (adj 15): empty #17
I/ActivityManager( 1948): START u0 {act=android.intent.action.MAIN cat=[android.intent.category.LAUNCHER] flg=0x10200000 cmp=com.android.browser/.BrowserActivity} from pid 3453
W/BroadcastQueue( 1948): Permission Denial: broadcasting Intent { act=com.android.launcher3.action.LAUNCH flg=0x10 (has extras) } from com.cyanogenmod.trebuchet (pid=3453, uid=10020) requires com.google.android.launcher.permission.RECEIVE_LAUNCH_BROADCASTS due to receiver com.google.android.googlequicksearchbox/com.google.android.search.core.icingsync.ApplicationLaunchReceiver
W/BroadcastQueue( 1948): Permission Denial: receiving Intent { act=com.android.launcher3.action.LAUNCH flg=0x10 (has extras) } to com.google.android.googlequicksearchbox/com.google.android.search.core.icingsync.ApplicationLaunchReceiver requires com.android.launcher3.permission.RECEIVE_LAUNCH_BROADCASTS due to sender com.cyanogenmod.trebuchet (uid 10020)
W/InputMethodManagerService( 1948): Starting input on non-focused client com.android.internal.view.IInputMethodClient$Stub$Proxy@2198ce30 (uid=10028 pid=6837)
I/ActivityManager( 1948): START u0 {act=android.intent.action.MAIN cat=[android.intent.category.LAUNCHER] flg=0x10200000 cmp=com.android.camera2/com.android.camera.CameraLauncher} from pid 3453
W/BroadcastQueue( 1948): Permission Denial: broadcasting Intent { act=com.android.launcher3.action.LAUNCH flg=0x10 (has extras) } from com.cyanogenmod.trebuchet (pid=3453, uid=10020) requires com.google.android.launcher.permission.RECEIVE_LAUNCH_BROADCASTS due to receiver com.google.android.googlequicksearchbox/com.google.android.search.core.icingsync.ApplicationLaunchReceiver
W/BroadcastQueue( 1948): Permission Denial: receiving Intent { act=com.android.launcher3.action.LAUNCH flg=0x10 (has extras) } to com.google.android.googlequicksearchbox/com.google.android.search.core.icingsync.ApplicationLaunchReceiver requires com.android.launcher3.permission.RECEIVE_LAUNCH_BROADCASTS due to sender com.cyanogenmod.trebuchet (uid 10020)
I/ActivityManager( 1948): Start proc com.android.camera2 for activity com.android.camera2/com.android.camera.CameraLauncher: pid=7164 uid=10032 gids={50032, 3003, 1028, 1015, 1023}
W/BackupManagerService( 1948): dataChanged but no participant pkg='com.android.camera2' uid=10032
W/BackupManagerService( 1948): dataChanged but no participant pkg='com.android.camera2' uid=10032
W/BackupManagerService( 1948): dataChanged but no participant pkg='com.android.camera2' uid=10032
W/BackupManagerService( 1948): dataChanged but no participant pkg='com.android.camera2' uid=10032
W/BackupManagerService( 1948): dataChanged but no participant pkg='com.android.camera2' uid=10032
W/ActivityManager( 1948): Force finishing activity com.android.camera2/com.android.camera.CameraLauncher
W/ActivityManager( 1948): Exception thrown during pause
W/ActivityManager( 1948): android.os.DeadObjectException
W/ActivityManager( 1948): at android.os.BinderProxy.transact(Native Method)
W/ActivityManager( 1948): at android.app.ApplicationThreadProxy.schedulePauseActivity(ApplicationThreadNative.java:660)
W/ActivityManager( 1948): at com.android.server.am.ActivityStack.startPausingLocked(ActivityStack.java:761)
W/ActivityManager( 1948): at com.android.server.am.ActivityStack.finishActivityLocked(ActivityStack.java:2443)
W/ActivityManager( 1948): at com.android.server.am.ActivityStack.finishTopRunningActivityLocked(ActivityStack.java:2320)
W/ActivityManager( 1948): at com.android.server.am.ActivityStackSupervisor.finishTopRunningActivityLocked(ActivityStackSupervisor.java:2050)
W/ActivityManager( 1948): at com.android.server.am.ActivityManagerService.handleAppCrashLocked(ActivityManagerService.java:9548)
W/ActivityManager( 1948): at com.android.server.am.ActivityManagerService.makeAppCrashingLocked(ActivityManagerService.java:9441)
W/ActivityManager( 1948): at com.android.server.am.ActivityManagerService.crashApplication(ActivityManagerService.java:10086)
W/ActivityManager( 1948): at com.android.server.am.ActivityManagerService.handleApplicationCrashInner(ActivityManagerService.java:9637)
W/ActivityManager( 1948): at com.android.server.am.NativeCrashListener$NativeCrashReporter.run(NativeCrashListener.java:86)
I/WindowState( 1948): WIN DEATH: Window{2181fbdc u0 com.android.camera2/com.android.camera.CameraLauncher}
I/WindowState( 1948): WIN DEATH: Window{2184ce70 u0 com.android.camera2/com.android.camera.CameraLauncher}
I/ActivityManager( 1948): Process com.android.camera2 (pid 7164) has died.
F/ActivityManager( 1948): Service ServiceRecord{21b08f5c u0 com.android.camera2/com.android.camera.MediaSaveService} in process ProcessRecord{2181bb74 7164:com.android.camera2/u0a32} not same as in map: null
W/InputMethodManagerService( 1948): Got RemoteException sending setActive(false) notification to pid 7164 uid 10032
I/ActivityManager( 1948): START u0 {act=android.intent.action.MAIN cat=[android.intent.category.LAUNCHER] flg=0x10200000 cmp=com.android.camera2/com.android.camera.CameraLauncher} from pid 3453
W/BroadcastQueue( 1948): Permission Denial: broadcasting Intent { act=com.android.launcher3.action.LAUNCH flg=0x10 (has extras) } from com.cyanogenmod.trebuchet (pid=3453, uid=10020) requires com.google.android.launcher.permission.RECEIVE_LAUNCH_BROADCASTS due to receiver com.google.android.googlequicksearchbox/com.google.android.search.core.icingsync.ApplicationLaunchReceiver
W/BroadcastQueue( 1948): Permission Denial: receiving Intent { act=com.android.launcher3.action.LAUNCH flg=0x10 (has extras) } to com.google.android.googlequicksearchbox/com.google.android.search.core.icingsync.ApplicationLaunchReceiver requires com.android.launcher3.permission.RECEIVE_LAUNCH_BROADCASTS due to sender com.cyanogenmod.trebuchet (uid 10020)
I/ActivityManager( 1948): Start proc com.android.camera2 for activity com.android.camera2/com.android.camera.CameraLauncher: pid=7210 uid=10032 gids={50032, 3003, 1028, 1015, 1023}
W/ActivityManager( 1948): Force finishing activity com.android.camera2/com.android.camera.CameraLauncher
I/WindowState( 1948): WIN DEATH: Window{217da53c u0 com.android.camera2/com.android.camera.CameraLauncher}
I/WindowState( 1948): WIN DEATH: Window{2192daac u0 com.android.camera2/com.android.camera.CameraLauncher}
W/ActivityManager( 1948): Exception thrown during pause
W/ActivityManager( 1948): android.os.DeadObjectException
W/ActivityManager( 1948): at android.os.BinderProxy.transact(Native Method)
W/ActivityManager( 1948): at android.app.ApplicationThreadProxy.schedulePauseActivity(ApplicationThreadNative.java:660)
W/ActivityManager( 1948): at com.android.server.am.ActivityStack.startPausingLocked(ActivityStack.java:761)
W/ActivityManager( 1948): at com.android.server.am.ActivityStack.finishActivityLocked(ActivityStack.java:2443)
W/ActivityManager( 1948): at com.android.server.am.ActivityStack.finishTopRunningActivityLocked(ActivityStack.java:2320)
W/ActivityManager( 1948): at com.android.server.am.ActivityStackSupervisor.finishTopRunningActivityLocked(ActivityStackSupervisor.java:2050)
W/ActivityManager( 1948): at com.android.server.am.ActivityManagerService.handleAppCrashLocked(ActivityManagerService.java:9548)
W/ActivityManager( 1948): at com.android.server.am.ActivityManagerService.makeAppCrashingLocked(ActivityManagerService.java:9441)
W/ActivityManager( 1948): at com.android.server.am.ActivityManagerService.crashApplication(ActivityManagerService.java:10086)
W/ActivityManager( 1948): at com.android.server.am.ActivityManagerService.handleApplicationCrashInner(ActivityManagerService.java:9637)
W/ActivityManager( 1948): at com.android.server.am.NativeCrashListener$NativeCrashReporter.run(NativeCrashListener.java:86)
I/ActivityManager( 1948): Process com.android.camera2 (pid 7210) has died.
F/ActivityManager( 1948): Service ServiceRecord{21b08f5c u0 com.android.camera2/com.android.camera.MediaSaveService} in process ProcessRecord{21927690 7210:com.android.camera2/u0a32} not same as in map: null
W/InputMethodManagerService( 1948): Got RemoteException sending setActive(false) notification to pid 7210 uid 10032
I/ActivityManager( 1948): START u0 {act=android.settings.APPLICATION_DETAILS_SETTINGS dat=package:com.android.camera2 flg=0x10800000 cmp=com.android.settings/.applications.InstalledAppDetails} from pid 3453
I/ActivityManager( 1948): Start proc com.android.defcontainer for service com.android.defcontainer/.DefaultContainerService: pid=7246 uid=10004 gids={50004, 1028, 1015, 1023, 2001, 1035}
W/InputMethodManagerService( 1948): Window already focused, ignoring focus gain of: com.android.internal.view.IInputMethodClient$Stub$Proxy@217891ac attribute=null, token = android.os.BinderProxy@2186eff8
W/InputMethodManagerService( 1948): Window already focused, ignoring focus gain of: com.android.internal.view.IInputMethodClient$Stub$Proxy@217898fc attribute=null, token = android.os.BinderProxy@2186eff8
I/ActivityManager( 1948): Killing 6325:com.google.android.syncadapters.calendar/u0a50 (adj 15): empty #17
I/ActivityManager( 1948): START u0 {act=android.intent.action.MAIN cat=[android.intent.category.HOME] flg=0x10200000 cmp=com.cyanogenmod.trebuchet/com.android.launcher3.Launcher} from pid 1948
I/ActivityManager( 1948): Start proc com.android.deskclock for broadcast com.android.deskclock/com.android.alarmclock.DigitalAppWidgetProvider: pid=7266 uid=10035 gids={50035, 1028}
I/ActivityManager( 1948): Killing 5507:com.android.providers.calendar/u0a1 (adj 15): empty #17
D/ConnectivityService( 1948): Sampling interval elapsed, updating statistics ..
D/ConnectivityService( 1948): Done.
D/ConnectivityService( 1948): Setting timer for 720seconds
D/ConnectivityService( 1948): handleInetConditionHoldEnd: net=1, condition=100, published condition=100
I/ProcessStatsService( 1948): Prepared write state in 5ms
I/ProcessStatsService( 1948): Prepared write state in 10ms
I/ActivityManager( 1948): Force stopping com.android.settings appid=1000 user=0: from pid 7296
I/ActivityManager( 1948): Killing 6772:com.android.settings/1000 (adj 11): stop com.android.settings
I/ActivityManager( 1948): START u0 {act=android.intent.action.MAIN cat=[android.intent.category.LAUNCHER] flg=0x10000000 cmp=com.android.settings/.Settings} from pid 7296
I/ActivityManager( 1948): Start proc com.android.settings for activity com.android.settings/.Settings: pid=7322 uid=1000 gids={41000, 1028, 1015, 1023, 3002, 3001, 3003}
