I/DEBUG ( 1603): #08 pc 0003ba4f /system/lib/libbinder.so (android::PoolThread::threadLoop()+47)
I/DEBUG ( 1603): #09 pc 00017cb9 /system/lib/libutils.so (android::Thread::_threadLoop(void*)+585)
I/DEBUG ( 1603): #10 pc 0005f18d /system/lib/libandroid_runtime.so (android::AndroidRuntime::javaThreadShell(void*)+109)
I/DEBUG ( 1603): #11 pc 00017e76 /system/lib/libutils.so (thread_data_t::trampoline(thread_data_t const*)+246)
I/DEBUG ( 1603): #12 pc 0000bcec /system/lib/libc.so (__thread_entry+236)
I/DEBUG ( 1603): #13 pc 0003e4f5 /system/lib/libc.so (__pthread_clone+69)
I/DEBUG ( 1603): #14 pc 00017d7f /system/lib/libutils.so
I/DEBUG ( 1603): #15 pc 0001dedf
I/DEBUG ( 1603): #16 pc 0000689f
I/DEBUG ( 1603): #17 pc 0001deff
I/DEBUG ( 1603): #18 pc 0001d24f
I/DEBUG ( 1603): #19 pc 0001ccdf
I/DEBUG ( 1603): #20 pc 0001c40f
I/DEBUG ( 1603): #21 pc 00007fcf
I/DEBUG ( 1603): #22 pc 00020f7f
I/DEBUG ( 1603): #23 pc 0000248f
I/DEBUG ( 1603): #24 pc 0001ef7f
I/DEBUG ( 1603):
I/DEBUG ( 1603): stack:
I/DEBUG ( 1603): 7842c070 400eb800
I/DEBUG ( 1603): 7842c074 7842c0a4 [stack:8122]
I/DEBUG ( 1603): 7842c078 00000064
I/DEBUG ( 1603): 7842c07c 40058fe9 /system/lib/libc.so (pthread_mutex_unlock+25)
I/DEBUG ( 1603): 7842c080 00000001
I/DEBUG ( 1603): 7842c084 77ae5720
I/DEBUG ( 1603): 7842c088 40058e19 /system/lib/libc.so (pthread_mutex_lock+9)
I/DEBUG ( 1603): 7842c08c 77af97a3 /android/system/lib/egl/libGLES_mesa.so
I/DEBUG ( 1603): 7842c090 00000018
I/DEBUG ( 1603): 7842c094 00000000
I/DEBUG ( 1603): 7842c098 78555c10
I/DEBUG ( 1603): 7842c09c 40058fe9 /system/lib/libc.so (pthread_mutex_unlock+25)
I/DEBUG ( 1603): 7842c0a0 77b0bf30 /android/system/lib/egl/libGLES_mesa.so
I/DEBUG ( 1603): 7842c0a4 7923ca10
I/DEBUG ( 1603): 7842c0a8 00000000
I/DEBUG ( 1603): 7842c0ac 77afe378 /android/system/lib/egl/libGLES_mesa.so
I/DEBUG ( 1603): #00 7842c0b0 00000000
I/DEBUG ( 1603): 7842c0b4 79227c40
I/DEBUG ( 1603): 7842c0b8 00000000
I/DEBUG ( 1603): 7842c0bc 3b9aca00
I/DEBUG ( 1603): 7842c0c0 00000000
I/DEBUG ( 1603): 7842c0c4 00000000
I/DEBUG ( 1603): 7842c0c8 40058e19 /system/lib/libc.so (pthread_mutex_lock+9)
I/DEBUG ( 1603): 7842c0cc 77b0bf30 /android/system/lib/egl/libGLES_mesa.so
I/DEBUG ( 1603): 7842c0d0 78b97738 /android/system/lib/dri/i965_dri.so
I/DEBUG ( 1603): 7842c0d4 77b0c020 /android/system/lib/egl/libGLES_mesa.so
I/DEBUG ( 1603): 7842c0d8 3b9aca00
I/DEBUG ( 1603): 7842c0dc 00000000
I/DEBUG ( 1603): 7842c0e0 77b0c29c /android/system/lib/egl/libGLES_mesa.so
I/DEBUG ( 1603): 7842c0e4 00000014
I/DEBUG ( 1603): 7842c0e8 40058e19 /system/lib/libc.so (pthread_mutex_lock+9)
I/DEBUG ( 1603): 7842c0ec 77b0bf30 /android/system/lib/egl/libGLES_mesa.so
I/DEBUG ( 1603): ........ ........
I/DEBUG ( 1603): #01 7842c100 77ae4e70
I/DEBUG ( 1603): 7842c104 7296fa10
I/DEBUG ( 1603): 7842c108 7923ca10
I/DEBUG ( 1603): 7842c10c 00000000
I/DEBUG ( 1603): 7842c110 3b9aca00
I/DEBUG ( 1603): 7842c114 00000000
I/DEBUG ( 1603): 7842c118 7842c17c [stack:8122]
I/DEBUG ( 1603): 7842c11c 404dd419 /system/lib/libEGL.so (android::validate_display(void*)+121)
I/DEBUG ( 1603): 7842c120 4056e08c /system/lib/libEGL.so
I/DEBUG ( 1603): 7842c124 00000000
I/DEBUG ( 1603): 7842c128 40568df4 /system/lib/libEGL.so
I/DEBUG ( 1603): 7842c12c 7296fa14
I/DEBUG ( 1603): 7842c130 00000000
I/DEBUG ( 1603): 7842c134 404e06d6 /system/lib/libEGL.so (eglGetError+6)
I/DEBUG ( 1603): 7842c138 40568df4 /system/lib/libEGL.so
I/DEBUG ( 1603): 7842c13c 40568df4 /system/lib/libEGL.so
I/DEBUG ( 1603): ........ ........
I/DEBUG ( 1603): #02 7842c150 7296fa10
I/DEBUG ( 1603): 7842c154 7923ca10
I/DEBUG ( 1603): 7842c158 00000000
I/DEBUG ( 1603): 7842c15c 3b9aca00
I/DEBUG ( 1603): 7842c160 00000000
I/DEBUG ( 1603): 7842c164 00010001
I/DEBUG ( 1603): 7842c168 40195ba0 /system/lib/libbinder.so (android::IPCThreadState::freeBuffer(android::Parcel*, unsigned char const*, unsigned int, unsigned int const*, unsigned int, void*))
I/DEBUG ( 1603): 7842c16c 4013605a /system/lib/libutils.so (android::RefBase::decStrong(void const*) const+58)
I/DEBUG ( 1603): 7842c170 7923cb54
I/DEBUG ( 1603): 7842c174 00000000
I/DEBUG ( 1603): 7842c178 40058e19 /system/lib/libc.so (pthread_mutex_lock+9)
I/DEBUG ( 1603): 7842c17c 4056e040 /system/lib/libEGL.so
I/DEBUG ( 1603): 7842c180 404cac84 /system/lib/libgui.so
I/DEBUG ( 1603): 7842c184 7923ca10
I/DEBUG ( 1603): 7842c188 42adcbc0
I/DEBUG ( 1603): 7842c18c 40489315 /system/lib/libgui.so (android::BufferQueue::dequeueBuffer(int*, android::sp*, bool, unsigned int, unsigned int, unsigned int, unsigned int)+1509)
W/ActivityManager( 1948): Force finishing activity com.android.gl2cameraeye/.GL2CameraEye
E/CameraHardware( 1608): fillPreviewWindow: Unable to dequeue preview window buffer: 32 -> Broken pipe
W/CameraService( 1608): Disconnecting camera client 0x41d4ae80 since the binder for it died (this pid 1608)
D/CameraHardware( 1608): CameraHardware::disableMsgType: 65535
D/CameraHardware( 1608): CameraHardware::stopPreview
D/CameraHardware( 1608): CameraHardware::stopPreviewLocked
D/CameraHardware( 1608): CameraHardware::stopPreviewLocked: stopping PreviewThread
W/InputDispatcher( 1948): channel '219a021c com.android.gl2cameraeye/com.android.gl2cameraeye.GL2CameraEye (server)' ~ Consumer closed input channel or an error occurred. events=0x9
E/InputDispatcher( 1948): channel '219a021c com.android.gl2cameraeye/com.android.gl2cameraeye.GL2CameraEye (server)' ~ Channel is unrecoverably broken and will be disposed!
D/Zygote ( 1606): Process 8110 terminated by signal (11)
D/dalvikvm( 1948): GC_FOR_ALLOC freed 367K, 18% free 11312K/13740K, paused 30ms, total 30ms
D/CameraHardware( 1608): CameraHardware::stopPreviewLocked: Uninit
D/dalvikvm( 1948): GC_FOR_ALLOC freed 137K, 18% free 11297K/13740K, paused 25ms, total 25ms
W/InputDispatcher( 1948): Attempted to unregister already unregistered input channel '219a021c com.android.gl2cameraeye/com.android.gl2cameraeye.GL2CameraEye (server)'
W/ActivityManager( 1948): Exception thrown during pause
W/ActivityManager( 1948): android.os.DeadObjectException
W/ActivityManager( 1948): at android.os.BinderProxy.transact(Native Method)
W/ActivityManager( 1948): at android.app.ApplicationThreadProxy.schedulePauseActivity(ApplicationThreadNative.java:660)
W/ActivityManager( 1948): at com.android.server.am.ActivityStack.startPausingLocked(ActivityStack.java:761)
W/ActivityManager( 1948): at com.android.server.am.ActivityStack.finishActivityLocked(ActivityStack.java:2443)
W/ActivityManager( 1948): at com.android.server.am.ActivityStack.finishTopRunningActivityLocked(ActivityStack.java:2320)
W/ActivityManager( 1948): at com.android.server.am.ActivityStackSupervisor.finishTopRunningActivityLocked(ActivityStackSupervisor.java:2050)
W/ActivityManager( 1948): at com.android.server.am.ActivityManagerService.handleAppCrashLocked(ActivityManagerService.java:9548)
W/ActivityManager( 1948): at com.android.server.am.ActivityManagerService.makeAppCrashingLocked(ActivityManagerService.java:9441)
W/ActivityManager( 1948): at com.android.server.am.ActivityManagerService.crashApplication(ActivityManagerService.java:10086)
W/ActivityManager( 1948): at com.android.server.am.ActivityManagerService.handleApplicationCrashInner(ActivityManagerService.java:9637)
W/ActivityManager( 1948): at com.android.server.am.NativeCrashListener$NativeCrashReporter.run(NativeCrashListener.java:86)
I/WindowState( 1948): WIN DEATH: Window{219a021c u0 com.android.gl2cameraeye/com.android.gl2cameraeye.GL2CameraEye}
I/WindowState( 1948): WIN DEATH: Window{21aefc74 u0 SurfaceView}
I/ActivityManager( 1948): Process com.android.gl2cameraeye (pid 8110) has died.
D/CameraHardware( 1608): CameraHardware::stopPreviewLocked: StopStreaming
D/CameraHardware( 1608): CameraHardware::stopPreviewLocked: Close
D/CameraHardware( 1608): CameraHardware::stopPreviewLocked: OK
D/CameraHardware( 1608): CameraHardware::cancelPicture
D/CameraHardware( 1608): CameraHardware::releaseCamera
W/CameraClient( 1608): native_window_api_disconnect failed: Broken pipe (-32)
D/CameraHardware( 1608): CameraHardware::setPreviewWindow: preview_stream_ops: 0x0
I/CameraClient( 1608): Destroying camera 0
D/CameraHardware( 1608): CameraHardware::closeCamera
D/CameraHardware( 1608): CameraHardware::releaseCamera
I/Icing ( 5733): Indexing BCE78D74FE435173697EC039663F6512276EE870 from com.google.android.apps.books
D/dalvikvm( 8131): GC_CONCURRENT freed 380K, 12% free 3441K/3884K, paused 1ms+5ms, total 12ms
D/dalvikvm( 5733): GC_CONCURRENT freed 782K, 31% free 5358K/7660K, paused 1ms+2ms, total 28ms
I/Icing ( 5733): Indexing done BCE78D74FE435173697EC039663F6512276EE870
D/audio_hw_primary( 1608): found out /dev/snd/pcmC0D0p
W/InputMethodManagerService( 1948): Got RemoteException sending setActive(false) notification to pid 8110 uid 10041
W/Binder ( 2133): Caught a RuntimeException from the binder stub implementation.
W/Binder ( 2133): java.lang.NullPointerException
W/Binder ( 2133): at android.inputmethodservice.IInputMethodWrapper.setSessionEnabled(IInputMethodWrapper.java:280)
W/Binder ( 2133): at com.android.internal.view.IInputMethod$Stub.onTransact(IInputMethod.java:129)
W/Binder ( 2133): at android.os.Binder.execTransact(Binder.java:404)
W/Binder ( 2133): at dalvik.system.NativeStart.run(Native Method)
I/ActivityManager( 1948): START u0 {act=android.intent.action.MAIN cat=[android.intent.category.HOME] flg=0x10200000 cmp=com.cyanogenmod.trebuchet/com.android.launcher3.Launcher} from pid 1948
I/GAV2 ( 8131): Thread[GAThread,5,main]: No campaign data found.
I/ActivityManager( 1948): START u0 {act=android.intent.action.MAIN cat=[android.intent.category.HOME] flg=0x10200000 cmp=com.cyanogenmod.trebuchet/com.android.launcher3.Launcher} from pid 1948
I/ActivityManager( 1948): START u0 {act=android.intent.action.MAIN cat=[android.intent.category.HOME] flg=0x10200000 cmp=com.cyanogenmod.trebuchet/com.android.launcher3.Launcher} from pid 1948
I/ActivityManager( 1948): START u0 {act=android.intent.action.MAIN cat=[android.intent.category.HOME] flg=0x10200000 cmp=com.cyanogenmod.trebuchet/com.android.launcher3.Launcher} from pid 1948
I/ActivityManager( 1948): START u0 {act=android.intent.action.MAIN cat=[android.intent.category.HOME] flg=0x10200000 cmp=com.cyanogenmod.trebuchet/com.android.launcher3.Launcher} from pid 1948
D/Finsky ( 7963): [418] 1.getContentFiltersAndIntent: Received content filters request from com.google.android.apps.books
I/ActivityManager( 1948): START u0 {flg=0x10000000 cmp=com.android.vending/com.google.android.finsky.widget.consumption.NowPlayingTrampoline bnds=[208,89][1072,509] (has extras)} from pid -1
D/dalvikvm( 1948): GC_FOR_ALLOC freed 309K, 18% free 11283K/13740K, paused 27ms, total 27ms
D/audio_hw_primary( 1608): found out /dev/snd/pcmC0D0p
D/dalvikvm( 7963): DexOpt: couldn't find static field Landroid/os/Build;.SUPPORTED_ABIS
W/dalvikvm( 7963): VFY: unable to resolve static field 153 (SUPPORTED_ABIS) in Landroid/os/Build;
D/dalvikvm( 7963): VFY: replacing opcode 0x62 at 0x0037
W/GRALLOC-PIPE( 7963): failed to create pipe screen for i965
I/GRALLOC-DRM( 7963): create intel for driver i915
D/OpenGLRenderer( 7963): Enabling debug mode 0
I/ActivityManager( 1948): START u0 {cmp=com.android.vending/com.google.android.finsky.widget.WidgetConfigurationActivity (has extras)} from pid 7963
D/Finsky ( 7963): [1] UpdateWidgetsReceiver.onReceive: Updated 0 MarketWidgetProvider widgets (com.google.android.finsky.action.TOC_SET)
D/Finsky ( 7963): [1] UpdateWidgetsReceiver.onReceive: Updated 0 RecommendedWidgetProvider widgets (com.google.android.finsky.action.TOC_SET)
D/Finsky ( 7963): [1] UpdateWidgetsReceiver.onReceive: Updated 1 NowPlayingWidgetProvider widgets (com.google.android.finsky.action.TOC_SET)
D/Finsky ( 7963): [1] BaseWidgetProvider.onReceive: Received ACTION_APPWIDGET_UPDATE, updating 0 widgets.
D/dalvikvm( 7963): GC_CONCURRENT freed 273K, 9% free 3528K/3868K, paused 1ms+1ms, total 6ms
D/dalvikvm( 7963): WAIT_FOR_CONCURRENT_GC blocked 3ms
I/dalvikvm-heap( 7963): Grow heap (frag case) to 3.770MB for 281892-byte allocation
D/dalvikvm( 7963): GC_FOR_ALLOC freed 10K, 9% free 3793K/4144K, paused 5ms, total 5ms
D/Finsky ( 7963): [1] BaseWidgetProvider.onReceive: Received ACTION_APPWIDGET_UPDATE, updating 0 widgets.
D/Finsky ( 7963): [1] BaseWidgetProvider.onReceive: Received ACTION_APPWIDGET_UPDATE, updating 1 widgets.
I/ActivityManager( 1948): Displayed com.android.vending/com.google.android.finsky.widget.WidgetConfigurationActivity: +159ms (total +247ms)
D/dalvikvm( 1948): GC_FOR_ALLOC freed 194K, 19% free 11266K/13740K, paused 26ms, total 26ms
D/dalvikvm( 1948): GC_FOR_ALLOC freed 135K, 19% free 11253K/13740K, paused 26ms, total 26ms
D/Finsky ( 7963): [1] BaseWidgetProvider.onReceive: Received ACTION_APPWIDGET_UPDATE, updating 1 widgets.
I/InputDispatcher( 1948): Dropping event because there is no touchable window at (270, 673).
I/Term ( 5086): Bound to TermService
I/TermService( 5086): Activity binding to service
W/InputMethodManagerService( 1948): Starting input on non-focused client com.android.internal.view.IInputMethodClient$Stub$Proxy@219e8fa4 (uid=10020 pid=3453)
D/dalvikvm( 1948): GC_FOR_ALLOC freed 162K, 19% free 11261K/13740K, paused 27ms, total 27ms
D/dalvikvm( 1948): GC_FOR_ALLOC freed 130K, 19% free 11252K/13740K, paused 24ms, total 24ms
W/IInputConnectionWrapper( 5086): showStatusIcon on inactive InputConnection
I/ActivityManager( 1948): START u0 {act=android.intent.action.MAIN cat=[android.intent.category.LAUNCHER] flg=0x10200000 cmp=com.google.android.youtube/.app.honeycomb.Shell$HomeActivity bnds=[338,669][462,745]} from pid 3453
D/dalvikvm( 1948): GC_FOR_ALLOC freed 141K, 19% free 11262K/13740K, paused 28ms, total 28ms
D/audio_hw_primary( 1608): found out /dev/snd/pcmC0D0p
W/BroadcastQueue( 1948): Permission Denial: broadcasting Intent { act=com.android.launcher3.action.LAUNCH flg=0x10 (has extras) } from com.cyanogenmod.trebuchet (pid=3453, uid=10020) requires com.google.android.launcher.permission.RECEIVE_LAUNCH_BROADCASTS due to receiver com.google.android.googlequicksearchbox/com.google.android.search.core.icingsync.ApplicationLaunchReceiver
W/BroadcastQueue( 1948): Permission Denial: receiving Intent { act=com.android.launcher3.action.LAUNCH flg=0x10 (has extras) } to com.google.android.googlequicksearchbox/com.google.android.search.core.icingsync.ApplicationLaunchReceiver requires com.android.launcher3.permission.RECEIVE_LAUNCH_BROADCASTS due to sender com.cyanogenmod.trebuchet (uid 10020)
D/dalvikvm( 1948): GC_FOR_ALLOC freed 17K, 18% free 11389K/13740K, paused 31ms, total 31ms
I/dalvikvm-heap( 1948): Grow heap (frag case) to 11.327MB for 147468-byte allocation
D/dalvikvm( 1948): GC_FOR_ALLOC freed <1K, 17% free 11533K/13888K, paused 26ms, total 26ms
I/ActivityManager( 1948): Start proc com.google.android.youtube for activity com.google.android.youtube/.app.honeycomb.Shell$HomeActivity: pid=8183 uid=10081 gids={50081, 3003, 1028, 1015, 1023}
E/dalvikvm( 8183): Could not find class 'android.app.Notification$Action$Builder', referenced from method b.a
W/dalvikvm( 8183): VFY: unable to resolve new-instance 406 (Landroid/app/Notification$Action$Builder;) in Lb;
D/dalvikvm( 8183): VFY: replacing opcode 0x22 at 0x0000
W/dalvikvm( 8183): Unable to resolve superclass of Lal; (750)
W/dalvikvm( 8183): Link of class 'Lal;' failed
E/dalvikvm( 8183): Could not find class 'al', referenced from method b.a
W/dalvikvm( 8183): VFY: unable to resolve new-instance 304 (Lal;) in Lb;
D/dalvikvm( 8183): VFY: replacing opcode 0x22 at 0x0006
W/dalvikvm( 8183): Unable to resolve superclass of Lan; (750)
W/dalvikvm( 8183): Link of class 'Lan;' failed
E/dalvikvm( 8183): Could not find class 'an', referenced from method b.a
W/dalvikvm( 8183): VFY: unable to resolve new-instance 358 (Lan;) in Lb;
D/dalvikvm( 8183): VFY: replacing opcode 0x22 at 0x002a
I/dalvikvm( 8183): Could not find method android.view.ViewGroup.isTransitionGroup, referenced from method b.a
W/dalvikvm( 8183): VFY: unable to resolve virtual method 5942: Landroid/view/ViewGroup;.isTransitionGroup ()Z
D/dalvikvm( 8183): VFY: replacing opcode 0x6e at 0x000c
I/dalvikvm( 8183): Could not find method android.view.View.getTransitionName, referenced from method b.a
W/dalvikvm( 8183): VFY: unable to resolve virtual method 5766: Landroid/view/View;.getTransitionName ()Ljava/lang/String;
D/dalvikvm( 8183): VFY: replacing opcode 0x6e at 0x0006
W/dalvikvm( 8183): VFY: unable to find class referenced in signature ([Landroid/app/RemoteInput;)
E/dalvikvm( 8183): Could not find class 'android.app.RemoteInput[]', referenced from method b.a
W/dalvikvm( 8183): VFY: unable to resolve new-array 11705 ([Landroid/app/RemoteInput;) in Lb;
D/dalvikvm( 8183): VFY: replacing opcode 0x23 at 0x0005
D/dalvikvm( 8183): DexOpt: unable to opt direct call 0x0add at 0x0e in Lb;.a
W/dalvikvm( 8183): Unable to resolve superclass of Lal; (750)
W/dalvikvm( 8183): Link of class 'Lal;' failed
D/dalvikvm( 8183): DexOpt: unable to opt direct call 0x07a2 at 0x08 in Lb;.a
W/dalvikvm( 8183): Unable to resolve superclass of Lan; (750)
W/dalvikvm( 8183): Link of class 'Lan;' failed
D/dalvikvm( 8183): DexOpt: unable to opt direct call 0x09d0 at 0x2c in Lb;.a
D/dalvikvm( 8183): DexOpt: unable to opt direct call 0x0b25 at 0x13 in Lb;.a
I/dalvikvm( 8183): Could not find method android.content.pm.PackageManager.getPackageInstaller, referenced from method dyq.a
W/dalvikvm( 8183): VFY: unable to resolve virtual method 3103: Landroid/content/pm/PackageManager;.getPackageInstaller ()Landroid/content/pm/PackageInstaller;
D/dalvikvm( 8183): VFY: replacing opcode 0x6e at 0x000d
D/dalvikvm( 8183): GC_CONCURRENT freed 295K, 12% free 2803K/3160K, paused 1ms+1ms, total 13ms
D/dalvikvm( 5120): GC_CONCURRENT freed 521K, 14% free 4321K/4980K, paused 2ms+1ms, total 15ms
D/dalvikvm( 8183): Trying to load lib /data/app-lib/GmsCore/libgmscore.so 0x42dcda38
D/dalvikvm( 8183): GC_CONCURRENT freed 241K, 10% free 2968K/3272K, paused 2ms+3ms, total 10ms
E/ ( 8183): open file /data/app-lib/GmsCore/libgmscore.so failed: No such file or directory
E/dalvikvm( 8183): dlopen("/data/app-lib/GmsCore/libgmscore.so") failed: dlopen failed: library "/data/app-lib/GmsCore/libgmscore.so" not found
E/ProviderInstaller( 8183): Unable to load native code from /data/app-lib/GmsCore/libgmscore.so
D/dalvikvm( 8183): No JNI_OnLoad found in /system/lib/libgmscore.so 0x42dcda38, skipping init
D/dalvikvm( 8183): Trying to load lib /data/app-lib/GmsCore/libconscrypt_gmscore_jni.so 0x42dcda38
E/ ( 8183): open file /data/app-lib/GmsCore/libconscrypt_gmscore_jni.so failed: No such file or directory
E/dalvikvm( 8183): dlopen("/data/app-lib/GmsCore/libconscrypt_gmscore_jni.so") failed: dlopen failed: library "/data/app-lib/GmsCore/libconscrypt_gmscore_jni.so" not found
E/ProviderInstaller( 8183): Unable to load native code from /data/app-lib/GmsCore/libconscrypt_gmscore_jni.so
V/JNIHelp ( 8183): Registering com/google/android/gms/org/conscrypt/NativeCrypto's 227 native methods...
D/dalvikvm( 8183): GC_CONCURRENT freed 174K, 6% free 3280K/3480K, paused 1ms+2ms, total 14ms
D/dalvikvm( 8183): GC_CONCURRENT freed 279K, 9% free 3482K/3824K, paused 2ms+1ms, total 9ms
D/dalvikvm( 8183): WAIT_FOR_CONCURRENT_GC blocked 4ms
D/dalvikvm( 8183): DexOpt: --- BEGIN 'ads-899064653.jar' (bootstrap=0) ---
I/ProviderInstaller( 8183): Installed default security provider GmsCore_OpenSSL
D/dalvikvm( 8208): DexOpt: load 1ms, verify+opt 4ms, 188892 bytes
D/dalvikvm( 8183): DexOpt: --- END 'ads-899064653.jar' (success) ---
D/dalvikvm( 8183): DEX prep '/data/data/com.google.android.youtube/cache/ads-899064653.jar': unzip in 0ms, rewrite 50ms
W/System.err( 8183): YouTube MDX: Bogus value in shared preferences for key MdxServerSelection value , returning default value.
I/System.out( 8183): YouTube MDX: MDX video stage moved to NEW
I/System.out( 8183): YouTube MDX: MDX video player state moved to UNSTARTED
I/System.out( 8183): YouTube MDX: MDX ad player state moved to UNSTARTED
D/dalvikvm( 8183): GC_CONCURRENT freed 267K, 7% free 3719K/3960K, paused 2ms+8ms, total 23ms
I/dalvikvm( 8183): Could not find method android.content.pm.PackageManager.getPackageInstaller, referenced from method com.google.android.gms.common.ij.a
W/dalvikvm( 8183): VFY: unable to resolve virtual method 449: Landroid/content/pm/PackageManager;.getPackageInstaller ()Landroid/content/pm/PackageInstaller;
D/dalvikvm( 8183): VFY: replacing opcode 0x6e at 0x000d
I/dalvikvm( 8183): Could not find method android.app.Notification$Builder.setLocalOnly, referenced from method com.google.android.gms.common.ij.b
W/dalvikvm( 8183): VFY: unable to resolve virtual method 154: Landroid/app/Notification$Builder;.setLocalOnly (Z)Landroid/app/Notification$Builder;
D/dalvikvm( 8183): VFY: replacing opcode 0x6e at 0x0201
D/dalvikvm( 8183): GC_CONCURRENT freed 254K, 8% free 3867K/4180K, paused 2ms+2ms, total 11ms
E/cutils ( 1601): Failed to mkdirat(/storage/usb0/Android): Read-only file system
W/Vold ( 1601): Returning OperationFailed - no handler for errno 30
W/ContextImpl( 8183): Failed to ensure directory: /storage/usb0/Android/data/com.google.android.youtube/cache
E/cutils ( 1601): Failed to mkdirat(/storage/usb1/Android): Read-only file system
W/Vold ( 1601): Returning OperationFailed - no handler for errno 30
W/ContextImpl( 8183): Failed to ensure directory: /storage/usb1/Android/data/com.google.android.youtube/cache
E/cutils ( 1601): Failed to mkdirat(/storage/usb2/Android): Read-only file system
W/Vold ( 1601): Returning OperationFailed - no handler for errno 30
W/ContextImpl( 8183): Failed to ensure directory: /storage/usb2/Android/data/com.google.android.youtube/cache
E/cutils ( 1601): Failed to mkdirat(/storage/usb3/Android): Read-only file system
W/Vold ( 1601): Returning OperationFailed - no handler for errno 30
W/ContextImpl( 8183): Failed to ensure directory: /storage/usb3/Android/data/com.google.android.youtube/cache
E/Vold ( 1601): Failed to find volume for /storage/sdcard1/Android/data/com.google.android.youtube/cache/
W/Vold ( 1601): Returning OperationFailed - no handler for errno 30
W/ContextImpl( 8183): Failed to ensure directory: /storage/sdcard1/Android/data/com.google.android.youtube/cache
I/dalvikvm( 8183): Could not find method android.content.pm.PackageManager.getActivityBanner, referenced from method aic.getActivityBanner
W/dalvikvm( 8183): VFY: unable to resolve virtual method 3074: Landroid/content/pm/PackageManager;.getActivityBanner (Landroid/content/ComponentName;)Landroid/graphics/drawable/Drawable;
D/dalvikvm( 8183): VFY: replacing opcode 0x6e at 0x0002
I/dalvikvm( 8183): Could not find method android.content.pm.PackageManager.getActivityBanner, referenced from method aic.getActivityBanner
W/dalvikvm( 8183): VFY: unable to resolve virtual method 3075: Landroid/content/pm/PackageManager;.getActivityBanner (Landroid/content/Intent;)Landroid/graphics/drawable/Drawable;
D/dalvikvm( 8183): VFY: replacing opcode 0x6e at 0x0002
I/dalvikvm( 8183): Could not find method android.content.pm.PackageManager.getApplicationBanner, referenced from method aic.getApplicationBanner
W/dalvikvm( 8183): VFY: unable to resolve virtual method 3082: Landroid/content/pm/PackageManager;.getApplicationBanner (Landroid/content/pm/ApplicationInfo;)Landroid/graphics/drawable/Drawable;
D/dalvikvm( 8183): VFY: replacing opcode 0x6e at 0x0002
I/dalvikvm( 8183): Could not find method android.content.pm.PackageManager.getApplicationBanner, referenced from method aic.getApplicationBanner
W/dalvikvm( 8183): VFY: unable to resolve virtual method 3083: Landroid/content/pm/PackageManager;.getApplicationBanner (Ljava/lang/String;)Landroid/graphics/drawable/Drawable;
D/dalvikvm( 8183): VFY: replacing opcode 0x6e at 0x0002
I/dalvikvm( 8183): Could not find method android.content.pm.PackageManager.getLeanbackLaunchIntentForPackage, referenced from method aic.getLeanbackLaunchIntentForPackage
W/dalvikvm( 8183): VFY: unable to resolve virtual method 3099: Landroid/content/pm/PackageManager;.getLeanbackLaunchIntentForPackage (Ljava/lang/String;)Landroid/content/Intent;
D/dalvikvm( 8183): VFY: replacing opcode 0x6e at 0x0002
I/dalvikvm( 8183): Could not find method android.content.pm.PackageManager.getPackageInstaller, referenced from method aic.getPackageInstaller
W/dalvikvm( 8183): VFY: unable to resolve virtual method 3103: Landroid/content/pm/PackageManager;.getPackageInstaller ()Landroid/content/pm/PackageInstaller;
D/dalvikvm( 8183): VFY: replacing opcode 0x6e at 0x0002
I/dalvikvm( 8183): Could not find method android.content.pm.PackageManager.getUserBadgedDrawableForDensity, referenced from method aic.getUserBadgedDrawableForDensity
W/dalvikvm( 8183): VFY: unable to resolve virtual method 3119: Landroid/content/pm/PackageManager;.getUserBadgedDrawableForDensity (Landroid/graphics/drawable/Drawable;Landroid/os/UserHandle;Landroid/graphics/Rect;I)Landroid/graphics/drawable/Drawable;
D/dalvikvm( 8183): VFY: replacing opcode 0x6e at 0x0002
I/dalvikvm( 8183): Could not find method android.content.pm.PackageManager.getUserBadgedIcon, referenced from method aic.getUserBadgedIcon
W/dalvikvm( 8183): VFY: unable to resolve virtual method 3120: Landroid/content/pm/PackageManager;.getUserBadgedIcon (Landroid/graphics/drawable/Drawable;Landroid/os/UserHandle;)Landroid/graphics/drawable/Drawable;
D/dalvikvm( 8183): VFY: replacing opcode 0x6e at 0x0002
I/dalvikvm( 8183): Could not find method android.content.pm.PackageManager.getUserBadgedLabel, referenced from method aic.getUserBadgedLabel
W/dalvikvm( 8183): VFY: unable to resolve virtual method 3121: Landroid/content/pm/PackageManager;.getUserBadgedLabel (Ljava/lang/CharSequence;Landroid/os/UserHandle;)Ljava/lang/CharSequence;
D/dalvikvm( 8183): VFY: replacing opcode 0x6e at 0x0002
E/cutils ( 1601): Failed to mkdirat(/storage/usb0/Android): Read-only file system
W/Vold ( 1601): Returning OperationFailed - no handler for errno 30
W/ContextImpl( 8183): Failed to ensure directory: /storage/usb0/Android/data/com.google.android.youtube/cache
E/cutils ( 1601): Failed to mkdirat(/storage/usb1/Android): Read-only file system
W/Vold ( 1601): Returning OperationFailed - no handler for errno 30
W/ContextImpl( 8183): Failed to ensure directory: /storage/usb1/Android/data/com.google.android.youtube/cache
E/cutils ( 1601): Failed to mkdirat(/storage/usb2/Android): Read-only file system
W/Vold ( 1601): Returning OperationFailed - no handler for errno 30
D/dalvikvm( 8183): GC_CONCURRENT freed 259K, 8% free 4041K/4356K, paused 2ms+1ms, total 18ms
W/ContextImpl( 8183): Failed to ensure directory: /storage/usb2/Android/data/com.google.android.youtube/cache
E/cutils ( 1601): Failed to mkdirat(/storage/usb3/Android): Read-only file system
W/Vold ( 1601): Returning OperationFailed - no handler for errno 30
W/ContextImpl( 8183): Failed to ensure directory: /storage/usb3/Android/data/com.google.android.youtube/cache
E/Vold ( 1601): Failed to find volume for /storage/sdcard1/Android/data/com.google.android.youtube/cache/
W/Vold ( 1601): Returning OperationFailed - no handler for errno 30
W/ContextImpl( 8183): Failed to ensure directory: /storage/sdcard1/Android/data/com.google.android.youtube/cache
E/cutils ( 1601): Failed to mkdirat(/storage/usb0/Android): Read-only file system
W/Vold ( 1601): Returning OperationFailed - no handler for errno 30
W/ContextImpl( 8183): Failed to ensure directory: /storage/usb0/Android/data/com.google.android.youtube/files
E/cutils ( 1601): Failed to mkdirat(/storage/usb1/Android): Read-only file system
W/Vold ( 1601): Returning OperationFailed - no handler for errno 30
W/ContextImpl( 8183): Failed to ensure directory: /storage/usb1/Android/data/com.google.android.youtube/files
E/cutils ( 1601): Failed to mkdirat(/storage/usb2/Android): Read-only file system
W/ContextImpl( 8183): Failed to ensure directory: /storage/usb2/Android/data/com.google.android.youtube/files
W/Vold ( 1601): Returning OperationFailed - no handler for errno 30
E/cutils ( 1601): Failed to mkdirat(/storage/usb3/Android): Read-only file system
W/Vold ( 1601): Returning OperationFailed - no handler for errno 30
W/ContextImpl( 8183): Failed to ensure directory: /storage/usb3/Android/data/com.google.android.youtube/files
E/Vold ( 1601): Failed to find volume for /storage/sdcard1/Android/data/com.google.android.youtube/files/
W/Vold ( 1601): Returning OperationFailed - no handler for errno 30
W/ContextImpl( 8183): Failed to ensure directory: /storage/sdcard1/Android/data/com.google.android.youtube/files
E/cutils ( 1601): Failed to mkdirat(/storage/usb0/Android): Read-only file system
W/Vold ( 1601): Returning OperationFailed - no handler for errno 30
W/ContextImpl( 8183): Failed to ensure directory: /storage/usb0/Android/data/com.google.android.youtube/files
E/cutils ( 1601): Failed to mkdirat(/storage/usb1/Android): Read-only file system
W/Vold ( 1601): Returning OperationFailed - no handler for errno 30
W/ContextImpl( 8183): Failed to ensure directory: /storage/usb1/Android/data/com.google.android.youtube/files
E/cutils ( 1601): Failed to mkdirat(/storage/usb2/Android): Read-only file system
W/Vold ( 1601): Returning OperationFailed - no handler for errno 30
W/ContextImpl( 8183): Failed to ensure directory: /storage/usb2/Android/data/com.google.android.youtube/files
E/cutils ( 1601): Failed to mkdirat(/storage/usb3/Android): Read-only file system
W/Vold ( 1601): Returning OperationFailed - no handler for errno 30
W/ContextImpl( 8183): Failed to ensure directory: /storage/usb3/Android/data/com.google.android.youtube/files
E/Vold ( 1601): Failed to find volume for /storage/sdcard1/Android/data/com.google.android.youtube/files/
W/Vold ( 1601): Returning OperationFailed - no handler for errno 30
W/ContextImpl( 8183): Failed to ensure directory: /storage/sdcard1/Android/data/com.google.android.youtube/files
I/ActivityManager( 1948): START u0 {act=android.intent.action.MAIN cat=[android.intent.category.LAUNCHER] flg=0x4000000 cmp=com.google.android.youtube/com.google.android.apps.youtube.app.StartupPromoActivity bnds=[338,669][462,745] (has extras)} from pid 8183
W/ResourceType( 1948): Skipping entry 0x10a0001 in package table 0 because it is not complex!
I/dalvikvm( 8183): Could not find method android.app.Activity.finishAfterTransition, referenced from method s.onBackPressed
W/dalvikvm( 8183): VFY: unable to resolve virtual method 2619: Landroid/app/Activity;.finishAfterTransition ()V
D/dalvikvm( 8183): VFY: replacing opcode 0x6e at 0x0017
D/dalvikvm( 8183): GC_CONCURRENT freed 304K, 8% free 4184K/4544K, paused 1ms+5ms, total 17ms
D/dalvikvm( 8183): GC_FOR_ALLOC freed 72K, 9% free 4158K/4544K, paused 7ms, total 7ms
I/dalvikvm-heap( 8183): Grow heap (frag case) to 5.039MB for 967244-byte allocation
D/dalvikvm( 8183): GC_FOR_ALLOC freed 1K, 8% free 5102K/5492K, paused 7ms, total 7ms
I/dalvikvm( 8183): Could not find method android.widget.TextView., referenced from method com.google.android.libraries.youtube.common.ui.YouTubeTextView.
W/dalvikvm( 8183): VFY: unable to resolve direct method 6754: Landroid/widget/TextView;. (Landroid/content/Context;Landroid/util/AttributeSet;II)V
D/dalvikvm( 8183): VFY: replacing opcode 0x70 at 0x0000
D/dalvikvm( 8183): GC_CONCURRENT freed 6K, 7% free 5115K/5492K, paused 2ms+2ms, total 11ms
W/GRALLOC-PIPE( 8183): failed to create pipe screen for i965
I/GRALLOC-DRM( 8183): create intel for driver i915
D/OpenGLRenderer( 8183): Enabling debug mode 0
I/ActivityManager( 1948): Displayed com.google.android.youtube/com.google.android.apps.youtube.app.StartupPromoActivity: +284ms (total +901ms)
I/ActivityManager( 1948): START u0 {flg=0x4000000 cmp=com.google.android.youtube/com.google.android.apps.youtube.app.honeycomb.Shell$HomeActivity} from pid 8183
D/audio_hw_primary( 1608): found out /dev/snd/pcmC0D0p
I/ActivityManager( 1948): START u0 {flg=0x4000000 cmp=com.google.android.youtube/com.google.android.apps.youtube.app.WatchWhileActivity (has extras)} from pid 8183
D/dalvikvm( 8183): GC_CONCURRENT freed 513K, 10% free 5393K/5976K, paused 1ms+3ms, total 12ms
I/dalvikvm( 8183): Could not find method android.content.Context.getDrawable, referenced from method cj.a
W/dalvikvm( 8183): VFY: unable to resolve virtual method 2928: Landroid/content/Context;.getDrawable (I)Landroid/graphics/drawable/Drawable;
D/dalvikvm( 8183): VFY: replacing opcode 0x6e at 0x0006
I/dalvikvm( 8183): Could not find method android.view.Window.setStatusBarColor, referenced from method clm.a
W/dalvikvm( 8183): VFY: unable to resolve virtual method 6039: Landroid/view/Window;.setStatusBarColor (I)V
D/dalvikvm( 8183): VFY: replacing opcode 0x6e at 0x0012
W/dalvikvm( 8183): VFY: unable to find class referenced in signature (Landroid/graphics/Outline;)
I/dalvikvm( 8183): Could not find method android.graphics.Outline.setRect, referenced from method cba.getOutline
W/dalvikvm( 8183): VFY: unable to resolve virtual method 3363: Landroid/graphics/Outline;.setRect (Landroid/graphics/Rect;)V
D/dalvikvm( 8183): VFY: replacing opcode 0x6e at 0x0004
E/dalvikvm( 8183): Could not find class 'android.view.animation.PathInterpolator', referenced from method cgh.
W/dalvikvm( 8183): VFY: unable to resolve new-instance 869 (Landroid/view/animation/PathInterpolator;) in Lcgh;
D/dalvikvm( 8183): VFY: replacing opcode 0x22 at 0x001a
E/dalvikvm( 8183): Could not find class 'android.view.animation.PathInterpolator', referenced from method cgh.
W/dalvikvm( 8183): VFY: unable to resolve new-instance 869 (Landroid/view/animation/PathInterpolator;) in Lcgh;
D/dalvikvm( 8183): VFY: replacing opcode 0x22 at 0x0020
E/dalvikvm( 8183): Could not find class 'android.view.animation.PathInterpolator', referenced from method cgh.
W/dalvikvm( 8183): VFY: unable to resolve new-instance 869 (Landroid/view/animation/PathInterpolator;) in Lcgh;
D/dalvikvm( 8183): VFY: replacing opcode 0x22 at 0x0026
D/dalvikvm( 8183): DexOpt: unable to opt direct call 0x180a at 0x1c in Lcgh;.
D/dalvikvm( 8183): DexOpt: unable to opt direct call 0x180a at 0x22 in Lcgh;.
D/dalvikvm( 8183): DexOpt: unable to opt direct call 0x180a at 0x28 in Lcgh;.
I/dalvikvm( 8183): Could not find method android.view.View.getTransitionName, referenced from method f.a
W/dalvikvm( 8183): VFY: unable to resolve virtual method 5766: Landroid/view/View;.getTransitionName ()Ljava/lang/String;
D/dalvikvm( 8183): VFY: replacing opcode 0x6e at 0x0021
I/dalvikvm( 8183): Could not find method android.view.View.getTransitionName, referenced from method f.b
W/dalvikvm( 8183): VFY: unable to resolve virtual method 5766: Landroid/view/View;.getTransitionName ()Ljava/lang/String;
D/dalvikvm( 8183): VFY: replacing opcode 0x6e at 0x0014
D/dalvikvm( 8183): GC_CONCURRENT freed 231K, 5% free 6001K/6292K, paused 2ms+4ms, total 16ms
V/NFC ( 8183): this device does not have NFC support
D/dalvikvm( 8183): GC_CONCURRENT freed 249K, 5% free 6788K/7100K, paused 2ms+1ms, total 13ms
I/dalvikvm( 8183): Could not find method android.widget.ImageView., referenced from method com.google.android.apps.youtube.app.player.overlay.InlineAdOverlay$SkipAdButton.
W/dalvikvm( 8183): VFY: unable to resolve direct method 6437: Landroid/widget/ImageView;. (Landroid/content/Context;Landroid/util/AttributeSet;II)V
D/dalvikvm( 8183): VFY: replacing opcode 0x70 at 0x0000
D/KbdSensor( 1948): poll_activate: dev=0x77ae5720 handle=0 enabled=1
D/KbdSensor( 1948): poll_setDelay: dev=0x77ae5720 delay-ns=200000000
W/ActivityManager( 1948): Permission Denial: Accessing service ComponentInfo{com.google.android.music/com.google.android.music.dial.DialMediaRouteProviderService} from pid=8183, uid=10081 that is not exported from uid 10062
E/YouTube ( 8183): (unknown) Media progress reported outside media playback: NEW
W/ResourceType( 1948): Skipping entry 0x10a0000 in package table 0 because it is not complex!
I/dalvikvm( 8183): Could not find method android.graphics.drawable.Drawable.setTintList, referenced from method cbh.d
W/dalvikvm( 8183): VFY: unable to resolve virtual method 3512: Landroid/graphics/drawable/Drawable;.setTintList (Landroid/content/res/ColorStateList;)V
D/dalvikvm( 8183): VFY: replacing opcode 0x6e at 0x0000
I/ActivityManager( 1948): Displayed com.google.android.youtube/com.google.android.apps.youtube.app.WatchWhileActivity: +485ms (total +491ms)
I/GLSUser ( 5120): [GLSUser] getTokenFromCache: [account: , callingPkg: com.google.android.youtube, service: oauth2:https://www.googleapis.com/auth/youtube https://www.googleapis.com/auth/plus.stream.read https://www.googleapis.com/auth/plus.pages.manage https://www.googleapis.com/auth/identity.plus.page.impersonation https://www.googleapis.com/auth/youtube.force-ssl https://www.googleapis.com/auth/plus.stream.write https://www.googleapis.com/auth/plus.me]
I/Auth.Core( 5120): [TokenCache] Missing snowballing token: no granted scopes set.
D/dalvikvm( 8183): GC_CONCURRENT freed 521K, 8% free 7586K/8164K, paused 3ms+4ms, total 39ms
I/GLSUser ( 5120): [GLSUser] getTokenFromGoogle [account: , callingPkg: com.google.android.youtube, service: oauth2:https://www.googleapis.com/auth/youtube https://www.googleapis.com/auth/plus.stream.read https://www.googleapis.com/auth/plus.pages.manage https://www.googleapis.com/auth/identity.plus.page.impersonation https://www.googleapis.com/auth/youtube.force-ssl https://www.googleapis.com/auth/plus.stream.write https://www.googleapis.com/auth/plus.me
I/dalvikvm( 5733): Could not find method android.os.PowerManager.isInteractive, referenced from method com.google.android.gms.cast.d.l.k
W/dalvikvm( 5733): VFY: unable to resolve virtual method 1486: Landroid/os/PowerManager;.isInteractive ()Z
D/dalvikvm( 5733): VFY: replacing opcode 0x6e at 0x0039
I/CastSocket( 5733): 19 >= 18. Adding new CastClientAuthKeyManager.
W/CastMediaRouteProvider( 5733): Invalid control category: MDX_MEDIA_ROUTE_CONTROL_CATEGORY
W/CastMediaRouteProvider( 5733): Invalid control category: android.media.intent.category.LIVE_AUDIO
I/GLSUser ( 5120): [GLSUser] getAuthtoken(, oauth2:https://www.googleapis.com/auth/youtube https://www.googleapis.com/auth/plus.stream.read https://www.googleapis.com/auth/plus.pages.manage https://www.googleapis.com/auth/identity.plus.page.impersonation https://www.googleapis.com/auth/youtube.force-ssl https://www.googleapis.com/auth/plus.stream.write https://www.googleapis.com/auth/plus.me) -> status: null)
I/GLSUser ( 5120): [GLSUser] Extracting token using key: Auth
W/GLSUser ( 5120): [GLSUser] Permission for com.google.android.youtube to access oauth2:https://www.googleapis.com/auth/youtube https://www.googleapis.com/auth/plus.stream.read https://www.googleapis.com/auth/plus.pages.manage https://www.googleapis.com/auth/identity.plus.page.impersonation https://www.googleapis.com/auth/youtube.force-ssl https://www.googleapis.com/auth/plus.stream.write https://www.googleapis.com/auth/plus.me will be managed locally.
D/dalvikvm( 5733): GC_FOR_ALLOC freed 539K, 30% free 5425K/7660K, paused 13ms, total 13ms
E/cutils ( 1601): Failed to mkdirat(/storage/usb0/Android): Read-only file system
W/Vold ( 1601): Returning OperationFailed - no handler for errno 30
W/ContextImpl( 8183): Failed to ensure directory: /storage/usb0/Android/data/com.google.android.youtube/files
E/cutils ( 1601): Failed to mkdirat(/storage/usb1/Android): Read-only file system
W/Vold ( 1601): Returning OperationFailed - no handler for errno 30
W/ContextImpl( 8183): Failed to ensure directory: /storage/usb1/Android/data/com.google.android.youtube/files
E/cutils ( 1601): Failed to mkdirat(/storage/usb2/Android): Read-only file system
W/ContextImpl( 8183): Failed to ensure directory: /storage/usb2/Android/data/com.google.android.youtube/files
W/Vold ( 1601): Returning OperationFailed - no handler for errno 30
E/cutils ( 1601): Failed to mkdirat(/storage/usb3/Android): Read-only file system
W/Vold ( 1601): Returning OperationFailed - no handler for errno 30
W/ContextImpl( 8183): Failed to ensure directory: /storage/usb3/Android/data/com.google.android.youtube/files
E/Vold ( 1601): Failed to find volume for /storage/sdcard1/Android/data/com.google.android.youtube/files/
W/Vold ( 1601): Returning OperationFailed - no handler for errno 30
W/ContextImpl( 8183): Failed to ensure directory: /storage/sdcard1/Android/data/com.google.android.youtube/files
E/cutils ( 1601): Failed to mkdirat(/storage/usb0/Android): Read-only file system
W/Vold ( 1601): Returning OperationFailed - no handler for errno 30
W/ContextImpl( 8183): Failed to ensure directory: /storage/usb0/Android/data/com.google.android.youtube/files
E/cutils ( 1601): Failed to mkdirat(/storage/usb1/Android): Read-only file system
W/Vold ( 1601): Returning OperationFailed - no handler for errno 30
W/ContextImpl( 8183): Failed to ensure directory: /storage/usb1/Android/data/com.google.android.youtube/files
E/cutils ( 1601): Failed to mkdirat(/storage/usb2/Android): Read-only file system
W/ContextImpl( 8183): Failed to ensure directory: /storage/usb2/Android/data/com.google.android.youtube/files
W/Vold ( 1601): Returning OperationFailed - no handler for errno 30
E/cutils ( 1601): Failed to mkdirat(/storage/usb3/Android): Read-only file system
W/ContextImpl( 8183): Failed to ensure directory: /storage/usb3/Android/data/com.google.android.youtube/files
W/Vold ( 1601): Returning OperationFailed - no handler for errno 30
E/Vold ( 1601): Failed to find volume for /storage/sdcard1/Android/data/com.google.android.youtube/files/
W/Vold ( 1601): Returning OperationFailed - no handler for errno 30
W/ContextImpl( 8183): Failed to ensure directory: /storage/sdcard1/Android/data/com.google.android.youtube/files
E/cutils ( 1601): Failed to mkdirat(/storage/usb0/Android): Read-only file system
W/Vold ( 1601): Returning OperationFailed - no handler for errno 30
W/ContextImpl( 8183): Failed to ensure directory: /storage/usb0/Android/data/com.google.android.youtube/files
E/cutils ( 1601): Failed to mkdirat(/storage/usb1/Android): Read-only file system
W/Vold ( 1601): Returning OperationFailed - no handler for errno 30
W/ContextImpl( 8183): Failed to ensure directory: /storage/usb1/Android/data/com.google.android.youtube/files
E/cutils ( 1601): Failed to mkdirat(/storage/usb2/Android): Read-only file system
W/Vold ( 1601): Returning OperationFailed - no handler for errno 30
W/ContextImpl( 8183): Failed to ensure directory: /storage/usb2/Android/data/com.google.android.youtube/files
E/cutils ( 1601): Failed to mkdirat(/storage/usb3/Android): Read-only file system
W/ContextImpl( 8183): Failed to ensure directory: /storage/usb3/Android/data/com.google.android.youtube/files
W/Vold ( 1601): Returning OperationFailed - no handler for errno 30
W/ContextImpl( 8183): Failed to ensure directory: /storage/sdcard1/Android/data/com.google.android.youtube/files
E/Vold ( 1601): Failed to find volume for /storage/sdcard1/Android/data/com.google.android.youtube/files/
W/Vold ( 1601): Returning OperationFailed - no handler for errno 30
E/cutils ( 1601): Failed to mkdirat(/storage/usb0/Android): Read-only file system
W/Vold ( 1601): Returning OperationFailed - no handler for errno 30
W/ContextImpl( 8183): Failed to ensure directory: /storage/usb0/Android/data/com.google.android.youtube/files
E/cutils ( 1601): Failed to mkdirat(/storage/usb1/Android): Read-only file system
W/Vold ( 1601): Returning OperationFailed - no handler for errno 30
W/ContextImpl( 8183): Failed to ensure directory: /storage/usb1/Android/data/com.google.android.youtube/files
E/cutils ( 1601): Failed to mkdirat(/storage/usb2/Android): Read-only file system
W/Vold ( 1601): Returning OperationFailed - no handler for errno 30
W/ContextImpl( 8183): Failed to ensure directory: /storage/usb2/Android/data/com.google.android.youtube/files
E/cutils ( 1601): Failed to mkdirat(/storage/usb3/Android): Read-only file system
W/Vold ( 1601): Returning OperationFailed - no handler for errno 30
W/ContextImpl( 8183): Failed to ensure directory: /storage/usb3/Android/data/com.google.android.youtube/files
E/Vold ( 1601): Failed to find volume for /storage/sdcard1/Android/data/com.google.android.youtube/files/
W/Vold ( 1601): Returning OperationFailed - no handler for errno 30
W/ContextImpl( 8183): Failed to ensure directory: /storage/sdcard1/Android/data/com.google.android.youtube/files
E/cutils ( 1601): Failed to mkdirat(/storage/usb0/Android): Read-only file system
W/Vold ( 1601): Returning OperationFailed - no handler for errno 30
W/ContextImpl( 8183): Failed to ensure directory: /storage/usb0/Android/data/com.google.android.youtube/files
E/cutils ( 1601): Failed to mkdirat(/storage/usb1/Android): Read-only file system
W/ContextImpl( 8183): Failed to ensure directory: /storage/usb1/Android/data/com.google.android.youtube/files
W/Vold ( 1601): Returning OperationFailed - no handler for errno 30
E/cutils ( 1601): Failed to mkdirat(/storage/usb2/Android): Read-only file system
W/Vold ( 1601): Returning OperationFailed - no handler for errno 30
W/ContextImpl( 8183): Failed to ensure directory: /storage/usb2/Android/data/com.google.android.youtube/files
E/cutils ( 1601): Failed to mkdirat(/storage/usb3/Android): Read-only file system
W/Vold ( 1601): Returning OperationFailed - no handler for errno 30
W/ContextImpl( 8183): Failed to ensure directory: /storage/usb3/Android/data/com.google.android.youtube/files
W/ContextImpl( 8183): Failed to ensure directory: /storage/sdcard1/Android/data/com.google.android.youtube/files
E/Vold ( 1601): Failed to find volume for /storage/sdcard1/Android/data/com.google.android.youtube/files/
W/Vold ( 1601): Returning OperationFailed - no handler for errno 30
E/cutils ( 1601): Failed to mkdirat(/storage/usb0/Android): Read-only file system
W/Vold ( 1601): Returning OperationFailed - no handler for errno 30
W/ContextImpl( 8183): Failed to ensure directory: /storage/usb0/Android/data/com.google.android.youtube/files
E/cutils ( 1601): Failed to mkdirat(/storage/usb1/Android): Read-only file system
W/Vold ( 1601): Returning OperationFailed - no handler for errno 30
W/ContextImpl( 8183): Failed to ensure directory: /storage/usb1/Android/data/com.google.android.youtube/files
E/cutils ( 1601): Failed to mkdirat(/storage/usb2/Android): Read-only file system
W/Vold ( 1601): Returning OperationFailed - no handler for errno 30
W/ContextImpl( 8183): Failed to ensure directory: /storage/usb2/Android/data/com.google.android.youtube/files
E/cutils ( 1601): Failed to mkdirat(/storage/usb3/Android): Read-only file system
W/Vold ( 1601): Returning OperationFailed - no handler for errno 30
W/ContextImpl( 8183): Failed to ensure directory: /storage/usb3/Android/data/com.google.android.youtube/files
E/Vold ( 1601): Failed to find volume for /storage/sdcard1/Android/data/com.google.android.youtube/files/
W/Vold ( 1601): Returning OperationFailed - no handler for errno 30
W/ContextImpl( 8183): Failed to ensure directory: /storage/sdcard1/Android/data/com.google.android.youtube/files
E/cutils ( 1601): Failed to mkdirat(/storage/usb0/Android): Read-only file system
W/Vold ( 1601): Returning OperationFailed - no handler for errno 30
W/ContextImpl( 8183): Failed to ensure directory: /storage/usb0/Android/data/com.google.android.youtube/files
E/cutils ( 1601): Failed to mkdirat(/storage/usb1/Android): Read-only file system
W/Vold ( 1601): Returning OperationFailed - no handler for errno 30
W/ContextImpl( 8183): Failed to ensure directory: /storage/usb1/Android/data/com.google.android.youtube/files
E/cutils ( 1601): Failed to mkdirat(/storage/usb2/Android): Read-only file system
W/Vold ( 1601): Returning OperationFailed - no handler for errno 30
W/ContextImpl( 8183): Failed to ensure directory: /storage/usb2/Android/data/com.google.android.youtube/files
E/cutils ( 1601): Failed to mkdirat(/storage/usb3/Android): Read-only file system
W/Vold ( 1601): Returning OperationFailed - no handler for errno 30
W/ContextImpl( 8183): Failed to ensure directory: /storage/usb3/Android/data/com.google.android.youtube/files
W/ContextImpl( 8183): Failed to ensure directory: /storage/sdcard1/Android/data/com.google.android.youtube/files
E/Vold ( 1601): Failed to find volume for /storage/sdcard1/Android/data/com.google.android.youtube/files/
W/Vold ( 1601): Returning OperationFailed - no handler for errno 30
E/cutils ( 1601): Failed to mkdirat(/storage/usb0/Android): Read-only file system
W/Vold ( 1601): Returning OperationFailed - no handler for errno 30
W/ContextImpl( 8183): Failed to ensure directory: /storage/usb0/Android/data/com.google.android.youtube/files
E/cutils ( 1601): Failed to mkdirat(/storage/usb1/Android): Read-only file system
W/Vold ( 1601): Returning OperationFailed - no handler for errno 30
W/ContextImpl( 8183): Failed to ensure directory: /storage/usb1/Android/data/com.google.android.youtube/files
E/cutils ( 1601): Failed to mkdirat(/storage/usb2/Android): Read-only file system
W/Vold ( 1601): Returning OperationFailed - no handler for errno 30
W/ContextImpl( 8183): Failed to ensure directory: /storage/usb2/Android/data/com.google.android.youtube/files
E/cutils ( 1601): Failed to mkdirat(/storage/usb3/Android): Read-only file system
W/Vold ( 1601): Returning OperationFailed - no handler for errno 30
W/ContextImpl( 8183): Failed to ensure directory: /storage/usb3/Android/data/com.google.android.youtube/files
E/Vold ( 1601): Failed to find volume for /storage/sdcard1/Android/data/com.google.android.youtube/files/
W/Vold ( 1601): Returning OperationFailed - no handler for errno 30
W/ContextImpl( 8183): Failed to ensure directory: /storage/sdcard1/Android/data/com.google.android.youtube/files
E/cutils ( 1601): Failed to mkdirat(/storage/usb0/Android): Read-only file system
W/Vold ( 1601): Returning OperationFailed - no handler for errno 30
W/ContextImpl( 8183): Failed to ensure directory: /storage/usb0/Android/data/com.google.android.youtube/files
E/cutils ( 1601): Failed to mkdirat(/storage/usb1/Android): Read-only file system
