I/PackageManager( 1948): Adding preferred activity ComponentInfo{com.android.mms/com.android.mms.ui.ComposeMessageActivity} for user 0 :
I/PackageManager( 1948): Adding preferred activity ComponentInfo{com.android.mms/com.android.mms.ui.ComposeMessageActivity} for user 0 :
I/PackageManager( 1948): Adding preferred activity ComponentInfo{com.android.mms/com.android.mms.ui.ComposeMessageActivity} for user 0 :
I/PackageManager( 1948): Adding preferred activity ComponentInfo{com.android.mms/com.android.mms.ui.ComposeMessageActivity} for user 0 :
I/PackageManager( 1948): Adding preferred activity ComponentInfo{com.android.mms/com.android.mms.ui.ComposeMessageActivity} for user 0 :
I/PackageManager( 1948): Adding preferred activity ComponentInfo{com.android.mms/com.android.mms.ui.ComposeMessageActivity} for user 0 :
E/WindowManager( 1948): Starting window AppWindowToken{21b1736c token=Token{218c7054 ActivityRecord{216fe93c u0 com.google.android.setupwizard/.WifiSettingsActivity t3}}} timed out
D/ConnectivityService( 1948): special network not available ni=mobile_hipri
I/ActivityManager( 1948): START u0 {act=android.intent.action.MAIN cat=[android.intent.category.LAUNCHER] flg=0x10200000 cmp=com.android.settings/.Settings} from pid 3453
I/ActivityManager( 1948): Start proc com.android.settings for activity com.android.settings/.Settings: pid=5030 uid=1000 gids={41000, 1028, 1015, 1023, 3002, 3001, 3003}
W/ContextImpl( 5030): Calling a method in the system process without a qualified user: android.app.ContextImpl.bindService:1551 android.content.ContextWrapper.bindService:517 android.bluetooth.BluetoothInputDevice.doBind:245 android.bluetooth.BluetoothInputDevice.:238 android.bluetooth.BluetoothAdapter.getProfileProxy:1367
W/ContextImpl( 5030): Calling a method in the system process without a qualified user: android.app.ContextImpl.bindService:1551 android.content.ContextWrapper.bindService:517 android.bluetooth.BluetoothPan.doBind:149 android.bluetooth.BluetoothPan.:141 android.bluetooth.BluetoothAdapter.getProfileProxy:1370
W/ContextImpl( 5030): Calling a method in the system process without a qualified user: android.app.ContextImpl.bindService:1551 android.content.ContextWrapper.bindService:517 android.bluetooth.BluetoothMap.doBind:109 android.bluetooth.BluetoothMap.:102 android.bluetooth.BluetoothAdapter.getProfileProxy:1376
W/ContextImpl( 5030): Calling a method in the system process without a qualified user: android.app.ContextImpl.bindService:1551 android.content.ContextWrapper.bindService:517 android.bluetooth.BluetoothPbap.doBind:164 android.bluetooth.BluetoothPbap.:157 com.android.settings.bluetooth.PbapServerProfile.:68
D/WifiService( 1948): setWifiEnabled: true pid=5030, uid=1000
D/ConnectivityService( 1948): special network not available ni=mobile_hipri
D/ConnectivityService( 1948): special network not available ni=mobile_hipri
I/ActivityManager( 1948): START u0 {act=android.intent.action.MAIN cmp=com.android.settings/.SubSettings (has extras)} from pid 5030
W/DreamManagerService( 1948): Dream ComponentInfo{com.google.android.deskclock/com.android.deskclock.Screensaver} does not exist
W/DreamManagerService( 1948): Falling back to default dream ComponentInfo{com.google.android.deskclock/com.android.deskclock.Screensaver}
D/ConnectivityService( 1948): special network not available ni=mobile_hipri
D/ConnectivityService( 1948): special network not available ni=mobile_hipri
D/ConnectivityService( 1948): special network not available ni=mobile_hipri
D/ConnectivityService( 1948): special network not available ni=mobile_hipri
D/ConnectivityService( 1948): special network not available ni=mobile_hipri
W/InputMethodManagerService( 1948): Window already focused, ignoring focus gain of: com.android.internal.view.IInputMethodClient$Stub$Proxy@21837244 attribute=null, token = android.os.BinderProxy@2179726c
W/BroadcastQueue( 1948): Timeout of broadcast BroadcastRecord{21adc378 u-1 android.net.conn.CONNECTIVITY_CHANGE} - receiver=android.os.BinderProxy@21a12f78, started 119977ms ago
W/BroadcastQueue( 1948): Receiver during timeout: ResolveInfo{21ab6e5c com.google.android.gms/.gcm.ServiceAutoStarter m=0x108000}
D/ConnectivityService( 1948): special network not available ni=mobile_hipri
D/ConnectivityService( 1948): special network not available ni=mobile_hipri
E/ActivityManager( 1948): ANR in com.google.process.gapps
E/ActivityManager( 1948): PID: 0
E/ActivityManager( 1948): Reason: Broadcast of Intent { act=android.net.conn.CONNECTIVITY_CHANGE flg=0x4000010 cmp=com.google.android.gms/.gcm.ServiceAutoStarter (has extras) }
E/ActivityManager( 1948): Load: 0.61 / 0.53 / 0.48
E/ActivityManager( 1948): CPU usage from 9350ms to 2364ms ago with 99% awake:
E/ActivityManager( 1948): 10% 1948/system_server: 7.4% user + 2.8% kernel / faults: 3508 minor
E/ActivityManager( 1948): 8% 1605/surfaceflinger: 5% user + 3% kernel / faults: 617 minor
E/ActivityManager( 1948): 7.5% 3453/com.cyanogenmod.trebuchet: 6.7% user + 0.8% kernel / faults: 1773 minor
E/ActivityManager( 1948): 1.2% 2015/com.android.systemui: 1% user + 0.2% kernel / faults: 73 minor
E/ActivityManager( 1948): 0.8% 1608/mediaserver: 0.2% user + 0.5% kernel
E/ActivityManager( 1948): 0.2% 7/rcu_preempt: 0% user + 0.2% kernel
E/ActivityManager( 1948): 0.2% 10/rcuop/0: 0% user + 0.2% kernel
E/ActivityManager( 1948): 0% 2147/com.android.phone: 0% user + 0% kernel / faults: 25 minor
E/ActivityManager( 1948): 0.1% 1598/logcat: 0.1% user + 0% kernel
E/ActivityManager( 1948): 0% 4384/kworker/u4:0: 0% user + 0% kernel
E/ActivityManager( 1948): 0.1% 4452/kworker/u4:68: 0% user + 0.1% kernel
E/ActivityManager( 1948): +0% 5030/com.android.settings: 0% user + 0% kernel
E/ActivityManager( 1948): 19% TOTAL: 14% user + 5.1% kernel + 0% iowait
E/ActivityManager( 1948): CPU usage from 1382ms to 1894ms later:
E/ActivityManager( 1948): 7.8% 1948/system_server: 3.9% user + 3.9% kernel
E/ActivityManager( 1948): 1.9% 1962/WindowManager: 1.9% user + 0% kernel
E/ActivityManager( 1948): 1.9% 1963/ActivityManager: 0% user + 1.9% kernel
E/ActivityManager( 1948): 1.9% 1967/android.ui: 1.9% user + 0% kernel
E/ActivityManager( 1948): 1.9% 1982/InputDispatcher: 0% user + 1.9% kernel
E/ActivityManager( 1948): 5.8% 1605/surfaceflinger: 5.8% user + 0% kernel / faults: 54 minor
E/ActivityManager( 1948): 5.8% 1605/surfaceflinger: 5.8% user + 0% kernel
E/ActivityManager( 1948): 1.7% 5030/com.android.settings: 1.7% user + 0% kernel / faults: 7 minor
E/ActivityManager( 1948): 1.7% 5030/ndroid.settings: 1.7% user + 0% kernel
E/ActivityManager( 1948): 1.7% 5037/Compiler: 1.7% user + 0% kernel
E/ActivityManager( 1948): 8.9% TOTAL: 5.9% user + 2.9% kernel
D/ConnectivityService( 1948): special network not available ni=mobile_hipri
D/ConnectivityService( 1948): special network not available ni=mobile_hipri
D/ConnectivityService( 1948): special network not available ni=mobile_hipri
D/ConnectivityService( 1948): special network not available ni=mobile_hipri
W/BackupManagerService( 1948): dataChanged but no participant pkg='com.android.providers.settings' uid=10012
D/ConnectivityService( 1948): special network not available ni=mobile_hipri
D/ConnectivityService( 1948): special network not available ni=mobile_hipri
D/ConnectivityService( 1948): special network not available ni=mobile_hipri
W/InputMethodManagerService( 1948): Window already focused, ignoring focus gain of: com.android.internal.view.IInputMethodClient$Stub$Proxy@219f81a4 attribute=null, token = android.os.BinderProxy@2179726c
D/ConnectivityService( 1948): special network not available ni=mobile_hipri
D/ConnectivityService( 1948): special network not available ni=mobile_hipri
D/ConnectivityService( 1948): special network not available ni=mobile_hipri
D/ConnectivityService( 1948): special network not available ni=mobile_hipri
D/ConnectivityService( 1948): special network not available ni=mobile_hipri
D/ConnectivityService( 1948): special network not available ni=mobile_hipri
D/ConnectivityService( 1948): special network not available ni=mobile_hipri
I/ActivityManager( 1948): START u0 {act=android.intent.action.MAIN cmp=com.android.settings/.SubSettings (has extras)} from pid 5030
D/ConnectivityService( 1948): special network not available ni=mobile_hipri
D/ConnectivityService( 1948): special network not available ni=mobile_hipri
D/ConnectivityService( 1948): special network not available ni=mobile_hipri
D/ConnectivityService( 1948): special network not available ni=mobile_hipri
D/ConnectivityService( 1948): special network not available ni=mobile_hipri
D/ConnectivityService( 1948): special network not available ni=mobile_hipri
D/ConnectivityService( 1948): special network not available ni=mobile_hipri
D/ConnectivityService( 1948): special network not available ni=mobile_hipri
D/ConnectivityService( 1948): special network not available ni=mobile_hipri
D/ConnectivityService( 1948): special network not available ni=mobile_hipri
D/ConnectivityService( 1948): special network not available ni=mobile_hipri
I/ActivityManager( 1948): Killing 3348:com.android.gallery3d/u0a48 (adj 15): empty #17
D/ConnectivityService( 1948): special network not available ni=mobile_hipri
D/ConnectivityService( 1948): special network not available ni=mobile_hipri
D/ConnectivityService( 1948): special network not available ni=mobile_hipri
D/ConnectivityService( 1948): special network not available ni=mobile_hipri
I/ActivityManager( 1948): START u0 {act=android.intent.action.MAIN cat=[android.intent.category.LAUNCHER] flg=0x10200000 cmp=jackpal.androidterm/.Term} from pid 3453
I/ActivityManager( 1948): Start proc jackpal.androidterm for activity jackpal.androidterm/.Term: pid=5086 uid=10024 gids={50024, 3003, 1028, 1015, 1023}
D/ConnectivityService( 1948): special network not available ni=mobile_hipri
D/ConnectivityService( 1948): special network not available ni=mobile_hipri
D/ConnectivityService( 1948): special network not available ni=mobile_hipri
D/ConnectivityService( 1948): special network not available ni=mobile_hipri
D/ConnectivityService( 1948): special network not available ni=mobile_hipri
D/ConnectivityService( 1948): special network not available ni=mobile_hipri
D/ConnectivityService( 1948): special network not available ni=mobile_hipri
D/ConnectivityService( 1948): special network not available ni=mobile_hipri
D/ConnectivityService( 1948): special network not available ni=mobile_hipri
I/ActivityManager( 1948): START u0 {act=android.intent.action.MAIN cat=[android.intent.category.HOME] flg=0x10200000 cmp=com.cyanogenmod.trebuchet/com.android.launcher3.Launcher} from pid 1948
D/ConnectivityService( 1948): special network not available ni=mobile_hipri
D/ConnectivityService( 1948): [CheckMp] isMobileOk: timed out
D/ConnectivityService( 1948): [CheckMp] isMobileOk: F stop hipri
D/MobileDataStateTracker( 1948): default: setEnableFailFastMobileData(enabled=0)
W/InputMethodManagerService( 1948): Window already focused, ignoring focus gain of: com.android.internal.view.IInputMethodClient$Stub$Proxy@2184c5cc attribute=null, token = android.os.BinderProxy@218d55a0
I/ActivityManager( 1948): START u0 {flg=0x10000000 cmp=jackpal.androidterm/.Term bnds=[48,76][528,140]} from pid -1
W/KeyguardTouchDelegate( 2015): dismiss(): NO SERVICE!
V/KeyguardTouchDelegate( 2015): Connected to keyguard
D/ConnectivityService( 1948): [CheckMp] isMobileOk: X result=0
D/ConnectivityService( 1948): [CheckMp] onPostExecute: result=0
D/ConnectivityService( 1948): CheckMp.onComplete: result=0
D/ConnectivityService( 1948): CheckMp.onComplete: ignore, connected or no connection
W/InputMethodManagerService( 1948): Window already focused, ignoring focus gain of: com.android.internal.view.IInputMethodClient$Stub$Proxy@216debb0 attribute=android.view.inputmethod.EditorInfo@217e78e8, token = android.os.BinderProxy@217d3808
W/InputMethodManagerService( 1948): Window already focused, ignoring focus gain of: com.android.internal.view.IInputMethodClient$Stub$Proxy@216e9748 attribute=null, token = android.os.BinderProxy@217d3808
W/InputMethodManagerService( 1948): Window already focused, ignoring focus gain of: com.android.internal.view.IInputMethodClient$Stub$Proxy@217f234c attribute=null, token = android.os.BinderProxy@217d3808
W/InputMethodManagerService( 1948): Window already focused, ignoring focus gain of: com.android.internal.view.IInputMethodClient$Stub$Proxy@21a6ac9c attribute=null, token = android.os.BinderProxy@217d3808
I/ActivityManager( 1948): START u0 {act=android.intent.action.MAIN cat=[android.intent.category.HOME] flg=0x10200000 cmp=com.cyanogenmod.trebuchet/com.android.launcher3.Launcher} from pid 1948
W/InputMethodManagerService( 1948): Starting input on non-focused client com.android.internal.view.IInputMethodClient$Stub$Proxy@216c7560 (uid=10024 pid=5086)
W/BroadcastQueue( 1948): Timeout of broadcast BroadcastRecord{21adc378 u-1 android.net.conn.CONNECTIVITY_CHANGE} - receiver=android.os.BinderProxy@2198d218, started 119987ms ago
W/BroadcastQueue( 1948): Receiver during timeout: ResolveInfo{21a83a1c com.google.android.gsf/.gtalkservice.ServiceAutoStarter m=0x108000}
E/ActivityManager( 1948): ANR in com.google.process.gapps
E/ActivityManager( 1948): PID: 4885
E/ActivityManager( 1948): Reason: Broadcast of Intent { act=android.net.conn.CONNECTIVITY_CHANGE flg=0x4000010 cmp=com.google.android.gsf/.gtalkservice.ServiceAutoStarter (has extras) }
E/ActivityManager( 1948): Load: 0.1 / 0.37 / 0.43
E/ActivityManager( 1948): CPU usage from 39152ms to 0ms ago:
E/ActivityManager( 1948): 0.3% 1948/system_server: 0.1% user + 0.1% kernel / faults: 15 minor
E/ActivityManager( 1948): 0.1% 2015/com.android.systemui: 0% user + 0% kernel / faults: 51 minor
E/ActivityManager( 1948): 0% 1605/surfaceflinger: 0% user + 0% kernel / faults: 25 minor
E/ActivityManager( 1948): 0% 3453/com.cyanogenmod.trebuchet: 0% user + 0% kernel / faults: 1 minor
E/ActivityManager( 1948): 0% 4460/irq/17-b43: 0% user + 0% kernel
E/ActivityManager( 1948): 0% 20/rcuop/1: 0% user + 0% kernel
E/ActivityManager( 1948): 0% 2133/com.android.inputmethod.latin: 0% user + 0% kernel / faults: 25 minor
E/ActivityManager( 1948): 0% 4384/kworker/u4:0: 0% user + 0% kernel
E/ActivityManager( 1948): 0% 4452/kworker/u4:68: 0% user + 0% kernel
E/ActivityManager( 1948): 0.3% TOTAL: 0.1% user + 0.1% kernel
E/ActivityManager( 1948): CPU usage from 1380ms to 1893ms later with 99% awake:
E/ActivityManager( 1948): 3.9% 1948/system_server: 3.9% user + 0% kernel / faults: 15 minor
E/ActivityManager( 1948): 3.9% 1963/ActivityManager: 1.9% user + 1.9% kernel
E/ActivityManager( 1948): 1.9% 1955/Compiler: 1.9% user + 0% kernel
E/ActivityManager( 1948): 1.9% TOTAL: 0.9% user + 0.9% kernel
I/ActivityManager( 1948): Killing 4885:com.google.process.gapps/u0a8 (adj 0): background ANR
W/ActivityManager( 1948): Scheduling restart of crashed service com.google.android.gsf/.gtalkservice.PushMessagingRegistrarProxy in 275952ms
W/ActivityManager( 1948): Scheduling restart of crashed service com.google.android.gms/.auth.GetToken in 1000ms
W/ActivityManager( 1948): Scheduling restart of crashed service com.google.android.gsf.login/com.google.android.gsf.loginservice.GoogleLoginService in 11000ms
W/ActivityManager( 1948): Scheduling restart of crashed service com.google.android.gms/.gcm.GcmService in 21000ms
W/ActivityManager( 1948): Scheduling restart of crashed service com.google.android.gms/.clearcut.service.ClearcutLoggerIntentService in 31000ms
W/ActivityManager( 1948): Scheduling restart of crashed service com.google.android.gms/.gcm.http.GoogleHttpService in 31000ms
F/ActivityManager( 1948): Service ServiceRecord{219d6e28 u0 com.google.android.gms/.auth.be.GoogleAccountDataService} in process ProcessRecord{219fbeec 4885:com.google.process.gapps/u0a8} not same as in map: null
W/ActivityManager( 1948): Scheduling restart of crashed service com.google.android.gms/.config.ConfigService in 40947ms
W/ActivityManager( 1948): Scheduling restart of crashed service com.google.android.gms/.clearcut.service.ClearcutLoggerService in 50947ms
W/ActivityManager( 1948): Scheduling restart of crashed service com.google.android.gsf/.subscribedfeeds.SubscribedFeedsSyncAdapterService in 60947ms
I/ActivityManager( 1948): Start proc com.google.process.gapps for service com.google.android.gms/.gcm.http.GoogleHttpService: pid=5120 uid=10008 gids={50008, 3003, 1007, 1028, 1015, 1023, 3002, 3001, 3007, 2001, 3006}
I/ActivityManager( 1948): Start proc com.android.mms for broadcast com.android.mms/.transaction.MmsSystemEventReceiver: pid=5137 uid=10013 gids={50013, 3003, 1028, 1015, 1023}
D/CountryDetector( 1948): The first listener is added
I/ActivityManager( 1948): Start proc com.google.android.setupwizard for broadcast com.google.android.setupwizard/.MobileConnectivityChangeReceiver: pid=5164 uid=10018 gids={50018, 3003}
I/ActivityManager( 1948): Killing 2463:com.google.android.gms.wearable/u0a8 (adj 15): empty #17
I/ActivityManager( 1948): Killing 3529:com.android.providers.calendar/u0a1 (adj 15): empty #17
W/ActivityThread( 5120): ClassLoader.loadClass: The class loader returned by Thread.getContextClassLoader() may fail for processes that host multiple applications. You should explicitly specify a context class loader. For example: Thread.setContextClassLoader(getClass().getClassLoader());
I/ActivityManager( 1948): Start proc com.google.android.gms.wearable for service com.google.android.gms/.wearable.service.WearableService: pid=5216 uid=10008 gids={50008, 3003, 1007, 1028, 1015, 1023, 3002, 3001, 3007, 2001, 3006}
I/ActivityManager( 1948): Start proc com.google.android.music:ui for service com.google.android.music/.tutorial.SignupStatus$SignupCheckService: pid=5231 uid=10062 gids={50062, 3003, 1028, 1015, 1023}
D/ConnectivityService( 1948): handleInetConditionHoldEnd: net=1, condition=100, published condition=100
W/Vold ( 1601): Returning OperationFailed - no handler for errno 30
W/Vold ( 1601): Returning OperationFailed - no handler for errno 30
W/Vold ( 1601): Returning OperationFailed - no handler for errno 30
W/Vold ( 1601): Returning OperationFailed - no handler for errno 30
E/Vold ( 1601): Failed to find volume for /storage/sdcard1/Android/data/com.google.android.music/files/
W/Vold ( 1601): Returning OperationFailed - no handler for errno 30
W/Vold ( 1601): Returning OperationFailed - no handler for errno 30
W/Vold ( 1601): Returning OperationFailed - no handler for errno 30
W/Vold ( 1601): Returning OperationFailed - no handler for errno 30
W/Vold ( 1601): Returning OperationFailed - no handler for errno 30
E/Vold ( 1601): Failed to find volume for /storage/sdcard1/Android/data/com.google.android.music/files/
W/Vold ( 1601): Returning OperationFailed - no handler for errno 30
W/Vold ( 1601): Returning OperationFailed - no handler for errno 30
W/Vold ( 1601): Returning OperationFailed - no handler for errno 30
W/Vold ( 1601): Returning OperationFailed - no handler for errno 30
W/Vold ( 1601): Returning OperationFailed - no handler for errno 30
E/Vold ( 1601): Failed to find volume for /storage/sdcard1/Android/data/com.google.android.music/files/
W/Vold ( 1601): Returning OperationFailed - no handler for errno 30
I/ActivityManager( 1948): Delay finish: com.google.android.gms/.udc.service.LoginAccountsChangedReceiver
I/ActivityManager( 1948): Resuming delayed broadcast
I/ActivityManager( 1948): Start proc com.google.android.partnersetup for broadcast com.google.android.partnersetup/.RlzPingBroadcastReceiver: pid=5273 uid=10011 gids={50011, 3003}
I/ActivityManager( 1948): Delay finish: com.google.android.partnersetup/.RlzPingBroadcastReceiver
I/ActivityManager( 1948): Resuming delayed broadcast
I/ActivityManager( 1948): Delay finish: com.android.vending/com.google.android.finsky.receivers.AccountsChangedReceiver
I/ActivityManager( 1948): Resuming delayed broadcast
I/ActivityManager( 1948): Start proc com.google.android.googlequicksearchbox:search for broadcast com.google.android.googlequicksearchbox/com.google.android.sidekick.main.AccountsChangedReceiver: pid=5313 uid=10021 gids={50021, 3003, 3001, 1028, 3002, 1015, 1023}
I/ActivityManager( 1948): Delay finish: com.google.android.googlequicksearchbox/com.google.android.sidekick.main.AccountsChangedReceiver
W/Vold ( 1601): Returning OperationFailed - no handler for errno 30
W/Vold ( 1601): Returning OperationFailed - no handler for errno 30
W/Vold ( 1601): Returning OperationFailed - no handler for errno 30
W/Vold ( 1601): Returning OperationFailed - no handler for errno 30
E/Vold ( 1601): Failed to find volume for /storage/sdcard1/Android/data/com.google.android.music/cache/
W/Vold ( 1601): Returning OperationFailed - no handler for errno 30
I/ActivityManager( 1948): Resuming delayed broadcast
I/ActivityManager( 1948): Start proc com.android.browser for broadcast com.android.browser/.AccountsChangedReceiver: pid=5394 uid=10028 gids={50028, 3003, 1028, 1015, 1023}
W/Vold ( 1601): Returning OperationFailed - no handler for errno 30
W/Vold ( 1601): Returning OperationFailed - no handler for errno 30
W/Vold ( 1601): Returning OperationFailed - no handler for errno 30
W/Vold ( 1601): Returning OperationFailed - no handler for errno 30
E/Vold ( 1601): Failed to find volume for /storage/sdcard1/Android/data/com.android.browser/files/
W/Vold ( 1601): Returning OperationFailed - no handler for errno 30
I/ActivityManager( 1948): Delay finish: com.android.email/.service.EmailBroadcastReceiver
I/ActivityManager( 1948): Delaying start of: ServiceRecord{2186aef4 u0 com.android.exchange/.service.EmailSyncAdapterService}
I/ActivityManager( 1948): Resuming delayed broadcast
I/ActivityManager( 1948): Start proc com.google.android.gm for broadcast com.google.android.gm/.AccountsChangedReceiver: pid=5429 uid=10049 gids={50049, 3003, 1028, 1015, 1023}
I/ActivityManager( 1948): Killing 4572:com.google.android.inputmethod.latin/u0a55 (adj 15): empty #17
I/ActivityManager( 1948): Killing 4752:com.google.android.apps.cloudprint/u0a34 (adj 15): empty #17
D/ActivityThread( 5429): Loading provider com.android.gmail.ui: com.google.android.gm.provider.GmailProvider
D/ActivityThread( 5429): Loading provider com.google.android.gmail.provider;com.android.mail.notifier;com.google.android.gm.email.provider;com.google.android.gm.email.notifier: com.android.email.provider.EmailProvider
W/ActivityManager( 1948): Unable to start service Intent { act=com.google.android.gm.email.EXCHANGE_INTENT pkg=com.google.android.gm.exchange } U=0: not found
W/ActivityManager( 1948): Unable to start service Intent { act=com.google.android.gm.email.EXCHANGE_INTENT pkg=com.google.android.gm.exchange } U=0: not found
I/ActivityManager( 1948): Delay finish: com.google.android.gm/.AccountsChangedReceiver
I/ActivityManager( 1948): Resuming delayed broadcast
I/ActivityManager( 1948): Delay finish: com.google.android.gm/com.android.email.service.EmailBroadcastReceiver
W/ActivityManager( 1948): Unable to start service Intent { act=com.google.android.gm.email.EXCHANGE_INTENT pkg=com.google.android.gm.exchange } U=0: not found
W/ActivityManager( 1948): Unable to start service Intent { cmp=com.google.android.gm/com.android.email.service.AttachmentService } U=0: not found
W/ActivityManager( 1948): Unable to start service Intent { act=com.google.android.gm.email.EXCHANGE_INTENT pkg=com.google.android.gm.exchange } U=0: not found
W/ActivityManager( 1948): Unable to start service Intent { act=com.google.android.gm.email.EXCHANGE_INTENT pkg=com.google.android.gm.exchange } U=0: not found
I/ActivityManager( 1948): Resuming delayed broadcast
E/ActivityThread( 5429): Service com.android.email.service.EmailBroadcastProcessorService has leaked ServiceConnection com.android.emailcommon.service.am@2172dde4 that was originally bound here
E/ActivityThread( 5429): android.app.ServiceConnectionLeaked: Service com.android.email.service.EmailBroadcastProcessorService has leaked ServiceConnection com.android.emailcommon.service.am@2172dde4 that was originally bound here
E/ActivityThread( 5429): at android.app.LoadedApk$ServiceDispatcher.(LoadedApk.java:970)
E/ActivityThread( 5429): at android.app.LoadedApk.getServiceDispatcher(LoadedApk.java:864)
E/ActivityThread( 5429): at android.app.ContextImpl.bindServiceCommon(ContextImpl.java:1569)
E/ActivityThread( 5429): at android.app.ContextImpl.bindService(ContextImpl.java:1552)
E/ActivityThread( 5429): at android.content.ContextWrapper.bindService(ContextWrapper.java:517)
E/ActivityThread( 5429): at com.android.emailcommon.service.ak.a(SourceFile:181)
E/ActivityThread( 5429): at com.android.emailcommon.service.ak.e(SourceFile:224)
E/ActivityThread( 5429): at com.android.email.service.n.c(SourceFile:177)
E/ActivityThread( 5429): at com.android.email.provider.b.a(SourceFile:198)
E/ActivityThread( 5429): at com.android.email.provider.b.a(SourceFile:142)
E/ActivityThread( 5429): at com.android.email.service.EmailBroadcastProcessorService.c(SourceFile:349)
E/ActivityThread( 5429): at com.android.email.service.EmailBroadcastProcessorService.onHandleIntent(SourceFile:1458)
E/ActivityThread( 5429): at android.app.IntentService$ServiceHandler.handleMessage(IntentService.java:65)
E/ActivityThread( 5429): at android.os.Handler.dispatchMessage(Handler.java:102)
E/ActivityThread( 5429): at android.os.Looper.loop(Looper.java:136)
E/ActivityThread( 5429): at android.os.HandlerThread.run(HandlerThread.java:61)
I/ActivityManager( 1948): Start proc com.google.android.syncadapters.calendar for broadcast com.google.android.syncadapters.calendar/.CalendarSyncAdapterBroadcastReceiver: pid=5489 uid=10050 gids={50050, 3003}
W/ActivityManager( 1948): Unbind failed: could not find connection for android.os.BinderProxy@21817508
W/ActivityManager( 1948): Unable to start service Intent { act=com.google.android.gm.email.EXCHANGE_INTENT pkg=com.google.android.gm.exchange } U=0: not found
I/ActivityManager( 1948): Delay finish: com.google.android.syncadapters.calendar/.CalendarSyncAdapterBroadcastReceiver
I/ActivityManager( 1948): Start proc com.android.providers.calendar for content provider com.android.providers.calendar/.CalendarProvider2: pid=5507 uid=10001 gids={50001, 3003, 1028, 1015, 1023}
I/ActivityManager( 1948): Resuming delayed broadcast
I/ActivityManager( 1948): Killing 4732:com.google.android.apps.cloudprint:sync/u0a34 (adj 15): empty #17
I/ActivityManager( 1948): Start proc com.google.android.inputmethod.latin for broadcast com.google.android.inputmethod.latin/com.android.inputmethod.latin.accounts.AccountsChangedReceiver: pid=5525 uid=10055 gids={50055, 3003, 1028, 1015, 1023}
I/ActivityManager( 1948): Start proc com.google.android.apps.maps for broadcast com.google.android.apps.maps/com.google.android.apps.gmm.ulr.UlrSettingsReceiver: pid=5541 uid=10060 gids={50060, 3003, 1028, 1015, 1023, 3002, 3001}
I/ActivityManager( 1948): Killing 2365:com.svox.pico/u0a67 (adj 15): empty #17
I/ActivityManager( 1948): Killing 4168:com.google.android.gsf.login/u0a8 (adj 15): empty #17
I/ActivityManager( 1948): Start proc com.google.android.youtube for broadcast com.google.android.youtube/com.google.android.libraries.youtube.account.AccountsChangedReceiver: pid=5570 uid=10081 gids={50081, 3003, 1028, 1015, 1023}
I/ActivityManager( 1948): Killing 4961:com.android.provision/u0a71 (adj 15): empty #17
W/ActivityThread( 5541): ClassLoader.loadClass: The class loader returned by Thread.getContextClassLoader() may fail for processes that host multiple applications. You should explicitly specify a context class loader. For example: Thread.setContextClassLoader(getClass().getClassLoader());
I/ActivityManager( 1948): Killing 5030:com.android.settings/1000 (adj 15): empty #17
W/Vold ( 1601): Returning OperationFailed - no handler for errno 30
W/Vold ( 1601): Returning OperationFailed - no handler for errno 30
W/Vold ( 1601): Returning OperationFailed - no handler for errno 30
W/Vold ( 1601): Returning OperationFailed - no handler for errno 30
E/Vold ( 1601): Failed to find volume for /storage/sdcard1/Android/data/com.google.android.youtube/cache/
W/Vold ( 1601): Returning OperationFailed - no handler for errno 30
W/Vold ( 1601): Returning OperationFailed - no handler for errno 30
W/Vold ( 1601): Returning OperationFailed - no handler for errno 30
W/Vold ( 1601): Returning OperationFailed - no handler for errno 30
W/Vold ( 1601): Returning OperationFailed - no handler for errno 30
E/Vold ( 1601): Failed to find volume for /storage/sdcard1/Android/data/com.google.android.youtube/cache/
W/Vold ( 1601): Returning OperationFailed - no handler for errno 30
W/Vold ( 1601): Returning OperationFailed - no handler for errno 30
W/Vold ( 1601): Returning OperationFailed - no handler for errno 30
W/Vold ( 1601): Returning OperationFailed - no handler for errno 30
W/Vold ( 1601): Returning OperationFailed - no handler for errno 30
E/Vold ( 1601): Failed to find volume for /storage/sdcard1/Android/data/com.google.android.youtube/files/
W/Vold ( 1601): Returning OperationFailed - no handler for errno 30
W/Vold ( 1601): Returning OperationFailed - no handler for errno 30
W/Vold ( 1601): Returning OperationFailed - no handler for errno 30
W/Vold ( 1601): Returning OperationFailed - no handler for errno 30
W/Vold ( 1601): Returning OperationFailed - no handler for errno 30
E/Vold ( 1601): Failed to find volume for /storage/sdcard1/Android/data/com.google.android.youtube/files/
W/Vold ( 1601): Returning OperationFailed - no handler for errno 30
I/ActivityManager( 1948): Start proc com.android.calendar for broadcast com.android.calendar/.alerts.AlertReceiver: pid=5640 uid=10031 gids={50031, 3003}
I/ActivityManager( 1948): Killing 3871:android.process.media/u0a6 (adj 15): empty #17
I/ActivityManager( 1948): Killing 5137:com.android.mms/u0a13 (adj 15): empty #17
D/CountryDetector( 1948): No listener is left
I/ActivityManager( 1948): Killing 5164:com.google.android.setupwizard/u0a18 (adj 15): empty #17
I/ActivityManager( 1948): Killing 4585:com.google.android.apps.magazines/u0a58 (adj 15): empty #17
I/ActivityManager( 1948): Killing 5231:com.google.android.music:ui/u0a62 (adj 15): empty #17
W/Vold ( 1601): Returning OperationFailed - no handler for errno 30
W/Vold ( 1601): Returning OperationFailed - no handler for errno 30
W/Vold ( 1601): Returning OperationFailed - no handler for errno 30
W/Vold ( 1601): Returning OperationFailed - no handler for errno 30
E/Vold ( 1601): Failed to find volume for /storage/sdcard1/Android/data/com.android.vending/files/
W/Vold ( 1601): Returning OperationFailed - no handler for errno 30
W/Vold ( 1601): Returning OperationFailed - no handler for errno 30
W/Vold ( 1601): Returning OperationFailed - no handler for errno 30
W/Vold ( 1601): Returning OperationFailed - no handler for errno 30
W/Vold ( 1601): Returning OperationFailed - no handler for errno 30
E/Vold ( 1601): Failed to find volume for /storage/sdcard1/Android/data/com.android.vending/files/
W/Vold ( 1601): Returning OperationFailed - no handler for errno 30
W/Vold ( 1601): Returning OperationFailed - no handler for errno 30
W/Vold ( 1601): Returning OperationFailed - no handler for errno 30
W/Vold ( 1601): Returning OperationFailed - no handler for errno 30
W/Vold ( 1601): Returning OperationFailed - no handler for errno 30
E/Vold ( 1601): Failed to find volume for /storage/sdcard1/Android/data/com.android.vending/files/
W/Vold ( 1601): Returning OperationFailed - no handler for errno 30
W/Vold ( 1601): Returning OperationFailed - no handler for errno 30
W/Vold ( 1601): Returning OperationFailed - no handler for errno 30
W/Vold ( 1601): Returning OperationFailed - no handler for errno 30
W/Vold ( 1601): Returning OperationFailed - no handler for errno 30
E/Vold ( 1601): Failed to find volume for /storage/sdcard1/Android/data/com.android.vending/files/
W/Vold ( 1601): Returning OperationFailed - no handler for errno 30
W/Vold ( 1601): Returning OperationFailed - no handler for errno 30
W/Vold ( 1601): Returning OperationFailed - no handler for errno 30
W/Vold ( 1601): Returning OperationFailed - no handler for errno 30
W/Vold ( 1601): Returning OperationFailed - no handler for errno 30
E/Vold ( 1601): Failed to find volume for /storage/sdcard1/Android/data/com.android.vending/files/
W/Vold ( 1601): Returning OperationFailed - no handler for errno 30
W/Vold ( 1601): Returning OperationFailed - no handler for errno 30
W/Vold ( 1601): Returning OperationFailed - no handler for errno 30
W/Vold ( 1601): Returning OperationFailed - no handler for errno 30
W/Vold ( 1601): Returning OperationFailed - no handler for errno 30
E/Vold ( 1601): Failed to find volume for /storage/sdcard1/Android/data/com.android.vending/files/
W/Vold ( 1601): Returning OperationFailed - no handler for errno 30
W/Vold ( 1601): Returning OperationFailed - no handler for errno 30
W/Vold ( 1601): Returning OperationFailed - no handler for errno 30
W/Vold ( 1601): Returning OperationFailed - no handler for errno 30
W/Vold ( 1601): Returning OperationFailed - no handler for errno 30
E/Vold ( 1601): Failed to find volume for /storage/sdcard1/Android/data/com.android.vending/files/
W/Vold ( 1601): Returning OperationFailed - no handler for errno 30
W/Vold ( 1601): Returning OperationFailed - no handler for errno 30
W/Vold ( 1601): Returning OperationFailed - no handler for errno 30
W/Vold ( 1601): Returning OperationFailed - no handler for errno 30
W/Vold ( 1601): Returning OperationFailed - no handler for errno 30
E/Vold ( 1601): Failed to find volume for /storage/sdcard1/Android/data/com.android.vending/files/
W/Vold ( 1601): Returning OperationFailed - no handler for errno 30
W/Vold ( 1601): Returning OperationFailed - no handler for errno 30
W/Vold ( 1601): Returning OperationFailed - no handler for errno 30
W/Vold ( 1601): Returning OperationFailed - no handler for errno 30
W/Vold ( 1601): Returning OperationFailed - no handler for errno 30
E/Vold ( 1601): Failed to find volume for /storage/sdcard1/Android/data/com.android.vending/files/
W/Vold ( 1601): Returning OperationFailed - no handler for errno 30
W/Vold ( 1601): Returning OperationFailed - no handler for errno 30
W/Vold ( 1601): Returning OperationFailed - no handler for errno 30
W/Vold ( 1601): Returning OperationFailed - no handler for errno 30
W/Vold ( 1601): Returning OperationFailed - no handler for errno 30
E/Vold ( 1601): Failed to find volume for /storage/sdcard1/Android/data/com.android.vending/files/
W/Vold ( 1601): Returning OperationFailed - no handler for errno 30
W/Vold ( 1601): Returning OperationFailed - no handler for errno 30
I/PackageManager( 1948): Adding preferred activity ComponentInfo{com.android.mms/com.android.mms.ui.ComposeMessageActivity} for user 0 :
W/Vold ( 1601): Returning OperationFailed - no handler for errno 30
I/PackageManager( 1948): Adding preferred activity ComponentInfo{com.android.mms/com.android.mms.ui.ComposeMessageActivity} for user 0 :
W/Vold ( 1601): Returning OperationFailed - no handler for errno 30
I/PackageManager( 1948): Adding preferred activity ComponentInfo{com.android.mms/com.android.mms.ui.ComposeMessageActivity} for user 0 :
W/Vold ( 1601): Returning OperationFailed - no handler for errno 30
I/PackageManager( 1948): Adding preferred activity ComponentInfo{com.android.mms/com.android.mms.ui.ComposeMessageActivity} for user 0 :
E/Vold ( 1601): Failed to find volume for /storage/sdcard1/Android/data/com.android.vending/files/
W/Vold ( 1601): Returning OperationFailed - no handler for errno 30
W/BackupManagerService( 1948): dataChanged but no participant pkg='com.cyanogenmod.trebuchet' uid=10020
I/PackageManager( 1948): Adding preferred activity ComponentInfo{com.android.mms/com.android.mms.ui.ComposeMessageActivity} for user 0 :
I/PackageManager( 1948): Adding preferred activity ComponentInfo{com.android.mms/com.android.mms.ui.ComposeMessageActivity} for user 0 :
I/PackageManager( 1948): Adding preferred activity ComponentInfo{com.android.mms/com.android.mms.ui.ComposeMessageActivity} for user 0 :
I/PackageManager( 1948): Adding preferred activity ComponentInfo{com.android.mms/com.android.mms.ui.ComposeMessageActivity} for user 0 :
I/PackageManager( 1948): Adding preferred activity ComponentInfo{com.android.mms/com.android.mms.ui.ComposeMessageActivity} for user 0 :
I/PackageManager( 1948): Adding preferred activity ComponentInfo{com.android.mms/com.android.mms.ui.ComposeMessageActivity} for user 0 :
I/PackageManager( 1948): Adding preferred activity ComponentInfo{com.android.mms/com.android.mms.ui.ComposeMessageActivity} for user 0 :
I/PackageManager( 1948): Adding preferred activity ComponentInfo{com.android.mms/com.android.mms.ui.ComposeMessageActivity} for user 0 :
I/PackageManager( 1948): Adding preferred activity ComponentInfo{com.android.mms/com.android.mms.ui.ComposeMessageActivity} for user 0 :
I/PackageManager( 1948): Adding preferred activity ComponentInfo{com.android.mms/com.android.mms.ui.ComposeMessageActivity} for user 0 :
I/PackageManager( 1948): Adding preferred activity ComponentInfo{com.android.mms/com.android.mms.ui.ComposeMessageActivity} for user 0 :
I/PackageManager( 1948): Adding preferred activity ComponentInfo{com.android.mms/com.android.mms.ui.ComposeMessageActivity} for user 0 :
W/Vold ( 1601): Returning OperationFailed - no handler for errno 30
W/Vold ( 1601): Returning OperationFailed - no handler for errno 30
W/Vold ( 1601): Returning OperationFailed - no handler for errno 30
W/Vold ( 1601): Returning OperationFailed - no handler for errno 30
E/Vold ( 1601): Failed to find volume for /storage/sdcard1/Android/data/com.android.vending/files/
W/Vold ( 1601): Returning OperationFailed - no handler for errno 30
W/Vold ( 1601): Returning OperationFailed - no handler for errno 30
W/Vold ( 1601): Returning OperationFailed - no handler for errno 30
W/Vold ( 1601): Returning OperationFailed - no handler for errno 30
W/Vold ( 1601): Returning OperationFailed - no handler for errno 30
E/Vold ( 1601): Failed to find volume for /storage/sdcard1/Android/data/com.android.vending/files/
W/Vold ( 1601): Returning OperationFailed - no handler for errno 30
W/Vold ( 1601): Returning OperationFailed - no handler for errno 30
W/Vold ( 1601): Returning OperationFailed - no handler for errno 30
W/Vold ( 1601): Returning OperationFailed - no handler for errno 30
W/Vold ( 1601): Returning OperationFailed - no handler for errno 30
E/Vold ( 1601): Failed to find volume for /storage/sdcard1/Android/data/com.android.vending/files/
W/Vold ( 1601): Returning OperationFailed - no handler for errno 30
W/Vold ( 1601): Returning OperationFailed - no handler for errno 30
W/Vold ( 1601): Returning OperationFailed - no handler for errno 30
W/Vold ( 1601): Returning OperationFailed - no handler for errno 30
W/Vold ( 1601): Returning OperationFailed - no handler for errno 30
E/Vold ( 1601): Failed to find volume for /storage/sdcard1/Android/data/com.android.vending/files/
W/Vold ( 1601): Returning OperationFailed - no handler for errno 30
I/ActivityManager( 1948): Killing 5273:com.google.android.partnersetup/u0a11 (adj 15): empty #17
W/Vold ( 1601): Returning OperationFailed - no handler for errno 30
W/Vold ( 1601): Returning OperationFailed - no handler for errno 30
W/Vold ( 1601): Returning OperationFailed - no handler for errno 30
W/Vold ( 1601): Returning OperationFailed - no handler for errno 30
E/Vold ( 1601): Failed to find volume for /storage/sdcard1/Android/data/com.android.vending/files/
W/Vold ( 1601): Returning OperationFailed - no handler for errno 30
W/Vold ( 1601): Returning OperationFailed - no handler for errno 30
W/Vold ( 1601): Returning OperationFailed - no handler for errno 30
W/Vold ( 1601): Returning OperationFailed - no handler for errno 30
W/Vold ( 1601): Returning OperationFailed - no handler for errno 30
E/Vold ( 1601): Failed to find volume for /storage/sdcard1/Android/data/com.android.vending/files/
W/Vold ( 1601): Returning OperationFailed - no handler for errno 30
E/ActivityThread( 2305): Failed to find provider info for com.google.android.wearable.settings
E/ActivityThread( 2305): Failed to find provider info for com.google.android.wearable.settings
D/CountryDetector( 1948): The first listener is added
I/PackageManager( 1948): Adding preferred activity ComponentInfo{com.android.mms/com.android.mms.ui.ComposeMessageActivity} for user 0 :
I/PackageManager( 1948): Adding preferred activity ComponentInfo{com.android.mms/com.android.mms.ui.ComposeMessageActivity} for user 0 :
I/PackageManager( 1948): Adding preferred activity ComponentInfo{com.android.mms/com.android.mms.ui.ComposeMessageActivity} for user 0 :
I/PackageManager( 1948): Adding preferred activity ComponentInfo{com.android.mms/com.android.mms.ui.ComposeMessageActivity} for user 0 :
I/PackageManager( 1948): Adding preferred activity ComponentInfo{com.android.mms/com.android.mms.ui.ComposeMessageActivity} for user 0 :
I/PackageManager( 1948): Adding preferred activity ComponentInfo{com.android.mms/com.android.mms.ui.ComposeMessageActivity} for user 0 :
I/PackageManager( 1948): Adding preferred activity ComponentInfo{com.android.mms/com.android.mms.ui.ComposeMessageActivity} for user 0 :
I/PackageManager( 1948): Adding preferred activity ComponentInfo{com.android.mms/com.android.mms.ui.ComposeMessageActivity} for user 0 :
W/BroadcastQueue( 1948): Timeout of broadcast BroadcastRecord{218b81bc u0 com.google.android.gms.INITIALIZE} - receiver=android.os.BinderProxy@21840ea0, started 60000ms ago
W/BroadcastQueue( 1948): Receiver during timeout: ResolveInfo{21a1ce78 com.google.android.gms/.subscribedfeeds.ConfigurationReceiver m=0x108000}
E/ActivityManager( 1948): ANR in com.google.android.gms
E/ActivityManager( 1948): PID: 2305
E/ActivityManager( 1948): Reason: Broadcast of Intent { act=com.google.android.gms.INITIALIZE flg=0x10 pkg=com.google.android.gms cmp=com.google.android.gms/.subscribedfeeds.ConfigurationReceiver }
E/ActivityManager( 1948): Load: 0.38 / 0.41 / 0.44
E/ActivityManager( 1948): CPU usage from 20216ms to 1559ms ago with 99% awake:
E/ActivityManager( 1948): 16% 3397/android.process.acore: 15% user + 1.8% kernel / faults: 2457 minor
E/ActivityManager( 1948): 4.6% 1948/system_server: 3.6% user + 0.9% kernel / faults: 1346 minor
E/ActivityManager( 1948): 3.3% 5120/com.google.process.gapps: 3% user + 0.2% kernel / faults: 981 minor
E/ActivityManager( 1948): 0.6% 5489/com.google.android.syncadapters.calendar: 0.6% user + 0% kernel / faults: 1015 minor
E/ActivityManager( 1948): 0.2% 3453/com.cyanogenmod.trebuchet: 0.2% user + 0% kernel / faults: 182 minor
E/ActivityManager( 1948): 0.3% 4460/irq/17-b43: 0% user + 0.3% kernel
E/ActivityManager( 1948): 0.1% 5507/com.android.providers.calendar: 0.1% user + 0% kernel / faults: 96 minor
E/ActivityManager( 1948): 0.1% 7/rcu_preempt: 0% user + 0.1% kernel
E/ActivityManager( 1948): 0% 1605/surfaceflinger: 0% user + 0% kernel / faults: 39 minor
E/ActivityManager( 1948): 0.1% 2015/com.android.systemui: 0.1% user + 0% kernel / faults: 24 minor
E/ActivityManager( 1948): 0% 4384/kworker/u4:0: 0% user + 0% kernel
E/ActivityManager( 1948): 0.1% 4452/kworker/u4:68: 0% user + 0.1% kernel
E/ActivityManager( 1948): 0% 10/rcuop/0: 0% user + 0% kernel
E/ActivityManager( 1948): 0% 20/rcuop/1: 0% user + 0% kernel
E/ActivityManager( 1948): 0% 1598/logcat: 0% user + 0% kernel
E/ActivityManager( 1948): 0% 1599/healthd: 0% user + 0% kernel
E/ActivityManager( 1948): 0% 2172/com.google.android.gms.persistent: 0% user + 0% kernel
E/ActivityManager( 1948): 0% 5541/com.google.android.apps.maps: 0% user + 0% kernel
E/ActivityManager( 1948): 13% TOTAL: 11% user + 1.8% kernel
E/ActivityManager( 1948): CPU usage from 1286ms to 1795ms later:
E/ActivityManager( 1948): 1.9% 1948/system_server: 1.9% user + 0% kernel
E/ActivityManager( 1948): 1.9% 1963/ActivityManager: 1.9% user + 0% kernel
E/ActivityManager( 1948): 0.9% TOTAL: 0.9% user + 0% kernel
I/ActivityManager( 1948): Killing 2305:com.google.android.gms/u0a8 (adj 0): background ANR
W/ActivityManager( 1948): Scheduling restart of crashed service com.google.android.gms/.plus.service.OfflineActionSyncAdapterService in 1000ms
W/ActivityManager( 1948): Scheduling restart of crashed service com.google.android.gms/.config.ConfigFetchService in 11000ms
W/ActivityManager( 1948): Scheduling restart of crashed service com.google.android.gms/.games.chimera.GamesSyncServiceNotificationProxy in 10999ms
W/ActivityManager( 1948): Scheduling restart of crashed service com.google.android.gms/.checkin.CheckinService in 20999ms
F/ActivityManager( 1948): Service ServiceRecord{21a5de58 u0 com.google.android.gms/.usagereporting.service.UsageReportingService} in process ProcessRecord{2181bb74 2305:com.google.android.gms/u0a8} not same as in map: null
W/ActivityManager( 1948): Scheduling restart of crashed service com.google.android.gms/.analytics.service.AnalyticsService in 30998ms
W/ActivityManager( 1948): Scheduling restart of crashed service com.google.android.gms/.people.sync.PeopleSyncService in 40998ms
W/ActivityManager( 1948): Scheduling restart of crashed service com.google.android.gms/.ads.identifier.service.AdvertisingIdService in 50998ms
W/ActivityManager( 1948): Scheduling restart of crashed service com.google.android.gms/.reminders.sync.RemindersSyncService in 60998ms
W/ActivityManager( 1948): Scheduling restart of crashed service com.google.android.gms/.gcm.PushMessagingRegistrarProxy in 124236ms
W/ActivityManager( 1948): Scheduling restart of crashed service com.google.android.gms/.mdm.services.NetworkQualityAndroidService in 70998ms
W/ActivityManager( 1948): Scheduling restart of crashed service com.google.android.gms/.games.chimera.GamesSyncServiceMainProxy in 80998ms
I/ActivityManager( 1948): Start proc com.google.android.gms for service com.google.android.gms/.plus.service.OfflineActionSyncAdapterService: pid=5733 uid=10008 gids={50008, 3003, 1007, 1028, 1015, 1023, 3002, 3001, 3007, 2001, 3006}
I/ActivityManager( 1948): Start proc com.google.android.apps.magazines for service com.google.android.apps.magazines/com.google.apps.dots.android.newsstand.service.SyncAdapterService: pid=5755 uid=10058 gids={50058, 3003, 1028, 1015, 1023}
W/Vold ( 1601): Returning OperationFailed - no handler for errno 30
W/Vold ( 1601): Returning OperationFailed - no handler for errno 30
W/Vold ( 1601): Returning OperationFailed - no handler for errno 30
W/Vold ( 1601): Returning OperationFailed - no handler for errno 30
E/Vold ( 1601): Failed to find volume for /storage/sdcard1/Android/data/com.google.android.apps.magazines/cache/
W/Vold ( 1601): Returning OperationFailed - no handler for errno 30
W/Vold ( 1601): Returning OperationFailed - no handler for errno 30
W/Vold ( 1601): Returning OperationFailed - no handler for errno 30
W/Vold ( 1601): Returning OperationFailed - no handler for errno 30
W/Vold ( 1601): Returning OperationFailed - no handler for errno 30
E/Vold ( 1601): Failed to find volume for /storage/sdcard1/Android/data/com.google.android.apps.magazines/files/
W/Vold ( 1601): Returning OperationFailed - no handler for errno 30
W/Vold ( 1601): Returning OperationFailed - no handler for errno 30
W/Vold ( 1601): Returning OperationFailed - no handler for errno 30
W/Vold ( 1601): Returning OperationFailed - no handler for errno 30
W/Vold ( 1601): Returning OperationFailed - no handler for errno 30
E/Vold ( 1601): Failed to find volume for /storage/sdcard1/Android/data/com.google.android.apps.magazines/cache/
W/Vold ( 1601): Returning OperationFailed - no handler for errno 30
W/Vold ( 1601): Returning OperationFailed - no handler for errno 30
W/Vold ( 1601): Returning OperationFailed - no handler for errno 30
W/Vold ( 1601): Returning OperationFailed - no handler for errno 30
W/Vold ( 1601): Returning OperationFailed - no handler for errno 30
E/Vold ( 1601): Failed to find volume for /storage/sdcard1/Android/data/com.google.android.apps.magazines/files/
W/Vold ( 1601): Returning OperationFailed - no handler for errno 30
I/ActivityManager( 1948): Start proc com.android.settings for broadcast com.android.settings/.widget.SettingsAppWidgetProvider: pid=5838 uid=1000 gids={41000, 1028, 1015, 1023, 3002, 3001, 3003}
W/ContextImpl( 5838): Calling a method in the system process without a qualified user: android.app.ContextImpl.bindService:1551 android.content.ContextWrapper.bindService:517 android.bluetooth.BluetoothInputDevice.doBind:245 android.bluetooth.BluetoothInputDevice.:238 android.bluetooth.BluetoothAdapter.getProfileProxy:1367
W/ContextImpl( 5838): Calling a method in the system process without a qualified user: android.app.ContextImpl.bindService:1551 android.content.ContextWrapper.bindService:517 android.bluetooth.BluetoothPan.doBind:149 android.bluetooth.BluetoothPan.:141 android.bluetooth.BluetoothAdapter.getProfileProxy:1370
W/ContextImpl( 5838): Calling a method in the system process without a qualified user: android.app.ContextImpl.bindService:1551 android.content.ContextWrapper.bindService:517 android.bluetooth.BluetoothMap.doBind:109 android.bluetooth.BluetoothMap.:102 android.bluetooth.BluetoothAdapter.getProfileProxy:1376
W/ContextImpl( 5838): Calling a method in the system process without a qualified user: android.app.ContextImpl.bindService:1551 android.content.ContextWrapper.bindService:517 android.bluetooth.BluetoothPbap.doBind:164 android.bluetooth.BluetoothPbap.:157 com.android.settings.bluetooth.PbapServerProfile.:68
W/BroadcastQueue( 1948): Permission Denial: broadcasting Intent { act=com.google.android.gsf.settings.GoogleLocationSettings.UPDATE_LOCATION_SETTINGS flg=0x10 } from com.google.android.setupwizard (pid=2231, uid=10018) is not exported from uid 10008 due to receiver com.google.android.gms/com.google.android.location.reporting.service.ExternalChangeReceiver
