W/BroadcastQueue( 1948): Permission Denial: broadcasting Intent { act=com.android.launcher3.action.LAUNCH flg=0x10 (has extras) } from com.cyanogenmod.trebuchet (pid=3453, uid=10020) requires com.google.android.launcher.permission.RECEIVE_LAUNCH_BROADCASTS due to receiver com.google.android.googlequicksearchbox/com.google.android.search.core.icingsync.ApplicationLaunchReceiver
W/BroadcastQueue( 1948): Permission Denial: receiving Intent { act=com.android.launcher3.action.LAUNCH flg=0x10 (has extras) } to com.google.android.googlequicksearchbox/com.google.android.search.core.icingsync.ApplicationLaunchReceiver requires com.android.launcher3.permission.RECEIVE_LAUNCH_BROADCASTS due to sender com.cyanogenmod.trebuchet (uid 10020)
I/dalvikvm( 7677): CheckJNI enabled: not enabling JNI app bug workarounds.
I/ActivityManager( 1948): Start proc com.android.testframerate for activity com.android.testframerate/.TestFramerateActivity: pid=7677 uid=10078 gids={50078}
V/PhoneStatusBar( 2015): setLightsOn(true)
W/GRALLOC-PIPE( 7677): failed to create pipe screen for i965
I/GRALLOC-DRM( 7677): create intel for driver i915
V/TestFramerateView( 7677): Long frame: 21.894 ms (45.674614 fps)
V/TestFramerateView( 7677): Short frames since last long frame: 1
V/TestFramerateView( 7677): Long frame: 17.091 ms (58.510326 fps)
V/TestFramerateView( 7677): Short frames since last long frame: 3
V/TestFramerateView( 7677): Long frame: 16.012 ms (62.45316 fps)
V/TestFramerateView( 7677): Short frames since last long frame: 1
V/TestFramerateView( 7677): Long frame: 16.847 ms (59.35775 fps)
V/TestFramerateView( 7677): Long frame: 16.828 ms (59.424767 fps)
V/TestFramerateView( 7677): Long frame: 17.089 ms (58.517174 fps)
V/TestFramerateView( 7677): Short frames since last long frame: 1
V/TestFramerateView( 7677): Long frame: 17.196 ms (58.153057 fps)
V/TestFramerateView( 7677): Long frame: 18.85 ms (53.0504 fps)
V/TestFramerateView( 7677): Long frame: 16.227 ms (61.625687 fps)
V/TestFramerateView( 7677): Short frames since last long frame: 1
V/TestFramerateView( 7677): Long frame: 17.32 ms (57.73672 fps)
V/TestFramerateView( 7677): Long frame: 17.074 ms (58.568584 fps)
I/ActivityManager( 1948): Displayed com.android.testframerate/.TestFramerateActivity: +433ms
V/TestFramerateView( 7677): Long frame: 17.174 ms (58.227554 fps)
V/TestFramerateView( 7677): Long frame: 16.364 ms (61.109753 fps)
V/TestFramerateView( 7677): Short frames since last long frame: 1
V/TestFramerateView( 7677): Long frame: 16.479 ms (60.683292 fps)
V/TestFramerateView( 7677): Long frame: 16.93 ms (59.066746 fps)
V/TestFramerateView( 7677): Long frame: 17.571 ms (56.911957 fps)
V/TestFramerateView( 7677): Long frame: 16.68 ms (59.952038 fps)
V/TestFramerateView( 7677): Long frame: 16.648 ms (60.067276 fps)
V/TestFramerateView( 7677): Long frame: 17.702 ms (56.49079 fps)
V/TestFramerateView( 7677): Short frames since last long frame: 1
V/TestFramerateView( 7677): Long frame: 16.615 ms (60.186577 fps)
V/TestFramerateView( 7677): Long frame: 16.838 ms (59.389477 fps)
V/TestFramerateView( 7677): Short frames since last long frame: 1
V/TestFramerateView( 7677): Long frame: 16.757 ms (59.67655 fps)
V/TestFramerateView( 7677): Long frame: 16.461 ms (60.74965 fps)
V/TestFramerateView( 7677): Long frame: 16.728 ms (59.78001 fps)
V/TestFramerateView( 7677): Long frame: 16.76 ms (59.66587 fps)
V/TestFramerateView( 7677): Long frame: 16.774 ms (59.616074 fps)
V/TestFramerateView( 7677): Long frame: 16.694 ms (59.90176 fps)
V/TestFramerateView( 7677): Long frame: 16.76 ms (59.66587 fps)
V/TestFramerateView( 7677): Long frame: 16.736 ms (59.751434 fps)
V/TestFramerateView( 7677): Long frame: 16.684 ms (59.937664 fps)
V/TestFramerateView( 7677): Long frame: 16.69 ms (59.91612 fps)
V/TestFramerateView( 7677): Long frame: 16.747 ms (59.71219 fps)
V/TestFramerateView( 7677): Long frame: 16.758 ms (59.672993 fps)
V/TestFramerateView( 7677): Long frame: 16.735 ms (59.755005 fps)
V/TestFramerateView( 7677): Long frame: 16.763 ms (59.655193 fps)
V/TestFramerateView( 7677): Long frame: 16.727 ms (59.783585 fps)
V/TestFramerateView( 7677): Long frame: 16.743 ms (59.72645 fps)
V/TestFramerateView( 7677): Long frame: 16.675 ms (59.970016 fps)
V/TestFramerateView( 7677): Long frame: 16.763 ms (59.655193 fps)
V/TestFramerateView( 7677): Long frame: 16.763 ms (59.655193 fps)
V/TestFramerateView( 7677): Long frame: 16.713 ms (59.833664 fps)
V/TestFramerateView( 7677): Long frame: 16.707 ms (59.855152 fps)
V/TestFramerateView( 7677): Long frame: 16.757 ms (59.67655 fps)
V/TestFramerateView( 7677): Long frame: 16.726 ms (59.78716 fps)
V/TestFramerateView( 7677): Long frame: 16.668 ms (59.9952 fps)
V/TestFramerateView( 7677): Long frame: 16.756 ms (59.680115 fps)
V/TestFramerateView( 7677): Long frame: 16.847 ms (59.35775 fps)
V/TestFramerateView( 7677): Long frame: 16.663 ms (60.013203 fps)
V/TestFramerateView( 7677): Long frame: 16.668 ms (59.9952 fps)
V/TestFramerateView( 7677): Long frame: 16.756 ms (59.680115 fps)
V/TestFramerateView( 7677): Long frame: 16.736 ms (59.751434 fps)
V/TestFramerateView( 7677): Long frame: 16.736 ms (59.751434 fps)
V/TestFramerateView( 7677): Long frame: 16.719 ms (59.81219 fps)
V/TestFramerateView( 7677): Long frame: 16.812 ms (59.481323 fps)
V/TestFramerateView( 7677): Long frame: 16.674 ms (59.97361 fps)
V/TestFramerateView( 7677): Long frame: 16.698 ms (59.887413 fps)
V/TestFramerateView( 7677): Long frame: 16.718 ms (59.81577 fps)
V/TestFramerateView( 7677): Long frame: 16.805 ms (59.5061 fps)
V/TestFramerateView( 7677): Long frame: 16.695 ms (59.898174 fps)
V/TestFramerateView( 7677): Long frame: 16.669 ms (59.9916 fps)
V/TestFramerateView( 7677): Long frame: 16.762 ms (59.658752 fps)
V/TestFramerateView( 7677): Long frame: 16.731 ms (59.76929 fps)
V/TestFramerateView( 7677): Long frame: 16.705 ms (59.862316 fps)
V/TestFramerateView( 7677): Long frame: 16.712 ms (59.837242 fps)
V/TestFramerateView( 7677): Long frame: 16.732 ms (59.765717 fps)
V/TestFramerateView( 7677): Long frame: 16.784 ms (59.58055 fps)
V/TestFramerateView( 7677): Long frame: 16.77 ms (59.63029 fps)
V/TestFramerateView( 7677): Long frame: 19.792 ms (50.525463 fps)
V/TestFramerateView( 7677): Long frame: 16.723 ms (59.797882 fps)
V/TestFramerateView( 7677): Short frames since last long frame: 1
V/TestFramerateView( 7677): Long frame: 17.312 ms (57.7634 fps)
V/TestFramerateView( 7677): Long frame: 16.197 ms (61.73983 fps)
V/TestFramerateView( 7677): Long frame: 16.782 ms (59.587654 fps)
V/TestFramerateView( 7677): Long frame: 16.651 ms (60.056454 fps)
V/TestFramerateView( 7677): Long frame: 16.71 ms (59.844406 fps)
V/TestFramerateView( 7677): Long frame: 16.761 ms (59.66231 fps)
V/TestFramerateView( 7677): Long frame: 16.733 ms (59.762146 fps)
V/TestFramerateView( 7677): Long frame: 16.786 ms (59.573456 fps)
V/TestFramerateView( 7677): Long frame: 16.651 ms (60.056454 fps)
V/TestFramerateView( 7677): Long frame: 17.306 ms (57.78343 fps)
V/TestFramerateView( 7677): Long frame: 16.17 ms (61.84292 fps)
V/TestFramerateView( 7677): Long frame: 16.76 ms (59.66587 fps)
V/TestFramerateView( 7677): Long frame: 16.675 ms (59.970016 fps)
V/TestFramerateView( 7677): Long frame: 16.81 ms (59.4884 fps)
V/TestFramerateView( 7677): Long frame: 16.673 ms (59.977207 fps)
V/TestFramerateView( 7677): Long frame: 16.701 ms (59.876656 fps)
V/TestFramerateView( 7677): Long frame: 16.738 ms (59.744293 fps)
V/TestFramerateView( 7677): Long frame: 16.742 ms (59.73002 fps)
V/TestFramerateView( 7677): Long frame: 16.714 ms (59.830082 fps)
V/TestFramerateView( 7677): Long frame: 16.674 ms (59.97361 fps)
V/TestFramerateView( 7677): Long frame: 16.882 ms (59.234688 fps)
V/TestFramerateView( 7677): Long frame: 16.645 ms (60.078102 fps)
V/TestFramerateView( 7677): Long frame: 16.703 ms (59.869484 fps)
V/TestFramerateView( 7677): Long frame: 16.729 ms (59.776436 fps)
V/TestFramerateView( 7677): Long frame: 16.777 ms (59.60541 fps)
V/TestFramerateView( 7677): Long frame: 16.675 ms (59.970016 fps)
V/TestFramerateView( 7677): Long frame: 16.701 ms (59.876656 fps)
V/TestFramerateView( 7677): Long frame: 16.845 ms (59.364796 fps)
V/TestFramerateView( 7677): Long frame: 16.648 ms (60.067276 fps)
V/TestFramerateView( 7677): Long frame: 16.724 ms (59.794308 fps)
V/TestFramerateView( 7677): Long frame: 16.695 ms (59.898174 fps)
V/TestFramerateView( 7677): Long frame: 16.739 ms (59.740726 fps)
V/TestFramerateView( 7677): Long frame: 16.75 ms (59.701492 fps)
V/TestFramerateView( 7677): Long frame: 16.699 ms (59.883827 fps)
V/TestFramerateView( 7677): Long frame: 16.753 ms (59.690804 fps)
V/TestFramerateView( 7677): Long frame: 16.737 ms (59.747864 fps)
V/TestFramerateView( 7677): Long frame: 16.722 ms (59.80146 fps)
V/TestFramerateView( 7677): Long frame: 16.69 ms (59.91612 fps)
V/TestFramerateView( 7677): Long frame: 16.757 ms (59.67655 fps)
V/TestFramerateView( 7677): Long frame: 16.744 ms (59.722885 fps)
V/TestFramerateView( 7677): Long frame: 16.733 ms (59.762146 fps)
V/TestFramerateView( 7677): Long frame: 16.691 ms (59.91253 fps)
V/TestFramerateView( 7677): Long frame: 16.759 ms (59.66943 fps)
V/TestFramerateView( 7677): Long frame: 16.731 ms (59.76929 fps)
V/TestFramerateView( 7677): Long frame: 16.699 ms (59.883827 fps)
V/TestFramerateView( 7677): Long frame: 16.75 ms (59.701492 fps)
V/TestFramerateView( 7677): Long frame: 16.735 ms (59.755005 fps)
V/TestFramerateView( 7677): Long frame: 16.726 ms (59.78716 fps)
V/TestFramerateView( 7677): Long frame: 16.706 ms (59.858734 fps)
V/TestFramerateView( 7677): Long frame: 16.742 ms (59.73002 fps)
V/TestFramerateView( 7677): Long frame: 16.745 ms (59.71932 fps)
V/TestFramerateView( 7677): Long frame: 16.73 ms (59.77286 fps)
V/TestFramerateView( 7677): Long frame: 16.697 ms (59.891 fps)
V/TestFramerateView( 7677): Long frame: 16.748 ms (59.708622 fps)
V/TestFramerateView( 7677): Long frame: 16.725 ms (59.790733 fps)
V/TestFramerateView( 7677): Long frame: 16.735 ms (59.755005 fps)
V/TestFramerateView( 7677): Long frame: 16.716 ms (59.822926 fps)
V/TestFramerateView( 7677): Long frame: 16.78 ms (59.594757 fps)
V/TestFramerateView( 7677): Long frame: 16.686 ms (59.93048 fps)
V/TestFramerateView( 7677): Long frame: 16.702 ms (59.87307 fps)
V/TestFramerateView( 7677): Long frame: 16.754 ms (59.68724 fps)
V/TestFramerateView( 7677): Long frame: 16.78 ms (59.594757 fps)
V/TestFramerateView( 7677): Long frame: 16.691 ms (59.91253 fps)
V/TestFramerateView( 7677): Long frame: 16.688 ms (59.923298 fps)
V/TestFramerateView( 7677): Long frame: 16.854 ms (59.333096 fps)
V/TestFramerateView( 7677): Long frame: 16.651 ms (60.056454 fps)
V/TestFramerateView( 7677): Long frame: 16.719 ms (59.81219 fps)
V/TestFramerateView( 7677): Long frame: 16.697 ms (59.891 fps)
V/TestFramerateView( 7677): Long frame: 16.781 ms (59.591206 fps)
V/TestFramerateView( 7677): Long frame: 16.741 ms (59.73359 fps)
V/TestFramerateView( 7677): Long frame: 16.667 ms (59.9988 fps)
V/TestFramerateView( 7677): Long frame: 16.868 ms (59.28385 fps)
V/TestFramerateView( 7677): Long frame: 16.617 ms (60.179333 fps)
V/TestFramerateView( 7677): Long frame: 16.735 ms (59.755005 fps)
V/TestFramerateView( 7677): Long frame: 16.681 ms (59.948444 fps)
V/TestFramerateView( 7677): Long frame: 16.752 ms (59.694366 fps)
V/TestFramerateView( 7677): Long frame: 16.739 ms (59.740726 fps)
V/TestFramerateView( 7677): Long frame: 17.667 ms (56.602707 fps)
V/TestFramerateView( 7677): Long frame: 16.76 ms (59.66587 fps)
V/TestFramerateView( 7677): Short frames since last long frame: 1
V/TestFramerateView( 7677): Long frame: 16.758 ms (59.672993 fps)
V/TestFramerateView( 7677): Long frame: 16.687 ms (59.926888 fps)
V/TestFramerateView( 7677): Long frame: 16.758 ms (59.672993 fps)
V/TestFramerateView( 7677): Long frame: 16.724 ms (59.794308 fps)
V/TestFramerateView( 7677): Long frame: 16.74 ms (59.737156 fps)
V/TestFramerateView( 7677): Long frame: 16.682 ms (59.94485 fps)
V/TestFramerateView( 7677): Long frame: 16.751 ms (59.69793 fps)
V/TestFramerateView( 7677): Long frame: 16.73 ms (59.77286 fps)
V/TestFramerateView( 7677): Long frame: 16.736 ms (59.751434 fps)
V/TestFramerateView( 7677): Long frame: 16.692 ms (59.90894 fps)
V/TestFramerateView( 7677): Long frame: 16.759 ms (59.66943 fps)
V/TestFramerateView( 7677): Long frame: 16.728 ms (59.78001 fps)
V/TestFramerateView( 7677): Long frame: 16.711 ms (59.840824 fps)
V/TestFramerateView( 7677): Long frame: 16.729 ms (59.776436 fps)
V/TestFramerateView( 7677): Long frame: 16.76 ms (59.66587 fps)
V/TestFramerateView( 7677): Long frame: 16.714 ms (59.830082 fps)
V/TestFramerateView( 7677): Long frame: 17.136 ms (58.356674 fps)
V/TestFramerateView( 7677): Long frame: 16.347 ms (61.173306 fps)
V/TestFramerateView( 7677): Long frame: 16.705 ms (59.862316 fps)
V/TestFramerateView( 7677): Long frame: 16.727 ms (59.783585 fps)
V/TestFramerateView( 7677): Long frame: 16.702 ms (59.87307 fps)
V/TestFramerateView( 7677): Long frame: 16.766 ms (59.64452 fps)
V/TestFramerateView( 7677): Long frame: 16.743 ms (59.72645 fps)
V/TestFramerateView( 7677): Long frame: 16.674 ms (59.97361 fps)
V/TestFramerateView( 7677): Long frame: 16.778 ms (59.60186 fps)
V/TestFramerateView( 7677): Long frame: 16.722 ms (59.80146 fps)
V/TestFramerateView( 7677): Long frame: 16.711 ms (59.840824 fps)
V/TestFramerateView( 7677): Long frame: 16.717 ms (59.819347 fps)
V/TestFramerateView( 7677): Long frame: 16.771 ms (59.626736 fps)
V/TestFramerateView( 7677): Long frame: 16.704 ms (59.865902 fps)
V/TestFramerateView( 7677): Long frame: 16.741 ms (59.73359 fps)
V/TestFramerateView( 7677): Long frame: 16.687 ms (59.926888 fps)
V/TestFramerateView( 7677): Long frame: 16.768 ms (59.637405 fps)
V/TestFramerateView( 7677): Long frame: 16.732 ms (59.765717 fps)
V/TestFramerateView( 7677): Long frame: 16.689 ms (59.91971 fps)
V/TestFramerateView( 7677): Long frame: 16.75 ms (59.701492 fps)
V/TestFramerateView( 7677): Long frame: 16.739 ms (59.740726 fps)
V/TestFramerateView( 7677): Long frame: 16.719 ms (59.81219 fps)
V/TestFramerateView( 7677): Long frame: 16.702 ms (59.87307 fps)
V/TestFramerateView( 7677): Long frame: 16.762 ms (59.658752 fps)
V/TestFramerateView( 7677): Long frame: 16.739 ms (59.740726 fps)
V/TestFramerateView( 7677): Long frame: 16.721 ms (59.805035 fps)
V/TestFramerateView( 7677): Long frame: 16.7 ms (59.88024 fps)
V/TestFramerateView( 7677): Long frame: 16.753 ms (59.690804 fps)
V/TestFramerateView( 7677): Long frame: 16.792 ms (59.552166 fps)
V/TestFramerateView( 7677): Long frame: 16.666 ms (60.0024 fps)
V/TestFramerateView( 7677): Long frame: 16.695 ms (59.898174 fps)
V/TestFramerateView( 7677): Long frame: 16.762 ms (59.658752 fps)
V/TestFramerateView( 7677): Long frame: 16.732 ms (59.765717 fps)
V/TestFramerateView( 7677): Long frame: 16.689 ms (59.91971 fps)
V/TestFramerateView( 7677): Long frame: 16.757 ms (59.67655 fps)
V/TestFramerateView( 7677): Long frame: 16.743 ms (59.72645 fps)
V/TestFramerateView( 7677): Long frame: 16.722 ms (59.80146 fps)
V/TestFramerateView( 7677): Long frame: 16.684 ms (59.937664 fps)
V/TestFramerateView( 7677): Long frame: 16.762 ms (59.658752 fps)
V/TestFramerateView( 7677): Long frame: 16.736 ms (59.751434 fps)
V/TestFramerateView( 7677): Long frame: 16.734 ms (59.758575 fps)
V/TestFramerateView( 7677): Long frame: 16.696 ms (59.894585 fps)
V/TestFramerateView( 7677): Long frame: 16.76 ms (59.66587 fps)
V/TestFramerateView( 7677): Long frame: 16.72 ms (59.808613 fps)
V/TestFramerateView( 7677): Long frame: 16.698 ms (59.887413 fps)
V/TestFramerateView( 7677): Long frame: 16.75 ms (59.701492 fps)
V/TestFramerateView( 7677): Long frame: 16.746 ms (59.71575 fps)
V/TestFramerateView( 7677): Long frame: 16.736 ms (59.751434 fps)
V/TestFramerateView( 7677): Long frame: 16.687 ms (59.926888 fps)
V/TestFramerateView( 7677): Long frame: 16.757 ms (59.67655 fps)
V/TestFramerateView( 7677): Long frame: 16.736 ms (59.751434 fps)
V/TestFramerateView( 7677): Long frame: 16.714 ms (59.830082 fps)
V/TestFramerateView( 7677): Long frame: 16.73 ms (59.77286 fps)
V/TestFramerateView( 7677): Long frame: 16.766 ms (59.64452 fps)
V/TestFramerateView( 7677): Long frame: 16.734 ms (59.758575 fps)
V/TestFramerateView( 7677): Long frame: 16.714 ms (59.830082 fps)
V/TestFramerateView( 7677): Long frame: 16.762 ms (59.658752 fps)
V/TestFramerateView( 7677): Long frame: 16.749 ms (59.705055 fps)
V/TestFramerateView( 7677): Long frame: 16.744 ms (59.722885 fps)
V/TestFramerateView( 7677): Long frame: 16.676 ms (59.96642 fps)
V/TestFramerateView( 7677): Long frame: 16.804 ms (59.50964 fps)
V/TestFramerateView( 7677): Long frame: 16.658 ms (60.031216 fps)
V/TestFramerateView( 7677): Long frame: 16.714 ms (59.830082 fps)
V/TestFramerateView( 7677): Long frame: 16.696 ms (59.894585 fps)
V/TestFramerateView( 7677): Long frame: 16.715 ms (59.826504 fps)
V/TestFramerateView( 7677): Long frame: 16.735 ms (59.755005 fps)
V/TestFramerateView( 7677): Long frame: 16.592 ms (60.270008 fps)
V/TestFramerateView( 7677): Long frame: 16.743 ms (59.72645 fps)
V/TestFramerateView( 7677): Long frame: 16.784 ms (59.58055 fps)
V/TestFramerateView( 7677): Long frame: 16.691 ms (59.91253 fps)
V/TestFramerateView( 7677): Long frame: 16.719 ms (59.81219 fps)
V/TestFramerateView( 7677): Long frame: 16.74 ms (59.737156 fps)
V/TestFramerateView( 7677): Long frame: 16.747 ms (59.71219 fps)
V/TestFramerateView( 7677): Long frame: 16.696 ms (59.894585 fps)
V/TestFramerateView( 7677): Long frame: 16.741 ms (59.73359 fps)
V/TestFramerateView( 7677): Long frame: 16.754 ms (59.68724 fps)
V/TestFramerateView( 7677): Long frame: 16.706 ms (59.858734 fps)
V/TestFramerateView( 7677): Long frame: 16.702 ms (59.87307 fps)
V/TestFramerateView( 7677): Long frame: 16.752 ms (59.694366 fps)
V/TestFramerateView( 7677): Long frame: 16.743 ms (59.72645 fps)
V/TestFramerateView( 7677): Long frame: 16.727 ms (59.783585 fps)
V/TestFramerateView( 7677): Long frame: 16.689 ms (59.91971 fps)
V/TestFramerateView( 7677): Long frame: 16.762 ms (59.658752 fps)
V/TestFramerateView( 7677): Long frame: 16.725 ms (59.790733 fps)
V/TestFramerateView( 7677): Long frame: 16.709 ms (59.847984 fps)
V/TestFramerateView( 7677): Long frame: 16.729 ms (59.776436 fps)
V/TestFramerateView( 7677): Long frame: 16.756 ms (59.680115 fps)
V/TestFramerateView( 7677): Long frame: 16.728 ms (59.78001 fps)
V/TestFramerateView( 7677): Long frame: 16.689 ms (59.91971 fps)
V/TestFramerateView( 7677): Long frame: 16.751 ms (59.69793 fps)
V/TestFramerateView( 7677): Long frame: 16.756 ms (59.680115 fps)
V/TestFramerateView( 7677): Long frame: 16.733 ms (59.762146 fps)
V/TestFramerateView( 7677): Long frame: 16.694 ms (59.90176 fps)
V/TestFramerateView( 7677): Long frame: 16.724 ms (59.794308 fps)
V/TestFramerateView( 7677): Long frame: 16.747 ms (59.71219 fps)
V/TestFramerateView( 7677): Long frame: 16.704 ms (59.865902 fps)
V/TestFramerateView( 7677): Long frame: 16.846 ms (59.36127 fps)
V/TestFramerateView( 7677): Long frame: 16.741 ms (59.73359 fps)
V/TestFramerateView( 7677): Long frame: 16.74 ms (59.737156 fps)
V/TestFramerateView( 7677): Long frame: 16.69 ms (59.91612 fps)
V/TestFramerateView( 7677): Long frame: 16.728 ms (59.78001 fps)
V/TestFramerateView( 7677): Long frame: 16.747 ms (59.71219 fps)
V/TestFramerateView( 7677): Long frame: 16.951 ms (58.99357 fps)
V/TestFramerateView( 7677): Long frame: 16.474 ms (60.701714 fps)
V/TestFramerateView( 7677): Long frame: 16.751 ms (59.69793 fps)
V/TestFramerateView( 7677): Long frame: 16.772 ms (59.62318 fps)
V/TestFramerateView( 7677): Long frame: 16.697 ms (59.891 fps)
V/TestFramerateView( 7677): Long frame: 16.704 ms (59.865902 fps)
V/TestFramerateView( 7677): Long frame: 16.756 ms (59.680115 fps)
V/TestFramerateView( 7677): Long frame: 16.746 ms (59.71575 fps)
V/TestFramerateView( 7677): Long frame: 16.757 ms (59.67655 fps)
V/TestFramerateView( 7677): Long frame: 16.727 ms (59.783585 fps)
V/TestFramerateView( 7677): Long frame: 16.708 ms (59.851566 fps)
V/TestFramerateView( 7677): Long frame: 16.747 ms (59.71219 fps)
V/TestFramerateView( 7677): Long frame: 16.667 ms (59.9988 fps)
V/TestFramerateView( 7677): Long frame: 16.781 ms (59.591206 fps)
V/TestFramerateView( 7677): Long frame: 16.721 ms (59.805035 fps)
V/TestFramerateView( 7677): Long frame: 16.745 ms (59.71932 fps)
V/TestFramerateView( 7677): Long frame: 16.714 ms (59.830082 fps)
V/TestFramerateView( 7677): Long frame: 16.737 ms (59.747864 fps)
V/TestFramerateView( 7677): Long frame: 17.038 ms (58.692333 fps)
V/TestFramerateView( 7677): Long frame: 16.404 ms (60.960743 fps)
V/TestFramerateView( 7677): Long frame: 16.709 ms (59.847984 fps)
V/TestFramerateView( 7677): Long frame: 16.726 ms (59.78716 fps)
V/TestFramerateView( 7677): Long frame: 16.726 ms (59.78716 fps)
V/TestFramerateView( 7677): Long frame: 16.734 ms (59.758575 fps)
V/TestFramerateView( 7677): Long frame: 16.747 ms (59.71219 fps)
V/TestFramerateView( 7677): Long frame: 16.74 ms (59.737156 fps)
V/TestFramerateView( 7677): Long frame: 16.733 ms (59.762146 fps)
V/TestFramerateView( 7677): Long frame: 16.696 ms (59.894585 fps)
V/TestFramerateView( 7677): Long frame: 16.732 ms (59.765717 fps)
V/TestFramerateView( 7677): Long frame: 16.98 ms (58.892815 fps)
V/TestFramerateView( 7677): Long frame: 16.373 ms (61.07616 fps)
V/TestFramerateView( 7677): Long frame: 16.758 ms (59.672993 fps)
V/TestFramerateView( 7677): Long frame: 16.73 ms (59.77286 fps)
V/TestFramerateView( 7677): Long frame: 16.753 ms (59.690804 fps)
V/TestFramerateView( 7677): Long frame: 16.692 ms (59.90894 fps)
V/TestFramerateView( 7677): Long frame: 16.711 ms (59.840824 fps)
V/TestFramerateView( 7677): Long frame: 16.751 ms (59.69793 fps)
V/TestFramerateView( 7677): Long frame: 16.721 ms (59.805035 fps)
V/TestFramerateView( 7677): Long frame: 16.663 ms (60.013203 fps)
V/TestFramerateView( 7677): Long frame: 16.811 ms (59.48486 fps)
V/TestFramerateView( 7677): Long frame: 16.731 ms (59.76929 fps)
V/TestFramerateView( 7677): Long frame: 16.692 ms (59.90894 fps)
V/TestFramerateView( 7677): Long frame: 16.771 ms (59.626736 fps)
V/TestFramerateView( 7677): Long frame: 16.749 ms (59.705055 fps)
V/TestFramerateView( 7677): Long frame: 16.802 ms (59.516724 fps)
V/TestFramerateView( 7677): Long frame: 16.59 ms (60.277275 fps)
V/TestFramerateView( 7677): Long frame: 16.788 ms (59.566357 fps)
V/TestFramerateView( 7677): Long frame: 16.734 ms (59.758575 fps)
V/TestFramerateView( 7677): Long frame: 16.687 ms (59.926888 fps)
V/TestFramerateView( 7677): Long frame: 16.739 ms (59.740726 fps)
V/TestFramerateView( 7677): Long frame: 16.761 ms (59.66231 fps)
V/TestFramerateView( 7677): Long frame: 16.74 ms (59.737156 fps)
V/TestFramerateView( 7677): Long frame: 16.776 ms (59.608967 fps)
V/TestFramerateView( 7677): Long frame: 16.636 ms (60.110603 fps)
V/TestFramerateView( 7677): Long frame: 16.833 ms (59.407116 fps)
V/TestFramerateView( 7677): Long frame: 16.691 ms (59.91253 fps)
V/TestFramerateView( 7677): Long frame: 16.78 ms (59.594757 fps)
V/TestFramerateView( 7677): Long frame: 16.672 ms (59.980804 fps)
V/TestFramerateView( 7677): Long frame: 16.735 ms (59.755005 fps)
V/TestFramerateView( 7677): Long frame: 17.519 ms (57.080883 fps)
V/TestFramerateView( 7677): Long frame: 16.715 ms (59.826504 fps)
V/TestFramerateView( 7677): Short frames since last long frame: 1
V/TestFramerateView( 7677): Long frame: 16.747 ms (59.71219 fps)
V/TestFramerateView( 7677): Long frame: 16.645 ms (60.078102 fps)
V/TestFramerateView( 7677): Long frame: 16.668 ms (59.9952 fps)
V/TestFramerateView( 7677): Long frame: 16.789 ms (59.56281 fps)
V/TestFramerateView( 7677): Long frame: 16.724 ms (59.794308 fps)
V/TestFramerateView( 7677): Long frame: 16.696 ms (59.894585 fps)
V/TestFramerateView( 7677): Long frame: 16.778 ms (59.60186 fps)
V/TestFramerateView( 7677): Long frame: 16.736 ms (59.751434 fps)
V/TestFramerateView( 7677): Long frame: 16.709 ms (59.847984 fps)
V/TestFramerateView( 7677): Long frame: 16.703 ms (59.869484 fps)
V/TestFramerateView( 7677): Long frame: 16.981 ms (58.889347 fps)
V/TestFramerateView( 7677): Long frame: 16.491 ms (60.639137 fps)
V/TestFramerateView( 7677): Long frame: 16.865 ms (59.294395 fps)
V/TestFramerateView( 7677): Long frame: 16.667 ms (59.9988 fps)
V/TestFramerateView( 7677): Long frame: 16.745 ms (59.71932 fps)
V/TestFramerateView( 7677): Long frame: 16.72 ms (59.808613 fps)
V/TestFramerateView( 7677): Long frame: 16.754 ms (59.68724 fps)
V/TestFramerateView( 7677): Long frame: 16.711 ms (59.840824 fps)
V/TestFramerateView( 7677): Long frame: 16.713 ms (59.833664 fps)
V/TestFramerateView( 7677): Long frame: 16.694 ms (59.90176 fps)
V/TestFramerateView( 7677): Long frame: 16.743 ms (59.72645 fps)
V/TestFramerateView( 7677): Long frame: 16.733 ms (59.762146 fps)
V/TestFramerateView( 7677): Long frame: 16.732 ms (59.765717 fps)
V/TestFramerateView( 7677): Long frame: 16.76 ms (59.66587 fps)
V/TestFramerateView( 7677): Long frame: 16.691 ms (59.91253 fps)
V/TestFramerateView( 7677): Long frame: 16.737 ms (59.747864 fps)
V/TestFramerateView( 7677): Long frame: 16.747 ms (59.71219 fps)
V/TestFramerateView( 7677): Long frame: 16.717 ms (59.819347 fps)
V/TestFramerateView( 7677): Long frame: 16.712 ms (59.837242 fps)
V/TestFramerateView( 7677): Long frame: 16.75 ms (59.701492 fps)
V/TestFramerateView( 7677): Long frame: 16.722 ms (59.80146 fps)
V/TestFramerateView( 7677): Long frame: 16.697 ms (59.891 fps)
V/TestFramerateView( 7677): Long frame: 16.749 ms (59.705055 fps)
V/TestFramerateView( 7677): Long frame: 16.748 ms (59.708622 fps)
V/TestFramerateView( 7677): Long frame: 16.726 ms (59.78716 fps)
V/TestFramerateView( 7677): Long frame: 16.689 ms (59.91971 fps)
V/TestFramerateView( 7677): Long frame: 16.761 ms (59.66231 fps)
V/TestFramerateView( 7677): Long frame: 16.721 ms (59.805035 fps)
V/TestFramerateView( 7677): Long frame: 16.769 ms (59.633846 fps)
V/TestFramerateView( 7677): Long frame: 16.686 ms (59.93048 fps)
V/TestFramerateView( 7677): Long frame: 16.778 ms (59.60186 fps)
V/TestFramerateView( 7677): Long frame: 16.71 ms (59.844406 fps)
V/TestFramerateView( 7677): Long frame: 16.711 ms (59.840824 fps)
V/TestFramerateView( 7677): Long frame: 16.734 ms (59.758575 fps)
V/TestFramerateView( 7677): Long frame: 16.725 ms (59.790733 fps)
V/TestFramerateView( 7677): Long frame: 16.733 ms (59.762146 fps)
D/audio_hw_primary( 1608): found out /dev/snd/pcmC0D0p
V/TestFramerateView( 7677): Long frame: 24.768 ms (40.374676 fps)
V/TestFramerateView( 7677): Long frame: 16.393 ms (61.001648 fps)
D/dalvikvm( 1948): GC_FOR_ALLOC freed 53K, 21% free 10120K/12708K, paused 27ms, total 27ms
I/dalvikvm-heap( 1948): Grow heap (frag case) to 10.065MB for 124212-byte allocation
V/TestFramerateView( 7677): Long frame: 16.612 ms (60.19745 fps)
V/TestFramerateView( 7677): Long frame: 16.697 ms (59.891 fps)
D/dalvikvm( 1948): GC_FOR_ALLOC freed 0K, 21% free 10241K/12832K, paused 26ms, total 26ms
V/TestFramerateView( 7677): Long frame: 16.848 ms (59.354225 fps)
D/dalvikvm( 1948): GC_FOR_ALLOC freed 123K, 22% free 10118K/12832K, paused 27ms, total 27ms
V/TestFramerateView( 7677): Long frame: 19.166 ms (52.175728 fps)
I/ActivityManager( 1948): Killing 5919:com.android.gallery3d/u0a48 (adj 15): empty #17
W/AudioFlinger( 1608): write blocked for 1040 msecs, 4 delayed writes, thread 0x41638010
I/ActivityManager( 1948): START u0 {act=android.intent.action.MAIN cat=[android.intent.category.LAUNCHER] flg=0x10200000 cmp=com.android.test/.TestActivity} from pid 3453
D/dalvikvm( 1948): GC_FOR_ALLOC freed 171K, 22% free 10096K/12832K, paused 28ms, total 28ms
W/BroadcastQueue( 1948): Permission Denial: broadcasting Intent { act=com.android.launcher3.action.LAUNCH flg=0x10 (has extras) } from com.cyanogenmod.trebuchet (pid=3453, uid=10020) requires com.google.android.launcher.permission.RECEIVE_LAUNCH_BROADCASTS due to receiver com.google.android.googlequicksearchbox/com.google.android.search.core.icingsync.ApplicationLaunchReceiver
W/BroadcastQueue( 1948): Permission Denial: receiving Intent { act=com.android.launcher3.action.LAUNCH flg=0x10 (has extras) } to com.google.android.googlequicksearchbox/com.google.android.search.core.icingsync.ApplicationLaunchReceiver requires com.android.launcher3.permission.RECEIVE_LAUNCH_BROADCASTS due to sender com.cyanogenmod.trebuchet (uid 10020)
I/ActivityManager( 1948): Start proc com.android.test for activity com.android.test/.TestActivity: pid=7695 uid=10077 gids={50077, 3003, 1028, 1015, 1023}
D/dalvikvm( 1606): GC_EXPLICIT freed 41K, 4% free 2668K/2772K, paused 0ms+1ms, total 9ms
D/dalvikvm( 1606): GC_EXPLICIT freed <1K, 4% free 2668K/2772K, paused 1ms+1ms, total 6ms
D/dalvikvm( 1606): GC_EXPLICIT freed <1K, 4% free 2668K/2772K, paused 0ms+1ms, total 5ms
W/GRALLOC-PIPE( 7695): failed to create pipe screen for i965
I/GRALLOC-DRM( 7695): create intel for driver i915
D/OpenGLRenderer( 7695): Enabling debug mode 0
I/ActivityManager( 1948): Displayed com.android.test/.TestActivity: +263ms
W/TestActivity( 7695): step 0 pause
W/TestActivity( 7695): ****** step 0 resume
W/TestActivity( 7695): step 1 pause
W/TestActivity( 7695): ****** step 1 resume
W/TestActivity( 7695): step 2 pause
W/TestActivity( 7695): ****** step 2 resume
W/TestActivity( 7695): step 3 pause
W/TestActivity( 7695): ****** step 3 resume
W/TestActivity( 7695): step 4 pause
W/TestActivity( 7695): ****** step 4 resume
W/TestActivity( 7695): step 5 pause
W/TestActivity( 7695): ****** step 5 resume
W/TestActivity( 7695): step 6 pause
W/TestActivity( 7695): ****** step 6 resume
W/TestActivity( 7695): step 7 pause
W/TestActivity( 7695): ****** step 7 resume
W/TestActivity( 7695): step 8 pause
W/TestActivity( 7695): ****** step 8 resume
W/TestActivity( 7695): step 9 pause
W/TestActivity( 7695): ****** step 9 resume
W/TestActivity( 7695): step 10 pause
W/TestActivity( 7695): ****** step 10 resume
W/TestActivity( 7695): step 11 pause
W/TestActivity( 7695): ****** step 11 resume
W/TestActivity( 7695): step 12 pause
W/TestActivity( 7695): ****** step 12 resume
W/TestActivity( 7695): step 13 pause
W/TestActivity( 7695): ****** step 13 resume
W/TestActivity( 7695): step 14 pause
W/TestActivity( 7695): ****** step 14 resume
W/TestActivity( 7695): step 15 pause
W/TestActivity( 7695): ****** step 15 resume
W/TestActivity( 7695): step 16 pause
W/TestActivity( 7695): ****** step 16 resume
W/TestActivity( 7695): step 17 pause
W/TestActivity( 7695): ****** step 17 resume
W/TestActivity( 7695): step 18 pause
W/TestActivity( 7695): ****** step 18 resume
W/TestActivity( 7695): step 19 pause
W/TestActivity( 7695): ****** step 19 resume
W/TestActivity( 7695): step 20 pause
W/TestActivity( 7695): ****** step 20 resume
W/TestActivity( 7695): step 21 pause
W/TestActivity( 7695): ****** step 21 resume
W/TestActivity( 7695): step 22 pause
W/TestActivity( 7695): ****** step 22 resume
W/TestActivity( 7695): step 23 pause
W/TestActivity( 7695): ****** step 23 resume
W/TestActivity( 7695): step 24 pause
W/TestActivity( 7695): ****** step 24 resume
W/TestActivity( 7695): step 25 pause
W/TestActivity( 7695): ****** step 25 resume
W/TestActivity( 7695): step 26 pause
W/TestActivity( 7695): ****** step 26 resume
W/TestActivity( 7695): step 27 pause
W/TestActivity( 7695): ****** step 27 resume
W/TestActivity( 7695): step 28 pause
W/TestActivity( 7695): ****** step 28 resume
W/TestActivity( 7695): step 29 pause
W/TestActivity( 7695): ****** step 29 resume
W/TestActivity( 7695): step 30 pause
W/TestActivity( 7695): ****** step 30 resume
D/ConnectivityService( 1948): Sampling interval elapsed, updating statistics ..
D/ConnectivityService( 1948): Done.
D/ConnectivityService( 1948): Setting timer for 720seconds
W/TestActivity( 7695): step 31 pause
W/TestActivity( 7695): ****** step 31 resume
W/TestActivity( 7695): step 32 pause
W/TestActivity( 7695): ****** step 32 resume
W/TestActivity( 7695): step 33 pause
W/TestActivity( 7695): ****** step 33 resume
W/TestActivity( 7695): step 34 pause
W/TestActivity( 7695): ****** step 34 resume
W/TestActivity( 7695): step 35 pause
W/TestActivity( 7695): ****** step 35 resume
W/TestActivity( 7695): step 36 pause
W/TestActivity( 7695): ****** step 36 resume
W/TestActivity( 7695): step 37 pause
W/TestActivity( 7695): ****** step 37 resume
W/TestActivity( 7695): step 38 pause
W/TestActivity( 7695): ****** step 38 resume
D/audio_hw_primary( 1608): found out /dev/snd/pcmC0D0p
D/dalvikvm( 1948): GC_FOR_ALLOC freed 107K, 21% free 10245K/12832K, paused 28ms, total 28ms
I/dalvikvm-heap( 1948): Grow heap (frag case) to 10.188MB for 124212-byte allocation
D/dalvikvm( 1948): GC_FOR_ALLOC freed 15K, 21% free 10351K/12956K, paused 30ms, total 30ms
D/dalvikvm( 1948): GC_FOR_ALLOC freed 141K, 22% free 10210K/12956K, paused 31ms, total 31ms
W/TestActivity( 7695): step 39 pause
W/TestActivity( 7695): ****** step 39 resume
I/ActivityManager( 1948): Killing 5902:com.google.android.googlequicksearchbox:search/u0a21 (adj 15): empty #17
W/TestActivity( 7695): step 40 pause
W/TestActivity( 7695): ****** step 40 resume
I/ActivityManager( 1948): START u0 {act=android.intent.action.MAIN cat=[android.intent.category.LAUNCHER] flg=0x10200000 cmp=com.example.android.rssreader/.RssReader} from pid 3453
D/audio_hw_primary( 1608): found out /dev/snd/pcmC0D0p
D/dalvikvm( 1948): GC_FOR_ALLOC freed 144K, 22% free 10221K/12956K, paused 27ms, total 27ms
W/BroadcastQueue( 1948): Permission Denial: broadcasting Intent { act=com.android.launcher3.action.LAUNCH flg=0x10 (has extras) } from com.cyanogenmod.trebuchet (pid=3453, uid=10020) requires com.google.android.launcher.permission.RECEIVE_LAUNCH_BROADCASTS due to receiver com.google.android.googlequicksearchbox/com.google.android.search.core.icingsync.ApplicationLaunchReceiver
W/BroadcastQueue( 1948): Permission Denial: receiving Intent { act=com.android.launcher3.action.LAUNCH flg=0x10 (has extras) } to com.google.android.googlequicksearchbox/com.google.android.search.core.icingsync.ApplicationLaunchReceiver requires com.android.launcher3.permission.RECEIVE_LAUNCH_BROADCASTS due to sender com.cyanogenmod.trebuchet (uid 10020)
I/ActivityManager( 1948): Start proc com.example.android.rssreader for activity com.example.android.rssreader/.RssReader: pid=7713 uid=10073 gids={50073, 3003}
D/dalvikvm( 7713): GC_CONCURRENT freed 41K, 4% free 3124K/3228K, paused 3ms+1ms, total 10ms
W/GRALLOC-PIPE( 7713): failed to create pipe screen for i965
I/GRALLOC-DRM( 7713): create intel for driver i915
D/OpenGLRenderer( 7713): Enabling debug mode 0
I/ActivityManager( 1948): Displayed com.example.android.rssreader/.RssReader: +424ms
D/audio_hw_primary( 1608): found out /dev/snd/pcmC0D0p
I/LatinIME:LogUtils( 2133): Dictionary info: dictionary = main:de ; version = 40 ; date = 1380519383
I/LatinIME:LogUtils( 2133): Dictionary info: dictionary = userunigram.de.dict ; version = ? ; date = ?
D/dalvikvm( 2133): GC_CONCURRENT freed 235K, 9% free 3159K/3452K, paused 2ms+7ms, total 15ms
D/dalvikvm( 7713): GC_CONCURRENT freed 159K, 7% free 3382K/3600K, paused 1ms+1ms, total 10ms
D/dalvikvm( 2133): GC_CONCURRENT freed 375K, 11% free 3247K/3644K, paused 0ms+4ms, total 17ms
I/LatinIME:LogUtils( 2133): Dictionary info: dictionary = contacts.de_DE.dict ; version = ? ; date = ?
D/dalvikvm( 7713): GC_CONCURRENT freed 286K, 10% free 3491K/3840K, paused 2ms+1ms, total 7ms
D/dalvikvm( 7713): GC_CONCURRENT freed 324K, 10% free 3568K/3956K, paused 1ms+1ms, total 5ms
I/ActivityManager( 1948): START u0 {act=android.intent.action.VIEW dat=http://rss.slashdot.org/~r/Slashdot/slashdot/~3/OCuC1bQNZ5Y/mimic-the-evil-script-that-will-drive-programmers-to-insanity cmp=com.android.browser/.BrowserActivity} from pid 7713
D/dalvikvm( 1948): GC_FOR_ALLOC freed 164K, 19% free 10557K/12956K, paused 26ms, total 26ms
I/dalvikvm-heap( 1948): Grow heap (frag case) to 10.492MB for 124212-byte allocation
D/dalvikvm( 1948): GC_FOR_ALLOC freed 1K, 19% free 10677K/13080K, paused 25ms, total 25ms
D/dalvikvm( 1948): GC_FOR_ALLOC freed 122K, 20% free 10555K/13080K, paused 24ms, total 24ms
D/dalvikvm( 6837): GC_CONCURRENT freed 1180K, 22% free 4864K/6176K, paused 0ms+2ms, total 10ms
D/WebViewTimersControl( 6837): onBrowserActivityResume
D/WebViewTimersControl( 6837): Resuming webview timers, view=com.android.browser.BrowserWebView{2180f848 VFEDHVCL .F....I. 0,0-0,0}
W/AwContents( 6837): nativeOnDraw failed; clearing to background color.
W/AwContents( 6837): nativeOnDraw failed; clearing to background color.
I/ActivityManager( 1948): Displayed com.android.browser/.BrowserActivity: +283ms
W/IInputConnectionWrapper( 7713): showStatusIcon on inactive InputConnection
I/chromium( 6837): [INFO:async_pixel_transfer_manager_android.cc(60)] Async pixel transfers not supported
D/dalvikvm( 6837): GC_CONCURRENT freed 143K, 14% free 5329K/6176K, paused 1ms+1ms, total 8ms
I/browser ( 6837): Console: ************* do video http://slashcdn.com/sd/m/assets/application-c4abc1ca9c0111fb6876c38f5c4c0d0c.js:8
D/dalvikvm( 6837): GC_CONCURRENT freed 1161K, 20% free 5010K/6228K, paused 2ms+2ms, total 12ms
D/dalvikvm( 6837): GC_CONCURRENT freed 730K, 21% free 4944K/6228K, paused 2ms+2ms, total 14ms
W/browser ( 6837): Console: event.returnValue is deprecated. Please use the standard event.preventDefault() instead. :0
D/dalvikvm( 6837): GC_CONCURRENT freed 573K, 20% free 5018K/6228K, paused 2ms+11ms, total 34ms
D/audio_hw_primary( 1608): found out /dev/snd/pcmC0D0p
D/dalvikvm( 1948): GC_FOR_ALLOC freed 305K, 20% free 10516K/13080K, paused 27ms, total 28ms
D/dalvikvm( 1948): GC_FOR_ALLOC freed 128K, 20% free 10510K/13080K, paused 28ms, total 28ms
W/IInputConnectionWrapper( 6837): showStatusIcon on inactive InputConnection
D/audio_hw_primary( 1608): found out /dev/snd/pcmC0D0p
D/dalvikvm( 1948): GC_FOR_ALLOC freed 272K, 21% free 10381K/13080K, paused 26ms, total 26ms
D/dalvikvm( 1948): GC_FOR_ALLOC freed 132K, 21% free 10370K/13080K, paused 25ms, total 25ms
W/IInputConnectionWrapper( 7713): showStatusIcon on inactive InputConnection
I/ActivityManager( 1948): Killing 5216:com.google.android.gms.wearable/u0a8 (adj 15): empty #17
I/ActivityManager( 1948): START u0 {act=android.intent.action.MAIN cat=[android.intent.category.LAUNCHER] flg=0x10200000 cmp=com.android.contacts/.activities.PeopleActivity} from pid 3453
D/dalvikvm( 1948): GC_FOR_ALLOC freed 143K, 21% free 10377K/13080K, paused 27ms, total 27ms
W/BroadcastQueue( 1948): Permission Denial: broadcasting Intent { act=com.android.launcher3.action.LAUNCH flg=0x10 (has extras) } from com.cyanogenmod.trebuchet (pid=3453, uid=10020) requires com.google.android.launcher.permission.RECEIVE_LAUNCH_BROADCASTS due to receiver com.google.android.googlequicksearchbox/com.google.android.search.core.icingsync.ApplicationLaunchReceiver
W/BroadcastQueue( 1948): Permission Denial: receiving Intent { act=com.android.launcher3.action.LAUNCH flg=0x10 (has extras) } to com.google.android.googlequicksearchbox/com.google.android.search.core.icingsync.ApplicationLaunchReceiver requires com.android.launcher3.permission.RECEIVE_LAUNCH_BROADCASTS due to sender com.cyanogenmod.trebuchet (uid 10020)
I/ActivityManager( 1948): Start proc com.android.contacts for activity com.android.contacts/.activities.PeopleActivity: pid=7869 uid=10003 gids={50003, 3003, 1028, 1015, 1023}
I/ContactsIntentResolver( 7869): Called with action: android.intent.action.MAIN
D/AccountTypeManager( 7869): Registering 1 extension packages
I/AccountTypeManager( 7869): Loaded meta-data for 2 account types, 1 accounts in 13ms(wall) 5ms(cpu)
I/ContactPhotoManager( 7869): Cache adj: 1.0
D/dalvikvm( 7869): GC_FOR_ALLOC freed 152K, 7% free 2894K/3112K, paused 5ms, total 6ms
D/dalvikvm( 7869): GC_CONCURRENT freed 36K, 6% free 3285K/3460K, paused 0ms+2ms, total 7ms
V/NFC ( 7869): this device does not have NFC support
W/GRALLOC-PIPE( 7869): failed to create pipe screen for i965
I/GRALLOC-DRM( 7869): create intel for driver i915
D/OpenGLRenderer( 7869): Enabling debug mode 0
D/dalvikvm( 7869): GC_CONCURRENT freed 118K, 5% free 3564K/3740K, paused 0ms+1ms, total 10ms
W/View ( 7869): requestLayout() improperly called by android.widget.TextView{216e74cc V.ED.... ......ID 281,0-354,30} during layout: running second layout pass
W/View ( 7869): requestLayout() improperly called by android.widget.TextView{21735268 V.ED.... ......ID 8,0-354,30} during layout: running second layout pass
W/View ( 7869): requestLayout() improperly called by android.widget.TextView{21750ff4 V.ED.... .....AID 8,60-274,82 #7f0c000e app:id/cliv_name_textview} during layout: running second layout pass
W/View ( 7869): requestLayout() improperly called by android.widget.TextView{21753d5c V.ED.... ......ID 8,0-354,30} during layout: running second layout pass
W/View ( 7869): requestLayout() improperly called by android.widget.TextView{21754864 V.ED.... ......ID 8,60-274,82 #7f0c000e app:id/cliv_name_textview} during layout: running second layout pass
W/View ( 7869): requestLayout() improperly called by android.widget.TextView{217556b8 V.ED.... ......ID 8,29-274,51 #7f0c000e app:id/cliv_name_textview} during layout: running second layout pass
W/View ( 7869): requestLayout() improperly called by android.widget.TextView{217563f0 V.ED.... ......ID 8,29-274,51 #7f0c000e app:id/cliv_name_textview} during layout: running second layout pass
W/View ( 7869): requestLayout() improperly called by android.widget.TextView{21757148 V.ED.... ......ID 8,29-274,51 #7f0c000e app:id/cliv_name_textview} during layout: running second layout pass
W/View ( 7869): requestLayout() improperly called by android.widget.TextView{21757e94 V.ED.... ......ID 8,29-274,51 #7f0c000e app:id/cliv_name_textview} during layout: running second layout pass
W/View ( 7869): requestLayout() improperly called by android.widget.TextView{21758be4 V.ED.... ......ID 8,29-274,51 #7f0c000e app:id/cliv_name_textview} during layout: running second layout pass
W/View ( 7869): requestLayout() improperly called by android.widget.TextView{21759930 V.ED.... ......ID 8,29-274,51 #7f0c000e app:id/cliv_name_textview} during layout: running second layout pass
I/ActivityManager( 1948): Displayed com.android.contacts/.activities.PeopleActivity: +542ms
I/ContactLoader( 7869): Registering content observer for content://com.android.contacts/contacts/lookup/profile/9223372034707292161
D/dalvikvm( 7869): GC_CONCURRENT freed 158K, 6% free 3859K/4084K, paused 1ms+1ms, total 9ms
D/dalvikvm( 3397): GC_CONCURRENT freed 326K, 26% free 3486K/4676K, paused 0ms+2ms, total 8ms
V/ContactPhotoManager( 7869): Preloaded 25 photos. Cached bytes: 130484
V/ContactPhotoManager( 7869): Preloaded 25 photos. Cached bytes: 246148
D/dalvikvm( 7869): GC_CONCURRENT freed 96K, 4% free 4160K/4320K, paused 2ms+1ms, total 7ms
V/ContactPhotoManager( 7869): Preloaded 25 photos. Cached bytes: 360926
V/ContactPhotoManager( 7869): Preloaded 8 photos. Cached bytes: 386680
D/audio_hw_primary( 1608): found out /dev/snd/pcmC0D0p
D/dalvikvm( 1948): GC_FOR_ALLOC freed 139K, 19% free 10608K/13080K, paused 24ms, total 26ms
I/dalvikvm-heap( 1948): Grow heap (frag case) to 10.541MB for 124212-byte allocation
D/dalvikvm( 1948): GC_FOR_ALLOC freed 17K, 19% free 10712K/13204K, paused 25ms, total 25ms
D/dalvikvm( 1948): GC_FOR_ALLOC freed 189K, 21% free 10523K/13204K, paused 25ms, total 25ms
I/ActivityManager( 1948): Killing 7023:com.android.gl2java/u0a43 (adj 15): empty #17
I/ActivityManager( 1948): START u0 {act=android.intent.action.MAIN cat=[android.intent.category.LAUNCHER] flg=0x10200000 cmp=com.android.gallery3d/.app.GalleryActivity} from pid 3453
D/dalvikvm( 1948): GC_FOR_ALLOC freed 147K, 21% free 10521K/13204K, paused 27ms, total 27ms
W/BroadcastQueue( 1948): Permission Denial: broadcasting Intent { act=com.android.launcher3.action.LAUNCH flg=0x10 (has extras) } from com.cyanogenmod.trebuchet (pid=3453, uid=10020) requires com.google.android.launcher.permission.RECEIVE_LAUNCH_BROADCASTS due to receiver com.google.android.googlequicksearchbox/com.google.android.search.core.icingsync.ApplicationLaunchReceiver
W/BroadcastQueue( 1948): Permission Denial: receiving Intent { act=com.android.launcher3.action.LAUNCH flg=0x10 (has extras) } to com.google.android.googlequicksearchbox/com.google.android.search.core.icingsync.ApplicationLaunchReceiver requires com.android.launcher3.permission.RECEIVE_LAUNCH_BROADCASTS due to sender com.cyanogenmod.trebuchet (uid 10020)
I/ActivityManager( 1948): Start proc com.android.gallery3d for activity com.android.gallery3d/.app.GalleryActivity: pid=7894 uid=10048 gids={50048, 3003, 1028, 1015, 1023}
V/StateManager( 7894): startState class com.android.gallery3d.app.AlbumSetPage
V/NFC ( 7894): this device does not have NFC support
E/cutils ( 1601): Failed to mkdirat(/storage/usb0/Android): Read-only file system
W/Vold ( 1601): Returning OperationFailed - no handler for errno 30
W/ContextImpl( 7894): Failed to ensure directory: /storage/usb0/Android/data/com.android.gallery3d/cache
E/cutils ( 1601): Failed to mkdirat(/storage/usb1/Android): Read-only file system
W/ContextImpl( 7894): Failed to ensure directory: /storage/usb1/Android/data/com.android.gallery3d/cache
W/Vold ( 1601): Returning OperationFailed - no handler for errno 30
E/cutils ( 1601): Failed to mkdirat(/storage/usb2/Android): Read-only file system
W/Vold ( 1601): Returning OperationFailed - no handler for errno 30
W/ContextImpl( 7894): Failed to ensure directory: /storage/usb2/Android/data/com.android.gallery3d/cache
E/cutils ( 1601): Failed to mkdirat(/storage/usb3/Android): Read-only file system
W/Vold ( 1601): Returning OperationFailed - no handler for errno 30
W/ContextImpl( 7894): Failed to ensure directory: /storage/usb3/Android/data/com.android.gallery3d/cache
E/Vold ( 1601): Failed to find volume for /storage/sdcard1/Android/data/com.android.gallery3d/cache/
W/Vold ( 1601): Returning OperationFailed - no handler for errno 30
W/ContextImpl( 7894): Failed to ensure directory: /storage/sdcard1/Android/data/com.android.gallery3d/cache
D/dalvikvm( 7894): GC_FOR_ALLOC freed 173K, 8% free 2817K/3052K, paused 4ms, total 5ms
D/Gallery.MultiSetSync( 7894): onSyncDone: Lokale Alben #pending=1
D/Gallery.MultiSetSync( 7894): request sync: Lokale Alben
D/Gallery.MultiSetSync( 7894): onSyncDone: picasa #pending=0
D/Gallery.MultiSetSync( 7894): request sync: picasa
D/KbdSensor( 1948): poll_activate: dev=0x77ae5720 handle=0 enabled=1
D/KbdSensor( 1948): poll_setDelay: dev=0x77ae5720 delay-ns=200000000
W/GRALLOC-PIPE( 7894): failed to create pipe screen for i965
I/GRALLOC-DRM( 7894): create intel for driver i915
D/OpenGLRenderer( 7894): Enabling debug mode 0
I/GLRootView( 7894): onSurfaceChanged: 1280x752, gl10: com.google.android.gles_jni.GLImpl@216d7680
I/GLRootView( 7894): layout content pane 1280x752 (compensation 0)
I/ActivityManager( 1948): Displayed com.android.gallery3d/.app.GalleryActivity: +373ms
D/dalvikvm( 7894): GC_CONCURRENT freed 39K, 5% free 3162K/3312K, paused 1ms+0ms, total 4ms
D/dalvikvm( 1948): GC_FOR_ALLOC freed 190K, 20% free 10676K/13204K, paused 27ms, total 27ms
I/dalvikvm-heap( 1948): Grow heap (frag case) to 10.609MB for 124212-byte allocation
D/dalvikvm( 1948): GC_FOR_ALLOC freed 8K, 20% free 10790K/13328K, paused 25ms, total 25ms
D/dalvikvm( 1948): GC_FOR_ALLOC freed 121K, 20% free 10669K/13328K, paused 25ms, total 25ms
V/StateManager( 7894): no more state, finish activity
V/StateManager( 7894): finishState com.android.gallery3d.app.AlbumSetPage@216e1174
D/KbdSensor( 1948): poll_activate: dev=0x77ae5720 handle=0 enabled=0
V/StateManager( 7894): destroy
I/ActivityManager( 1948): Killing 7057:com.google.android.apps.maps/u0a60 (adj 15): empty #17
F/ActivityManager( 1948): Service ServiceRecord{21839c4c u0 com.google.android.apps.maps/com.google.android.apps.gmm.prefetch.PrefetcherService} in process ProcessRecord{217b1240 7057:com.google.android.apps.maps/u0a60} not same as in map: null
I/ActivityManager( 1948): START u0 {act=android.intent.action.MAIN cat=[android.intent.category.LAUNCHER] flg=0x10200000 cmp=com.google.android.apps.books/.app.BooksActivity} from pid 3453
D/audio_hw_primary( 1608): found out /dev/snd/pcmC0D0p
D/dalvikvm( 1948): GC_FOR_ALLOC freed 229K, 20% free 10674K/13328K, paused 28ms, total 28ms
W/BroadcastQueue( 1948): Permission Denial: broadcasting Intent { act=com.android.launcher3.action.LAUNCH flg=0x10 (has extras) } from com.cyanogenmod.trebuchet (pid=3453, uid=10020) requires com.google.android.launcher.permission.RECEIVE_LAUNCH_BROADCASTS due to receiver com.google.android.googlequicksearchbox/com.google.android.search.core.icingsync.ApplicationLaunchReceiver
W/BroadcastQueue( 1948): Permission Denial: receiving Intent { act=com.android.launcher3.action.LAUNCH flg=0x10 (has extras) } to com.google.android.googlequicksearchbox/com.google.android.search.core.icingsync.ApplicationLaunchReceiver requires com.android.launcher3.permission.RECEIVE_LAUNCH_BROADCASTS due to sender com.cyanogenmod.trebuchet (uid 10020)
I/ActivityManager( 1948): Start proc com.google.android.apps.books for activity com.google.android.apps.books/.app.BooksActivity: pid=7940 uid=10027 gids={50027, 3003, 1028, 1015, 1023}
I/DeviceProperties( 7940): PortraitW 800 LandscapeW 640 SmallestSize 727 LargestSize 1280 textZoom 1.1249999 Memory 192
D/dalvikvm( 7940): GC_CONCURRENT freed 163K, 8% free 2891K/3116K, paused 2ms+1ms, total 7ms
I/dalvikvm( 7940): Could not find method android.os.PowerManager.isPowerSaveMode, referenced from method com.google.android.apps.books.app.BooksAnalyticsTracker.isPowerSaveMode
W/dalvikvm( 7940): VFY: unable to resolve virtual method 1356: Landroid/os/PowerManager;.isPowerSaveMode ()Z
D/dalvikvm( 7940): VFY: replacing opcode 0x6e at 0x0006
I/dalvikvm( 7940): Could not find method android.os.PowerManager.isInteractive, referenced from method com.google.android.apps.books.app.BooksAnalyticsTracker.isScreenOn
W/dalvikvm( 7940): VFY: unable to resolve virtual method 1355: Landroid/os/PowerManager;.isInteractive ()Z
