09-17 07:57:56.247 1750 1750 W PackageManager: Not granting permission android.permission.DELETE_PACKAGES to package com.svox.pico (protectionLevel=18 flags=0x8be45)
09-17 07:57:56.248 1750 1750 W PackageManager: Not granting permission android.permission.MANAGE_DOCUMENTS to package com.google.android.youtube (protectionLevel=2 flags=0x18be45)
09-17 07:57:56.248 1750 1750 W PackageManager: Not granting permission android.permission.DEVICE_POWER to package com.android.deskclock (protectionLevel=2 flags=0x48be45)
09-17 07:57:56.248 1750 1750 W PackageManager: Not granting permission android.permission.READ_DREAM_STATE to package com.google.android.gsf (protectionLevel=2 flags=0x40083e45)
09-17 07:57:56.248 1750 1750 W PackageManager: Unknown permission android.permission.WRITE_SYNC_STATS in package com.google.android.apps.docs
09-17 07:57:56.265 1750 1753 D dalvikvm: GC_CONCURRENT freed 1435K, 31% free 9123K/13156K, paused 2ms+5ms, total 15ms
09-17 07:57:56.282 1443 1478 E BufferQueue: [BootAnimation] dequeueBuffer: time out and will free all buffer!
09-17 07:57:56.715 1750 1750 D dalvikvm: GC_EXPLICIT freed 1824K, 45% free 7316K/13156K, paused 0ms+1ms, total 8ms
09-17 07:57:56.716 1750 1750 I SystemServer: Entropy Mixer
09-17 07:57:56.716 1750 1750 W EntropyMixer: No existing entropy file -- first boot?
09-17 07:57:56.716 1750 1750 I EntropyMixer: Writing entropy...
09-17 07:57:56.721 1750 1750 I SystemServer: User Service
09-17 07:57:56.721 1750 1750 I SystemServer: Account Manager
09-17 07:57:56.723 1750 1750 I SystemServer: Content Manager
09-17 07:57:56.723 1750 1750 I SystemServer: System Content Providers
09-17 07:57:57.059 1750 1750 I SyncManager: No initial accounts
09-17 07:57:57.059 1750 1750 I SyncManager: No initial status
09-17 07:57:57.073 1750 1750 W SyncManagerFile: Error reading pending data.
09-17 07:57:57.073 1750 1750 W SyncManagerFile: java.io.FileNotFoundException: /data/system/sync/pending.xml: open failed: ENOENT (No such file or directory)
09-17 07:57:57.073 1750 1750 W SyncManagerFile: at libcore.io.IoBridge.open(IoBridge.java:409)
09-17 07:57:57.073 1750 1750 W SyncManagerFile: at java.io.FileInputStream.(FileInputStream.java:78)
09-17 07:57:57.073 1750 1750 W SyncManagerFile: at android.util.AtomicFile.openRead(AtomicFile.java:199)
09-17 07:57:57.073 1750 1750 W SyncManagerFile: at com.android.server.content.SyncStorageEngine.readPendingOperationsLocked(SyncStorageEngine.java:2286)
09-17 07:57:57.073 1750 1750 W SyncManagerFile: at com.android.server.content.SyncStorageEngine.(SyncStorageEngine.java:434)
09-17 07:57:57.073 1750 1750 W SyncManagerFile: at com.android.server.content.SyncStorageEngine.init(SyncStorageEngine.java:454)
09-17 07:57:57.073 1750 1750 W SyncManagerFile: at com.android.server.content.SyncManager.(SyncManager.java:383)
09-17 07:57:57.073 1750 1750 W SyncManagerFile: at com.android.server.content.ContentService.getSyncManager(ContentService.java:75)
09-17 07:57:57.073 1750 1750 W SyncManagerFile: at com.android.server.content.ContentService.notifyChange(ContentService.java:283)
09-17 07:57:57.073 1750 1750 W SyncManagerFile: at android.content.ContentResolver.notifyChange(ContentResolver.java:1621)
09-17 07:57:57.073 1750 1750 W SyncManagerFile: at com.android.providers.settings.SettingsProvider.sendNotify(SettingsProvider.java:262)
09-17 07:57:57.073 1750 1750 W SyncManagerFile: at com.android.providers.settings.SettingsProvider.insertForUser(SettingsProvider.java:941)
09-17 07:57:57.073 1750 1750 W SyncManagerFile: at com.android.providers.settings.SettingsProvider.ensureAndroidIdIsSet(SettingsProvider.java:496)
09-17 07:57:57.073 1750 1750 W SyncManagerFile: at com.android.providers.settings.SettingsProvider.establishDbTracking(SettingsProvider.java:409)
09-17 07:57:57.073 1750 1750 W SyncManagerFile: at com.android.providers.settings.SettingsProvider.onCreate(SettingsProvider.java:335)
09-17 07:57:57.073 1750 1750 W SyncManagerFile: at android.content.ContentProvider.attachInfo(ContentProvider.java:1591)
09-17 07:57:57.073 1750 1750 W SyncManagerFile: at android.content.ContentProvider.attachInfo(ContentProvider.java:1562)
09-17 07:57:57.073 1750 1750 W SyncManagerFile: at android.app.ActivityThread.installProvider(ActivityThread.java:4774)
09-17 07:57:57.073 1750 1750 W SyncManagerFile: at android.app.ActivityThread.installContentProviders(ActivityThread.java:4369)
09-17 07:57:57.073 1750 1750 W SyncManagerFile: at android.app.ActivityThread.installSystemProviders(ActivityThread.java:4929)
09-17 07:57:57.073 1750 1750 W SyncManagerFile: at com.android.server.am.ActivityManagerService.installSystemProviders(ActivityManagerService.java:8081)
09-17 07:57:57.073 1750 1750 W SyncManagerFile: at com.android.server.ServerThread.initAndLoop(SystemServer.java:275)
09-17 07:57:57.073 1750 1750 W SyncManagerFile: at com.android.server.SystemServer.main(SystemServer.java:1179)
09-17 07:57:57.073 1750 1750 W SyncManagerFile: at java.lang.reflect.Method.invokeNative(Native Method)
09-17 07:57:57.073 1750 1750 W SyncManagerFile: at java.lang.reflect.Method.invoke(Method.java:515)
09-17 07:57:57.073 1750 1750 W SyncManagerFile: at com.android.internal.os.ZygoteInit$MethodAndArgsCaller.run(ZygoteInit.java:785)
09-17 07:57:57.073 1750 1750 W SyncManagerFile: at com.android.internal.os.ZygoteInit.main(ZygoteInit.java:601)
09-17 07:57:57.073 1750 1750 W SyncManagerFile: at dalvik.system.NativeStart.main(Native Method)
09-17 07:57:57.073 1750 1750 W SyncManagerFile: Caused by: libcore.io.ErrnoException: open failed: ENOENT (No such file or directory)
09-17 07:57:57.073 1750 1750 W SyncManagerFile: at libcore.io.Posix.open(Native Method)
09-17 07:57:57.073 1750 1750 W SyncManagerFile: at libcore.io.BlockGuardOs.open(BlockGuardOs.java:110)
09-17 07:57:57.073 1750 1750 W SyncManagerFile: at libcore.io.IoBridge.open(IoBridge.java:393)
09-17 07:57:57.073 1750 1750 W SyncManagerFile: ... 27 more
09-17 07:57:57.073 1750 1750 I SyncManager: No initial statistics
09-17 07:57:57.088 1750 1750 D SettingsProvider: Generated and saved new ANDROID_ID [ecbf5b34914a77e3] for user 0
09-17 07:57:57.089 1750 1750 D lights : Detect /sys/class/backlight/acpi_video0/max_brightness
09-17 07:57:57.089 1750 1750 D lights : Detect /sys/class/backlight/acpi_video0/brightness
09-17 07:57:57.089 1750 1750 I SystemServer: Lights Service
09-17 07:57:57.089 1750 1750 I SystemServer: Battery Service
09-17 07:57:57.104 1750 1750 I SystemServer: Vibrator Service
09-17 07:57:57.104 1750 1750 E ConsumerIrService: Can't open consumer IR HW Module, error: -2
09-17 07:57:57.104 1750 1750 I libsuspend: Selected early suspend
09-17 07:57:57.104 1750 1750 I SystemServer: Consumer IR Service
09-17 07:57:57.104 1750 1750 I SystemServer: Alarm Manager
09-17 07:57:57.105 1750 1750 I SystemServer: Init Watchdog
09-17 07:57:57.105 1750 1750 I SystemServer: Input Manager
09-17 07:57:57.105 1750 1750 I InputManager: Initializing input manager, mUseDevInputEventForAudioJack=true
09-17 07:57:57.105 1750 1750 I SystemServer: Window Manager
09-17 07:57:57.106 1443 1790 D PermissionCache: checking android.permission.ACCESS_SURFACE_FLINGER for uid=1000 => granted (0 us)
09-17 07:57:57.106 1750 1764 I WindowManager: No existing display settings /data/system/display_settings.xml; starting empty
09-17 07:57:58.745 1443 1476 W SurfaceFlinger: received signal 12 in thread 1476, resending to 1769
09-17 07:57:58.757 1443 1477 W SurfaceFlinger: received signal 12 in thread 1477, resending to 1769
09-17 07:57:58.769 1443 1478 W SurfaceFlinger: received signal 12 in thread 1478, resending to 1769
09-17 07:57:58.781 1443 1768 W SurfaceFlinger: received signal 12 in thread 1768, resending to 1769
09-17 07:57:58.792 1443 1790 W SurfaceFlinger: received signal 12 in thread 1790, resending to 1769
09-17 07:57:58.803 1443 1791 W SurfaceFlinger: received signal 12 in thread 1791, resending to 1769
09-17 07:57:58.815 1443 1476 W SurfaceFlinger: received signal 12 in thread 1476, resending to 1769
09-17 07:57:58.827 1443 1477 W SurfaceFlinger: received signal 12 in thread 1477, resending to 1769
09-17 07:57:58.838 1443 1478 W SurfaceFlinger: received signal 12 in thread 1478, resending to 1769
09-17 07:57:58.850 1443 1768 W SurfaceFlinger: received signal 12 in thread 1768, resending to 1769
09-17 07:57:58.861 1443 1790 W SurfaceFlinger: received signal 12 in thread 1790, resending to 1769
09-17 07:57:58.872 1443 1791 W SurfaceFlinger: received signal 12 in thread 1791, resending to 1769
09-17 07:57:58.883 1443 1476 W SurfaceFlinger: received signal 12 in thread 1476, resending to 1769
09-17 07:57:58.894 1443 1477 W SurfaceFlinger: received signal 12 in thread 1477, resending to 1769
09-17 07:57:58.905 1443 1478 W SurfaceFlinger: received signal 12 in thread 1478, resending to 1769
09-17 07:57:58.916 1443 1768 W SurfaceFlinger: received signal 12 in thread 1768, resending to 1769
09-17 07:57:58.917 1443 1790 W SurfaceFlinger: received signal 12 in thread 1790, resending to 1769
09-17 07:57:58.927 1443 1791 W SurfaceFlinger: received signal 12 in thread 1791, resending to 1769
09-17 07:57:58.928 1443 1476 W SurfaceFlinger: received signal 12 in thread 1476, resending to 1769
09-17 07:57:58.938 1443 1477 W SurfaceFlinger: received signal 12 in thread 1477, resending to 1769
09-17 07:57:58.939 1443 1478 W SurfaceFlinger: received signal 12 in thread 1478, resending to 1769
09-17 07:57:58.949 1443 1768 W SurfaceFlinger: received signal 12 in thread 1768, resending to 1769
09-17 07:57:58.951 1443 1790 W SurfaceFlinger: received signal 12 in thread 1790, resending to 1769
09-17 07:57:58.961 1443 1791 W SurfaceFlinger: received signal 12 in thread 1791, resending to 1769
09-17 07:57:58.962 1443 1476 W SurfaceFlinger: received signal 12 in thread 1476, resending to 1769
09-17 07:57:58.972 1443 1477 W SurfaceFlinger: received signal 12 in thread 1477, resending to 1769
09-17 07:57:58.973 1443 1768 W SurfaceFlinger: received signal 12 in thread 1768, resending to 1769
09-17 07:57:58.978 1443 1478 W SurfaceFlinger: received signal 12 in thread 1478, resending to 1769
09-17 07:57:58.983 1443 1790 W SurfaceFlinger: received signal 12 in thread 1790, resending to 1769
09-17 07:57:58.984 1443 1791 W SurfaceFlinger: received signal 12 in thread 1791, resending to 1769
09-17 07:57:58.989 1443 1476 W SurfaceFlinger: received signal 12 in thread 1476, resending to 1769
09-17 07:57:58.994 1443 1477 W SurfaceFlinger: received signal 12 in thread 1477, resending to 1769
09-17 07:57:58.996 1443 1768 W SurfaceFlinger: received signal 12 in thread 1768, resending to 1769
09-17 07:57:59.001 1443 1478 W SurfaceFlinger: received signal 12 in thread 1478, resending to 1769
09-17 07:57:59.005 1443 1790 W SurfaceFlinger: received signal 12 in thread 1790, resending to 1769
09-17 07:57:59.008 1443 1791 W SurfaceFlinger: received signal 12 in thread 1791, resending to 1769
09-17 07:57:59.012 1443 1476 W SurfaceFlinger: received signal 12 in thread 1476, resending to 1769
09-17 07:57:59.016 1443 1477 W SurfaceFlinger: received signal 12 in thread 1477, resending to 1769
09-17 07:57:59.020 1443 1768 W SurfaceFlinger: received signal 12 in thread 1768, resending to 1769
09-17 07:57:59.023 1443 1478 W SurfaceFlinger: received signal 12 in thread 1478, resending to 1769
09-17 07:57:59.028 1443 1790 W SurfaceFlinger: received signal 12 in thread 1790, resending to 1769
09-17 07:57:59.031 1443 1791 W SurfaceFlinger: received signal 12 in thread 1791, resending to 1769
09-17 07:57:59.035 1443 1476 W SurfaceFlinger: received signal 12 in thread 1476, resending to 1769
09-17 07:57:59.039 1443 1477 W SurfaceFlinger: received signal 12 in thread 1477, resending to 1769
09-17 07:57:59.042 1443 1768 W SurfaceFlinger: received signal 12 in thread 1768, resending to 1769
09-17 07:57:59.046 1443 1478 W SurfaceFlinger: received signal 12 in thread 1478, resending to 1769
09-17 07:57:59.051 1443 1790 W SurfaceFlinger: received signal 12 in thread 1790, resending to 1769
09-17 07:57:59.053 1443 1791 W SurfaceFlinger: received signal 12 in thread 1791, resending to 1769
09-17 07:57:59.057 1443 1476 W SurfaceFlinger: received signal 12 in thread 1476, resending to 1769
09-17 07:57:59.062 1443 1477 W SurfaceFlinger: received signal 12 in thread 1477, resending to 1769
09-17 07:57:59.064 1443 1768 W SurfaceFlinger: received signal 12 in thread 1768, resending to 1769
09-17 07:57:59.068 1443 1478 W SurfaceFlinger: received signal 12 in thread 1478, resending to 1769
09-17 07:57:59.073 1443 1790 W SurfaceFlinger: received signal 12 in thread 1790, resending to 1769
09-17 07:57:59.076 1443 1791 W SurfaceFlinger: received signal 12 in thread 1791, resending to 1769
09-17 07:57:59.079 1443 1476 W SurfaceFlinger: received signal 12 in thread 1476, resending to 1769
09-17 07:57:59.084 1443 1477 W SurfaceFlinger: received signal 12 in thread 1477, resending to 1769
09-17 07:57:59.087 1443 1768 W SurfaceFlinger: received signal 12 in thread 1768, resending to 1769
09-17 07:57:59.091 1443 1478 W SurfaceFlinger: received signal 12 in thread 1478, resending to 1769
09-17 07:57:59.095 1443 1790 W SurfaceFlinger: received signal 12 in thread 1790, resending to 1769
09-17 07:57:59.098 1443 1791 W SurfaceFlinger: received signal 12 in thread 1791, resending to 1769
09-17 07:57:59.103 1443 1476 W SurfaceFlinger: received signal 12 in thread 1476, resending to 1769
09-17 07:57:59.106 1443 1477 W SurfaceFlinger: received signal 12 in thread 1477, resending to 1769
09-17 07:57:59.109 1443 1768 W SurfaceFlinger: received signal 12 in thread 1768, resending to 1769
09-17 07:57:59.114 1443 1478 W SurfaceFlinger: received signal 12 in thread 1478, resending to 1769
09-17 07:57:59.118 1443 1790 W SurfaceFlinger: received signal 12 in thread 1790, resending to 1769
09-17 07:57:59.120 1443 1791 W SurfaceFlinger: received signal 12 in thread 1791, resending to 1769
09-17 07:57:59.125 1443 1476 W SurfaceFlinger: received signal 12 in thread 1476, resending to 1769
09-17 07:57:59.130 1443 1477 W SurfaceFlinger: received signal 12 in thread 1477, resending to 1769
09-17 07:57:59.132 1443 1768 W SurfaceFlinger: received signal 12 in thread 1768, resending to 1769
09-17 07:57:59.136 1443 1478 W SurfaceFlinger: received signal 12 in thread 1478, resending to 1769
09-17 07:57:59.142 1443 1790 W SurfaceFlinger: received signal 12 in thread 1790, resending to 1769
09-17 07:57:59.143 1443 1791 W SurfaceFlinger: received signal 12 in thread 1791, resending to 1769
09-17 07:57:59.147 1443 1476 W SurfaceFlinger: received signal 12 in thread 1476, resending to 1769
09-17 07:57:59.153 1443 1477 W SurfaceFlinger: received signal 12 in thread 1477, resending to 1769
09-17 07:57:59.154 1443 1768 W SurfaceFlinger: received signal 12 in thread 1768, resending to 1769
09-17 07:57:59.158 1443 1478 W SurfaceFlinger: received signal 12 in thread 1478, resending to 1769
09-17 07:57:59.164 1443 1790 W SurfaceFlinger: received signal 12 in thread 1790, resending to 1769
09-17 07:57:59.165 1443 1791 W SurfaceFlinger: received signal 12 in thread 1791, resending to 1769
09-17 07:57:59.169 1443 1476 W SurfaceFlinger: received signal 12 in thread 1476, resending to 1769
09-17 07:57:59.176 1443 1768 W SurfaceFlinger: received signal 12 in thread 1768, resending to 1769
09-17 07:57:59.176 1443 1477 W SurfaceFlinger: received signal 12 in thread 1477, resending to 1769
09-17 07:57:59.181 1443 1478 W SurfaceFlinger: received signal 12 in thread 1478, resending to 1769
09-17 07:57:59.187 1443 1791 W SurfaceFlinger: received signal 12 in thread 1791, resending to 1769
09-17 07:57:59.187 1443 1790 W SurfaceFlinger: received signal 12 in thread 1790, resending to 1769
09-17 07:57:59.192 1443 1476 W SurfaceFlinger: received signal 12 in thread 1476, resending to 1769
09-17 07:57:59.198 1443 1477 W SurfaceFlinger: received signal 12 in thread 1477, resending to 1769
09-17 07:57:59.203 1443 1768 W SurfaceFlinger: received signal 12 in thread 1768, resending to 1769
09-17 07:57:59.209 1443 1791 W SurfaceFlinger: received signal 12 in thread 1791, resending to 1769
09-17 07:57:59.214 1443 1476 W SurfaceFlinger: received signal 12 in thread 1476, resending to 1769
09-17 07:57:59.220 1443 1478 W SurfaceFlinger: received signal 12 in thread 1478, resending to 1769
09-17 07:57:59.225 1443 1790 W SurfaceFlinger: received signal 12 in thread 1790, resending to 1769
09-17 07:57:59.232 1443 1791 W SurfaceFlinger: received signal 12 in thread 1791, resending to 1769
09-17 07:57:59.237 1443 1476 W SurfaceFlinger: received signal 12 in thread 1476, resending to 1769
09-17 07:57:59.240 1443 1477 W SurfaceFlinger: received signal 12 in thread 1477, resending to 1769
09-17 07:57:59.243 1443 1768 W SurfaceFlinger: received signal 12 in thread 1768, resending to 1769
09-17 07:57:59.248 1443 1478 W SurfaceFlinger: received signal 12 in thread 1478, resending to 1769
09-17 07:57:59.252 1443 1790 W SurfaceFlinger: received signal 12 in thread 1790, resending to 1769
09-17 07:57:59.255 1443 1791 W SurfaceFlinger: received signal 12 in thread 1791, resending to 1769
09-17 07:57:59.260 1443 1476 W SurfaceFlinger: received signal 12 in thread 1476, resending to 1769
09-17 07:57:59.263 1443 1477 W SurfaceFlinger: received signal 12 in thread 1477, resending to 1769
09-17 07:57:59.267 1443 1768 W SurfaceFlinger: received signal 12 in thread 1768, resending to 1769
09-17 07:57:59.272 1443 1478 W SurfaceFlinger: received signal 12 in thread 1478, resending to 1769
09-17 07:57:59.275 1443 1790 W SurfaceFlinger: received signal 12 in thread 1790, resending to 1769
09-17 07:57:59.278 1443 1791 W SurfaceFlinger: received signal 12 in thread 1791, resending to 1769
09-17 07:57:59.283 1443 1476 W SurfaceFlinger: received signal 12 in thread 1476, resending to 1769
09-17 07:57:59.287 1443 1477 W SurfaceFlinger: received signal 12 in thread 1477, resending to 1769
09-17 07:57:59.290 1443 1768 W SurfaceFlinger: received signal 12 in thread 1768, resending to 1769
09-17 07:57:59.295 1443 1478 W SurfaceFlinger: received signal 12 in thread 1478, resending to 1769
09-17 07:57:59.298 1443 1790 W SurfaceFlinger: received signal 12 in thread 1790, resending to 1769
09-17 07:57:59.301 1443 1791 W SurfaceFlinger: received signal 12 in thread 1791, resending to 1769
09-17 07:57:59.306 1443 1476 W SurfaceFlinger: received signal 12 in thread 1476, resending to 1769
09-17 07:57:59.309 1443 1477 W SurfaceFlinger: received signal 12 in thread 1477, resending to 1769
09-17 07:57:59.312 1443 1768 W SurfaceFlinger: received signal 12 in thread 1768, resending to 1769
09-17 07:57:59.317 1443 1478 W SurfaceFlinger: received signal 12 in thread 1478, resending to 1769
09-17 07:57:59.320 1443 1790 W SurfaceFlinger: received signal 12 in thread 1790, resending to 1769
09-17 07:57:59.323 1443 1791 W SurfaceFlinger: received signal 12 in thread 1791, resending to 1769
09-17 07:57:59.328 1443 1476 W SurfaceFlinger: received signal 12 in thread 1476, resending to 1769
09-17 07:57:59.331 1443 1477 W SurfaceFlinger: received signal 12 in thread 1477, resending to 1769
09-17 07:57:59.334 1443 1768 W SurfaceFlinger: received signal 12 in thread 1768, resending to 1769
09-17 07:57:59.339 1443 1478 W SurfaceFlinger: received signal 12 in thread 1478, resending to 1769
09-17 07:57:59.343 1443 1790 W SurfaceFlinger: received signal 12 in thread 1790, resending to 1769
09-17 07:57:59.345 1443 1791 W SurfaceFlinger: received signal 12 in thread 1791, resending to 1769
09-17 07:57:59.350 1443 1476 W SurfaceFlinger: received signal 12 in thread 1476, resending to 1769
09-17 07:57:59.354 1443 1477 W SurfaceFlinger: received signal 12 in thread 1477, resending to 1769
09-17 07:57:59.356 1443 1768 W SurfaceFlinger: received signal 12 in thread 1768, resending to 1769
09-17 07:57:59.362 1443 1478 W SurfaceFlinger: received signal 12 in thread 1478, resending to 1769
09-17 07:57:59.365 1443 1790 W SurfaceFlinger: received signal 12 in thread 1790, resending to 1769
09-17 07:57:59.367 1443 1791 W SurfaceFlinger: received signal 12 in thread 1791, resending to 1769
09-17 07:57:59.374 1443 1476 W SurfaceFlinger: received signal 12 in thread 1476, resending to 1769
09-17 07:57:59.376 1443 1477 W SurfaceFlinger: received signal 12 in thread 1477, resending to 1769
09-17 07:57:59.378 1443 1768 W SurfaceFlinger: received signal 12 in thread 1768, resending to 1769
09-17 07:57:59.385 1443 1478 W SurfaceFlinger: received signal 12 in thread 1478, resending to 1769
09-17 07:57:59.387 1443 1790 W SurfaceFlinger: received signal 12 in thread 1790, resending to 1769
09-17 07:57:59.389 1443 1791 W SurfaceFlinger: received signal 12 in thread 1791, resending to 1769
09-17 07:57:59.396 1443 1476 W SurfaceFlinger: received signal 12 in thread 1476, resending to 1769
09-17 07:57:59.399 1443 1477 W SurfaceFlinger: received signal 12 in thread 1477, resending to 1769
09-17 07:57:59.400 1443 1768 W SurfaceFlinger: received signal 12 in thread 1768, resending to 1769
09-17 07:57:59.408 1443 1478 W SurfaceFlinger: received signal 12 in thread 1478, resending to 1769
09-17 07:57:59.410 1443 1790 W SurfaceFlinger: received signal 12 in thread 1790, resending to 1769
09-17 07:57:59.411 1443 1791 W SurfaceFlinger: received signal 12 in thread 1791, resending to 1769
09-17 07:57:59.420 1443 1476 W SurfaceFlinger: received signal 12 in thread 1476, resending to 1769
09-17 07:57:59.421 1443 1477 W SurfaceFlinger: received signal 12 in thread 1477, resending to 1769
09-17 07:57:59.423 1443 1768 W SurfaceFlinger: received signal 12 in thread 1768, resending to 1769
09-17 07:57:59.432 1443 1478 W SurfaceFlinger: received signal 12 in thread 1478, resending to 1769
09-17 07:57:59.433 1443 1790 W SurfaceFlinger: received signal 12 in thread 1790, resending to 1769
09-17 07:57:59.435 1443 1791 W SurfaceFlinger: received signal 12 in thread 1791, resending to 1769
09-17 07:57:59.444 1443 1476 W SurfaceFlinger: received signal 12 in thread 1476, resending to 1769
09-17 07:57:59.446 1443 1477 W SurfaceFlinger: received signal 12 in thread 1477, resending to 1769
09-17 07:57:59.456 1443 1478 W SurfaceFlinger: received signal 12 in thread 1478, resending to 1769
09-17 07:57:59.457 1443 1768 W SurfaceFlinger: received signal 12 in thread 1768, resending to 1769
09-17 07:57:59.467 1443 1790 W SurfaceFlinger: received signal 12 in thread 1790, resending to 1769
09-17 07:57:59.468 1443 1791 W SurfaceFlinger: received signal 12 in thread 1791, resending to 1769
09-17 07:57:59.478 1443 1476 W SurfaceFlinger: received signal 12 in thread 1476, resending to 1769
09-17 07:57:59.479 1443 1477 W SurfaceFlinger: received signal 12 in thread 1477, resending to 1769
09-17 07:57:59.489 1443 1478 W SurfaceFlinger: received signal 12 in thread 1478, resending to 1769
09-17 07:57:59.490 1443 1790 W SurfaceFlinger: received signal 12 in thread 1790, resending to 1769
09-17 07:57:59.500 1443 1768 W SurfaceFlinger: received signal 12 in thread 1768, resending to 1769
09-17 07:57:59.501 1443 1791 W SurfaceFlinger: received signal 12 in thread 1791, resending to 1769
09-17 07:57:59.511 1443 1478 W SurfaceFlinger: received signal 12 in thread 1478, resending to 1769
09-17 07:57:59.512 1443 1476 W SurfaceFlinger: received signal 12 in thread 1476, resending to 1769
09-17 07:57:59.522 1443 1477 W SurfaceFlinger: received signal 12 in thread 1477, resending to 1769
09-17 07:57:59.524 1443 1768 W SurfaceFlinger: received signal 12 in thread 1768, resending to 1769
09-17 07:57:59.533 1443 1790 W SurfaceFlinger: received signal 12 in thread 1790, resending to 1769
09-17 07:57:59.535 1443 1791 W SurfaceFlinger: received signal 12 in thread 1791, resending to 1769
09-17 07:57:59.545 1443 1476 W SurfaceFlinger: received signal 12 in thread 1476, resending to 1769
09-17 07:57:59.546 1443 1477 W SurfaceFlinger: received signal 12 in thread 1477, resending to 1769
09-17 07:57:59.556 1443 1478 W SurfaceFlinger: received signal 12 in thread 1478, resending to 1769
09-17 07:57:59.557 1443 1768 W SurfaceFlinger: received signal 12 in thread 1768, resending to 1769
09-17 07:57:59.568 1443 1790 W SurfaceFlinger: received signal 12 in thread 1790, resending to 1769
09-17 07:57:59.579 1443 1791 W SurfaceFlinger: received signal 12 in thread 1791, resending to 1769
09-17 07:57:59.590 1443 1476 W SurfaceFlinger: received signal 12 in thread 1476, resending to 1769
09-17 07:57:59.601 1443 1477 W SurfaceFlinger: received signal 12 in thread 1477, resending to 1769
09-17 07:57:59.612 1443 1478 W SurfaceFlinger: received signal 12 in thread 1478, resending to 1769
09-17 07:57:59.624 1443 1768 W SurfaceFlinger: received signal 12 in thread 1768, resending to 1769
09-17 07:57:59.635 1443 1478 W SurfaceFlinger: received signal 12 in thread 1478, resending to 1769
09-17 07:57:59.646 1443 1790 W SurfaceFlinger: received signal 12 in thread 1790, resending to 1769
09-17 07:57:59.657 1443 1478 W SurfaceFlinger: received signal 12 in thread 1478, resending to 1769
09-17 07:57:59.668 1443 1791 W SurfaceFlinger: received signal 12 in thread 1791, resending to 1769
09-17 07:57:59.679 1443 1476 W SurfaceFlinger: received signal 12 in thread 1476, resending to 1769
09-17 07:57:59.691 1443 1477 W SurfaceFlinger: received signal 12 in thread 1477, resending to 1769
09-17 07:57:59.702 1443 1478 W SurfaceFlinger: received signal 12 in thread 1478, resending to 1769
09-17 07:57:59.713 1443 1768 W SurfaceFlinger: received signal 12 in thread 1768, resending to 1769
09-17 07:57:59.724 1443 1790 W SurfaceFlinger: received signal 12 in thread 1790, resending to 1769
09-17 07:57:59.735 1443 1791 W SurfaceFlinger: received signal 12 in thread 1791, resending to 1769
09-17 07:57:59.746 1443 1476 W SurfaceFlinger: received signal 12 in thread 1476, resending to 1769
09-17 07:57:59.757 1443 1477 W SurfaceFlinger: received signal 12 in thread 1477, resending to 1769
09-17 07:57:59.768 1443 1476 W SurfaceFlinger: received signal 12 in thread 1476, resending to 1769
09-17 07:57:59.779 1443 1478 W SurfaceFlinger: received signal 12 in thread 1478, resending to 1769
09-17 07:57:59.790 1443 1768 W SurfaceFlinger: received signal 12 in thread 1768, resending to 1769
09-17 07:57:59.801 1443 1790 W SurfaceFlinger: received signal 12 in thread 1790, resending to 1769
09-17 07:57:59.812 1443 1768 W SurfaceFlinger: received signal 12 in thread 1768, resending to 1769
09-17 07:57:59.823 1443 1791 W SurfaceFlinger: received signal 12 in thread 1791, resending to 1769
09-17 07:57:59.834 1443 1476 W SurfaceFlinger: received signal 12 in thread 1476, resending to 1769
09-17 07:57:59.845 1443 1477 W SurfaceFlinger: received signal 12 in thread 1477, resending to 1769
09-17 07:57:59.856 1443 1478 W SurfaceFlinger: received signal 12 in thread 1478, resending to 1769
09-17 07:57:59.867 1443 1768 W SurfaceFlinger: received signal 12 in thread 1768, resending to 1769
09-17 07:57:59.878 1443 1478 W SurfaceFlinger: received signal 12 in thread 1478, resending to 1769
09-17 07:57:59.889 1443 1790 W SurfaceFlinger: received signal 12 in thread 1790, resending to 1769
09-17 07:57:59.900 1443 1791 W SurfaceFlinger: received signal 12 in thread 1791, resending to 1769
09-17 07:57:59.911 1443 1476 W SurfaceFlinger: received signal 12 in thread 1476, resending to 1769
09-17 07:57:59.922 1443 1477 W SurfaceFlinger: received signal 12 in thread 1477, resending to 1769
09-17 07:57:59.934 1443 1478 W SurfaceFlinger: received signal 12 in thread 1478, resending to 1769
09-17 07:57:59.945 1443 1768 W SurfaceFlinger: received signal 12 in thread 1768, resending to 1769
09-17 07:57:59.957 1443 1790 W SurfaceFlinger: received signal 12 in thread 1790, resending to 1769
09-17 07:57:59.968 1443 1791 W SurfaceFlinger: received signal 12 in thread 1791, resending to 1769
09-17 07:57:59.980 1443 1476 W SurfaceFlinger: received signal 12 in thread 1476, resending to 1769
09-17 07:57:59.991 1443 1477 W SurfaceFlinger: received signal 12 in thread 1477, resending to 1769
09-17 07:58:00.003 1443 1478 W SurfaceFlinger: received signal 12 in thread 1478, resending to 1769
09-17 07:58:00.014 1443 1768 W SurfaceFlinger: received signal 12 in thread 1768, resending to 1769
09-17 07:58:00.026 1443 1790 W SurfaceFlinger: received signal 12 in thread 1790, resending to 1769
09-17 07:58:00.037 1443 1791 W SurfaceFlinger: received signal 12 in thread 1791, resending to 1769
09-17 07:58:00.048 1443 1476 W SurfaceFlinger: received signal 12 in thread 1476, resending to 1769
09-17 07:58:00.059 1443 1477 W SurfaceFlinger: received signal 12 in thread 1477, resending to 1769
09-17 07:58:00.070 1443 1478 W SurfaceFlinger: received signal 12 in thread 1478, resending to 1769
09-17 07:58:00.081 1443 1768 W SurfaceFlinger: received signal 12 in thread 1768, resending to 1769
09-17 07:58:00.092 1443 1790 W SurfaceFlinger: received signal 12 in thread 1790, resending to 1769
09-17 07:58:00.103 1443 1791 W SurfaceFlinger: received signal 12 in thread 1791, resending to 1769
09-17 07:58:00.114 1443 1476 W SurfaceFlinger: received signal 12 in thread 1476, resending to 1769
09-17 07:58:00.125 1443 1477 W SurfaceFlinger: received signal 12 in thread 1477, resending to 1769
09-17 07:58:00.137 1443 1478 W SurfaceFlinger: received signal 12 in thread 1478, resending to 1769
09-17 07:58:00.148 1443 1768 W SurfaceFlinger: received signal 12 in thread 1768, resending to 1769
09-17 07:58:00.159 1443 1790 W SurfaceFlinger: received signal 12 in thread 1790, resending to 1769
09-17 07:58:00.170 1443 1791 W SurfaceFlinger: received signal 12 in thread 1791, resending to 1769
09-17 07:58:00.181 1443 1476 W SurfaceFlinger: received signal 12 in thread 1476, resending to 1769
09-17 07:58:00.192 1443 1477 W SurfaceFlinger: received signal 12 in thread 1477, resending to 1769
09-17 07:58:00.203 1443 1478 W SurfaceFlinger: received signal 12 in thread 1478, resending to 1769
09-17 07:58:00.214 1443 1768 W SurfaceFlinger: received signal 12 in thread 1768, resending to 1769
09-17 07:58:00.225 1443 1790 W SurfaceFlinger: received signal 12 in thread 1790, resending to 1769
09-17 07:58:00.236 1443 1791 W SurfaceFlinger: received signal 12 in thread 1791, resending to 1769
09-17 07:58:00.247 1443 1790 W SurfaceFlinger: received signal 12 in thread 1790, resending to 1769
09-17 07:58:00.258 1443 1476 W SurfaceFlinger: received signal 12 in thread 1476, resending to 1769
09-17 07:58:00.269 1443 1477 W SurfaceFlinger: received signal 12 in thread 1477, resending to 1769
09-17 07:58:00.280 1443 1478 W SurfaceFlinger: received signal 12 in thread 1478, resending to 1769
09-17 07:58:00.291 1443 1768 W SurfaceFlinger: received signal 12 in thread 1768, resending to 1769
09-17 07:58:00.302 1443 1790 W SurfaceFlinger: received signal 12 in thread 1790, resending to 1769
09-17 07:58:00.313 1443 1791 W SurfaceFlinger: received signal 12 in thread 1791, resending to 1769
09-17 07:58:00.324 1443 1476 W SurfaceFlinger: received signal 12 in thread 1476, resending to 1769
09-17 07:58:00.335 1443 1477 W SurfaceFlinger: received signal 12 in thread 1477, resending to 1769
09-17 07:58:00.347 1443 1478 W SurfaceFlinger: received signal 12 in thread 1478, resending to 1769
09-17 07:58:00.358 1443 1768 W SurfaceFlinger: received signal 12 in thread 1768, resending to 1769
09-17 07:58:00.369 1443 1790 W SurfaceFlinger: received signal 12 in thread 1790, resending to 1769
09-17 07:58:00.380 1443 1791 W SurfaceFlinger: received signal 12 in thread 1791, resending to 1769
09-17 07:58:00.391 1443 1476 W SurfaceFlinger: received signal 12 in thread 1476, resending to 1769
09-17 07:58:00.402 1443 1791 W SurfaceFlinger: received signal 12 in thread 1791, resending to 1769
09-17 07:58:00.413 1443 1477 W SurfaceFlinger: received signal 12 in thread 1477, resending to 1769
09-17 07:58:00.424 1443 1478 W SurfaceFlinger: received signal 12 in thread 1478, resending to 1769
09-17 07:58:00.435 1443 1768 W SurfaceFlinger: received signal 12 in thread 1768, resending to 1769
09-17 07:58:00.446 1443 1790 W SurfaceFlinger: received signal 12 in thread 1790, resending to 1769
09-17 07:58:00.457 1443 1791 W SurfaceFlinger: received signal 12 in thread 1791, resending to 1769
09-17 07:58:00.468 1443 1476 W SurfaceFlinger: received signal 12 in thread 1476, resending to 1769
09-17 07:58:00.480 1443 1477 W SurfaceFlinger: received signal 12 in thread 1477, resending to 1769
09-17 07:58:00.491 1443 1476 W SurfaceFlinger: received signal 12 in thread 1476, resending to 1769
09-17 07:58:00.502 1443 1478 W SurfaceFlinger: received signal 12 in thread 1478, resending to 1769
09-17 07:58:00.513 1443 1476 W SurfaceFlinger: received signal 12 in thread 1476, resending to 1769
09-17 07:58:00.524 1443 1768 W SurfaceFlinger: received signal 12 in thread 1768, resending to 1769
09-17 07:58:00.535 1443 1476 W SurfaceFlinger: received signal 12 in thread 1476, resending to 1769
09-17 07:58:00.546 1443 1790 W SurfaceFlinger: received signal 12 in thread 1790, resending to 1769
09-17 07:58:00.557 1443 1791 W SurfaceFlinger: received signal 12 in thread 1791, resending to 1769
09-17 07:58:00.569 1443 1476 W SurfaceFlinger: received signal 12 in thread 1476, resending to 1769
09-17 07:58:00.580 1443 1477 W SurfaceFlinger: received signal 12 in thread 1477, resending to 1769
09-17 07:58:00.591 1443 1478 W SurfaceFlinger: received signal 12 in thread 1478, resending to 1769
09-17 07:58:00.602 1443 1768 W SurfaceFlinger: received signal 12 in thread 1768, resending to 1769
09-17 07:58:00.613 1443 1790 W SurfaceFlinger: received signal 12 in thread 1790, resending to 1769
09-17 07:58:00.624 1443 1791 W SurfaceFlinger: received signal 12 in thread 1791, resending to 1769
09-17 07:58:00.636 1443 1476 W SurfaceFlinger: received signal 12 in thread 1476, resending to 1769
09-17 07:58:00.647 1443 1477 W SurfaceFlinger: received signal 12 in thread 1477, resending to 1769
09-17 07:58:00.659 1443 1478 W SurfaceFlinger: received signal 12 in thread 1478, resending to 1769
09-17 07:58:00.670 1443 1768 W SurfaceFlinger: received signal 12 in thread 1768, resending to 1769
09-17 07:58:00.681 1443 1790 W SurfaceFlinger: received signal 12 in thread 1790, resending to 1769
09-17 07:58:00.692 1443 1791 W SurfaceFlinger: received signal 12 in thread 1791, resending to 1769
09-17 07:58:00.703 1443 1476 W SurfaceFlinger: received signal 12 in thread 1476, resending to 1769
09-17 07:58:00.714 1443 1791 W SurfaceFlinger: received signal 12 in thread 1791, resending to 1769
09-17 07:58:00.725 1443 1477 W SurfaceFlinger: received signal 12 in thread 1477, resending to 1769
09-17 07:58:00.736 1443 1478 W SurfaceFlinger: received signal 12 in thread 1478, resending to 1769
09-17 07:58:00.747 1443 1768 W SurfaceFlinger: received signal 12 in thread 1768, resending to 1769
09-17 07:58:00.758 1443 1790 W SurfaceFlinger: received signal 12 in thread 1790, resending to 1769
09-17 07:58:00.770 1443 1791 W SurfaceFlinger: received signal 12 in thread 1791, resending to 1769
09-17 07:58:00.781 1443 1476 W SurfaceFlinger: received signal 12 in thread 1476, resending to 1769
09-17 07:58:00.792 1443 1477 W SurfaceFlinger: received signal 12 in thread 1477, resending to 1769
09-17 07:58:00.803 1443 1476 W SurfaceFlinger: received signal 12 in thread 1476, resending to 1769
09-17 07:58:00.814 1443 1478 W SurfaceFlinger: received signal 12 in thread 1478, resending to 1769
09-17 07:58:00.825 1443 1768 W SurfaceFlinger: received signal 12 in thread 1768, resending to 1769
09-17 07:58:00.836 1443 1790 W SurfaceFlinger: received signal 12 in thread 1790, resending to 1769
09-17 07:58:00.847 1443 1768 W SurfaceFlinger: received signal 12 in thread 1768, resending to 1769
09-17 07:58:00.858 1443 1791 W SurfaceFlinger: received signal 12 in thread 1791, resending to 1769
09-17 07:58:00.869 1443 1476 W SurfaceFlinger: received signal 12 in thread 1476, resending to 1769
09-17 07:58:00.881 1443 1477 W SurfaceFlinger: received signal 12 in thread 1477, resending to 1769
09-17 07:58:00.892 1443 1478 W SurfaceFlinger: received signal 12 in thread 1478, resending to 1769
09-17 07:58:00.904 1443 1768 W SurfaceFlinger: received signal 12 in thread 1768, resending to 1769
09-17 07:58:00.915 1443 1790 W SurfaceFlinger: received signal 12 in thread 1790, resending to 1769
09-17 07:58:00.927 1443 1791 W SurfaceFlinger: received signal 12 in thread 1791, resending to 1769
09-17 07:58:00.938 1443 1476 W SurfaceFlinger: received signal 12 in thread 1476, resending to 1769
09-17 07:58:00.950 1443 1477 W SurfaceFlinger: received signal 12 in thread 1477, resending to 1769
09-17 07:58:00.961 1443 1478 W SurfaceFlinger: received signal 12 in thread 1478, resending to 1769
09-17 07:58:00.973 1443 1768 W SurfaceFlinger: received signal 12 in thread 1768, resending to 1769
09-17 07:58:00.984 1443 1790 W SurfaceFlinger: received signal 12 in thread 1790, resending to 1769
09-17 07:58:00.995 1443 1791 W SurfaceFlinger: received signal 12 in thread 1791, resending to 1769
09-17 07:58:01.006 1443 1476 W SurfaceFlinger: received signal 12 in thread 1476, resending to 1769
09-17 07:58:01.018 1443 1477 W SurfaceFlinger: received signal 12 in thread 1477, resending to 1769
09-17 07:58:01.029 1443 1478 W SurfaceFlinger: received signal 12 in thread 1478, resending to 1769
09-17 07:58:01.041 1443 1768 W SurfaceFlinger: received signal 12 in thread 1768, resending to 1769
09-17 07:58:01.052 1443 1790 W SurfaceFlinger: received signal 12 in thread 1790, resending to 1769
09-17 07:58:01.064 1443 1791 W SurfaceFlinger: received signal 12 in thread 1791, resending to 1769
09-17 07:58:01.075 1443 1476 W SurfaceFlinger: received signal 12 in thread 1476, resending to 1769
09-17 07:58:01.087 1443 1477 W SurfaceFlinger: received signal 12 in thread 1477, resending to 1769
09-17 07:58:01.098 1443 1478 W SurfaceFlinger: received signal 12 in thread 1478, resending to 1769
09-17 07:58:01.109 1443 1768 W SurfaceFlinger: received signal 12 in thread 1768, resending to 1769
09-17 07:58:01.120 1443 1790 W SurfaceFlinger: received signal 12 in thread 1790, resending to 1769
09-17 07:58:01.132 1443 1791 W SurfaceFlinger: received signal 12 in thread 1791, resending to 1769
09-17 07:58:01.143 1443 1476 W SurfaceFlinger: received signal 12 in thread 1476, resending to 1769
09-17 07:58:01.154 1443 1477 W SurfaceFlinger: received signal 12 in thread 1477, resending to 1769
09-17 07:58:01.165 1443 1478 W SurfaceFlinger: received signal 12 in thread 1478, resending to 1769
09-17 07:58:01.177 1443 1768 W SurfaceFlinger: received signal 12 in thread 1768, resending to 1769
09-17 07:58:01.188 1443 1790 W SurfaceFlinger: received signal 12 in thread 1790, resending to 1769
09-17 07:58:01.199 1443 1791 W SurfaceFlinger: received signal 12 in thread 1791, resending to 1769
09-17 07:58:01.210 1443 1476 W SurfaceFlinger: received signal 12 in thread 1476, resending to 1769
09-17 07:58:01.221 1443 1477 W SurfaceFlinger: received signal 12 in thread 1477, resending to 1769
09-17 07:58:01.232 1443 1478 W SurfaceFlinger: received signal 12 in thread 1478, resending to 1769
09-17 07:58:01.243 1443 1768 W SurfaceFlinger: received signal 12 in thread 1768, resending to 1769
09-17 07:58:01.254 1443 1478 W SurfaceFlinger: received signal 12 in thread 1478, resending to 1769
09-17 07:58:01.265 1443 1790 W SurfaceFlinger: received signal 12 in thread 1790, resending to 1769
09-17 07:58:01.276 1443 1791 W SurfaceFlinger: received signal 12 in thread 1791, resending to 1769
09-17 07:58:01.287 1443 1476 W SurfaceFlinger: received signal 12 in thread 1476, resending to 1769
09-17 07:58:01.298 1443 1477 W SurfaceFlinger: received signal 12 in thread 1477, resending to 1769
09-17 07:58:01.310 1443 1478 W SurfaceFlinger: received signal 12 in thread 1478, resending to 1769
09-17 07:58:01.321 1443 1768 W SurfaceFlinger: received signal 12 in thread 1768, resending to 1769
09-17 07:58:01.332 1443 1790 W SurfaceFlinger: received signal 12 in thread 1790, resending to 1769
09-17 07:58:01.343 1443 1791 W SurfaceFlinger: received signal 12 in thread 1791, resending to 1769
09-17 07:58:01.354 1443 1476 W SurfaceFlinger: received signal 12 in thread 1476, resending to 1769
09-17 07:58:01.365 1443 1477 W SurfaceFlinger: received signal 12 in thread 1477, resending to 1769
09-17 07:58:01.377 1443 1478 W SurfaceFlinger: received signal 12 in thread 1478, resending to 1769
09-17 07:58:01.388 1443 1768 W SurfaceFlinger: received signal 12 in thread 1768, resending to 1769
09-17 07:58:01.399 1443 1790 W SurfaceFlinger: received signal 12 in thread 1790, resending to 1769
09-17 07:58:01.410 1443 1791 W SurfaceFlinger: received signal 12 in thread 1791, resending to 1769
09-17 07:58:01.421 1443 1476 W SurfaceFlinger: received signal 12 in thread 1476, resending to 1769
09-17 07:58:01.432 1443 1791 W SurfaceFlinger: received signal 12 in thread 1791, resending to 1769
09-17 07:58:01.443 1443 1477 W SurfaceFlinger: received signal 12 in thread 1477, resending to 1769
09-17 07:58:01.454 1443 1478 W SurfaceFlinger: received signal 12 in thread 1478, resending to 1769
09-17 07:58:01.465 1443 1768 W SurfaceFlinger: received signal 12 in thread 1768, resending to 1769
09-17 07:58:01.476 1443 1790 W SurfaceFlinger: received signal 12 in thread 1790, resending to 1769
09-17 07:58:01.487 1443 1791 W SurfaceFlinger: received signal 12 in thread 1791, resending to 1769
09-17 07:58:01.498 1443 1476 W SurfaceFlinger: received signal 12 in thread 1476, resending to 1769
09-17 07:58:01.510 1443 1477 W SurfaceFlinger: received signal 12 in thread 1477, resending to 1769
09-17 07:58:01.521 1443 1476 W SurfaceFlinger: received signal 12 in thread 1476, resending to 1769
09-17 07:58:01.532 1443 1478 W SurfaceFlinger: received signal 12 in thread 1478, resending to 1769
09-17 07:58:01.543 1443 1476 W SurfaceFlinger: received signal 12 in thread 1476, resending to 1769
09-17 07:58:01.554 1443 1768 W SurfaceFlinger: received signal 12 in thread 1768, resending to 1769
09-17 07:58:01.565 1443 1476 W SurfaceFlinger: received signal 12 in thread 1476, resending to 1769
09-17 07:58:01.576 1443 1790 W SurfaceFlinger: received signal 12 in thread 1790, resending to 1769
09-17 07:58:01.587 1443 1791 W SurfaceFlinger: received signal 12 in thread 1791, resending to 1769
09-17 07:58:01.598 1443 1476 W SurfaceFlinger: received signal 12 in thread 1476, resending to 1769
09-17 07:58:01.609 1443 1477 W SurfaceFlinger: received signal 12 in thread 1477, resending to 1769
09-17 07:58:01.620 1443 1478 W SurfaceFlinger: received signal 12 in thread 1478, resending to 1769
09-17 07:58:01.631 1443 1768 W SurfaceFlinger: received signal 12 in thread 1768, resending to 1769
09-17 07:58:01.643 1443 1790 W SurfaceFlinger: received signal 12 in thread 1790, resending to 1769
09-17 07:58:01.654 1443 1791 W SurfaceFlinger: received signal 12 in thread 1791, resending to 1769
09-17 07:58:01.665 1443 1476 W SurfaceFlinger: received signal 12 in thread 1476, resending to 1769
09-17 07:58:01.676 1443 1791 W SurfaceFlinger: received signal 12 in thread 1791, resending to 1769
09-17 07:58:01.687 1443 1477 W SurfaceFlinger: received signal 12 in thread 1477, resending to 1769
09-17 07:58:01.699 1443 1478 W SurfaceFlinger: received signal 12 in thread 1478, resending to 1769
09-17 07:58:01.710 1443 1768 W SurfaceFlinger: received signal 12 in thread 1768, resending to 1769
09-17 07:58:01.722 1443 1790 W SurfaceFlinger: received signal 12 in thread 1790, resending to 1769
09-17 07:58:01.733 1443 1768 W SurfaceFlinger: received signal 12 in thread 1768, resending to 1769
09-17 07:58:01.744 1443 1791 W SurfaceFlinger: received signal 12 in thread 1791, resending to 1769
09-17 07:58:01.755 1443 1768 W SurfaceFlinger: received signal 12 in thread 1768, resending to 1769
09-17 07:58:01.766 1443 1476 W SurfaceFlinger: received signal 12 in thread 1476, resending to 1769
09-17 07:58:01.777 1443 1477 W SurfaceFlinger: received signal 12 in thread 1477, resending to 1769
09-17 07:58:01.789 1443 1478 W SurfaceFlinger: received signal 12 in thread 1478, resending to 1769
09-17 07:58:01.800 1443 1768 W SurfaceFlinger: received signal 12 in thread 1768, resending to 1769
09-17 07:58:01.812 1443 1790 W SurfaceFlinger: received signal 12 in thread 1790, resending to 1769
09-17 07:58:01.823 1443 1791 W SurfaceFlinger: received signal 12 in thread 1791, resending to 1769
09-17 07:58:01.834 1443 1476 W SurfaceFlinger: received signal 12 in thread 1476, resending to 1769
09-17 07:58:01.845 1443 1477 W SurfaceFlinger: received signal 12 in thread 1477, resending to 1769
09-17 07:58:01.857 1443 1478 W SurfaceFlinger: received signal 12 in thread 1478, resending to 1769
09-17 07:58:01.868 1443 1768 W SurfaceFlinger: received signal 12 in thread 1768, resending to 1769
09-17 07:58:01.879 1443 1790 W SurfaceFlinger: received signal 12 in thread 1790, resending to 1769
09-17 07:58:01.890 1443 1791 W SurfaceFlinger: received signal 12 in thread 1791, resending to 1769
09-17 07:58:01.902 1443 1476 W SurfaceFlinger: received signal 12 in thread 1476, resending to 1769
09-17 07:58:01.913 1443 1791 W SurfaceFlinger: received signal 12 in thread 1791, resending to 1769
09-17 07:58:01.924 1443 1477 W SurfaceFlinger: received signal 12 in thread 1477, resending to 1769
09-17 07:58:01.936 1443 1478 W SurfaceFlinger: received signal 12 in thread 1478, resending to 1769
09-17 07:58:01.947 1443 1768 W SurfaceFlinger: received signal 12 in thread 1768, resending to 1769
09-17 07:58:01.958 1443 1790 W SurfaceFlinger: received signal 12 in thread 1790, resending to 1769
09-17 07:58:01.969 1443 1791 W SurfaceFlinger: received signal 12 in thread 1791, resending to 1769
09-17 07:58:01.980 1443 1476 W SurfaceFlinger: received signal 12 in thread 1476, resending to 1769
09-17 07:58:01.991 1443 1477 W SurfaceFlinger: received signal 12 in thread 1477, resending to 1769
09-17 07:58:02.002 1443 1478 W SurfaceFlinger: received signal 12 in thread 1478, resending to 1769
09-17 07:58:02.013 1443 1768 W SurfaceFlinger: received signal 12 in thread 1768, resending to 1769
09-17 07:58:02.024 1443 1790 W SurfaceFlinger: received signal 12 in thread 1790, resending to 1769
09-17 07:58:02.035 1443 1791 W SurfaceFlinger: received signal 12 in thread 1791, resending to 1769
09-17 07:58:02.046 1443 1476 W SurfaceFlinger: received signal 12 in thread 1476, resending to 1769
09-17 07:58:02.057 1443 1791 W SurfaceFlinger: received signal 12 in thread 1791, resending to 1769
09-17 07:58:02.068 1443 1477 W SurfaceFlinger: received signal 12 in thread 1477, resending to 1769
09-17 07:58:02.079 1443 1478 W SurfaceFlinger: received signal 12 in thread 1478, resending to 1769
09-17 07:58:02.090 1443 1477 W SurfaceFlinger: received signal 12 in thread 1477, resending to 1769
09-17 07:58:02.101 1443 1768 W SurfaceFlinger: received signal 12 in thread 1768, resending to 1769
09-17 07:58:02.112 1443 1790 W SurfaceFlinger: received signal 12 in thread 1790, resending to 1769
09-17 07:58:02.123 1443 1791 W SurfaceFlinger: received signal 12 in thread 1791, resending to 1769
09-17 07:58:02.134 1443 1790 W SurfaceFlinger: received signal 12 in thread 1790, resending to 1769
09-17 07:58:02.145 1443 1476 W SurfaceFlinger: received signal 12 in thread 1476, resending to 1769
09-17 07:58:02.156 1443 1477 W SurfaceFlinger: received signal 12 in thread 1477, resending to 1769
09-17 07:58:02.167 1443 1478 W SurfaceFlinger: received signal 12 in thread 1478, resending to 1769
09-17 07:58:02.178 1443 1477 W SurfaceFlinger: received signal 12 in thread 1477, resending to 1769
09-17 07:58:02.189 1443 1768 W SurfaceFlinger: received signal 12 in thread 1768, resending to 1769
09-17 07:58:02.200 1443 1790 W SurfaceFlinger: received signal 12 in thread 1790, resending to 1769
09-17 07:58:02.211 1443 1791 W SurfaceFlinger: received signal 12 in thread 1791, resending to 1769
09-17 07:58:02.222 1443 1476 W SurfaceFlinger: received signal 12 in thread 1476, resending to 1769
09-17 07:58:02.233 1443 1477 W SurfaceFlinger: received signal 12 in thread 1477, resending to 1769
09-17 07:58:02.244 1443 1476 W SurfaceFlinger: received signal 12 in thread 1476, resending to 1769
09-17 07:58:02.255 1443 1478 W SurfaceFlinger: received signal 12 in thread 1478, resending to 1769
09-17 07:58:02.266 1443 1768 W SurfaceFlinger: received signal 12 in thread 1768, resending to 1769
09-17 07:58:02.277 1443 1790 W SurfaceFlinger: received signal 12 in thread 1790, resending to 1769
09-17 07:58:02.288 1443 1791 W SurfaceFlinger: received signal 12 in thread 1791, resending to 1769
09-17 07:58:02.299 1443 1476 W SurfaceFlinger: received signal 12 in thread 1476, resending to 1769
09-17 07:58:02.310 1443 1477 W SurfaceFlinger: received signal 12 in thread 1477, resending to 1769
09-17 07:58:02.321 1443 1478 W SurfaceFlinger: received signal 12 in thread 1478, resending to 1769
09-17 07:58:02.332 1443 1477 W SurfaceFlinger: received signal 12 in thread 1477, resending to 1769
09-17 07:58:02.343 1443 1768 W SurfaceFlinger: received signal 12 in thread 1768, resending to 1769
09-17 07:58:02.354 1443 1477 W SurfaceFlinger: received signal 12 in thread 1477, resending to 1769
09-17 07:58:02.365 1443 1790 W SurfaceFlinger: received signal 12 in thread 1790, resending to 1769
09-17 07:58:02.376 1443 1791 W SurfaceFlinger: received signal 12 in thread 1791, resending to 1769
09-17 07:58:02.387 1443 1476 W SurfaceFlinger: received signal 12 in thread 1476, resending to 1769
09-17 07:58:02.398 1443 1477 W SurfaceFlinger: received signal 12 in thread 1477, resending to 1769
09-17 07:58:02.409 1443 1478 W SurfaceFlinger: received signal 12 in thread 1478, resending to 1769
09-17 07:58:02.420 1443 1768 W SurfaceFlinger: received signal 12 in thread 1768, resending to 1769
09-17 07:58:02.432 1443 1790 W SurfaceFlinger: received signal 12 in thread 1790, resending to 1769
