09-17 07:57:50.425 1444 1444 W Resources: Preloaded drawable resource #0x1080282 (android:drawable/fastscroll_track_pressed_holo_light) that varies with configuration!!
09-17 07:57:50.425 1444 1444 W Resources: Preloaded drawable resource #0x108027e (android:drawable/fastscroll_track_default_holo_light) that varies with configuration!!
09-17 07:57:50.425 1444 1444 W Resources: Preloaded drawable resource #0x1080277 (android:drawable/fastscroll_label_left_holo_light) that varies with configuration!!
09-17 07:57:50.425 1444 1444 W Resources: Preloaded drawable resource #0x1080279 (android:drawable/fastscroll_label_right_holo_light) that varies with configuration!!
09-17 07:57:50.427 1444 1444 D dalvikvm: GC_EXPLICIT freed 12K, 9% free 2854K/3132K, paused 0ms+0ms, total 2ms
09-17 07:57:50.427 1444 1444 W Resources: Preloaded drawable resource #0x108025b (android:drawable/editbox_dropdown_background_dark) that varies with configuration!!
09-17 07:57:50.427 1444 1444 W Resources: Preloaded drawable resource #0x1080663 (android:drawable/textfield_search_selected_holo_dark) that varies with configuration!!
09-17 07:57:50.427 1444 1444 W Resources: Preloaded drawable resource #0x1080657 (android:drawable/textfield_search_default_holo_dark) that varies with configuration!!
09-17 07:57:50.428 1444 1444 W Resources: Preloaded drawable resource #0x1080665 (android:drawable/textfield_searchview_holo_dark) that varies with configuration!!
09-17 07:57:50.428 1444 1444 W Resources: Preloaded drawable resource #0x1080660 (android:drawable/textfield_search_right_selected_holo_dark) that varies with configuration!!
09-17 07:57:50.428 1444 1444 W Resources: Preloaded drawable resource #0x108065e (android:drawable/textfield_search_right_default_holo_dark) that varies with configuration!!
09-17 07:57:50.428 1444 1444 W Resources: Preloaded drawable resource #0x1080667 (android:drawable/textfield_searchview_right_holo_dark) that varies with configuration!!
09-17 07:57:50.428 1444 1444 W Resources: Preloaded drawable resource #0x1080664 (android:drawable/textfield_search_selected_holo_light) that varies with configuration!!
09-17 07:57:50.428 1444 1444 W Resources: Preloaded drawable resource #0x1080658 (android:drawable/textfield_search_default_holo_light) that varies with configuration!!
09-17 07:57:50.428 1444 1444 W Resources: Preloaded drawable resource #0x1080666 (android:drawable/textfield_searchview_holo_light) that varies with configuration!!
09-17 07:57:50.428 1444 1444 W Resources: Preloaded drawable resource #0x1080661 (android:drawable/textfield_search_right_selected_holo_light) that varies with configuration!!
09-17 07:57:50.428 1444 1444 W Resources: Preloaded drawable resource #0x108065f (android:drawable/textfield_search_right_default_holo_light) that varies with configuration!!
09-17 07:57:50.428 1444 1444 W Resources: Preloaded drawable resource #0x1080668 (android:drawable/textfield_searchview_right_holo_light) that varies with configuration!!
09-17 07:57:50.428 1444 1444 W Resources: Preloaded drawable resource #0x1080663 (android:drawable/textfield_search_selected_holo_dark) that varies with configuration!!
09-17 07:57:50.428 1444 1444 W Resources: Preloaded drawable resource #0x1080657 (android:drawable/textfield_search_default_holo_dark) that varies with configuration!!
09-17 07:57:50.428 1444 1444 W Resources: Preloaded drawable resource #0x1080660 (android:drawable/textfield_search_right_selected_holo_dark) that varies with configuration!!
09-17 07:57:50.428 1444 1444 W Resources: Preloaded drawable resource #0x108065e (android:drawable/textfield_search_right_default_holo_dark) that varies with configuration!!
09-17 07:57:50.428 1444 1444 W Resources: Preloaded drawable resource #0x1080664 (android:drawable/textfield_search_selected_holo_light) that varies with configuration!!
09-17 07:57:50.428 1444 1444 W Resources: Preloaded drawable resource #0x1080658 (android:drawable/textfield_search_default_holo_light) that varies with configuration!!
09-17 07:57:50.428 1444 1444 W Resources: Preloaded drawable resource #0x1080661 (android:drawable/textfield_search_right_selected_holo_light) that varies with configuration!!
09-17 07:57:50.428 1444 1444 W Resources: Preloaded drawable resource #0x108065f (android:drawable/textfield_search_right_default_holo_light) that varies with configuration!!
09-17 07:57:50.428 1444 1444 W Resources: Preloaded drawable resource #0x108062c (android:drawable/tab_unselected_holo) that varies with configuration!!
09-17 07:57:50.428 1444 1444 W Resources: Preloaded drawable resource #0x1080627 (android:drawable/tab_selected_holo) that varies with configuration!!
09-17 07:57:50.428 1444 1444 W Resources: Preloaded drawable resource #0x108062b (android:drawable/tab_unselected_focused_holo) that varies with configuration!!
09-17 07:57:50.428 1444 1444 W Resources: Preloaded drawable resource #0x1080626 (android:drawable/tab_selected_focused_holo) that varies with configuration!!
09-17 07:57:50.428 1444 1444 W Resources: Preloaded drawable resource #0x108062d (android:drawable/tab_unselected_pressed_holo) that varies with configuration!!
09-17 07:57:50.429 1444 1444 W Resources: Preloaded drawable resource #0x1080628 (android:drawable/tab_selected_pressed_holo) that varies with configuration!!
09-17 07:57:50.429 1444 1444 W Resources: Preloaded drawable resource #0x108062d (android:drawable/tab_unselected_pressed_holo) that varies with configuration!!
09-17 07:57:50.429 1444 1444 W Resources: Preloaded drawable resource #0x1080628 (android:drawable/tab_selected_pressed_holo) that varies with configuration!!
09-17 07:57:50.429 1444 1444 W Resources: Preloaded drawable resource #0x108061b (android:drawable/tab_indicator_holo) that varies with configuration!!
09-17 07:57:50.431 1444 1444 D dalvikvm: GC_EXPLICIT freed 132K, 11% free 2788K/3132K, paused 0ms+1ms, total 2ms
09-17 07:57:50.431 1444 1444 W Resources: Preloaded drawable resource #0x108062c (android:drawable/tab_unselected_holo) that varies with configuration!!
09-17 07:57:50.431 1444 1444 W Resources: Preloaded drawable resource #0x1080627 (android:drawable/tab_selected_holo) that varies with configuration!!
09-17 07:57:50.431 1444 1444 W Resources: Preloaded drawable resource #0x108062b (android:drawable/tab_unselected_focused_holo) that varies with configuration!!
09-17 07:57:50.431 1444 1444 W Resources: Preloaded drawable resource #0x1080626 (android:drawable/tab_selected_focused_holo) that varies with configuration!!
09-17 07:57:50.431 1444 1444 W Resources: Preloaded drawable resource #0x108062d (android:drawable/tab_unselected_pressed_holo) that varies with configuration!!
09-17 07:57:50.431 1444 1444 W Resources: Preloaded drawable resource #0x1080628 (android:drawable/tab_selected_pressed_holo) that varies with configuration!!
09-17 07:57:50.432 1444 1444 I Zygote : ...preloaded 274 resources in 163ms.
09-17 07:57:50.435 1444 1444 D dalvikvm: GC_EXPLICIT freed 37K, 11% free 2809K/3132K, paused 1ms+0ms, total 2ms
09-17 07:57:50.436 1444 1444 I Zygote : ...preloaded 31 resources in 4ms.
09-17 07:57:50.436 1444 1444 D libEGL : loaded /system/lib/egl/libGLES_mesa.so
09-17 07:57:50.439 1444 1444 D dalvikvm: GC_EXPLICIT freed 16K, 11% free 2802K/3132K, paused 0ms+0ms, total 2ms
09-17 07:57:50.440 1444 1444 D dalvikvm: GC_EXPLICIT freed 4K, 11% free 2797K/3132K, paused 0ms+0ms, total 1ms
09-17 07:57:50.442 1444 1444 D dalvikvm: GC_EXPLICIT freed <1K, 11% free 2797K/3132K, paused 1ms+0ms, total 2ms
09-17 07:57:50.443 1444 1444 I dalvikvm: System server process 1750 has been created
09-17 07:57:50.443 1750 1750 D dalvikvm: Try to disable coredump for pid 1750
09-17 07:57:50.443 1750 1750 D dalvikvm: Process 1750 nice name: (null)
09-17 07:57:50.443 1750 1750 D dalvikvm: Extra Options: not specified
09-17 07:57:50.443 1444 1444 I Zygote : Accepting command socket connections
09-17 07:57:50.444 1750 1750 E houdini_hook: Unable to open libdvm_houdini lib
09-17 07:57:50.444 1750 1750 E houdini_hook: Unable to open libdvm_houdini lib
09-17 07:57:50.444 1750 1750 E houdini_hook: Unable to open libdvm_houdini lib
09-17 07:57:50.444 1750 1750 E houdini_hook: Unable to open libdvm_houdini lib
09-17 07:57:50.444 1750 1750 E houdini_hook: Unable to open libdvm_houdini lib
09-17 07:57:50.444 1750 1750 E houdini_hook: Unable to open libdvm_houdini lib
09-17 07:57:50.457 1750 1750 D SensorService: nuSensorService starting...
09-17 07:57:50.457 1750 1750 I SystemServer: Entered the Android system server!
09-17 07:57:50.458 1750 1750 D KbdSensor: open_kbd_sensor: id=poll
09-17 07:57:50.458 1750 1750 D KbdSensor: SensorFd: module=0x78e372c0 dev=0x77d9c010
09-17 07:57:50.672 1750 1750 D KbdSensor: SensorPollContext: dev=0x77d9c010 fd=-1
09-17 07:57:50.672 1750 1750 E SensorService: couldn't open device for module sensors (Invalid argument)
09-17 07:57:50.672 1750 1750 D KbdSensor: poll_activate: dev=0x77d9c010 handle=0 enabled=0
09-17 07:57:50.672 1750 1750 I SensorService: Kbd Orientation Sensor
09-17 07:57:50.672 1750 1750 D SensorService: Max socket buffer size 163840
09-17 07:57:50.672 1750 1763 D SensorService: nuSensorService thread starting...
09-17 07:57:50.672 1447 1447 I installd: new connection
09-17 07:57:50.672 1750 1750 I SystemServer: Waiting for installd to be ready.
09-17 07:57:50.672 1750 1750 I Installer: connecting...
09-17 07:57:50.672 1750 1750 I SystemServer: Power Manager
09-17 07:57:50.673 1750 1750 I SystemServer: Activity Manager
09-17 07:57:50.677 1750 1765 I ActivityManager: Memory class: 192
09-17 07:57:51.008 1443 1443 D GRALLOC-KMS: will use flip for fb posting
09-17 07:57:51.008 1443 1443 I GRALLOC-MOD: mode.hdisplay 800
09-17 07:57:51.008 1443 1443 I GRALLOC-MOD: mode.vdisplay 1280
09-17 07:57:51.008 1443 1443 I GRALLOC-MOD: mode.vrefresh 60.000000
09-17 07:57:51.008 1443 1443 I GRALLOC-MOD: format 0x5
09-17 07:57:51.008 1443 1443 I GRALLOC-MOD: xdpi 75.000000
09-17 07:57:51.008 1443 1443 I GRALLOC-MOD: ydpi 75.000000
09-17 07:57:51.008 1443 1443 I GRALLOC-MOD: mode.hdisplay 800
09-17 07:57:51.008 1443 1443 I GRALLOC-MOD: mode.vdisplay 1280
09-17 07:57:51.008 1443 1443 I GRALLOC-MOD: mode.vrefresh 60.000000
09-17 07:57:51.008 1443 1443 I GRALLOC-MOD: format 0x5
09-17 07:57:51.008 1443 1443 I GRALLOC-MOD: xdpi 75.000000
09-17 07:57:51.008 1443 1443 I GRALLOC-MOD: ydpi 75.000000
09-17 07:57:51.008 1443 1443 W hwcomposer: getting VSYNC period from fb HAL: 16666667
09-17 07:57:51.008 1443 1443 D hwcomposer: Intel hwcomposer module
09-17 07:57:51.008 1443 1443 I SurfaceFlinger: Using composer version 1.0
09-17 07:57:51.008 1443 1443 W SurfaceFlinger: getting VSYNC period from fb HAL: 16666666
09-17 07:57:51.008 1443 1443 W SurfaceFlinger: no suitable EGLConfig found, trying a simpler query
09-17 07:57:51.008 1443 1443 I SurfaceFlinger: EGL informations:
09-17 07:57:51.008 1443 1443 I SurfaceFlinger: vendor : Android
09-17 07:57:51.008 1443 1443 I SurfaceFlinger: version : 1.4 Android META-EGL
09-17 07:57:51.008 1443 1443 I SurfaceFlinger: extensions: EGL_KHR_get_all_proc_addresses EGL_ANDROID_presentation_time EGL_KHR_image_base EGL_KHR_gl_texture_2D_image EGL_KHR_gl_texture_cubemap_image EGL_KHR_gl_renderbuffer_image EGL_KHR_create_context EGL_ANDROID_image_native_buffer
09-17 07:57:51.008 1443 1443 I SurfaceFlinger: Client API: OpenGL_ES
09-17 07:57:51.008 1443 1443 I SurfaceFlinger: EGLSurface: 8-8-8-8, config=0x41757970
09-17 07:57:51.099 1443 1443 I SurfaceFlinger: OpenGL ES informations:
09-17 07:57:51.099 1443 1443 I SurfaceFlinger: vendor : Intel Open Source Technology Center
09-17 07:57:51.099 1443 1443 I SurfaceFlinger: renderer : Mesa DRI Intel(R) Bay Trail x86
09-17 07:57:51.099 1443 1443 I SurfaceFlinger: version : OpenGL ES 3.0 Mesa 9.2.0-devel (git-7b85504)
09-17 07:57:51.099 1443 1443 I SurfaceFlinger: extensions: GL_EXT_blend_minmax GL_EXT_multi_draw_arrays GL_EXT_texture_filter_anisotropic GL_EXT_texture_compression_s3tc GL_EXT_texture_compression_dxt1 GL_EXT_texture_format_BGRA8888 GL_OES_compressed_ETC1_RGB8_texture GL_OES_depth24 GL_OES_element_index_uint GL_OES_fbo_render_mipmap GL_OES_mapbuffer GL_OES_rgb8_rgba8 GL_OES_standard_derivatives GL_OES_stencil8 GL_OES_texture_3D GL_OES_texture_npot GL_OES_EGL_image GL_OES_depth_texture GL_OES_packed_depth_stencil GL_EXT_texture_type_2_10_10_10_REV GL_OES_get_program_binary GL_APPLE_texture_max_level GL_EXT_discard_framebuffer GL_EXT_read_format_bgra GL_NV_fbo_color_attachments GL_OES_EGL_image_external GL_OES_vertex_array_object GL_ANGLE_texture_compression_dxt3 GL_ANGLE_texture_compression_dxt5 GL_EXT_texture_rg GL_EXT_unpack_subimage GL_NV_draw_buffers GL_NV_read_buffer GL_EXT_map_buffer_range GL_OES_depth_texture_cube_map GL_EXT_color_buffer_float
09-17 07:57:51.099 1443 1443 I SurfaceFlinger: GL_MAX_TEXTURE_SIZE = 8192
09-17 07:57:51.099 1443 1443 I SurfaceFlinger: GL_MAX_VIEWPORT_DIMS = 16384
09-17 07:57:51.099 1443 1443 D SurfaceFlinger: Open /dev/tty0 OK
09-17 07:57:51.102 1443 1443 D SurfaceFlinger: Screen acquired, type=0 flinger=0x406d1820
09-17 07:57:51.106 1443 1476 I SurfaceFlinger: auto set density to 160
09-17 07:57:51.107 1773 1776 D libEGL : loaded /system/lib/egl/libGLES_mesa.so
09-17 07:57:51.107 1773 1776 I GRALLOC-DRM: create intel for driver: i915
09-17 07:57:51.107 1773 1776 W EGL-GALLIUM: failed to create a pipe screen for i965
09-17 07:57:51.107 1773 1776 W EGL-GALLIUM: failed to create DRM screen
09-17 07:57:51.107 1773 1776 W EGL-GALLIUM: will fall back to other EGL drivers if any
09-17 07:57:51.109 1750 1765 I AppOps : No existing app ops /data/system/appops.xml; starting empty
09-17 07:57:51.110 1750 1753 D dalvikvm: GC_CONCURRENT freed 34K, 4% free 3153K/3260K, paused 0ms+0ms, total 0ms
09-17 07:57:51.113 1750 1750 I IntentFirewall: Read new rules (A:0 B:0 S:0)
09-17 07:57:51.115 1750 1750 I SystemServer: Display Manager
09-17 07:57:51.115 1750 1750 I SystemServer: Telephony Registry
09-17 07:57:51.115 1750 1750 I SystemServer: Scheduling Policy
09-17 07:57:51.115 1750 1764 I DisplayManagerService: Display device added: DisplayDeviceInfo{"Built-in Screen": 800 x 1280, 60.000004 fps, density 160, 75.0 x 75.0 dpi, touch INTERNAL, rotation 0, type BUILT_IN, FLAG_DEFAULT_DISPLAY, FLAG_ROTATES_WITH_CONTENT, FLAG_SECURE, FLAG_SUPPORTS_PROTECTED_BUFFERS}
09-17 07:57:51.117 1750 1750 I SystemServer: Package Manager
09-17 07:57:51.118 1750 1750 W FileUtils: Failed to chmod(/data/system/packages.list): libcore.io.ErrnoException: chmod failed: ENOENT (No such file or directory)
09-17 07:57:51.130 1750 1753 D dalvikvm: GC_CONCURRENT freed 690K, 19% free 3407K/4156K, paused 0ms+2ms, total 2ms
09-17 07:57:51.131 1750 1750 D SELinuxMMAC: Couldn't find install policy /data/security/mac_permissions.xml
09-17 07:57:51.131 1750 1750 D SELinuxMMAC: Using install policy file /system/etc/security/mac_permissions.xml
09-17 07:57:51.132 1750 1750 I PackageManager: No settings file; creating initial state
09-17 07:57:51.141 1783 1783 I dalvikvm: No library specified. The standard exception handler will be used
09-17 07:57:51.145 1783 1783 D dalvikvm: DexOpt: load 0ms, verify+opt 3ms, 185796 bytes
09-17 07:57:51.202 1446 1446 I AudioFlinger: Using module 1 has the primary audio interface
09-17 07:57:51.202 1446 1784 I AudioFlinger: AudioFlinger's thread 0x41638010 ready to run
09-17 07:57:51.202 1446 1446 I audio_a2dp_hw: adev_open: adev_open in A2dp_hw module
09-17 07:57:51.202 1446 1446 I AudioFlinger: loadHwModule() Loaded a2dp audio interface from A2DP Audio HW HAL (audio) handle 3
09-17 07:57:51.202 1446 1446 I AudioFlinger: loadHwModule() Loaded usb audio interface from USB audio HW HAL (audio) handle 4
09-17 07:57:51.202 1446 1446 I AudioPolicyService: Loaded audio policy from LEGACY Audio Policy HAL (audio_policy)
09-17 07:57:51.234 1786 1786 I dalvikvm: No library specified. The standard exception handler will be used
09-17 07:57:51.251 1786 1786 D dalvikvm: DexOpt: load 2ms, verify+opt 12ms, 612084 bytes
09-17 07:57:51.380 1750 1750 I PackageManager: /system/framework/framework-res.apk changed; collecting certs
09-17 07:57:51.388 1750 1753 D dalvikvm: GC_CONCURRENT freed 460K, 13% free 3874K/4404K, paused 0ms+2ms, total 3ms
09-17 07:57:51.428 1750 1753 D dalvikvm: GC_CONCURRENT freed 335K, 9% free 4494K/4904K, paused 0ms+0ms, total 2ms
09-17 07:57:51.438 1750 1750 D dalvikvm: GC_FOR_ALLOC freed 525K, 13% free 4738K/5408K, paused 1ms, total 1ms
09-17 07:57:51.439 1750 1750 I dalvikvm-heap: Grow heap (frag case) to 5.190MB for 520794-byte allocation
09-17 07:57:51.441 1750 1750 D dalvikvm: GC_FOR_ALLOC freed 254K, 16% free 4992K/5920K, paused 1ms, total 1ms
09-17 07:57:51.444 1750 1750 D dalvikvm: GC_FOR_ALLOC freed 628K, 18% free 4968K/6048K, paused 1ms, total 1ms
09-17 07:57:51.446 1750 1750 D dalvikvm: GC_FOR_ALLOC freed 126K, 16% free 5096K/6048K, paused 1ms, total 1ms
09-17 07:57:51.448 1750 1750 D dalvikvm: GC_FOR_ALLOC freed 254K, 12% free 5351K/6048K, paused 1ms, total 1ms
09-17 07:57:51.451 1750 1750 D dalvikvm: GC_FOR_ALLOC freed 625K, 17% free 5294K/6376K, paused 1ms, total 1ms
09-17 07:57:51.453 1750 1750 D dalvikvm: GC_FOR_ALLOC freed 126K, 15% free 5422K/6376K, paused 1ms, total 1ms
09-17 07:57:51.453 1750 1750 I dalvikvm-heap: Grow heap (frag case) to 5.860MB for 521596-byte allocation
09-17 07:57:51.455 1750 1750 D dalvikvm: GC_FOR_ALLOC freed 254K, 18% free 5677K/6888K, paused 1ms, total 1ms
09-17 07:57:51.477 1750 1753 D dalvikvm: GC_CONCURRENT freed 753K, 12% free 6086K/6908K, paused 0ms+0ms, total 2ms
09-17 07:57:51.503 1750 1753 D dalvikvm: GC_CONCURRENT freed 376K, 6% free 7016K/7456K, paused 0ms+1ms, total 2ms
09-17 07:57:51.526 1750 1753 D dalvikvm: GC_CONCURRENT freed 1112K, 14% free 7463K/8652K, paused 1ms+0ms, total 4ms
09-17 07:57:51.556 1750 1753 D dalvikvm: GC_CONCURRENT freed 574K, 7% free 8567K/9212K, paused 0ms+0ms, total 3ms
09-17 07:57:51.556 1750 1750 D dalvikvm: WAIT_FOR_CONCURRENT_GC blocked 1ms
09-17 07:57:51.575 1750 1750 I PackageManager: /system/priv-app/BackupRestoreConfirmation.apk changed; collecting certs
09-17 07:57:51.580 1750 1750 I PackageManager: /system/priv-app/CalendarProvider.apk changed; collecting certs
09-17 07:57:51.582 1750 1750 I PackageManager: New shared user android.uid.calendar: id=10001
09-17 07:57:51.602 1750 1750 I PackageManager: /system/priv-app/ConfigUpdater.apk changed; collecting certs
09-17 07:57:51.643 1750 1750 I PackageManager: /system/priv-app/Contacts.apk changed; collecting certs
09-17 07:57:51.643 1750 1750 W PackageParser: No actions in intent filter at /system/priv-app/Contacts.apk Binary XML file line #375
09-17 07:57:51.659 1750 1753 D dalvikvm: GC_CONCURRENT freed 1942K, 20% free 8483K/10496K, paused 0ms+8ms, total 11ms
09-17 07:57:51.694 1750 1750 I PackageManager: New shared user android.uid.shared: id=10003
09-17 07:57:51.717 1750 1750 I PackageManager: /system/priv-app/ContactsProvider.apk changed; collecting certs
09-17 07:57:51.730 1750 1750 I PackageManager: /system/priv-app/DefaultContainerService.apk changed; collecting certs
09-17 07:57:51.770 1750 1750 I PackageManager: /system/priv-app/Dialer.apk changed; collecting certs
09-17 07:57:51.770 1750 1750 W PackageParser: No actions in intent filter at /system/priv-app/Dialer.apk Binary XML file line #163
09-17 07:57:51.782 1750 1753 D dalvikvm: GC_CONCURRENT freed 5628K, 55% free 4733K/10496K, paused 0ms+2ms, total 7ms
09-17 07:57:51.834 1750 1750 I PackageManager: /system/priv-app/DownloadProvider.apk changed; collecting certs
09-17 07:57:51.835 1750 1750 I PackageManager: New shared user android.media: id=10006
09-17 07:57:51.837 1750 1753 D dalvikvm: GC_CONCURRENT freed 1243K, 58% free 4416K/10496K, paused 0ms+1ms, total 2ms
09-17 07:57:51.839 1750 1750 I PackageManager: /system/priv-app/ExternalStorageProvider.apk changed; collecting certs
09-17 07:57:51.841 1750 1750 I PackageManager: /system/priv-app/FusedLocation.apk changed; collecting certs
09-17 07:57:51.925 1750 1750 I PackageManager: /system/priv-app/GmsCore.apk changed; collecting certs
09-17 07:57:51.933 1750 1753 D dalvikvm: GC_CONCURRENT freed 989K, 59% free 4387K/10496K, paused 2ms+2ms, total 4ms
09-17 07:57:51.947 1750 1753 D dalvikvm: GC_CONCURRENT freed 443K, 53% free 4952K/10496K, paused 1ms+1ms, total 3ms
09-17 07:57:51.951 1750 1750 D dalvikvm: GC_FOR_ALLOC freed 480K, 51% free 5187K/10496K, paused 1ms, total 1ms
09-17 07:57:51.951 1750 1750 I dalvikvm-heap: Grow heap (frag case) to 5.628MB for 520342-byte allocation
09-17 07:57:51.953 1750 1750 D dalvikvm: GC_FOR_ALLOC freed 254K, 51% free 5441K/11008K, paused 1ms, total 1ms
09-17 07:57:51.955 1750 1750 D dalvikvm: GC_FOR_ALLOC freed 753K, 50% free 5511K/11008K, paused 1ms, total 1ms
09-17 07:57:51.957 1750 1750 D dalvikvm: GC_FOR_ALLOC freed 254K, 48% free 5765K/11008K, paused 2ms, total 2ms
09-17 07:57:51.957 1750 1750 I dalvikvm-heap: Grow heap (frag case) to 6.011MB for 329638-byte allocation
09-17 07:57:51.958 1750 1750 D dalvikvm: GC_FOR_ALLOC freed 509K, 51% free 5578K/11332K, paused 1ms, total 1ms
09-17 07:57:51.960 1750 1750 D dalvikvm: GC_FOR_ALLOC freed 494K, 47% free 6087K/11332K, paused 1ms, total 1ms
09-17 07:57:51.960 1750 1750 I dalvikvm-heap: Grow heap (frag case) to 6.326MB for 329638-byte allocation
09-17 07:57:51.962 1750 1750 D dalvikvm: GC_FOR_ALLOC freed 509K, 50% free 5900K/11656K, paused 2ms, total 2ms
09-17 07:57:51.982 1750 1753 D dalvikvm: GC_CONCURRENT freed 355K, 42% free 6825K/11656K, paused 0ms+0ms, total 2ms
09-17 07:57:52.006 1750 1753 D dalvikvm: GC_CONCURRENT freed 752K, 36% free 7480K/11656K, paused 0ms+1ms, total 3ms
09-17 07:57:52.006 1750 1750 D dalvikvm: WAIT_FOR_CONCURRENT_GC blocked 2ms
09-17 07:57:52.030 1750 1753 D dalvikvm: GC_CONCURRENT freed 772K, 29% free 8389K/11656K, paused 0ms+1ms, total 3ms
09-17 07:57:52.030 1750 1750 D dalvikvm: WAIT_FOR_CONCURRENT_GC blocked 1ms
09-17 07:57:52.048 1750 1750 I PackageManager: New shared user com.google.uid.shared: id=10008
09-17 07:57:52.069 1750 1750 I PackageManager: /system/priv-app/GoogleBackupTransport.apk changed; collecting certs
09-17 07:57:52.075 1750 1750 I PackageManager: /system/priv-app/GoogleFeedback.apk changed; collecting certs
09-17 07:57:52.112 1750 1750 I PackageManager: /system/priv-app/GoogleLoginService.apk changed; collecting certs
09-17 07:57:52.119 1750 1753 D dalvikvm: GC_CONCURRENT freed 1669K, 27% free 8612K/11656K, paused 0ms+3ms, total 3ms
09-17 07:57:52.119 1750 1750 D dalvikvm: WAIT_FOR_CONCURRENT_GC blocked 3ms
09-17 07:57:52.136 1750 1750 I PackageManager: /system/priv-app/GooglePartnerSetup.apk changed; collecting certs
09-17 07:57:52.180 1750 1750 I PackageManager: /system/priv-app/GoogleServicesFramework.apk changed; collecting certs
09-17 07:57:52.185 1750 1753 D dalvikvm: GC_CONCURRENT freed 5430K, 57% free 5105K/11656K, paused 0ms+1ms, total 3ms
09-17 07:57:52.185 1750 1750 D dalvikvm: WAIT_FOR_CONCURRENT_GC blocked 2ms
09-17 07:57:52.198 1750 1753 D dalvikvm: GC_CONCURRENT freed 1383K, 60% free 4752K/11656K, paused 2ms+2ms, total 5ms
09-17 07:57:52.205 1750 1750 I PackageManager: /system/priv-app/InputDevices.apk changed; collecting certs
09-17 07:57:52.229 1750 1750 W ResourceType: Failure getting entry for 0x7f050000 (t=4 e=0) in package 0 (error -75)
09-17 07:57:52.229 1750 1750 I PackageManager: /system/priv-app/Keyguard.apk changed; collecting certs
09-17 07:57:52.235 1750 1753 D dalvikvm: GC_CONCURRENT freed 639K, 57% free 5061K/11656K, paused 0ms+2ms, total 3ms
09-17 07:57:52.239 1750 1750 I PackageManager: New shared user android.uid.systemui: id=10011
09-17 07:57:52.249 1750 1750 I PackageManager: /system/priv-app/MediaProvider.apk changed; collecting certs
09-17 07:57:52.284 1750 1750 I PackageManager: /system/priv-app/Mms.apk changed; collecting certs
09-17 07:57:52.290 1750 1753 D dalvikvm: GC_CONCURRENT freed 1304K, 60% free 4772K/11656K, paused 0ms+2ms, total 3ms
09-17 07:57:52.301 1750 1750 I PackageManager: /system/priv-app/MusicFX.apk changed; collecting certs
09-17 07:57:52.305 1750 1750 I PackageManager: /system/priv-app/OneTimeInitializer.apk changed; collecting certs
09-17 07:57:52.360 1750 1750 I PackageManager: /system/priv-app/Phonesky.apk changed; collecting certs
09-17 07:57:52.364 1750 1753 D dalvikvm: GC_CONCURRENT freed 868K, 59% free 4877K/11656K, paused 0ms+2ms, total 3ms
09-17 07:57:52.373 1750 1750 D dalvikvm: GC_FOR_ALLOC freed 841K, 59% free 4876K/11656K, paused 1ms, total 1ms
09-17 07:57:52.377 1750 1753 D dalvikvm: GC_CONCURRENT freed 625K, 56% free 5155K/11656K, paused 2ms+0ms, total 3ms
09-17 07:57:52.377 1750 1750 D dalvikvm: WAIT_FOR_CONCURRENT_GC blocked 1ms
09-17 07:57:52.384 1750 1753 D dalvikvm: GC_CONCURRENT freed 821K, 54% free 5374K/11656K, paused 2ms+1ms, total 4ms
09-17 07:57:52.401 1750 1753 D dalvikvm: GC_CONCURRENT freed 472K, 49% free 5977K/11656K, paused 0ms+0ms, total 2ms
09-17 07:57:52.401 1750 1750 D dalvikvm: WAIT_FOR_CONCURRENT_GC blocked 1ms
09-17 07:57:52.422 1750 1753 D dalvikvm: GC_CONCURRENT freed 529K, 43% free 6759K/11656K, paused 1ms+0ms, total 4ms
09-17 07:57:52.427 1750 1750 I PackageManager: /system/priv-app/ProxyHandler.apk changed; collecting certs
09-17 07:57:52.497 1750 1750 I PackageManager: /system/priv-app/Settings.apk changed; collecting certs
09-17 07:57:52.506 1750 1753 D dalvikvm: GC_CONCURRENT freed 1271K, 41% free 6912K/11656K, paused 1ms+2ms, total 4ms
09-17 07:57:52.506 1750 1750 D dalvikvm: WAIT_FOR_CONCURRENT_GC blocked 2ms
09-17 07:57:52.527 1750 1753 D dalvikvm: GC_CONCURRENT freed 2813K, 53% free 5540K/11656K, paused 0ms+0ms, total 3ms
09-17 07:57:52.543 1750 1750 I PackageManager: /system/priv-app/SettingsProvider.apk changed; collecting certs
09-17 07:57:52.564 1750 1750 I PackageManager: /system/priv-app/SetupWizard.apk changed; collecting certs
09-17 07:57:52.564 1750 1750 W PackageParser: No actions in intent filter at /system/priv-app/SetupWizard.apk Binary XML file line #117
09-17 07:57:52.572 1750 1753 D dalvikvm: GC_CONCURRENT freed 827K, 50% free 5853K/11656K, paused 0ms+1ms, total 2ms
09-17 07:57:52.581 1750 1750 I PackageManager: /system/priv-app/SharedStorageBackup.apk changed; collecting certs
09-17 07:57:52.582 1750 1750 I PackageManager: /system/priv-app/Shell.apk changed; collecting certs
09-17 07:57:52.600 1750 1750 I PackageManager: /system/priv-app/Superuser.apk changed; collecting certs
09-17 07:57:52.604 1750 1753 D dalvikvm: GC_CONCURRENT freed 1777K, 55% free 5303K/11656K, paused 0ms+1ms, total 2ms
09-17 07:57:52.641 1750 1750 I PackageManager: /system/priv-app/SystemUI.apk changed; collecting certs
09-17 07:57:52.648 1750 1753 D dalvikvm: GC_CONCURRENT freed 1303K, 56% free 5135K/11656K, paused 1ms+0ms, total 4ms
09-17 07:57:52.668 1750 1750 I PackageManager: /system/priv-app/TSCalibration2.apk changed; collecting certs
09-17 07:57:52.674 1750 1753 D dalvikvm: GC_CONCURRENT freed 902K, 55% free 5294K/11656K, paused 1ms+2ms, total 6ms
09-17 07:57:52.702 1750 1750 I PackageManager: /system/priv-app/TeleService.apk changed; collecting certs
09-17 07:57:52.746 1750 1750 I PackageManager: /system/priv-app/Trebuchet.apk changed; collecting certs
09-17 07:57:52.752 1750 1753 D dalvikvm: GC_CONCURRENT freed 1340K, 57% free 5081K/11656K, paused 1ms+0ms, total 3ms
09-17 07:57:52.752 1750 1750 D dalvikvm: WAIT_FOR_CONCURRENT_GC blocked 2ms
09-17 07:57:52.852 1750 1750 I PackageManager: /system/priv-app/Velvet.apk changed; collecting certs
09-17 07:57:52.857 1750 1753 D dalvikvm: GC_CONCURRENT freed 888K, 55% free 5249K/11656K, paused 1ms+0ms, total 4ms
09-17 07:57:52.872 1750 1753 D dalvikvm: GC_CONCURRENT freed 723K, 52% free 5650K/11656K, paused 1ms+0ms, total 3ms
09-17 07:57:52.872 1750 1750 D dalvikvm: WAIT_FOR_CONCURRENT_GC blocked 1ms
09-17 07:57:52.879 1750 1750 D dalvikvm: GC_FOR_ALLOC freed 625K, 49% free 5954K/11656K, paused 2ms, total 2ms
09-17 07:57:52.882 1750 1750 D dalvikvm: GC_FOR_ALLOC freed 882K, 48% free 6175K/11656K, paused 2ms, total 2ms
09-17 07:57:52.884 1750 1750 D dalvikvm: GC_FOR_ALLOC freed 126K, 46% free 6302K/11656K, paused 2ms, total 2ms
09-17 07:57:52.884 1750 1750 I dalvikvm-heap: Grow heap (frag case) to 6.720MB for 522184-byte allocation
09-17 07:57:52.886 1750 1750 D dalvikvm: GC_FOR_ALLOC freed 254K, 47% free 6558K/12168K, paused 2ms, total 2ms
09-17 07:57:52.889 1750 1750 D dalvikvm: GC_FOR_ALLOC freed 751K, 46% free 6650K/12168K, paused 2ms, total 2ms
09-17 07:57:52.891 1750 1750 D dalvikvm: GC_FOR_ALLOC freed 254K, 44% free 6905K/12168K, paused 2ms, total 2ms
09-17 07:57:52.891 1750 1750 I dalvikvm-heap: Grow heap (frag case) to 7.150MB for 355181-byte allocation
09-17 07:57:52.893 1750 1750 D dalvikvm: GC_FOR_ALLOC freed 511K, 47% free 6741K/12516K, paused 2ms, total 2ms
09-17 07:57:52.917 1750 1753 D dalvikvm: GC_CONCURRENT freed 439K, 38% free 7799K/12516K, paused 0ms+0ms, total 3ms
09-17 07:57:52.917 1750 1750 D dalvikvm: WAIT_FOR_CONCURRENT_GC blocked 1ms
09-17 07:57:52.942 1750 1750 D dalvikvm: GC_FOR_ALLOC freed 787K, 33% free 8498K/12516K, paused 4ms, total 4ms
09-17 07:57:52.971 1750 1753 D dalvikvm: GC_CONCURRENT freed 870K, 24% free 9565K/12516K, paused 1ms+0ms, total 6ms
09-17 07:57:52.971 1750 1750 D dalvikvm: WAIT_FOR_CONCURRENT_GC blocked 2ms
09-17 07:57:53.011 1750 1750 I PackageManager: /system/priv-app/VpnDialogs.apk changed; collecting certs
09-17 07:57:53.015 1750 1750 I PackageManager: /system/priv-app/WallpaperCropper.apk changed; collecting certs
09-17 07:57:53.029 1750 1750 I PackageManager: /system/app/AndroidTerm.apk changed; collecting certs
09-17 07:57:53.029 1750 1750 W PackageParser: No actions in intent filter at /system/app/AndroidTerm.apk Binary XML file line #103
09-17 07:57:53.033 1750 1750 I PackageManager: /system/app/BasicDreams.apk changed; collecting certs
09-17 07:57:53.037 1750 1750 I PackageManager: /system/app/BasicSmsReceiver.apk changed; collecting certs
09-17 07:57:53.057 1750 1750 W PackageParser: No actions in intent filter at /system/app/Bluetooth.apk Binary XML file line #211
09-17 07:57:53.058 1750 1750 I PackageManager: /system/app/Bluetooth.apk changed; collecting certs
09-17 07:57:53.069 1750 1753 D dalvikvm: GC_CONCURRENT freed 2038K, 23% free 9725K/12516K, paused 1ms+7ms, total 13ms
09-17 07:57:53.119 1750 1750 W Resources: Converting to boolean: TypedValue{t=0x3/d=0x5d0 "true" a=2 r=0x7f090005}
09-17 07:57:53.119 1750 1750 I PackageManager: /system/app/Books.apk changed; collecting certs
09-17 07:57:53.136 1750 1753 D dalvikvm: GC_CONCURRENT freed 6322K, 56% free 5569K/12516K, paused 2ms+1ms, total 8ms
09-17 07:57:53.136 1750 1750 D dalvikvm: WAIT_FOR_CONCURRENT_GC blocked 6ms
09-17 07:57:53.149 1750 1753 D dalvikvm: GC_CONCURRENT freed 701K, 52% free 6072K/12516K, paused 0ms+0ms, total 4ms
09-17 07:57:53.149 1750 1750 D dalvikvm: WAIT_FOR_CONCURRENT_GC blocked 2ms
09-17 07:57:53.170 1750 1753 D dalvikvm: GC_CONCURRENT freed 665K, 47% free 6736K/12516K, paused 1ms+0ms, total 5ms
09-17 07:57:53.170 1750 1750 D dalvikvm: WAIT_FOR_CONCURRENT_GC blocked 2ms
09-17 07:57:53.203 1750 1750 I PackageManager: /system/app/Browser.apk changed; collecting certs
09-17 07:57:53.226 1750 1753 D dalvikvm: GC_CONCURRENT freed 1138K, 45% free 6975K/12516K, paused 1ms+1ms, total 4ms
09-17 07:57:53.253 1750 1750 I PackageManager: /system/app/CMFileManager.apk changed; collecting certs
09-17 07:57:53.253 1750 1750 W PackageParser: No actions in intent filter at /system/app/CMFileManager.apk Binary XML file line #137
09-17 07:57:53.271 1750 1753 D dalvikvm: GC_CONCURRENT freed 2976K, 56% free 5539K/12516K, paused 0ms+2ms, total 5ms
09-17 07:57:53.289 1750 1750 I PackageManager: /system/app/Calculator.apk changed; collecting certs
09-17 07:57:53.320 1750 1750 I PackageManager: /system/app/Calendar.apk changed; collecting certs
09-17 07:57:53.328 1750 1753 D dalvikvm: GC_CONCURRENT freed 818K, 54% free 5879K/12516K, paused 0ms+2ms, total 3ms
09-17 07:57:53.373 1750 1750 W ResourceType: Failure getting entry for 0x7f04000f (t=3 e=15) in package 0 (error -75)
09-17 07:57:53.373 1750 1750 W ResourceType: Failure getting entry for 0x7f04000f (t=3 e=15) in package 0 (error -75)
09-17 07:57:53.373 1750 1750 I PackageManager: /system/app/Camera2.apk changed; collecting certs
09-17 07:57:53.380 1750 1753 D dalvikvm: GC_CONCURRENT freed 1441K, 55% free 5658K/12516K, paused 1ms+0ms, total 4ms
09-17 07:57:53.380 1750 1750 D dalvikvm: WAIT_FOR_CONCURRENT_GC blocked 2ms
09-17 07:57:53.404 1750 1750 I PackageManager: /system/app/CertInstaller.apk changed; collecting certs
09-17 07:57:53.409 1750 1753 D dalvikvm: GC_CONCURRENT freed 1263K, 56% free 5523K/12516K, paused 0ms+1ms, total 4ms
09-17 07:57:53.446 1750 1750 I PackageManager: /system/app/CloudPrint.apk changed; collecting certs
09-17 07:57:53.454 1750 1753 D dalvikvm: GC_CONCURRENT freed 1210K, 57% free 5503K/12516K, paused 0ms+0ms, total 2ms
09-17 07:57:53.454 1750 1750 D dalvikvm: WAIT_FOR_CONCURRENT_GC blocked 1ms
09-17 07:57:53.470 1750 1753 D dalvikvm: GC_CONCURRENT freed 795K, 54% free 5880K/12516K, paused 2ms+1ms, total 4ms
09-17 07:57:53.511 1750 1750 I PackageManager: /system/app/DeskClock.apk changed; collecting certs
09-17 07:57:53.516 1750 1753 D dalvikvm: GC_CONCURRENT freed 796K, 50% free 6365K/12516K, paused 0ms+1ms, total 2ms
09-17 07:57:53.516 1750 1750 D dalvikvm: WAIT_FOR_CONCURRENT_GC blocked 1ms
09-17 07:57:53.538 1750 1750 I PackageManager: /system/app/Development.apk changed; collecting certs
09-17 07:57:53.551 1750 1750 I PackageManager: /system/app/DocumentsUI.apk changed; collecting certs
09-17 07:57:53.556 1750 1753 D dalvikvm: GC_CONCURRENT freed 1953K, 54% free 5814K/12516K, paused 1ms+1ms, total 4ms
09-17 07:57:53.556 1750 1750 D dalvikvm: WAIT_FOR_CONCURRENT_GC blocked 1ms
09-17 07:57:53.565 1750 1750 I PackageManager: /system/app/DownloadProviderUi.apk changed; collecting certs
09-17 07:57:53.610 1750 1750 I PackageManager: /system/app/Drive.apk changed; collecting certs
09-17 07:57:53.620 1750 1753 D dalvikvm: GC_CONCURRENT freed 1355K, 55% free 5724K/12516K, paused 0ms+0ms, total 3ms
09-17 07:57:53.620 1750 1750 D dalvikvm: WAIT_FOR_CONCURRENT_GC blocked 2ms
09-17 07:57:53.624 1750 1753 D dalvikvm: GC_CONCURRENT freed 917K, 53% free 5977K/12516K, paused 1ms+0ms, total 3ms
09-17 07:57:53.625 1750 1750 D dalvikvm: WAIT_FOR_CONCURRENT_GC blocked 2ms
09-17 07:57:53.635 1750 1753 D dalvikvm: GC_CONCURRENT freed 1024K, 51% free 6247K/12516K, paused 0ms+2ms, total 4ms
09-17 07:57:53.654 1750 1753 D dalvikvm: GC_CONCURRENT freed 696K, 45% free 6924K/12516K, paused 0ms+1ms, total 3ms
09-17 07:57:53.654 1750 1750 D dalvikvm: WAIT_FOR_CONCURRENT_GC blocked 1ms
09-17 07:57:53.704 1750 1750 I PackageManager: /system/app/Email.apk changed; collecting certs
09-17 07:57:53.712 1750 1753 D dalvikvm: GC_CONCURRENT freed 985K, 41% free 7438K/12516K, paused 1ms+1ms, total 5ms
09-17 07:57:53.712 1750 1750 D dalvikvm: WAIT_FOR_CONCURRENT_GC blocked 3ms
09-17 07:57:53.755 1750 1750 I PackageManager: /system/app/Exchange2.apk changed; collecting certs
09-17 07:57:53.790 1750 1750 I PackageManager: /system/app/FaceLock.apk changed; collecting certs
09-17 07:57:53.797 1750 1750 I PackageManager: /system/app/Galaxy4.apk changed; collecting certs
09-17 07:57:53.802 1750 1753 D dalvikvm: GC_CONCURRENT freed 3130K, 53% free 5978K/12516K, paused 2ms+1ms, total 5ms
09-17 07:57:53.802 1750 1750 D dalvikvm: WAIT_FOR_CONCURRENT_GC blocked 2ms
09-17 07:57:53.830 1750 1750 W PackageParser: Unknown element under : permission at /system/app/Gallery2.apk Binary XML file line #242
09-17 07:57:53.830 1750 1750 I PackageManager: /system/app/Gallery2.apk changed; collecting certs
09-17 07:57:53.830 1750 1750 W PackageParser: Unknown element under : permission at /system/app/Gallery2.apk Binary XML file line #245
09-17 07:57:53.839 1750 1753 D dalvikvm: GC_CONCURRENT freed 1544K, 55% free 5729K/12516K, paused 0ms+0ms, total 3ms
09-17 07:57:53.907 1750 1750 I PackageManager: /system/app/Gmail2.apk changed; collecting certs
09-17 07:57:53.911 1750 1753 D dalvikvm: GC_CONCURRENT freed 770K, 51% free 6214K/12516K, paused 0ms+0ms, total 3ms
09-17 07:57:53.919 1750 1753 D dalvikvm: GC_CONCURRENT freed 1604K, 53% free 5955K/12516K, paused 0ms+0ms, total 3ms
09-17 07:57:53.919 1750 1750 D dalvikvm: WAIT_FOR_CONCURRENT_GC blocked 3ms
09-17 07:57:53.936 1750 1753 D dalvikvm: GC_CONCURRENT freed 624K, 48% free 6631K/12516K, paused 0ms+0ms, total 2ms
09-17 07:57:53.936 1750 1750 D dalvikvm: WAIT_FOR_CONCURRENT_GC blocked 2ms
09-17 07:57:53.971 1750 1750 I PackageManager: /system/app/GoogleCalendarSyncAdapter.apk changed; collecting certs
09-17 07:57:53.974 1750 1750 I PackageManager: New shared user com.google.android.calendar.uid.shared: id=10044
09-17 07:57:53.976 1750 1750 I PackageManager: /system/app/GoogleContactsSyncAdapter.apk changed; collecting certs
09-17 07:57:53.977 1750 1750 I PackageManager: /system/app/HTMLViewer.apk changed; collecting certs
09-17 07:57:53.979 1750 1753 D dalvikvm: GC_CONCURRENT freed 1102K, 44% free 7020K/12516K, paused 0ms+2ms, total 3ms
09-17 07:57:53.981 1750 1750 I PackageManager: /system/app/HoloSpiralWallpaper.apk changed; collecting certs
09-17 07:57:53.984 1750 1750 I PackageManager: /system/app/KeyChain.apk changed; collecting certs
09-17 07:57:54.008 1750 1750 I PackageManager: /system/app/LIME-HD.apk changed; collecting certs
09-17 07:57:54.044 1750 1750 I PackageManager: /system/app/LatinImeGoogle.apk changed; collecting certs
09-17 07:57:54.048 1750 1753 D dalvikvm: GC_CONCURRENT freed 2684K, 53% free 5934K/12516K, paused 0ms+1ms, total 3ms
09-17 07:57:54.055 1750 1753 D dalvikvm: GC_CONCURRENT freed 1388K, 54% free 5827K/12516K, paused 0ms+2ms, total 4ms
09-17 07:57:54.075 1750 1753 D dalvikvm: GC_CONCURRENT freed 538K, 49% free 6499K/12516K, paused 1ms+0ms, total 4ms
09-17 07:57:54.087 1750 1750 I PackageManager: /system/app/LiveWallpapers.apk changed; collecting certs
09-17 07:57:54.098 1750 1750 I PackageManager: /system/app/LiveWallpapersPicker.apk changed; collecting certs
09-17 07:57:54.132 1750 1750 I PackageManager: /system/app/Magazines.apk changed; collecting certs
09-17 07:57:54.143 1750 1753 D dalvikvm: GC_CONCURRENT freed 863K, 44% free 7028K/12516K, paused 1ms+1ms, total 4ms
09-17 07:57:54.143 1750 1750 D dalvikvm: WAIT_FOR_CONCURRENT_GC blocked 2ms
09-17 07:57:54.147 1750 1750 D dalvikvm: GC_FOR_ALLOC freed 2224K, 52% free 6053K/12516K, paused 2ms, total 2ms
09-17 07:57:54.163 1750 1753 D dalvikvm: GC_CONCURRENT freed 655K, 47% free 6723K/12516K, paused 1ms+0ms, total 4ms
09-17 07:57:54.189 1750 1750 I PackageManager: /system/app/MagicSmokeWallpapers.apk changed; collecting certs
09-17 07:57:54.193 1750 1753 D dalvikvm: GC_CONCURRENT freed 1095K, 44% free 7079K/12516K, paused 0ms+1ms, total 3ms
09-17 07:57:54.278 1750 1753 D dalvikvm: GC_CONCURRENT freed 1751K, 46% free 6864K/12516K, paused 0ms+2ms, total 10ms
09-17 07:57:54.289 1750 1750 I PackageManager: /system/app/Maps.apk changed; collecting certs
09-17 07:57:54.337 1750 1753 D dalvikvm: GC_CONCURRENT freed 600K, 39% free 7687K/12516K, paused 0ms+0ms, total 8ms
09-17 07:57:54.337 1750 1750 D dalvikvm: WAIT_FOR_CONCURRENT_GC blocked 7ms
09-17 07:57:54.351 1750 1750 D dalvikvm: GC_FOR_ALLOC freed 1005K, 36% free 8097K/12516K, paused 8ms, total 8ms
09-17 07:57:54.404 1750 1753 D dalvikvm: GC_CONCURRENT freed 776K, 27% free 9158K/12516K, paused 1ms+0ms, total 6ms
09-17 07:57:54.404 1750 1750 D dalvikvm: WAIT_FOR_CONCURRENT_GC blocked 3ms
09-17 07:57:54.437 1750 1753 D dalvikvm: GC_CONCURRENT freed 1036K, 19% free 10224K/12516K, paused 0ms+0ms, total 5ms
09-17 07:57:54.437 1750 1750 D dalvikvm: WAIT_FOR_CONCURRENT_GC blocked 3ms
09-17 07:57:54.442 1750 1750 I PackageManager: New shared user com.google.android.apps.maps: id=10053
09-17 07:57:54.471 1750 1750 I PackageManager: /system/app/MediaUploader.apk changed; collecting certs
09-17 07:57:54.507 1750 1750 I PackageManager: /system/app/Music2.apk changed; collecting certs
09-17 07:57:54.522 1750 1750 D dalvikvm: GC_FOR_ALLOC freed 1411K, 16% free 10623K/12516K, paused 5ms, total 5ms
09-17 07:57:54.528 1750 1750 D dalvikvm: GC_FOR_ALLOC freed 3943K, 37% free 8307K/13156K, paused 4ms, total 4ms
09-17 07:57:54.564 1750 1753 D dalvikvm: GC_CONCURRENT freed 920K, 31% free 9195K/13156K, paused 2ms+1ms, total 13ms
09-17 07:57:54.564 1750 1750 D dalvikvm: WAIT_FOR_CONCURRENT_GC blocked 10ms
09-17 07:57:54.621 1750 1750 I PackageManager: /system/app/NotePad.apk changed; collecting certs
09-17 07:57:54.623 1750 1750 I PackageManager: /system/app/PacProcessor.apk changed; collecting certs
09-17 07:57:54.626 1750 1750 I PackageManager: /system/app/PackageInstaller.apk changed; collecting certs
09-17 07:57:54.635 1750 1753 D dalvikvm: GC_CONCURRENT freed 1523K, 26% free 9783K/13156K, paused 0ms+2ms, total 9ms
09-17 07:57:54.635 1750 1750 D dalvikvm: WAIT_FOR_CONCURRENT_GC blocked 5ms
09-17 07:57:54.637 1750 1750 I PackageManager: /system/app/PhaseBeam.apk changed; collecting certs
09-17 07:57:54.639 1750 1750 I PackageManager: /system/app/PicoTts.apk changed; collecting certs
09-17 07:57:54.645 1750 1750 I PackageManager: /system/app/PinyinIME.apk changed; collecting certs
09-17 07:57:54.681 1750 1750 I PackageManager: /system/app/PlayGames.apk changed; collecting certs
09-17 07:57:54.703 1750 1753 D dalvikvm: GC_CONCURRENT freed 3907K, 39% free 8134K/13156K, paused 0ms+1ms, total 12ms
09-17 07:57:54.703 1750 1750 D dalvikvm: WAIT_FOR_CONCURRENT_GC blocked 9ms
09-17 07:57:54.708 1750 1750 I PackageManager: /system/app/PrintSpooler.apk changed; collecting certs
09-17 07:57:54.711 1750 1750 I PackageManager: /system/app/RSSReader.apk changed; collecting certs
09-17 07:57:54.713 1750 1750 I PackageManager: /system/app/SoundRecorder.apk changed; collecting certs
09-17 07:57:54.719 1750 1750 I PackageManager: /system/app/Street.apk changed; collecting certs
09-17 07:57:54.723 1750 1750 I PackageManager: /system/app/TelephonyProvider.apk changed; collecting certs
09-17 07:57:54.727 1750 1750 I PackageManager: /system/app/UserDictionaryProvider.apk changed; collecting certs
09-17 07:57:54.754 1750 1750 I PackageManager: /system/app/Videos.apk changed; collecting certs
09-17 07:57:54.769 1750 1753 D dalvikvm: GC_CONCURRENT freed 1450K, 36% free 8482K/13156K, paused 1ms+2ms, total 10ms
09-17 07:57:54.769 1750 1750 D dalvikvm: WAIT_FOR_CONCURRENT_GC blocked 9ms
09-17 07:57:54.790 1750 1753 D dalvikvm: GC_CONCURRENT freed 2059K, 37% free 8356K/13156K, paused 0ms+1ms, total 8ms
09-17 07:57:54.790 1750 1750 D dalvikvm: WAIT_FOR_CONCURRENT_GC blocked 6ms
09-17 07:57:54.800 1750 1750 I PackageManager: /system/app/VisualizationWallpapers.apk changed; collecting certs
09-17 07:57:54.857 1750 1750 I PackageManager: /system/app/YouTube.apk changed; collecting certs
09-17 07:57:54.880 1750 1753 D dalvikvm: GC_CONCURRENT freed 1013K, 31% free 9158K/13156K, paused 2ms+3ms, total 13ms
09-17 07:57:54.880 1750 1750 D dalvikvm: WAIT_FOR_CONCURRENT_GC blocked 11ms
09-17 07:57:54.895 1750 1750 D dalvikvm: GC_FOR_ALLOC freed 2217K, 37% free 8307K/13156K, paused 10ms, total 10ms
09-17 07:57:54.942 1750 1753 D dalvikvm: GC_CONCURRENT freed 834K, 29% free 9361K/13156K, paused 0ms+1ms, total 5ms
09-17 07:57:54.942 1750 1750 D dalvikvm: WAIT_FOR_CONCURRENT_GC blocked 2ms
09-17 07:57:55.001 1750 1750 I PackageManager: /system/app/com.zeptolab.ctr.ads-2.apk changed; collecting certs
09-17 07:57:55.015 1750 1753 D dalvikvm: GC_CONCURRENT freed 1522K, 25% free 9992K/13156K, paused 0ms+4ms, total 13ms
09-17 07:57:55.015 1750 1750 D dalvikvm: WAIT_FOR_CONCURRENT_GC blocked 8ms
09-17 07:57:55.082 1750 1753 D dalvikvm: GC_CONCURRENT freed 3688K, 35% free 8615K/13156K, paused 2ms+1ms, total 14ms
09-17 07:57:55.082 1750 1750 D dalvikvm: WAIT_FOR_CONCURRENT_GC blocked 6ms
09-17 07:57:56.058 1750 1750 I PackageManager: /system/app/talkback.apk changed; collecting certs
09-17 07:57:56.060 1750 1750 I PackageManager: New shared user com.google.android.marvin.feedback: id=10071
09-17 07:57:56.061 1750 1750 D PackageManager: No files in app dir /vendor/app
09-17 07:57:56.244 1750 1750 W PackageManager: Package com.google.android.videos desires unavailable shared library com.google.widevine.software.drm; ignoring!
09-17 07:57:56.244 1750 1750 W PackageManager: Package com.google.android.gms desires unavailable shared library com.google.android.ble; ignoring!
09-17 07:57:56.244 1750 1750 I PackageManager: Time to scan packages: 5.111 seconds
09-17 07:57:56.244 1750 1750 W PackageManager: Unknown permission com.android.smspush.WAPPUSH_MANAGER_BIND in package com.android.phone
09-17 07:57:56.244 1750 1750 W PackageManager: Unknown permission com.android.launcher.permission.PRELOAD_WORKSPACE in package com.google.android.partnersetup
09-17 07:57:56.245 1750 1750 W PackageManager: Unknown permission com.android.vending.billing.IBillingAccountService.BIND2 in package com.google.android.gsf.login
09-17 07:57:56.245 1750 1750 W PackageManager: Unknown permission com.android.chrome.TOS_ACKED in package com.google.android.gsf.login
09-17 07:57:56.245 1750 1750 W PackageManager: Unknown permission com.google.android.gallery3d.permission.GALLERY_PROVIDER in package com.android.bluetooth
09-17 07:57:56.245 1750 1750 W PackageManager: Not granting permission android.permission.ACCESS_DOWNLOAD_MANAGER to package com.android.browser (protectionLevel=18 flags=0x9be45)
09-17 07:57:56.245 1750 1750 W PackageManager: Not granting permission android.permission.SEND_DOWNLOAD_COMPLETED_INTENTS to package com.android.browser (protectionLevel=2 flags=0x9be45)
09-17 07:57:56.245 1750 1750 W PackageManager: Unknown permission com.android.launcher.permission.READ_SETTINGS in package com.android.onetimeinitializer
09-17 07:57:56.245 1750 1750 W PackageManager: Unknown permission com.android.launcher.permission.WRITE_SETTINGS in package com.android.onetimeinitializer
09-17 07:57:56.245 1750 1750 W PackageManager: Not granting permission android.permission.BIND_WALLPAPER to package com.android.camera2 (protectionLevel=18 flags=0x58bc45)
09-17 07:57:56.245 1750 1750 W PackageManager: Unknown permission android.permission.INSTALL_DRM in package com.android.mms
09-17 07:57:56.245 1750 1750 W PackageManager: Unknown permission com.cyanogenmod.filemanager.permissions.READ_THEME in package com.cyanogenmod.filemanager
09-17 07:57:56.245 1750 1750 W PackageManager: Not granting permission android.permission.BROADCAST_PACKAGE_REMOVED to package com.google.android.marvin.talkback (protectionLevel=2 flags=0x49be45)
09-17 07:57:56.245 1750 1750 W PackageManager: Unknown permission android.permission.RECOVERY in package com.google.android.gms
09-17 07:57:56.245 1750 1750 W PackageManager: Not granting permission android.permission.READ_DREAM_STATE to package com.google.android.gms (protectionLevel=2 flags=0x40483e45)
09-17 07:57:56.245 1750 1750 W PackageManager: Unknown permission com.google.android.hangouts.START_HANGOUT in package com.google.android.gms
09-17 07:57:56.245 1750 1750 W PackageManager: Unknown permission com.google.android.wearable.READ_SETTINGS in package com.google.android.gms
09-17 07:57:56.246 1750 1750 W PackageManager: Unknown permission android.permission.READ_OWNER_DATA in package com.google.android.setupwizard
09-17 07:57:56.246 1750 1750 W PackageManager: Unknown permission android.permission.WRITE_OWNER_DATA in package com.google.android.setupwizard
09-17 07:57:56.246 1750 1750 W PackageManager: Unknown permission com.android.launcher.permission.READ_SETTINGS in package com.android.settings
09-17 07:57:56.246 1750 1750 W PackageManager: Unknown permission com.android.launcher.permission.WRITE_SETTINGS in package com.android.settings
09-17 07:57:56.246 1750 1750 W PackageManager: Unknown permission com.android.launcher.permission.READ_SETTINGS in package com.cyanogenmod.trebuchet
09-17 07:57:56.246 1750 1750 W PackageManager: Unknown permission com.android.launcher.permission.WRITE_SETTINGS in package com.cyanogenmod.trebuchet
09-17 07:57:56.246 1750 1750 W PackageManager: Unknown permission com.google.android.voicesearch.SHORTCUTS_ACCESS in package com.google.android.googlequicksearchbox
09-17 07:57:56.246 1750 1750 W PackageManager: Unknown permission com.google.android.voicesearch.ACCESS_SETTINGS in package com.google.android.googlequicksearchbox
09-17 07:57:56.246 1750 1750 W PackageManager: Unknown permission com.google.android.ears.permission.WRITE in package com.google.android.googlequicksearchbox
09-17 07:57:56.246 1750 1750 W PackageManager: Unknown permission com.google.android.apps.googlevoice.permission.AUTO_SEND in package com.google.android.googlequicksearchbox
09-17 07:57:56.246 1750 1750 W PackageManager: Unknown permission com.google.android.hangouts.START_HANGOUT in package com.google.android.googlequicksearchbox
09-17 07:57:56.246 1750 1750 W PackageManager: Unknown permission com.android.chrome.PRERENDER_URL in package com.google.android.googlequicksearchbox
09-17 07:57:56.246 1750 1750 W PackageManager: Unknown permission com.google.android.launcher.permission.CONTENT_REDIRECT in package com.google.android.googlequicksearchbox
09-17 07:57:56.246 1750 1750 W PackageManager: Not granting permission com.android.launcher3.permission.RECEIVE_LAUNCH_BROADCASTS to package com.google.android.googlequicksearchbox (protectionLevel=2 flags=0x405bbe45)
09-17 07:57:56.246 1750 1750 W PackageManager: Not granting permission android.permission.SEND_DOWNLOAD_COMPLETED_INTENTS to package com.android.vending (protectionLevel=2 flags=0x400abe45)
09-17 07:57:56.247 1750 1750 W PackageManager: Unknown permission android.permission.SEND_SMS_NO_CONFIRMATION in package com.android.vending
09-17 07:57:56.247 1750 1750 W PackageManager: Not granting permission android.permission.MOUNT_UNMOUNT_FILESYSTEMS to package net.toload.main.hd (protectionLevel=18 flags=0x9be45)
