04-23 19:07:42.313 2034 2307 E audio_hw_primary: no pcm card found!
04-23 19:07:42.324 2034 2307 E audio_hw_primary: no pcm card found!
04-23 19:07:42.335 2034 2307 E audio_hw_primary: no pcm card found!
04-23 19:07:42.347 2034 2307 E audio_hw_primary: no pcm card found!
04-23 19:07:42.358 2034 2307 E audio_hw_primary: no pcm card found!
04-23 19:07:42.370 2034 2307 E audio_hw_primary: no pcm card found!
04-23 19:07:42.381 2034 2307 E audio_hw_primary: no pcm card found!
04-23 19:07:42.392 2034 2307 E audio_hw_primary: no pcm card found!
04-23 19:07:42.404 2034 2307 E audio_hw_primary: no pcm card found!
04-23 19:07:42.415 2034 2307 E audio_hw_primary: no pcm card found!
04-23 19:07:42.426 2034 2307 E audio_hw_primary: no pcm card found!
04-23 19:07:42.438 2034 2307 E audio_hw_primary: no pcm card found!
04-23 19:07:42.449 2034 2307 E audio_hw_primary: no pcm card found!
04-23 19:07:42.460 2034 2307 E audio_hw_primary: no pcm card found!
04-23 19:07:42.472 2034 2307 E audio_hw_primary: no pcm card found!
04-23 19:07:42.483 2034 2307 E audio_hw_primary: no pcm card found!
04-23 19:07:42.494 2034 2307 E audio_hw_primary: no pcm card found!
04-23 19:07:42.506 2034 2307 E audio_hw_primary: no pcm card found!
04-23 19:07:42.517 2034 2307 E audio_hw_primary: no pcm card found!
04-23 19:07:42.528 2034 2307 E audio_hw_primary: no pcm card found!
04-23 19:07:42.540 2034 2307 E audio_hw_primary: no pcm card found!
04-23 19:07:42.551 2034 2307 E audio_hw_primary: no pcm card found!
04-23 19:07:42.562 2034 2307 E audio_hw_primary: no pcm card found!
04-23 19:07:42.574 2034 2307 E audio_hw_primary: no pcm card found!
04-23 19:07:42.585 2034 2307 E audio_hw_primary: no pcm card found!
04-23 19:07:42.596 2034 2307 E audio_hw_primary: no pcm card found!
04-23 19:07:42.608 2034 2307 E audio_hw_primary: no pcm card found!
04-23 19:07:42.619 2034 2307 E audio_hw_primary: no pcm card found!
04-23 19:07:42.630 2034 2307 E audio_hw_primary: no pcm card found!
04-23 19:07:42.641 2034 2307 E audio_hw_primary: no pcm card found!
04-23 19:07:42.652 2034 2307 E audio_hw_primary: no pcm card found!
04-23 19:07:42.664 2034 2307 E audio_hw_primary: no pcm card found!
04-23 19:07:42.675 2034 2307 E audio_hw_primary: no pcm card found!
04-23 19:07:42.686 2034 2307 E audio_hw_primary: no pcm card found!
04-23 19:07:42.697 2034 2307 E audio_hw_primary: no pcm card found!
04-23 19:07:42.708 2034 2307 E audio_hw_primary: no pcm card found!
04-23 19:07:42.720 2034 2307 E audio_hw_primary: no pcm card found!
04-23 19:07:42.731 2034 2307 E audio_hw_primary: no pcm card found!
04-23 19:07:42.743 2034 2307 E audio_hw_primary: no pcm card found!
04-23 19:07:42.754 2034 2307 E audio_hw_primary: no pcm card found!
04-23 19:07:42.765 2034 2307 E audio_hw_primary: no pcm card found!
04-23 19:07:42.777 2034 2307 E audio_hw_primary: no pcm card found!
04-23 19:07:42.788 2034 2307 E audio_hw_primary: no pcm card found!
04-23 19:07:42.799 2034 2307 E audio_hw_primary: no pcm card found!
04-23 19:07:42.811 2034 2307 E audio_hw_primary: no pcm card found!
04-23 19:07:42.822 2034 2307 E audio_hw_primary: no pcm card found!
04-23 19:07:42.833 2034 2307 E audio_hw_primary: no pcm card found!
04-23 19:07:42.844 2034 2307 E audio_hw_primary: no pcm card found!
04-23 19:07:42.855 2034 2307 E audio_hw_primary: no pcm card found!
04-23 19:07:42.866 2034 2307 E audio_hw_primary: no pcm card found!
04-23 19:07:42.877 2034 2307 E audio_hw_primary: no pcm card found!
04-23 19:07:42.888 2034 2307 E audio_hw_primary: no pcm card found!
04-23 19:07:42.900 2034 2307 E audio_hw_primary: no pcm card found!
04-23 19:07:42.911 2034 2307 E audio_hw_primary: no pcm card found!
04-23 19:07:42.922 2034 2307 E audio_hw_primary: no pcm card found!
04-23 19:07:42.933 2034 2307 E audio_hw_primary: no pcm card found!
04-23 19:07:42.944 2034 2307 E audio_hw_primary: no pcm card found!
04-23 19:07:42.956 2034 2307 E audio_hw_primary: no pcm card found!
04-23 19:07:42.967 2034 2307 E audio_hw_primary: no pcm card found!
04-23 19:07:42.978 2034 2307 E audio_hw_primary: no pcm card found!
04-23 19:07:42.989 2034 2307 E audio_hw_primary: no pcm card found!
04-23 19:07:43.000 2034 2307 E audio_hw_primary: no pcm card found!
04-23 19:07:43.012 2034 2307 E audio_hw_primary: no pcm card found!
04-23 19:07:43.023 2034 2307 E audio_hw_primary: no pcm card found!
04-23 19:07:43.034 2034 2307 E audio_hw_primary: no pcm card found!
04-23 19:07:43.045 2034 2307 E audio_hw_primary: no pcm card found!
04-23 19:07:43.056 2034 2307 E audio_hw_primary: no pcm card found!
04-23 19:07:43.067 2034 2307 E audio_hw_primary: no pcm card found!
04-23 19:07:43.079 2034 2307 E audio_hw_primary: no pcm card found!
04-23 19:07:43.090 2034 2307 E audio_hw_primary: no pcm card found!
04-23 19:07:43.101 2034 2307 E audio_hw_primary: no pcm card found!
04-23 19:07:43.112 2034 2307 E audio_hw_primary: no pcm card found!
04-23 19:07:43.123 2034 2307 E audio_hw_primary: no pcm card found!
04-23 19:07:43.135 2034 2307 E audio_hw_primary: no pcm card found!
04-23 19:07:43.146 2034 2307 E audio_hw_primary: no pcm card found!
04-23 19:07:43.157 2034 2307 E audio_hw_primary: no pcm card found!
04-23 19:07:43.168 2034 2307 E audio_hw_primary: no pcm card found!
04-23 19:07:43.180 2034 2307 E audio_hw_primary: no pcm card found!
04-23 19:07:43.191 2034 2307 E audio_hw_primary: no pcm card found!
04-23 19:07:43.202 2034 2307 E audio_hw_primary: no pcm card found!
04-23 19:07:43.213 2034 2307 E audio_hw_primary: no pcm card found!
04-23 19:07:43.225 2034 2307 E audio_hw_primary: no pcm card found!
04-23 19:07:43.236 2034 2307 E audio_hw_primary: no pcm card found!
04-23 19:07:43.247 2034 2307 E audio_hw_primary: no pcm card found!
04-23 19:07:43.259 2034 2307 E audio_hw_primary: no pcm card found!
04-23 19:07:43.270 2034 2307 E audio_hw_primary: no pcm card found!
04-23 19:07:43.281 2034 2307 E audio_hw_primary: no pcm card found!
04-23 19:07:43.293 2034 2307 E audio_hw_primary: no pcm card found!
04-23 19:07:43.304 2034 2307 E audio_hw_primary: no pcm card found!
04-23 19:07:43.315 2034 2307 E audio_hw_primary: no pcm card found!
04-23 19:07:43.326 2034 2307 E audio_hw_primary: no pcm card found!
04-23 19:07:43.338 2034 2307 E audio_hw_primary: no pcm card found!
04-23 19:07:43.349 2034 2307 E audio_hw_primary: no pcm card found!
04-23 19:07:43.360 2034 2307 E audio_hw_primary: no pcm card found!
04-23 19:07:43.372 2034 2307 E audio_hw_primary: no pcm card found!
04-23 19:07:43.383 2034 2307 E audio_hw_primary: no pcm card found!
04-23 19:07:43.394 2034 2307 E audio_hw_primary: no pcm card found!
04-23 19:07:43.405 2034 2307 E audio_hw_primary: no pcm card found!
04-23 19:07:43.417 2034 2307 E audio_hw_primary: no pcm card found!
04-23 19:07:43.428 2034 2307 E audio_hw_primary: no pcm card found!
04-23 19:07:43.439 2034 2307 E audio_hw_primary: no pcm card found!
04-23 19:07:43.450 2034 2307 E audio_hw_primary: no pcm card found!
04-23 19:07:43.462 2034 2307 E audio_hw_primary: no pcm card found!
04-23 19:07:43.473 2034 2307 E audio_hw_primary: no pcm card found!
04-23 19:07:43.484 2034 2307 E audio_hw_primary: no pcm card found!
04-23 19:07:43.495 2034 2307 E audio_hw_primary: no pcm card found!
04-23 19:07:43.506 2034 2307 E audio_hw_primary: no pcm card found!
04-23 19:07:43.517 2034 2307 E audio_hw_primary: no pcm card found!
04-23 19:07:43.528 2034 2307 E audio_hw_primary: no pcm card found!
04-23 19:07:43.539 2034 2307 E audio_hw_primary: no pcm card found!
04-23 19:07:43.550 2034 2307 E audio_hw_primary: no pcm card found!
04-23 19:07:43.561 2034 2307 E audio_hw_primary: no pcm card found!
04-23 19:07:43.572 2034 2307 E audio_hw_primary: no pcm card found!
04-23 19:07:43.583 2034 2307 E audio_hw_primary: no pcm card found!
04-23 19:07:43.594 2034 2307 E audio_hw_primary: no pcm card found!
04-23 19:07:43.605 2034 2307 E audio_hw_primary: no pcm card found!
04-23 19:07:43.616 2034 2307 E audio_hw_primary: no pcm card found!
04-23 19:07:43.627 2034 2307 E audio_hw_primary: no pcm card found!
04-23 19:07:43.638 2034 2307 E audio_hw_primary: no pcm card found!
04-23 19:07:43.649 2034 2307 E audio_hw_primary: no pcm card found!
04-23 19:07:43.660 2034 2307 E audio_hw_primary: no pcm card found!
04-23 19:07:43.671 2034 2307 E audio_hw_primary: no pcm card found!
04-23 19:07:43.682 2034 2307 E audio_hw_primary: no pcm card found!
04-23 19:07:43.694 2034 2307 E audio_hw_primary: no pcm card found!
04-23 19:07:43.705 2034 2307 E audio_hw_primary: no pcm card found!
04-23 19:07:43.716 2034 2307 E audio_hw_primary: no pcm card found!
04-23 19:07:43.728 2034 2307 E audio_hw_primary: no pcm card found!
04-23 19:07:43.739 2034 2307 E audio_hw_primary: no pcm card found!
04-23 19:07:43.750 2034 2307 E audio_hw_primary: no pcm card found!
04-23 19:07:43.761 2034 2307 E audio_hw_primary: no pcm card found!
04-23 19:07:43.772 2034 2307 E audio_hw_primary: no pcm card found!
04-23 19:07:43.784 2034 2307 E audio_hw_primary: no pcm card found!
04-23 19:07:43.795 2034 2307 E audio_hw_primary: no pcm card found!
04-23 19:07:43.807 2034 2307 E audio_hw_primary: no pcm card found!
04-23 19:07:43.818 2034 2307 E audio_hw_primary: no pcm card found!
04-23 19:07:43.829 2034 2307 E audio_hw_primary: no pcm card found!
04-23 19:07:43.840 2034 2307 E audio_hw_primary: no pcm card found!
04-23 19:07:43.852 2034 2307 E audio_hw_primary: no pcm card found!
04-23 19:07:43.863 2034 2307 E audio_hw_primary: no pcm card found!
04-23 19:07:43.874 2034 2307 E audio_hw_primary: no pcm card found!
04-23 19:07:43.885 2034 2307 E audio_hw_primary: no pcm card found!
04-23 19:07:43.897 2034 2307 E audio_hw_primary: no pcm card found!
04-23 19:07:43.908 2034 2307 E audio_hw_primary: no pcm card found!
04-23 19:07:43.919 2034 2307 E audio_hw_primary: no pcm card found!
04-23 19:07:43.931 2034 2307 E audio_hw_primary: no pcm card found!
04-23 19:07:43.942 2034 2307 E audio_hw_primary: no pcm card found!
04-23 19:07:43.953 2034 2307 E audio_hw_primary: no pcm card found!
04-23 19:07:43.964 2034 2307 E audio_hw_primary: no pcm card found!
04-23 19:07:43.975 2034 2307 E audio_hw_primary: no pcm card found!
04-23 19:07:43.986 2034 2307 E audio_hw_primary: no pcm card found!
04-23 19:07:43.988 3819 3819 W InputEventReceiver: Attempted to finish an input event but the input event receiver has already been disposed.
04-23 19:07:43.997 2034 2307 E audio_hw_primary: no pcm card found!
04-23 19:07:44.008 2034 2307 E audio_hw_primary: no pcm card found!
04-23 19:07:44.019 2034 2307 E audio_hw_primary: no pcm card found!
04-23 19:07:44.030 2034 2307 E audio_hw_primary: no pcm card found!
04-23 19:07:44.041 2034 2307 E audio_hw_primary: no pcm card found!
04-23 19:07:44.052 2034 2307 E audio_hw_primary: no pcm card found!
04-23 19:07:44.064 2034 2307 E audio_hw_primary: no pcm card found!
04-23 19:07:44.075 2034 2307 E audio_hw_primary: no pcm card found!
04-23 19:07:44.086 2034 2307 E audio_hw_primary: no pcm card found!
04-23 19:07:44.097 2034 2307 E audio_hw_primary: no pcm card found!
04-23 19:07:44.108 2034 2307 E audio_hw_primary: no pcm card found!
04-23 19:07:44.119 2034 2307 E audio_hw_primary: no pcm card found!
04-23 19:07:44.131 2034 2307 E audio_hw_primary: no pcm card found!
04-23 19:07:44.142 2034 2307 E audio_hw_primary: no pcm card found!
04-23 19:07:44.153 2034 2307 E audio_hw_primary: no pcm card found!
04-23 19:07:44.164 2034 2307 E audio_hw_primary: no pcm card found!
04-23 19:07:44.175 2034 2307 E audio_hw_primary: no pcm card found!
04-23 19:07:44.184 2026 2026 W SurfaceFlinger: couldn't log to binary event log: overflow.
04-23 19:07:44.186 2034 2307 E audio_hw_primary: no pcm card found!
04-23 19:07:44.198 2034 2307 E audio_hw_primary: no pcm card found!
04-23 19:07:44.209 2034 2307 E audio_hw_primary: no pcm card found!
04-23 19:07:46.019 2026 2026 W SurfaceFlinger: captureScreen: error creating EGL fence: 0x3000
04-23 19:07:46.399 2693 2693 D PhoneStatusBar: disable: < expand ICONS* alerts SYSTEM_INFO* back home recent clock search
> 04-23 19:07:46.584 2026 2026 W SurfaceFlinger: couldn't log to binary event log: overflow.
04-23 19:07:46.624 2909 2971 W OpenGLRenderer: Failed to wait for the fence 0x300c
04-23 19:07:46.757 2693 3042 D BluetoothAdapter: 59353320: getState() : mService = null. Returning STATE_OFF
04-23 19:07:46.757 2693 3042 D BluetoothAdapter: 59353320: getState() : mService = null. Returning STATE_OFF
04-23 19:07:46.777 2693 3042 D BluetoothAdapter: 59353320: getState() : mService = null. Returning STATE_OFF
04-23 19:07:46.777 2693 3042 D BluetoothAdapter: 59353320: getState() : mService = null. Returning STATE_OFF
04-23 19:07:47.057 2693 2693 W ResourceType: No package identifier when getting value for resource number 0x00000000
04-23 19:07:47.057 2693 2693 W PackageManager: Failure retrieving resources for com.android.settings: Resource ID #0x0
04-23 19:07:48.005 2325 2515 W AudioTrack: AUDIO_OUTPUT_FLAG_FAST denied by client
04-23 19:07:48.015 2325 4574 W BackupManagerService: dataChanged but no participant pkg='com.android.providers.settings' uid=10013
04-23 19:07:48.025 2034 2307 E audio_hw_primary: no pcm card found!
04-23 19:07:48.036 2034 2307 E audio_hw_primary: no pcm card found!
04-23 19:07:48.047 2034 2307 E audio_hw_primary: no pcm card found!
04-23 19:07:48.058 2034 2307 E audio_hw_primary: no pcm card found!
04-23 19:07:48.069 2034 2307 E audio_hw_primary: no pcm card found!
04-23 19:07:48.080 2034 2307 E audio_hw_primary: no pcm card found!
04-23 19:07:48.091 2034 2307 E audio_hw_primary: no pcm card found!
04-23 19:07:48.102 2034 2307 E audio_hw_primary: no pcm card found!
04-23 19:07:48.114 2034 2307 E audio_hw_primary: no pcm card found!
04-23 19:07:48.125 2034 2307 E audio_hw_primary: no pcm card found!
04-23 19:07:48.136 2034 2307 E audio_hw_primary: no pcm card found!
04-23 19:07:48.147 2034 2307 E audio_hw_primary: no pcm card found!
04-23 19:07:48.158 2034 2307 E audio_hw_primary: no pcm card found!
04-23 19:07:48.169 2034 2307 E audio_hw_primary: no pcm card found!
04-23 19:07:48.181 2034 2307 E audio_hw_primary: no pcm card found!
04-23 19:07:48.192 2034 2307 E audio_hw_primary: no pcm card found!
04-23 19:07:48.203 2034 2307 E audio_hw_primary: no pcm card found!
04-23 19:07:48.214 2034 2307 E audio_hw_primary: no pcm card found!
04-23 19:07:48.225 2034 2307 E audio_hw_primary: no pcm card found!
04-23 19:07:48.236 2034 2307 E audio_hw_primary: no pcm card found!
04-23 19:07:48.247 2034 2307 E audio_hw_primary: no pcm card found!
04-23 19:07:48.259 2034 2307 E audio_hw_primary: no pcm card found!
04-23 19:07:48.270 2034 2307 E audio_hw_primary: no pcm card found!
04-23 19:07:48.281 2034 2307 E audio_hw_primary: no pcm card found!
04-23 19:07:48.292 2034 2307 E audio_hw_primary: no pcm card found!
04-23 19:07:48.303 2034 2307 E audio_hw_primary: no pcm card found!
04-23 19:07:48.314 2034 2307 E audio_hw_primary: no pcm card found!
04-23 19:07:48.325 2034 2307 E audio_hw_primary: no pcm card found!
04-23 19:07:48.336 2034 2307 E audio_hw_primary: no pcm card found!
04-23 19:07:48.348 2034 2307 E audio_hw_primary: no pcm card found!
04-23 19:07:48.359 2034 2307 E audio_hw_primary: no pcm card found!
04-23 19:07:48.370 2034 2307 E audio_hw_primary: no pcm card found!
04-23 19:07:48.381 2034 2307 E audio_hw_primary: no pcm card found!
04-23 19:07:48.392 2034 2307 E audio_hw_primary: no pcm card found!
04-23 19:07:48.403 2034 2307 E audio_hw_primary: no pcm card found!
04-23 19:07:48.415 2034 2307 E audio_hw_primary: no pcm card found!
04-23 19:07:48.426 2034 2307 E audio_hw_primary: no pcm card found!
04-23 19:07:48.437 2034 2307 E audio_hw_primary: no pcm card found!
04-23 19:07:48.448 2034 2307 E audio_hw_primary: no pcm card found!
04-23 19:07:48.460 2034 2307 E audio_hw_primary: no pcm card found!
04-23 19:07:48.471 2034 2307 E audio_hw_primary: no pcm card found!
04-23 19:07:48.482 2034 2307 E audio_hw_primary: no pcm card found!
04-23 19:07:48.493 2034 2307 E audio_hw_primary: no pcm card found!
04-23 19:07:48.504 2034 2307 E audio_hw_primary: no pcm card found!
04-23 19:07:48.515 2034 2307 E audio_hw_primary: no pcm card found!
04-23 19:07:48.527 2034 2307 E audio_hw_primary: no pcm card found!
04-23 19:07:48.538 2034 2307 E audio_hw_primary: no pcm card found!
04-23 19:07:48.549 2034 2307 E audio_hw_primary: no pcm card found!
04-23 19:07:48.561 2034 2307 E audio_hw_primary: no pcm card found!
04-23 19:07:48.572 2034 2307 E audio_hw_primary: no pcm card found!
04-23 19:07:48.583 2034 2307 E audio_hw_primary: no pcm card found!
04-23 19:07:48.595 2034 2307 E audio_hw_primary: no pcm card found!
04-23 19:07:48.606 2034 2307 E audio_hw_primary: no pcm card found!
04-23 19:07:48.617 2034 2307 E audio_hw_primary: no pcm card found!
04-23 19:07:48.628 2034 2307 E audio_hw_primary: no pcm card found!
04-23 19:07:48.640 2034 2307 E audio_hw_primary: no pcm card found!
04-23 19:07:48.651 2034 2307 E audio_hw_primary: no pcm card found!
04-23 19:07:48.662 2034 2307 E audio_hw_primary: no pcm card found!
04-23 19:07:48.674 2034 2307 E audio_hw_primary: no pcm card found!
04-23 19:07:48.685 2034 2307 E audio_hw_primary: no pcm card found!
04-23 19:07:48.696 2034 2307 E audio_hw_primary: no pcm card found!
04-23 19:07:48.707 2034 2307 E audio_hw_primary: no pcm card found!
04-23 19:07:48.719 2034 2307 E audio_hw_primary: no pcm card found!
04-23 19:07:48.730 2034 2307 E audio_hw_primary: no pcm card found!
04-23 19:07:48.741 2034 2307 E audio_hw_primary: no pcm card found!
04-23 19:07:48.753 2034 2307 E audio_hw_primary: no pcm card found!
04-23 19:07:48.764 2034 2307 E audio_hw_primary: no pcm card found!
04-23 19:07:48.775 2034 2307 E audio_hw_primary: no pcm card found!
04-23 19:07:48.786 2034 2307 E audio_hw_primary: no pcm card found!
04-23 19:07:48.798 2034 2307 E audio_hw_primary: no pcm card found!
04-23 19:07:48.809 2034 2307 E audio_hw_primary: no pcm card found!
04-23 19:07:48.820 2034 2307 E audio_hw_primary: no pcm card found!
04-23 19:07:48.831 2034 2307 E audio_hw_primary: no pcm card found!
04-23 19:07:48.842 2034 2307 E audio_hw_primary: no pcm card found!
04-23 19:07:48.853 2034 2307 E audio_hw_primary: no pcm card found!
04-23 19:07:48.864 2034 2307 E audio_hw_primary: no pcm card found!
04-23 19:07:48.875 2034 2307 E audio_hw_primary: no pcm card found!
04-23 19:07:48.886 2034 2307 E audio_hw_primary: no pcm card found!
04-23 19:07:48.897 2034 2307 E audio_hw_primary: no pcm card found!
04-23 19:07:48.908 2034 2307 E audio_hw_primary: no pcm card found!
04-23 19:07:48.918 2034 2307 E audio_hw_primary: no pcm card found!
04-23 19:07:48.929 2034 2307 E audio_hw_primary: no pcm card found!
04-23 19:07:48.938 2325 2515 W AudioTrack: AUDIO_OUTPUT_FLAG_FAST denied by client
04-23 19:07:48.939 2325 2634 W BackupManagerService: dataChanged but no participant pkg='com.android.providers.settings' uid=10013
04-23 19:07:48.940 2034 2307 E audio_hw_primary: no pcm card found!
04-23 19:07:48.949 2325 2351 D SettingsProvider: User 0 external modification to /data/data/com.android.providers.settings/databases/settings.db; event=2
04-23 19:07:48.949 2325 2351 D SettingsProvider: User 0 updating our caches for /data/data/com.android.providers.settings/databases/settings.db
04-23 19:07:48.951 2034 2307 E audio_hw_primary: no pcm card found!
04-23 19:07:48.966 2034 2307 E audio_hw_primary: no pcm card found!
04-23 19:07:48.968 2325 2351 D SettingsProvider: User 0 external modification to /data/data/com.android.providers.settings/databases/settings.db; event=2
04-23 19:07:48.968 2325 2351 D SettingsProvider: User 0 updating our caches for /data/data/com.android.providers.settings/databases/settings.db
04-23 19:07:48.987 2034 2307 E audio_hw_primary: no pcm card found!
04-23 19:07:48.998 2034 2307 E audio_hw_primary: no pcm card found!
04-23 19:07:49.009 2034 2307 E audio_hw_primary: no pcm card found!
04-23 19:07:49.020 2034 2307 E audio_hw_primary: no pcm card found!
04-23 19:07:49.031 2034 2307 E audio_hw_primary: no pcm card found!
04-23 19:07:49.042 2034 2307 E audio_hw_primary: no pcm card found!
04-23 19:07:49.053 2034 2307 E audio_hw_primary: no pcm card found!
04-23 19:07:49.064 2034 2307 E audio_hw_primary: no pcm card found!
04-23 19:07:49.075 2034 2307 E audio_hw_primary: no pcm card found!
04-23 19:07:49.085 2034 2307 E audio_hw_primary: no pcm card found!
04-23 19:07:49.097 2034 2307 E audio_hw_primary: no pcm card found!
04-23 19:07:49.108 2034 2307 E audio_hw_primary: no pcm card found!
04-23 19:07:49.119 2034 2307 E audio_hw_primary: no pcm card found!
04-23 19:07:49.130 2034 2307 E audio_hw_primary: no pcm card found!
04-23 19:07:49.142 2034 2307 E audio_hw_primary: no pcm card found!
04-23 19:07:49.153 2034 2307 E audio_hw_primary: no pcm card found!
04-23 19:07:49.164 2034 2307 E audio_hw_primary: no pcm card found!
04-23 19:07:49.175 2034 2307 E audio_hw_primary: no pcm card found!
04-23 19:07:49.187 2034 2307 E audio_hw_primary: no pcm card found!
04-23 19:07:49.198 2034 2307 E audio_hw_primary: no pcm card found!
04-23 19:07:49.209 2034 2307 E audio_hw_primary: no pcm card found!
04-23 19:07:49.220 2034 2307 E audio_hw_primary: no pcm card found!
04-23 19:07:49.232 2034 2307 E audio_hw_primary: no pcm card found!
04-23 19:07:49.243 2034 2307 E audio_hw_primary: no pcm card found!
04-23 19:07:49.254 2034 2307 E audio_hw_primary: no pcm card found!
04-23 19:07:49.265 2034 2307 E audio_hw_primary: no pcm card found!
04-23 19:07:49.276 2034 2307 E audio_hw_primary: no pcm card found!
04-23 19:07:49.287 2034 2307 E audio_hw_primary: no pcm card found!
04-23 19:07:49.299 2034 2307 E audio_hw_primary: no pcm card found!
04-23 19:07:49.310 2034 2307 E audio_hw_primary: no pcm card found!
04-23 19:07:49.321 2034 2307 E audio_hw_primary: no pcm card found!
04-23 19:07:49.332 2034 2307 E audio_hw_primary: no pcm card found!
04-23 19:07:49.344 2034 2307 E audio_hw_primary: no pcm card found!
04-23 19:07:49.355 2034 2307 E audio_hw_primary: no pcm card found!
04-23 19:07:49.366 2034 2307 E audio_hw_primary: no pcm card found!
04-23 19:07:49.377 2034 2307 E audio_hw_primary: no pcm card found!
04-23 19:07:49.389 2034 2307 E audio_hw_primary: no pcm card found!
04-23 19:07:49.400 2034 2307 E audio_hw_primary: no pcm card found!
04-23 19:07:49.411 2034 2307 E audio_hw_primary: no pcm card found!
04-23 19:07:49.422 2034 2307 E audio_hw_primary: no pcm card found!
04-23 19:07:49.434 2034 2307 E audio_hw_primary: no pcm card found!
04-23 19:07:49.445 2034 2307 E audio_hw_primary: no pcm card found!
04-23 19:07:49.456 2034 2307 E audio_hw_primary: no pcm card found!
04-23 19:07:49.468 2034 2307 E audio_hw_primary: no pcm card found!
04-23 19:07:49.479 2034 2307 E audio_hw_primary: no pcm card found!
04-23 19:07:49.490 2034 2307 E audio_hw_primary: no pcm card found!
04-23 19:07:49.502 2034 2307 E audio_hw_primary: no pcm card found!
04-23 19:07:49.513 2034 2307 E audio_hw_primary: no pcm card found!
04-23 19:07:49.524 2034 2307 E audio_hw_primary: no pcm card found!
04-23 19:07:49.536 2034 2307 E audio_hw_primary: no pcm card found!
04-23 19:07:49.547 2034 2307 E audio_hw_primary: no pcm card found!
04-23 19:07:49.558 2034 2307 E audio_hw_primary: no pcm card found!
04-23 19:07:49.569 2034 2307 E audio_hw_primary: no pcm card found!
04-23 19:07:49.581 2034 2307 E audio_hw_primary: no pcm card found!
04-23 19:07:49.592 2034 2307 E audio_hw_primary: no pcm card found!
04-23 19:07:49.603 2034 2307 E audio_hw_primary: no pcm card found!
04-23 19:07:49.614 2034 2307 E audio_hw_primary: no pcm card found!
04-23 19:07:49.626 2034 2307 E audio_hw_primary: no pcm card found!
04-23 19:07:49.637 2034 2307 E audio_hw_primary: no pcm card found!
04-23 19:07:49.648 2034 2307 E audio_hw_primary: no pcm card found!
04-23 19:07:49.660 2034 2307 E audio_hw_primary: no pcm card found!
04-23 19:07:49.671 2034 2307 E audio_hw_primary: no pcm card found!
04-23 19:07:49.682 2034 2307 E audio_hw_primary: no pcm card found!
04-23 19:07:49.693 2034 2307 E audio_hw_primary: no pcm card found!
04-23 19:07:49.705 2034 2307 E audio_hw_primary: no pcm card found!
04-23 19:07:49.716 2034 2307 E audio_hw_primary: no pcm card found!
04-23 19:07:49.727 2034 2307 E audio_hw_primary: no pcm card found!
04-23 19:07:49.738 2034 2307 E audio_hw_primary: no pcm card found!
04-23 19:07:49.749 2034 2307 E audio_hw_primary: no pcm card found!
04-23 19:07:49.761 2034 2307 E audio_hw_primary: no pcm card found!
04-23 19:07:49.772 2034 2307 E audio_hw_primary: no pcm card found!
04-23 19:07:49.783 2034 2307 E audio_hw_primary: no pcm card found!
04-23 19:07:49.794 2034 2307 E audio_hw_primary: no pcm card found!
04-23 19:07:49.805 2034 2307 E audio_hw_primary: no pcm card found!
04-23 19:07:49.817 2034 2307 E audio_hw_primary: no pcm card found!
04-23 19:07:49.828 2034 2307 E audio_hw_primary: no pcm card found!
04-23 19:07:49.839 2034 2307 E audio_hw_primary: no pcm card found!
04-23 19:07:49.850 2034 2307 E audio_hw_primary: no pcm card found!
04-23 19:07:49.862 2034 2307 E audio_hw_primary: no pcm card found!
04-23 19:07:49.873 2034 2307 E audio_hw_primary: no pcm card found!
04-23 19:07:49.884 2034 2307 E audio_hw_primary: no pcm card found!
04-23 19:07:49.895 2034 2307 E audio_hw_primary: no pcm card found!
04-23 19:07:49.907 2034 2307 E audio_hw_primary: no pcm card found!
04-23 19:07:49.918 2034 2307 E audio_hw_primary: no pcm card found!
04-23 19:07:49.929 2034 2307 E audio_hw_primary: no pcm card found!
04-23 19:07:49.941 2034 2307 E audio_hw_primary: no pcm card found!
04-23 19:07:49.952 2034 2307 E audio_hw_primary: no pcm card found!
04-23 19:07:49.963 2034 2307 E audio_hw_primary: no pcm card found!
04-23 19:07:49.974 2034 2307 E audio_hw_primary: no pcm card found!
04-23 19:07:49.986 2034 2307 E audio_hw_primary: no pcm card found!
04-23 19:07:49.997 2034 2307 E audio_hw_primary: no pcm card found!
04-23 19:07:50.008 2034 2307 E audio_hw_primary: no pcm card found!
04-23 19:07:50.020 2034 2307 E audio_hw_primary: no pcm card found!
04-23 19:07:50.031 2034 2307 E audio_hw_primary: no pcm card found!
04-23 19:07:50.042 2034 2307 E audio_hw_primary: no pcm card found!
04-23 19:07:50.053 2034 2307 E audio_hw_primary: no pcm card found!
04-23 19:07:50.065 2034 2307 E audio_hw_primary: no pcm card found!
04-23 19:07:50.076 2034 2307 E audio_hw_primary: no pcm card found!
04-23 19:07:50.087 2034 2307 E audio_hw_primary: no pcm card found!
04-23 19:07:50.098 2034 2307 E audio_hw_primary: no pcm card found!
04-23 19:07:50.110 2034 2307 E audio_hw_primary: no pcm card found!
04-23 19:07:50.121 2034 2307 E audio_hw_primary: no pcm card found!
04-23 19:07:50.132 2034 2307 E audio_hw_primary: no pcm card found!
04-23 19:07:50.144 2034 2307 E audio_hw_primary: no pcm card found!
04-23 19:07:50.155 2034 2307 E audio_hw_primary: no pcm card found!
04-23 19:07:50.166 2034 2307 E audio_hw_primary: no pcm card found!
04-23 19:07:50.177 2034 2307 E audio_hw_primary: no pcm card found!
04-23 19:07:50.188 2034 2307 E audio_hw_primary: no pcm card found!
04-23 19:07:50.200 2034 2307 E audio_hw_primary: no pcm card found!
04-23 19:07:50.211 2034 2307 E audio_hw_primary: no pcm card found!
04-23 19:07:50.222 2034 2307 E audio_hw_primary: no pcm card found!
04-23 19:07:50.234 2034 2307 E audio_hw_primary: no pcm card found!
04-23 19:07:50.245 2034 2307 E audio_hw_primary: no pcm card found!
04-23 19:07:50.256 2034 2307 E audio_hw_primary: no pcm card found!
04-23 19:07:50.267 2034 2307 E audio_hw_primary: no pcm card found!
04-23 19:07:50.278 2034 2307 E audio_hw_primary: no pcm card found!
04-23 19:07:50.289 2034 2307 E audio_hw_primary: no pcm card found!
04-23 19:07:50.300 2034 2307 E audio_hw_primary: no pcm card found!
04-23 19:07:50.306 2325 2515 W AudioTrack: AUDIO_OUTPUT_FLAG_FAST denied by client
04-23 19:07:50.314 2034 2307 E audio_hw_primary: no pcm card found!
04-23 19:07:50.320 2325 2353 D Sensors : int sensors_poll_context_t::activate(int, int): enable sensor 0
04-23 19:07:50.320 2325 2353 E Sensors : Device accel_3d was not initialized
04-23 19:07:50.335 2034 2307 E audio_hw_primary: no pcm card found!
04-23 19:07:50.346 2034 2307 E audio_hw_primary: no pcm card found!
04-23 19:07:50.357 2034 2307 E audio_hw_primary: no pcm card found!
04-23 19:07:50.368 2034 2307 E audio_hw_primary: no pcm card found!
04-23 19:07:50.379 2034 2307 E audio_hw_primary: no pcm card found!
04-23 19:07:50.390 2034 2307 E audio_hw_primary: no pcm card found!
04-23 19:07:50.401 2034 2307 E audio_hw_primary: no pcm card found!
04-23 19:07:50.412 2034 2307 E audio_hw_primary: no pcm card found!
04-23 19:07:50.424 2034 2307 E audio_hw_primary: no pcm card found!
04-23 19:07:50.435 2034 2307 E audio_hw_primary: no pcm card found!
04-23 19:07:50.446 2034 2307 E audio_hw_primary: no pcm card found!
04-23 19:07:50.456 2034 2307 E audio_hw_primary: no pcm card found!
04-23 19:07:50.467 2034 2307 E audio_hw_primary: no pcm card found!
04-23 19:07:50.479 2034 2307 E audio_hw_primary: no pcm card found!
04-23 19:07:50.490 2034 2307 E audio_hw_primary: no pcm card found!
04-23 19:07:50.501 2034 2307 E audio_hw_primary: no pcm card found!
04-23 19:07:50.512 2034 2307 E audio_hw_primary: no pcm card found!
04-23 19:07:50.523 2034 2307 E audio_hw_primary: no pcm card found!
04-23 19:07:50.534 2034 2307 E audio_hw_primary: no pcm card found!
04-23 19:07:50.545 2034 2307 E audio_hw_primary: no pcm card found!
04-23 19:07:50.556 2034 2307 E audio_hw_primary: no pcm card found!
04-23 19:07:50.567 2034 2307 E audio_hw_primary: no pcm card found!
04-23 19:07:50.579 2034 2307 E audio_hw_primary: no pcm card found!
04-23 19:07:50.590 2034 2307 E audio_hw_primary: no pcm card found!
04-23 19:07:50.601 2034 2307 E audio_hw_primary: no pcm card found!
04-23 19:07:50.613 2034 2307 E audio_hw_primary: no pcm card found!
04-23 19:07:50.624 2034 2307 E audio_hw_primary: no pcm card found!
04-23 19:07:50.635 2034 2307 E audio_hw_primary: no pcm card found!
04-23 19:07:50.646 2034 2307 E audio_hw_primary: no pcm card found!
04-23 19:07:50.657 2034 2307 E audio_hw_primary: no pcm card found!
04-23 19:07:50.669 2034 2307 E audio_hw_primary: no pcm card found!
04-23 19:07:50.680 2034 2307 E audio_hw_primary: no pcm card found!
04-23 19:07:50.691 2034 2307 E audio_hw_primary: no pcm card found!
04-23 19:07:50.702 2034 2307 E audio_hw_primary: no pcm card found!
04-23 19:07:50.714 2034 2307 E audio_hw_primary: no pcm card found!
04-23 19:07:50.725 2034 2307 E audio_hw_primary: no pcm card found!
04-23 19:07:50.736 2034 2307 E audio_hw_primary: no pcm card found!
04-23 19:07:50.747 2034 2307 E audio_hw_primary: no pcm card found!
04-23 19:07:50.758 2034 2307 E audio_hw_primary: no pcm card found!
04-23 19:07:50.770 2034 2307 E audio_hw_primary: no pcm card found!
04-23 19:07:50.781 2034 2307 E audio_hw_primary: no pcm card found!
04-23 19:07:50.792 2034 2307 E audio_hw_primary: no pcm card found!
04-23 19:07:50.804 2034 2307 E audio_hw_primary: no pcm card found!
04-23 19:07:50.815 2034 2307 E audio_hw_primary: no pcm card found!
04-23 19:07:50.826 2034 2307 E audio_hw_primary: no pcm card found!
04-23 19:07:50.837 2034 2307 E audio_hw_primary: no pcm card found!
04-23 19:07:50.849 2034 2307 E audio_hw_primary: no pcm card found!
04-23 19:07:50.860 2034 2307 E audio_hw_primary: no pcm card found!
04-23 19:07:50.871 2034 2307 E audio_hw_primary: no pcm card found!
04-23 19:07:50.883 2034 2307 E audio_hw_primary: no pcm card found!
04-23 19:07:50.894 2034 2307 E audio_hw_primary: no pcm card found!
04-23 19:07:50.905 2034 2307 E audio_hw_primary: no pcm card found!
04-23 19:07:50.917 2034 2307 E audio_hw_primary: no pcm card found!
04-23 19:07:50.928 2034 2307 E audio_hw_primary: no pcm card found!
04-23 19:07:50.939 2034 2307 E audio_hw_primary: no pcm card found!
04-23 19:07:50.950 2034 2307 E audio_hw_primary: no pcm card found!
04-23 19:07:50.961 2034 2307 E audio_hw_primary: no pcm card found!
04-23 19:07:50.973 2034 2307 E audio_hw_primary: no pcm card found!
04-23 19:07:50.984 2034 2307 E audio_hw_primary: no pcm card found!
04-23 19:07:50.995 2034 2307 E audio_hw_primary: no pcm card found!
04-23 19:07:51.007 2034 2307 E audio_hw_primary: no pcm card found!
04-23 19:07:51.018 2034 2307 E audio_hw_primary: no pcm card found!
04-23 19:07:51.029 2034 2307 E audio_hw_primary: no pcm card found!
04-23 19:07:51.040 2034 2307 E audio_hw_primary: no pcm card found!
04-23 19:07:51.052 2034 2307 E audio_hw_primary: no pcm card found!
04-23 19:07:51.063 2034 2307 E audio_hw_primary: no pcm card found!
04-23 19:07:51.074 2034 2307 E audio_hw_primary: no pcm card found!
04-23 19:07:51.086 2034 2307 E audio_hw_primary: no pcm card found!
04-23 19:07:51.097 2034 2307 E audio_hw_primary: no pcm card found!
04-23 19:07:51.108 2034 2307 E audio_hw_primary: no pcm card found!
04-23 19:07:51.119 2034 2307 E audio_hw_primary: no pcm card found!
04-23 19:07:51.131 2034 2307 E audio_hw_primary: no pcm card found!
04-23 19:07:51.142 2034 2307 E audio_hw_primary: no pcm card found!
04-23 19:07:51.153 2034 2307 E audio_hw_primary: no pcm card found!
04-23 19:07:51.165 2034 2307 E audio_hw_primary: no pcm card found!
04-23 19:07:51.176 2034 2307 E audio_hw_primary: no pcm card found!
04-23 19:07:51.187 2034 2307 E audio_hw_primary: no pcm card found!
04-23 19:07:51.199 2034 2307 E audio_hw_primary: no pcm card found!
04-23 19:07:51.210 2034 2307 E audio_hw_primary: no pcm card found!
04-23 19:07:51.221 2034 2307 E audio_hw_primary: no pcm card found!
04-23 19:07:51.232 2034 2307 E audio_hw_primary: no pcm card found!
04-23 19:07:51.244 2034 2307 E audio_hw_primary: no pcm card found!
04-23 19:07:51.255 2034 2307 E audio_hw_primary: no pcm card found!
04-23 19:07:51.266 2034 2307 E audio_hw_primary: no pcm card found!
04-23 19:07:51.278 2034 2307 E audio_hw_primary: no pcm card found!
04-23 19:07:51.289 2034 2307 E audio_hw_primary: no pcm card found!
04-23 19:07:51.300 2034 2307 E audio_hw_primary: no pcm card found!
04-23 19:07:51.311 2034 2307 E audio_hw_primary: no pcm card found!
04-23 19:07:51.322 2034 2307 E audio_hw_primary: no pcm card found!
04-23 19:07:51.333 2034 2307 E audio_hw_primary: no pcm card found!
04-23 19:07:51.345 2034 2307 E audio_hw_primary: no pcm card found!
04-23 19:07:51.356 2034 2307 E audio_hw_primary: no pcm card found!
04-23 19:07:51.368 2034 2307 E audio_hw_primary: no pcm card found!
04-23 19:07:51.379 2034 2307 E audio_hw_primary: no pcm card found!
04-23 19:07:51.390 2034 2307 E audio_hw_primary: no pcm card found!
04-23 19:07:51.401 2034 2307 E audio_hw_primary: no pcm card found!
04-23 19:07:51.412 2034 2307 E audio_hw_primary: no pcm card found!
04-23 19:07:51.423 2034 2307 E audio_hw_primary: no pcm card found!
04-23 19:07:51.434 2034 2307 E audio_hw_primary: no pcm card found!
04-23 19:07:51.445 2034 2307 E audio_hw_primary: no pcm card found!
04-23 19:07:51.456 2034 2307 E audio_hw_primary: no pcm card found!
04-23 19:07:51.467 2034 2307 E audio_hw_primary: no pcm card found!
04-23 19:07:51.479 2034 2307 E audio_hw_primary: no pcm card found!
04-23 19:07:51.491 2034 2307 E audio_hw_primary: no pcm card found!
04-23 19:07:51.502 2034 2307 E audio_hw_primary: no pcm card found!
04-23 19:07:51.513 2034 2307 E audio_hw_primary: no pcm card found!
04-23 19:07:51.524 2034 2307 E audio_hw_primary: no pcm card found!
04-23 19:07:51.535 2034 2307 E audio_hw_primary: no pcm card found!
04-23 19:07:51.546 2034 2307 E audio_hw_primary: no pcm card found!
04-23 19:07:51.557 2034 2307 E audio_hw_primary: no pcm card found!
04-23 19:07:51.568 2034 2307 E audio_hw_primary: no pcm card found!
04-23 19:07:51.579 2034 2307 E audio_hw_primary: no pcm card found!
04-23 19:07:51.583 2325 2515 W AudioTrack: AUDIO_OUTPUT_FLAG_FAST denied by client
04-23 19:07:51.590 2034 2307 E audio_hw_primary: no pcm card found!
04-23 19:07:51.602 2034 2307 E audio_hw_primary: no pcm card found!
04-23 19:07:51.624 2034 2307 E audio_hw_primary: no pcm card found!
04-23 19:07:51.635 2034 2307 E audio_hw_primary: no pcm card found!
04-23 19:07:51.647 2034 2307 E audio_hw_primary: no pcm card found!
04-23 19:07:51.658 2034 2307 E audio_hw_primary: no pcm card found!
04-23 19:07:51.669 2034 2307 E audio_hw_primary: no pcm card found!
04-23 19:07:51.680 2034 2307 E audio_hw_primary: no pcm card found!
04-23 19:07:51.691 2034 2307 E audio_hw_primary: no pcm card found!
04-23 19:07:51.703 2034 2307 E audio_hw_primary: no pcm card found!
04-23 19:07:51.714 2034 2307 E audio_hw_primary: no pcm card found!
04-23 19:07:51.725 2034 2307 E audio_hw_primary: no pcm card found!
04-23 19:07:51.736 2034 2307 E audio_hw_primary: no pcm card found!
04-23 19:07:51.747 2034 2307 E audio_hw_primary: no pcm card found!
04-23 19:07:51.758 2034 2307 E audio_hw_primary: no pcm card found!
04-23 19:07:51.769 2034 2307 E audio_hw_primary: no pcm card found!
04-23 19:07:51.781 2034 2307 E audio_hw_primary: no pcm card found!
04-23 19:07:51.792 2034 2307 E audio_hw_primary: no pcm card found!
04-23 19:07:51.803 2034 2307 E audio_hw_primary: no pcm card found!
04-23 19:07:51.814 2034 2307 E audio_hw_primary: no pcm card found!
04-23 19:07:51.825 2034 2307 E audio_hw_primary: no pcm card found!
04-23 19:07:51.836 2034 2307 E audio_hw_primary: no pcm card found!
04-23 19:07:51.847 2034 2307 E audio_hw_primary: no pcm card found!
04-23 19:07:51.858 2034 2307 E audio_hw_primary: no pcm card found!
04-23 19:07:51.869 2034 2307 E audio_hw_primary: no pcm card found!
04-23 19:07:51.881 2034 2307 E audio_hw_primary: no pcm card found!
04-23 19:07:51.892 2034 2307 E audio_hw_primary: no pcm card found!
04-23 19:07:51.903 2034 2307 E audio_hw_primary: no pcm card found!
04-23 19:07:51.914 2034 2307 E audio_hw_primary: no pcm card found!
04-23 19:07:51.925 2034 2307 E audio_hw_primary: no pcm card found!
04-23 19:07:51.936 2034 2307 E audio_hw_primary: no pcm card found!
04-23 19:07:51.947 2034 2307 E audio_hw_primary: no pcm card found!
04-23 19:07:51.958 2034 2307 E audio_hw_primary: no pcm card found!
04-23 19:07:51.969 2034 2307 E audio_hw_primary: no pcm card found!
04-23 19:07:51.981 2034 2307 E audio_hw_primary: no pcm card found!
04-23 19:07:51.992 2034 2307 E audio_hw_primary: no pcm card found!
04-23 19:07:52.003 2034 2307 E audio_hw_primary: no pcm card found!
04-23 19:07:52.015 2034 2307 E audio_hw_primary: no pcm card found!
04-23 19:07:52.026 2034 2307 E audio_hw_primary: no pcm card found!
04-23 19:07:52.037 2034 2307 E audio_hw_primary: no pcm card found!
04-23 19:07:52.049 2034 2307 E audio_hw_primary: no pcm card found!
04-23 19:07:52.060 2034 2307 E audio_hw_primary: no pcm card found!
04-23 19:07:52.071 2034 2307 E audio_hw_primary: no pcm card found!
04-23 19:07:52.083 2034 2307 E audio_hw_primary: no pcm card found!
04-23 19:07:52.094 2034 2307 E audio_hw_primary: no pcm card found!
04-23 19:07:52.105 2034 2307 E audio_hw_primary: no pcm card found!
04-23 19:07:52.116 2034 2307 E audio_hw_primary: no pcm card found!
04-23 19:07:52.128 2034 2307 E audio_hw_primary: no pcm card found!
04-23 19:07:52.139 2034 2307 E audio_hw_primary: no pcm card found!
04-23 19:07:52.150 2034 2307 E audio_hw_primary: no pcm card found!
04-23 19:07:52.162 2034 2307 E audio_hw_primary: no pcm card found!
04-23 19:07:52.173 2034 2307 E audio_hw_primary: no pcm card found!
04-23 19:07:52.184 2034 2307 E audio_hw_primary: no pcm card found!
04-23 19:07:52.196 2034 2307 E audio_hw_primary: no pcm card found!
04-23 19:07:52.207 2034 2307 E audio_hw_primary: no pcm card found!
04-23 19:07:52.218 2034 2307 E audio_hw_primary: no pcm card found!
04-23 19:07:52.229 2034 2307 E audio_hw_primary: no pcm card found!
04-23 19:07:52.241 2034 2307 E audio_hw_primary: no pcm card found!
04-23 19:07:52.252 2034 2307 E audio_hw_primary: no pcm card found!
04-23 19:07:52.263 2034 2307 E audio_hw_primary: no pcm card found!
04-23 19:07:52.275 2034 2307 E audio_hw_primary: no pcm card found!
04-23 19:07:52.286 2034 2307 E audio_hw_primary: no pcm card found!
04-23 19:07:52.297 2034 2307 E audio_hw_primary: no pcm card found!
04-23 19:07:52.308 2034 2307 E audio_hw_primary: no pcm card found!
04-23 19:07:52.320 2034 2307 E audio_hw_primary: no pcm card found!
04-23 19:07:52.331 2034 2307 E audio_hw_primary: no pcm card found!
04-23 19:07:52.342 2034 2307 E audio_hw_primary: no pcm card found!
04-23 19:07:52.353 2034 2307 E audio_hw_primary: no pcm card found!
04-23 19:07:52.364 2034 2307 E audio_hw_primary: no pcm card found!
04-23 19:07:52.375 2034 2307 E audio_hw_primary: no pcm card found!
04-23 19:07:52.386 2034 2307 E audio_hw_primary: no pcm card found!
04-23 19:07:52.397 2034 2307 E audio_hw_primary: no pcm card found!
04-23 19:07:52.408 2034 2307 E audio_hw_primary: no pcm card found!
04-23 19:07:52.419 2034 2307 E audio_hw_primary: no pcm card found!
04-23 19:07:52.430 2034 2307 E audio_hw_primary: no pcm card found!
04-23 19:07:52.441 2034 2307 E audio_hw_primary: no pcm card found!
04-23 19:07:52.452 2034 2307 E audio_hw_primary: no pcm card found!
04-23 19:07:52.463 2034 2307 E audio_hw_primary: no pcm card found!
04-23 19:07:52.474 2034 2307 E audio_hw_primary: no pcm card found!
04-23 19:07:52.485 2034 2307 E audio_hw_primary: no pcm card found!
04-23 19:07:52.496 2034 2307 E audio_hw_primary: no pcm card found!
04-23 19:07:52.507 2034 2307 E audio_hw_primary: no pcm card found!
04-23 19:07:52.519 2034 2307 E audio_hw_primary: no pcm card found!
04-23 19:07:52.530 2034 2307 E audio_hw_primary: no pcm card found!
04-23 19:07:52.541 2034 2307 E audio_hw_primary: no pcm card found!
04-23 19:07:52.552 2034 2307 E audio_hw_primary: no pcm card found!
04-23 19:07:52.563 2034 2307 E audio_hw_primary: no pcm card found!
04-23 19:07:52.574 2034 2307 E audio_hw_primary: no pcm card found!
04-23 19:07:52.585 2034 2307 E audio_hw_primary: no pcm card found!
04-23 19:07:52.596 2034 2307 E audio_hw_primary: no pcm card found!
04-23 19:07:52.607 2034 2307 E audio_hw_primary: no pcm card found!
04-23 19:07:52.618 2034 2307 E audio_hw_primary: no pcm card found!
04-23 19:07:52.629 2034 2307 E audio_hw_primary: no pcm card found!
04-23 19:07:52.640 2034 2307 E audio_hw_primary: no pcm card found!
04-23 19:07:52.651 2034 2307 E audio_hw_primary: no pcm card found!
04-23 19:07:52.662 2034 2307 E audio_hw_primary: no pcm card found!
04-23 19:07:52.673 2034 2307 E audio_hw_primary: no pcm card found!
04-23 19:07:52.684 2034 2307 E audio_hw_primary: no pcm card found!
04-23 19:07:52.695 2034 2307 E audio_hw_primary: no pcm card found!
04-23 19:07:52.706 2034 2307 E audio_hw_primary: no pcm card found!
04-23 19:07:52.717 2034 2307 E audio_hw_primary: no pcm card found!
04-23 19:07:52.728 2034 2307 E audio_hw_primary: no pcm card found!
04-23 19:07:52.739 2034 2307 E audio_hw_primary: no pcm card found!
04-23 19:07:52.750 2034 2307 E audio_hw_primary: no pcm card found!
04-23 19:07:52.761 2034 2307 E audio_hw_primary: no pcm card found!
04-23 19:07:52.773 2034 2307 E audio_hw_primary: no pcm card found!
04-23 19:07:52.784 2034 2307 E audio_hw_primary: no pcm card found!
04-23 19:07:52.795 2034 2307 E audio_hw_primary: no pcm card found!
04-23 19:07:52.806 2034 2307 E audio_hw_primary: no pcm card found!
04-23 19:07:52.817 2034 2307 E audio_hw_primary: no pcm card found!
04-23 19:07:52.828 2034 2307 E audio_hw_primary: no pcm card found!
04-23 19:07:52.839 2034 2307 E audio_hw_primary: no pcm card found!
04-23 19:07:52.850 2034 2307 E audio_hw_primary: no pcm card found!
04-23 19:07:52.861 2034 2307 E audio_hw_primary: no pcm card found!
04-23 19:07:52.872 2034 2307 E audio_hw_primary: no pcm card found!
04-23 19:07:52.883 2034 2307 E audio_hw_primary: no pcm card found!
04-23 19:07:52.894 2034 2307 E audio_hw_primary: no pcm card found!
04-23 19:07:52.905 2034 2307 E audio_hw_primary: no pcm card found!
04-23 19:07:52.916 2034 2307 E audio_hw_primary: no pcm card found!
04-23 19:07:52.927 2034 2307 E audio_hw_primary: no pcm card found!
04-23 19:07:52.938 2034 2307 E audio_hw_primary: no pcm card found!
04-23 19:07:52.949 2034 2307 E audio_hw_primary: no pcm card found!
04-23 19:07:52.960 2034 2307 E audio_hw_primary: no pcm card found!
04-23 19:07:52.971 2034 2307 E audio_hw_primary: no pcm card found!
04-23 19:07:52.982 2034 2307 E audio_hw_primary: no pcm card found!
04-23 19:07:52.993 2034 2307 E audio_hw_primary: no pcm card found!
04-23 19:07:53.004 2034 2307 E audio_hw_primary: no pcm card found!
04-23 19:07:53.015 2034 2307 E audio_hw_primary: no pcm card found!
04-23 19:07:53.026 2034 2307 E audio_hw_primary: no pcm card found!
04-23 19:07:53.037 2034 2307 E audio_hw_primary: no pcm card found!
04-23 19:07:53.048 2034 2307 E audio_hw_primary: no pcm card found!
04-23 19:07:53.059 2034 2307 E audio_hw_primary: no pcm card found!
04-23 19:07:53.070 2034 2307 E audio_hw_primary: no pcm card found!
04-23 19:07:53.081 2034 2307 E audio_hw_primary: no pcm card found!
04-23 19:07:53.092 2034 2307 E audio_hw_primary: no pcm card found!
04-23 19:07:53.103 2034 2307 E audio_hw_primary: no pcm card found!
04-23 19:07:53.114 2034 2307 E audio_hw_primary: no pcm card found!
04-23 19:07:53.125 2034 2307 E audio_hw_primary: no pcm card found!
04-23 19:07:53.136 2034 2307 E audio_hw_primary: no pcm card found!
04-23 19:07:53.147 2034 2307 E audio_hw_primary: no pcm card found!
04-23 19:07:53.158 2034 2307 E audio_hw_primary: no pcm card found!
04-23 19:07:53.169 2034 2307 E audio_hw_primary: no pcm card found!
04-23 19:07:53.180 2034 2307 E audio_hw_primary: no pcm card found!
04-23 19:07:53.191 2034 2307 E audio_hw_primary: no pcm card found!
04-23 19:07:53.202 2034 2307 E audio_hw_primary: no pcm card found!
04-23 19:07:53.213 2034 2307 E audio_hw_primary: no pcm card found!
04-23 19:07:53.224 2034 2307 E audio_hw_primary: no pcm card found!
04-23 19:07:53.235 2034 2307 E audio_hw_primary: no pcm card found!
04-23 19:07:53.246 2034 2307 E audio_hw_primary: no pcm card found!
04-23 19:07:53.257 2034 2307 E audio_hw_primary: no pcm card found!
04-23 19:07:53.268 2034 2307 E audio_hw_primary: no pcm card found!
04-23 19:07:53.279 2034 2307 E audio_hw_primary: no pcm card found!
04-23 19:07:53.290 2034 2307 E audio_hw_primary: no pcm card found!
04-23 19:07:53.301 2034 2307 E audio_hw_primary: no pcm card found!
04-23 19:07:53.311 2034 2307 E audio_hw_primary: no pcm card found!
04-23 19:07:53.323 2034 2307 E audio_hw_primary: no pcm card found!
04-23 19:07:53.334 2034 2307 E audio_hw_primary: no pcm card found!
04-23 19:07:53.344 2034 2307 E audio_hw_primary: no pcm card found!
04-23 19:07:53.355 2034 2307 E audio_hw_primary: no pcm card found!
04-23 19:07:53.366 2034 2307 E audio_hw_primary: no pcm card found!
04-23 19:07:53.377 2034 2307 E audio_hw_primary: no pcm card found!
04-23 19:07:53.388 2034 2307 E audio_hw_primary: no pcm card found!
04-23 19:07:53.399 2034 2307 E audio_hw_primary: no pcm card found!
04-23 19:07:53.411 2034 2307 E audio_hw_primary: no pcm card found!
04-23 19:07:53.422 2034 2307 E audio_hw_primary: no pcm card found!
04-23 19:07:53.433 2034 2307 E audio_hw_primary: no pcm card found!
04-23 19:07:53.444 2034 2307 E audio_hw_primary: no pcm card found!
04-23 19:07:53.455 2034 2307 E audio_hw_primary: no pcm card found!
04-23 19:07:53.467 2034 2307 E audio_hw_primary: no pcm card found!
04-23 19:07:53.478 2034 2307 E audio_hw_primary: no pcm card found!
04-23 19:07:53.489 2034 2307 E audio_hw_primary: no pcm card found!
04-23 19:07:53.500 2034 2307 E audio_hw_primary: no pcm card found!
04-23 19:07:53.511 2034 2307 E audio_hw_primary: no pcm card found!
04-23 19:07:53.522 2034 2307 E audio_hw_primary: no pcm card found!
04-23 19:07:53.533 2034 2307 E audio_hw_primary: no pcm card found!
04-23 19:07:53.544 2034 2307 E audio_hw_primary: no pcm card found!
04-23 19:07:53.555 2034 2307 E audio_hw_primary: no pcm card found!
04-23 19:07:53.567 2034 2307 E audio_hw_primary: no pcm card found!
04-23 19:07:53.578 2034 2307 E audio_hw_primary: no pcm card found!
04-23 19:07:53.589 2034 2307 E audio_hw_primary: no pcm card found!
04-23 19:07:53.601 2034 2307 E audio_hw_primary: no pcm card found!
04-23 19:07:53.612 2034 2307 E audio_hw_primary: no pcm card found!
04-23 19:07:53.623 2034 2307 E audio_hw_primary: no pcm card found!
04-23 19:07:53.634 2034 2307 E audio_hw_primary: no pcm card found!
04-23 19:07:53.645 2034 2307 E audio_hw_primary: no pcm card found!
04-23 19:07:53.657 2034 2307 E audio_hw_primary: no pcm card found!
04-23 19:07:53.668 2034 2307 E audio_hw_primary: no pcm card found!
04-23 19:07:53.679 2034 2307 E audio_hw_primary: no pcm card found!
04-23 19:07:53.691 2034 2307 E audio_hw_primary: no pcm card found!
04-23 19:07:53.702 2034 2307 E audio_hw_primary: no pcm card found!
04-23 19:07:53.713 2034 2307 E audio_hw_primary: no pcm card found!
04-23 19:07:53.724 2034 2307 E audio_hw_primary: no pcm card found!
04-23 19:07:53.735 2034 2307 E audio_hw_primary: no pcm card found!
04-23 19:07:53.747 2034 2307 E audio_hw_primary: no pcm card found!
04-23 19:07:53.758 2034 2307 E audio_hw_primary: no pcm card found!
04-23 19:07:53.769 2034 2307 E audio_hw_primary: no pcm card found!
04-23 19:07:53.781 2034 2307 E audio_hw_primary: no pcm card found!
04-23 19:07:53.792 2034 2307 E audio_hw_primary: no pcm card found!
04-23 19:07:53.803 2034 2307 E audio_hw_primary: no pcm card found!
04-23 19:07:53.814 2034 2307 E audio_hw_primary: no pcm card found!
04-23 19:07:53.826 2034 2307 E audio_hw_primary: no pcm card found!
04-23 19:07:53.837 2034 2307 E audio_hw_primary: no pcm card found!
04-23 19:07:53.848 2034 2307 E audio_hw_primary: no pcm card found!
04-23 19:07:53.860 2034 2307 E audio_hw_primary: no pcm card found!
04-23 19:07:53.871 2034 2307 E audio_hw_primary: no pcm card found!
04-23 19:07:53.882 2034 2307 E audio_hw_primary: no pcm card found!
04-23 19:07:53.894 2034 2307 E audio_hw_primary: no pcm card found!
04-23 19:07:53.905 2034 2307 E audio_hw_primary: no pcm card found!
04-23 19:07:53.917 2034 2307 E audio_hw_primary: no pcm card found!
04-23 19:07:53.928 2034 2307 E audio_hw_primary: no pcm card found!
