04-23 19:08:08.032 2034 2307 E audio_hw_primary: no pcm card found!
04-23 19:08:08.043 2034 2307 E audio_hw_primary: no pcm card found!
04-23 19:08:08.054 2034 2307 E audio_hw_primary: no pcm card found!
04-23 19:08:08.065 2034 2307 E audio_hw_primary: no pcm card found!
04-23 19:08:08.077 2034 2307 E audio_hw_primary: no pcm card found!
04-23 19:08:08.088 2034 2307 E audio_hw_primary: no pcm card found!
04-23 19:08:08.099 2034 2307 E audio_hw_primary: no pcm card found!
04-23 19:08:08.110 2034 2307 E audio_hw_primary: no pcm card found!
04-23 19:08:08.122 2034 2307 E audio_hw_primary: no pcm card found!
04-23 19:08:08.133 2034 2307 E audio_hw_primary: no pcm card found!
04-23 19:08:08.145 2034 2307 E audio_hw_primary: no pcm card found!
04-23 19:08:08.156 2034 2307 E audio_hw_primary: no pcm card found!
04-23 19:08:08.167 2034 2307 E audio_hw_primary: no pcm card found!
04-23 19:08:08.178 2034 2307 E audio_hw_primary: no pcm card found!
04-23 19:08:08.190 2034 2307 E audio_hw_primary: no pcm card found!
04-23 19:08:08.201 2034 2307 E audio_hw_primary: no pcm card found!
04-23 19:08:08.212 2034 2307 E audio_hw_primary: no pcm card found!
04-23 19:08:08.223 2034 2307 E audio_hw_primary: no pcm card found!
04-23 19:08:08.235 2034 2307 E audio_hw_primary: no pcm card found!
04-23 19:08:08.246 2034 2307 E audio_hw_primary: no pcm card found!
04-23 19:08:08.257 2034 2307 E audio_hw_primary: no pcm card found!
04-23 19:08:08.269 2034 2307 E audio_hw_primary: no pcm card found!
04-23 19:08:08.280 2034 2307 E audio_hw_primary: no pcm card found!
04-23 19:08:08.291 2034 2307 E audio_hw_primary: no pcm card found!
04-23 19:08:08.303 2034 2307 E audio_hw_primary: no pcm card found!
04-23 19:08:08.314 2034 2307 E audio_hw_primary: no pcm card found!
04-23 19:08:08.325 2034 2307 E audio_hw_primary: no pcm card found!
04-23 19:08:08.337 2034 2307 E audio_hw_primary: no pcm card found!
04-23 19:08:08.348 2034 2307 E audio_hw_primary: no pcm card found!
04-23 19:08:08.360 2034 2307 E audio_hw_primary: no pcm card found!
04-23 19:08:08.371 2034 2307 E audio_hw_primary: no pcm card found!
04-23 19:08:08.382 2034 2307 E audio_hw_primary: no pcm card found!
04-23 19:08:08.394 2034 2307 E audio_hw_primary: no pcm card found!
04-23 19:08:08.405 2034 2307 E audio_hw_primary: no pcm card found!
04-23 19:08:08.417 2034 2307 E audio_hw_primary: no pcm card found!
04-23 19:08:08.428 2034 2307 E audio_hw_primary: no pcm card found!
04-23 19:08:08.439 2034 2307 E audio_hw_primary: no pcm card found!
04-23 19:08:08.451 2034 2307 E audio_hw_primary: no pcm card found!
04-23 19:08:08.462 2034 2307 E audio_hw_primary: no pcm card found!
04-23 19:08:08.473 2034 2307 E audio_hw_primary: no pcm card found!
04-23 19:08:08.485 2034 2307 E audio_hw_primary: no pcm card found!
04-23 19:08:08.496 2034 2307 E audio_hw_primary: no pcm card found!
04-23 19:08:08.508 2034 2307 E audio_hw_primary: no pcm card found!
04-23 19:08:08.519 2034 2307 E audio_hw_primary: no pcm card found!
04-23 19:08:08.530 2034 2307 E audio_hw_primary: no pcm card found!
04-23 19:08:08.542 2034 2307 E audio_hw_primary: no pcm card found!
04-23 19:08:08.553 2034 2307 E audio_hw_primary: no pcm card found!
04-23 19:08:08.565 2034 2307 E audio_hw_primary: no pcm card found!
04-23 19:08:08.576 2034 2307 E audio_hw_primary: no pcm card found!
04-23 19:08:08.587 2034 2307 E audio_hw_primary: no pcm card found!
04-23 19:08:08.599 2034 2307 E audio_hw_primary: no pcm card found!
04-23 19:08:08.610 2034 2307 E audio_hw_primary: no pcm card found!
04-23 19:08:08.622 2034 2307 E audio_hw_primary: no pcm card found!
04-23 19:08:08.633 2034 2307 E audio_hw_primary: no pcm card found!
04-23 19:08:08.644 2034 2307 E audio_hw_primary: no pcm card found!
04-23 19:08:08.655 2034 2307 E audio_hw_primary: no pcm card found!
04-23 19:08:08.666 2034 2307 E audio_hw_primary: no pcm card found!
04-23 19:08:08.677 2034 2307 E audio_hw_primary: no pcm card found!
04-23 19:08:08.688 2034 2307 E audio_hw_primary: no pcm card found!
04-23 19:08:08.699 2034 2307 E audio_hw_primary: no pcm card found!
04-23 19:08:08.710 2034 2307 E audio_hw_primary: no pcm card found!
04-23 19:08:08.721 2034 2307 E audio_hw_primary: no pcm card found!
04-23 19:08:08.733 2034 2307 E audio_hw_primary: no pcm card found!
04-23 19:08:08.744 2034 2307 E audio_hw_primary: no pcm card found!
04-23 19:08:08.755 2034 2307 E audio_hw_primary: no pcm card found!
04-23 19:08:08.767 2034 2307 E audio_hw_primary: no pcm card found!
04-23 19:08:08.778 2034 2307 E audio_hw_primary: no pcm card found!
04-23 19:08:08.790 2034 2307 E audio_hw_primary: no pcm card found!
04-23 19:08:08.801 2034 2307 E audio_hw_primary: no pcm card found!
04-23 19:08:08.812 2034 2307 E audio_hw_primary: no pcm card found!
04-23 19:08:08.824 2034 2307 E audio_hw_primary: no pcm card found!
04-23 19:08:08.835 2034 2307 E audio_hw_primary: no pcm card found!
04-23 19:08:08.847 2034 2307 E audio_hw_primary: no pcm card found!
04-23 19:08:08.858 2034 2307 E audio_hw_primary: no pcm card found!
04-23 19:08:08.869 2034 2307 E audio_hw_primary: no pcm card found!
04-23 19:08:08.880 2034 2307 E audio_hw_primary: no pcm card found!
04-23 19:08:08.891 2034 2307 E audio_hw_primary: no pcm card found!
04-23 19:08:08.902 2034 2307 E audio_hw_primary: no pcm card found!
04-23 19:08:08.913 2034 2307 E audio_hw_primary: no pcm card found!
04-23 19:08:08.924 2034 2307 E audio_hw_primary: no pcm card found!
04-23 19:08:08.935 2034 2307 E audio_hw_primary: no pcm card found!
04-23 19:08:08.946 2034 2307 E audio_hw_primary: no pcm card found!
04-23 19:08:08.957 2034 2307 E audio_hw_primary: no pcm card found!
04-23 19:08:08.968 2034 2307 E audio_hw_primary: no pcm card found!
04-23 19:08:08.980 2034 2307 E audio_hw_primary: no pcm card found!
04-23 19:08:08.991 2034 2307 E audio_hw_primary: no pcm card found!
04-23 19:08:09.002 2034 2307 E audio_hw_primary: no pcm card found!
04-23 19:08:09.013 2034 2307 E audio_hw_primary: no pcm card found!
04-23 19:08:09.025 2034 2307 E audio_hw_primary: no pcm card found!
04-23 19:08:09.036 2034 2307 E audio_hw_primary: no pcm card found!
04-23 19:08:09.047 2034 2307 E audio_hw_primary: no pcm card found!
04-23 19:08:09.058 2034 2307 E audio_hw_primary: no pcm card found!
04-23 19:08:09.069 2034 2307 E audio_hw_primary: no pcm card found!
04-23 19:08:09.080 2034 2307 E audio_hw_primary: no pcm card found!
04-23 19:08:09.091 2034 2307 E audio_hw_primary: no pcm card found!
04-23 19:08:09.102 2034 2307 E audio_hw_primary: no pcm card found!
04-23 19:08:09.113 2034 2307 E audio_hw_primary: no pcm card found!
04-23 19:08:09.124 2034 2307 E audio_hw_primary: no pcm card found!
04-23 19:08:09.135 2034 2307 E audio_hw_primary: no pcm card found!
04-23 19:08:09.146 2034 2307 E audio_hw_primary: no pcm card found!
04-23 19:08:09.157 2034 2307 E audio_hw_primary: no pcm card found!
04-23 19:08:09.168 2034 2307 E audio_hw_primary: no pcm card found!
04-23 19:08:09.179 2034 2307 E audio_hw_primary: no pcm card found!
04-23 19:08:09.190 2034 2307 E audio_hw_primary: no pcm card found!
04-23 19:08:09.202 2034 2307 E audio_hw_primary: no pcm card found!
04-23 19:08:09.213 2034 2307 E audio_hw_primary: no pcm card found!
04-23 19:08:09.224 2034 2307 E audio_hw_primary: no pcm card found!
04-23 19:08:09.235 2034 2307 E audio_hw_primary: no pcm card found!
04-23 19:08:09.247 2034 2307 E audio_hw_primary: no pcm card found!
04-23 19:08:09.257 2034 2307 E audio_hw_primary: no pcm card found!
04-23 19:08:09.268 2034 2307 E audio_hw_primary: no pcm card found!
04-23 19:08:09.280 2034 2307 E audio_hw_primary: no pcm card found!
04-23 19:08:09.291 2034 2307 E audio_hw_primary: no pcm card found!
04-23 19:08:09.302 2034 2307 E audio_hw_primary: no pcm card found!
04-23 19:08:09.313 2034 2307 E audio_hw_primary: no pcm card found!
04-23 19:08:09.324 2034 2307 E audio_hw_primary: no pcm card found!
04-23 19:08:09.335 2034 2307 E audio_hw_primary: no pcm card found!
04-23 19:08:09.346 2034 2307 E audio_hw_primary: no pcm card found!
04-23 19:08:09.357 2034 2307 E audio_hw_primary: no pcm card found!
04-23 19:08:09.369 2034 2307 E audio_hw_primary: no pcm card found!
04-23 19:08:09.380 2034 2307 E audio_hw_primary: no pcm card found!
04-23 19:08:09.391 2034 2307 E audio_hw_primary: no pcm card found!
04-23 19:08:09.402 2034 2307 E audio_hw_primary: no pcm card found!
04-23 19:08:09.413 2034 2307 E audio_hw_primary: no pcm card found!
04-23 19:08:09.424 2034 2307 E audio_hw_primary: no pcm card found!
04-23 19:08:09.435 2034 2307 E audio_hw_primary: no pcm card found!
04-23 19:08:09.446 2034 2307 E audio_hw_primary: no pcm card found!
04-23 19:08:09.457 2034 2307 E audio_hw_primary: no pcm card found!
04-23 19:08:09.468 2034 2307 E audio_hw_primary: no pcm card found!
04-23 19:08:09.479 2034 2307 E audio_hw_primary: no pcm card found!
04-23 19:08:09.490 2034 2307 E audio_hw_primary: no pcm card found!
04-23 19:08:09.501 2034 2307 E audio_hw_primary: no pcm card found!
04-23 19:08:09.512 2034 2307 E audio_hw_primary: no pcm card found!
04-23 19:08:09.523 2034 2307 E audio_hw_primary: no pcm card found!
04-23 19:08:09.534 2034 2307 E audio_hw_primary: no pcm card found!
04-23 19:08:09.545 2034 2307 E audio_hw_primary: no pcm card found!
04-23 19:08:09.556 2034 2307 E audio_hw_primary: no pcm card found!
04-23 19:08:09.567 2034 2307 E audio_hw_primary: no pcm card found!
04-23 19:08:09.578 2034 2307 E audio_hw_primary: no pcm card found!
04-23 19:08:09.589 2034 2307 E audio_hw_primary: no pcm card found!
04-23 19:08:09.601 2034 2307 E audio_hw_primary: no pcm card found!
04-23 19:08:09.612 2034 2307 E audio_hw_primary: no pcm card found!
04-23 19:08:09.623 2034 2307 E audio_hw_primary: no pcm card found!
04-23 19:08:09.634 2034 2307 E audio_hw_primary: no pcm card found!
04-23 19:08:09.646 2034 2307 E audio_hw_primary: no pcm card found!
04-23 19:08:09.657 2034 2307 E audio_hw_primary: no pcm card found!
04-23 19:08:09.668 2034 2307 E audio_hw_primary: no pcm card found!
04-23 19:08:09.680 2034 2307 E audio_hw_primary: no pcm card found!
04-23 19:08:09.691 2034 2307 E audio_hw_primary: no pcm card found!
04-23 19:08:09.702 2034 2307 E audio_hw_primary: no pcm card found!
04-23 19:08:09.713 2034 2307 E audio_hw_primary: no pcm card found!
04-23 19:08:09.724 2034 2307 E audio_hw_primary: no pcm card found!
04-23 19:08:09.735 2034 2307 E audio_hw_primary: no pcm card found!
04-23 19:08:09.747 2034 2307 E audio_hw_primary: no pcm card found!
04-23 19:08:09.758 2034 2307 E audio_hw_primary: no pcm card found!
04-23 19:08:09.769 2034 2307 E audio_hw_primary: no pcm card found!
04-23 19:08:09.780 2034 2307 E audio_hw_primary: no pcm card found!
04-23 19:08:09.792 2034 2307 E audio_hw_primary: no pcm card found!
04-23 19:08:09.803 2034 2307 E audio_hw_primary: no pcm card found!
04-23 19:08:09.814 2034 2307 E audio_hw_primary: no pcm card found!
04-23 19:08:09.825 2034 2307 E audio_hw_primary: no pcm card found!
04-23 19:08:09.836 2034 2307 E audio_hw_primary: no pcm card found!
04-23 19:08:09.848 2034 2307 E audio_hw_primary: no pcm card found!
04-23 19:08:09.859 2034 2307 E audio_hw_primary: no pcm card found!
04-23 19:08:09.870 2034 2307 E audio_hw_primary: no pcm card found!
04-23 19:08:09.881 2034 2307 E audio_hw_primary: no pcm card found!
04-23 19:08:09.892 2034 2307 E audio_hw_primary: no pcm card found!
04-23 19:08:09.903 2034 2307 E audio_hw_primary: no pcm card found!
04-23 19:08:09.915 2034 2307 E audio_hw_primary: no pcm card found!
04-23 19:08:09.926 2034 2307 E audio_hw_primary: no pcm card found!
04-23 19:08:09.937 2034 2307 E audio_hw_primary: no pcm card found!
04-23 19:08:09.948 2034 2307 E audio_hw_primary: no pcm card found!
04-23 19:08:09.959 2034 2307 E audio_hw_primary: no pcm card found!
04-23 19:08:09.970 2034 2307 E audio_hw_primary: no pcm card found!
04-23 19:08:09.981 2034 2307 E audio_hw_primary: no pcm card found!
04-23 19:08:09.993 2034 2307 E audio_hw_primary: no pcm card found!
04-23 19:08:10.004 2034 2307 E audio_hw_primary: no pcm card found!
04-23 19:08:10.015 2034 2307 E audio_hw_primary: no pcm card found!
04-23 19:08:10.026 2034 2307 E audio_hw_primary: no pcm card found!
04-23 19:08:10.037 2034 2307 E audio_hw_primary: no pcm card found!
04-23 19:08:10.048 2034 2307 E audio_hw_primary: no pcm card found!
04-23 19:08:10.059 2034 2307 E audio_hw_primary: no pcm card found!
04-23 19:08:10.070 2034 2307 E audio_hw_primary: no pcm card found!
04-23 19:08:10.082 2034 2307 E audio_hw_primary: no pcm card found!
04-23 19:08:10.093 2034 2307 E audio_hw_primary: no pcm card found!
04-23 19:08:10.104 2034 2307 E audio_hw_primary: no pcm card found!
04-23 19:08:10.115 2034 2307 E audio_hw_primary: no pcm card found!
04-23 19:08:10.126 2034 2307 E audio_hw_primary: no pcm card found!
04-23 19:08:10.137 2034 2307 E audio_hw_primary: no pcm card found!
04-23 19:08:10.148 2034 2307 E audio_hw_primary: no pcm card found!
04-23 19:08:10.159 2034 2307 E audio_hw_primary: no pcm card found!
04-23 19:08:10.170 2034 2307 E audio_hw_primary: no pcm card found!
04-23 19:08:10.182 2034 2307 E audio_hw_primary: no pcm card found!
04-23 19:08:10.193 2034 2307 E audio_hw_primary: no pcm card found!
04-23 19:08:10.204 2034 2307 E audio_hw_primary: no pcm card found!
04-23 19:08:10.215 2034 2307 E audio_hw_primary: no pcm card found!
04-23 19:08:10.226 2034 2307 E audio_hw_primary: no pcm card found!
04-23 19:08:10.237 2034 2307 E audio_hw_primary: no pcm card found!
04-23 19:08:10.249 2034 2307 E audio_hw_primary: no pcm card found!
04-23 19:08:10.260 2034 2307 E audio_hw_primary: no pcm card found!
04-23 19:08:10.271 2034 2307 E audio_hw_primary: no pcm card found!
04-23 19:08:10.282 2034 2307 E audio_hw_primary: no pcm card found!
04-23 19:08:10.293 2034 2307 E audio_hw_primary: no pcm card found!
04-23 19:08:10.305 2034 2307 E audio_hw_primary: no pcm card found!
04-23 19:08:10.316 2034 2307 E audio_hw_primary: no pcm card found!
04-23 19:08:10.327 2034 2307 E audio_hw_primary: no pcm card found!
04-23 19:08:10.339 2034 2307 E audio_hw_primary: no pcm card found!
04-23 19:08:10.350 2034 2307 E audio_hw_primary: no pcm card found!
04-23 19:08:10.361 2034 2307 E audio_hw_primary: no pcm card found!
04-23 19:08:10.373 2034 2307 E audio_hw_primary: no pcm card found!
04-23 19:08:10.384 2034 2307 E audio_hw_primary: no pcm card found!
04-23 19:08:10.396 2034 2307 E audio_hw_primary: no pcm card found!
04-23 19:08:10.407 2034 2307 E audio_hw_primary: no pcm card found!
04-23 19:08:10.418 2034 2307 E audio_hw_primary: no pcm card found!
04-23 19:08:10.430 2034 2307 E audio_hw_primary: no pcm card found!
04-23 19:08:10.441 2034 2307 E audio_hw_primary: no pcm card found!
04-23 19:08:10.453 2034 2307 E audio_hw_primary: no pcm card found!
04-23 19:08:10.464 2034 2307 E audio_hw_primary: no pcm card found!
04-23 19:08:10.475 2034 2307 E audio_hw_primary: no pcm card found!
04-23 19:08:10.487 2034 2307 E audio_hw_primary: no pcm card found!
04-23 19:08:10.498 2034 2307 E audio_hw_primary: no pcm card found!
04-23 19:08:10.510 2034 2307 E audio_hw_primary: no pcm card found!
04-23 19:08:10.521 2034 2307 E audio_hw_primary: no pcm card found!
04-23 19:08:10.532 2034 2307 E audio_hw_primary: no pcm card found!
04-23 19:08:10.544 2034 2307 E audio_hw_primary: no pcm card found!
04-23 19:08:10.555 2034 2307 E audio_hw_primary: no pcm card found!
04-23 19:08:10.566 2034 2307 E audio_hw_primary: no pcm card found!
04-23 19:08:10.578 2034 2307 E audio_hw_primary: no pcm card found!
04-23 19:08:10.589 2034 2307 E audio_hw_primary: no pcm card found!
04-23 19:08:10.601 2034 2307 E audio_hw_primary: no pcm card found!
04-23 19:08:10.612 2034 2307 E audio_hw_primary: no pcm card found!
04-23 19:08:10.623 2034 2307 E audio_hw_primary: no pcm card found!
04-23 19:08:10.635 2034 2307 E audio_hw_primary: no pcm card found!
04-23 19:08:11.155 2325 4575 W InputMethodManagerService: Starting input on non-focused client com.android.internal.view.IInputMethodClient$Stub$Proxy@35e028b4 (uid=1001 pid=2756)
04-23 19:08:13.411 3819 3819 D DashboardSummary: rebuildUI took: 111 ms
04-23 19:08:14.740 2325 4623 I ActivityManager: START u0 {act=android.intent.action.MAIN cmp=com.android.settings/.SubSettings (has extras)} from uid 1000 on display 0
04-23 19:08:14.742 2325 2515 W AudioTrack: AUDIO_OUTPUT_FLAG_FAST denied by client
04-23 19:08:14.746 2325 4623 V WindowManager: addAppToken: AppWindowToken{ad3cd50 token=Token{2e501713 ActivityRecord{1dfa3202 u0 com.android.settings/.SubSettings t9}}} to stack=1 task=9 at 1
04-23 19:08:14.761 2034 2307 E audio_hw_primary: no pcm card found!
04-23 19:08:14.771 2034 2307 E audio_hw_primary: no pcm card found!
04-23 19:08:14.782 2034 2307 E audio_hw_primary: no pcm card found!
04-23 19:08:14.791 3819 3819 D SubSettings: Launching fragment com.android.settings.cyanogenmod.superuser.PolicyNativeFragment
04-23 19:08:14.793 2034 2307 E audio_hw_primary: no pcm card found!
04-23 19:08:14.804 2034 2307 E audio_hw_primary: no pcm card found!
04-23 19:08:14.815 2034 2307 E audio_hw_primary: no pcm card found!
04-23 19:08:14.826 2034 2307 E audio_hw_primary: no pcm card found!
04-23 19:08:14.838 2034 2307 E audio_hw_primary: no pcm card found!
04-23 19:08:14.849 2034 2307 E audio_hw_primary: no pcm card found!
04-23 19:08:14.860 2034 2307 E audio_hw_primary: no pcm card found!
04-23 19:08:14.871 2034 2307 E audio_hw_primary: no pcm card found!
04-23 19:08:14.883 2034 2307 E audio_hw_primary: no pcm card found!
04-23 19:08:14.894 2034 2307 E audio_hw_primary: no pcm card found!
04-23 19:08:14.904 2325 2516 V WindowManager: Adding window Window{1543ca81 u0 com.android.settings/com.android.settings.SubSettings} at 4 of 9 (after Window{f316a78 u0 com.android.settings/com.android.settings.Settings})
04-23 19:08:14.905 2034 2307 E audio_hw_primary: no pcm card found!
04-23 19:08:14.916 2034 2307 E audio_hw_primary: no pcm card found!
04-23 19:08:14.927 2034 2307 E audio_hw_primary: no pcm card found!
04-23 19:08:14.938 2034 2307 E audio_hw_primary: no pcm card found!
04-23 19:08:14.949 2034 2307 E audio_hw_primary: no pcm card found!
04-23 19:08:14.961 2034 2307 E audio_hw_primary: no pcm card found!
04-23 19:08:14.972 2034 2307 E audio_hw_primary: no pcm card found!
04-23 19:08:14.983 2034 2307 E audio_hw_primary: no pcm card found!
04-23 19:08:14.994 2034 2307 E audio_hw_primary: no pcm card found!
04-23 19:08:15.005 2034 2307 E audio_hw_primary: no pcm card found!
04-23 19:08:15.016 2034 2307 E audio_hw_primary: no pcm card found!
04-23 19:08:15.028 2034 2307 E audio_hw_primary: no pcm card found!
04-23 19:08:15.039 2034 2307 E audio_hw_primary: no pcm card found!
04-23 19:08:15.043 2325 2355 I ActivityManager: Displayed com.android.settings/.SubSettings: +281ms
04-23 19:08:15.050 2034 2307 E audio_hw_primary: no pcm card found!
04-23 19:08:15.061 2034 2307 E audio_hw_primary: no pcm card found!
04-23 19:08:15.072 2034 2307 E audio_hw_primary: no pcm card found!
04-23 19:08:15.084 2034 2307 E audio_hw_primary: no pcm card found!
04-23 19:08:15.086 3819 4670 D OpenGLRenderer: endAllStagingAnimators on 0x7f14b9fa0000 (RippleDrawable) with handle 0x7f14ba3370a0
04-23 19:08:15.095 2034 2307 E audio_hw_primary: no pcm card found!
04-23 19:08:15.106 2034 2307 E audio_hw_primary: no pcm card found!
04-23 19:08:15.118 2034 2307 E audio_hw_primary: no pcm card found!
04-23 19:08:15.129 2034 2307 E audio_hw_primary: no pcm card found!
04-23 19:08:15.140 2034 2307 E audio_hw_primary: no pcm card found!
04-23 19:08:15.151 2034 2307 E audio_hw_primary: no pcm card found!
04-23 19:08:15.162 2034 2307 E audio_hw_primary: no pcm card found!
04-23 19:08:15.173 2034 2307 E audio_hw_primary: no pcm card found!
04-23 19:08:15.184 2034 2307 E audio_hw_primary: no pcm card found!
04-23 19:08:15.195 2034 2307 E audio_hw_primary: no pcm card found!
04-23 19:08:15.207 2034 2307 E audio_hw_primary: no pcm card found!
04-23 19:08:15.218 2034 2307 E audio_hw_primary: no pcm card found!
04-23 19:08:15.229 2034 2307 E audio_hw_primary: no pcm card found!
04-23 19:08:15.240 2034 2307 E audio_hw_primary: no pcm card found!
04-23 19:08:15.251 2034 2307 E audio_hw_primary: no pcm card found!
04-23 19:08:15.262 2034 2307 E audio_hw_primary: no pcm card found!
04-23 19:08:15.274 2034 2307 E audio_hw_primary: no pcm card found!
04-23 19:08:15.285 2034 2307 E audio_hw_primary: no pcm card found!
04-23 19:08:15.296 2034 2307 E audio_hw_primary: no pcm card found!
04-23 19:08:15.307 2034 2307 E audio_hw_primary: no pcm card found!
04-23 19:08:15.318 2034 2307 E audio_hw_primary: no pcm card found!
04-23 19:08:15.329 2034 2307 E audio_hw_primary: no pcm card found!
04-23 19:08:15.340 2034 2307 E audio_hw_primary: no pcm card found!
04-23 19:08:15.352 2034 2307 E audio_hw_primary: no pcm card found!
04-23 19:08:15.363 2034 2307 E audio_hw_primary: no pcm card found!
04-23 19:08:15.374 2034 2307 E audio_hw_primary: no pcm card found!
04-23 19:08:15.385 2034 2307 E audio_hw_primary: no pcm card found!
04-23 19:08:15.396 2034 2307 E audio_hw_primary: no pcm card found!
04-23 19:08:15.407 2034 2307 E audio_hw_primary: no pcm card found!
04-23 19:08:15.419 2034 2307 E audio_hw_primary: no pcm card found!
04-23 19:08:15.430 2034 2307 E audio_hw_primary: no pcm card found!
04-23 19:08:15.441 2034 2307 E audio_hw_primary: no pcm card found!
04-23 19:08:15.452 2034 2307 E audio_hw_primary: no pcm card found!
04-23 19:08:15.463 2034 2307 E audio_hw_primary: no pcm card found!
04-23 19:08:15.474 2034 2307 E audio_hw_primary: no pcm card found!
04-23 19:08:15.486 2034 2307 E audio_hw_primary: no pcm card found!
04-23 19:08:15.497 2034 2307 E audio_hw_primary: no pcm card found!
04-23 19:08:15.508 2034 2307 E audio_hw_primary: no pcm card found!
04-23 19:08:15.520 2034 2307 E audio_hw_primary: no pcm card found!
04-23 19:08:15.531 2034 2307 E audio_hw_primary: no pcm card found!
04-23 19:08:15.542 2034 2307 E audio_hw_primary: no pcm card found!
04-23 19:08:15.554 2034 2307 E audio_hw_primary: no pcm card found!
04-23 19:08:15.565 2034 2307 E audio_hw_primary: no pcm card found!
04-23 19:08:15.576 2034 2307 E audio_hw_primary: no pcm card found!
04-23 19:08:15.588 2034 2307 E audio_hw_primary: no pcm card found!
04-23 19:08:15.599 2034 2307 E audio_hw_primary: no pcm card found!
04-23 19:08:15.611 2034 2307 E audio_hw_primary: no pcm card found!
04-23 19:08:15.622 2034 2307 E audio_hw_primary: no pcm card found!
04-23 19:08:15.633 2034 2307 E audio_hw_primary: no pcm card found!
04-23 19:08:15.645 2034 2307 E audio_hw_primary: no pcm card found!
04-23 19:08:15.656 2034 2307 E audio_hw_primary: no pcm card found!
04-23 19:08:15.667 2034 2307 E audio_hw_primary: no pcm card found!
04-23 19:08:15.678 2034 2307 E audio_hw_primary: no pcm card found!
04-23 19:08:15.689 2034 2307 E audio_hw_primary: no pcm card found!
04-23 19:08:15.701 2034 2307 E audio_hw_primary: no pcm card found!
04-23 19:08:15.712 2034 2307 E audio_hw_primary: no pcm card found!
04-23 19:08:15.723 2034 2307 E audio_hw_primary: no pcm card found!
04-23 19:08:15.735 2034 2307 E audio_hw_primary: no pcm card found!
04-23 19:08:15.746 2034 2307 E audio_hw_primary: no pcm card found!
04-23 19:08:15.758 2034 2307 E audio_hw_primary: no pcm card found!
04-23 19:08:15.769 2034 2307 E audio_hw_primary: no pcm card found!
04-23 19:08:15.780 2034 2307 E audio_hw_primary: no pcm card found!
04-23 19:08:15.792 2034 2307 E audio_hw_primary: no pcm card found!
04-23 19:08:15.803 2034 2307 E audio_hw_primary: no pcm card found!
04-23 19:08:15.814 2034 2307 E audio_hw_primary: no pcm card found!
04-23 19:08:15.826 2034 2307 E audio_hw_primary: no pcm card found!
04-23 19:08:15.837 2034 2307 E audio_hw_primary: no pcm card found!
04-23 19:08:15.848 2034 2307 E audio_hw_primary: no pcm card found!
04-23 19:08:15.860 2034 2307 E audio_hw_primary: no pcm card found!
04-23 19:08:15.871 2034 2307 E audio_hw_primary: no pcm card found!
04-23 19:08:15.882 2034 2307 E audio_hw_primary: no pcm card found!
04-23 19:08:15.894 2034 2307 E audio_hw_primary: no pcm card found!
04-23 19:08:15.905 2034 2307 E audio_hw_primary: no pcm card found!
04-23 19:08:15.917 2034 2307 E audio_hw_primary: no pcm card found!
04-23 19:08:15.928 2034 2307 E audio_hw_primary: no pcm card found!
04-23 19:08:15.939 2034 2307 E audio_hw_primary: no pcm card found!
04-23 19:08:15.951 2034 2307 E audio_hw_primary: no pcm card found!
04-23 19:08:15.962 2034 2307 E audio_hw_primary: no pcm card found!
04-23 19:08:15.973 2034 2307 E audio_hw_primary: no pcm card found!
04-23 19:08:15.985 2034 2307 E audio_hw_primary: no pcm card found!
04-23 19:08:15.996 2034 2307 E audio_hw_primary: no pcm card found!
04-23 19:08:16.008 2034 2307 E audio_hw_primary: no pcm card found!
04-23 19:08:16.019 2034 2307 E audio_hw_primary: no pcm card found!
04-23 19:08:16.030 2034 2307 E audio_hw_primary: no pcm card found!
04-23 19:08:16.042 2034 2307 E audio_hw_primary: no pcm card found!
04-23 19:08:16.053 2034 2307 E audio_hw_primary: no pcm card found!
04-23 19:08:16.064 2034 2307 E audio_hw_primary: no pcm card found!
04-23 19:08:16.076 2034 2307 E audio_hw_primary: no pcm card found!
04-23 19:08:16.087 2034 2307 E audio_hw_primary: no pcm card found!
04-23 19:08:16.099 2034 2307 E audio_hw_primary: no pcm card found!
04-23 19:08:16.110 2034 2307 E audio_hw_primary: no pcm card found!
04-23 19:08:16.121 2034 2307 E audio_hw_primary: no pcm card found!
04-23 19:08:16.132 2034 2307 E audio_hw_primary: no pcm card found!
04-23 19:08:16.143 2034 2307 E audio_hw_primary: no pcm card found!
04-23 19:08:16.155 2034 2307 E audio_hw_primary: no pcm card found!
04-23 19:08:16.166 2034 2307 E audio_hw_primary: no pcm card found!
04-23 19:08:16.177 2034 2307 E audio_hw_primary: no pcm card found!
04-23 19:08:16.189 2034 2307 E audio_hw_primary: no pcm card found!
04-23 19:08:16.200 2034 2307 E audio_hw_primary: no pcm card found!
04-23 19:08:16.212 2034 2307 E audio_hw_primary: no pcm card found!
04-23 19:08:16.223 2034 2307 E audio_hw_primary: no pcm card found!
04-23 19:08:16.234 2034 2307 E audio_hw_primary: no pcm card found!
04-23 19:08:16.246 2034 2307 E audio_hw_primary: no pcm card found!
04-23 19:08:16.257 2034 2307 E audio_hw_primary: no pcm card found!
04-23 19:08:16.269 2034 2307 E audio_hw_primary: no pcm card found!
04-23 19:08:16.280 2034 2307 E audio_hw_primary: no pcm card found!
04-23 19:08:16.291 2034 2307 E audio_hw_primary: no pcm card found!
04-23 19:08:16.303 2034 2307 E audio_hw_primary: no pcm card found!
04-23 19:08:16.314 2034 2307 E audio_hw_primary: no pcm card found!
04-23 19:08:16.325 2034 2307 E audio_hw_primary: no pcm card found!
04-23 19:08:16.337 2034 2307 E audio_hw_primary: no pcm card found!
04-23 19:08:16.348 2034 2307 E audio_hw_primary: no pcm card found!
04-23 19:08:16.359 2034 2307 E audio_hw_primary: no pcm card found!
04-23 19:08:16.371 2034 2307 E audio_hw_primary: no pcm card found!
04-23 19:08:16.382 2034 2307 E audio_hw_primary: no pcm card found!
04-23 19:08:16.393 2034 2307 E audio_hw_primary: no pcm card found!
04-23 19:08:16.405 2034 2307 E audio_hw_primary: no pcm card found!
04-23 19:08:16.416 2034 2307 E audio_hw_primary: no pcm card found!
04-23 19:08:16.428 2034 2307 E audio_hw_primary: no pcm card found!
04-23 19:08:16.439 2034 2307 E audio_hw_primary: no pcm card found!
04-23 19:08:16.451 2034 2307 E audio_hw_primary: no pcm card found!
04-23 19:08:16.462 2034 2307 E audio_hw_primary: no pcm card found!
04-23 19:08:16.473 2034 2307 E audio_hw_primary: no pcm card found!
04-23 19:08:16.485 2034 2307 E audio_hw_primary: no pcm card found!
04-23 19:08:16.496 2034 2307 E audio_hw_primary: no pcm card found!
04-23 19:08:16.507 2034 2307 E audio_hw_primary: no pcm card found!
04-23 19:08:16.519 2034 2307 E audio_hw_primary: no pcm card found!
04-23 19:08:16.530 2034 2307 E audio_hw_primary: no pcm card found!
04-23 19:08:16.541 2034 2307 E audio_hw_primary: no pcm card found!
04-23 19:08:16.553 2034 2307 E audio_hw_primary: no pcm card found!
04-23 19:08:16.564 2034 2307 E audio_hw_primary: no pcm card found!
04-23 19:08:16.576 2034 2307 E audio_hw_primary: no pcm card found!
04-23 19:08:16.587 2034 2307 E audio_hw_primary: no pcm card found!
04-23 19:08:16.598 2034 2307 E audio_hw_primary: no pcm card found!
04-23 19:08:16.610 2034 2307 E audio_hw_primary: no pcm card found!
04-23 19:08:16.621 2034 2307 E audio_hw_primary: no pcm card found!
04-23 19:08:16.633 2034 2307 E audio_hw_primary: no pcm card found!
04-23 19:08:16.644 2034 2307 E audio_hw_primary: no pcm card found!
04-23 19:08:16.655 2034 2307 E audio_hw_primary: no pcm card found!
04-23 19:08:16.667 2034 2307 E audio_hw_primary: no pcm card found!
04-23 19:08:16.678 2034 2307 E audio_hw_primary: no pcm card found!
04-23 19:08:16.689 2034 2307 E audio_hw_primary: no pcm card found!
04-23 19:08:16.701 2034 2307 E audio_hw_primary: no pcm card found!
04-23 19:08:16.712 2034 2307 E audio_hw_primary: no pcm card found!
04-23 19:08:16.723 2034 2307 E audio_hw_primary: no pcm card found!
04-23 19:08:16.735 2034 2307 E audio_hw_primary: no pcm card found!
04-23 19:08:16.746 2034 2307 E audio_hw_primary: no pcm card found!
04-23 19:08:16.757 2034 2307 E audio_hw_primary: no pcm card found!
04-23 19:08:16.769 2034 2307 E audio_hw_primary: no pcm card found!
04-23 19:08:16.780 2034 2307 E audio_hw_primary: no pcm card found!
04-23 19:08:16.791 2034 2307 E audio_hw_primary: no pcm card found!
04-23 19:08:16.803 2034 2307 E audio_hw_primary: no pcm card found!
04-23 19:08:16.814 2034 2307 E audio_hw_primary: no pcm card found!
04-23 19:08:16.825 2034 2307 E audio_hw_primary: no pcm card found!
04-23 19:08:16.837 2034 2307 E audio_hw_primary: no pcm card found!
04-23 19:08:16.848 2034 2307 E audio_hw_primary: no pcm card found!
04-23 19:08:16.859 2034 2307 E audio_hw_primary: no pcm card found!
04-23 19:08:16.871 2034 2307 E audio_hw_primary: no pcm card found!
04-23 19:08:16.882 2034 2307 E audio_hw_primary: no pcm card found!
04-23 19:08:16.893 2034 2307 E audio_hw_primary: no pcm card found!
04-23 19:08:16.905 2034 2307 E audio_hw_primary: no pcm card found!
04-23 19:08:16.916 2034 2307 E audio_hw_primary: no pcm card found!
04-23 19:08:16.927 2034 2307 E audio_hw_primary: no pcm card found!
04-23 19:08:16.939 2034 2307 E audio_hw_primary: no pcm card found!
04-23 19:08:16.950 2034 2307 E audio_hw_primary: no pcm card found!
04-23 19:08:16.961 2034 2307 E audio_hw_primary: no pcm card found!
04-23 19:08:16.973 2034 2307 E audio_hw_primary: no pcm card found!
04-23 19:08:16.984 2034 2307 E audio_hw_primary: no pcm card found!
04-23 19:08:16.995 2034 2307 E audio_hw_primary: no pcm card found!
04-23 19:08:17.007 2034 2307 E audio_hw_primary: no pcm card found!
04-23 19:08:17.018 2034 2307 E audio_hw_primary: no pcm card found!
04-23 19:08:17.029 2034 2307 E audio_hw_primary: no pcm card found!
04-23 19:08:17.041 2034 2307 E audio_hw_primary: no pcm card found!
04-23 19:08:17.052 2034 2307 E audio_hw_primary: no pcm card found!
04-23 19:08:17.064 2034 2307 E audio_hw_primary: no pcm card found!
04-23 19:08:17.075 2034 2307 E audio_hw_primary: no pcm card found!
04-23 19:08:17.086 2034 2307 E audio_hw_primary: no pcm card found!
04-23 19:08:17.098 2034 2307 E audio_hw_primary: no pcm card found!
04-23 19:08:17.109 2034 2307 E audio_hw_primary: no pcm card found!
04-23 19:08:17.120 2034 2307 E audio_hw_primary: no pcm card found!
04-23 19:08:17.132 2034 2307 E audio_hw_primary: no pcm card found!
04-23 19:08:17.143 2034 2307 E audio_hw_primary: no pcm card found!
04-23 19:08:17.154 2034 2307 E audio_hw_primary: no pcm card found!
04-23 19:08:17.166 2034 2307 E audio_hw_primary: no pcm card found!
04-23 19:08:17.177 2034 2307 E audio_hw_primary: no pcm card found!
04-23 19:08:17.188 2034 2307 E audio_hw_primary: no pcm card found!
04-23 19:08:17.200 2034 2307 E audio_hw_primary: no pcm card found!
04-23 19:08:17.211 2034 2307 E audio_hw_primary: no pcm card found!
04-23 19:08:17.223 2034 2307 E audio_hw_primary: no pcm card found!
04-23 19:08:17.234 2034 2307 E audio_hw_primary: no pcm card found!
04-23 19:08:17.245 2034 2307 E audio_hw_primary: no pcm card found!
04-23 19:08:17.257 2034 2307 E audio_hw_primary: no pcm card found!
04-23 19:08:17.268 2034 2307 E audio_hw_primary: no pcm card found!
04-23 19:08:17.279 2034 2307 E audio_hw_primary: no pcm card found!
04-23 19:08:17.291 2034 2307 E audio_hw_primary: no pcm card found!
04-23 19:08:17.302 2034 2307 E audio_hw_primary: no pcm card found!
04-23 19:08:17.313 2034 2307 E audio_hw_primary: no pcm card found!
04-23 19:08:17.325 2034 2307 E audio_hw_primary: no pcm card found!
04-23 19:08:17.336 2034 2307 E audio_hw_primary: no pcm card found!
04-23 19:08:17.347 2034 2307 E audio_hw_primary: no pcm card found!
04-23 19:08:17.359 2034 2307 E audio_hw_primary: no pcm card found!
04-23 19:08:17.370 2034 2307 E audio_hw_primary: no pcm card found!
04-23 19:08:17.382 2034 2307 E audio_hw_primary: no pcm card found!
04-23 19:08:17.393 2034 2307 E audio_hw_primary: no pcm card found!
04-23 19:08:17.404 2034 2307 E audio_hw_primary: no pcm card found!
04-23 19:08:17.416 2034 2307 E audio_hw_primary: no pcm card found!
04-23 19:08:17.427 2034 2307 E audio_hw_primary: no pcm card found!
04-23 19:08:17.439 2034 2307 E audio_hw_primary: no pcm card found!
04-23 19:08:17.450 2034 2307 E audio_hw_primary: no pcm card found!
04-23 19:08:17.461 2034 2307 E audio_hw_primary: no pcm card found!
04-23 19:08:17.473 2034 2307 E audio_hw_primary: no pcm card found!
04-23 19:08:17.484 2034 2307 E audio_hw_primary: no pcm card found!
04-23 19:08:17.495 2034 2307 E audio_hw_primary: no pcm card found!
04-23 19:08:17.507 2034 2307 E audio_hw_primary: no pcm card found!
04-23 19:08:17.518 2034 2307 E audio_hw_primary: no pcm card found!
04-23 19:08:17.529 2034 2307 E audio_hw_primary: no pcm card found!
04-23 19:08:17.541 2034 2307 E audio_hw_primary: no pcm card found!
04-23 19:08:17.552 2034 2307 E audio_hw_primary: no pcm card found!
04-23 19:08:17.563 2034 2307 E audio_hw_primary: no pcm card found!
04-23 19:08:17.575 2034 2307 E audio_hw_primary: no pcm card found!
04-23 19:08:17.586 2034 2307 E audio_hw_primary: no pcm card found!
04-23 19:08:17.597 2034 2307 E audio_hw_primary: no pcm card found!
04-23 19:08:17.609 2034 2307 E audio_hw_primary: no pcm card found!
04-23 19:08:17.620 2034 2307 E audio_hw_primary: no pcm card found!
04-23 19:08:17.632 2034 2307 E audio_hw_primary: no pcm card found!
04-23 19:08:17.643 2034 2307 E audio_hw_primary: no pcm card found!
04-23 19:08:17.654 2034 2307 E audio_hw_primary: no pcm card found!
04-23 19:08:17.665 2034 2307 E audio_hw_primary: no pcm card found!
04-23 19:08:17.677 2034 2307 E audio_hw_primary: no pcm card found!
04-23 19:08:17.688 2034 2307 E audio_hw_primary: no pcm card found!
04-23 19:08:17.699 2034 2307 E audio_hw_primary: no pcm card found!
04-23 19:08:17.711 2034 2307 E audio_hw_primary: no pcm card found!
04-23 19:08:17.722 2034 2307 E audio_hw_primary: no pcm card found!
04-23 19:08:17.733 2034 2307 E audio_hw_primary: no pcm card found!
04-23 19:08:17.744 2034 2307 E audio_hw_primary: no pcm card found!
04-23 19:08:17.755 2034 2307 E audio_hw_primary: no pcm card found!
04-23 19:08:17.766 2034 2307 E audio_hw_primary: no pcm card found!
04-23 19:08:17.778 2034 2307 E audio_hw_primary: no pcm card found!
04-23 19:08:17.789 2034 2307 E audio_hw_primary: no pcm card found!
04-23 19:08:17.800 2034 2307 E audio_hw_primary: no pcm card found!
04-23 19:08:17.811 2034 2307 E audio_hw_primary: no pcm card found!
04-23 19:08:17.822 2034 2307 E audio_hw_primary: no pcm card found!
04-23 19:08:17.833 2034 2307 E audio_hw_primary: no pcm card found!
04-23 19:08:17.844 2034 2307 E audio_hw_primary: no pcm card found!
04-23 19:08:17.855 3819 3819 D DashboardSummary: rebuildUI took: 82 ms
04-23 19:08:17.855 2034 2307 E audio_hw_primary: no pcm card found!
04-23 19:08:18.267 2026 2026 W SurfaceFlinger: captureScreen: error creating EGL fence: 0x3000
04-23 19:08:18.837 2909 2971 W OpenGLRenderer: Failed to wait for the fence 0x300c
04-23 19:08:18.858 2909 2971 W OpenGLRenderer: Incorrectly called buildLayer on View: ShortcutAndWidgetContainer, destroying layer...
04-23 19:08:19.298 2693 2693 W ResourceType: No package identifier when getting value for resource number 0x00000000
04-23 19:08:19.298 2693 2693 W PackageManager: Failure retrieving resources for com.android.settings: Resource ID #0x0
04-23 19:08:19.729 2693 2693 D PhoneStatusBar: disable: < expand ICONS* alerts SYSTEM_INFO* back home recent clock search
> 04-23 19:08:19.917 2693 3042 D BluetoothAdapter: 59353320: getState() : mService = null. Returning STATE_OFF
04-23 19:08:19.917 2693 3042 D BluetoothAdapter: 59353320: getState() : mService = null. Returning STATE_OFF
04-23 19:08:19.930 2693 3042 D BluetoothAdapter: 59353320: getState() : mService = null. Returning STATE_OFF
04-23 19:08:19.930 2693 3042 D BluetoothAdapter: 59353320: getState() : mService = null. Returning STATE_OFF
04-23 19:08:20.207 2693 2693 D PhoneStatusBar: disable: < expand icons* alerts system_info* back home recent clock search
> 04-23 19:08:20.226 2325 2994 W InputMethodManagerService: Window already focused, ignoring focus gain of: com.android.internal.view.IInputMethodClient$Stub$Proxy@37c7a974 attribute=null, token = android.os.BinderProxy@ce713b3
04-23 19:08:20.636 2693 2693 D PhoneStatusBar: disable: < expand ICONS* alerts SYSTEM_INFO* back home recent clock search
> 04-23 19:08:20.781 2693 3042 D BluetoothAdapter: 59353320: getState() : mService = null. Returning STATE_OFF
04-23 19:08:20.781 2693 3042 D BluetoothAdapter: 59353320: getState() : mService = null. Returning STATE_OFF
04-23 19:08:20.793 2693 3042 D BluetoothAdapter: 59353320: getState() : mService = null. Returning STATE_OFF
04-23 19:08:20.793 2693 3042 D BluetoothAdapter: 59353320: getState() : mService = null. Returning STATE_OFF
04-23 19:08:22.040 2325 2634 I ActivityManager: START u0 {act=android.settings.SETTINGS flg=0x14000000 cmp=com.android.settings/.Settings} from uid 10013 on display 0
04-23 19:08:22.041 2325 2634 V WindowManager: addAppToken: AppWindowToken{28c5f3f8 token=Token{27bd8f5b ActivityRecord{1f9cbe6a u0 com.android.settings/.Settings t10}}} to stack=1 task=10 at 0
04-23 19:08:22.043 2325 2515 W AudioTrack: AUDIO_OUTPUT_FLAG_FAST denied by client
04-23 19:08:22.059 2325 2355 V WindowManager: Adding window Window{22fc8ed3 u0 Starting com.android.settings} at 3 of 8 (after Window{15d61d70 u0 com.cyanogenmod.trebuchet/com.android.launcher3.Launcher})
04-23 19:08:22.063 2034 2307 E audio_hw_primary: no pcm card found!
04-23 19:08:22.074 2034 2307 E audio_hw_primary: no pcm card found!
04-23 19:08:22.085 2034 2307 E audio_hw_primary: no pcm card found!
04-23 19:08:22.096 2034 2307 E audio_hw_primary: no pcm card found!
04-23 19:08:22.107 2034 2307 E audio_hw_primary: no pcm card found!
04-23 19:08:22.116 3819 4711 D Index : Locale 'en_US' is already indexed
04-23 19:08:22.118 2034 2307 E audio_hw_primary: no pcm card found!
04-23 19:08:22.129 2034 2307 E audio_hw_primary: no pcm card found!
04-23 19:08:22.140 2034 2307 E audio_hw_primary: no pcm card found!
04-23 19:08:22.140 2325 2634 V WindowManager: Adding window Window{2d4ab27 u0 com.android.settings/com.android.settings.Settings} at 3 of 9 (before Window{22fc8ed3 u0 Starting com.android.settings})
04-23 19:08:22.151 2034 2307 E audio_hw_primary: no pcm card found!
04-23 19:08:22.162 2034 2307 E audio_hw_primary: no pcm card found!
04-23 19:08:22.173 2034 2307 E audio_hw_primary: no pcm card found!
04-23 19:08:22.184 2034 2307 E audio_hw_primary: no pcm card found!
04-23 19:08:22.195 2034 2307 E audio_hw_primary: no pcm card found!
04-23 19:08:22.205 2034 2307 E audio_hw_primary: no pcm card found!
04-23 19:08:22.216 2034 2307 E audio_hw_primary: no pcm card found!
04-23 19:08:22.227 2034 2307 E audio_hw_primary: no pcm card found!
04-23 19:08:22.229 3819 3819 D DashboardSummary: rebuildUI took: 84 ms
04-23 19:08:22.238 2034 2307 E audio_hw_primary: no pcm card found!
04-23 19:08:22.249 2034 2307 E audio_hw_primary: no pcm card found!
04-23 19:08:22.260 2034 2307 E audio_hw_primary: no pcm card found!
04-23 19:08:22.271 2034 2307 E audio_hw_primary: no pcm card found!
04-23 19:08:22.283 2034 2307 E audio_hw_primary: no pcm card found!
04-23 19:08:22.294 2034 2307 E audio_hw_primary: no pcm card found!
04-23 19:08:22.305 2034 2307 E audio_hw_primary: no pcm card found!
04-23 19:08:22.316 2034 2307 E audio_hw_primary: no pcm card found!
04-23 19:08:22.327 2034 2307 E audio_hw_primary: no pcm card found!
04-23 19:08:22.338 2034 2307 E audio_hw_primary: no pcm card found!
04-23 19:08:22.344 2325 2355 I ActivityManager: Displayed com.android.settings/.Settings: +299ms
04-23 19:08:22.349 2034 2307 E audio_hw_primary: no pcm card found!
04-23 19:08:22.360 2034 2307 E audio_hw_primary: no pcm card found!
04-23 19:08:22.371 2034 2307 E audio_hw_primary: no pcm card found!
04-23 19:08:22.382 2034 2307 E audio_hw_primary: no pcm card found!
04-23 19:08:22.393 2034 2307 E audio_hw_primary: no pcm card found!
04-23 19:08:22.404 2034 2307 E audio_hw_primary: no pcm card found!
04-23 19:08:22.415 2034 2307 E audio_hw_primary: no pcm card found!
04-23 19:08:22.427 2034 2307 E audio_hw_primary: no pcm card found!
04-23 19:08:22.438 2034 2307 E audio_hw_primary: no pcm card found!
04-23 19:08:22.449 2034 2307 E audio_hw_primary: no pcm card found!
04-23 19:08:22.460 2034 2307 E audio_hw_primary: no pcm card found!
04-23 19:08:22.471 2034 2307 E audio_hw_primary: no pcm card found!
04-23 19:08:22.482 2034 2307 E audio_hw_primary: no pcm card found!
04-23 19:08:22.493 2034 2307 E audio_hw_primary: no pcm card found!
04-23 19:08:22.505 2034 2307 E audio_hw_primary: no pcm card found!
04-23 19:08:22.516 2034 2307 E audio_hw_primary: no pcm card found!
04-23 19:08:22.527 2034 2307 E audio_hw_primary: no pcm card found!
04-23 19:08:22.538 2034 2307 E audio_hw_primary: no pcm card found!
04-23 19:08:22.550 2034 2307 E audio_hw_primary: no pcm card found!
04-23 19:08:22.561 2034 2307 E audio_hw_primary: no pcm card found!
04-23 19:08:22.571 2693 2693 D PhoneStatusBar: disable: < expand icons* alerts system_info* back home recent clock search
> 04-23 19:08:22.572 2034 2307 E audio_hw_primary: no pcm card found!
04-23 19:08:22.584 2034 2307 E audio_hw_primary: no pcm card found!
04-23 19:08:22.595 2034 2307 E audio_hw_primary: no pcm card found!
04-23 19:08:22.606 2034 2307 E audio_hw_primary: no pcm card found!
04-23 19:08:22.617 2034 2307 E audio_hw_primary: no pcm card found!
04-23 19:08:22.629 2034 2307 E audio_hw_primary: no pcm card found!
04-23 19:08:22.640 2034 2307 E audio_hw_primary: no pcm card found!
04-23 19:08:22.651 2034 2307 E audio_hw_primary: no pcm card found!
04-23 19:08:22.662 2034 2307 E audio_hw_primary: no pcm card found!
04-23 19:08:22.673 2034 2307 E audio_hw_primary: no pcm card found!
04-23 19:08:22.684 2034 2307 E audio_hw_primary: no pcm card found!
04-23 19:08:22.695 2034 2307 E audio_hw_primary: no pcm card found!
04-23 19:08:22.706 2034 2307 E audio_hw_primary: no pcm card found!
04-23 19:08:22.717 2034 2307 E audio_hw_primary: no pcm card found!
04-23 19:08:22.728 2034 2307 E audio_hw_primary: no pcm card found!
04-23 19:08:22.739 2034 2307 E audio_hw_primary: no pcm card found!
04-23 19:08:22.750 2034 2307 E audio_hw_primary: no pcm card found!
04-23 19:08:22.762 2034 2307 E audio_hw_primary: no pcm card found!
04-23 19:08:22.773 2034 2307 E audio_hw_primary: no pcm card found!
04-23 19:08:22.784 2034 2307 E audio_hw_primary: no pcm card found!
04-23 19:08:22.795 2034 2307 E audio_hw_primary: no pcm card found!
04-23 19:08:22.806 2034 2307 E audio_hw_primary: no pcm card found!
04-23 19:08:22.817 2034 2307 E audio_hw_primary: no pcm card found!
04-23 19:08:22.829 2034 2307 E audio_hw_primary: no pcm card found!
04-23 19:08:22.840 2034 2307 E audio_hw_primary: no pcm card found!
04-23 19:08:22.851 2034 2307 E audio_hw_primary: no pcm card found!
04-23 19:08:22.862 2034 2307 E audio_hw_primary: no pcm card found!
04-23 19:08:22.873 2034 2307 E audio_hw_primary: no pcm card found!
04-23 19:08:22.884 2034 2307 E audio_hw_primary: no pcm card found!
04-23 19:08:22.895 2034 2307 E audio_hw_primary: no pcm card found!
04-23 19:08:22.906 2034 2307 E audio_hw_primary: no pcm card found!
04-23 19:08:22.918 2034 2307 E audio_hw_primary: no pcm card found!
04-23 19:08:22.929 2034 2307 E audio_hw_primary: no pcm card found!
04-23 19:08:22.940 2034 2307 E audio_hw_primary: no pcm card found!
04-23 19:08:22.951 2034 2307 E audio_hw_primary: no pcm card found!
04-23 19:08:22.962 2034 2307 E audio_hw_primary: no pcm card found!
04-23 19:08:22.973 2034 2307 E audio_hw_primary: no pcm card found!
04-23 19:08:22.984 2034 2307 E audio_hw_primary: no pcm card found!
04-23 19:08:22.996 2034 2307 E audio_hw_primary: no pcm card found!
04-23 19:08:23.007 2034 2307 E audio_hw_primary: no pcm card found!
04-23 19:08:23.018 2034 2307 E audio_hw_primary: no pcm card found!
04-23 19:08:23.029 2034 2307 E audio_hw_primary: no pcm card found!
04-23 19:08:23.040 2034 2307 E audio_hw_primary: no pcm card found!
04-23 19:08:23.051 2034 2307 E audio_hw_primary: no pcm card found!
04-23 19:08:23.063 2034 2307 E audio_hw_primary: no pcm card found!
04-23 19:08:23.074 2034 2307 E audio_hw_primary: no pcm card found!
04-23 19:08:23.086 2034 2307 E audio_hw_primary: no pcm card found!
04-23 19:08:23.097 2034 2307 E audio_hw_primary: no pcm card found!
04-23 19:08:23.108 2034 2307 E audio_hw_primary: no pcm card found!
04-23 19:08:23.120 2034 2307 E audio_hw_primary: no pcm card found!
04-23 19:08:23.131 2034 2307 E audio_hw_primary: no pcm card found!
04-23 19:08:23.142 2034 2307 E audio_hw_primary: no pcm card found!
04-23 19:08:23.154 2034 2307 E audio_hw_primary: no pcm card found!
04-23 19:08:23.165 2034 2307 E audio_hw_primary: no pcm card found!
04-23 19:08:23.176 2034 2307 E audio_hw_primary: no pcm card found!
04-23 19:08:23.188 2034 2307 E audio_hw_primary: no pcm card found!
04-23 19:08:23.199 2034 2307 E audio_hw_primary: no pcm card found!
04-23 19:08:23.210 2034 2307 E audio_hw_primary: no pcm card found!
04-23 19:08:23.222 2034 2307 E audio_hw_primary: no pcm card found!
04-23 19:08:23.233 2034 2307 E audio_hw_primary: no pcm card found!
04-23 19:08:23.245 2034 2307 E audio_hw_primary: no pcm card found!
04-23 19:08:23.256 2034 2307 E audio_hw_primary: no pcm card found!
04-23 19:08:23.267 2034 2307 E audio_hw_primary: no pcm card found!
04-23 19:08:23.279 2034 2307 E audio_hw_primary: no pcm card found!
04-23 19:08:23.290 2034 2307 E audio_hw_primary: no pcm card found!
04-23 19:08:23.301 2034 2307 E audio_hw_primary: no pcm card found!
04-23 19:08:23.313 2034 2307 E audio_hw_primary: no pcm card found!
04-23 19:08:23.324 2034 2307 E audio_hw_primary: no pcm card found!
04-23 19:08:23.335 2034 2307 E audio_hw_primary: no pcm card found!
04-23 19:08:23.347 2034 2307 E audio_hw_primary: no pcm card found!
04-23 19:08:23.352 2325 2532 D TaskPersister: removeObsoleteFile: deleting file=9_task.xml
04-23 19:08:23.352 2325 2532 D TaskPersister: removeObsoleteFile: deleting file=9_task_thumbnail.png
04-23 19:08:23.358 2034 2307 E audio_hw_primary: no pcm card found!
04-23 19:08:23.370 2034 2307 E audio_hw_primary: no pcm card found!
04-23 19:08:23.381 2034 2307 E audio_hw_primary: no pcm card found!
04-23 19:08:23.392 2034 2307 E audio_hw_primary: no pcm card found!
04-23 19:08:23.404 2034 2307 E audio_hw_primary: no pcm card found!
04-23 19:08:23.415 2034 2307 E audio_hw_primary: no pcm card found!
04-23 19:08:23.426 2034 2307 E audio_hw_primary: no pcm card found!
04-23 19:08:23.438 2034 2307 E audio_hw_primary: no pcm card found!
04-23 19:08:23.449 2034 2307 E audio_hw_primary: no pcm card found!
04-23 19:08:23.460 2034 2307 E audio_hw_primary: no pcm card found!
04-23 19:08:23.471 2034 2307 E audio_hw_primary: no pcm card found!
04-23 19:08:23.482 2034 2307 E audio_hw_primary: no pcm card found!
04-23 19:08:23.494 2034 2307 E audio_hw_primary: no pcm card found!
04-23 19:08:23.505 2034 2307 E audio_hw_primary: no pcm card found!
04-23 19:08:23.516 2034 2307 E audio_hw_primary: no pcm card found!
04-23 19:08:23.527 2034 2307 E audio_hw_primary: no pcm card found!
04-23 19:08:23.538 2034 2307 E audio_hw_primary: no pcm card found!
04-23 19:08:23.550 2034 2307 E audio_hw_primary: no pcm card found!
04-23 19:08:23.561 2034 2307 E audio_hw_primary: no pcm card found!
04-23 19:08:23.572 2034 2307 E audio_hw_primary: no pcm card found!
04-23 19:08:23.584 2034 2307 E audio_hw_primary: no pcm card found!
04-23 19:08:23.595 2034 2307 E audio_hw_primary: no pcm card found!
04-23 19:08:23.606 2034 2307 E audio_hw_primary: no pcm card found!
04-23 19:08:23.618 2034 2307 E audio_hw_primary: no pcm card found!
04-23 19:08:23.629 2034 2307 E audio_hw_primary: no pcm card found!
04-23 19:08:23.640 2034 2307 E audio_hw_primary: no pcm card found!
04-23 19:08:23.651 2034 2307 E audio_hw_primary: no pcm card found!
04-23 19:08:23.662 2034 2307 E audio_hw_primary: no pcm card found!
04-23 19:08:23.674 2034 2307 E audio_hw_primary: no pcm card found!
04-23 19:08:23.685 2034 2307 E audio_hw_primary: no pcm card found!
04-23 19:08:23.696 2034 2307 E audio_hw_primary: no pcm card found!
04-23 19:08:23.707 2034 2307 E audio_hw_primary: no pcm card found!
04-23 19:08:23.718 2034 2307 E audio_hw_primary: no pcm card found!
04-23 19:08:23.730 2034 2307 E audio_hw_primary: no pcm card found!
04-23 19:08:23.741 2034 2307 E audio_hw_primary: no pcm card found!
04-23 19:08:23.752 2034 2307 E audio_hw_primary: no pcm card found!
04-23 19:08:23.763 2034 2307 E audio_hw_primary: no pcm card found!
04-23 19:08:23.775 2034 2307 E audio_hw_primary: no pcm card found!
04-23 19:08:23.786 2034 2307 E audio_hw_primary: no pcm card found!
04-23 19:08:23.798 2034 2307 E audio_hw_primary: no pcm card found!
04-23 19:08:23.809 2034 2307 E audio_hw_primary: no pcm card found!
