04-23 18:42:59.542 2034 2307 E audio_hw_primary: no pcm card found!
04-23 18:42:59.976 3584 3584 D wpa_supplicant: wlan0: RX EAPOL from 00:1b:da:33:7a:9f
04-23 18:42:59.976 3584 3584 D wpa_supplicant: RX EAPOL - hexdump(len=121): 02 03 00 75 02 00 8a 00 10 00 00 00 00 00 00 00 03 40 78 68 02 3a 90 e1 64 82 0f 7f 9c a7 e5 e7 ...
04-23 18:42:59.977 3584 3584 D wpa_supplicant: wlan0: IEEE 802.1X RX: version=2 type=3 length=117
04-23 18:42:59.977 3584 3584 D wpa_supplicant: WPA: RX EAPOL-Key - hexdump(len=121): 02 03 00 75 02 00 8a 00 10 00 00 00 00 00 00 00 03 40 78 68 02 3a 90 e1 64 82 0f 7f 9c a7 e5 e7 ...
04-23 18:42:59.977 3584 3584 D wpa_supplicant: wlan0: EAPOL-Key type=2
04-23 18:42:59.977 3584 3584 D wpa_supplicant: wlan0: key_info 0x8a (ver=2 keyidx=0 rsvd=0 Pairwise Ack)
04-23 18:42:59.977 3584 3584 D wpa_supplicant: wlan0: key_length=16 key_data_length=22
04-23 18:42:59.977 3584 3584 D wpa_supplicant: replay_counter - hexdump(len=8): 00 00 00 00 00 00 00 03
04-23 18:42:59.977 3584 3584 D wpa_supplicant: key_nonce - hexdump(len=32): 40 78 68 02 3a 90 e1 64 82 0f 7f 9c a7 e5 e7 b2 16 88 1f 54 52 1f 2e ee d2 6b ee 1f 48 12 db 2a
04-23 18:42:59.977 3584 3584 D wpa_supplicant: key_iv - hexdump(len=16): 00 00 00 00 00 00 00 00 00 00 00 00 00 00 00 00
04-23 18:42:59.977 3584 3584 D wpa_supplicant: key_rsc - hexdump(len=8): 00 00 00 00 00 00 00 00
04-23 18:42:59.977 3584 3584 D wpa_supplicant: key_id (reserved) - hexdump(len=8): 00 00 00 00 00 00 00 00
04-23 18:42:59.977 3584 3584 D wpa_supplicant: key_mic - hexdump(len=16): 00 00 00 00 00 00 00 00 00 00 00 00 00 00 00 00
04-23 18:42:59.977 3584 3584 D wpa_supplicant: wlan0: State: 4WAY_HANDSHAKE -> 4WAY_HANDSHAKE
04-23 18:42:59.977 3584 3584 D wpa_supplicant: wlan0: WPA: RX message 1 of 4-Way Handshake from 00:1b:da:33:7a:9f (ver=2)
04-23 18:42:59.977 3584 3584 D wpa_supplicant: RSN: msg 1/4 key data - hexdump(len=22): dd 14 00 0f ac 04 b5 59 8c b1 80 a7 ee e5 24 29 ef fb a8 2c e4 26
04-23 18:42:59.977 3584 3584 D wpa_supplicant: WPA: PMKID in EAPOL-Key - hexdump(len=22): dd 14 00 0f ac 04 b5 59 8c b1 80 a7 ee e5 24 29 ef fb a8 2c e4 26
04-23 18:42:59.977 3584 3584 D wpa_supplicant: RSN: PMKID from Authenticator - hexdump(len=16): b5 59 8c b1 80 a7 ee e5 24 29 ef fb a8 2c e4 26
04-23 18:42:59.977 3584 3584 D wpa_supplicant: wlan0: RSN: no matching PMKID found
04-23 18:42:59.977 3584 3584 D wpa_supplicant: WPA: PTK derivation - A1=54:e4:bd:58:36:c9 A2=00:1b:da:33:7a:9f
04-23 18:42:59.978 3584 3584 D wpa_supplicant: WPA: Nonce1 - hexdump(len=32): e0 6d 4a 3f 64 85 ff 4a e4 22 8d f2 e1 76 d4 61 fa 4a cb 83 44 3e 0b aa f9 bf ba aa e2 70 fb 06
04-23 18:42:59.978 3584 3584 D wpa_supplicant: WPA: Nonce2 - hexdump(len=32): 40 78 68 02 3a 90 e1 64 82 0f 7f 9c a7 e5 e7 b2 16 88 1f 54 52 1f 2e ee d2 6b ee 1f 48 12 db 2a
04-23 18:42:59.978 3584 3584 D wpa_supplicant: WPA: PMK - hexdump(len=32): [REMOVED]
04-23 18:42:59.978 3584 3584 D wpa_supplicant: WPA: PTK - hexdump(len=48): [REMOVED]
04-23 18:42:59.978 3584 3584 D wpa_supplicant: WPA: WPA IE for msg 2/4 - hexdump(len=22): 30 14 01 00 00 0f ac 04 01 00 00 0f ac 04 01 00 00 0f ac 02 00 00
04-23 18:42:59.978 3584 3584 D wpa_supplicant: WPA: Replay Counter - hexdump(len=8): 00 00 00 00 00 00 00 03
04-23 18:42:59.978 3584 3584 D wpa_supplicant: wlan0: WPA: Sending EAPOL-Key 2/4
04-23 18:42:59.978 3584 3584 D wpa_supplicant: WPA: KCK - hexdump(len=16): [REMOVED]
04-23 18:42:59.978 3584 3584 D wpa_supplicant: WPA: Derived Key MIC - hexdump(len=16): 41 9e a8 9d d8 62 92 c6 c0 35 28 55 bc 7e 97 c2
04-23 18:42:59.978 3584 3584 D wpa_supplicant: WPA: TX EAPOL-Key - hexdump(len=121): 01 03 00 75 02 01 0a 00 00 00 00 00 00 00 00 00 03 e0 6d 4a 3f 64 85 ff 4a e4 22 8d f2 e1 76 d4 ...
04-23 18:43:00.989 3584 3584 D wpa_supplicant: nl80211: Event message available
04-23 18:43:00.989 3584 3584 D wpa_supplicant: nl80211: Drv Event 48 (NL80211_CMD_DISCONNECT) received for wlan0
04-23 18:43:00.989 3584 3584 D wpa_supplicant: nl80211: Disconnect event
04-23 18:43:00.989 3584 3584 D wpa_supplicant: wlan0: Event DEAUTH (12) received
04-23 18:43:00.989 3584 3584 D wpa_supplicant: wlan0: Deauthentication notification
04-23 18:43:00.989 3584 3584 D wpa_supplicant: wlan0: * reason 0
04-23 18:43:00.989 3584 3584 D wpa_supplicant: Deauthentication frame IE(s) - hexdump(len=0): [NULL]
04-23 18:43:00.990 3584 3584 I wpa_supplicant: wlan0: CTRL-EVENT-DISCONNECTED bssid=00:1b:da:33:7a:9f reason=0
04-23 18:43:00.990 3584 3584 D wpa_supplicant: CTRL_IFACE monitor sent successfully to /data/misc/wifi/sockets/wpa_ctrl_2325-4\x00
04-23 18:43:00.990 3584 3584 I wpa_supplicant: wlan0: WPA: 4-Way Handshake failed - pre-shared key may be incorrect
04-23 18:43:00.990 3584 3584 D wpa_supplicant: CTRL_IFACE monitor sent successfully to /data/misc/wifi/sockets/wpa_ctrl_2325-4\x00
04-23 18:43:00.990 3584 3584 I wpa_supplicant: wlan0: CTRL-EVENT-SSID-TEMP-DISABLED id=0 ssid="Technoburst" auth_failures=1 duration=10 reason=WRONG_KEY
04-23 18:43:00.990 3584 3584 D wpa_supplicant: CTRL_IFACE monitor sent successfully to /data/misc/wifi/sockets/wpa_ctrl_2325-4\x00
04-23 18:43:00.990 3584 3584 D wpa_supplicant: wlan0: Auto connect disabled: do not try to re-connect
04-23 18:43:00.990 3584 3584 D wpa_supplicant: wlan0: Radio work 'connect'@0x7f673d81c3d0 done in 4.495033 seconds
04-23 18:43:00.990 3584 3584 D wpa_supplicant: wlan0: Ignore connection failure indication since interface has been put into disconnected state
04-23 18:43:00.990 3584 3584 D wpa_supplicant: TDLS: Remove peers on disassociation
04-23 18:43:00.990 3584 3584 D wpa_supplicant: wlan0: Disconnect event - remove keys
04-23 18:43:00.990 3584 3584 D wpa_supplicant: wlan0: State: 4WAY_HANDSHAKE -> DISCONNECTED
04-23 18:43:00.990 3584 3584 D wpa_supplicant: nl80211: Set wlan0 operstate 0->0 (DORMANT)
04-23 18:43:00.993 3584 3584 D wpa_supplicant: netlink: Operstate: ifindex=4 linkmode=-1 (no change), operstate=5 (IF_OPER_DORMANT)
04-23 18:43:00.993 3584 3584 D wpa_supplicant: CTRL_IFACE monitor sent successfully to /data/misc/wifi/sockets/wpa_ctrl_2325-4\x00
04-23 18:43:00.993 3584 3584 D wpa_supplicant: EAPOL: External notification - portEnabled=0
04-23 18:43:00.993 3584 3584 D wpa_supplicant: EAPOL: SUPP_PAE entering state DISCONNECTED
04-23 18:43:00.993 3584 3584 D wpa_supplicant: EAPOL: Supplicant port status: Unauthorized
04-23 18:43:00.993 3584 3584 D wpa_supplicant: nl80211: Skip set_supp_port(unauthorized) while not associated
04-23 18:43:00.993 3584 3584 D wpa_supplicant: EAPOL: SUPP_BE entering state INITIALIZE
04-23 18:43:00.993 3584 3584 D wpa_supplicant: EAPOL: External notification - portValid=0
04-23 18:43:00.993 3584 3584 D wpa_supplicant: EAPOL: External notification - EAP success=0
04-23 18:43:00.993 3584 3584 D wpa_supplicant: RTM_NEWLINK: ifi_index=4 ifname=wlan0 operstate=2 linkmode=1 ifi_family=0 ifi_flags=0x1003 ([UP])
04-23 18:43:00.994 2325 2509 E WifiStateMachine: ConnectModeState SSID state=temp-disabled nid=0 [id=0 ssid="Technoburst" auth_failures=1 duration=10 reason=WRONG_KEY]
04-23 18:43:00.994 2325 2509 E WifiConfigStore: SSID temp disabled for "Technoburst"WPA_PSK had autoJoinStatus=0 self added false ephemeral false
04-23 18:43:00.994 2325 2509 E WifiConfigStore: message=id=0 ssid="Technoburst" auth_failures=1 duration=10 reason=WRONG_KEY
04-23 18:43:00.997 3584 3584 D wpa_supplicant: RTM_NEWLINK: ifi_index=4 ifname=wlan0 wext ifi_family=0 ifi_flags=0x1003 ([UP])
04-23 18:43:06.957 3584 3584 D wpa_supplicant: wlan0: Control interface command 'SCAN TYPE=ONLY'
04-23 18:43:06.958 3584 3584 D wpa_supplicant: wlan0: Setting scan request: 0.000000 sec
04-23 18:43:06.958 3584 3584 D wpa_supplicant: wlan0: State: DISCONNECTED -> SCANNING
04-23 18:43:06.958 3584 3584 D wpa_supplicant: CTRL_IFACE monitor sent successfully to /data/misc/wifi/sockets/wpa_ctrl_2325-4\x00
04-23 18:43:06.958 3584 3584 D wpa_supplicant: wlan0: Starting AP scan for wildcard SSID
04-23 18:43:06.958 3584 3584 D wpa_supplicant: wlan0: Add radio work 'scan'@0x7f673d81c420
04-23 18:43:06.958 3584 3584 D wpa_supplicant: wlan0: First radio work item in the queue - schedule start immediately
04-23 18:43:06.958 3584 3584 D wpa_supplicant: wlan0: Starting radio work 'scan'@0x7f673d81c420 after 0.000076 second wait
04-23 18:43:06.958 3584 3584 D wpa_supplicant: wlan0: nl80211: scan request
04-23 18:43:06.958 3584 3584 D wpa_supplicant: nl80211: Scan SSID - hexdump(len=0): [NULL]
04-23 18:43:07.395 3584 3584 D wpa_supplicant: Scan requested (ret=0) - scan timeout 30 seconds
04-23 18:43:07.395 3584 3584 D wpa_supplicant: nl80211: Event message available
04-23 18:43:07.395 3584 3584 D wpa_supplicant: nl80211: Drv Event 33 (NL80211_CMD_TRIGGER_SCAN) received for wlan0
04-23 18:43:07.395 3584 3584 D wpa_supplicant: wlan0: nl80211: Scan trigger
04-23 18:43:07.395 3584 3584 D wpa_supplicant: wlan0: Event SCAN_STARTED (49) received
04-23 18:43:07.395 3584 3584 D wpa_supplicant: wlan0: Own scan request started a scan in 0.000206 seconds
04-23 18:43:07.395 3584 3584 D wpa_supplicant: CTRL_IFACE monitor sent successfully to /data/misc/wifi/sockets/wpa_ctrl_2325-4\x00
04-23 18:43:07.571 2693 2693 D PhoneStatusBar: disable: < expand ICONS* alerts SYSTEM_INFO* back home recent clock search
> 04-23 18:43:07.835 2693 3042 D BluetoothAdapter: 59353320: getState() : mService = null. Returning STATE_OFF
04-23 18:43:07.835 2693 3042 D BluetoothAdapter: 59353320: getState() : mService = null. Returning STATE_OFF
04-23 18:43:07.844 2693 3042 D BluetoothAdapter: 59353320: getState() : mService = null. Returning STATE_OFF
04-23 18:43:07.844 2693 3042 D BluetoothAdapter: 59353320: getState() : mService = null. Returning STATE_OFF
04-23 18:43:07.952 2325 2509 E WifiStateMachine: WifiStateMachine Disconnected CMD_START_SCAN source -2 4, 6 -> obsolete
04-23 18:43:07.955 3584 3584 D wpa_supplicant: wlan0: Control interface command 'SCAN TYPE=ONLY'
04-23 18:43:07.955 3584 3584 D wpa_supplicant: Ongoing scan action - reject new request
04-23 18:43:08.626 2325 2515 W AudioTrack: AUDIO_OUTPUT_FLAG_FAST denied by client
04-23 18:43:08.643 2034 2307 E audio_hw_primary: no pcm card found!
04-23 18:43:08.643 2693 2693 W ResourceType: No package identifier when getting value for resource number 0x00000000
04-23 18:43:08.643 2693 2693 W PackageManager: Failure retrieving resources for com.android.settings: Resource ID #0x0
04-23 18:43:08.654 2034 2307 E audio_hw_primary: no pcm card found!
04-23 18:43:08.656 2325 2635 I ActivityManager: START u0 {act=com.android.systemui.recents.SHOW_RECENTS flg=0x10804000 cmp=com.android.systemui/.recents.RecentsActivity} from uid 10013 on display 0
04-23 18:43:08.665 2034 2307 E audio_hw_primary: no pcm card found!
04-23 18:43:08.667 2325 2635 V WindowManager: addAppToken: AppWindowToken{36c4cedd token=Token{35b722b4 ActivityRecord{36a79387 u0 com.android.systemui/.recents.RecentsActivity t7}}} to stack=0 task=7 at 0
04-23 18:43:08.676 2034 2307 E audio_hw_primary: no pcm card found!
04-23 18:43:08.687 2034 2307 E audio_hw_primary: no pcm card found!
04-23 18:43:08.689 2026 2026 W SurfaceFlinger: captureScreen: error creating EGL fence: 0x3000
04-23 18:43:08.698 2034 2307 E audio_hw_primary: no pcm card found!
04-23 18:43:08.709 2034 2307 E audio_hw_primary: no pcm card found!
04-23 18:43:08.720 2034 2307 E audio_hw_primary: no pcm card found!
04-23 18:43:08.731 2034 2307 E audio_hw_primary: no pcm card found!
04-23 18:43:08.742 2034 2307 E audio_hw_primary: no pcm card found!
04-23 18:43:08.745 2693 2693 D OpenGLRenderer: setting property ambientRatio to 1.5
04-23 18:43:08.745 2693 2693 D OpenGLRenderer: ambientRatio = 1.50
04-23 18:43:08.753 2034 2307 E audio_hw_primary: no pcm card found!
04-23 18:43:08.764 2034 2307 E audio_hw_primary: no pcm card found!
04-23 18:43:08.769 2325 2345 V WindowManager: Adding window Window{e00ae76 u0 com.android.systemui/com.android.systemui.recents.RecentsActivity} at 4 of 9 (after Window{1e5bae5e u0 com.cyanogenmod.trebuchet/com.android.launcher3.Launcher})
04-23 18:43:08.773 3584 3584 D wpa_supplicant: nl80211: Event message available
04-23 18:43:08.773 3584 3584 D wpa_supplicant: nl80211: Drv Event 34 (NL80211_CMD_NEW_SCAN_RESULTS) received for wlan0
04-23 18:43:08.773 3584 3584 D wpa_supplicant: wlan0: nl80211: New scan results available
04-23 18:43:08.773 3584 3584 D wpa_supplicant: nl80211: Scan probed for SSID ''
04-23 18:43:08.773 3584 3584 D wpa_supplicant: nl80211: Scan included frequencies: 2412 2417 2422 2427 2432 2437 2442 2447 2452 2457 2462 2467 2472
04-23 18:43:08.773 3584 3584 D wpa_supplicant: wlan0: Event SCAN_RESULTS (3) received
04-23 18:43:08.773 3584 3584 D wpa_supplicant: wlan0: Scan completed in 1.378128 seconds
04-23 18:43:08.773 3584 3584 D wpa_supplicant: nl80211: Received scan results (3 BSSes)
04-23 18:43:08.773 3584 3584 D wpa_supplicant: Sorted scan results
04-23 18:43:08.773 3584 3584 D wpa_supplicant: 90:00:4e:82:36:1d freq=2462 qual=0 noise=0 level=-55 flags=0xb age=0
04-23 18:43:08.773 3584 3584 D wpa_supplicant: IEs - hexdump(len=220): 00 0e 53 48 49 4e 4f 53 41 4d 55 45 4c 2d 4c 50 01 08 82 84 8b 96 12 24 48 6c 03 01 0b 2a 01 04 ...
04-23 18:43:08.773 3584 3584 D wpa_supplicant: 00:1b:da:33:7a:9f freq=2462 qual=0 noise=0 level=-60 flags=0xb age=0
04-23 18:43:08.773 3584 3584 D wpa_supplicant: IEs - hexdump(len=68): 00 0b 54 65 63 68 6e 6f 62 75 72 73 74 01 08 82 84 8b 96 24 30 48 6c 03 01 0b 2a 01 04 2f 01 04 ...
04-23 18:43:08.773 3584 3584 D wpa_supplicant: 20:25:64:4e:f3:67 freq=2437 qual=0 noise=0 level=-73 flags=0xb age=0
04-23 18:43:08.773 3584 3584 D wpa_supplicant: IEs - hexdump(len=301): 00 06 38 61 30 65 63 31 01 08 82 84 8b 96 24 30 48 6c 03 01 06 2a 01 00 2f 01 00 30 18 01 00 00 ...
04-23 18:43:08.773 3584 3584 D wpa_supplicant: wlan0: BSS: Start scan result update 5
04-23 18:43:08.773 3584 3584 D wpa_supplicant: BSS: last_scan_res_used=3/32
04-23 18:43:08.773 3584 3584 D wpa_supplicant: Add randomness: count=15 entropy=0
04-23 18:43:08.773 3584 3584 D wpa_supplicant: random pool - hexdump(len=128): [REMOVED]
04-23 18:43:08.774 3584 3584 D wpa_supplicant: random_mix_pool - hexdump(len=16): [REMOVED]
04-23 18:43:08.774 3584 3584 D wpa_supplicant: random_mix_pool - hexdump(len=5): [REMOVED]
04-23 18:43:08.774 3584 3584 D wpa_supplicant: random pool - hexdump(len=128): [REMOVED]
04-23 18:43:08.774 3584 3584 D wpa_supplicant: Add randomness: count=16 entropy=1
04-23 18:43:08.774 3584 3584 D wpa_supplicant: random pool - hexdump(len=128): [REMOVED]
04-23 18:43:08.774 3584 3584 D wpa_supplicant: random_mix_pool - hexdump(len=16): [REMOVED]
04-23 18:43:08.774 3584 3584 D wpa_supplicant: random_mix_pool - hexdump(len=5): [REMOVED]
04-23 18:43:08.774 3584 3584 D wpa_supplicant: random pool - hexdump(len=128): [REMOVED]
04-23 18:43:08.774 3584 3584 D wpa_supplicant: Add randomness: count=17 entropy=2
04-23 18:43:08.774 3584 3584 D wpa_supplicant: random pool - hexdump(len=128): [REMOVED]
04-23 18:43:08.774 3584 3584 D wpa_supplicant: random_mix_pool - hexdump(len=16): [REMOVED]
04-23 18:43:08.774 3584 3584 D wpa_supplicant: random_mix_pool - hexdump(len=5): [REMOVED]
04-23 18:43:08.774 3584 3584 D wpa_supplicant: random pool - hexdump(len=128): [REMOVED]
04-23 18:43:08.774 3584 3584 D wpa_supplicant: wlan0: Scan-only results received
04-23 18:43:08.774 3584 3584 D wpa_supplicant: CTRL_IFACE monitor sent successfully to /data/misc/wifi/sockets/wpa_ctrl_2325-4\x00
04-23 18:43:08.775 2034 2307 E audio_hw_primary: no pcm card found!
04-23 18:43:08.780 3584 3584 D wpa_supplicant: wlan0: Radio work 'scan'@0x7f673d81c420 done in 1.821530 seconds
04-23 18:43:08.780 3584 3584 D wpa_supplicant: wlan0: Control interface command 'BSS RANGE=0- MASK=0x21987'
04-23 18:43:08.780 3584 3584 D wpa_supplicant: WPS: attr type=0x104a len=1
04-23 18:43:08.780 3584 3584 D wpa_supplicant: WPS: attr type=0x1044 len=1
04-23 18:43:08.780 3584 3584 D wpa_supplicant: WPS: attr type=0x103b len=1
04-23 18:43:08.780 3584 3584 D wpa_supplicant: WPS: attr type=0x1047 len=16
04-23 18:43:08.780 3584 3584 D wpa_supplicant: WPS: attr type=0x1021 len=5
04-23 18:43:08.780 3584 3584 D wpa_supplicant: WPS: attr type=0x1023 len=5
04-23 18:43:08.780 3584 3584 D wpa_supplicant: WPS: attr type=0x1024 len=6
04-23 18:43:08.780 3584 3584 D wpa_supplicant: WPS: attr type=0x1042 len=7
04-23 18:43:08.780 3584 3584 D wpa_supplicant: WPS: attr type=0x1054 len=8
04-23 18:43:08.780 3584 3584 D wpa_supplicant: WPS: attr type=0x1011 len=6
04-23 18:43:08.780 3584 3584 D wpa_supplicant: WPS: attr type=0x1008 len=2
04-23 18:43:08.780 3584 3584 D wpa_supplicant: WPS: attr type=0x103c len=1
04-23 18:43:08.780 3584 3584 D wpa_supplicant: WPS: attr type=0x1049 len=6
04-23 18:43:08.780 3584 3584 D wpa_supplicant: WPS: WFA subelement id=0 len=1
04-23 18:43:08.780 3584 3584 D wpa_supplicant: WPS: attr type=0x104a len=1
04-23 18:43:08.780 3584 3584 D wpa_supplicant: WPS: attr type=0x1044 len=1
04-23 18:43:08.780 3584 3584 D wpa_supplicant: WPS: attr type=0x103b len=1
04-23 18:43:08.780 3584 3584 D wpa_supplicant: WPS: attr type=0x1047 len=16
04-23 18:43:08.780 3584 3584 D wpa_supplicant: WPS: attr type=0x1021 len=5
04-23 18:43:08.780 3584 3584 D wpa_supplicant: WPS: attr type=0x1023 len=5
04-23 18:43:08.780 3584 3584 D wpa_supplicant: WPS: attr type=0x1024 len=6
04-23 18:43:08.780 3584 3584 D wpa_supplicant: WPS: attr type=0x1042 len=7
04-23 18:43:08.780 3584 3584 D wpa_supplicant: WPS: attr type=0x1054 len=8
04-23 18:43:08.780 3584 3584 D wpa_supplicant: WPS: attr type=0x1011 len=6
04-23 18:43:08.780 3584 3584 D wpa_supplicant: WPS: attr type=0x1008 len=2
04-23 18:43:08.780 3584 3584 D wpa_supplicant: WPS: attr type=0x103c len=1
04-23 18:43:08.780 3584 3584 D wpa_supplicant: WPS: attr type=0x1049 len=6
04-23 18:43:08.780 3584 3584 D wpa_supplicant: WPS: WFA subelement id=0 len=1
04-23 18:43:08.780 3584 3584 D wpa_supplicant: WPS: attr type=0x104a len=1
04-23 18:43:08.780 3584 3584 D wpa_supplicant: WPS: attr type=0x1044 len=1
04-23 18:43:08.780 3584 3584 D wpa_supplicant: WPS: attr type=0x103b len=1
04-23 18:43:08.780 3584 3584 D wpa_supplicant: WPS: attr type=0x1047 len=16
04-23 18:43:08.780 3584 3584 D wpa_supplicant: WPS: attr type=0x1021 len=5
04-23 18:43:08.780 3584 3584 D wpa_supplicant: WPS: attr type=0x1023 len=5
04-23 18:43:08.780 3584 3584 D wpa_supplicant: WPS: attr type=0x1024 len=6
04-23 18:43:08.780 3584 3584 D wpa_supplicant: WPS: attr type=0x1042 len=7
04-23 18:43:08.780 3584 3584 D wpa_supplicant: WPS: attr type=0x1054 len=8
04-23 18:43:08.780 3584 3584 D wpa_supplicant: WPS: attr type=0x1011 len=6
04-23 18:43:08.780 3584 3584 D wpa_supplicant: WPS: attr type=0x1008 len=2
04-23 18:43:08.780 3584 3584 D wpa_supplicant: WPS: attr type=0x103c len=1
04-23 18:43:08.780 3584 3584 D wpa_supplicant: WPS: attr type=0x1049 len=6
04-23 18:43:08.780 3584 3584 D wpa_supplicant: WPS: WFA subelement id=0 len=1
04-23 18:43:08.780 3584 3584 D wpa_supplicant: RTM_NEWLINK: ifi_index=4 ifname=wlan0 wext ifi_family=0 ifi_flags=0x1003 ([UP])
04-23 18:43:08.783 3584 3584 D wpa_supplicant: wlan0: Control interface command 'STATUS-NO_EVENTS'
04-23 18:43:08.784 2325 2509 E WifiStateMachine: WifiStateMachine shouldSwitchNetwork txSuccessRate=-0.00 rxSuccessRate=-0.00 delta 1000 -> 1000
04-23 18:43:08.784 2325 2509 E WifiConfigStore: rewrite network history for "Technoburst"WPA_PSK
04-23 18:43:08.786 2034 2307 E audio_hw_primary: no pcm card found!
04-23 18:43:08.791 2325 2509 E WifiStateMachine: CMD_AUTO_CONNECT sup state ScanState my state DisconnectedState nid=0 roam=3
04-23 18:43:08.791 2325 2509 E WifiConfigStore: saveWifiConfigBSSID Setting BSSID for "Technoburst"WPA_PSK to any
04-23 18:43:08.791 3584 3584 D wpa_supplicant: wlan0: Control interface command 'SET_NETWORK [REMOVED]'
04-23 18:43:08.791 3584 3584 D wpa_supplicant: CTRL_IFACE: SET_NETWORK id=0 name='bssid'
04-23 18:43:08.791 3584 3584 D wpa_supplicant: CTRL_IFACE: value - hexdump(len=3): [REMOVED]
04-23 18:43:08.791 3584 3584 D wpa_supplicant: BSSID any
04-23 18:43:08.792 3584 3584 D wpa_supplicant: wlan0: Control interface command 'SAVE_CONFIG'
04-23 18:43:08.792 3584 3584 D wpa_supplicant: Writing configuration file '/data/misc/wifi/wpa_supplicant.conf.tmp'
04-23 18:43:08.792 3584 3584 D wpa_supplicant: Configuration file '/data/misc/wifi/wpa_supplicant.conf' written successfully
04-23 18:43:08.792 3584 3584 D wpa_supplicant: CTRL_IFACE: SAVE_CONFIG - Configuration updated
04-23 18:43:08.792 2325 2509 E WifiStateMachine: CMD_AUTO_CONNECT will save config -> "Technoburst" nid=0
04-23 18:43:08.793 3584 3584 D wpa_supplicant: wlan0: Control interface command 'SET_NETWORK [REMOVED]'
04-23 18:43:08.793 3584 3584 D wpa_supplicant: CTRL_IFACE: SET_NETWORK id=0 name='ssid'
04-23 18:43:08.793 3584 3584 D wpa_supplicant: CTRL_IFACE: value - hexdump(len=22): [REMOVED]
04-23 18:43:08.793 3584 3584 D wpa_supplicant: ssid - hexdump(len=11): 54 65 63 68 6e 6f 62 75 72 73 74
04-23 18:43:08.797 2034 2307 E audio_hw_primary: no pcm card found!
04-23 18:43:08.807 2034 2307 E audio_hw_primary: no pcm card found!
04-23 18:43:08.816 3584 3584 D wpa_supplicant: PSK (from passphrase) - hexdump(len=32): [REMOVED]
04-23 18:43:08.817 3584 3584 D wpa_supplicant: wlan0: Control interface command 'SET_NETWORK [REMOVED]'
04-23 18:43:08.817 3584 3584 D wpa_supplicant: CTRL_IFACE: SET_NETWORK id=0 name='key_mgmt'
04-23 18:43:08.817 3584 3584 D wpa_supplicant: CTRL_IFACE: value - hexdump(len=7): [REMOVED]
04-23 18:43:08.817 3584 3584 D wpa_supplicant: key_mgmt: 0x2
04-23 18:43:08.817 3584 3584 D wpa_supplicant: wlan0: Control interface command 'SET_NETWORK [REMOVED]'
04-23 18:43:08.817 3584 3584 D wpa_supplicant: CTRL_IFACE: SET_NETWORK id=0 name='proto'
04-23 18:43:08.817 3584 3584 D wpa_supplicant: CTRL_IFACE: value - hexdump(len=7): [REMOVED]
04-23 18:43:08.817 3584 3584 D wpa_supplicant: proto: 0x3
04-23 18:43:08.817 3584 3584 D wpa_supplicant: wlan0: Control interface command 'SET_NETWORK [REMOVED]'
04-23 18:43:08.817 3584 3584 D wpa_supplicant: CTRL_IFACE: SET_NETWORK id=0 name='pairwise'
04-23 18:43:08.817 3584 3584 D wpa_supplicant: CTRL_IFACE: value - hexdump(len=9): [REMOVED]
04-23 18:43:08.817 3584 3584 D wpa_supplicant: pairwise: 0x18
04-23 18:43:08.817 3584 3584 D wpa_supplicant: wlan0: Control interface command 'SET_NETWORK [REMOVED]'
04-23 18:43:08.818 3584 3584 D wpa_supplicant: CTRL_IFACE: SET_NETWORK id=0 name='group'
04-23 18:43:08.818 3584 3584 D wpa_supplicant: CTRL_IFACE: value - hexdump(len=22): [REMOVED]
04-23 18:43:08.818 3584 3584 D wpa_supplicant: group: 0x1e
04-23 18:43:08.818 3584 3584 D wpa_supplicant: wlan0: Control interface command 'SET_NETWORK [REMOVED]'
04-23 18:43:08.818 3584 3584 D wpa_supplicant: CTRL_IFACE: SET_NETWORK id=0 name='priority'
04-23 18:43:08.818 3584 3584 D wpa_supplicant: CTRL_IFACE: value - hexdump(len=1): [REMOVED]
04-23 18:43:08.818 3584 3584 D wpa_supplicant: priority=1 (0x1)
04-23 18:43:08.818 2325 2509 E WifiConfigStore: will read network variables netId=0
04-23 18:43:08.818 2034 2307 E audio_hw_primary: no pcm card found!
04-23 18:43:08.818 3584 3584 D wpa_supplicant: wlan0: Control interface command 'GET_NETWORK 0 ssid'
04-23 18:43:08.818 3584 3584 D wpa_supplicant: CTRL_IFACE: GET_NETWORK id=0 name='ssid'
04-23 18:43:08.819 3584 3584 D wpa_supplicant: wlan0: Control interface command 'GET_NETWORK 0 bssid'
04-23 18:43:08.819 3584 3584 D wpa_supplicant: CTRL_IFACE: GET_NETWORK id=0 name='bssid'
04-23 18:43:08.819 3584 3584 D wpa_supplicant: CTRL_IFACE: Failed to get network variable 'bssid'
04-23 18:43:08.819 3584 3584 D wpa_supplicant: wlan0: Control interface command 'GET_NETWORK 0 priority'
04-23 18:43:08.819 3584 3584 D wpa_supplicant: CTRL_IFACE: GET_NETWORK id=0 name='priority'
04-23 18:43:08.820 3584 3584 D wpa_supplicant: wlan0: Control interface command 'GET_NETWORK 0 scan_ssid'
04-23 18:43:08.820 3584 3584 D wpa_supplicant: CTRL_IFACE: GET_NETWORK id=0 name='scan_ssid'
04-23 18:43:08.820 3584 3584 D wpa_supplicant: wlan0: Control interface command 'GET_NETWORK 0 wep_tx_keyidx'
04-23 18:43:08.820 3584 3584 D wpa_supplicant: CTRL_IFACE: GET_NETWORK id=0 name='wep_tx_keyidx'
04-23 18:43:08.820 3584 3584 D wpa_supplicant: wlan0: Control interface command 'GET_NETWORK 0 wep_key0'
04-23 18:43:08.820 3584 3584 D wpa_supplicant: CTRL_IFACE: GET_NETWORK id=0 name='wep_key0'
04-23 18:43:08.820 3584 3584 D wpa_supplicant: CTRL_IFACE: Failed to get network variable 'wep_key0'
04-23 18:43:08.820 3584 3584 D wpa_supplicant: wlan0: Control interface command 'GET_NETWORK 0 wep_key1'
04-23 18:43:08.820 3584 3584 D wpa_supplicant: CTRL_IFACE: GET_NETWORK id=0 name='wep_key1'
04-23 18:43:08.820 3584 3584 D wpa_supplicant: CTRL_IFACE: Failed to get network variable 'wep_key1'
04-23 18:43:08.820 3584 3584 D wpa_supplicant: wlan0: Control interface command 'GET_NETWORK 0 wep_key2'
04-23 18:43:08.820 3584 3584 D wpa_supplicant: CTRL_IFACE: GET_NETWORK id=0 name='wep_key2'
04-23 18:43:08.820 3584 3584 D wpa_supplicant: CTRL_IFACE: Failed to get network variable 'wep_key2'
04-23 18:43:08.821 3584 3584 D wpa_supplicant: wlan0: Control interface command 'GET_NETWORK 0 wep_key3'
04-23 18:43:08.821 3584 3584 D wpa_supplicant: CTRL_IFACE: GET_NETWORK id=0 name='wep_key3'
04-23 18:43:08.821 3584 3584 D wpa_supplicant: CTRL_IFACE: Failed to get network variable 'wep_key3'
04-23 18:43:08.822 3584 3584 D wpa_supplicant: wlan0: Control interface command 'GET_NETWORK 0 psk'
04-23 18:43:08.822 3584 3584 D wpa_supplicant: CTRL_IFACE: GET_NETWORK id=0 name='psk'
04-23 18:43:08.822 3584 3584 D wpa_supplicant: Do not allow key_data field to be exposed
04-23 18:43:08.822 3584 3584 D wpa_supplicant: wlan0: Control interface command 'GET_NETWORK 0 proto'
04-23 18:43:08.822 3584 3584 D wpa_supplicant: CTRL_IFACE: GET_NETWORK id=0 name='proto'
04-23 18:43:08.822 3584 3584 D wpa_supplicant: wlan0: Control interface command 'GET_NETWORK 0 key_mgmt'
04-23 18:43:08.822 3584 3584 D wpa_supplicant: CTRL_IFACE: GET_NETWORK id=0 name='key_mgmt'
04-23 18:43:08.822 3584 3584 D wpa_supplicant: wlan0: Control interface command 'GET_NETWORK 0 auth_alg'
04-23 18:43:08.822 3584 3584 D wpa_supplicant: CTRL_IFACE: GET_NETWORK id=0 name='auth_alg'
04-23 18:43:08.822 3584 3584 D wpa_supplicant: CTRL_IFACE: Failed to get network variable 'auth_alg'
04-23 18:43:08.823 3584 3584 D wpa_supplicant: wlan0: Control interface command 'GET_NETWORK 0 pairwise'
04-23 18:43:08.823 3584 3584 D wpa_supplicant: CTRL_IFACE: GET_NETWORK id=0 name='pairwise'
04-23 18:43:08.823 3584 3584 D wpa_supplicant: wlan0: Control interface command 'GET_NETWORK 0 group'
04-23 18:43:08.823 3584 3584 D wpa_supplicant: CTRL_IFACE: GET_NETWORK id=0 name='group'
04-23 18:43:08.823 3584 3584 D wpa_supplicant: wlan0: Control interface command 'GET_NETWORK 0 eap'
04-23 18:43:08.823 3584 3584 D wpa_supplicant: CTRL_IFACE: GET_NETWORK id=0 name='eap'
04-23 18:43:08.823 3584 3584 D wpa_supplicant: CTRL_IFACE: Failed to get network variable 'eap'
04-23 18:43:08.824 3584 3584 D wpa_supplicant: wlan0: Control interface command 'GET_NETWORK 0 phase2'
04-23 18:43:08.824 3584 3584 D wpa_supplicant: CTRL_IFACE: GET_NETWORK id=0 name='phase2'
04-23 18:43:08.824 3584 3584 D wpa_supplicant: CTRL_IFACE: Failed to get network variable 'phase2'
04-23 18:43:08.824 3584 3584 D wpa_supplicant: wlan0: Control interface command 'GET_NETWORK 0 identity'
04-23 18:43:08.824 3584 3584 D wpa_supplicant: CTRL_IFACE: GET_NETWORK id=0 name='identity'
04-23 18:43:08.824 3584 3584 D wpa_supplicant: CTRL_IFACE: Failed to get network variable 'identity'
04-23 18:43:08.824 3584 3584 D wpa_supplicant: wlan0: Control interface command 'GET_NETWORK 0 anonymous_identity'
04-23 18:43:08.824 3584 3584 D wpa_supplicant: CTRL_IFACE: GET_NETWORK id=0 name='anonymous_identity'
04-23 18:43:08.824 3584 3584 D wpa_supplicant: CTRL_IFACE: Failed to get network variable 'anonymous_identity'
04-23 18:43:08.825 3584 3584 D wpa_supplicant: wlan0: Control interface command 'GET_NETWORK 0 password'
04-23 18:43:08.825 3584 3584 D wpa_supplicant: CTRL_IFACE: GET_NETWORK id=0 name='password'
04-23 18:43:08.825 3584 3584 D wpa_supplicant: CTRL_IFACE: Failed to get network variable 'password'
04-23 18:43:08.825 3584 3584 D wpa_supplicant: wlan0: Control interface command 'GET_NETWORK 0 client_cert'
04-23 18:43:08.825 3584 3584 D wpa_supplicant: CTRL_IFACE: GET_NETWORK id=0 name='client_cert'
04-23 18:43:08.825 3584 3584 D wpa_supplicant: CTRL_IFACE: Failed to get network variable 'client_cert'
04-23 18:43:08.825 3584 3584 D wpa_supplicant: wlan0: Control interface command 'GET_NETWORK 0 ca_cert'
04-23 18:43:08.825 3584 3584 D wpa_supplicant: CTRL_IFACE: GET_NETWORK id=0 name='ca_cert'
04-23 18:43:08.825 3584 3584 D wpa_supplicant: CTRL_IFACE: Failed to get network variable 'ca_cert'
04-23 18:43:08.826 3584 3584 D wpa_supplicant: wlan0: Control interface command 'GET_NETWORK 0 subject_match'
04-23 18:43:08.826 3584 3584 D wpa_supplicant: CTRL_IFACE: GET_NETWORK id=0 name='subject_match'
04-23 18:43:08.826 3584 3584 D wpa_supplicant: CTRL_IFACE: Failed to get network variable 'subject_match'
04-23 18:43:08.826 3584 3584 D wpa_supplicant: wlan0: Control interface command 'GET_NETWORK 0 engine'
04-23 18:43:08.826 3584 3584 D wpa_supplicant: CTRL_IFACE: GET_NETWORK id=0 name='engine'
04-23 18:43:08.826 3584 3584 D wpa_supplicant: wlan0: Control interface command 'GET_NETWORK 0 engine_id'
04-23 18:43:08.826 3584 3584 D wpa_supplicant: CTRL_IFACE: GET_NETWORK id=0 name='engine_id'
04-23 18:43:08.826 3584 3584 D wpa_supplicant: CTRL_IFACE: Failed to get network variable 'engine_id'
04-23 18:43:08.826 3584 3584 D wpa_supplicant: wlan0: Control interface command 'GET_NETWORK 0 key_id'
04-23 18:43:08.826 3584 3584 D wpa_supplicant: CTRL_IFACE: GET_NETWORK id=0 name='key_id'
04-23 18:43:08.826 3584 3584 D wpa_supplicant: CTRL_IFACE: Failed to get network variable 'key_id'
04-23 18:43:08.827 3584 3584 D wpa_supplicant: wlan0: Control interface command 'GET_NETWORK 0 private_key'
04-23 18:43:08.827 3584 3584 D wpa_supplicant: CTRL_IFACE: GET_NETWORK id=0 name='private_key'
04-23 18:43:08.827 3584 3584 D wpa_supplicant: CTRL_IFACE: Failed to get network variable 'private_key'
04-23 18:43:08.827 3584 3584 D wpa_supplicant: wlan0: Control interface command 'SAVE_CONFIG'
04-23 18:43:08.827 3584 3584 D wpa_supplicant: Writing configuration file '/data/misc/wifi/wpa_supplicant.conf.tmp'
04-23 18:43:08.827 3584 3584 D wpa_supplicant: Configuration file '/data/misc/wifi/wpa_supplicant.conf' written successfully
04-23 18:43:08.827 3584 3584 D wpa_supplicant: CTRL_IFACE: SAVE_CONFIG - Configuration updated
04-23 18:43:08.828 2325 2509 E WifiStateMachine: CMD_AUTO_CONNECT did save config -> nid=0
04-23 18:43:08.828 3584 3584 D wpa_supplicant: wlan0: Control interface command 'ENABLE_NETWORK 0'
04-23 18:43:08.828 3584 3584 D wpa_supplicant: CTRL_IFACE: ENABLE_NETWORK id=0
04-23 18:43:08.829 3584 3584 D wpa_supplicant: wlan0: Control interface command 'SET_NETWORK [REMOVED]'
04-23 18:43:08.829 3584 3584 D wpa_supplicant: CTRL_IFACE: SET_NETWORK id=0 name='priority'
04-23 18:43:08.829 3584 3584 D wpa_supplicant: CTRL_IFACE: value - hexdump(len=1): [REMOVED]
04-23 18:43:08.829 3584 3584 D wpa_supplicant: priority=2 (0x2)
04-23 18:43:08.829 2325 2509 E WifiConfigStore: will read network variables netId=0
04-23 18:43:08.829 3584 3584 D wpa_supplicant: wlan0: Control interface command 'GET_NETWORK 0 ssid'
04-23 18:43:08.829 3584 3584 D wpa_supplicant: CTRL_IFACE: GET_NETWORK id=0 name='ssid'
04-23 18:43:08.829 2034 2307 E audio_hw_primary: no pcm card found!
04-23 18:43:08.829 3584 3584 D wpa_supplicant: wlan0: Control interface command 'GET_NETWORK 0 bssid'
04-23 18:43:08.829 3584 3584 D wpa_supplicant: CTRL_IFACE: GET_NETWORK id=0 name='bssid'
04-23 18:43:08.829 3584 3584 D wpa_supplicant: CTRL_IFACE: Failed to get network variable 'bssid'
04-23 18:43:08.829 3584 3584 D wpa_supplicant: wlan0: Control interface command 'GET_NETWORK 0 priority'
04-23 18:43:08.829 3584 3584 D wpa_supplicant: CTRL_IFACE: GET_NETWORK id=0 name='priority'
04-23 18:43:08.830 3584 3584 D wpa_supplicant: wlan0: Control interface command 'GET_NETWORK 0 scan_ssid'
04-23 18:43:08.830 3584 3584 D wpa_supplicant: CTRL_IFACE: GET_NETWORK id=0 name='scan_ssid'
04-23 18:43:08.830 3584 3584 D wpa_supplicant: wlan0: Control interface command 'GET_NETWORK 0 wep_tx_keyidx'
04-23 18:43:08.830 3584 3584 D wpa_supplicant: CTRL_IFACE: GET_NETWORK id=0 name='wep_tx_keyidx'
04-23 18:43:08.830 3584 3584 D wpa_supplicant: wlan0: Control interface command 'GET_NETWORK 0 wep_key0'
04-23 18:43:08.830 3584 3584 D wpa_supplicant: CTRL_IFACE: GET_NETWORK id=0 name='wep_key0'
04-23 18:43:08.830 3584 3584 D wpa_supplicant: CTRL_IFACE: Failed to get network variable 'wep_key0'
04-23 18:43:08.830 3584 3584 D wpa_supplicant: wlan0: Control interface command 'GET_NETWORK 0 wep_key1'
04-23 18:43:08.830 3584 3584 D wpa_supplicant: CTRL_IFACE: GET_NETWORK id=0 name='wep_key1'
04-23 18:43:08.830 3584 3584 D wpa_supplicant: CTRL_IFACE: Failed to get network variable 'wep_key1'
04-23 18:43:08.830 3584 3584 D wpa_supplicant: wlan0: Control interface command 'GET_NETWORK 0 wep_key2'
04-23 18:43:08.830 3584 3584 D wpa_supplicant: CTRL_IFACE: GET_NETWORK id=0 name='wep_key2'
04-23 18:43:08.830 3584 3584 D wpa_supplicant: CTRL_IFACE: Failed to get network variable 'wep_key2'
04-23 18:43:08.831 3584 3584 D wpa_supplicant: wlan0: Control interface command 'GET_NETWORK 0 wep_key3'
04-23 18:43:08.831 3584 3584 D wpa_supplicant: CTRL_IFACE: GET_NETWORK id=0 name='wep_key3'
04-23 18:43:08.831 3584 3584 D wpa_supplicant: CTRL_IFACE: Failed to get network variable 'wep_key3'
04-23 18:43:08.831 3584 3584 D wpa_supplicant: wlan0: Control interface command 'GET_NETWORK 0 psk'
04-23 18:43:08.831 3584 3584 D wpa_supplicant: CTRL_IFACE: GET_NETWORK id=0 name='psk'
04-23 18:43:08.831 3584 3584 D wpa_supplicant: Do not allow key_data field to be exposed
04-23 18:43:08.831 3584 3584 D wpa_supplicant: wlan0: Control interface command 'GET_NETWORK 0 proto'
04-23 18:43:08.831 3584 3584 D wpa_supplicant: CTRL_IFACE: GET_NETWORK id=0 name='proto'
04-23 18:43:08.831 3584 3584 D wpa_supplicant: wlan0: Control interface command 'GET_NETWORK 0 key_mgmt'
04-23 18:43:08.831 3584 3584 D wpa_supplicant: CTRL_IFACE: GET_NETWORK id=0 name='key_mgmt'
04-23 18:43:08.831 3584 3584 D wpa_supplicant: wlan0: Control interface command 'GET_NETWORK 0 auth_alg'
04-23 18:43:08.831 3584 3584 D wpa_supplicant: CTRL_IFACE: GET_NETWORK id=0 name='auth_alg'
04-23 18:43:08.831 3584 3584 D wpa_supplicant: CTRL_IFACE: Failed to get network variable 'auth_alg'
04-23 18:43:08.832 3584 3584 D wpa_supplicant: wlan0: Control interface command 'GET_NETWORK 0 pairwise'
04-23 18:43:08.832 3584 3584 D wpa_supplicant: CTRL_IFACE: GET_NETWORK id=0 name='pairwise'
04-23 18:43:08.832 3584 3584 D wpa_supplicant: wlan0: Control interface command 'GET_NETWORK 0 group'
04-23 18:43:08.832 3584 3584 D wpa_supplicant: CTRL_IFACE: GET_NETWORK id=0 name='group'
04-23 18:43:08.832 3584 3584 D wpa_supplicant: wlan0: Control interface command 'GET_NETWORK 0 eap'
04-23 18:43:08.832 3584 3584 D wpa_supplicant: CTRL_IFACE: GET_NETWORK id=0 name='eap'
04-23 18:43:08.832 3584 3584 D wpa_supplicant: CTRL_IFACE: Failed to get network variable 'eap'
04-23 18:43:08.832 3584 3584 D wpa_supplicant: wlan0: Control interface command 'GET_NETWORK 0 phase2'
04-23 18:43:08.832 3584 3584 D wpa_supplicant: CTRL_IFACE: GET_NETWORK id=0 name='phase2'
04-23 18:43:08.832 3584 3584 D wpa_supplicant: CTRL_IFACE: Failed to get network variable 'phase2'
04-23 18:43:08.832 3584 3584 D wpa_supplicant: wlan0: Control interface command 'GET_NETWORK 0 identity'
04-23 18:43:08.832 3584 3584 D wpa_supplicant: CTRL_IFACE: GET_NETWORK id=0 name='identity'
04-23 18:43:08.832 3584 3584 D wpa_supplicant: CTRL_IFACE: Failed to get network variable 'identity'
04-23 18:43:08.833 3584 3584 D wpa_supplicant: wlan0: Control interface command 'GET_NETWORK 0 anonymous_identity'
04-23 18:43:08.833 3584 3584 D wpa_supplicant: CTRL_IFACE: GET_NETWORK id=0 name='anonymous_identity'
04-23 18:43:08.833 3584 3584 D wpa_supplicant: CTRL_IFACE: Failed to get network variable 'anonymous_identity'
04-23 18:43:08.833 3584 3584 D wpa_supplicant: wlan0: Control interface command 'GET_NETWORK 0 password'
04-23 18:43:08.833 3584 3584 D wpa_supplicant: CTRL_IFACE: GET_NETWORK id=0 name='password'
04-23 18:43:08.833 3584 3584 D wpa_supplicant: CTRL_IFACE: Failed to get network variable 'password'
04-23 18:43:08.834 3584 3584 D wpa_supplicant: wlan0: Control interface command 'GET_NETWORK 0 client_cert'
04-23 18:43:08.834 3584 3584 D wpa_supplicant: CTRL_IFACE: GET_NETWORK id=0 name='client_cert'
04-23 18:43:08.834 3584 3584 D wpa_supplicant: CTRL_IFACE: Failed to get network variable 'client_cert'
04-23 18:43:08.834 3584 3584 D wpa_supplicant: wlan0: Control interface command 'GET_NETWORK 0 ca_cert'
04-23 18:43:08.835 3584 3584 D wpa_supplicant: CTRL_IFACE: GET_NETWORK id=0 name='ca_cert'
04-23 18:43:08.835 3584 3584 D wpa_supplicant: CTRL_IFACE: Failed to get network variable 'ca_cert'
04-23 18:43:08.835 3584 3584 D wpa_supplicant: wlan0: Control interface command 'GET_NETWORK 0 subject_match'
04-23 18:43:08.835 3584 3584 D wpa_supplicant: CTRL_IFACE: GET_NETWORK id=0 name='subject_match'
04-23 18:43:08.835 3584 3584 D wpa_supplicant: CTRL_IFACE: Failed to get network variable 'subject_match'
04-23 18:43:08.835 3584 3584 D wpa_supplicant: wlan0: Control interface command 'GET_NETWORK 0 engine'
04-23 18:43:08.835 3584 3584 D wpa_supplicant: CTRL_IFACE: GET_NETWORK id=0 name='engine'
04-23 18:43:08.835 3584 3584 D wpa_supplicant: wlan0: Control interface command 'GET_NETWORK 0 engine_id'
04-23 18:43:08.835 3584 3584 D wpa_supplicant: CTRL_IFACE: GET_NETWORK id=0 name='engine_id'
04-23 18:43:08.835 3584 3584 D wpa_supplicant: CTRL_IFACE: Failed to get network variable 'engine_id'
04-23 18:43:08.835 3584 3584 D wpa_supplicant: wlan0: Control interface command 'GET_NETWORK 0 key_id'
04-23 18:43:08.835 3584 3584 D wpa_supplicant: CTRL_IFACE: GET_NETWORK id=0 name='key_id'
04-23 18:43:08.835 3584 3584 D wpa_supplicant: CTRL_IFACE: Failed to get network variable 'key_id'
04-23 18:43:08.836 3584 3584 D wpa_supplicant: wlan0: Control interface command 'GET_NETWORK 0 private_key'
04-23 18:43:08.836 3584 3584 D wpa_supplicant: CTRL_IFACE: GET_NETWORK id=0 name='private_key'
04-23 18:43:08.836 3584 3584 D wpa_supplicant: CTRL_IFACE: Failed to get network variable 'private_key'
04-23 18:43:08.836 3584 3584 D wpa_supplicant: wlan0: Control interface command 'SAVE_CONFIG'
04-23 18:43:08.836 3584 3584 D wpa_supplicant: Writing configuration file '/data/misc/wifi/wpa_supplicant.conf.tmp'
04-23 18:43:08.838 3584 3584 D wpa_supplicant: Configuration file '/data/misc/wifi/wpa_supplicant.conf' written successfully
04-23 18:43:08.838 3584 3584 D wpa_supplicant: CTRL_IFACE: SAVE_CONFIG - Configuration updated
04-23 18:43:08.838 3584 3584 D wpa_supplicant: wlan0: Control interface command 'SELECT_NETWORK 0'
04-23 18:43:08.838 3584 3584 D wpa_supplicant: CTRL_IFACE: SELECT_NETWORK id=0
04-23 18:43:08.838 3584 3584 I wpa_supplicant: wlan0: CTRL-EVENT-SSID-REENABLED id=0 ssid="Technoburst"
04-23 18:43:08.839 3584 3584 D wpa_supplicant: CTRL_IFACE monitor sent successfully to /data/misc/wifi/sockets/wpa_ctrl_2325-4\x00
04-23 18:43:08.839 3584 3584 D wpa_supplicant: wlan0: Selecting BSS from priority group 2
04-23 18:43:08.839 3584 3584 D wpa_supplicant: wlan0: 0: 90:00:4e:82:36:1d ssid='SHINOSAMUEL-LP' wpa_ie_len=0 rsn_ie_len=20 caps=0x431 level=-55
04-23 18:43:08.839 3584 3584 D wpa_supplicant: wlan0: skip - SSID mismatch
04-23 18:43:08.839 3584 3584 D wpa_supplicant: wlan0: 1: 00:1b:da:33:7a:9f ssid='Technoburst' wpa_ie_len=0 rsn_ie_len=20 caps=0x411 level=-60
04-23 18:43:08.839 3584 3584 D wpa_supplicant: wlan0: selected based on RSN IE
04-23 18:43:08.839 3584 3584 D wpa_supplicant: wlan0: selected BSS 00:1b:da:33:7a:9f ssid='Technoburst'
04-23 18:43:08.839 3584 3584 D wpa_supplicant: wlan0: Considering connect request: reassociate: 1 selected: 00:1b:da:33:7a:9f bssid: 00:00:00:00:00:00 pending: 00:00:00:00:00:00 wpa_state: SCANNING ssid=0x7f673d85d080 current_ssid=0x7f673d85d080
04-23 18:43:08.839 3584 3584 D wpa_supplicant: wlan0: Request association with 00:1b:da:33:7a:9f
04-23 18:43:08.839 3584 3584 D wpa_supplicant: wlan0: Re-association to the same ESS
04-23 18:43:08.839 3584 3584 D wpa_supplicant: WPA: Unrecognized EAPOL-Key Key Data IE - hexdump(len=13): 00 0b 54 65 63 68 6e 6f 62 75 72 73 74
04-23 18:43:08.839 3584 3584 D wpa_supplicant: WPA: Unrecognized EAPOL-Key Key Data IE - hexdump(len=3): 03 01 0b
04-23 18:43:08.839 3584 3584 D wpa_supplicant: WPA: Unrecognized EAPOL-Key Key Data IE - hexdump(len=3): 2a 01 04
04-23 18:43:08.839 3584 3584 D wpa_supplicant: WPA: Unrecognized EAPOL-Key Key Data IE - hexdump(len=3): 2f 01 04
04-23 18:43:08.839 3584 3584 D wpa_supplicant: WPA: RSN IE in EAPOL-Key - hexdump(len=22): 30 14 01 00 00 0f ac 04 01 00 00 0f ac 04 01 00 00 0f ac 02 00 00
04-23 18:43:08.839 3584 3584 D wpa_supplicant: TDLS: TDLS is allowed in the target BSS
04-23 18:43:08.839 3584 3584 D wpa_supplicant: wlan0: Add radio work 'connect'@0x7f673d81c3d0
04-23 18:43:08.839 3584 3584 D wpa_supplicant: wlan0: First radio work item in the queue - schedule start immediately
04-23 18:43:08.839 3584 3584 D wpa_supplicant: wlan0: Starting radio work 'connect'@0x7f673d81c3d0 after 0.000323 second wait
04-23 18:43:08.839 3584 3584 I wpa_supplicant: wlan0: Trying to associate with 00:1b:da:33:7a:9f (SSID='Technoburst' freq=2462 MHz)
04-23 18:43:08.839 3584 3584 D wpa_supplicant: CTRL_IFACE monitor sent successfully to /data/misc/wifi/sockets/wpa_ctrl_2325-4\x00
04-23 18:43:08.840 3584 3584 D wpa_supplicant: FT: Stored MDIE and FTIE from (Re)Association Response - hexdump(len=0):
04-23 18:43:08.840 3584 3584 D wpa_supplicant: wlan0: Cancelling scan request
04-23 18:43:08.840 3584 3584 D wpa_supplicant: wlan0: WPA: clearing own WPA/RSN IE
04-23 18:43:08.840 3584 3584 D wpa_supplicant: wlan0: Automatic auth_alg selection: 0x1
04-23 18:43:08.840 3584 3584 D wpa_supplicant: RSN: PMKSA cache search - network_ctx=0x7f673d85d080 try_opportunistic=0
04-23 18:43:08.840 3584 3584 D wpa_supplicant: RSN: Search for BSSID 00:1b:da:33:7a:9f
04-23 18:43:08.840 3584 3584 D wpa_supplicant: RSN: No PMKSA cache entry found
04-23 18:43:08.840 3584 3584 D wpa_supplicant: wlan0: RSN: using IEEE 802.11i/D9.0
04-23 18:43:08.840 3584 3584 D wpa_supplicant: wlan0: WPA: Selected cipher suites: group 16 pairwise 16 key_mgmt 2 proto 2
04-23 18:43:08.840 3584 3584 D wpa_supplicant: wlan0: WPA: Selected mgmt group cipher 32
04-23 18:43:08.840 3584 3584 D wpa_supplicant: wlan0: WPA: clearing AP WPA IE
04-23 18:43:08.840 3584 3584 D wpa_supplicant: WPA: set AP RSN IE - hexdump(len=22): 30 14 01 00 00 0f ac 04 01 00 00 0f ac 04 01 00 00 0f ac 02 00 00
04-23 18:43:08.840 3584 3584 D wpa_supplicant: wlan0: WPA: using GTK CCMP
04-23 18:43:08.840 3584 3584 D wpa_supplicant: wlan0: WPA: using PTK CCMP
04-23 18:43:08.840 3584 3584 D wpa_supplicant: wlan0: WPA: using KEY_MGMT WPA-PSK
04-23 18:43:08.840 3584 3584 D wpa_supplicant: wlan0: WPA: not using MGMT group cipher
04-23 18:43:08.840 3584 3584 D wpa_supplicant: WPA: Set own WPA IE default - hexdump(len=22): 30 14 01 00 00 0f ac 04 01 00 00 0f ac 04 01 00 00 0f ac 02 00 00
04-23 18:43:08.840 3584 3584 D wpa_supplicant: wlan0: State: SCANNING -> ASSOCIATING
04-23 18:43:08.840 3584 3584 D wpa_supplicant: nl80211: Set wlan0 operstate 0->0 (DORMANT)
04-23 18:43:08.840 3584 3584 D wpa_supplicant: netlink: Operstate: ifindex=4 linkmode=-1 (no change), operstate=5 (IF_OPER_DORMANT)
04-23 18:43:08.840 2034 2307 E audio_hw_primary: no pcm card found!
04-23 18:43:08.841 3584 3584 D wpa_supplicant: CTRL_IFACE monitor sent successfully to /data/misc/wifi/sockets/wpa_ctrl_2325-4\x00
04-23 18:43:08.841 3584 3584 D wpa_supplicant: Limit connection to BSSID 00:1b:da:33:7a:9f freq=2462 MHz based on scan results (bssid_set=0)
04-23 18:43:08.841 3584 3584 D wpa_supplicant: wlan0: Determining shared radio frequencies (max len 1)
04-23 18:43:08.841 3584 3584 D wpa_supplicant: wlan0: Shared frequencies (len=0): completed iteration
04-23 18:43:08.841 3584 3584 D wpa_supplicant: nl80211: Set mode ifindex 4 iftype 2 (STATION)
04-23 18:43:08.841 3584 3584 D wpa_supplicant: nl80211: Unsubscribe mgmt frames handle 0x8888f7efb50a8e49 (mode change)
04-23 18:43:08.841 3584 3584 D wpa_supplicant: nl80211: Subscribe to mgmt frames with non-AP handle 0x7f673d8206c0
04-23 18:43:08.841 3584 3584 D wpa_supplicant: nl80211: Register frame type=0xd0 (WLAN_FC_STYPE_ACTION) nl_handle=0x7f673d8206c0 match=0104
04-23 18:43:08.841 3584 3584 D wpa_supplicant: nl80211: Register frame type=0xd0 (WLAN_FC_STYPE_ACTION) nl_handle=0x7f673d8206c0 match=040a
04-23 18:43:08.841 3584 3584 D wpa_supplicant: nl80211: Register frame type=0xd0 (WLAN_FC_STYPE_ACTION) nl_handle=0x7f673d8206c0 match=040b
04-23 18:43:08.841 3584 3584 D wpa_supplicant: nl80211: Register frame type=0xd0 (WLAN_FC_STYPE_ACTION) nl_handle=0x7f673d8206c0 match=040c
04-23 18:43:08.841 3584 3584 D wpa_supplicant: nl80211: Register frame type=0xd0 (WLAN_FC_STYPE_ACTION) nl_handle=0x7f673d8206c0 match=040d
04-23 18:43:08.841 3584 3584 D wpa_supplicant: nl80211: Register frame type=0xd0 (WLAN_FC_STYPE_ACTION) nl_handle=0x7f673d8206c0 match=090a
04-23 18:43:08.841 3584 3584 D wpa_supplicant: nl80211: Register frame type=0xd0 (WLAN_FC_STYPE_ACTION) nl_handle=0x7f673d8206c0 match=090b
04-23 18:43:08.841 3584 3584 D wpa_supplicant: nl80211: Register frame type=0xd0 (WLAN_FC_STYPE_ACTION) nl_handle=0x7f673d8206c0 match=090c
04-23 18:43:08.841 3584 3584 D wpa_supplicant: nl80211: Register frame type=0xd0 (WLAN_FC_STYPE_ACTION) nl_handle=0x7f673d8206c0 match=090d
04-23 18:43:08.841 3584 3584 D wpa_supplicant: nl80211: Register frame type=0xd0 (WLAN_FC_STYPE_ACTION) nl_handle=0x7f673d8206c0 match=0409506f9a09
04-23 18:43:08.842 3584 3584 D wpa_supplicant: nl80211: Register frame type=0xd0 (WLAN_FC_STYPE_ACTION) nl_handle=0x7f673d8206c0 match=7f506f9a09
04-23 18:43:08.842 3584 3584 D wpa_supplicant: nl80211: Register frame type=0xd0 (WLAN_FC_STYPE_ACTION) nl_handle=0x7f673d8206c0 match=0801
04-23 18:43:08.842 3584 3584 D wpa_supplicant: nl80211: Register frame type=0xd0 (WLAN_FC_STYPE_ACTION) nl_handle=0x7f673d8206c0 match=06
04-23 18:43:08.842 3584 3584 D wpa_supplicant: nl80211: Register frame type=0xd0 (WLAN_FC_STYPE_ACTION) nl_handle=0x7f673d8206c0 match=0a07
04-23 18:43:08.842 3584 3584 D wpa_supplicant: nl80211: Register frame type=0xd0 (WLAN_FC_STYPE_ACTION) nl_handle=0x7f673d8206c0 match=0a11
04-23 18:43:08.842 3584 3584 D wpa_supplicant: nl80211: Register frame type=0xd0 (WLAN_FC_STYPE_ACTION) nl_handle=0x7f673d8206c0 match=0a1a
04-23 18:43:08.842 3584 3584 D wpa_supplicant: nl80211: Connect (ifindex=4)
04-23 18:43:08.842 3584 3584 D wpa_supplicant: * bssid=00:1b:da:33:7a:9f
04-23 18:43:08.842 3584 3584 D wpa_supplicant: * bssid_hint=00:1b:da:33:7a:9f
04-23 18:43:08.842 3584 3584 D wpa_supplicant: * freq=2462
04-23 18:43:08.842 3584 3584 D wpa_supplicant: * freq_hint=2462
04-23 18:43:08.842 3584 3584 D wpa_supplicant: * SSID - hexdump(len=11): 54 65 63 68 6e 6f 62 75 72 73 74
04-23 18:43:08.842 3584 3584 D wpa_supplicant: * IEs - hexdump(len=22): 30 14 01 00 00 0f ac 04 01 00 00 0f ac 04 01 00 00 0f ac 02 00 00
04-23 18:43:08.842 3584 3584 D wpa_supplicant: * WPA Versions 0x2
04-23 18:43:08.842 3584 3584 D wpa_supplicant: * pairwise=0xfac04
04-23 18:43:08.842 3584 3584 D wpa_supplicant: * group=0xfac04
04-23 18:43:08.842 3584 3584 D wpa_supplicant: * akm=0xfac02
04-23 18:43:08.842 3584 3584 D wpa_supplicant: * Auth Type 0
04-23 18:43:08.851 2034 2307 E audio_hw_primary: no pcm card found!
04-23 18:43:08.862 2034 2307 E audio_hw_primary: no pcm card found!
04-23 18:43:08.873 2034 2307 E audio_hw_primary: no pcm card found!
04-23 18:43:08.883 2034 2307 E audio_hw_primary: no pcm card found!
04-23 18:43:08.894 2034 2307 E audio_hw_primary: no pcm card found!
04-23 18:43:08.905 2034 2307 E audio_hw_primary: no pcm card found!
04-23 18:43:08.911 2325 2355 I ActivityManager: Displayed com.android.systemui/.recents.RecentsActivity: +213ms
04-23 18:43:08.916 2034 2307 E audio_hw_primary: no pcm card found!
04-23 18:43:08.928 2034 2307 E audio_hw_primary: no pcm card found!
04-23 18:43:08.939 2034 2307 E audio_hw_primary: no pcm card found!
04-23 18:43:08.950 2034 2307 E audio_hw_primary: no pcm card found!
04-23 18:43:08.961 2034 2307 E audio_hw_primary: no pcm card found!
04-23 18:43:08.972 2034 2307 E audio_hw_primary: no pcm card found!
04-23 18:43:08.984 2034 2307 E audio_hw_primary: no pcm card found!
04-23 18:43:08.995 2034 2307 E audio_hw_primary: no pcm card found!
04-23 18:43:09.006 2034 2307 E audio_hw_primary: no pcm card found!
04-23 18:43:09.017 2034 2307 E audio_hw_primary: no pcm card found!
04-23 18:43:09.028 2034 2307 E audio_hw_primary: no pcm card found!
04-23 18:43:09.039 2034 2307 E audio_hw_primary: no pcm card found!
04-23 18:43:09.051 2034 2307 E audio_hw_primary: no pcm card found!
04-23 18:43:09.062 2034 2307 E audio_hw_primary: no pcm card found!
04-23 18:43:09.073 2034 2307 E audio_hw_primary: no pcm card found!
04-23 18:43:09.084 2034 2307 E audio_hw_primary: no pcm card found!
04-23 18:43:09.095 2034 2307 E audio_hw_primary: no pcm card found!
04-23 18:43:09.106 2034 2307 E audio_hw_primary: no pcm card found!
04-23 18:43:09.117 2034 2307 E audio_hw_primary: no pcm card found!
04-23 18:43:09.128 2034 2307 E audio_hw_primary: no pcm card found!
04-23 18:43:09.140 2034 2307 E audio_hw_primary: no pcm card found!
04-23 18:43:09.151 2034 2307 E audio_hw_primary: no pcm card found!
04-23 18:43:09.162 2034 2307 E audio_hw_primary: no pcm card found!
04-23 18:43:09.174 2034 2307 E audio_hw_primary: no pcm card found!
04-23 18:43:09.185 2034 2307 E audio_hw_primary: no pcm card found!
