04-23 18:42:56.497 3584 3584 D wpa_supplicant: nl80211: Register frame type=0xd0 (WLAN_FC_STYPE_ACTION) nl_handle=0x7f673d8206c0 match=040d
04-23 18:42:56.497 3584 3584 D wpa_supplicant: nl80211: Register frame type=0xd0 (WLAN_FC_STYPE_ACTION) nl_handle=0x7f673d8206c0 match=090a
04-23 18:42:56.497 3584 3584 D wpa_supplicant: nl80211: Register frame type=0xd0 (WLAN_FC_STYPE_ACTION) nl_handle=0x7f673d8206c0 match=090b
04-23 18:42:56.497 3584 3584 D wpa_supplicant: nl80211: Register frame type=0xd0 (WLAN_FC_STYPE_ACTION) nl_handle=0x7f673d8206c0 match=090c
04-23 18:42:56.497 3584 3584 D wpa_supplicant: nl80211: Register frame type=0xd0 (WLAN_FC_STYPE_ACTION) nl_handle=0x7f673d8206c0 match=090d
04-23 18:42:56.497 3584 3584 D wpa_supplicant: nl80211: Register frame type=0xd0 (WLAN_FC_STYPE_ACTION) nl_handle=0x7f673d8206c0 match=0409506f9a09
04-23 18:42:56.497 3584 3584 D wpa_supplicant: nl80211: Register frame type=0xd0 (WLAN_FC_STYPE_ACTION) nl_handle=0x7f673d8206c0 match=7f506f9a09
04-23 18:42:56.497 3584 3584 D wpa_supplicant: nl80211: Register frame type=0xd0 (WLAN_FC_STYPE_ACTION) nl_handle=0x7f673d8206c0 match=0801
04-23 18:42:56.497 3584 3584 D wpa_supplicant: nl80211: Register frame type=0xd0 (WLAN_FC_STYPE_ACTION) nl_handle=0x7f673d8206c0 match=06
04-23 18:42:56.497 3584 3584 D wpa_supplicant: nl80211: Register frame type=0xd0 (WLAN_FC_STYPE_ACTION) nl_handle=0x7f673d8206c0 match=0a07
04-23 18:42:56.497 3584 3584 D wpa_supplicant: nl80211: Register frame type=0xd0 (WLAN_FC_STYPE_ACTION) nl_handle=0x7f673d8206c0 match=0a11
04-23 18:42:56.497 3584 3584 D wpa_supplicant: nl80211: Register frame type=0xd0 (WLAN_FC_STYPE_ACTION) nl_handle=0x7f673d8206c0 match=0a1a
04-23 18:42:56.498 3584 3584 D wpa_supplicant: nl80211: Connect (ifindex=4)
04-23 18:42:56.498 3584 3584 D wpa_supplicant: * bssid=00:1b:da:33:7a:9f
04-23 18:42:56.498 3584 3584 D wpa_supplicant: * bssid_hint=00:1b:da:33:7a:9f
04-23 18:42:56.498 3584 3584 D wpa_supplicant: * freq=2462
04-23 18:42:56.498 3584 3584 D wpa_supplicant: * freq_hint=2462
04-23 18:42:56.498 3584 3584 D wpa_supplicant: * SSID - hexdump(len=11): 54 65 63 68 6e 6f 62 75 72 73 74
04-23 18:42:56.498 3584 3584 D wpa_supplicant: * IEs - hexdump(len=22): 30 14 01 00 00 0f ac 04 01 00 00 0f ac 04 01 00 00 0f ac 02 00 00
04-23 18:42:56.498 3584 3584 D wpa_supplicant: * WPA Versions 0x2
04-23 18:42:56.498 3584 3584 D wpa_supplicant: * pairwise=0xfac04
04-23 18:42:56.498 3584 3584 D wpa_supplicant: * group=0xfac04
04-23 18:42:56.498 3584 3584 D wpa_supplicant: * akm=0xfac02
04-23 18:42:56.498 3584 3584 D wpa_supplicant: * Auth Type 0
04-23 18:42:56.498 2034 2307 E audio_hw_primary: no pcm card found!
04-23 18:42:56.510 2034 2307 E audio_hw_primary: no pcm card found!
04-23 18:42:56.521 2034 2307 E audio_hw_primary: no pcm card found!
04-23 18:42:56.532 2034 2307 E audio_hw_primary: no pcm card found!
04-23 18:42:56.543 2034 2307 E audio_hw_primary: no pcm card found!
04-23 18:42:56.555 2034 2307 E audio_hw_primary: no pcm card found!
04-23 18:42:56.566 2034 2307 E audio_hw_primary: no pcm card found!
04-23 18:42:56.577 2034 2307 E audio_hw_primary: no pcm card found!
04-23 18:42:56.589 2034 2307 E audio_hw_primary: no pcm card found!
04-23 18:42:56.600 2034 2307 E audio_hw_primary: no pcm card found!
04-23 18:42:56.611 2034 2307 E audio_hw_primary: no pcm card found!
04-23 18:42:56.623 2034 2307 E audio_hw_primary: no pcm card found!
04-23 18:42:56.634 2034 2307 E audio_hw_primary: no pcm card found!
04-23 18:42:56.645 2034 2307 E audio_hw_primary: no pcm card found!
04-23 18:42:56.657 2034 2307 E audio_hw_primary: no pcm card found!
04-23 18:42:56.668 2034 2307 E audio_hw_primary: no pcm card found!
04-23 18:42:56.679 2034 2307 E audio_hw_primary: no pcm card found!
04-23 18:42:56.691 2034 2307 E audio_hw_primary: no pcm card found!
04-23 18:42:56.702 2034 2307 E audio_hw_primary: no pcm card found!
04-23 18:42:56.713 2034 2307 E audio_hw_primary: no pcm card found!
04-23 18:42:56.724 2034 2307 E audio_hw_primary: no pcm card found!
04-23 18:42:56.735 2034 2307 E audio_hw_primary: no pcm card found!
04-23 18:42:56.746 2034 2307 E audio_hw_primary: no pcm card found!
04-23 18:42:56.757 2034 2307 E audio_hw_primary: no pcm card found!
04-23 18:42:56.768 2034 2307 E audio_hw_primary: no pcm card found!
04-23 18:42:56.779 2034 2307 E audio_hw_primary: no pcm card found!
04-23 18:42:56.791 2034 2307 E audio_hw_primary: no pcm card found!
04-23 18:42:56.802 2034 2307 E audio_hw_primary: no pcm card found!
04-23 18:42:56.813 2034 2307 E audio_hw_primary: no pcm card found!
04-23 18:42:56.824 2034 2307 E audio_hw_primary: no pcm card found!
04-23 18:42:56.836 2034 2307 E audio_hw_primary: no pcm card found!
04-23 18:42:56.847 2034 2307 E audio_hw_primary: no pcm card found!
04-23 18:42:56.858 2034 2307 E audio_hw_primary: no pcm card found!
04-23 18:42:56.870 2034 2307 E audio_hw_primary: no pcm card found!
04-23 18:42:56.881 2034 2307 E audio_hw_primary: no pcm card found!
04-23 18:42:56.892 2034 2307 E audio_hw_primary: no pcm card found!
04-23 18:42:56.904 2034 2307 E audio_hw_primary: no pcm card found!
04-23 18:42:56.915 2034 2307 E audio_hw_primary: no pcm card found!
04-23 18:42:56.926 2034 2307 E audio_hw_primary: no pcm card found!
04-23 18:42:56.927 3584 3584 D wpa_supplicant: nl80211: Connect request send successfully
04-23 18:42:56.927 3584 3584 D wpa_supplicant: wlan0: Setting authentication timeout: 10 sec 0 usec
04-23 18:42:56.927 3584 3584 D wpa_supplicant: EAPOL: External notification - EAP success=0
04-23 18:42:56.927 3584 3584 D wpa_supplicant: EAPOL: External notification - EAP fail=0
04-23 18:42:56.927 3584 3584 D wpa_supplicant: EAPOL: External notification - portControl=Auto
04-23 18:42:56.927 3584 3584 D wpa_supplicant: wlan0: Control interface command 'SAVE_CONFIG'
04-23 18:42:56.927 3584 3584 D wpa_supplicant: Writing configuration file '/data/misc/wifi/wpa_supplicant.conf.tmp'
04-23 18:42:56.928 3584 3584 D wpa_supplicant: Configuration file '/data/misc/wifi/wpa_supplicant.conf' written successfully
04-23 18:42:56.928 3584 3584 D wpa_supplicant: CTRL_IFACE: SAVE_CONFIG - Configuration updated
04-23 18:42:56.929 2325 2509 E WifiStateMachine: CONNECT_NETWORK id=0 config="Technoburst" cnid=0 supstate=ScanState my state DisconnectedState uid = 1000
04-23 18:42:56.929 2325 2509 E WifiConfigStore: saveWifiConfigBSSID Setting BSSID for "Technoburst"WPA_PSK to any
04-23 18:42:56.930 3584 3584 D wpa_supplicant: wlan0: Control interface command 'SET_NETWORK [REMOVED]'
04-23 18:42:56.930 3584 3584 D wpa_supplicant: CTRL_IFACE: SET_NETWORK id=0 name='bssid'
04-23 18:42:56.930 3584 3584 D wpa_supplicant: CTRL_IFACE: value - hexdump(len=3): [REMOVED]
04-23 18:42:56.930 3584 3584 D wpa_supplicant: BSSID any
04-23 18:42:56.930 3584 3584 D wpa_supplicant: wlan0: Control interface command 'SAVE_CONFIG'
04-23 18:42:56.930 3584 3584 D wpa_supplicant: Writing configuration file '/data/misc/wifi/wpa_supplicant.conf.tmp'
04-23 18:42:56.931 3584 3584 D wpa_supplicant: Configuration file '/data/misc/wifi/wpa_supplicant.conf' written successfully
04-23 18:42:56.931 3584 3584 D wpa_supplicant: CTRL_IFACE: SAVE_CONFIG - Configuration updated
04-23 18:42:56.931 2325 2509 E WifiConfigStore: saveWifiConfigBSSID Setting BSSID for "Technoburst"WPA_PSK to any
04-23 18:42:56.932 3584 3584 D wpa_supplicant: wlan0: Control interface command 'SET_NETWORK [REMOVED]'
04-23 18:42:56.932 3584 3584 D wpa_supplicant: CTRL_IFACE: SET_NETWORK id=0 name='bssid'
04-23 18:42:56.932 3584 3584 D wpa_supplicant: CTRL_IFACE: value - hexdump(len=3): [REMOVED]
04-23 18:42:56.932 3584 3584 D wpa_supplicant: BSSID any
04-23 18:42:56.933 3584 3584 D wpa_supplicant: wlan0: Control interface command 'SAVE_CONFIG'
04-23 18:42:56.933 3584 3584 D wpa_supplicant: Writing configuration file '/data/misc/wifi/wpa_supplicant.conf.tmp'
04-23 18:42:56.933 3584 3584 D wpa_supplicant: Configuration file '/data/misc/wifi/wpa_supplicant.conf' written successfully
04-23 18:42:56.933 3584 3584 D wpa_supplicant: CTRL_IFACE: SAVE_CONFIG - Configuration updated
04-23 18:42:56.934 2325 2509 E WifiAutoJoinController : updateConfigurationHistory found 0 networks
04-23 18:42:56.934 2325 2509 E WifiAutoJoinController : updateConfigurationHistory try to connect to an old network!! : "Technoburst"WPA_PSK
04-23 18:42:56.934 2325 2509 E WifiConfigStore: rewrite network history for "Technoburst"WPA_PSK
04-23 18:42:56.936 3584 3584 D wpa_supplicant: wlan0: Control interface command 'ENABLE_NETWORK 0'
04-23 18:42:56.936 3584 3584 D wpa_supplicant: CTRL_IFACE: ENABLE_NETWORK id=0
04-23 18:42:56.937 2034 2307 E audio_hw_primary: no pcm card found!
04-23 18:42:56.937 3584 3584 D wpa_supplicant: wlan0: Control interface command 'SET_NETWORK [REMOVED]'
04-23 18:42:56.937 3584 3584 D wpa_supplicant: CTRL_IFACE: SET_NETWORK id=0 name='priority'
04-23 18:42:56.937 3584 3584 D wpa_supplicant: CTRL_IFACE: value - hexdump(len=1): [REMOVED]
04-23 18:42:56.937 3584 3584 D wpa_supplicant: priority=1 (0x1)
04-23 18:42:56.937 2325 2509 E WifiConfigStore: will read network variables netId=0
04-23 18:42:56.938 3584 3584 D wpa_supplicant: wlan0: Control interface command 'GET_NETWORK 0 ssid'
04-23 18:42:56.938 3584 3584 D wpa_supplicant: CTRL_IFACE: GET_NETWORK id=0 name='ssid'
04-23 18:42:56.938 3584 3584 D wpa_supplicant: wlan0: Control interface command 'GET_NETWORK 0 bssid'
04-23 18:42:56.938 3584 3584 D wpa_supplicant: CTRL_IFACE: GET_NETWORK id=0 name='bssid'
04-23 18:42:56.938 3584 3584 D wpa_supplicant: CTRL_IFACE: Failed to get network variable 'bssid'
04-23 18:42:56.939 3584 3584 D wpa_supplicant: wlan0: Control interface command 'GET_NETWORK 0 priority'
04-23 18:42:56.939 3584 3584 D wpa_supplicant: CTRL_IFACE: GET_NETWORK id=0 name='priority'
04-23 18:42:56.939 3584 3584 D wpa_supplicant: wlan0: Control interface command 'GET_NETWORK 0 scan_ssid'
04-23 18:42:56.939 3584 3584 D wpa_supplicant: CTRL_IFACE: GET_NETWORK id=0 name='scan_ssid'
04-23 18:42:56.940 3584 3584 D wpa_supplicant: wlan0: Control interface command 'GET_NETWORK 0 wep_tx_keyidx'
04-23 18:42:56.940 3584 3584 D wpa_supplicant: CTRL_IFACE: GET_NETWORK id=0 name='wep_tx_keyidx'
04-23 18:42:56.940 3584 3584 D wpa_supplicant: wlan0: Control interface command 'GET_NETWORK 0 wep_key0'
04-23 18:42:56.940 3584 3584 D wpa_supplicant: CTRL_IFACE: GET_NETWORK id=0 name='wep_key0'
04-23 18:42:56.940 3584 3584 D wpa_supplicant: CTRL_IFACE: Failed to get network variable 'wep_key0'
04-23 18:42:56.941 3584 3584 D wpa_supplicant: wlan0: Control interface command 'GET_NETWORK 0 wep_key1'
04-23 18:42:56.941 3584 3584 D wpa_supplicant: CTRL_IFACE: GET_NETWORK id=0 name='wep_key1'
04-23 18:42:56.941 3584 3584 D wpa_supplicant: CTRL_IFACE: Failed to get network variable 'wep_key1'
04-23 18:42:56.941 3584 3584 D wpa_supplicant: wlan0: Control interface command 'GET_NETWORK 0 wep_key2'
04-23 18:42:56.941 3584 3584 D wpa_supplicant: CTRL_IFACE: GET_NETWORK id=0 name='wep_key2'
04-23 18:42:56.941 3584 3584 D wpa_supplicant: CTRL_IFACE: Failed to get network variable 'wep_key2'
04-23 18:42:56.942 3584 3584 D wpa_supplicant: wlan0: Control interface command 'GET_NETWORK 0 wep_key3'
04-23 18:42:56.942 3584 3584 D wpa_supplicant: CTRL_IFACE: GET_NETWORK id=0 name='wep_key3'
04-23 18:42:56.942 3584 3584 D wpa_supplicant: CTRL_IFACE: Failed to get network variable 'wep_key3'
04-23 18:42:56.942 3584 3584 D wpa_supplicant: wlan0: Control interface command 'GET_NETWORK 0 psk'
04-23 18:42:56.943 3584 3584 D wpa_supplicant: CTRL_IFACE: GET_NETWORK id=0 name='psk'
04-23 18:42:56.943 3584 3584 D wpa_supplicant: Do not allow key_data field to be exposed
04-23 18:42:56.943 3584 3584 D wpa_supplicant: wlan0: Control interface command 'GET_NETWORK 0 proto'
04-23 18:42:56.943 3584 3584 D wpa_supplicant: CTRL_IFACE: GET_NETWORK id=0 name='proto'
04-23 18:42:56.944 3584 3584 D wpa_supplicant: wlan0: Control interface command 'GET_NETWORK 0 key_mgmt'
04-23 18:42:56.944 3584 3584 D wpa_supplicant: CTRL_IFACE: GET_NETWORK id=0 name='key_mgmt'
04-23 18:42:56.944 3584 3584 D wpa_supplicant: wlan0: Control interface command 'GET_NETWORK 0 auth_alg'
04-23 18:42:56.944 3584 3584 D wpa_supplicant: CTRL_IFACE: GET_NETWORK id=0 name='auth_alg'
04-23 18:42:56.944 3584 3584 D wpa_supplicant: CTRL_IFACE: Failed to get network variable 'auth_alg'
04-23 18:42:56.944 3584 3584 D wpa_supplicant: wlan0: Control interface command 'GET_NETWORK 0 pairwise'
04-23 18:42:56.944 3584 3584 D wpa_supplicant: CTRL_IFACE: GET_NETWORK id=0 name='pairwise'
04-23 18:42:56.945 3584 3584 D wpa_supplicant: wlan0: Control interface command 'GET_NETWORK 0 group'
04-23 18:42:56.945 3584 3584 D wpa_supplicant: CTRL_IFACE: GET_NETWORK id=0 name='group'
04-23 18:42:56.945 3584 3584 D wpa_supplicant: wlan0: Control interface command 'GET_NETWORK 0 eap'
04-23 18:42:56.945 3584 3584 D wpa_supplicant: CTRL_IFACE: GET_NETWORK id=0 name='eap'
04-23 18:42:56.945 3584 3584 D wpa_supplicant: CTRL_IFACE: Failed to get network variable 'eap'
04-23 18:42:56.945 3584 3584 D wpa_supplicant: wlan0: Control interface command 'GET_NETWORK 0 phase2'
04-23 18:42:56.945 3584 3584 D wpa_supplicant: CTRL_IFACE: GET_NETWORK id=0 name='phase2'
04-23 18:42:56.946 3584 3584 D wpa_supplicant: CTRL_IFACE: Failed to get network variable 'phase2'
04-23 18:42:56.946 3584 3584 D wpa_supplicant: wlan0: Control interface command 'GET_NETWORK 0 identity'
04-23 18:42:56.946 3584 3584 D wpa_supplicant: CTRL_IFACE: GET_NETWORK id=0 name='identity'
04-23 18:42:56.946 3584 3584 D wpa_supplicant: CTRL_IFACE: Failed to get network variable 'identity'
04-23 18:42:56.946 3584 3584 D wpa_supplicant: wlan0: Control interface command 'GET_NETWORK 0 anonymous_identity'
04-23 18:42:56.946 3584 3584 D wpa_supplicant: CTRL_IFACE: GET_NETWORK id=0 name='anonymous_identity'
04-23 18:42:56.946 3584 3584 D wpa_supplicant: CTRL_IFACE: Failed to get network variable 'anonymous_identity'
04-23 18:42:56.946 3584 3584 D wpa_supplicant: wlan0: Control interface command 'GET_NETWORK 0 password'
04-23 18:42:56.946 3584 3584 D wpa_supplicant: CTRL_IFACE: GET_NETWORK id=0 name='password'
04-23 18:42:56.947 3584 3584 D wpa_supplicant: CTRL_IFACE: Failed to get network variable 'password'
04-23 18:42:56.947 3584 3584 D wpa_supplicant: wlan0: Control interface command 'GET_NETWORK 0 client_cert'
04-23 18:42:56.947 3584 3584 D wpa_supplicant: CTRL_IFACE: GET_NETWORK id=0 name='client_cert'
04-23 18:42:56.947 3584 3584 D wpa_supplicant: CTRL_IFACE: Failed to get network variable 'client_cert'
04-23 18:42:56.947 3584 3584 D wpa_supplicant: wlan0: Control interface command 'GET_NETWORK 0 ca_cert'
04-23 18:42:56.947 3584 3584 D wpa_supplicant: CTRL_IFACE: GET_NETWORK id=0 name='ca_cert'
04-23 18:42:56.947 3584 3584 D wpa_supplicant: CTRL_IFACE: Failed to get network variable 'ca_cert'
04-23 18:42:56.947 3584 3584 D wpa_supplicant: wlan0: Control interface command 'GET_NETWORK 0 subject_match'
04-23 18:42:56.948 3584 3584 D wpa_supplicant: CTRL_IFACE: GET_NETWORK id=0 name='subject_match'
04-23 18:42:56.948 3584 3584 D wpa_supplicant: CTRL_IFACE: Failed to get network variable 'subject_match'
04-23 18:42:56.948 2034 2307 E audio_hw_primary: no pcm card found!
04-23 18:42:56.948 3584 3584 D wpa_supplicant: wlan0: Control interface command 'GET_NETWORK 0 engine'
04-23 18:42:56.948 3584 3584 D wpa_supplicant: CTRL_IFACE: GET_NETWORK id=0 name='engine'
04-23 18:42:56.948 3584 3584 D wpa_supplicant: wlan0: Control interface command 'GET_NETWORK 0 engine_id'
04-23 18:42:56.948 3584 3584 D wpa_supplicant: CTRL_IFACE: GET_NETWORK id=0 name='engine_id'
04-23 18:42:56.948 3584 3584 D wpa_supplicant: CTRL_IFACE: Failed to get network variable 'engine_id'
04-23 18:42:56.948 3584 3584 D wpa_supplicant: wlan0: Control interface command 'GET_NETWORK 0 key_id'
04-23 18:42:56.948 3584 3584 D wpa_supplicant: CTRL_IFACE: GET_NETWORK id=0 name='key_id'
04-23 18:42:56.948 3584 3584 D wpa_supplicant: CTRL_IFACE: Failed to get network variable 'key_id'
04-23 18:42:56.949 3584 3584 D wpa_supplicant: wlan0: Control interface command 'GET_NETWORK 0 private_key'
04-23 18:42:56.949 3584 3584 D wpa_supplicant: CTRL_IFACE: GET_NETWORK id=0 name='private_key'
04-23 18:42:56.949 3584 3584 D wpa_supplicant: CTRL_IFACE: Failed to get network variable 'private_key'
04-23 18:42:56.949 3584 3584 D wpa_supplicant: wlan0: Control interface command 'SAVE_CONFIG'
04-23 18:42:56.949 3584 3584 D wpa_supplicant: Writing configuration file '/data/misc/wifi/wpa_supplicant.conf.tmp'
04-23 18:42:56.950 3584 3584 D wpa_supplicant: Configuration file '/data/misc/wifi/wpa_supplicant.conf' written successfully
04-23 18:42:56.950 3584 3584 D wpa_supplicant: CTRL_IFACE: SAVE_CONFIG - Configuration updated
04-23 18:42:56.950 3584 3584 D wpa_supplicant: wlan0: Control interface command 'SELECT_NETWORK 0'
04-23 18:42:56.950 3584 3584 D wpa_supplicant: CTRL_IFACE: SELECT_NETWORK id=0
04-23 18:42:56.950 3584 3584 D wpa_supplicant: Already associated with the selected network - do nothing
04-23 18:42:56.951 3584 3584 D wpa_supplicant: wlan0: Control interface command 'RECONNECT'
04-23 18:42:56.955 3584 3584 D wpa_supplicant: RTM_NEWLINK: ifi_index=4 ifname=wlan0 wext ifi_family=0 ifi_flags=0x11003 ([UP][LOWER_UP])
04-23 18:42:56.955 3584 3584 D wpa_supplicant: RTM_NEWLINK: ifi_index=4 ifname=wlan0 wext ifi_family=0 ifi_flags=0x11003 ([UP][LOWER_UP])
04-23 18:42:56.955 3584 3584 D wpa_supplicant: RTM_NEWLINK: ifi_index=4 ifname=wlan0 wext ifi_family=0 ifi_flags=0x11003 ([UP][LOWER_UP])
04-23 18:42:56.955 3584 3584 D wpa_supplicant: nl80211: Event message available
04-23 18:42:56.955 3584 3584 D wpa_supplicant: nl80211: Drv Event 46 (NL80211_CMD_CONNECT) received for wlan0
04-23 18:42:56.955 3584 3584 D wpa_supplicant: nl80211: Connect event (status=0 ignore_next_local_disconnect=0)
04-23 18:42:56.955 3584 3584 D wpa_supplicant: nl80211: Associated on 2462 MHz
04-23 18:42:56.955 3584 3584 D wpa_supplicant: nl80211: Associated with 00:1b:da:33:7a:9f
04-23 18:42:56.955 3584 3584 D wpa_supplicant: nl80211: Operating frequency for the associated BSS from scan results: 2462 MHz
04-23 18:42:56.955 3584 3584 D wpa_supplicant: wlan0: Event ASSOC (0) received
04-23 18:42:56.955 3584 3584 D wpa_supplicant: wlan0: Association info event
04-23 18:42:56.956 3584 3584 D wpa_supplicant: req_ies - hexdump(len=53): 03 00 00 0b 54 65 63 68 6e 6f 62 75 72 73 74 01 08 82 84 8b 96 24 30 48 6c 32 04 0c 12 18 60 30 ...
04-23 18:42:56.956 3584 3584 D wpa_supplicant: resp_ies - hexdump(len=24): 01 08 82 84 8b 96 24 30 48 6c 32 04 0c 12 18 60 dd 06 00 10 18 02 01 f4
04-23 18:42:56.956 3584 3584 D wpa_supplicant: unknown vendor specific information element ignored (vendor OUI 00:10:18 len=6)
04-23 18:42:56.956 3584 3584 D wpa_supplicant: unknown vendor specific information element ignored (vendor OUI 00:10:18 len=6)
04-23 18:42:56.956 3584 3584 D wpa_supplicant: wlan0: freq=2462 MHz
04-23 18:42:56.956 3584 3584 D wpa_supplicant: WPA: set own WPA/RSN IE - hexdump(len=22): 30 14 01 00 00 0f ac 04 01 00 00 0f ac 04 01 00 00 0f ac 02 00 00
04-23 18:42:56.956 3584 3584 D wpa_supplicant: FT: Stored MDIE and FTIE from (Re)Association Response - hexdump(len=0):
04-23 18:42:56.956 3584 3584 D wpa_supplicant: wlan0: State: ASSOCIATING -> ASSOCIATED
04-23 18:42:56.958 3584 3584 D wpa_supplicant: nl80211: Set wlan0 operstate 0->0 (DORMANT)
04-23 18:42:56.958 3584 3584 D wpa_supplicant: netlink: Operstate: ifindex=4 linkmode=-1 (no change), operstate=5 (IF_OPER_DORMANT)
04-23 18:42:56.959 2034 2307 E audio_hw_primary: no pcm card found!
04-23 18:42:56.959 3584 3584 D wpa_supplicant: CTRL_IFACE monitor sent successfully to /data/misc/wifi/sockets/wpa_ctrl_2325-4\x00
04-23 18:42:56.959 3584 3584 D wpa_supplicant: wlan0: Associated to a new BSS: BSSID=00:1b:da:33:7a:9f
04-23 18:42:56.959 3584 3584 D wpa_supplicant: Add randomness: count=14 entropy=12
04-23 18:42:56.959 3584 3584 D wpa_supplicant: random pool - hexdump(len=128): [REMOVED]
04-23 18:42:56.959 3584 3584 D wpa_supplicant: random_mix_pool - hexdump(len=16): [REMOVED]
04-23 18:42:56.959 3584 3584 D wpa_supplicant: random_mix_pool - hexdump(len=6): [REMOVED]
04-23 18:42:56.960 3584 3584 D wpa_supplicant: random pool - hexdump(len=128): [REMOVED]
04-23 18:42:56.960 3584 3584 D wpa_supplicant: wlan0: WPA: clearing AP WPA IE
04-23 18:42:56.960 3584 3584 D wpa_supplicant: WPA: set AP RSN IE - hexdump(len=22): 30 14 01 00 00 0f ac 04 01 00 00 0f ac 04 01 00 00 0f ac 02 00 00
04-23 18:42:56.960 3584 3584 I wpa_supplicant: wlan0: Associated with 00:1b:da:33:7a:9f
04-23 18:42:56.960 3584 3584 D wpa_supplicant: CTRL_IFACE monitor sent successfully to /data/misc/wifi/sockets/wpa_ctrl_2325-4\x00
04-23 18:42:56.962 3584 3584 D wpa_supplicant: wlan0: WPA: Association event - clear replay counter
04-23 18:42:56.962 3584 3584 D wpa_supplicant: wlan0: WPA: Clear old PTK
04-23 18:42:56.962 3584 3584 D wpa_supplicant: TDLS: Remove peers on association
04-23 18:42:56.962 3584 3584 D wpa_supplicant: EAPOL: External notification - portEnabled=0
04-23 18:42:56.962 3584 3584 D wpa_supplicant: EAPOL: External notification - portValid=0
04-23 18:42:56.962 3584 3584 D wpa_supplicant: EAPOL: External notification - EAP success=0
04-23 18:42:56.962 3584 3584 D wpa_supplicant: EAPOL: External notification - portEnabled=1
04-23 18:42:56.962 3584 3584 D wpa_supplicant: EAPOL: SUPP_PAE entering state CONNECTING
04-23 18:42:56.962 3584 3584 D wpa_supplicant: EAPOL: enable timer tick
04-23 18:42:56.962 3584 3584 D wpa_supplicant: EAPOL: SUPP_BE entering state IDLE
04-23 18:42:56.962 3584 3584 D wpa_supplicant: wlan0: Setting authentication timeout: 10 sec 0 usec
04-23 18:42:56.962 3584 3584 D wpa_supplicant: wlan0: Cancelling scan request
04-23 18:42:56.962 3584 3584 D wpa_supplicant: RTM_NEWLINK: ifi_index=4 ifname=wlan0 operstate=5 linkmode=1 ifi_family=0 ifi_flags=0x11003 ([UP][LOWER_UP])
04-23 18:42:56.962 3584 3584 D wpa_supplicant: wlan0: RX EAPOL from 00:1b:da:33:7a:9f
04-23 18:42:56.962 3584 3584 D wpa_supplicant: RX EAPOL - hexdump(len=121): 02 03 00 75 02 00 8a 00 10 00 00 00 00 00 00 00 00 40 78 68 02 3a 90 e1 64 82 0f 7f 9c a7 e5 e7 ...
04-23 18:42:56.962 3584 3584 D wpa_supplicant: wlan0: Setting authentication timeout: 10 sec 0 usec
04-23 18:42:56.962 3584 3584 D wpa_supplicant: wlan0: IEEE 802.1X RX: version=2 type=3 length=117
04-23 18:42:56.967 3584 3584 D wpa_supplicant: WPA: RX EAPOL-Key - hexdump(len=121): 02 03 00 75 02 00 8a 00 10 00 00 00 00 00 00 00 00 40 78 68 02 3a 90 e1 64 82 0f 7f 9c a7 e5 e7 ...
04-23 18:42:56.967 3584 3584 D wpa_supplicant: wlan0: EAPOL-Key type=2
04-23 18:42:56.967 3584 3584 D wpa_supplicant: wlan0: key_info 0x8a (ver=2 keyidx=0 rsvd=0 Pairwise Ack)
04-23 18:42:56.967 3584 3584 D wpa_supplicant: wlan0: key_length=16 key_data_length=22
04-23 18:42:56.967 3584 3584 D wpa_supplicant: replay_counter - hexdump(len=8): 00 00 00 00 00 00 00 00
04-23 18:42:56.967 3584 3584 D wpa_supplicant: key_nonce - hexdump(len=32): 40 78 68 02 3a 90 e1 64 82 0f 7f 9c a7 e5 e7 b2 16 88 1f 54 52 1f 2e ee d2 6b ee 1f 48 12 db 2a
04-23 18:42:56.968 3584 3584 D wpa_supplicant: key_iv - hexdump(len=16): 00 00 00 00 00 00 00 00 00 00 00 00 00 00 00 00
04-23 18:42:56.968 3584 3584 D wpa_supplicant: key_rsc - hexdump(len=8): 00 00 00 00 00 00 00 00
04-23 18:42:56.968 3584 3584 D wpa_supplicant: key_id (reserved) - hexdump(len=8): 00 00 00 00 00 00 00 00
04-23 18:42:56.968 3584 3584 D wpa_supplicant: key_mic - hexdump(len=16): 00 00 00 00 00 00 00 00 00 00 00 00 00 00 00 00
04-23 18:42:56.968 3584 3584 D wpa_supplicant: wlan0: State: ASSOCIATED -> 4WAY_HANDSHAKE
04-23 18:42:56.968 3584 3584 D wpa_supplicant: CTRL_IFACE monitor sent successfully to /data/misc/wifi/sockets/wpa_ctrl_2325-4\x00
04-23 18:42:56.968 3584 3584 D wpa_supplicant: wlan0: WPA: RX message 1 of 4-Way Handshake from 00:1b:da:33:7a:9f (ver=2)
04-23 18:42:56.968 3584 3584 D wpa_supplicant: RSN: msg 1/4 key data - hexdump(len=22): dd 14 00 0f ac 04 b5 59 8c b1 80 a7 ee e5 24 29 ef fb a8 2c e4 26
04-23 18:42:56.968 3584 3584 D wpa_supplicant: WPA: PMKID in EAPOL-Key - hexdump(len=22): dd 14 00 0f ac 04 b5 59 8c b1 80 a7 ee e5 24 29 ef fb a8 2c e4 26
04-23 18:42:56.968 3584 3584 D wpa_supplicant: RSN: PMKID from Authenticator - hexdump(len=16): b5 59 8c b1 80 a7 ee e5 24 29 ef fb a8 2c e4 26
04-23 18:42:56.968 3584 3584 D wpa_supplicant: wlan0: RSN: no matching PMKID found
04-23 18:42:56.968 3584 3584 D wpa_supplicant: Get randomness: len=32 entropy=13
04-23 18:42:56.970 2034 2307 E audio_hw_primary: no pcm card found!
04-23 18:42:56.972 3584 3584 D wpa_supplicant: random from os_get_random - hexdump(len=32): [REMOVED]
04-23 18:42:56.972 3584 3584 D wpa_supplicant: random_mix_pool - hexdump(len=20): [REMOVED]
04-23 18:42:56.972 3584 3584 D wpa_supplicant: random from internal pool - hexdump(len=16): [REMOVED]
04-23 18:42:56.972 3584 3584 D wpa_supplicant: random_mix_pool - hexdump(len=20): [REMOVED]
04-23 18:42:56.972 3584 3584 D wpa_supplicant: random from internal pool - hexdump(len=16): [REMOVED]
04-23 18:42:56.972 3584 3584 D wpa_supplicant: mixed random - hexdump(len=32): [REMOVED]
04-23 18:42:56.972 3584 3584 D wpa_supplicant: WPA: Renewed SNonce - hexdump(len=32): e0 6d 4a 3f 64 85 ff 4a e4 22 8d f2 e1 76 d4 61 fa 4a cb 83 44 3e 0b aa f9 bf ba aa e2 70 fb 06
04-23 18:42:56.972 3584 3584 D wpa_supplicant: WPA: PTK derivation - A1=54:e4:bd:58:36:c9 A2=00:1b:da:33:7a:9f
04-23 18:42:56.972 3584 3584 D wpa_supplicant: WPA: Nonce1 - hexdump(len=32): e0 6d 4a 3f 64 85 ff 4a e4 22 8d f2 e1 76 d4 61 fa 4a cb 83 44 3e 0b aa f9 bf ba aa e2 70 fb 06
04-23 18:42:56.972 3584 3584 D wpa_supplicant: WPA: Nonce2 - hexdump(len=32): 40 78 68 02 3a 90 e1 64 82 0f 7f 9c a7 e5 e7 b2 16 88 1f 54 52 1f 2e ee d2 6b ee 1f 48 12 db 2a
04-23 18:42:56.972 3584 3584 D wpa_supplicant: WPA: PMK - hexdump(len=32): [REMOVED]
04-23 18:42:56.972 3584 3584 D wpa_supplicant: WPA: PTK - hexdump(len=48): [REMOVED]
04-23 18:42:56.972 3584 3584 D wpa_supplicant: WPA: WPA IE for msg 2/4 - hexdump(len=22): 30 14 01 00 00 0f ac 04 01 00 00 0f ac 04 01 00 00 0f ac 02 00 00
04-23 18:42:56.972 3584 3584 D wpa_supplicant: WPA: Replay Counter - hexdump(len=8): 00 00 00 00 00 00 00 00
04-23 18:42:56.972 3584 3584 D wpa_supplicant: wlan0: WPA: Sending EAPOL-Key 2/4
04-23 18:42:56.972 3584 3584 D wpa_supplicant: WPA: KCK - hexdump(len=16): [REMOVED]
04-23 18:42:56.972 3584 3584 D wpa_supplicant: WPA: Derived Key MIC - hexdump(len=16): bf d9 1b b1 aa ae b3 5c e1 9a 98 c8 a8 e0 8d 02
04-23 18:42:56.972 3584 3584 D wpa_supplicant: WPA: TX EAPOL-Key - hexdump(len=121): 01 03 00 75 02 01 0a 00 00 00 00 00 00 00 00 00 00 e0 6d 4a 3f 64 85 ff 4a e4 22 8d f2 e1 76 d4 ...
04-23 18:42:56.980 2869 2869 I Choreographer: Skipped 32 frames! The application may be doing too much work on its main thread.
04-23 18:42:56.981 2034 2307 E audio_hw_primary: no pcm card found!
04-23 18:42:56.992 2034 2307 E audio_hw_primary: no pcm card found!
04-23 18:42:57.003 2034 2307 E audio_hw_primary: no pcm card found!
04-23 18:42:57.014 2034 2307 E audio_hw_primary: no pcm card found!
04-23 18:42:57.025 2034 2307 E audio_hw_primary: no pcm card found!
04-23 18:42:57.036 2034 2307 E audio_hw_primary: no pcm card found!
04-23 18:42:57.047 2034 2307 E audio_hw_primary: no pcm card found!
04-23 18:42:57.058 2034 2307 E audio_hw_primary: no pcm card found!
04-23 18:42:57.069 2034 2307 E audio_hw_primary: no pcm card found!
04-23 18:42:57.080 2034 2307 E audio_hw_primary: no pcm card found!
04-23 18:42:57.091 2034 2307 E audio_hw_primary: no pcm card found!
04-23 18:42:57.102 2034 2307 E audio_hw_primary: no pcm card found!
04-23 18:42:57.114 2034 2307 E audio_hw_primary: no pcm card found!
04-23 18:42:57.125 2034 2307 E audio_hw_primary: no pcm card found!
04-23 18:42:57.136 2034 2307 E audio_hw_primary: no pcm card found!
04-23 18:42:57.148 2034 2307 E audio_hw_primary: no pcm card found!
04-23 18:42:57.159 2034 2307 E audio_hw_primary: no pcm card found!
04-23 18:42:57.170 2034 2307 E audio_hw_primary: no pcm card found!
04-23 18:42:57.182 2034 2307 E audio_hw_primary: no pcm card found!
04-23 18:42:57.193 2034 2307 E audio_hw_primary: no pcm card found!
04-23 18:42:57.204 2034 2307 E audio_hw_primary: no pcm card found!
04-23 18:42:57.215 2034 2307 E audio_hw_primary: no pcm card found!
04-23 18:42:57.226 2034 2307 E audio_hw_primary: no pcm card found!
04-23 18:42:57.238 2034 2307 E audio_hw_primary: no pcm card found!
04-23 18:42:57.249 2034 2307 E audio_hw_primary: no pcm card found!
04-23 18:42:57.260 2034 2307 E audio_hw_primary: no pcm card found!
04-23 18:42:57.272 2034 2307 E audio_hw_primary: no pcm card found!
04-23 18:42:57.283 2034 2307 E audio_hw_primary: no pcm card found!
04-23 18:42:57.294 2034 2307 E audio_hw_primary: no pcm card found!
04-23 18:42:57.306 2034 2307 E audio_hw_primary: no pcm card found!
04-23 18:42:57.317 2034 2307 E audio_hw_primary: no pcm card found!
04-23 18:42:57.328 2034 2307 E audio_hw_primary: no pcm card found!
04-23 18:42:57.340 2034 2307 E audio_hw_primary: no pcm card found!
04-23 18:42:57.351 2034 2307 E audio_hw_primary: no pcm card found!
04-23 18:42:57.363 2034 2307 E audio_hw_primary: no pcm card found!
04-23 18:42:57.374 2034 2307 E audio_hw_primary: no pcm card found!
04-23 18:42:57.386 2034 2307 E audio_hw_primary: no pcm card found!
04-23 18:42:57.397 2034 2307 E audio_hw_primary: no pcm card found!
04-23 18:42:57.408 2034 2307 E audio_hw_primary: no pcm card found!
04-23 18:42:57.420 2034 2307 E audio_hw_primary: no pcm card found!
04-23 18:42:57.431 2034 2307 E audio_hw_primary: no pcm card found!
04-23 18:42:57.443 2034 2307 E audio_hw_primary: no pcm card found!
04-23 18:42:57.454 2034 2307 E audio_hw_primary: no pcm card found!
04-23 18:42:57.465 2034 2307 E audio_hw_primary: no pcm card found!
04-23 18:42:57.477 2034 2307 E audio_hw_primary: no pcm card found!
04-23 18:42:57.488 2034 2307 E audio_hw_primary: no pcm card found!
04-23 18:42:57.499 2034 2307 E audio_hw_primary: no pcm card found!
04-23 18:42:57.511 2034 2307 E audio_hw_primary: no pcm card found!
04-23 18:42:57.522 2034 2307 E audio_hw_primary: no pcm card found!
04-23 18:42:57.533 2034 2307 E audio_hw_primary: no pcm card found!
04-23 18:42:57.545 2034 2307 E audio_hw_primary: no pcm card found!
04-23 18:42:57.556 2034 2307 E audio_hw_primary: no pcm card found!
04-23 18:42:57.567 2034 2307 E audio_hw_primary: no pcm card found!
04-23 18:42:57.579 2034 2307 E audio_hw_primary: no pcm card found!
04-23 18:42:57.590 2034 2307 E audio_hw_primary: no pcm card found!
04-23 18:42:57.602 2034 2307 E audio_hw_primary: no pcm card found!
04-23 18:42:57.613 2034 2307 E audio_hw_primary: no pcm card found!
04-23 18:42:57.624 2034 2307 E audio_hw_primary: no pcm card found!
04-23 18:42:57.636 2034 2307 E audio_hw_primary: no pcm card found!
04-23 18:42:57.647 2034 2307 E audio_hw_primary: no pcm card found!
04-23 18:42:57.658 2034 2307 E audio_hw_primary: no pcm card found!
04-23 18:42:57.670 2034 2307 E audio_hw_primary: no pcm card found!
04-23 18:42:57.681 2034 2307 E audio_hw_primary: no pcm card found!
04-23 18:42:57.692 2034 2307 E audio_hw_primary: no pcm card found!
04-23 18:42:57.703 2034 2307 E audio_hw_primary: no pcm card found!
04-23 18:42:57.715 2034 2307 E audio_hw_primary: no pcm card found!
04-23 18:42:57.726 2034 2307 E audio_hw_primary: no pcm card found!
04-23 18:42:57.738 2034 2307 E audio_hw_primary: no pcm card found!
04-23 18:42:57.749 2034 2307 E audio_hw_primary: no pcm card found!
04-23 18:42:57.760 2034 2307 E audio_hw_primary: no pcm card found!
04-23 18:42:57.772 2034 2307 E audio_hw_primary: no pcm card found!
04-23 18:42:57.783 2034 2307 E audio_hw_primary: no pcm card found!
04-23 18:42:57.794 2034 2307 E audio_hw_primary: no pcm card found!
04-23 18:42:57.806 2034 2307 E audio_hw_primary: no pcm card found!
04-23 18:42:57.817 2034 2307 E audio_hw_primary: no pcm card found!
04-23 18:42:57.828 2034 2307 E audio_hw_primary: no pcm card found!
04-23 18:42:57.840 2034 2307 E audio_hw_primary: no pcm card found!
04-23 18:42:57.851 2034 2307 E audio_hw_primary: no pcm card found!
04-23 18:42:57.862 2034 2307 E audio_hw_primary: no pcm card found!
04-23 18:42:57.874 2034 2307 E audio_hw_primary: no pcm card found!
04-23 18:42:57.885 2034 2307 E audio_hw_primary: no pcm card found!
04-23 18:42:57.897 2034 2307 E audio_hw_primary: no pcm card found!
04-23 18:42:57.908 2034 2307 E audio_hw_primary: no pcm card found!
04-23 18:42:57.919 2034 2307 E audio_hw_primary: no pcm card found!
04-23 18:42:57.931 2034 2307 E audio_hw_primary: no pcm card found!
04-23 18:42:57.942 2034 2307 E audio_hw_primary: no pcm card found!
04-23 18:42:57.954 2034 2307 E audio_hw_primary: no pcm card found!
04-23 18:42:57.965 2034 2307 E audio_hw_primary: no pcm card found!
04-23 18:42:57.975 3584 3584 D wpa_supplicant: wlan0: RX EAPOL from 00:1b:da:33:7a:9f
04-23 18:42:57.975 3584 3584 D wpa_supplicant: RX EAPOL - hexdump(len=121): 02 03 00 75 02 00 8a 00 10 00 00 00 00 00 00 00 01 40 78 68 02 3a 90 e1 64 82 0f 7f 9c a7 e5 e7 ...
04-23 18:42:57.975 3584 3584 D wpa_supplicant: wlan0: IEEE 802.1X RX: version=2 type=3 length=117
04-23 18:42:57.975 3584 3584 D wpa_supplicant: WPA: RX EAPOL-Key - hexdump(len=121): 02 03 00 75 02 00 8a 00 10 00 00 00 00 00 00 00 01 40 78 68 02 3a 90 e1 64 82 0f 7f 9c a7 e5 e7 ...
04-23 18:42:57.975 3584 3584 D wpa_supplicant: wlan0: EAPOL-Key type=2
04-23 18:42:57.975 3584 3584 D wpa_supplicant: wlan0: key_info 0x8a (ver=2 keyidx=0 rsvd=0 Pairwise Ack)
04-23 18:42:57.975 3584 3584 D wpa_supplicant: wlan0: key_length=16 key_data_length=22
04-23 18:42:57.975 3584 3584 D wpa_supplicant: replay_counter - hexdump(len=8): 00 00 00 00 00 00 00 01
04-23 18:42:57.975 3584 3584 D wpa_supplicant: key_nonce - hexdump(len=32): 40 78 68 02 3a 90 e1 64 82 0f 7f 9c a7 e5 e7 b2 16 88 1f 54 52 1f 2e ee d2 6b ee 1f 48 12 db 2a
04-23 18:42:57.975 3584 3584 D wpa_supplicant: key_iv - hexdump(len=16): 00 00 00 00 00 00 00 00 00 00 00 00 00 00 00 00
04-23 18:42:57.975 3584 3584 D wpa_supplicant: key_rsc - hexdump(len=8): 00 00 00 00 00 00 00 00
04-23 18:42:57.975 3584 3584 D wpa_supplicant: key_id (reserved) - hexdump(len=8): 00 00 00 00 00 00 00 00
04-23 18:42:57.975 3584 3584 D wpa_supplicant: key_mic - hexdump(len=16): 00 00 00 00 00 00 00 00 00 00 00 00 00 00 00 00
04-23 18:42:57.975 3584 3584 D wpa_supplicant: wlan0: State: 4WAY_HANDSHAKE -> 4WAY_HANDSHAKE
04-23 18:42:57.975 3584 3584 D wpa_supplicant: wlan0: WPA: RX message 1 of 4-Way Handshake from 00:1b:da:33:7a:9f (ver=2)
04-23 18:42:57.976 3584 3584 D wpa_supplicant: RSN: msg 1/4 key data - hexdump(len=22): dd 14 00 0f ac 04 b5 59 8c b1 80 a7 ee e5 24 29 ef fb a8 2c e4 26
04-23 18:42:57.976 3584 3584 D wpa_supplicant: WPA: PMKID in EAPOL-Key - hexdump(len=22): dd 14 00 0f ac 04 b5 59 8c b1 80 a7 ee e5 24 29 ef fb a8 2c e4 26
04-23 18:42:57.976 3584 3584 D wpa_supplicant: RSN: PMKID from Authenticator - hexdump(len=16): b5 59 8c b1 80 a7 ee e5 24 29 ef fb a8 2c e4 26
04-23 18:42:57.976 3584 3584 D wpa_supplicant: wlan0: RSN: no matching PMKID found
04-23 18:42:57.976 3584 3584 D wpa_supplicant: WPA: PTK derivation - A1=54:e4:bd:58:36:c9 A2=00:1b:da:33:7a:9f
04-23 18:42:57.976 2034 2307 E audio_hw_primary: no pcm card found!
04-23 18:42:57.976 3584 3584 D wpa_supplicant: WPA: Nonce1 - hexdump(len=32): e0 6d 4a 3f 64 85 ff 4a e4 22 8d f2 e1 76 d4 61 fa 4a cb 83 44 3e 0b aa f9 bf ba aa e2 70 fb 06
04-23 18:42:57.976 3584 3584 D wpa_supplicant: WPA: Nonce2 - hexdump(len=32): 40 78 68 02 3a 90 e1 64 82 0f 7f 9c a7 e5 e7 b2 16 88 1f 54 52 1f 2e ee d2 6b ee 1f 48 12 db 2a
04-23 18:42:57.976 3584 3584 D wpa_supplicant: WPA: PMK - hexdump(len=32): [REMOVED]
04-23 18:42:57.976 3584 3584 D wpa_supplicant: WPA: PTK - hexdump(len=48): [REMOVED]
04-23 18:42:57.976 3584 3584 D wpa_supplicant: WPA: WPA IE for msg 2/4 - hexdump(len=22): 30 14 01 00 00 0f ac 04 01 00 00 0f ac 04 01 00 00 0f ac 02 00 00
04-23 18:42:57.976 3584 3584 D wpa_supplicant: WPA: Replay Counter - hexdump(len=8): 00 00 00 00 00 00 00 01
04-23 18:42:57.976 3584 3584 D wpa_supplicant: wlan0: WPA: Sending EAPOL-Key 2/4
04-23 18:42:57.977 3584 3584 D wpa_supplicant: WPA: KCK - hexdump(len=16): [REMOVED]
04-23 18:42:57.977 3584 3584 D wpa_supplicant: WPA: Derived Key MIC - hexdump(len=16): 73 e9 21 7a cd 46 81 5d ed 21 4a 74 67 25 9b 93
04-23 18:42:57.977 3584 3584 D wpa_supplicant: WPA: TX EAPOL-Key - hexdump(len=121): 01 03 00 75 02 01 0a 00 00 00 00 00 00 00 00 00 01 e0 6d 4a 3f 64 85 ff 4a e4 22 8d f2 e1 76 d4 ...
04-23 18:42:57.987 2034 2307 E audio_hw_primary: no pcm card found!
04-23 18:42:57.999 2034 2307 E audio_hw_primary: no pcm card found!
04-23 18:42:58.010 2034 2307 E audio_hw_primary: no pcm card found!
04-23 18:42:58.021 2034 2307 E audio_hw_primary: no pcm card found!
04-23 18:42:58.033 2034 2307 E audio_hw_primary: no pcm card found!
04-23 18:42:58.044 2034 2307 E audio_hw_primary: no pcm card found!
04-23 18:42:58.055 2034 2307 E audio_hw_primary: no pcm card found!
04-23 18:42:58.067 2034 2307 E audio_hw_primary: no pcm card found!
04-23 18:42:58.078 2034 2307 E audio_hw_primary: no pcm card found!
04-23 18:42:58.090 2034 2307 E audio_hw_primary: no pcm card found!
04-23 18:42:58.101 2034 2307 E audio_hw_primary: no pcm card found!
04-23 18:42:58.112 2034 2307 E audio_hw_primary: no pcm card found!
04-23 18:42:58.123 2034 2307 E audio_hw_primary: no pcm card found!
04-23 18:42:58.135 2034 2307 E audio_hw_primary: no pcm card found!
04-23 18:42:58.146 2034 2307 E audio_hw_primary: no pcm card found!
04-23 18:42:58.157 2034 2307 E audio_hw_primary: no pcm card found!
04-23 18:42:58.169 2034 2307 E audio_hw_primary: no pcm card found!
04-23 18:42:58.180 2034 2307 E audio_hw_primary: no pcm card found!
04-23 18:42:58.192 2034 2307 E audio_hw_primary: no pcm card found!
04-23 18:42:58.203 2034 2307 E audio_hw_primary: no pcm card found!
04-23 18:42:58.214 2034 2307 E audio_hw_primary: no pcm card found!
04-23 18:42:58.226 2034 2307 E audio_hw_primary: no pcm card found!
04-23 18:42:58.237 2034 2307 E audio_hw_primary: no pcm card found!
04-23 18:42:58.249 2034 2307 E audio_hw_primary: no pcm card found!
04-23 18:42:58.260 2034 2307 E audio_hw_primary: no pcm card found!
04-23 18:42:58.271 2034 2307 E audio_hw_primary: no pcm card found!
04-23 18:42:58.283 2034 2307 E audio_hw_primary: no pcm card found!
04-23 18:42:58.294 2034 2307 E audio_hw_primary: no pcm card found!
04-23 18:42:58.305 2034 2307 E audio_hw_primary: no pcm card found!
04-23 18:42:58.316 2034 2307 E audio_hw_primary: no pcm card found!
04-23 18:42:58.328 2034 2307 E audio_hw_primary: no pcm card found!
04-23 18:42:58.339 2034 2307 E audio_hw_primary: no pcm card found!
04-23 18:42:58.351 2034 2307 E audio_hw_primary: no pcm card found!
04-23 18:42:58.362 2034 2307 E audio_hw_primary: no pcm card found!
04-23 18:42:58.373 2034 2307 E audio_hw_primary: no pcm card found!
04-23 18:42:58.385 2034 2307 E audio_hw_primary: no pcm card found!
04-23 18:42:58.396 2034 2307 E audio_hw_primary: no pcm card found!
04-23 18:42:58.407 2034 2307 E audio_hw_primary: no pcm card found!
04-23 18:42:58.419 2034 2307 E audio_hw_primary: no pcm card found!
04-23 18:42:58.430 2034 2307 E audio_hw_primary: no pcm card found!
04-23 18:42:58.441 2034 2307 E audio_hw_primary: no pcm card found!
04-23 18:42:58.453 2034 2307 E audio_hw_primary: no pcm card found!
04-23 18:42:58.464 2034 2307 E audio_hw_primary: no pcm card found!
04-23 18:42:58.475 2034 2307 E audio_hw_primary: no pcm card found!
04-23 18:42:58.487 2034 2307 E audio_hw_primary: no pcm card found!
04-23 18:42:58.498 2034 2307 E audio_hw_primary: no pcm card found!
04-23 18:42:58.509 2034 2307 E audio_hw_primary: no pcm card found!
04-23 18:42:58.521 2034 2307 E audio_hw_primary: no pcm card found!
04-23 18:42:58.532 2034 2307 E audio_hw_primary: no pcm card found!
04-23 18:42:58.544 2034 2307 E audio_hw_primary: no pcm card found!
04-23 18:42:58.555 2034 2307 E audio_hw_primary: no pcm card found!
04-23 18:42:58.566 2034 2307 E audio_hw_primary: no pcm card found!
04-23 18:42:58.578 2034 2307 E audio_hw_primary: no pcm card found!
04-23 18:42:58.589 2034 2307 E audio_hw_primary: no pcm card found!
04-23 18:42:58.600 2034 2307 E audio_hw_primary: no pcm card found!
04-23 18:42:58.612 2034 2307 E audio_hw_primary: no pcm card found!
04-23 18:42:58.623 2034 2307 E audio_hw_primary: no pcm card found!
04-23 18:42:58.634 2034 2307 E audio_hw_primary: no pcm card found!
04-23 18:42:58.646 2034 2307 E audio_hw_primary: no pcm card found!
04-23 18:42:58.657 2034 2307 E audio_hw_primary: no pcm card found!
04-23 18:42:58.668 2034 2307 E audio_hw_primary: no pcm card found!
04-23 18:42:58.680 2034 2307 E audio_hw_primary: no pcm card found!
04-23 18:42:58.691 2034 2307 E audio_hw_primary: no pcm card found!
04-23 18:42:58.703 2034 2307 E audio_hw_primary: no pcm card found!
04-23 18:42:58.714 2034 2307 E audio_hw_primary: no pcm card found!
04-23 18:42:58.725 2034 2307 E audio_hw_primary: no pcm card found!
04-23 18:42:58.736 2034 2307 E audio_hw_primary: no pcm card found!
04-23 18:42:58.748 2034 2307 E audio_hw_primary: no pcm card found!
04-23 18:42:58.759 2034 2307 E audio_hw_primary: no pcm card found!
04-23 18:42:58.770 2034 2307 E audio_hw_primary: no pcm card found!
04-23 18:42:58.782 2034 2307 E audio_hw_primary: no pcm card found!
04-23 18:42:58.793 2034 2307 E audio_hw_primary: no pcm card found!
04-23 18:42:58.805 2034 2307 E audio_hw_primary: no pcm card found!
04-23 18:42:58.816 2034 2307 E audio_hw_primary: no pcm card found!
04-23 18:42:58.827 2034 2307 E audio_hw_primary: no pcm card found!
04-23 18:42:58.839 2034 2307 E audio_hw_primary: no pcm card found!
04-23 18:42:58.850 2034 2307 E audio_hw_primary: no pcm card found!
04-23 18:42:58.862 2034 2307 E audio_hw_primary: no pcm card found!
04-23 18:42:58.873 2034 2307 E audio_hw_primary: no pcm card found!
04-23 18:42:58.884 2034 2307 E audio_hw_primary: no pcm card found!
04-23 18:42:58.896 2034 2307 E audio_hw_primary: no pcm card found!
04-23 18:42:58.907 2034 2307 E audio_hw_primary: no pcm card found!
04-23 18:42:58.918 2034 2307 E audio_hw_primary: no pcm card found!
04-23 18:42:58.930 2034 2307 E audio_hw_primary: no pcm card found!
04-23 18:42:58.941 2034 2307 E audio_hw_primary: no pcm card found!
04-23 18:42:58.952 2034 2307 E audio_hw_primary: no pcm card found!
04-23 18:42:58.964 2034 2307 E audio_hw_primary: no pcm card found!
04-23 18:42:58.964 3584 3584 D wpa_supplicant: EAPOL: startWhen --> 0
04-23 18:42:58.964 3584 3584 D wpa_supplicant: EAPOL: disable timer tick
04-23 18:42:58.964 3584 3584 D wpa_supplicant: EAPOL: SUPP_PAE entering state CONNECTING
04-23 18:42:58.964 3584 3584 D wpa_supplicant: EAPOL: enable timer tick
04-23 18:42:58.964 3584 3584 D wpa_supplicant: EAPOL: txStart
04-23 18:42:58.964 3584 3584 D wpa_supplicant: WPA: drop TX EAPOL in non-IEEE 802.1X mode (type=1 len=0)
04-23 18:42:58.975 2034 2307 E audio_hw_primary: no pcm card found!
04-23 18:42:58.976 3584 3584 D wpa_supplicant: wlan0: RX EAPOL from 00:1b:da:33:7a:9f
04-23 18:42:58.976 3584 3584 D wpa_supplicant: RX EAPOL - hexdump(len=121): 02 03 00 75 02 00 8a 00 10 00 00 00 00 00 00 00 02 40 78 68 02 3a 90 e1 64 82 0f 7f 9c a7 e5 e7 ...
04-23 18:42:58.976 3584 3584 D wpa_supplicant: wlan0: IEEE 802.1X RX: version=2 type=3 length=117
04-23 18:42:58.976 3584 3584 D wpa_supplicant: WPA: RX EAPOL-Key - hexdump(len=121): 02 03 00 75 02 00 8a 00 10 00 00 00 00 00 00 00 02 40 78 68 02 3a 90 e1 64 82 0f 7f 9c a7 e5 e7 ...
04-23 18:42:58.976 3584 3584 D wpa_supplicant: wlan0: EAPOL-Key type=2
04-23 18:42:58.976 3584 3584 D wpa_supplicant: wlan0: key_info 0x8a (ver=2 keyidx=0 rsvd=0 Pairwise Ack)
04-23 18:42:58.976 3584 3584 D wpa_supplicant: wlan0: key_length=16 key_data_length=22
04-23 18:42:58.976 3584 3584 D wpa_supplicant: replay_counter - hexdump(len=8): 00 00 00 00 00 00 00 02
04-23 18:42:58.977 3584 3584 D wpa_supplicant: key_nonce - hexdump(len=32): 40 78 68 02 3a 90 e1 64 82 0f 7f 9c a7 e5 e7 b2 16 88 1f 54 52 1f 2e ee d2 6b ee 1f 48 12 db 2a
04-23 18:42:58.977 3584 3584 D wpa_supplicant: key_iv - hexdump(len=16): 00 00 00 00 00 00 00 00 00 00 00 00 00 00 00 00
04-23 18:42:58.977 3584 3584 D wpa_supplicant: key_rsc - hexdump(len=8): 00 00 00 00 00 00 00 00
04-23 18:42:58.977 3584 3584 D wpa_supplicant: key_id (reserved) - hexdump(len=8): 00 00 00 00 00 00 00 00
04-23 18:42:58.977 3584 3584 D wpa_supplicant: key_mic - hexdump(len=16): 00 00 00 00 00 00 00 00 00 00 00 00 00 00 00 00
04-23 18:42:58.977 3584 3584 D wpa_supplicant: wlan0: State: 4WAY_HANDSHAKE -> 4WAY_HANDSHAKE
04-23 18:42:58.977 3584 3584 D wpa_supplicant: wlan0: WPA: RX message 1 of 4-Way Handshake from 00:1b:da:33:7a:9f (ver=2)
04-23 18:42:58.977 3584 3584 D wpa_supplicant: RSN: msg 1/4 key data - hexdump(len=22): dd 14 00 0f ac 04 b5 59 8c b1 80 a7 ee e5 24 29 ef fb a8 2c e4 26
04-23 18:42:58.977 3584 3584 D wpa_supplicant: WPA: PMKID in EAPOL-Key - hexdump(len=22): dd 14 00 0f ac 04 b5 59 8c b1 80 a7 ee e5 24 29 ef fb a8 2c e4 26
04-23 18:42:58.977 3584 3584 D wpa_supplicant: RSN: PMKID from Authenticator - hexdump(len=16): b5 59 8c b1 80 a7 ee e5 24 29 ef fb a8 2c e4 26
04-23 18:42:58.977 3584 3584 D wpa_supplicant: wlan0: RSN: no matching PMKID found
04-23 18:42:58.977 3584 3584 D wpa_supplicant: WPA: PTK derivation - A1=54:e4:bd:58:36:c9 A2=00:1b:da:33:7a:9f
04-23 18:42:58.977 3584 3584 D wpa_supplicant: WPA: Nonce1 - hexdump(len=32): e0 6d 4a 3f 64 85 ff 4a e4 22 8d f2 e1 76 d4 61 fa 4a cb 83 44 3e 0b aa f9 bf ba aa e2 70 fb 06
04-23 18:42:58.977 3584 3584 D wpa_supplicant: WPA: Nonce2 - hexdump(len=32): 40 78 68 02 3a 90 e1 64 82 0f 7f 9c a7 e5 e7 b2 16 88 1f 54 52 1f 2e ee d2 6b ee 1f 48 12 db 2a
04-23 18:42:58.977 3584 3584 D wpa_supplicant: WPA: PMK - hexdump(len=32): [REMOVED]
04-23 18:42:58.977 3584 3584 D wpa_supplicant: WPA: PTK - hexdump(len=48): [REMOVED]
04-23 18:42:58.977 3584 3584 D wpa_supplicant: WPA: WPA IE for msg 2/4 - hexdump(len=22): 30 14 01 00 00 0f ac 04 01 00 00 0f ac 04 01 00 00 0f ac 02 00 00
04-23 18:42:58.977 3584 3584 D wpa_supplicant: WPA: Replay Counter - hexdump(len=8): 00 00 00 00 00 00 00 02
04-23 18:42:58.977 3584 3584 D wpa_supplicant: wlan0: WPA: Sending EAPOL-Key 2/4
04-23 18:42:58.978 3584 3584 D wpa_supplicant: WPA: KCK - hexdump(len=16): [REMOVED]
04-23 18:42:58.978 3584 3584 D wpa_supplicant: WPA: Derived Key MIC - hexdump(len=16): c0 84 c8 54 ad 33 b4 4d 01 43 30 ae 60 d6 ec 7b
04-23 18:42:58.978 3584 3584 D wpa_supplicant: WPA: TX EAPOL-Key - hexdump(len=121): 01 03 00 75 02 01 0a 00 00 00 00 00 00 00 00 00 02 e0 6d 4a 3f 64 85 ff 4a e4 22 8d f2 e1 76 d4 ...
04-23 18:42:58.986 2034 2307 E audio_hw_primary: no pcm card found!
04-23 18:42:58.998 2034 2307 E audio_hw_primary: no pcm card found!
04-23 18:42:59.009 2034 2307 E audio_hw_primary: no pcm card found!
04-23 18:42:59.020 2034 2307 E audio_hw_primary: no pcm card found!
04-23 18:42:59.032 2034 2307 E audio_hw_primary: no pcm card found!
04-23 18:42:59.043 2034 2307 E audio_hw_primary: no pcm card found!
04-23 18:42:59.054 2034 2307 E audio_hw_primary: no pcm card found!
04-23 18:42:59.066 2034 2307 E audio_hw_primary: no pcm card found!
04-23 18:42:59.077 2034 2307 E audio_hw_primary: no pcm card found!
04-23 18:42:59.088 2034 2307 E audio_hw_primary: no pcm card found!
04-23 18:42:59.099 2034 2307 E audio_hw_primary: no pcm card found!
04-23 18:42:59.111 2034 2307 E audio_hw_primary: no pcm card found!
04-23 18:42:59.122 2034 2307 E audio_hw_primary: no pcm card found!
04-23 18:42:59.134 2034 2307 E audio_hw_primary: no pcm card found!
04-23 18:42:59.145 2034 2307 E audio_hw_primary: no pcm card found!
04-23 18:42:59.156 2034 2307 E audio_hw_primary: no pcm card found!
04-23 18:42:59.168 2034 2307 E audio_hw_primary: no pcm card found!
04-23 18:42:59.179 2034 2307 E audio_hw_primary: no pcm card found!
04-23 18:42:59.191 2034 2307 E audio_hw_primary: no pcm card found!
04-23 18:42:59.202 2034 2307 E audio_hw_primary: no pcm card found!
04-23 18:42:59.213 2034 2307 E audio_hw_primary: no pcm card found!
04-23 18:42:59.224 2034 2307 E audio_hw_primary: no pcm card found!
04-23 18:42:59.236 2034 2307 E audio_hw_primary: no pcm card found!
04-23 18:42:59.247 2034 2307 E audio_hw_primary: no pcm card found!
04-23 18:42:59.258 2034 2307 E audio_hw_primary: no pcm card found!
04-23 18:42:59.270 2034 2307 E audio_hw_primary: no pcm card found!
04-23 18:42:59.281 2034 2307 E audio_hw_primary: no pcm card found!
04-23 18:42:59.293 2034 2307 E audio_hw_primary: no pcm card found!
04-23 18:42:59.304 2034 2307 E audio_hw_primary: no pcm card found!
04-23 18:42:59.315 2034 2307 E audio_hw_primary: no pcm card found!
04-23 18:42:59.326 2034 2307 E audio_hw_primary: no pcm card found!
04-23 18:42:59.338 2034 2307 E audio_hw_primary: no pcm card found!
04-23 18:42:59.349 2034 2307 E audio_hw_primary: no pcm card found!
04-23 18:42:59.360 2034 2307 E audio_hw_primary: no pcm card found!
04-23 18:42:59.372 2034 2307 E audio_hw_primary: no pcm card found!
04-23 18:42:59.383 2034 2307 E audio_hw_primary: no pcm card found!
04-23 18:42:59.394 2034 2307 E audio_hw_primary: no pcm card found!
04-23 18:42:59.406 2034 2307 E audio_hw_primary: no pcm card found!
04-23 18:42:59.417 2034 2307 E audio_hw_primary: no pcm card found!
04-23 18:42:59.429 2034 2307 E audio_hw_primary: no pcm card found!
04-23 18:42:59.440 2034 2307 E audio_hw_primary: no pcm card found!
04-23 18:42:59.452 2034 2307 E audio_hw_primary: no pcm card found!
04-23 18:42:59.463 2034 2307 E audio_hw_primary: no pcm card found!
04-23 18:42:59.474 2034 2307 E audio_hw_primary: no pcm card found!
04-23 18:42:59.486 2034 2307 E audio_hw_primary: no pcm card found!
04-23 18:42:59.497 2034 2307 E audio_hw_primary: no pcm card found!
04-23 18:42:59.508 2034 2307 E audio_hw_primary: no pcm card found!
04-23 18:42:59.520 2034 2307 E audio_hw_primary: no pcm card found!
04-23 18:42:59.531 2034 2307 E audio_hw_primary: no pcm card found!
