04-23 19:08:23.820 2034 2307 E audio_hw_primary: no pcm card found!
04-23 19:08:23.831 2034 2307 E audio_hw_primary: no pcm card found!
04-23 19:08:23.842 2034 2307 E audio_hw_primary: no pcm card found!
04-23 19:08:23.853 2034 2307 E audio_hw_primary: no pcm card found!
04-23 19:08:23.865 2034 2307 E audio_hw_primary: no pcm card found!
04-23 19:08:23.876 2034 2307 E audio_hw_primary: no pcm card found!
04-23 19:08:23.887 2034 2307 E audio_hw_primary: no pcm card found!
04-23 19:08:23.898 2034 2307 E audio_hw_primary: no pcm card found!
04-23 19:08:23.910 2034 2307 E audio_hw_primary: no pcm card found!
04-23 19:08:23.921 2034 2307 E audio_hw_primary: no pcm card found!
04-23 19:08:23.932 2034 2307 E audio_hw_primary: no pcm card found!
04-23 19:08:23.944 2034 2307 E audio_hw_primary: no pcm card found!
04-23 19:08:23.955 2034 2307 E audio_hw_primary: no pcm card found!
04-23 19:08:23.966 2034 2307 E audio_hw_primary: no pcm card found!
04-23 19:08:23.977 2034 2307 E audio_hw_primary: no pcm card found!
04-23 19:08:23.989 2034 2307 E audio_hw_primary: no pcm card found!
04-23 19:08:24.000 2034 2307 E audio_hw_primary: no pcm card found!
04-23 19:08:24.012 2034 2307 E audio_hw_primary: no pcm card found!
04-23 19:08:24.024 2034 2307 E audio_hw_primary: no pcm card found!
04-23 19:08:24.035 2034 2307 E audio_hw_primary: no pcm card found!
04-23 19:08:24.046 2034 2307 E audio_hw_primary: no pcm card found!
04-23 19:08:24.057 2034 2307 E audio_hw_primary: no pcm card found!
04-23 19:08:24.068 2034 2307 E audio_hw_primary: no pcm card found!
04-23 19:08:24.080 2034 2307 E audio_hw_primary: no pcm card found!
04-23 19:08:24.092 2034 2307 E audio_hw_primary: no pcm card found!
04-23 19:08:24.103 2034 2307 E audio_hw_primary: no pcm card found!
04-23 19:08:24.114 2034 2307 E audio_hw_primary: no pcm card found!
04-23 19:08:24.126 2034 2307 E audio_hw_primary: no pcm card found!
04-23 19:08:24.137 2034 2307 E audio_hw_primary: no pcm card found!
04-23 19:08:24.148 2034 2307 E audio_hw_primary: no pcm card found!
04-23 19:08:24.159 2034 2307 E audio_hw_primary: no pcm card found!
04-23 19:08:24.171 2034 2307 E audio_hw_primary: no pcm card found!
04-23 19:08:24.182 2034 2307 E audio_hw_primary: no pcm card found!
04-23 19:08:24.193 2034 2307 E audio_hw_primary: no pcm card found!
04-23 19:08:24.204 2034 2307 E audio_hw_primary: no pcm card found!
04-23 19:08:24.216 2034 2307 E audio_hw_primary: no pcm card found!
04-23 19:08:24.227 2034 2307 E audio_hw_primary: no pcm card found!
04-23 19:08:24.238 2034 2307 E audio_hw_primary: no pcm card found!
04-23 19:08:24.249 2034 2307 E audio_hw_primary: no pcm card found!
04-23 19:08:24.261 2034 2307 E audio_hw_primary: no pcm card found!
04-23 19:08:24.272 2034 2307 E audio_hw_primary: no pcm card found!
04-23 19:08:24.284 2034 2307 E audio_hw_primary: no pcm card found!
04-23 19:08:24.296 2034 2307 E audio_hw_primary: no pcm card found!
04-23 19:08:24.308 2034 2307 E audio_hw_primary: no pcm card found!
04-23 19:08:24.319 2034 2307 E audio_hw_primary: no pcm card found!
04-23 19:08:24.330 2034 2307 E audio_hw_primary: no pcm card found!
04-23 19:08:24.342 2034 2307 E audio_hw_primary: no pcm card found!
04-23 19:08:24.353 2034 2307 E audio_hw_primary: no pcm card found!
04-23 19:08:24.364 2034 2307 E audio_hw_primary: no pcm card found!
04-23 19:08:24.376 2034 2307 E audio_hw_primary: no pcm card found!
04-23 19:08:24.387 2034 2307 E audio_hw_primary: no pcm card found!
04-23 19:08:24.398 2034 2307 E audio_hw_primary: no pcm card found!
04-23 19:08:24.410 2034 2307 E audio_hw_primary: no pcm card found!
04-23 19:08:24.421 2034 2307 E audio_hw_primary: no pcm card found!
04-23 19:08:24.432 2034 2307 E audio_hw_primary: no pcm card found!
04-23 19:08:24.444 2034 2307 E audio_hw_primary: no pcm card found!
04-23 19:08:24.455 2034 2307 E audio_hw_primary: no pcm card found!
04-23 19:08:24.467 2034 2307 E audio_hw_primary: no pcm card found!
04-23 19:08:24.478 2034 2307 E audio_hw_primary: no pcm card found!
04-23 19:08:24.489 2034 2307 E audio_hw_primary: no pcm card found!
04-23 19:08:24.501 2034 2307 E audio_hw_primary: no pcm card found!
04-23 19:08:24.512 2034 2307 E audio_hw_primary: no pcm card found!
04-23 19:08:24.524 2034 2307 E audio_hw_primary: no pcm card found!
04-23 19:08:24.535 2034 2307 E audio_hw_primary: no pcm card found!
04-23 19:08:24.546 2034 2307 E audio_hw_primary: no pcm card found!
04-23 19:08:24.558 2034 2307 E audio_hw_primary: no pcm card found!
04-23 19:08:24.569 2034 2307 E audio_hw_primary: no pcm card found!
04-23 19:08:24.581 2034 2307 E audio_hw_primary: no pcm card found!
04-23 19:08:24.592 2034 2307 E audio_hw_primary: no pcm card found!
04-23 19:08:24.603 2034 2307 E audio_hw_primary: no pcm card found!
04-23 19:08:24.615 2034 2307 E audio_hw_primary: no pcm card found!
04-23 19:08:24.626 2034 2307 E audio_hw_primary: no pcm card found!
04-23 19:08:24.637 2034 2307 E audio_hw_primary: no pcm card found!
04-23 19:08:24.649 2034 2307 E audio_hw_primary: no pcm card found!
04-23 19:08:24.660 2034 2307 E audio_hw_primary: no pcm card found!
04-23 19:08:24.672 2034 2307 E audio_hw_primary: no pcm card found!
04-23 19:08:24.683 2034 2307 E audio_hw_primary: no pcm card found!
04-23 19:08:24.694 2034 2307 E audio_hw_primary: no pcm card found!
04-23 19:08:24.705 2034 2307 E audio_hw_primary: no pcm card found!
04-23 19:08:24.717 2034 2307 E audio_hw_primary: no pcm card found!
04-23 19:08:24.728 2034 2307 E audio_hw_primary: no pcm card found!
04-23 19:08:24.739 2034 2307 E audio_hw_primary: no pcm card found!
04-23 19:08:24.751 2034 2307 E audio_hw_primary: no pcm card found!
04-23 19:08:24.762 2034 2307 E audio_hw_primary: no pcm card found!
04-23 19:08:24.774 2034 2307 E audio_hw_primary: no pcm card found!
04-23 19:08:24.785 2034 2307 E audio_hw_primary: no pcm card found!
04-23 19:08:24.796 2034 2307 E audio_hw_primary: no pcm card found!
04-23 19:08:24.808 2034 2307 E audio_hw_primary: no pcm card found!
04-23 19:08:24.819 2034 2307 E audio_hw_primary: no pcm card found!
04-23 19:08:24.830 2034 2307 E audio_hw_primary: no pcm card found!
04-23 19:08:24.842 2034 2307 E audio_hw_primary: no pcm card found!
04-23 19:08:24.853 2034 2307 E audio_hw_primary: no pcm card found!
04-23 19:08:24.865 2034 2307 E audio_hw_primary: no pcm card found!
04-23 19:08:24.876 2034 2307 E audio_hw_primary: no pcm card found!
04-23 19:08:24.888 2034 2307 E audio_hw_primary: no pcm card found!
04-23 19:08:24.899 2034 2307 E audio_hw_primary: no pcm card found!
04-23 19:08:24.911 2034 2307 E audio_hw_primary: no pcm card found!
04-23 19:08:24.922 2034 2307 E audio_hw_primary: no pcm card found!
04-23 19:08:24.933 2034 2307 E audio_hw_primary: no pcm card found!
04-23 19:08:24.944 2034 2307 E audio_hw_primary: no pcm card found!
04-23 19:08:24.955 2034 2307 E audio_hw_primary: no pcm card found!
04-23 19:08:24.967 2034 2307 E audio_hw_primary: no pcm card found!
04-23 19:08:24.978 2034 2307 E audio_hw_primary: no pcm card found!
04-23 19:08:24.989 2034 2307 E audio_hw_primary: no pcm card found!
04-23 19:08:25.000 2034 2307 E audio_hw_primary: no pcm card found!
04-23 19:08:25.011 2034 2307 E audio_hw_primary: no pcm card found!
04-23 19:08:25.023 2034 2307 E audio_hw_primary: no pcm card found!
04-23 19:08:25.034 2034 2307 E audio_hw_primary: no pcm card found!
04-23 19:08:25.045 2325 2634 I ActivityManager: START u0 {act=android.intent.action.MAIN cmp=com.android.settings/.SubSettings (has extras)} from uid 1000 on display 0
04-23 19:08:25.045 2034 2307 E audio_hw_primary: no pcm card found!
04-23 19:08:25.046 2325 2515 W AudioTrack: AUDIO_OUTPUT_FLAG_FAST denied by client
04-23 19:08:25.050 2325 2634 V WindowManager: addAppToken: AppWindowToken{1cc66135 token=Token{3744a76c ActivityRecord{3549d81f u0 com.android.settings/.SubSettings t10}}} to stack=1 task=10 at 1
04-23 19:08:25.059 2034 2307 E audio_hw_primary: no pcm card found!
04-23 19:08:25.081 2034 2307 E audio_hw_primary: no pcm card found!
04-23 19:08:25.092 2034 2307 E audio_hw_primary: no pcm card found!
04-23 19:08:25.095 3819 3819 D SubSettings: Launching fragment com.android.settings.print.PrintSettingsFragment
04-23 19:08:25.103 2034 2307 E audio_hw_primary: no pcm card found!
04-23 19:08:25.114 2034 2307 E audio_hw_primary: no pcm card found!
04-23 19:08:25.125 2034 2307 E audio_hw_primary: no pcm card found!
04-23 19:08:25.136 2034 2307 E audio_hw_primary: no pcm card found!
04-23 19:08:25.147 2034 2307 E audio_hw_primary: no pcm card found!
04-23 19:08:25.157 2034 2307 E audio_hw_primary: no pcm card found!
04-23 19:08:25.168 2034 2307 E audio_hw_primary: no pcm card found!
04-23 19:08:25.179 2034 2307 E audio_hw_primary: no pcm card found!
04-23 19:08:25.182 2325 4621 I ActivityManager: Start proc 4719:com.android.printspooler/u0a44 for service com.android.printspooler/.model.PrintSpoolerService
04-23 19:08:25.190 2034 2307 E audio_hw_primary: no pcm card found!
04-23 19:08:25.201 2325 2635 V WindowManager: Adding window Window{3b76c39c u0 com.android.settings/com.android.settings.SubSettings} at 4 of 9 (after Window{2d4ab27 u0 com.android.settings/com.android.settings.Settings})
04-23 19:08:25.201 2034 2307 E audio_hw_primary: no pcm card found!
04-23 19:08:25.212 2034 2307 E audio_hw_primary: no pcm card found!
04-23 19:08:25.223 2034 2307 E audio_hw_primary: no pcm card found!
04-23 19:08:25.228 4719 4719 I PrintSpoolerService: No existing print spooler state.
04-23 19:08:25.234 2034 2307 E audio_hw_primary: no pcm card found!
04-23 19:08:25.245 2034 2307 E audio_hw_primary: no pcm card found!
04-23 19:08:25.256 2034 2307 E audio_hw_primary: no pcm card found!
04-23 19:08:25.267 2034 2307 E audio_hw_primary: no pcm card found!
04-23 19:08:25.279 2034 2307 E audio_hw_primary: no pcm card found!
04-23 19:08:25.290 2034 2307 E audio_hw_primary: no pcm card found!
04-23 19:08:25.301 2034 2307 E audio_hw_primary: no pcm card found!
04-23 19:08:25.312 2034 2307 E audio_hw_primary: no pcm card found!
04-23 19:08:25.312 2325 2355 I ActivityManager: Displayed com.android.settings/.SubSettings: +249ms
04-23 19:08:25.323 2034 2307 E audio_hw_primary: no pcm card found!
04-23 19:08:25.334 2034 2307 E audio_hw_primary: no pcm card found!
04-23 19:08:25.346 2034 2307 E audio_hw_primary: no pcm card found!
04-23 19:08:25.357 2034 2307 E audio_hw_primary: no pcm card found!
04-23 19:08:25.368 2034 2307 E audio_hw_primary: no pcm card found!
04-23 19:08:25.379 2034 2307 E audio_hw_primary: no pcm card found!
04-23 19:08:25.391 2034 2307 E audio_hw_primary: no pcm card found!
04-23 19:08:25.399 3819 4670 D OpenGLRenderer: endAllStagingAnimators on 0x7f14b9dd9800 (RippleDrawable) with handle 0x7f14b9e13c20
04-23 19:08:25.402 2034 2307 E audio_hw_primary: no pcm card found!
04-23 19:08:25.413 2034 2307 E audio_hw_primary: no pcm card found!
04-23 19:08:25.424 2034 2307 E audio_hw_primary: no pcm card found!
04-23 19:08:25.435 2034 2307 E audio_hw_primary: no pcm card found!
04-23 19:08:25.446 2034 2307 E audio_hw_primary: no pcm card found!
04-23 19:08:25.457 2034 2307 E audio_hw_primary: no pcm card found!
04-23 19:08:25.469 2034 2307 E audio_hw_primary: no pcm card found!
04-23 19:08:25.480 2034 2307 E audio_hw_primary: no pcm card found!
04-23 19:08:25.491 2034 2307 E audio_hw_primary: no pcm card found!
04-23 19:08:25.502 2034 2307 E audio_hw_primary: no pcm card found!
04-23 19:08:25.514 2034 2307 E audio_hw_primary: no pcm card found!
04-23 19:08:25.525 2034 2307 E audio_hw_primary: no pcm card found!
04-23 19:08:25.536 2034 2307 E audio_hw_primary: no pcm card found!
04-23 19:08:25.548 2034 2307 E audio_hw_primary: no pcm card found!
04-23 19:08:25.559 2034 2307 E audio_hw_primary: no pcm card found!
04-23 19:08:25.570 2034 2307 E audio_hw_primary: no pcm card found!
04-23 19:08:25.582 2034 2307 E audio_hw_primary: no pcm card found!
04-23 19:08:25.593 2034 2307 E audio_hw_primary: no pcm card found!
04-23 19:08:25.605 2034 2307 E audio_hw_primary: no pcm card found!
04-23 19:08:25.616 2034 2307 E audio_hw_primary: no pcm card found!
04-23 19:08:25.627 2034 2307 E audio_hw_primary: no pcm card found!
04-23 19:08:25.638 2034 2307 E audio_hw_primary: no pcm card found!
04-23 19:08:25.650 2034 2307 E audio_hw_primary: no pcm card found!
04-23 19:08:25.661 2034 2307 E audio_hw_primary: no pcm card found!
04-23 19:08:25.672 2034 2307 E audio_hw_primary: no pcm card found!
04-23 19:08:25.684 2034 2307 E audio_hw_primary: no pcm card found!
04-23 19:08:25.695 2034 2307 E audio_hw_primary: no pcm card found!
04-23 19:08:25.706 2034 2307 E audio_hw_primary: no pcm card found!
04-23 19:08:25.718 2034 2307 E audio_hw_primary: no pcm card found!
04-23 19:08:25.729 2034 2307 E audio_hw_primary: no pcm card found!
04-23 19:08:25.741 2034 2307 E audio_hw_primary: no pcm card found!
04-23 19:08:25.752 2034 2307 E audio_hw_primary: no pcm card found!
04-23 19:08:25.763 2034 2307 E audio_hw_primary: no pcm card found!
04-23 19:08:25.775 2034 2307 E audio_hw_primary: no pcm card found!
04-23 19:08:25.786 2034 2307 E audio_hw_primary: no pcm card found!
04-23 19:08:25.798 2034 2307 E audio_hw_primary: no pcm card found!
04-23 19:08:25.809 2034 2307 E audio_hw_primary: no pcm card found!
04-23 19:08:25.820 2034 2307 E audio_hw_primary: no pcm card found!
04-23 19:08:25.832 2034 2307 E audio_hw_primary: no pcm card found!
04-23 19:08:25.843 2034 2307 E audio_hw_primary: no pcm card found!
04-23 19:08:25.855 2034 2307 E audio_hw_primary: no pcm card found!
04-23 19:08:25.866 2034 2307 E audio_hw_primary: no pcm card found!
04-23 19:08:25.878 2034 2307 E audio_hw_primary: no pcm card found!
04-23 19:08:25.889 2034 2307 E audio_hw_primary: no pcm card found!
04-23 19:08:25.900 2034 2307 E audio_hw_primary: no pcm card found!
04-23 19:08:25.912 2034 2307 E audio_hw_primary: no pcm card found!
04-23 19:08:25.923 2034 2307 E audio_hw_primary: no pcm card found!
04-23 19:08:25.934 2034 2307 E audio_hw_primary: no pcm card found!
04-23 19:08:25.946 2034 2307 E audio_hw_primary: no pcm card found!
04-23 19:08:25.957 2034 2307 E audio_hw_primary: no pcm card found!
04-23 19:08:25.968 2034 2307 E audio_hw_primary: no pcm card found!
04-23 19:08:25.980 2034 2307 E audio_hw_primary: no pcm card found!
04-23 19:08:25.991 2034 2307 E audio_hw_primary: no pcm card found!
04-23 19:08:26.002 2034 2307 E audio_hw_primary: no pcm card found!
04-23 19:08:26.014 2034 2307 E audio_hw_primary: no pcm card found!
04-23 19:08:26.025 2034 2307 E audio_hw_primary: no pcm card found!
04-23 19:08:26.037 2034 2307 E audio_hw_primary: no pcm card found!
04-23 19:08:26.048 2034 2307 E audio_hw_primary: no pcm card found!
04-23 19:08:26.059 2034 2307 E audio_hw_primary: no pcm card found!
04-23 19:08:26.071 2034 2307 E audio_hw_primary: no pcm card found!
04-23 19:08:26.083 2034 2307 E audio_hw_primary: no pcm card found!
04-23 19:08:26.094 2034 2307 E audio_hw_primary: no pcm card found!
04-23 19:08:26.105 2034 2307 E audio_hw_primary: no pcm card found!
04-23 19:08:26.117 2034 2307 E audio_hw_primary: no pcm card found!
04-23 19:08:26.128 2034 2307 E audio_hw_primary: no pcm card found!
04-23 19:08:26.140 2034 2307 E audio_hw_primary: no pcm card found!
04-23 19:08:26.151 2034 2307 E audio_hw_primary: no pcm card found!
04-23 19:08:26.162 2034 2307 E audio_hw_primary: no pcm card found!
04-23 19:08:26.174 2034 2307 E audio_hw_primary: no pcm card found!
04-23 19:08:26.185 2034 2307 E audio_hw_primary: no pcm card found!
04-23 19:08:26.196 2034 2307 E audio_hw_primary: no pcm card found!
04-23 19:08:26.207 2034 2307 E audio_hw_primary: no pcm card found!
04-23 19:08:26.218 2034 2307 E audio_hw_primary: no pcm card found!
04-23 19:08:26.230 2034 2307 E audio_hw_primary: no pcm card found!
04-23 19:08:26.241 2034 2307 E audio_hw_primary: no pcm card found!
04-23 19:08:26.252 2034 2307 E audio_hw_primary: no pcm card found!
04-23 19:08:26.264 2034 2307 E audio_hw_primary: no pcm card found!
04-23 19:08:26.275 2034 2307 E audio_hw_primary: no pcm card found!
04-23 19:08:26.286 2034 2307 E audio_hw_primary: no pcm card found!
04-23 19:08:26.298 2034 2307 E audio_hw_primary: no pcm card found!
04-23 19:08:26.309 2034 2307 E audio_hw_primary: no pcm card found!
04-23 19:08:26.320 2034 2307 E audio_hw_primary: no pcm card found!
04-23 19:08:26.332 2034 2307 E audio_hw_primary: no pcm card found!
04-23 19:08:26.343 2034 2307 E audio_hw_primary: no pcm card found!
04-23 19:08:26.355 2034 2307 E audio_hw_primary: no pcm card found!
04-23 19:08:26.366 2034 2307 E audio_hw_primary: no pcm card found!
04-23 19:08:26.377 2034 2307 E audio_hw_primary: no pcm card found!
04-23 19:08:26.389 2034 2307 E audio_hw_primary: no pcm card found!
04-23 19:08:26.400 2034 2307 E audio_hw_primary: no pcm card found!
04-23 19:08:26.412 2034 2307 E audio_hw_primary: no pcm card found!
04-23 19:08:26.423 2034 2307 E audio_hw_primary: no pcm card found!
04-23 19:08:26.434 2034 2307 E audio_hw_primary: no pcm card found!
04-23 19:08:26.446 2034 2307 E audio_hw_primary: no pcm card found!
04-23 19:08:26.457 2034 2307 E audio_hw_primary: no pcm card found!
04-23 19:08:26.468 2034 2307 E audio_hw_primary: no pcm card found!
04-23 19:08:26.480 2034 2307 E audio_hw_primary: no pcm card found!
04-23 19:08:26.491 2034 2307 E audio_hw_primary: no pcm card found!
04-23 19:08:26.503 2034 2307 E audio_hw_primary: no pcm card found!
04-23 19:08:26.514 2034 2307 E audio_hw_primary: no pcm card found!
04-23 19:08:26.525 2034 2307 E audio_hw_primary: no pcm card found!
04-23 19:08:26.537 2034 2307 E audio_hw_primary: no pcm card found!
04-23 19:08:26.548 2034 2307 E audio_hw_primary: no pcm card found!
04-23 19:08:26.560 2034 2307 E audio_hw_primary: no pcm card found!
04-23 19:08:26.571 2034 2307 E audio_hw_primary: no pcm card found!
04-23 19:08:26.582 2034 2307 E audio_hw_primary: no pcm card found!
04-23 19:08:26.594 2034 2307 E audio_hw_primary: no pcm card found!
04-23 19:08:26.605 2034 2307 E audio_hw_primary: no pcm card found!
04-23 19:08:26.617 2034 2307 E audio_hw_primary: no pcm card found!
04-23 19:08:26.628 2034 2307 E audio_hw_primary: no pcm card found!
04-23 19:08:26.639 2034 2307 E audio_hw_primary: no pcm card found!
04-23 19:08:26.650 2034 2307 E audio_hw_primary: no pcm card found!
04-23 19:08:26.662 2034 2307 E audio_hw_primary: no pcm card found!
04-23 19:08:26.673 2034 2307 E audio_hw_primary: no pcm card found!
04-23 19:08:26.684 2034 2307 E audio_hw_primary: no pcm card found!
04-23 19:08:26.696 2034 2307 E audio_hw_primary: no pcm card found!
04-23 19:08:26.707 2034 2307 E audio_hw_primary: no pcm card found!
04-23 19:08:26.718 2034 2307 E audio_hw_primary: no pcm card found!
04-23 19:08:26.729 2034 2307 E audio_hw_primary: no pcm card found!
04-23 19:08:26.740 2034 2307 E audio_hw_primary: no pcm card found!
04-23 19:08:26.751 2034 2307 E audio_hw_primary: no pcm card found!
04-23 19:08:26.762 2034 2307 E audio_hw_primary: no pcm card found!
04-23 19:08:26.773 2034 2307 E audio_hw_primary: no pcm card found!
04-23 19:08:26.784 2034 2307 E audio_hw_primary: no pcm card found!
04-23 19:08:26.795 2034 2307 E audio_hw_primary: no pcm card found!
04-23 19:08:26.807 2034 2307 E audio_hw_primary: no pcm card found!
04-23 19:08:26.818 2034 2307 E audio_hw_primary: no pcm card found!
04-23 19:08:26.829 2034 2307 E audio_hw_primary: no pcm card found!
04-23 19:08:26.840 2034 2307 E audio_hw_primary: no pcm card found!
04-23 19:08:26.849 3819 3819 D DashboardSummary: rebuildUI took: 101 ms
04-23 19:08:26.850 2034 2307 E audio_hw_primary: no pcm card found!
04-23 19:08:26.862 2034 2307 E audio_hw_primary: no pcm card found!
04-23 19:08:26.873 2034 2307 E audio_hw_primary: no pcm card found!
04-23 19:08:26.884 2034 2307 E audio_hw_primary: no pcm card found!
04-23 19:08:26.895 2034 2307 E audio_hw_primary: no pcm card found!
04-23 19:08:26.906 2034 2307 E audio_hw_primary: no pcm card found!
04-23 19:08:26.917 2034 2307 E audio_hw_primary: no pcm card found!
04-23 19:08:26.929 2034 2307 E audio_hw_primary: no pcm card found!
04-23 19:08:26.940 2034 2307 E audio_hw_primary: no pcm card found!
04-23 19:08:26.951 2034 2307 E audio_hw_primary: no pcm card found!
04-23 19:08:26.962 2034 2307 E audio_hw_primary: no pcm card found!
04-23 19:08:26.974 2034 2307 E audio_hw_primary: no pcm card found!
04-23 19:08:26.985 2034 2307 E audio_hw_primary: no pcm card found!
04-23 19:08:26.996 2034 2307 E audio_hw_primary: no pcm card found!
04-23 19:08:27.008 2034 2307 E audio_hw_primary: no pcm card found!
04-23 19:08:27.019 2034 2307 E audio_hw_primary: no pcm card found!
04-23 19:08:27.030 2034 2307 E audio_hw_primary: no pcm card found!
04-23 19:08:27.041 2034 2307 E audio_hw_primary: no pcm card found!
04-23 19:08:27.052 2034 2307 E audio_hw_primary: no pcm card found!
04-23 19:08:27.063 2034 2307 E audio_hw_primary: no pcm card found!
04-23 19:08:27.075 2034 2307 E audio_hw_primary: no pcm card found!
04-23 19:08:27.086 2034 2307 E audio_hw_primary: no pcm card found!
04-23 19:08:27.097 2034 2307 E audio_hw_primary: no pcm card found!
04-23 19:08:27.108 2034 2307 E audio_hw_primary: no pcm card found!
04-23 19:08:27.119 2034 2307 E audio_hw_primary: no pcm card found!
04-23 19:08:27.130 2034 2307 E audio_hw_primary: no pcm card found!
04-23 19:08:27.141 2034 2307 E audio_hw_primary: no pcm card found!
04-23 19:08:27.152 2034 2307 E audio_hw_primary: no pcm card found!
04-23 19:08:27.163 2034 2307 E audio_hw_primary: no pcm card found!
04-23 19:08:27.175 2034 2307 E audio_hw_primary: no pcm card found!
04-23 19:08:27.186 2034 2307 E audio_hw_primary: no pcm card found!
04-23 19:08:27.197 2034 2307 E audio_hw_primary: no pcm card found!
04-23 19:08:27.208 2034 2307 E audio_hw_primary: no pcm card found!
04-23 19:08:27.219 2034 2307 E audio_hw_primary: no pcm card found!
04-23 19:08:27.230 2034 2307 E audio_hw_primary: no pcm card found!
04-23 19:08:27.241 2034 2307 E audio_hw_primary: no pcm card found!
04-23 19:08:27.253 2034 2307 E audio_hw_primary: no pcm card found!
04-23 19:08:27.264 2034 2307 E audio_hw_primary: no pcm card found!
04-23 19:08:27.275 2034 2307 E audio_hw_primary: no pcm card found!
04-23 19:08:27.287 2034 2307 E audio_hw_primary: no pcm card found!
04-23 19:08:27.298 2034 2307 E audio_hw_primary: no pcm card found!
04-23 19:08:27.310 2034 2307 E audio_hw_primary: no pcm card found!
04-23 19:08:27.321 2034 2307 E audio_hw_primary: no pcm card found!
04-23 19:08:27.332 2034 2307 E audio_hw_primary: no pcm card found!
04-23 19:08:27.344 2034 2307 E audio_hw_primary: no pcm card found!
04-23 19:08:27.355 2034 2307 E audio_hw_primary: no pcm card found!
04-23 19:08:27.367 2034 2307 E audio_hw_primary: no pcm card found!
04-23 19:08:27.378 2034 2307 E audio_hw_primary: no pcm card found!
04-23 19:08:27.389 2034 2307 E audio_hw_primary: no pcm card found!
04-23 19:08:27.401 2034 2307 E audio_hw_primary: no pcm card found!
04-23 19:08:27.412 2034 2307 E audio_hw_primary: no pcm card found!
04-23 19:08:27.423 2034 2307 E audio_hw_primary: no pcm card found!
04-23 19:08:27.435 2034 2307 E audio_hw_primary: no pcm card found!
04-23 19:08:27.446 2034 2307 E audio_hw_primary: no pcm card found!
04-23 19:08:27.458 2034 2307 E audio_hw_primary: no pcm card found!
04-23 19:08:27.469 2034 2307 E audio_hw_primary: no pcm card found!
04-23 19:08:27.480 2034 2307 E audio_hw_primary: no pcm card found!
04-23 19:08:27.492 2034 2307 E audio_hw_primary: no pcm card found!
04-23 19:08:27.503 2034 2307 E audio_hw_primary: no pcm card found!
04-23 19:08:27.515 2034 2307 E audio_hw_primary: no pcm card found!
04-23 19:08:27.526 2034 2307 E audio_hw_primary: no pcm card found!
04-23 19:08:27.537 2034 2307 E audio_hw_primary: no pcm card found!
04-23 19:08:27.549 2034 2307 E audio_hw_primary: no pcm card found!
04-23 19:08:27.560 2034 2307 E audio_hw_primary: no pcm card found!
04-23 19:08:27.571 2034 2307 E audio_hw_primary: no pcm card found!
04-23 19:08:27.583 2034 2307 E audio_hw_primary: no pcm card found!
04-23 19:08:27.594 2034 2307 E audio_hw_primary: no pcm card found!
04-23 19:08:27.606 2034 2307 E audio_hw_primary: no pcm card found!
04-23 19:08:27.617 2034 2307 E audio_hw_primary: no pcm card found!
04-23 19:08:27.628 2034 2307 E audio_hw_primary: no pcm card found!
04-23 19:08:27.640 2034 2307 E audio_hw_primary: no pcm card found!
04-23 19:08:27.651 2034 2307 E audio_hw_primary: no pcm card found!
04-23 19:08:27.662 2034 2307 E audio_hw_primary: no pcm card found!
04-23 19:08:27.674 2034 2307 E audio_hw_primary: no pcm card found!
04-23 19:08:27.685 2034 2307 E audio_hw_primary: no pcm card found!
04-23 19:08:27.697 2034 2307 E audio_hw_primary: no pcm card found!
04-23 19:08:27.708 2034 2307 E audio_hw_primary: no pcm card found!
04-23 19:08:27.719 2034 2307 E audio_hw_primary: no pcm card found!
04-23 19:08:27.731 2034 2307 E audio_hw_primary: no pcm card found!
04-23 19:08:27.742 2034 2307 E audio_hw_primary: no pcm card found!
04-23 19:08:27.753 2034 2307 E audio_hw_primary: no pcm card found!
04-23 19:08:27.765 2034 2307 E audio_hw_primary: no pcm card found!
04-23 19:08:27.776 2034 2307 E audio_hw_primary: no pcm card found!
04-23 19:08:27.787 2034 2307 E audio_hw_primary: no pcm card found!
04-23 19:08:27.799 2034 2307 E audio_hw_primary: no pcm card found!
04-23 19:08:27.810 2034 2307 E audio_hw_primary: no pcm card found!
04-23 19:08:27.821 2034 2307 E audio_hw_primary: no pcm card found!
04-23 19:08:27.833 2034 2307 E audio_hw_primary: no pcm card found!
04-23 19:08:27.844 2034 2307 E audio_hw_primary: no pcm card found!
04-23 19:08:27.856 2034 2307 E audio_hw_primary: no pcm card found!
04-23 19:08:27.867 2034 2307 E audio_hw_primary: no pcm card found!
04-23 19:08:27.878 2034 2307 E audio_hw_primary: no pcm card found!
04-23 19:08:27.889 2034 2307 E audio_hw_primary: no pcm card found!
04-23 19:08:27.900 2034 2307 E audio_hw_primary: no pcm card found!
04-23 19:08:27.912 2034 2307 E audio_hw_primary: no pcm card found!
04-23 19:08:27.923 2034 2307 E audio_hw_primary: no pcm card found!
04-23 19:08:27.934 2034 2307 E audio_hw_primary: no pcm card found!
04-23 19:08:27.945 2034 2307 E audio_hw_primary: no pcm card found!
04-23 19:08:27.956 2034 2307 E audio_hw_primary: no pcm card found!
04-23 19:08:27.967 2034 2307 E audio_hw_primary: no pcm card found!
04-23 19:08:27.978 2034 2307 E audio_hw_primary: no pcm card found!
04-23 19:08:27.990 2034 2307 E audio_hw_primary: no pcm card found!
04-23 19:08:28.001 2034 2307 E audio_hw_primary: no pcm card found!
04-23 19:08:28.012 2034 2307 E audio_hw_primary: no pcm card found!
04-23 19:08:28.023 2034 2307 E audio_hw_primary: no pcm card found!
04-23 19:08:28.035 2034 2307 E audio_hw_primary: no pcm card found!
04-23 19:08:28.046 2034 2307 E audio_hw_primary: no pcm card found!
04-23 19:08:28.057 2034 2307 E audio_hw_primary: no pcm card found!
04-23 19:08:28.068 2034 2307 E audio_hw_primary: no pcm card found!
04-23 19:08:28.080 2034 2307 E audio_hw_primary: no pcm card found!
04-23 19:08:28.091 2034 2307 E audio_hw_primary: no pcm card found!
04-23 19:08:28.102 2034 2307 E audio_hw_primary: no pcm card found!
04-23 19:08:28.114 2034 2307 E audio_hw_primary: no pcm card found!
04-23 19:08:28.125 2034 2307 E audio_hw_primary: no pcm card found!
04-23 19:08:28.136 2034 2307 E audio_hw_primary: no pcm card found!
04-23 19:08:28.148 2034 2307 E audio_hw_primary: no pcm card found!
04-23 19:08:28.159 2034 2307 E audio_hw_primary: no pcm card found!
04-23 19:08:28.170 2034 2307 E audio_hw_primary: no pcm card found!
04-23 19:08:30.605 2325 3045 I ActivityManager: START u0 {act=android.intent.action.MAIN cmp=com.android.settings/.SubSettings (has extras)} from uid 1000 on display 0
04-23 19:08:30.609 2325 3045 V WindowManager: addAppToken: AppWindowToken{e8a4864 token=Token{31be01f7 ActivityRecord{15bb29f6 u0 com.android.settings/.SubSettings t10}}} to stack=1 task=10 at 1
04-23 19:08:30.610 2325 2515 W AudioTrack: AUDIO_OUTPUT_FLAG_FAST denied by client
04-23 19:08:30.628 2034 2307 E audio_hw_primary: no pcm card found!
04-23 19:08:30.639 2034 2307 E audio_hw_primary: no pcm card found!
04-23 19:08:30.651 2034 2307 E audio_hw_primary: no pcm card found!
04-23 19:08:30.662 2034 2307 E audio_hw_primary: no pcm card found!
04-23 19:08:30.673 2034 2307 E audio_hw_primary: no pcm card found!
04-23 19:08:30.675 3819 3819 D SubSettings: Launching fragment com.android.settings.accessibility.AccessibilitySettings
04-23 19:08:30.684 2034 2307 E audio_hw_primary: no pcm card found!
04-23 19:08:30.695 2034 2307 E audio_hw_primary: no pcm card found!
04-23 19:08:30.706 2034 2307 E audio_hw_primary: no pcm card found!
04-23 19:08:30.717 2034 2307 E audio_hw_primary: no pcm card found!
04-23 19:08:30.728 2034 2307 E audio_hw_primary: no pcm card found!
04-23 19:08:30.739 2034 2307 E audio_hw_primary: no pcm card found!
04-23 19:08:30.749 2325 2516 V WindowManager: Adding window Window{3138b601 u0 com.android.settings/com.android.settings.SubSettings} at 4 of 9 (after Window{2d4ab27 u0 com.android.settings/com.android.settings.Settings})
04-23 19:08:30.750 2034 2307 E audio_hw_primary: no pcm card found!
04-23 19:08:30.761 2034 2307 E audio_hw_primary: no pcm card found!
04-23 19:08:30.771 2034 2307 E audio_hw_primary: no pcm card found!
04-23 19:08:30.783 2034 2307 E audio_hw_primary: no pcm card found!
04-23 19:08:30.794 2034 2307 E audio_hw_primary: no pcm card found!
04-23 19:08:30.805 2034 2307 E audio_hw_primary: no pcm card found!
04-23 19:08:30.816 2034 2307 E audio_hw_primary: no pcm card found!
04-23 19:08:30.827 2034 2307 E audio_hw_primary: no pcm card found!
04-23 19:08:30.838 2034 2307 E audio_hw_primary: no pcm card found!
04-23 19:08:30.849 2034 2307 E audio_hw_primary: no pcm card found!
04-23 19:08:30.860 2034 2307 E audio_hw_primary: no pcm card found!
04-23 19:08:30.871 2034 2307 E audio_hw_primary: no pcm card found!
04-23 19:08:30.883 2034 2307 E audio_hw_primary: no pcm card found!
04-23 19:08:30.894 2034 2307 E audio_hw_primary: no pcm card found!
04-23 19:08:30.905 2034 2307 E audio_hw_primary: no pcm card found!
04-23 19:08:30.916 2034 2307 E audio_hw_primary: no pcm card found!
04-23 19:08:30.928 2034 2307 E audio_hw_primary: no pcm card found!
04-23 19:08:30.939 2034 2307 E audio_hw_primary: no pcm card found!
04-23 19:08:30.950 2034 2307 E audio_hw_primary: no pcm card found!
04-23 19:08:30.961 2034 2307 E audio_hw_primary: no pcm card found!
04-23 19:08:30.972 2034 2307 E audio_hw_primary: no pcm card found!
04-23 19:08:30.983 2034 2307 E audio_hw_primary: no pcm card found!
04-23 19:08:30.994 2034 2307 E audio_hw_primary: no pcm card found!
04-23 19:08:31.005 2034 2307 E audio_hw_primary: no pcm card found!
04-23 19:08:31.017 2034 2307 E audio_hw_primary: no pcm card found!
04-23 19:08:31.028 2034 2307 E audio_hw_primary: no pcm card found!
04-23 19:08:31.039 2034 2307 E audio_hw_primary: no pcm card found!
04-23 19:08:31.051 2034 2307 E audio_hw_primary: no pcm card found!
04-23 19:08:31.062 2034 2307 E audio_hw_primary: no pcm card found!
04-23 19:08:31.070 2325 2355 I ActivityManager: Displayed com.android.settings/.SubSettings: +444ms
04-23 19:08:31.073 2034 2307 E audio_hw_primary: no pcm card found!
04-23 19:08:31.084 2034 2307 E audio_hw_primary: no pcm card found!
04-23 19:08:31.096 2034 2307 E audio_hw_primary: no pcm card found!
04-23 19:08:31.107 2034 2307 E audio_hw_primary: no pcm card found!
04-23 19:08:31.118 2034 2307 E audio_hw_primary: no pcm card found!
04-23 19:08:31.130 2034 2307 E audio_hw_primary: no pcm card found!
04-23 19:08:31.141 2034 2307 E audio_hw_primary: no pcm card found!
04-23 19:08:31.152 2034 2307 E audio_hw_primary: no pcm card found!
04-23 19:08:31.163 2034 2307 E audio_hw_primary: no pcm card found!
04-23 19:08:31.174 2034 2307 E audio_hw_primary: no pcm card found!
04-23 19:08:31.185 2034 2307 E audio_hw_primary: no pcm card found!
04-23 19:08:31.197 2034 2307 E audio_hw_primary: no pcm card found!
04-23 19:08:31.208 2034 2307 E audio_hw_primary: no pcm card found!
04-23 19:08:31.219 2034 2307 E audio_hw_primary: no pcm card found!
04-23 19:08:31.230 2034 2307 E audio_hw_primary: no pcm card found!
04-23 19:08:31.241 2034 2307 E audio_hw_primary: no pcm card found!
04-23 19:08:31.253 2034 2307 E audio_hw_primary: no pcm card found!
04-23 19:08:31.264 2034 2307 E audio_hw_primary: no pcm card found!
04-23 19:08:31.275 2034 2307 E audio_hw_primary: no pcm card found!
04-23 19:08:31.286 2034 2307 E audio_hw_primary: no pcm card found!
04-23 19:08:31.298 2034 2307 E audio_hw_primary: no pcm card found!
04-23 19:08:31.309 2034 2307 E audio_hw_primary: no pcm card found!
04-23 19:08:31.320 2034 2307 E audio_hw_primary: no pcm card found!
04-23 19:08:31.332 2034 2307 E audio_hw_primary: no pcm card found!
04-23 19:08:31.343 2034 2307 E audio_hw_primary: no pcm card found!
04-23 19:08:31.354 2034 2307 E audio_hw_primary: no pcm card found!
04-23 19:08:31.365 2034 2307 E audio_hw_primary: no pcm card found!
04-23 19:08:31.376 2034 2307 E audio_hw_primary: no pcm card found!
04-23 19:08:31.387 2034 2307 E audio_hw_primary: no pcm card found!
04-23 19:08:31.398 2034 2307 E audio_hw_primary: no pcm card found!
04-23 19:08:31.407 2325 2515 W AudioTrack: AUDIO_OUTPUT_FLAG_FAST denied by client
04-23 19:08:31.410 2034 2307 E audio_hw_primary: no pcm card found!
04-23 19:08:31.421 2034 2307 E audio_hw_primary: no pcm card found!
04-23 19:08:31.431 2325 2353 D Sensors : int sensors_poll_context_t::activate(int, int): disable sensor 0
04-23 19:08:31.435 2034 2307 E audio_hw_primary: no pcm card found!
04-23 19:08:31.457 2034 2307 E audio_hw_primary: no pcm card found!
04-23 19:08:31.467 2034 2307 E audio_hw_primary: no pcm card found!
04-23 19:08:31.479 2034 2307 E audio_hw_primary: no pcm card found!
04-23 19:08:31.489 2034 2307 E audio_hw_primary: no pcm card found!
04-23 19:08:31.501 2034 2307 E audio_hw_primary: no pcm card found!
04-23 19:08:31.512 2034 2307 E audio_hw_primary: no pcm card found!
04-23 19:08:31.523 2034 2307 E audio_hw_primary: no pcm card found!
04-23 19:08:31.534 2034 2307 E audio_hw_primary: no pcm card found!
04-23 19:08:31.546 2034 2307 E audio_hw_primary: no pcm card found!
04-23 19:08:31.557 2034 2307 E audio_hw_primary: no pcm card found!
04-23 19:08:31.568 2034 2307 E audio_hw_primary: no pcm card found!
04-23 19:08:31.579 2034 2307 E audio_hw_primary: no pcm card found!
04-23 19:08:31.590 2034 2307 E audio_hw_primary: no pcm card found!
04-23 19:08:31.601 2034 2307 E audio_hw_primary: no pcm card found!
04-23 19:08:31.613 2034 2307 E audio_hw_primary: no pcm card found!
04-23 19:08:31.624 2034 2307 E audio_hw_primary: no pcm card found!
04-23 19:08:31.635 2034 2307 E audio_hw_primary: no pcm card found!
04-23 19:08:31.647 2034 2307 E audio_hw_primary: no pcm card found!
04-23 19:08:31.658 2034 2307 E audio_hw_primary: no pcm card found!
04-23 19:08:31.669 2034 2307 E audio_hw_primary: no pcm card found!
04-23 19:08:31.681 2034 2307 E audio_hw_primary: no pcm card found!
04-23 19:08:31.692 2034 2307 E audio_hw_primary: no pcm card found!
04-23 19:08:31.703 2034 2307 E audio_hw_primary: no pcm card found!
04-23 19:08:31.714 2034 2307 E audio_hw_primary: no pcm card found!
04-23 19:08:31.725 2034 2307 E audio_hw_primary: no pcm card found!
04-23 19:08:31.737 2034 2307 E audio_hw_primary: no pcm card found!
04-23 19:08:31.748 2034 2307 E audio_hw_primary: no pcm card found!
04-23 19:08:31.760 2034 2307 E audio_hw_primary: no pcm card found!
04-23 19:08:31.771 2034 2307 E audio_hw_primary: no pcm card found!
04-23 19:08:31.782 2034 2307 E audio_hw_primary: no pcm card found!
04-23 19:08:31.794 2034 2307 E audio_hw_primary: no pcm card found!
04-23 19:08:31.805 2034 2307 E audio_hw_primary: no pcm card found!
04-23 19:08:31.816 2034 2307 E audio_hw_primary: no pcm card found!
04-23 19:08:31.827 2034 2307 E audio_hw_primary: no pcm card found!
04-23 19:08:31.839 2034 2307 E audio_hw_primary: no pcm card found!
04-23 19:08:31.850 2034 2307 E audio_hw_primary: no pcm card found!
04-23 19:08:31.862 2034 2307 E audio_hw_primary: no pcm card found!
04-23 19:08:31.873 2034 2307 E audio_hw_primary: no pcm card found!
04-23 19:08:31.884 2034 2307 E audio_hw_primary: no pcm card found!
04-23 19:08:31.896 2034 2307 E audio_hw_primary: no pcm card found!
04-23 19:08:31.907 2034 2307 E audio_hw_primary: no pcm card found!
04-23 19:08:31.918 2034 2307 E audio_hw_primary: no pcm card found!
04-23 19:08:31.930 2034 2307 E audio_hw_primary: no pcm card found!
04-23 19:08:31.942 2034 2307 E audio_hw_primary: no pcm card found!
04-23 19:08:31.953 2034 2307 E audio_hw_primary: no pcm card found!
04-23 19:08:31.964 2034 2307 E audio_hw_primary: no pcm card found!
04-23 19:08:31.976 2034 2307 E audio_hw_primary: no pcm card found!
04-23 19:08:31.987 2034 2307 E audio_hw_primary: no pcm card found!
04-23 19:08:31.998 2034 2307 E audio_hw_primary: no pcm card found!
04-23 19:08:32.009 2034 2307 E audio_hw_primary: no pcm card found!
04-23 19:08:32.020 2034 2307 E audio_hw_primary: no pcm card found!
04-23 19:08:32.032 2034 2307 E audio_hw_primary: no pcm card found!
04-23 19:08:32.043 2034 2307 E audio_hw_primary: no pcm card found!
04-23 19:08:32.054 2034 2307 E audio_hw_primary: no pcm card found!
04-23 19:08:32.066 2034 2307 E audio_hw_primary: no pcm card found!
04-23 19:08:32.077 2034 2307 E audio_hw_primary: no pcm card found!
04-23 19:08:32.088 2034 2307 E audio_hw_primary: no pcm card found!
04-23 19:08:32.100 2034 2307 E audio_hw_primary: no pcm card found!
04-23 19:08:32.111 2034 2307 E audio_hw_primary: no pcm card found!
04-23 19:08:32.122 2034 2307 E audio_hw_primary: no pcm card found!
04-23 19:08:32.134 2034 2307 E audio_hw_primary: no pcm card found!
04-23 19:08:32.146 2034 2307 E audio_hw_primary: no pcm card found!
04-23 19:08:32.157 2034 2307 E audio_hw_primary: no pcm card found!
04-23 19:08:32.168 2034 2307 E audio_hw_primary: no pcm card found!
04-23 19:08:32.179 2034 2307 E audio_hw_primary: no pcm card found!
04-23 19:08:32.190 2034 2307 E audio_hw_primary: no pcm card found!
04-23 19:08:32.202 2034 2307 E audio_hw_primary: no pcm card found!
04-23 19:08:32.213 2034 2307 E audio_hw_primary: no pcm card found!
04-23 19:08:32.224 2034 2307 E audio_hw_primary: no pcm card found!
04-23 19:08:32.236 2034 2307 E audio_hw_primary: no pcm card found!
04-23 19:08:32.248 2034 2307 E audio_hw_primary: no pcm card found!
04-23 19:08:32.259 2034 2307 E audio_hw_primary: no pcm card found!
04-23 19:08:32.270 2034 2307 E audio_hw_primary: no pcm card found!
04-23 19:08:32.282 2034 2307 E audio_hw_primary: no pcm card found!
04-23 19:08:32.293 2034 2307 E audio_hw_primary: no pcm card found!
04-23 19:08:32.304 2034 2307 E audio_hw_primary: no pcm card found!
04-23 19:08:32.316 2034 2307 E audio_hw_primary: no pcm card found!
04-23 19:08:32.327 2034 2307 E audio_hw_primary: no pcm card found!
04-23 19:08:32.338 2034 2307 E audio_hw_primary: no pcm card found!
04-23 19:08:32.350 2034 2307 E audio_hw_primary: no pcm card found!
04-23 19:08:32.361 2034 2307 E audio_hw_primary: no pcm card found!
04-23 19:08:32.373 2034 2307 E audio_hw_primary: no pcm card found!
04-23 19:08:32.384 2034 2307 E audio_hw_primary: no pcm card found!
04-23 19:08:32.395 2034 2307 E audio_hw_primary: no pcm card found!
04-23 19:08:32.407 2034 2307 E audio_hw_primary: no pcm card found!
04-23 19:08:32.418 2034 2307 E audio_hw_primary: no pcm card found!
04-23 19:08:32.430 2034 2307 E audio_hw_primary: no pcm card found!
04-23 19:08:32.441 2034 2307 E audio_hw_primary: no pcm card found!
04-23 19:08:32.452 2034 2307 E audio_hw_primary: no pcm card found!
04-23 19:08:32.464 2034 2307 E audio_hw_primary: no pcm card found!
04-23 19:08:32.475 2034 2307 E audio_hw_primary: no pcm card found!
04-23 19:08:32.486 2034 2307 E audio_hw_primary: no pcm card found!
04-23 19:08:32.498 2034 2307 E audio_hw_primary: no pcm card found!
04-23 19:08:32.509 2034 2307 E audio_hw_primary: no pcm card found!
04-23 19:08:32.520 2034 2307 E audio_hw_primary: no pcm card found!
04-23 19:08:32.532 2034 2307 E audio_hw_primary: no pcm card found!
04-23 19:08:32.543 2034 2307 E audio_hw_primary: no pcm card found!
04-23 19:08:32.554 2034 2307 E audio_hw_primary: no pcm card found!
04-23 19:08:32.566 2034 2307 E audio_hw_primary: no pcm card found!
04-23 19:08:32.577 2034 2307 E audio_hw_primary: no pcm card found!
04-23 19:08:32.589 2034 2307 E audio_hw_primary: no pcm card found!
04-23 19:08:32.600 2034 2307 E audio_hw_primary: no pcm card found!
04-23 19:08:32.611 2034 2307 E audio_hw_primary: no pcm card found!
04-23 19:08:32.623 2034 2307 E audio_hw_primary: no pcm card found!
04-23 19:08:32.634 2034 2307 E audio_hw_primary: no pcm card found!
04-23 19:08:32.646 2034 2307 E audio_hw_primary: no pcm card found!
04-23 19:08:32.657 2034 2307 E audio_hw_primary: no pcm card found!
04-23 19:08:32.669 2034 2307 E audio_hw_primary: no pcm card found!
04-23 19:08:32.680 2034 2307 E audio_hw_primary: no pcm card found!
04-23 19:08:32.691 2034 2307 E audio_hw_primary: no pcm card found!
04-23 19:08:32.703 2034 2307 E audio_hw_primary: no pcm card found!
04-23 19:08:32.714 2034 2307 E audio_hw_primary: no pcm card found!
04-23 19:08:32.725 2034 2307 E audio_hw_primary: no pcm card found!
04-23 19:08:32.737 2034 2307 E audio_hw_primary: no pcm card found!
04-23 19:08:32.748 2034 2307 E audio_hw_primary: no pcm card found!
04-23 19:08:32.759 2034 2307 E audio_hw_primary: no pcm card found!
04-23 19:08:32.771 2034 2307 E audio_hw_primary: no pcm card found!
04-23 19:08:32.782 2034 2307 E audio_hw_primary: no pcm card found!
04-23 19:08:32.793 2034 2307 E audio_hw_primary: no pcm card found!
04-23 19:08:32.805 2034 2307 E audio_hw_primary: no pcm card found!
04-23 19:08:32.816 2034 2307 E audio_hw_primary: no pcm card found!
04-23 19:08:32.828 2034 2307 E audio_hw_primary: no pcm card found!
04-23 19:08:32.839 2034 2307 E audio_hw_primary: no pcm card found!
04-23 19:08:32.851 2034 2307 E audio_hw_primary: no pcm card found!
04-23 19:08:32.862 2034 2307 E audio_hw_primary: no pcm card found!
04-23 19:08:32.874 2034 2307 E audio_hw_primary: no pcm card found!
04-23 19:08:32.885 2034 2307 E audio_hw_primary: no pcm card found!
04-23 19:08:32.897 2034 2307 E audio_hw_primary: no pcm card found!
04-23 19:08:32.908 2034 2307 E audio_hw_primary: no pcm card found!
04-23 19:08:32.920 2034 2307 E audio_hw_primary: no pcm card found!
04-23 19:08:32.931 2034 2307 E audio_hw_primary: no pcm card found!
04-23 19:08:32.942 2034 2307 E audio_hw_primary: no pcm card found!
04-23 19:08:32.954 2034 2307 E audio_hw_primary: no pcm card found!
04-23 19:08:32.965 2034 2307 E audio_hw_primary: no pcm card found!
04-23 19:08:32.976 2034 2307 E audio_hw_primary: no pcm card found!
04-23 19:08:32.988 2034 2307 E audio_hw_primary: no pcm card found!
04-23 19:08:32.999 2034 2307 E audio_hw_primary: no pcm card found!
04-23 19:08:33.010 2034 2307 E audio_hw_primary: no pcm card found!
04-23 19:08:33.022 2034 2307 E audio_hw_primary: no pcm card found!
04-23 19:08:33.033 2034 2307 E audio_hw_primary: no pcm card found!
04-23 19:08:33.044 2034 2307 E audio_hw_primary: no pcm card found!
04-23 19:08:33.056 2034 2307 E audio_hw_primary: no pcm card found!
04-23 19:08:33.067 2034 2307 E audio_hw_primary: no pcm card found!
04-23 19:08:33.079 2034 2307 E audio_hw_primary: no pcm card found!
04-23 19:08:33.090 2034 2307 E audio_hw_primary: no pcm card found!
04-23 19:08:33.101 2034 2307 E audio_hw_primary: no pcm card found!
04-23 19:08:33.113 2034 2307 E audio_hw_primary: no pcm card found!
04-23 19:08:33.124 2034 2307 E audio_hw_primary: no pcm card found!
04-23 19:08:33.136 2034 2307 E audio_hw_primary: no pcm card found!
04-23 19:08:33.147 2034 2307 E audio_hw_primary: no pcm card found!
04-23 19:08:33.158 2034 2307 E audio_hw_primary: no pcm card found!
04-23 19:08:33.170 2034 2307 E audio_hw_primary: no pcm card found!
04-23 19:08:33.181 2034 2307 E audio_hw_primary: no pcm card found!
04-23 19:08:33.192 2034 2307 E audio_hw_primary: no pcm card found!
04-23 19:08:33.204 2034 2307 E audio_hw_primary: no pcm card found!
04-23 19:08:33.215 2034 2307 E audio_hw_primary: no pcm card found!
04-23 19:08:33.226 2034 2307 E audio_hw_primary: no pcm card found!
04-23 19:08:33.237 2034 2307 E audio_hw_primary: no pcm card found!
04-23 19:08:33.248 2034 2307 E audio_hw_primary: no pcm card found!
04-23 19:08:33.260 2034 2307 E audio_hw_primary: no pcm card found!
04-23 19:08:33.271 2034 2307 E audio_hw_primary: no pcm card found!
04-23 19:08:33.282 2034 2307 E audio_hw_primary: no pcm card found!
04-23 19:08:33.293 2034 2307 E audio_hw_primary: no pcm card found!
04-23 19:08:33.305 2034 2307 E audio_hw_primary: no pcm card found!
04-23 19:08:33.316 2034 2307 E audio_hw_primary: no pcm card found!
04-23 19:08:33.327 2034 2307 E audio_hw_primary: no pcm card found!
04-23 19:08:33.339 2034 2307 E audio_hw_primary: no pcm card found!
04-23 19:08:33.350 2325 2351 D SettingsProvider: User 0 external modification to /data/data/com.android.providers.settings/databases/settings.db; event=2
04-23 19:08:33.350 2325 2351 D SettingsProvider: User 0 updating our caches for /data/data/com.android.providers.settings/databases/settings.db
04-23 19:08:33.350 2034 2307 E audio_hw_primary: no pcm card found!
04-23 19:08:33.351 2325 2515 W AudioTrack: AUDIO_OUTPUT_FLAG_FAST denied by client
04-23 19:08:33.362 2325 2351 D SettingsProvider: User 0 external modification to /data/data/com.android.providers.settings/databases/settings.db; event=2
04-23 19:08:33.362 2325 2351 D SettingsProvider: User 0 updating our caches for /data/data/com.android.providers.settings/databases/settings.db
04-23 19:08:33.362 2034 2307 E audio_hw_primary: no pcm card found!
04-23 19:08:33.369 2325 2353 D Sensors : int sensors_poll_context_t::activate(int, int): enable sensor 0
04-23 19:08:33.369 2325 2353 E Sensors : Device accel_3d was not initialized
04-23 19:08:33.376 2034 2307 E audio_hw_primary: no pcm card found!
04-23 19:08:33.398 2034 2307 E audio_hw_primary: no pcm card found!
04-23 19:08:33.409 2034 2307 E audio_hw_primary: no pcm card found!
04-23 19:08:33.420 2034 2307 E audio_hw_primary: no pcm card found!
04-23 19:08:33.432 2034 2307 E audio_hw_primary: no pcm card found!
04-23 19:08:33.443 2034 2307 E audio_hw_primary: no pcm card found!
04-23 19:08:33.454 2034 2307 E audio_hw_primary: no pcm card found!
04-23 19:08:33.466 2034 2307 E audio_hw_primary: no pcm card found!
04-23 19:08:33.477 2034 2307 E audio_hw_primary: no pcm card found!
04-23 19:08:33.488 2034 2307 E audio_hw_primary: no pcm card found!
04-23 19:08:33.499 2034 2307 E audio_hw_primary: no pcm card found!
04-23 19:08:33.511 2034 2307 E audio_hw_primary: no pcm card found!
04-23 19:08:33.522 2034 2307 E audio_hw_primary: no pcm card found!
04-23 19:08:33.534 2034 2307 E audio_hw_primary: no pcm card found!
04-23 19:08:33.545 2034 2307 E audio_hw_primary: no pcm card found!
04-23 19:08:33.556 2034 2307 E audio_hw_primary: no pcm card found!
04-23 19:08:33.567 2034 2307 E audio_hw_primary: no pcm card found!
04-23 19:08:33.579 2034 2307 E audio_hw_primary: no pcm card found!
04-23 19:08:33.590 2034 2307 E audio_hw_primary: no pcm card found!
04-23 19:08:33.601 2034 2307 E audio_hw_primary: no pcm card found!
04-23 19:08:33.613 2034 2307 E audio_hw_primary: no pcm card found!
04-23 19:08:33.624 2034 2307 E audio_hw_primary: no pcm card found!
04-23 19:08:33.635 2034 2307 E audio_hw_primary: no pcm card found!
04-23 19:08:33.646 2034 2307 E audio_hw_primary: no pcm card found!
04-23 19:08:33.657 2034 2307 E audio_hw_primary: no pcm card found!
04-23 19:08:33.669 2034 2307 E audio_hw_primary: no pcm card found!
04-23 19:08:33.680 2034 2307 E audio_hw_primary: no pcm card found!
04-23 19:08:33.691 2034 2307 E audio_hw_primary: no pcm card found!
04-23 19:08:33.702 2034 2307 E audio_hw_primary: no pcm card found!
04-23 19:08:33.714 2034 2307 E audio_hw_primary: no pcm card found!
04-23 19:08:33.725 2034 2307 E audio_hw_primary: no pcm card found!
04-23 19:08:33.736 2034 2307 E audio_hw_primary: no pcm card found!
04-23 19:08:33.748 2034 2307 E audio_hw_primary: no pcm card found!
04-23 19:08:33.759 2034 2307 E audio_hw_primary: no pcm card found!
04-23 19:08:33.770 2034 2307 E audio_hw_primary: no pcm card found!
04-23 19:08:33.782 2034 2307 E audio_hw_primary: no pcm card found!
04-23 19:08:33.793 2034 2307 E audio_hw_primary: no pcm card found!
04-23 19:08:33.804 2034 2307 E audio_hw_primary: no pcm card found!
04-23 19:08:33.816 2034 2307 E audio_hw_primary: no pcm card found!
04-23 19:08:33.827 2034 2307 E audio_hw_primary: no pcm card found!
04-23 19:08:33.838 2034 2307 E audio_hw_primary: no pcm card found!
04-23 19:08:33.850 2034 2307 E audio_hw_primary: no pcm card found!
04-23 19:08:33.861 2034 2307 E audio_hw_primary: no pcm card found!
04-23 19:08:33.873 2034 2307 E audio_hw_primary: no pcm card found!
04-23 19:08:33.884 2034 2307 E audio_hw_primary: no pcm card found!
04-23 19:08:33.895 2034 2307 E audio_hw_primary: no pcm card found!
04-23 19:08:33.907 2034 2307 E audio_hw_primary: no pcm card found!
04-23 19:08:33.918 2034 2307 E audio_hw_primary: no pcm card found!
04-23 19:08:33.930 2034 2307 E audio_hw_primary: no pcm card found!
04-23 19:08:33.941 2034 2307 E audio_hw_primary: no pcm card found!
04-23 19:08:33.952 2034 2307 E audio_hw_primary: no pcm card found!
04-23 19:08:33.964 2034 2307 E audio_hw_primary: no pcm card found!
04-23 19:08:33.975 2034 2307 E audio_hw_primary: no pcm card found!
04-23 19:08:33.986 2034 2307 E audio_hw_primary: no pcm card found!
04-23 19:08:33.998 2034 2307 E audio_hw_primary: no pcm card found!
04-23 19:08:34.009 2034 2307 E audio_hw_primary: no pcm card found!
04-23 19:08:34.021 2034 2307 E audio_hw_primary: no pcm card found!
04-23 19:08:34.032 2034 2307 E audio_hw_primary: no pcm card found!
04-23 19:08:34.043 2034 2307 E audio_hw_primary: no pcm card found!
04-23 19:08:34.055 2034 2307 E audio_hw_primary: no pcm card found!
