04-23 19:08:48.838 2034 2307 E audio_hw_primary: no pcm card found!
04-23 19:08:48.850 2034 2307 E audio_hw_primary: no pcm card found!
04-23 19:08:48.861 2034 2307 E audio_hw_primary: no pcm card found!
04-23 19:08:48.872 2034 2307 E audio_hw_primary: no pcm card found!
04-23 19:08:48.884 2034 2307 E audio_hw_primary: no pcm card found!
04-23 19:08:48.895 2034 2307 E audio_hw_primary: no pcm card found!
04-23 19:08:48.906 2034 2307 E audio_hw_primary: no pcm card found!
04-23 19:08:48.917 2034 2307 E audio_hw_primary: no pcm card found!
04-23 19:08:48.929 2034 2307 E audio_hw_primary: no pcm card found!
04-23 19:08:48.940 2034 2307 E audio_hw_primary: no pcm card found!
04-23 19:08:48.952 2034 2307 E audio_hw_primary: no pcm card found!
04-23 19:08:48.963 2034 2307 E audio_hw_primary: no pcm card found!
04-23 19:08:48.974 2034 2307 E audio_hw_primary: no pcm card found!
04-23 19:08:48.986 2034 2307 E audio_hw_primary: no pcm card found!
04-23 19:08:48.997 2034 2307 E audio_hw_primary: no pcm card found!
04-23 19:08:49.008 2034 2307 E audio_hw_primary: no pcm card found!
04-23 19:08:49.020 2034 2307 E audio_hw_primary: no pcm card found!
04-23 19:08:49.031 2034 2307 E audio_hw_primary: no pcm card found!
04-23 19:08:49.043 2034 2307 E audio_hw_primary: no pcm card found!
04-23 19:08:49.054 2034 2307 E audio_hw_primary: no pcm card found!
04-23 19:08:49.065 2034 2307 E audio_hw_primary: no pcm card found!
04-23 19:08:49.077 2034 2307 E audio_hw_primary: no pcm card found!
04-23 19:08:49.088 2034 2307 E audio_hw_primary: no pcm card found!
04-23 19:08:49.100 2034 2307 E audio_hw_primary: no pcm card found!
04-23 19:08:49.111 2034 2307 E audio_hw_primary: no pcm card found!
04-23 19:08:49.122 2034 2307 E audio_hw_primary: no pcm card found!
04-23 19:08:49.134 2034 2307 E audio_hw_primary: no pcm card found!
04-23 19:08:49.145 2034 2307 E audio_hw_primary: no pcm card found!
04-23 19:08:49.157 2034 2307 E audio_hw_primary: no pcm card found!
04-23 19:08:49.168 2034 2307 E audio_hw_primary: no pcm card found!
04-23 19:08:49.179 2034 2307 E audio_hw_primary: no pcm card found!
04-23 19:08:49.191 2034 2307 E audio_hw_primary: no pcm card found!
04-23 19:08:49.202 2034 2307 E audio_hw_primary: no pcm card found!
04-23 19:08:49.213 2034 2307 E audio_hw_primary: no pcm card found!
04-23 19:08:49.225 2034 2307 E audio_hw_primary: no pcm card found!
04-23 19:08:49.236 2034 2307 E audio_hw_primary: no pcm card found!
04-23 19:08:49.247 2034 2307 E audio_hw_primary: no pcm card found!
04-23 19:08:49.259 2034 2307 E audio_hw_primary: no pcm card found!
04-23 19:08:49.270 2034 2307 E audio_hw_primary: no pcm card found!
04-23 19:08:49.281 2034 2307 E audio_hw_primary: no pcm card found!
04-23 19:08:49.293 2034 2307 E audio_hw_primary: no pcm card found!
04-23 19:08:49.304 2034 2307 E audio_hw_primary: no pcm card found!
04-23 19:08:49.315 2034 2307 E audio_hw_primary: no pcm card found!
04-23 19:08:49.327 2034 2307 E audio_hw_primary: no pcm card found!
04-23 19:08:49.338 2034 2307 E audio_hw_primary: no pcm card found!
04-23 19:08:49.349 2034 2307 E audio_hw_primary: no pcm card found!
04-23 19:08:49.360 2034 2307 E audio_hw_primary: no pcm card found!
04-23 19:08:49.372 2034 2307 E audio_hw_primary: no pcm card found!
04-23 19:08:49.383 2034 2307 E audio_hw_primary: no pcm card found!
04-23 19:08:49.394 2034 2307 E audio_hw_primary: no pcm card found!
04-23 19:08:49.405 2034 2307 E audio_hw_primary: no pcm card found!
04-23 19:08:49.416 2034 2307 E audio_hw_primary: no pcm card found!
04-23 19:08:49.428 2034 2307 E audio_hw_primary: no pcm card found!
04-23 19:08:49.439 2034 2307 E audio_hw_primary: no pcm card found!
04-23 19:08:49.450 2034 2307 E audio_hw_primary: no pcm card found!
04-23 19:08:49.453 3819 3819 D DashboardSummary: rebuildUI took: 109 ms
04-23 19:08:49.453 3819 3819 W ViewRootImpl: Dropping event due to no window focus: KeyEvent { action=ACTION_DOWN, keyCode=KEYCODE_ESCAPE, scanCode=1, metaState=0, flags=0x8, repeatCount=0, eventTime=1863394, downTime=1863394, deviceId=10, source=0x101 }
04-23 19:08:49.462 2034 2307 E audio_hw_primary: no pcm card found!
04-23 19:08:49.473 2034 2307 E audio_hw_primary: no pcm card found!
04-23 19:08:49.484 2034 2307 E audio_hw_primary: no pcm card found!
04-23 19:08:49.495 2034 2307 E audio_hw_primary: no pcm card found!
04-23 19:08:49.506 2034 2307 E audio_hw_primary: no pcm card found!
04-23 19:08:49.517 2034 2307 E audio_hw_primary: no pcm card found!
04-23 19:08:49.528 2034 2307 E audio_hw_primary: no pcm card found!
04-23 19:08:49.539 2034 2307 E audio_hw_primary: no pcm card found!
04-23 19:08:49.550 2034 2307 E audio_hw_primary: no pcm card found!
04-23 19:08:49.553 2026 2026 W SurfaceFlinger: captureScreen: error creating EGL fence: 0x3000
04-23 19:08:49.561 2034 2307 E audio_hw_primary: no pcm card found!
04-23 19:08:49.572 2034 2307 E audio_hw_primary: no pcm card found!
04-23 19:08:49.583 2034 2307 E audio_hw_primary: no pcm card found!
04-23 19:08:49.594 2034 2307 E audio_hw_primary: no pcm card found!
04-23 19:08:49.605 2034 2307 E audio_hw_primary: no pcm card found!
04-23 19:08:49.616 2034 2307 E audio_hw_primary: no pcm card found!
04-23 19:08:49.628 2034 2307 E audio_hw_primary: no pcm card found!
04-23 19:08:49.639 2034 2307 E audio_hw_primary: no pcm card found!
04-23 19:08:49.650 2034 2307 E audio_hw_primary: no pcm card found!
04-23 19:08:49.661 2034 2307 E audio_hw_primary: no pcm card found!
04-23 19:08:49.672 2034 2307 E audio_hw_primary: no pcm card found!
04-23 19:08:49.683 2034 2307 E audio_hw_primary: no pcm card found!
04-23 19:08:49.694 2034 2307 E audio_hw_primary: no pcm card found!
04-23 19:08:49.705 2034 2307 E audio_hw_primary: no pcm card found!
04-23 19:08:49.716 2034 2307 E audio_hw_primary: no pcm card found!
04-23 19:08:49.727 2034 2307 E audio_hw_primary: no pcm card found!
04-23 19:08:49.738 2034 2307 E audio_hw_primary: no pcm card found!
04-23 19:08:49.749 2034 2307 E audio_hw_primary: no pcm card found!
04-23 19:08:49.760 2034 2307 E audio_hw_primary: no pcm card found!
04-23 19:08:49.771 2034 2307 E audio_hw_primary: no pcm card found!
04-23 19:08:49.782 2034 2307 E audio_hw_primary: no pcm card found!
04-23 19:08:49.793 2034 2307 E audio_hw_primary: no pcm card found!
04-23 19:08:49.804 2034 2307 E audio_hw_primary: no pcm card found!
04-23 19:08:49.815 2034 2307 E audio_hw_primary: no pcm card found!
04-23 19:08:49.827 2034 2307 E audio_hw_primary: no pcm card found!
04-23 19:08:49.838 2034 2307 E audio_hw_primary: no pcm card found!
04-23 19:08:49.849 2034 2307 E audio_hw_primary: no pcm card found!
04-23 19:08:49.860 2034 2307 E audio_hw_primary: no pcm card found!
04-23 19:08:49.872 2034 2307 E audio_hw_primary: no pcm card found!
04-23 19:08:49.883 2034 2307 E audio_hw_primary: no pcm card found!
04-23 19:08:49.894 2034 2307 E audio_hw_primary: no pcm card found!
04-23 19:08:49.906 2034 2307 E audio_hw_primary: no pcm card found!
04-23 19:08:49.917 2034 2307 E audio_hw_primary: no pcm card found!
04-23 19:08:49.928 2034 2307 E audio_hw_primary: no pcm card found!
04-23 19:08:49.939 2034 2307 E audio_hw_primary: no pcm card found!
04-23 19:08:49.950 2034 2307 E audio_hw_primary: no pcm card found!
04-23 19:08:49.953 2325 2350 I ActivityManager: Killing 3239:com.android.keychain/1000 (adj 15): empty #17
04-23 19:08:49.961 2034 2307 E audio_hw_primary: no pcm card found!
04-23 19:08:49.972 2034 2307 E audio_hw_primary: no pcm card found!
04-23 19:08:49.983 2034 2307 E audio_hw_primary: no pcm card found!
04-23 19:08:49.995 2034 2307 E audio_hw_primary: no pcm card found!
04-23 19:08:50.006 2034 2307 E audio_hw_primary: no pcm card found!
04-23 19:08:50.018 2034 2307 E audio_hw_primary: no pcm card found!
04-23 19:08:50.029 2034 2307 E audio_hw_primary: no pcm card found!
04-23 19:08:50.040 2034 2307 E audio_hw_primary: no pcm card found!
04-23 19:08:50.051 2034 2307 E audio_hw_primary: no pcm card found!
04-23 19:08:50.062 2034 2307 E audio_hw_primary: no pcm card found!
04-23 19:08:50.073 2034 2307 E audio_hw_primary: no pcm card found!
04-23 19:08:50.084 2034 2307 E audio_hw_primary: no pcm card found!
04-23 19:08:50.096 2034 2307 E audio_hw_primary: no pcm card found!
04-23 19:08:50.107 2034 2307 E audio_hw_primary: no pcm card found!
04-23 19:08:50.118 2034 2307 E audio_hw_primary: no pcm card found!
04-23 19:08:50.129 2034 2307 E audio_hw_primary: no pcm card found!
04-23 19:08:50.140 2034 2307 E audio_hw_primary: no pcm card found!
04-23 19:08:50.142 2909 2971 W OpenGLRenderer: Failed to wait for the fence 0x300c
04-23 19:08:50.151 2034 2307 E audio_hw_primary: no pcm card found!
04-23 19:08:50.158 2909 2971 W OpenGLRenderer: Incorrectly called buildLayer on View: ShortcutAndWidgetContainer, destroying layer...
04-23 19:08:50.162 2034 2307 E audio_hw_primary: no pcm card found!
04-23 19:08:50.173 2034 2307 E audio_hw_primary: no pcm card found!
04-23 19:08:50.184 2034 2307 E audio_hw_primary: no pcm card found!
04-23 19:08:50.196 2034 2307 E audio_hw_primary: no pcm card found!
04-23 19:08:50.207 2034 2307 E audio_hw_primary: no pcm card found!
04-23 19:08:50.219 2034 2307 E audio_hw_primary: no pcm card found!
04-23 19:08:50.230 2034 2307 E audio_hw_primary: no pcm card found!
04-23 19:08:50.241 2034 2307 E audio_hw_primary: no pcm card found!
04-23 19:08:50.253 2034 2307 E audio_hw_primary: no pcm card found!
04-23 19:08:50.264 2034 2307 E audio_hw_primary: no pcm card found!
04-23 19:08:50.275 2034 2307 E audio_hw_primary: no pcm card found!
04-23 19:08:50.287 2034 2307 E audio_hw_primary: no pcm card found!
04-23 19:08:50.298 2034 2307 E audio_hw_primary: no pcm card found!
04-23 19:08:50.310 2034 2307 E audio_hw_primary: no pcm card found!
04-23 19:08:50.321 2034 2307 E audio_hw_primary: no pcm card found!
04-23 19:08:50.332 2034 2307 E audio_hw_primary: no pcm card found!
04-23 19:08:50.344 2034 2307 E audio_hw_primary: no pcm card found!
04-23 19:08:50.355 2034 2307 E audio_hw_primary: no pcm card found!
04-23 19:08:50.367 2034 2307 E audio_hw_primary: no pcm card found!
04-23 19:08:50.378 2034 2307 E audio_hw_primary: no pcm card found!
04-23 19:08:50.389 2034 2307 E audio_hw_primary: no pcm card found!
04-23 19:08:50.401 2034 2307 E audio_hw_primary: no pcm card found!
04-23 19:08:50.412 2034 2307 E audio_hw_primary: no pcm card found!
04-23 19:08:50.424 2034 2307 E audio_hw_primary: no pcm card found!
04-23 19:08:50.435 2034 2307 E audio_hw_primary: no pcm card found!
04-23 19:08:50.447 2034 2307 E audio_hw_primary: no pcm card found!
04-23 19:08:50.458 2034 2307 E audio_hw_primary: no pcm card found!
04-23 19:08:50.469 2034 2307 E audio_hw_primary: no pcm card found!
04-23 19:08:50.481 2034 2307 E audio_hw_primary: no pcm card found!
04-23 19:08:50.492 2034 2307 E audio_hw_primary: no pcm card found!
04-23 19:08:50.503 2034 2307 E audio_hw_primary: no pcm card found!
04-23 19:08:50.515 2034 2307 E audio_hw_primary: no pcm card found!
04-23 19:08:50.526 2034 2307 E audio_hw_primary: no pcm card found!
04-23 19:08:50.537 2034 2307 E audio_hw_primary: no pcm card found!
04-23 19:08:50.549 2034 2307 E audio_hw_primary: no pcm card found!
04-23 19:08:50.560 2034 2307 E audio_hw_primary: no pcm card found!
04-23 19:08:50.571 2034 2307 E audio_hw_primary: no pcm card found!
04-23 19:08:50.583 2034 2307 E audio_hw_primary: no pcm card found!
04-23 19:08:50.588 2693 2693 W ResourceType: No package identifier when getting value for resource number 0x00000000
04-23 19:08:50.588 2693 2693 W PackageManager: Failure retrieving resources for com.android.settings: Resource ID #0x0
04-23 19:08:50.594 2034 2307 E audio_hw_primary: no pcm card found!
04-23 19:08:50.605 2034 2307 E audio_hw_primary: no pcm card found!
04-23 19:08:50.616 2034 2307 E audio_hw_primary: no pcm card found!
04-23 19:08:50.628 2034 2307 E audio_hw_primary: no pcm card found!
04-23 19:08:50.639 2034 2307 E audio_hw_primary: no pcm card found!
04-23 19:08:50.650 2034 2307 E audio_hw_primary: no pcm card found!
04-23 19:08:50.662 2034 2307 E audio_hw_primary: no pcm card found!
04-23 19:08:50.673 2034 2307 E audio_hw_primary: no pcm card found!
04-23 19:08:50.685 2034 2307 E audio_hw_primary: no pcm card found!
04-23 19:08:50.696 2034 2307 E audio_hw_primary: no pcm card found!
04-23 19:08:50.707 2034 2307 E audio_hw_primary: no pcm card found!
04-23 19:08:50.719 2034 2307 E audio_hw_primary: no pcm card found!
04-23 19:08:50.730 2034 2307 E audio_hw_primary: no pcm card found!
04-23 19:08:50.741 2034 2307 E audio_hw_primary: no pcm card found!
04-23 19:08:50.753 2034 2307 E audio_hw_primary: no pcm card found!
04-23 19:08:50.764 2034 2307 E audio_hw_primary: no pcm card found!
04-23 19:08:50.775 2034 2307 E audio_hw_primary: no pcm card found!
04-23 19:08:50.787 2034 2307 E audio_hw_primary: no pcm card found!
04-23 19:08:50.798 2034 2307 E audio_hw_primary: no pcm card found!
04-23 19:08:50.809 2034 2307 E audio_hw_primary: no pcm card found!
04-23 19:08:50.821 2034 2307 E audio_hw_primary: no pcm card found!
04-23 19:08:50.832 2034 2307 E audio_hw_primary: no pcm card found!
04-23 19:08:50.844 2034 2307 E audio_hw_primary: no pcm card found!
04-23 19:08:50.855 2034 2307 E audio_hw_primary: no pcm card found!
04-23 19:08:50.866 2034 2307 E audio_hw_primary: no pcm card found!
04-23 19:08:50.878 2034 2307 E audio_hw_primary: no pcm card found!
04-23 19:08:50.889 2034 2307 E audio_hw_primary: no pcm card found!
04-23 19:08:50.901 2034 2307 E audio_hw_primary: no pcm card found!
04-23 19:08:50.912 2034 2307 E audio_hw_primary: no pcm card found!
04-23 19:08:50.924 2034 2307 E audio_hw_primary: no pcm card found!
04-23 19:08:50.935 2034 2307 E audio_hw_primary: no pcm card found!
04-23 19:08:50.946 2034 2307 E audio_hw_primary: no pcm card found!
04-23 19:08:50.958 2034 2307 E audio_hw_primary: no pcm card found!
04-23 19:08:50.969 2034 2307 E audio_hw_primary: no pcm card found!
04-23 19:08:50.980 2034 2307 E audio_hw_primary: no pcm card found!
04-23 19:08:50.992 2034 2307 E audio_hw_primary: no pcm card found!
04-23 19:08:51.003 2034 2307 E audio_hw_primary: no pcm card found!
04-23 19:08:51.014 2034 2307 E audio_hw_primary: no pcm card found!
04-23 19:08:51.026 2034 2307 E audio_hw_primary: no pcm card found!
04-23 19:08:51.037 2034 2307 E audio_hw_primary: no pcm card found!
04-23 19:08:51.049 2034 2307 E audio_hw_primary: no pcm card found!
04-23 19:08:51.060 2034 2307 E audio_hw_primary: no pcm card found!
04-23 19:08:51.071 2034 2307 E audio_hw_primary: no pcm card found!
04-23 19:08:51.083 2034 2307 E audio_hw_primary: no pcm card found!
04-23 19:08:51.094 2034 2307 E audio_hw_primary: no pcm card found!
04-23 19:08:51.105 2034 2307 E audio_hw_primary: no pcm card found!
04-23 19:08:51.116 2034 2307 E audio_hw_primary: no pcm card found!
04-23 19:08:51.127 2034 2307 E audio_hw_primary: no pcm card found!
04-23 19:08:51.138 2034 2307 E audio_hw_primary: no pcm card found!
04-23 19:08:51.150 2034 2307 E audio_hw_primary: no pcm card found!
04-23 19:08:51.161 2034 2307 E audio_hw_primary: no pcm card found!
04-23 19:08:51.172 2034 2307 E audio_hw_primary: no pcm card found!
04-23 19:08:51.183 2034 2307 E audio_hw_primary: no pcm card found!
04-23 19:08:51.195 2034 2307 E audio_hw_primary: no pcm card found!
04-23 19:08:51.206 2034 2307 E audio_hw_primary: no pcm card found!
04-23 19:08:51.217 2034 2307 E audio_hw_primary: no pcm card found!
04-23 19:08:51.228 2034 2307 E audio_hw_primary: no pcm card found!
04-23 19:08:51.239 2034 2307 E audio_hw_primary: no pcm card found!
04-23 19:08:51.251 2034 2307 E audio_hw_primary: no pcm card found!
04-23 19:08:51.262 2034 2307 E audio_hw_primary: no pcm card found!
04-23 19:08:51.273 2034 2307 E audio_hw_primary: no pcm card found!
04-23 19:08:51.284 2034 2307 E audio_hw_primary: no pcm card found!
04-23 19:08:51.295 2034 2307 E audio_hw_primary: no pcm card found!
04-23 19:08:51.307 2034 2307 E audio_hw_primary: no pcm card found!
04-23 19:08:51.318 2034 2307 E audio_hw_primary: no pcm card found!
04-23 19:08:51.329 2034 2307 E audio_hw_primary: no pcm card found!
04-23 19:08:51.341 2034 2307 E audio_hw_primary: no pcm card found!
04-23 19:08:51.677 2693 2693 D PhoneStatusBar: disable: < expand ICONS* alerts SYSTEM_INFO* back home recent clock search
> 04-23 19:08:51.860 2693 3042 D BluetoothAdapter: 59353320: getState() : mService = null. Returning STATE_OFF
04-23 19:08:51.860 2693 3042 D BluetoothAdapter: 59353320: getState() : mService = null. Returning STATE_OFF
04-23 19:08:51.869 2693 3042 D BluetoothAdapter: 59353320: getState() : mService = null. Returning STATE_OFF
04-23 19:08:51.869 2693 3042 D BluetoothAdapter: 59353320: getState() : mService = null. Returning STATE_OFF
04-23 19:08:53.574 2325 2515 W AudioTrack: AUDIO_OUTPUT_FLAG_FAST denied by client
04-23 19:08:53.578 2325 4574 I ActivityManager: START u0 {act=android.settings.SETTINGS flg=0x14000000 cmp=com.android.settings/.Settings} from uid 10013 on display 0
04-23 19:08:53.579 2325 4574 V WindowManager: addAppToken: AppWindowToken{5d020d9 token=Token{108ccf20 ActivityRecord{3447be23 u0 com.android.settings/.Settings t11}}} to stack=1 task=11 at 0
04-23 19:08:53.593 2034 2307 E audio_hw_primary: no pcm card found!
04-23 19:08:53.601 2325 2355 V WindowManager: Adding window Window{37c30f76 u0 Starting com.android.settings} at 3 of 8 (after Window{15d61d70 u0 com.cyanogenmod.trebuchet/com.android.launcher3.Launcher})
04-23 19:08:53.604 2034 2307 E audio_hw_primary: no pcm card found!
04-23 19:08:53.615 2034 2307 E audio_hw_primary: no pcm card found!
04-23 19:08:53.626 2034 2307 E audio_hw_primary: no pcm card found!
04-23 19:08:53.637 2034 2307 E audio_hw_primary: no pcm card found!
04-23 19:08:53.648 2034 2307 E audio_hw_primary: no pcm card found!
04-23 19:08:53.660 2034 2307 E audio_hw_primary: no pcm card found!
04-23 19:08:53.665 3819 4688 D Index : Locale 'en_US' is already indexed
04-23 19:08:53.671 2034 2307 E audio_hw_primary: no pcm card found!
04-23 19:08:53.682 2034 2307 E audio_hw_primary: no pcm card found!
04-23 19:08:53.693 2034 2307 E audio_hw_primary: no pcm card found!
04-23 19:08:53.704 2034 2307 E audio_hw_primary: no pcm card found!
04-23 19:08:53.711 2325 4621 V WindowManager: Adding window Window{26ec4226 u0 com.android.settings/com.android.settings.Settings} at 3 of 9 (before Window{37c30f76 u0 Starting com.android.settings})
04-23 19:08:53.715 2034 2307 E audio_hw_primary: no pcm card found!
04-23 19:08:53.726 2034 2307 E audio_hw_primary: no pcm card found!
04-23 19:08:53.737 2034 2307 E audio_hw_primary: no pcm card found!
04-23 19:08:53.748 2034 2307 E audio_hw_primary: no pcm card found!
04-23 19:08:53.759 2034 2307 E audio_hw_primary: no pcm card found!
04-23 19:08:53.770 2034 2307 E audio_hw_primary: no pcm card found!
04-23 19:08:53.779 3819 3819 D DashboardSummary: rebuildUI took: 64 ms
04-23 19:08:53.781 2034 2307 E audio_hw_primary: no pcm card found!
04-23 19:08:53.792 2034 2307 E audio_hw_primary: no pcm card found!
04-23 19:08:53.803 2034 2307 E audio_hw_primary: no pcm card found!
04-23 19:08:53.814 2034 2307 E audio_hw_primary: no pcm card found!
04-23 19:08:53.825 2034 2307 E audio_hw_primary: no pcm card found!
04-23 19:08:53.836 2034 2307 E audio_hw_primary: no pcm card found!
04-23 19:08:53.847 2034 2307 E audio_hw_primary: no pcm card found!
04-23 19:08:53.858 2034 2307 E audio_hw_primary: no pcm card found!
04-23 19:08:53.869 2034 2307 E audio_hw_primary: no pcm card found!
04-23 19:08:53.880 2034 2307 E audio_hw_primary: no pcm card found!
04-23 19:08:53.891 2034 2307 E audio_hw_primary: no pcm card found!
04-23 19:08:53.893 2325 2355 I ActivityManager: Displayed com.android.settings/.Settings: +309ms
04-23 19:08:53.902 2034 2307 E audio_hw_primary: no pcm card found!
04-23 19:08:53.913 2034 2307 E audio_hw_primary: no pcm card found!
04-23 19:08:53.923 2034 2307 E audio_hw_primary: no pcm card found!
04-23 19:08:53.934 2034 2307 E audio_hw_primary: no pcm card found!
04-23 19:08:53.947 2034 2307 E audio_hw_primary: no pcm card found!
04-23 19:08:53.958 2034 2307 E audio_hw_primary: no pcm card found!
04-23 19:08:53.969 2034 2307 E audio_hw_primary: no pcm card found!
04-23 19:08:53.980 2034 2307 E audio_hw_primary: no pcm card found!
04-23 19:08:53.991 2034 2307 E audio_hw_primary: no pcm card found!
04-23 19:08:54.002 2034 2307 E audio_hw_primary: no pcm card found!
04-23 19:08:54.013 2034 2307 E audio_hw_primary: no pcm card found!
04-23 19:08:54.024 2034 2307 E audio_hw_primary: no pcm card found!
04-23 19:08:54.036 2034 2307 E audio_hw_primary: no pcm card found!
04-23 19:08:54.047 2034 2307 E audio_hw_primary: no pcm card found!
04-23 19:08:54.058 2034 2307 E audio_hw_primary: no pcm card found!
04-23 19:08:54.069 2034 2307 E audio_hw_primary: no pcm card found!
04-23 19:08:54.080 2034 2307 E audio_hw_primary: no pcm card found!
04-23 19:08:54.091 2034 2307 E audio_hw_primary: no pcm card found!
04-23 19:08:54.102 2034 2307 E audio_hw_primary: no pcm card found!
04-23 19:08:54.113 2034 2307 E audio_hw_primary: no pcm card found!
04-23 19:08:54.121 2693 2693 D PhoneStatusBar: disable: < expand icons* alerts system_info* back home recent clock search
> 04-23 19:08:54.124 2034 2307 E audio_hw_primary: no pcm card found!
04-23 19:08:54.136 2034 2307 E audio_hw_primary: no pcm card found!
04-23 19:08:54.147 2034 2307 E audio_hw_primary: no pcm card found!
04-23 19:08:54.158 2034 2307 E audio_hw_primary: no pcm card found!
04-23 19:08:54.169 2034 2307 E audio_hw_primary: no pcm card found!
04-23 19:08:54.180 2034 2307 E audio_hw_primary: no pcm card found!
04-23 19:08:54.191 2034 2307 E audio_hw_primary: no pcm card found!
04-23 19:08:54.202 2034 2307 E audio_hw_primary: no pcm card found!
04-23 19:08:54.213 2034 2307 E audio_hw_primary: no pcm card found!
04-23 19:08:54.224 2034 2307 E audio_hw_primary: no pcm card found!
04-23 19:08:54.235 2034 2307 E audio_hw_primary: no pcm card found!
04-23 19:08:54.246 2034 2307 E audio_hw_primary: no pcm card found!
04-23 19:08:54.258 2034 2307 E audio_hw_primary: no pcm card found!
04-23 19:08:54.269 2034 2307 E audio_hw_primary: no pcm card found!
04-23 19:08:54.280 2034 2307 E audio_hw_primary: no pcm card found!
04-23 19:08:54.291 2034 2307 E audio_hw_primary: no pcm card found!
04-23 19:08:54.302 2034 2307 E audio_hw_primary: no pcm card found!
04-23 19:08:54.313 2034 2307 E audio_hw_primary: no pcm card found!
04-23 19:08:54.324 2034 2307 E audio_hw_primary: no pcm card found!
04-23 19:08:54.335 2034 2307 E audio_hw_primary: no pcm card found!
04-23 19:08:54.347 2034 2307 E audio_hw_primary: no pcm card found!
04-23 19:08:54.358 2034 2307 E audio_hw_primary: no pcm card found!
04-23 19:08:54.369 2034 2307 E audio_hw_primary: no pcm card found!
04-23 19:08:54.380 2034 2307 E audio_hw_primary: no pcm card found!
04-23 19:08:54.391 2034 2307 E audio_hw_primary: no pcm card found!
04-23 19:08:54.402 2034 2307 E audio_hw_primary: no pcm card found!
04-23 19:08:54.413 2034 2307 E audio_hw_primary: no pcm card found!
04-23 19:08:54.425 2034 2307 E audio_hw_primary: no pcm card found!
04-23 19:08:54.436 2034 2307 E audio_hw_primary: no pcm card found!
04-23 19:08:54.447 2034 2307 E audio_hw_primary: no pcm card found!
04-23 19:08:54.458 2034 2307 E audio_hw_primary: no pcm card found!
04-23 19:08:54.469 2034 2307 E audio_hw_primary: no pcm card found!
04-23 19:08:54.481 2034 2307 E audio_hw_primary: no pcm card found!
04-23 19:08:54.492 2034 2307 E audio_hw_primary: no pcm card found!
04-23 19:08:54.503 2034 2307 E audio_hw_primary: no pcm card found!
04-23 19:08:54.515 2034 2307 E audio_hw_primary: no pcm card found!
04-23 19:08:54.526 2034 2307 E audio_hw_primary: no pcm card found!
04-23 19:08:54.537 2034 2307 E audio_hw_primary: no pcm card found!
04-23 19:08:54.548 2034 2307 E audio_hw_primary: no pcm card found!
04-23 19:08:54.560 2034 2307 E audio_hw_primary: no pcm card found!
04-23 19:08:54.572 2034 2307 E audio_hw_primary: no pcm card found!
04-23 19:08:54.583 2034 2307 E audio_hw_primary: no pcm card found!
04-23 19:08:54.594 2034 2307 E audio_hw_primary: no pcm card found!
04-23 19:08:54.606 2034 2307 E audio_hw_primary: no pcm card found!
04-23 19:08:54.617 2034 2307 E audio_hw_primary: no pcm card found!
04-23 19:08:54.629 2034 2307 E audio_hw_primary: no pcm card found!
04-23 19:08:54.640 2034 2307 E audio_hw_primary: no pcm card found!
04-23 19:08:54.651 2034 2307 E audio_hw_primary: no pcm card found!
04-23 19:08:54.663 2034 2307 E audio_hw_primary: no pcm card found!
04-23 19:08:54.674 2034 2307 E audio_hw_primary: no pcm card found!
04-23 19:08:54.685 2034 2307 E audio_hw_primary: no pcm card found!
04-23 19:08:54.697 2034 2307 E audio_hw_primary: no pcm card found!
04-23 19:08:54.708 2034 2307 E audio_hw_primary: no pcm card found!
04-23 19:08:54.719 2034 2307 E audio_hw_primary: no pcm card found!
04-23 19:08:54.731 2034 2307 E audio_hw_primary: no pcm card found!
04-23 19:08:54.742 2034 2307 E audio_hw_primary: no pcm card found!
04-23 19:08:54.754 2034 2307 E audio_hw_primary: no pcm card found!
04-23 19:08:54.765 2034 2307 E audio_hw_primary: no pcm card found!
04-23 19:08:54.777 2034 2307 E audio_hw_primary: no pcm card found!
04-23 19:08:54.788 2034 2307 E audio_hw_primary: no pcm card found!
04-23 19:08:54.799 2034 2307 E audio_hw_primary: no pcm card found!
04-23 19:08:54.811 2034 2307 E audio_hw_primary: no pcm card found!
04-23 19:08:54.822 2034 2307 E audio_hw_primary: no pcm card found!
04-23 19:08:54.834 2034 2307 E audio_hw_primary: no pcm card found!
04-23 19:08:54.845 2034 2307 E audio_hw_primary: no pcm card found!
04-23 19:08:54.856 2034 2307 E audio_hw_primary: no pcm card found!
04-23 19:08:54.868 2034 2307 E audio_hw_primary: no pcm card found!
04-23 19:08:54.879 2034 2307 E audio_hw_primary: no pcm card found!
04-23 19:08:54.890 2034 2307 E audio_hw_primary: no pcm card found!
04-23 19:08:54.902 2034 2307 E audio_hw_primary: no pcm card found!
04-23 19:08:54.913 2034 2307 E audio_hw_primary: no pcm card found!
04-23 19:08:54.924 2034 2307 E audio_hw_primary: no pcm card found!
04-23 19:08:54.936 2034 2307 E audio_hw_primary: no pcm card found!
04-23 19:08:54.947 2034 2307 E audio_hw_primary: no pcm card found!
04-23 19:08:54.958 2034 2307 E audio_hw_primary: no pcm card found!
04-23 19:08:54.970 2034 2307 E audio_hw_primary: no pcm card found!
04-23 19:08:54.982 2034 2307 E audio_hw_primary: no pcm card found!
04-23 19:08:54.993 2034 2307 E audio_hw_primary: no pcm card found!
04-23 19:08:55.004 2034 2307 E audio_hw_primary: no pcm card found!
04-23 19:08:55.015 2034 2307 E audio_hw_primary: no pcm card found!
04-23 19:08:55.026 2034 2307 E audio_hw_primary: no pcm card found!
04-23 19:08:55.037 2034 2307 E audio_hw_primary: no pcm card found!
04-23 19:08:55.048 2034 2307 E audio_hw_primary: no pcm card found!
04-23 19:08:55.059 2034 2307 E audio_hw_primary: no pcm card found!
04-23 19:08:55.070 2034 2307 E audio_hw_primary: no pcm card found!
04-23 19:08:55.081 2034 2307 E audio_hw_primary: no pcm card found!
04-23 19:08:55.092 2034 2307 E audio_hw_primary: no pcm card found!
04-23 19:08:55.103 2034 2307 E audio_hw_primary: no pcm card found!
04-23 19:08:55.115 2034 2307 E audio_hw_primary: no pcm card found!
04-23 19:08:55.126 2034 2307 E audio_hw_primary: no pcm card found!
04-23 19:08:55.137 2034 2307 E audio_hw_primary: no pcm card found!
04-23 19:08:55.148 2034 2307 E audio_hw_primary: no pcm card found!
04-23 19:08:55.159 2034 2307 E audio_hw_primary: no pcm card found!
04-23 19:08:55.170 2034 2307 E audio_hw_primary: no pcm card found!
04-23 19:08:55.181 2034 2307 E audio_hw_primary: no pcm card found!
04-23 19:08:55.192 2034 2307 E audio_hw_primary: no pcm card found!
04-23 19:08:55.203 2034 2307 E audio_hw_primary: no pcm card found!
04-23 19:08:55.214 2034 2307 E audio_hw_primary: no pcm card found!
04-23 19:08:55.225 2034 2307 E audio_hw_primary: no pcm card found!
04-23 19:08:55.236 2034 2307 E audio_hw_primary: no pcm card found!
04-23 19:08:55.247 2034 2307 E audio_hw_primary: no pcm card found!
04-23 19:08:55.258 2034 2307 E audio_hw_primary: no pcm card found!
04-23 19:08:55.269 2034 2307 E audio_hw_primary: no pcm card found!
04-23 19:08:55.281 2034 2307 E audio_hw_primary: no pcm card found!
04-23 19:08:55.292 2034 2307 E audio_hw_primary: no pcm card found!
04-23 19:08:55.303 2034 2307 E audio_hw_primary: no pcm card found!
04-23 19:08:55.315 2034 2307 E audio_hw_primary: no pcm card found!
04-23 19:08:55.326 2034 2307 E audio_hw_primary: no pcm card found!
04-23 19:08:55.337 2034 2307 E audio_hw_primary: no pcm card found!
04-23 19:08:55.349 2034 2307 E audio_hw_primary: no pcm card found!
04-23 19:08:55.360 2034 2307 E audio_hw_primary: no pcm card found!
04-23 19:08:55.372 2034 2307 E audio_hw_primary: no pcm card found!
04-23 19:08:55.383 2034 2307 E audio_hw_primary: no pcm card found!
04-23 19:08:55.395 2034 2307 E audio_hw_primary: no pcm card found!
04-23 19:08:55.406 2034 2307 E audio_hw_primary: no pcm card found!
04-23 19:08:55.417 2034 2307 E audio_hw_primary: no pcm card found!
04-23 19:08:55.429 2034 2307 E audio_hw_primary: no pcm card found!
04-23 19:08:55.440 2034 2307 E audio_hw_primary: no pcm card found!
04-23 19:08:55.452 2034 2307 E audio_hw_primary: no pcm card found!
04-23 19:08:55.463 2034 2307 E audio_hw_primary: no pcm card found!
04-23 19:08:55.475 2034 2307 E audio_hw_primary: no pcm card found!
04-23 19:08:55.486 2034 2307 E audio_hw_primary: no pcm card found!
04-23 19:08:55.498 2034 2307 E audio_hw_primary: no pcm card found!
04-23 19:08:55.509 2034 2307 E audio_hw_primary: no pcm card found!
04-23 19:08:55.520 2034 2307 E audio_hw_primary: no pcm card found!
04-23 19:08:55.532 2034 2307 E audio_hw_primary: no pcm card found!
04-23 19:08:55.543 2034 2307 E audio_hw_primary: no pcm card found!
04-23 19:08:55.555 2034 2307 E audio_hw_primary: no pcm card found!
04-23 19:08:55.566 2034 2307 E audio_hw_primary: no pcm card found!
04-23 19:08:55.577 2034 2307 E audio_hw_primary: no pcm card found!
04-23 19:08:55.589 2034 2307 E audio_hw_primary: no pcm card found!
04-23 19:08:55.600 2034 2307 E audio_hw_primary: no pcm card found!
04-23 19:08:55.612 2034 2307 E audio_hw_primary: no pcm card found!
04-23 19:08:55.623 2034 2307 E audio_hw_primary: no pcm card found!
04-23 19:08:55.634 2034 2307 E audio_hw_primary: no pcm card found!
04-23 19:08:55.646 2034 2307 E audio_hw_primary: no pcm card found!
04-23 19:08:55.657 2034 2307 E audio_hw_primary: no pcm card found!
04-23 19:08:55.668 2034 2307 E audio_hw_primary: no pcm card found!
04-23 19:08:55.680 2034 2307 E audio_hw_primary: no pcm card found!
04-23 19:08:55.691 2034 2307 E audio_hw_primary: no pcm card found!
04-23 19:08:55.702 2034 2307 E audio_hw_primary: no pcm card found!
04-23 19:08:55.713 2034 2307 E audio_hw_primary: no pcm card found!
04-23 19:08:55.725 2034 2307 E audio_hw_primary: no pcm card found!
04-23 19:08:55.736 2034 2307 E audio_hw_primary: no pcm card found!
04-23 19:08:55.747 2034 2307 E audio_hw_primary: no pcm card found!
04-23 19:08:55.758 2034 2307 E audio_hw_primary: no pcm card found!
04-23 19:08:55.770 2034 2307 E audio_hw_primary: no pcm card found!
04-23 19:08:55.781 2034 2307 E audio_hw_primary: no pcm card found!
04-23 19:08:55.792 2034 2307 E audio_hw_primary: no pcm card found!
04-23 19:08:55.804 2034 2307 E audio_hw_primary: no pcm card found!
04-23 19:08:55.815 2034 2307 E audio_hw_primary: no pcm card found!
04-23 19:08:55.827 2034 2307 E audio_hw_primary: no pcm card found!
04-23 19:08:55.838 2034 2307 E audio_hw_primary: no pcm card found!
04-23 19:08:55.849 2034 2307 E audio_hw_primary: no pcm card found!
04-23 19:08:55.861 2034 2307 E audio_hw_primary: no pcm card found!
04-23 19:08:55.872 2034 2307 E audio_hw_primary: no pcm card found!
04-23 19:08:55.883 2034 2307 E audio_hw_primary: no pcm card found!
04-23 19:08:55.895 2034 2307 E audio_hw_primary: no pcm card found!
04-23 19:08:55.906 2034 2307 E audio_hw_primary: no pcm card found!
04-23 19:08:55.918 2034 2307 E audio_hw_primary: no pcm card found!
04-23 19:08:55.929 2034 2307 E audio_hw_primary: no pcm card found!
04-23 19:08:55.940 2034 2307 E audio_hw_primary: no pcm card found!
04-23 19:08:55.952 2034 2307 E audio_hw_primary: no pcm card found!
04-23 19:08:55.963 2034 2307 E audio_hw_primary: no pcm card found!
04-23 19:08:55.974 2034 2307 E audio_hw_primary: no pcm card found!
04-23 19:08:55.985 2034 2307 E audio_hw_primary: no pcm card found!
04-23 19:08:55.997 2034 2307 E audio_hw_primary: no pcm card found!
04-23 19:08:56.008 2034 2307 E audio_hw_primary: no pcm card found!
04-23 19:08:56.019 2034 2307 E audio_hw_primary: no pcm card found!
04-23 19:08:56.031 2034 2307 E audio_hw_primary: no pcm card found!
04-23 19:08:56.042 2034 2307 E audio_hw_primary: no pcm card found!
04-23 19:08:56.053 2034 2307 E audio_hw_primary: no pcm card found!
04-23 19:08:56.065 2034 2307 E audio_hw_primary: no pcm card found!
04-23 19:08:56.076 2034 2307 E audio_hw_primary: no pcm card found!
04-23 19:08:56.088 2034 2307 E audio_hw_primary: no pcm card found!
04-23 19:08:56.099 2034 2307 E audio_hw_primary: no pcm card found!
04-23 19:08:56.110 2034 2307 E audio_hw_primary: no pcm card found!
04-23 19:08:56.122 2034 2307 E audio_hw_primary: no pcm card found!
04-23 19:08:56.133 2034 2307 E audio_hw_primary: no pcm card found!
04-23 19:08:56.144 2034 2307 E audio_hw_primary: no pcm card found!
04-23 19:08:56.154 2325 4573 I ActivityManager: START u0 {act=android.intent.action.MAIN cmp=com.android.settings/.SubSettings (has extras)} from uid 1000 on display 0
04-23 19:08:56.155 2034 2307 E audio_hw_primary: no pcm card found!
04-23 19:08:56.158 2325 4573 V WindowManager: addAppToken: AppWindowToken{130e5d80 token=Token{2770a03 ActivityRecord{1ca5ab2 u0 com.android.settings/.SubSettings t11}}} to stack=1 task=11 at 1
04-23 19:08:56.159 2325 2515 W AudioTrack: AUDIO_OUTPUT_FLAG_FAST denied by client
04-23 19:08:56.167 2034 2307 E audio_hw_primary: no pcm card found!
04-23 19:08:56.178 2034 2307 E audio_hw_primary: no pcm card found!
04-23 19:08:56.191 2034 2307 E audio_hw_primary: no pcm card found!
04-23 19:08:56.212 3819 3819 D SubSettings: Launching fragment com.android.settings.SecuritySettings
04-23 19:08:56.213 2034 2307 E audio_hw_primary: no pcm card found!
04-23 19:08:56.224 2034 2307 E audio_hw_primary: no pcm card found!
04-23 19:08:56.235 2034 2307 E audio_hw_primary: no pcm card found!
04-23 19:08:56.236 2325 2423 I InputDispatcher: Dropping event because there is no touchable window at (696, 545).
04-23 19:08:56.246 2034 2307 E audio_hw_primary: no pcm card found!
04-23 19:08:56.256 2034 2307 E audio_hw_primary: no pcm card found!
04-23 19:08:56.267 2034 2307 E audio_hw_primary: no pcm card found!
04-23 19:08:56.271 3819 3819 W Settings: Setting install_non_market_apps has moved from android.provider.Settings.Global to android.provider.Settings.Secure, returning read-only value.
04-23 19:08:56.277 3819 4711 D Index : Deleting data for locale 'en_US' took 1 millis
04-23 19:08:56.279 2034 2307 E audio_hw_primary: no pcm card found!
04-23 19:08:56.287 2325 3045 V WindowManager: Adding window Window{d8fecf1 u0 com.android.settings/com.android.settings.SubSettings} at 4 of 9 (after Window{26ec4226 u0 com.android.settings/com.android.settings.Settings})
04-23 19:08:56.289 2034 2307 E audio_hw_primary: no pcm card found!
04-23 19:08:56.300 2034 2307 E audio_hw_primary: no pcm card found!
04-23 19:08:56.311 2034 2307 E audio_hw_primary: no pcm card found!
04-23 19:08:56.322 2034 2307 E audio_hw_primary: no pcm card found!
04-23 19:08:56.333 2034 2307 E audio_hw_primary: no pcm card found!
04-23 19:08:56.344 2034 2307 E audio_hw_primary: no pcm card found!
04-23 19:08:56.355 2034 2307 E audio_hw_primary: no pcm card found!
04-23 19:08:56.364 3819 4711 D Index : Indexing locale 'en_US' took 86 millis
04-23 19:08:56.366 2034 2307 E audio_hw_primary: no pcm card found!
04-23 19:08:56.376 2034 2307 E audio_hw_primary: no pcm card found!
04-23 19:08:56.387 2034 2307 E audio_hw_primary: no pcm card found!
04-23 19:08:56.398 2034 2307 E audio_hw_primary: no pcm card found!
04-23 19:08:56.409 2034 2307 E audio_hw_primary: no pcm card found!
04-23 19:08:56.420 2034 2307 E audio_hw_primary: no pcm card found!
04-23 19:08:56.431 2034 2307 E audio_hw_primary: no pcm card found!
04-23 19:08:56.434 2325 2355 I ActivityManager: Displayed com.android.settings/.SubSettings: +262ms
04-23 19:08:56.442 2034 2307 E audio_hw_primary: no pcm card found!
04-23 19:08:56.453 2034 2307 E audio_hw_primary: no pcm card found!
04-23 19:08:56.464 2034 2307 E audio_hw_primary: no pcm card found!
04-23 19:08:56.470 3819 4670 D OpenGLRenderer: endAllStagingAnimators on 0x7f14b9d7c400 (RippleDrawable) with handle 0x7f14b9c95860
04-23 19:08:56.475 2034 2307 E audio_hw_primary: no pcm card found!
04-23 19:08:56.486 2034 2307 E audio_hw_primary: no pcm card found!
04-23 19:08:56.497 2034 2307 E audio_hw_primary: no pcm card found!
04-23 19:08:56.508 2034 2307 E audio_hw_primary: no pcm card found!
04-23 19:08:56.519 2034 2307 E audio_hw_primary: no pcm card found!
04-23 19:08:56.530 2034 2307 E audio_hw_primary: no pcm card found!
04-23 19:08:56.542 2034 2307 E audio_hw_primary: no pcm card found!
04-23 19:08:56.553 2034 2307 E audio_hw_primary: no pcm card found!
04-23 19:08:56.564 2034 2307 E audio_hw_primary: no pcm card found!
04-23 19:08:56.576 2034 2307 E audio_hw_primary: no pcm card found!
04-23 19:08:56.587 2034 2307 E audio_hw_primary: no pcm card found!
04-23 19:08:56.598 2034 2307 E audio_hw_primary: no pcm card found!
04-23 19:08:56.610 2034 2307 E audio_hw_primary: no pcm card found!
04-23 19:08:56.621 2034 2307 E audio_hw_primary: no pcm card found!
04-23 19:08:56.632 2034 2307 E audio_hw_primary: no pcm card found!
04-23 19:08:56.643 2034 2307 E audio_hw_primary: no pcm card found!
04-23 19:08:56.655 2034 2307 E audio_hw_primary: no pcm card found!
04-23 19:08:56.666 2034 2307 E audio_hw_primary: no pcm card found!
04-23 19:08:56.677 2034 2307 E audio_hw_primary: no pcm card found!
04-23 19:08:56.688 2034 2307 E audio_hw_primary: no pcm card found!
04-23 19:08:56.699 2034 2307 E audio_hw_primary: no pcm card found!
04-23 19:08:56.710 2034 2307 E audio_hw_primary: no pcm card found!
04-23 19:08:56.721 2034 2307 E audio_hw_primary: no pcm card found!
04-23 19:08:56.733 2034 2307 E audio_hw_primary: no pcm card found!
04-23 19:08:56.744 2034 2307 E audio_hw_primary: no pcm card found!
04-23 19:08:56.755 2034 2307 E audio_hw_primary: no pcm card found!
04-23 19:08:56.766 2034 2307 E audio_hw_primary: no pcm card found!
04-23 19:08:56.777 2034 2307 E audio_hw_primary: no pcm card found!
04-23 19:08:56.789 2034 2307 E audio_hw_primary: no pcm card found!
04-23 19:08:56.800 2034 2307 E audio_hw_primary: no pcm card found!
04-23 19:08:56.811 2034 2307 E audio_hw_primary: no pcm card found!
04-23 19:08:56.823 2034 2307 E audio_hw_primary: no pcm card found!
04-23 19:08:56.834 2034 2307 E audio_hw_primary: no pcm card found!
04-23 19:08:56.845 2034 2307 E audio_hw_primary: no pcm card found!
04-23 19:08:56.856 2034 2307 E audio_hw_primary: no pcm card found!
04-23 19:08:56.867 2034 2307 E audio_hw_primary: no pcm card found!
04-23 19:08:56.878 2034 2307 E audio_hw_primary: no pcm card found!
04-23 19:08:56.890 2034 2307 E audio_hw_primary: no pcm card found!
04-23 19:08:56.901 2034 2307 E audio_hw_primary: no pcm card found!
04-23 19:08:56.912 2034 2307 E audio_hw_primary: no pcm card found!
04-23 19:08:56.924 2034 2307 E audio_hw_primary: no pcm card found!
04-23 19:08:56.935 2034 2307 E audio_hw_primary: no pcm card found!
04-23 19:08:56.946 2034 2307 E audio_hw_primary: no pcm card found!
04-23 19:08:56.957 2034 2307 E audio_hw_primary: no pcm card found!
04-23 19:08:56.969 2034 2307 E audio_hw_primary: no pcm card found!
04-23 19:08:56.980 2034 2307 E audio_hw_primary: no pcm card found!
04-23 19:08:56.992 2034 2307 E audio_hw_primary: no pcm card found!
04-23 19:08:57.003 2034 2307 E audio_hw_primary: no pcm card found!
04-23 19:08:57.014 2034 2307 E audio_hw_primary: no pcm card found!
04-23 19:08:57.026 2034 2307 E audio_hw_primary: no pcm card found!
04-23 19:08:57.037 2034 2307 E audio_hw_primary: no pcm card found!
04-23 19:08:57.048 2034 2307 E audio_hw_primary: no pcm card found!
04-23 19:08:57.060 2034 2307 E audio_hw_primary: no pcm card found!
04-23 19:08:57.071 2034 2307 E audio_hw_primary: no pcm card found!
04-23 19:08:57.082 2034 2307 E audio_hw_primary: no pcm card found!
04-23 19:08:57.093 2034 2307 E audio_hw_primary: no pcm card found!
04-23 19:08:57.104 2034 2307 E audio_hw_primary: no pcm card found!
04-23 19:08:57.116 2034 2307 E audio_hw_primary: no pcm card found!
04-23 19:08:57.127 2034 2307 E audio_hw_primary: no pcm card found!
04-23 19:08:57.138 2034 2307 E audio_hw_primary: no pcm card found!
04-23 19:08:57.150 2034 2307 E audio_hw_primary: no pcm card found!
04-23 19:08:57.161 2034 2307 E audio_hw_primary: no pcm card found!
04-23 19:08:57.172 2034 2307 E audio_hw_primary: no pcm card found!
04-23 19:08:57.183 2034 2307 E audio_hw_primary: no pcm card found!
04-23 19:08:57.194 2034 2307 E audio_hw_primary: no pcm card found!
04-23 19:08:57.206 2034 2307 E audio_hw_primary: no pcm card found!
04-23 19:08:57.217 2034 2307 E audio_hw_primary: no pcm card found!
04-23 19:08:57.228 2034 2307 E audio_hw_primary: no pcm card found!
04-23 19:08:57.240 2034 2307 E audio_hw_primary: no pcm card found!
04-23 19:08:57.251 2034 2307 E audio_hw_primary: no pcm card found!
04-23 19:08:57.262 2034 2307 E audio_hw_primary: no pcm card found!
04-23 19:08:57.273 2034 2307 E audio_hw_primary: no pcm card found!
04-23 19:08:57.285 2034 2307 E audio_hw_primary: no pcm card found!
04-23 19:08:57.296 2034 2307 E audio_hw_primary: no pcm card found!
04-23 19:08:57.307 2034 2307 E audio_hw_primary: no pcm card found!
04-23 19:08:57.319 2034 2307 E audio_hw_primary: no pcm card found!
04-23 19:08:57.330 2034 2307 E audio_hw_primary: no pcm card found!
04-23 19:08:57.341 2034 2307 E audio_hw_primary: no pcm card found!
04-23 19:08:57.353 2034 2307 E audio_hw_primary: no pcm card found!
04-23 19:08:57.364 2034 2307 E audio_hw_primary: no pcm card found!
04-23 19:08:57.375 2034 2307 E audio_hw_primary: no pcm card found!
04-23 19:08:57.386 2034 2307 E audio_hw_primary: no pcm card found!
04-23 19:08:57.398 2034 2307 E audio_hw_primary: no pcm card found!
04-23 19:08:57.409 2034 2307 E audio_hw_primary: no pcm card found!
04-23 19:08:57.420 2034 2307 E audio_hw_primary: no pcm card found!
04-23 19:08:57.431 2034 2307 E audio_hw_primary: no pcm card found!
04-23 19:08:57.442 2034 2307 E audio_hw_primary: no pcm card found!
04-23 19:08:57.453 2034 2307 E audio_hw_primary: no pcm card found!
04-23 19:08:57.465 2034 2307 E audio_hw_primary: no pcm card found!
04-23 19:08:57.476 2034 2307 E audio_hw_primary: no pcm card found!
04-23 19:08:57.487 2034 2307 E audio_hw_primary: no pcm card found!
04-23 19:08:57.498 2034 2307 E audio_hw_primary: no pcm card found!
04-23 19:08:57.509 2034 2307 E audio_hw_primary: no pcm card found!
04-23 19:08:57.520 2034 2307 E audio_hw_primary: no pcm card found!
04-23 19:08:57.532 2034 2307 E audio_hw_primary: no pcm card found!
04-23 19:08:57.543 2034 2307 E audio_hw_primary: no pcm card found!
04-23 19:08:57.554 2034 2307 E audio_hw_primary: no pcm card found!
04-23 19:08:57.565 2034 2307 E audio_hw_primary: no pcm card found!
04-23 19:08:57.576 2034 2307 E audio_hw_primary: no pcm card found!
04-23 19:08:57.581 2325 2532 D TaskPersister: removeObsoleteFile: deleting file=10_task.xml
04-23 19:08:57.582 2325 2532 D TaskPersister: removeObsoleteFile: deleting file=10_task_thumbnail.png
04-23 19:08:57.587 2034 2307 E audio_hw_primary: no pcm card found!
04-23 19:08:57.598 2034 2307 E audio_hw_primary: no pcm card found!
04-23 19:08:57.609 2034 2307 E audio_hw_primary: no pcm card found!
04-23 19:08:57.620 2034 2307 E audio_hw_primary: no pcm card found!
04-23 19:08:57.631 2034 2307 E audio_hw_primary: no pcm card found!
04-23 19:08:57.642 2034 2307 E audio_hw_primary: no pcm card found!
04-23 19:08:57.653 2034 2307 E audio_hw_primary: no pcm card found!
04-23 19:08:57.664 2034 2307 E audio_hw_primary: no pcm card found!
04-23 19:08:57.676 2034 2307 E audio_hw_primary: no pcm card found!
04-23 19:08:57.687 2034 2307 E audio_hw_primary: no pcm card found!
04-23 19:08:57.698 2034 2307 E audio_hw_primary: no pcm card found!
04-23 19:08:57.709 2034 2307 E audio_hw_primary: no pcm card found!
04-23 19:08:57.720 2034 2307 E audio_hw_primary: no pcm card found!
04-23 19:08:57.732 2034 2307 E audio_hw_primary: no pcm card found!
04-23 19:08:57.743 2034 2307 E audio_hw_primary: no pcm card found!
04-23 19:08:57.754 2034 2307 E audio_hw_primary: no pcm card found!
04-23 19:08:57.765 2034 2307 E audio_hw_primary: no pcm card found!
04-23 19:08:57.776 2034 2307 E audio_hw_primary: no pcm card found!
04-23 19:08:57.788 2034 2307 E audio_hw_primary: no pcm card found!
04-23 19:08:57.799 2034 2307 E audio_hw_primary: no pcm card found!
04-23 19:08:57.810 2034 2307 E audio_hw_primary: no pcm card found!
04-23 19:08:57.821 2034 2307 E audio_hw_primary: no pcm card found!
04-23 19:08:57.832 2034 2307 E audio_hw_primary: no pcm card found!
04-23 19:08:57.843 2034 2307 E audio_hw_primary: no pcm card found!
04-23 19:08:57.855 2034 2307 E audio_hw_primary: no pcm card found!
04-23 19:08:57.866 2034 2307 E audio_hw_primary: no pcm card found!
04-23 19:08:57.877 2034 2307 E audio_hw_primary: no pcm card found!
04-23 19:08:57.888 2034 2307 E audio_hw_primary: no pcm card found!
04-23 19:08:57.900 2034 2307 E audio_hw_primary: no pcm card found!
04-23 19:08:57.911 2034 2307 E audio_hw_primary: no pcm card found!
04-23 19:08:57.922 2034 2307 E audio_hw_primary: no pcm card found!
04-23 19:08:57.934 2034 2307 E audio_hw_primary: no pcm card found!
04-23 19:08:57.945 2034 2307 E audio_hw_primary: no pcm card found!
04-23 19:08:57.956 2034 2307 E audio_hw_primary: no pcm card found!
04-23 19:08:57.968 2034 2307 E audio_hw_primary: no pcm card found!
04-23 19:08:57.979 2034 2307 E audio_hw_primary: no pcm card found!
04-23 19:08:57.990 2034 2307 E audio_hw_primary: no pcm card found!
04-23 19:08:58.001 2034 2307 E audio_hw_primary: no pcm card found!
04-23 19:08:58.013 2034 2307 E audio_hw_primary: no pcm card found!
04-23 19:08:58.024 2034 2307 E audio_hw_primary: no pcm card found!
04-23 19:08:58.035 2034 2307 E audio_hw_primary: no pcm card found!
04-23 19:08:58.047 2034 2307 E audio_hw_primary: no pcm card found!
04-23 19:08:58.058 2034 2307 E audio_hw_primary: no pcm card found!
04-23 19:08:58.069 2034 2307 E audio_hw_primary: no pcm card found!
04-23 19:08:58.081 2034 2307 E audio_hw_primary: no pcm card found!
04-23 19:08:58.092 2034 2307 E audio_hw_primary: no pcm card found!
04-23 19:08:58.103 2034 2307 E audio_hw_primary: no pcm card found!
04-23 19:08:58.114 2034 2307 E audio_hw_primary: no pcm card found!
04-23 19:08:58.126 2034 2307 E audio_hw_primary: no pcm card found!
04-23 19:08:58.137 2034 2307 E audio_hw_primary: no pcm card found!
04-23 19:08:58.148 2034 2307 E audio_hw_primary: no pcm card found!
04-23 19:08:58.159 2034 2307 E audio_hw_primary: no pcm card found!
04-23 19:08:58.171 2034 2307 E audio_hw_primary: no pcm card found!
04-23 19:08:58.182 2034 2307 E audio_hw_primary: no pcm card found!
04-23 19:08:58.193 2034 2307 E audio_hw_primary: no pcm card found!
04-23 19:08:58.205 2034 2307 E audio_hw_primary: no pcm card found!
04-23 19:08:58.216 2034 2307 E audio_hw_primary: no pcm card found!
04-23 19:08:58.227 2034 2307 E audio_hw_primary: no pcm card found!
04-23 19:08:58.238 2034 2307 E audio_hw_primary: no pcm card found!
04-23 19:08:58.250 2034 2307 E audio_hw_primary: no pcm card found!
04-23 19:08:58.261 2034 2307 E audio_hw_primary: no pcm card found!
04-23 19:08:58.272 2034 2307 E audio_hw_primary: no pcm card found!
04-23 19:08:58.283 2034 2307 E audio_hw_primary: no pcm card found!
04-23 19:08:58.295 2034 2307 E audio_hw_primary: no pcm card found!
04-23 19:08:58.306 2034 2307 E audio_hw_primary: no pcm card found!
04-23 19:08:58.317 2034 2307 E audio_hw_primary: no pcm card found!
04-23 19:08:58.329 2034 2307 E audio_hw_primary: no pcm card found!
04-23 19:08:58.340 2034 2307 E audio_hw_primary: no pcm card found!
04-23 19:08:58.351 2034 2307 E audio_hw_primary: no pcm card found!
04-23 19:08:58.363 2034 2307 E audio_hw_primary: no pcm card found!
04-23 19:08:58.374 2034 2307 E audio_hw_primary: no pcm card found!
04-23 19:08:58.385 2034 2307 E audio_hw_primary: no pcm card found!
04-23 19:08:58.397 2034 2307 E audio_hw_primary: no pcm card found!
04-23 19:08:58.408 2034 2307 E audio_hw_primary: no pcm card found!
04-23 19:08:58.419 2034 2307 E audio_hw_primary: no pcm card found!
04-23 19:08:58.431 2034 2307 E audio_hw_primary: no pcm card found!
04-23 19:08:58.442 2034 2307 E audio_hw_primary: no pcm card found!
04-23 19:08:58.453 2034 2307 E audio_hw_primary: no pcm card found!
04-23 19:08:58.465 2034 2307 E audio_hw_primary: no pcm card found!
04-23 19:08:58.476 2034 2307 E audio_hw_primary: no pcm card found!
04-23 19:08:58.487 2034 2307 E audio_hw_primary: no pcm card found!
04-23 19:08:58.499 2034 2307 E audio_hw_primary: no pcm card found!
04-23 19:08:58.510 2034 2307 E audio_hw_primary: no pcm card found!
04-23 19:08:58.521 2034 2307 E audio_hw_primary: no pcm card found!
04-23 19:08:58.533 2034 2307 E audio_hw_primary: no pcm card found!
04-23 19:08:58.544 2034 2307 E audio_hw_primary: no pcm card found!
04-23 19:08:58.555 2034 2307 E audio_hw_primary: no pcm card found!
04-23 19:08:58.566 2034 2307 E audio_hw_primary: no pcm card found!
04-23 19:08:58.578 2034 2307 E audio_hw_primary: no pcm card found!
04-23 19:08:58.589 2034 2307 E audio_hw_primary: no pcm card found!
04-23 19:08:58.600 2034 2307 E audio_hw_primary: no pcm card found!
04-23 19:08:58.611 2034 2307 E audio_hw_primary: no pcm card found!
