04-23 18:47:38.379 2693 3177 E BluetoothPan: java.lang.IllegalArgumentException: Service not registered: android.bluetooth.BluetoothPan$2@2c46b94
04-23 18:47:38.379 2693 3177 E BluetoothPan: at android.app.LoadedApk.forgetServiceDispatcher(LoadedApk.java:1029)
04-23 18:47:38.379 2693 3177 E BluetoothPan: at android.app.ContextImpl.unbindService(ContextImpl.java:1808)
04-23 18:47:38.379 2693 3177 E BluetoothPan: at android.content.ContextWrapper.unbindService(ContextWrapper.java:551)
04-23 18:47:38.379 2693 3177 E BluetoothPan: at android.bluetooth.BluetoothPan$1.onBluetoothStateChange(BluetoothPan.java:199)
04-23 18:47:38.379 2693 3177 E BluetoothPan: at android.bluetooth.IBluetoothStateChangeCallback$Stub.onTransact(IBluetoothStateChangeCallback.java:55)
04-23 18:47:38.379 2693 3177 E BluetoothPan: at android.os.Binder.execTransact(Binder.java:446)
04-23 18:47:38.380 2693 3566 D BluetoothInputDevice: onBluetoothStateChange: up=false
04-23 18:47:38.381 2693 3566 E BluetoothInputDevice:
04-23 18:47:38.381 2693 3566 E BluetoothInputDevice: java.lang.IllegalArgumentException: Service not registered: android.bluetooth.BluetoothInputDevice$2@9bdeda6
04-23 18:47:38.381 2693 3566 E BluetoothInputDevice: at android.app.LoadedApk.forgetServiceDispatcher(LoadedApk.java:1029)
04-23 18:47:38.381 2693 3566 E BluetoothInputDevice: at android.app.ContextImpl.unbindService(ContextImpl.java:1808)
04-23 18:47:38.381 2693 3566 E BluetoothInputDevice: at android.content.ContextWrapper.unbindService(ContextWrapper.java:551)
04-23 18:47:38.381 2693 3566 E BluetoothInputDevice: at android.bluetooth.BluetoothInputDevice$1.onBluetoothStateChange(BluetoothInputDevice.java:216)
04-23 18:47:38.381 2693 3566 E BluetoothInputDevice: at android.bluetooth.IBluetoothStateChangeCallback$Stub.onTransact(IBluetoothStateChangeCallback.java:55)
04-23 18:47:38.381 2693 3566 E BluetoothInputDevice: at android.os.Binder.execTransact(Binder.java:446)
04-23 18:47:38.381 2325 2354 D BluetoothHeadset: onBluetoothStateChange: up=false
04-23 18:47:38.381 2325 2354 D BluetoothManagerService: Bluetooth State Change Intent: 11 -> 10
04-23 18:47:38.382 2325 2354 E BluetoothManagerService: recoverBluetoothServiceFromError
04-23 18:47:38.387 3819 3819 W ContextImpl: Calling a method in the system process without a qualified user: android.app.ContextImpl.startService:1692 android.content.ContextWrapper.startService:516 android.content.ContextWrapper.startService:516 com.android.settings.bluetooth.DockEventReceiver.beginStartingService:134 com.android.settings.bluetooth.DockEventReceiver.onReceive:115
04-23 18:47:38.398 3819 3819 D DockEventReceiver: finishStartingService: stopping service
04-23 18:47:38.884 2325 2354 D BluetoothManagerService: Sending off request.
04-23 18:47:38.885 3982 4000 D BluetoothAdapterState: CURRENT_STATE=OFF, MESSAGE = USER_TURN_OFF
04-23 18:47:38.885 2325 2354 D BluetoothManagerService: Calling onBluetoothServiceDown callbacks
04-23 18:47:38.886 2325 2354 D BluetoothManagerService: Broadcasting onBluetoothServiceDown() to 5 receivers.
04-23 18:47:38.892 3982 3982 I BluetoothServiceJni: cleanupNative: return from cleanup
04-23 18:47:38.894 3982 3982 I art : System.exit called, status: 0
04-23 18:47:38.894 3982 3982 I AndroidRuntime: VM exiting with result code 0, cleanup skipped.
04-23 18:47:38.913 2325 3045 I ActivityManager: Process com.android.bluetooth (pid 3982) has died
04-23 18:47:41.891 2325 2354 D BluetoothManagerService: Message: 42
04-23 18:47:41.891 2325 2354 D BluetoothManagerService: MESSAGE_RESTART_BLUETOOTH_SERVICE: Restart IBluetooth service
04-23 18:47:41.955 2325 2354 I ActivityManager: Start proc 4024:com.android.bluetooth/1002 for service com.android.bluetooth/.btservice.AdapterService
04-23 18:47:41.992 4024 4024 W ResourcesManager: Asset path '/system/framework/javax.obex.jar' does not exist or contains no resources.
04-23 18:47:42.026 4024 4024 D AdapterServiceConfig: Adding HeadsetService
04-23 18:47:42.026 4024 4024 D AdapterServiceConfig: Adding A2dpService
04-23 18:47:42.027 4024 4024 D AdapterServiceConfig: Adding HidService
04-23 18:47:42.027 4024 4024 D AdapterServiceConfig: Adding HealthService
04-23 18:47:42.028 4024 4024 D AdapterServiceConfig: Adding PanService
04-23 18:47:42.028 4024 4024 D AdapterServiceConfig: Adding GattService
04-23 18:47:42.028 4024 4024 D AdapterServiceConfig: Adding BluetoothMapService
04-23 18:47:42.046 2325 2354 D BluetoothManagerService: Message: 20
04-23 18:47:42.046 2325 2354 D BluetoothManagerService: Added callback: android.bluetooth.IBluetoothManagerCallback$Stub$Proxy@1d57f780:true
04-23 18:47:42.047 4024 4024 D BluetoothAdapterState: make
04-23 18:47:42.052 4024 4024 I bluedroid: init
04-23 18:47:42.053 4024 4042 I BluetoothAdapterState: Entering OffState
04-23 18:47:42.053 4024 4024 E bt-btif : btif_config_get(L190): assert failed: section && *section && key && *key && name && *name && bytes && type
04-23 18:47:42.053 4024 4024 I bte_conf: bte_load_conf attempt to load stack conf from /etc/bluetooth/bt_stack.conf
04-23 18:47:42.054 4024 4024 I bte_conf: bte_load_ble_conf attempt to load ble stack conf from /etc/bluetooth/ble_stack.conf
04-23 18:47:42.054 4024 4024 E bt_osi_config: config_new unable to open file '/etc/bluetooth/ble_stack.conf': No such file or directory
04-23 18:47:42.054 4024 4024 I bte_conf: bte_load_ble_conf file >/etc/bluetooth/ble_stack.conf< not found
04-23 18:47:42.054 4024 4024 I bluedroid: get_profile_interface socket
04-23 18:47:42.054 4024 4024 I bluedroid: get_profile_interface map_client
04-23 18:47:42.054 4024 4045 I GKI_LINUX: gki_task_entry task_id=1 [BTIF] starting
04-23 18:47:42.057 4024 4045 D BluetoothAdapterProperties: Address is:22:22:5E:5B:63:72
04-23 18:47:42.058 2325 2325 D BluetoothManagerService: BluetoothServiceConnection: com.android.bluetooth.btservice.AdapterService
04-23 18:47:42.058 2325 2354 D BluetoothManagerService: Message: 40
04-23 18:47:42.058 2325 2354 D BluetoothManagerService: MESSAGE_BLUETOOTH_SERVICE_CONNECTED: 1
04-23 18:47:42.059 2325 2325 D BluetoothManagerService: Bluetooth Adapter name changed to Android-x86
04-23 18:47:42.059 4024 4045 D BluetoothAdapterProperties: Name is: Android-x86
04-23 18:47:42.059 2325 2325 D BluetoothManagerService: Stored Bluetooth name: Android-x86
04-23 18:47:42.060 4024 4040 I bluedroid: config_hci_snoop_log
04-23 18:47:42.062 2325 2354 D BluetoothManagerService: Calling onBluetoothServiceUp callbacks
04-23 18:47:42.062 2325 2354 D BluetoothManagerService: Broadcasting onBluetoothServiceUp() to 5 receivers.
04-23 18:47:42.067 4024 4042 D BluetoothAdapterState: CURRENT_STATE=OFF, MESSAGE = USER_TURN_ON
04-23 18:47:42.067 4024 4042 D BluetoothAdapterProperties: Setting state to 11
04-23 18:47:42.067 4024 4042 I BluetoothAdapterState: Bluetooth adapter state changed: 10-> 11
04-23 18:47:42.068 2325 2354 D BluetoothManagerService: Message: 60
04-23 18:47:42.068 2325 2354 D BluetoothManagerService: MESSAGE_BLUETOOTH_STATE_CHANGE: prevState = 10, newState=11
04-23 18:47:42.068 2325 2354 D BluetoothManagerService: Bluetooth State Change Intent: 10 -> 11
04-23 18:47:42.072 4024 4042 D BluetoothBondStateMachine: make
04-23 18:47:42.075 4024 4046 I BluetoothBondStateMachine: StableState(): Entering Off State
04-23 18:47:42.080 4024 4024 D BluetoothAdapterService: getAdapterService() - returning com.android.bluetooth.btservice.AdapterService@2ca8dbd1
04-23 18:47:42.083 4024 4024 D HeadsetService: Received start request. Starting profile...
04-23 18:47:42.084 4024 4024 I BluetoothHeadsetServiceJni: classInitNative: succeeds
04-23 18:47:42.084 4024 4024 D HeadsetStateMachine: make
04-23 18:47:42.096 4024 4042 I BluetoothAdapterState: Entering PendingCommandState State: isTurningOn()=true, isTurningOff()=false
04-23 18:47:42.097 4024 4024 D HeadsetStateMachine: max_hf_connections = 1
04-23 18:47:42.097 4024 4024 I bluedroid: get_profile_interface handsfree
04-23 18:47:42.099 4024 4048 D HeadsetStateMachine: Enter Disconnected: -2, size: 0
04-23 18:47:42.101 4024 4024 D BluetoothAdapterService: getAdapterService() - returning com.android.bluetooth.btservice.AdapterService@2ca8dbd1
04-23 18:47:42.101 4024 4024 D A2dpService: Received start request. Starting profile...
04-23 18:47:42.102 4024 4024 I BluetoothAvrcpServiceJni: classInitNative: succeeds
04-23 18:47:42.102 4024 4024 I bluedroid: get_profile_interface avrcp
04-23 18:47:42.111 4024 4024 E RemoteController: Cannot set synchronization mode on an unregistered RemoteController
04-23 18:47:42.111 4024 4024 I BluetoothA2dpServiceJni: classInitNative: succeeds
04-23 18:47:42.111 4024 4024 D A2dpStateMachine: make
04-23 18:47:42.114 4024 4024 I bluedroid: get_profile_interface a2dp
04-23 18:47:42.114 4024 4051 I GKI_LINUX: gki_task_entry task_id=2 [A2DP-MEDIA] starting
04-23 18:47:42.117 4024 4050 D A2dpStateMachine: Enter Disconnected: -2
04-23 18:47:42.117 4024 4024 I BluetoothHidServiceJni: classInitNative: succeeds
04-23 18:47:42.118 4024 4024 D BluetoothAdapterService: getAdapterService() - returning com.android.bluetooth.btservice.AdapterService@2ca8dbd1
04-23 18:47:42.118 4024 4024 D HidService: Received start request. Starting profile...
04-23 18:47:42.118 4024 4024 I bluedroid: get_profile_interface hidhost
04-23 18:47:42.119 4024 4024 I BluetoothHealthServiceJni: classInitNative: succeeds
04-23 18:47:42.120 4024 4024 D BluetoothAdapterService: getAdapterService() - returning com.android.bluetooth.btservice.AdapterService@2ca8dbd1
04-23 18:47:42.121 4024 4024 D HealthService: Received start request. Starting profile...
04-23 18:47:42.124 4024 4024 I bluedroid: get_profile_interface health
04-23 18:47:42.125 4024 4024 I BluetoothPanServiceJni: classInitNative(L105): succeeds
04-23 18:47:42.126 4024 4024 D BluetoothAdapterService: getAdapterService() - returning com.android.bluetooth.btservice.AdapterService@2ca8dbd1
04-23 18:47:42.126 4024 4024 D PanService: Received start request. Starting profile...
04-23 18:47:42.126 4024 4024 D BluetoothPanServiceJni: initializeNative(L110): pan
04-23 18:47:42.126 4024 4024 I bluedroid: get_profile_interface pan
04-23 18:47:42.129 4024 4024 I BtGatt.JNI: classInitNative(L873): classInitNative: Success!
04-23 18:47:42.132 4024 4024 D BluetoothAdapterService: getAdapterService() - returning com.android.bluetooth.btservice.AdapterService@2ca8dbd1
04-23 18:47:42.134 4024 4024 D BtGatt.DebugUtils: handleDebugAction() action=null
04-23 18:47:42.135 4024 4024 D BtGatt.GattService: Received start request. Starting profile...
04-23 18:47:42.135 4024 4024 D BtGatt.GattService: start()
04-23 18:47:42.135 4024 4024 I bluedroid: get_profile_interface gatt
04-23 18:47:42.139 4024 4024 D BluetoothAdapterService: getAdapterService() - returning com.android.bluetooth.btservice.AdapterService@2ca8dbd1
04-23 18:47:42.139 4024 4024 D BtGatt.AdvertiseManager: advertise manager created
04-23 18:47:42.148 4024 4024 D BluetoothAdapterService: getAdapterService() - returning com.android.bluetooth.btservice.AdapterService@2ca8dbd1
04-23 18:47:42.149 4024 4024 D BluetoothMapService: Received start request. Starting profile...
04-23 18:47:42.149 4024 4024 D BluetoothMapService: start()
04-23 18:47:42.153 4024 4024 D BluetoothMapEmailSettingsLoader: Found 0 applications
04-23 18:47:42.153 4024 4024 D BluetoothMapEmailAppObserver: createReceiver()
04-23 18:47:42.155 4024 4024 D BluetoothMapEmailAppObserver: initObservers()
04-23 18:47:42.155 4024 4024 D BluetoothMapEmailAppObserver: getEnabledAccountItems()
04-23 18:47:42.167 4024 4024 D HeadsetStateMachine: Proxy object connected
04-23 18:47:42.169 4024 4048 D HeadsetStateMachine: Disconnected process message: 10, size: 0
04-23 18:47:42.169 4024 4048 D HeadsetPhoneState: sendDeviceStateChanged. mService=0 mSignal=0 mRoam=0 mBatteryCharge=5
04-23 18:47:42.170 4024 4042 D BluetoothAdapterState: CURRENT_STATE=PENDING, MESSAGE = STARTED, isTurningOn=true, isTurningOff=false
04-23 18:47:42.170 4024 4042 I bluedroid: enable
04-23 18:47:42.170 4024 4048 D HeadsetStateMachine: Disconnected process message: 11, size: 0
04-23 18:47:42.170 4024 4057 I GKI_LINUX: gki_task_entry task_id=0 [BTU] starting
04-23 18:47:42.170 4024 4042 I bt_hci_bdroid: init
04-23 18:47:42.170 4024 4057 I bt-btu : btu_task pending for preload complete event
04-23 18:47:42.171 4024 4042 I bt_vendor: init
04-23 18:47:42.171 4024 4042 I bt_vnd_conf: Attempt to load conf from /etc/bluetooth/bt_vendor.conf
04-23 18:47:42.171 4024 4042 I bt_vnd_conf: vnd_load_conf file >/etc/bluetooth/bt_vendor.conf< not found
04-23 18:47:42.171 4024 4042 D bt_userial: userial_init
04-23 18:47:42.172 4024 4059 I bt_userial_vendor: userial vendor open: opening /dev/ttyO1
04-23 18:47:42.172 4024 4059 E bt_userial_vendor: userial vendor open: unable to open /dev/ttyO1
04-23 18:47:42.172 4024 4059 E bt_userial: userial_open opened wrong number of ports: got 0, expected 1.
04-23 18:47:42.172 4024 4059 E bt_userial: userial_write error writing to serial port: Bad file number
04-23 18:47:45.171 4024 4058 E bt-btif : ...preload_wait_timeout (retried:0/max-retry:0)...
04-23 18:47:45.172 4024 4057 W bt-btu : btu_task start abort!
04-23 18:47:45.172 4024 4057 I GKI_LINUX: gki_task task_id=0 [BTU] terminating
04-23 18:47:45.173 4024 4045 I GKI_LINUX: GKI_exit_task 0 done
04-23 18:47:45.173 4024 4045 I GKI_LINUX: GKI_shutdown(): task [BTU] terminated
04-23 18:47:45.173 4024 4045 I GKI_LINUX: GKI_exit_task 1 done
04-23 18:47:45.173 4024 4051 I GKI_LINUX: gki_task task_id=2 [A2DP-MEDIA] terminating
04-23 18:47:45.173 4024 4045 I GKI_LINUX: GKI_exit_task 2 done
04-23 18:47:45.174 4024 4042 D BluetoothAdapterState: CURRENT_STATE=PENDING, MESSAGE = DISABLED, isTurningOn=true, isTurningOff=false
04-23 18:47:45.174 4024 4045 I GKI_LINUX: gki_task task_id=1 [BTIF] terminating
04-23 18:47:45.174 4024 4042 E BluetoothAdapterState: Error enabling Bluetooth - hardware init failed
04-23 18:47:45.177 4024 4024 D HeadsetService: Received stop request...Stopping profile...
04-23 18:47:45.178 4024 4048 D HeadsetStateMachine: Exit Disconnected: -1
04-23 18:47:45.182 4024 4024 D A2dpService: Received stop request...Stopping profile...
04-23 18:47:45.183 4024 4050 D A2dpStateMachine: Exit Disconnected: -1
04-23 18:47:45.187 4024 4042 D BluetoothAdapterProperties: Setting state to 10
04-23 18:47:45.187 4024 4042 I BluetoothAdapterState: Bluetooth adapter state changed: 11-> 10
04-23 18:47:45.188 4024 4024 D HidService: Received stop request...Stopping profile...
04-23 18:47:45.188 2325 2354 D BluetoothManagerService: Message: 60
04-23 18:47:45.188 2325 2354 D BluetoothManagerService: MESSAGE_BLUETOOTH_STATE_CHANGE: prevState = 11, newState=10
04-23 18:47:45.189 2325 2354 D BluetoothManagerService: Broadcasting onBluetoothStateChange(false) to 17 receivers.
04-23 18:47:45.189 4024 4042 I BluetoothAdapterState: Entering OffState
04-23 18:47:45.190 4024 4024 D HeadsetStateMachine: Unbinding service...
04-23 18:47:45.192 3819 3894 E BluetoothPan:
04-23 18:47:45.192 3819 3894 E BluetoothPan: java.lang.IllegalArgumentException: Service not registered: android.bluetooth.BluetoothPan$2@3695f388
04-23 18:47:45.192 3819 3894 E BluetoothPan: at android.app.LoadedApk.forgetServiceDispatcher(LoadedApk.java:1029)
04-23 18:47:45.192 3819 3894 E BluetoothPan: at android.app.ContextImpl.unbindService(ContextImpl.java:1808)
04-23 18:47:45.192 3819 3894 E BluetoothPan: at android.content.ContextWrapper.unbindService(ContextWrapper.java:551)
04-23 18:47:45.192 3819 3894 E BluetoothPan: at android.bluetooth.BluetoothPan$1.onBluetoothStateChange(BluetoothPan.java:199)
04-23 18:47:45.192 3819 3894 E BluetoothPan: at android.bluetooth.IBluetoothStateChangeCallback$Stub.onTransact(IBluetoothStateChangeCallback.java:55)
04-23 18:47:45.192 3819 3894 E BluetoothPan: at android.os.Binder.execTransact(Binder.java:446)
04-23 18:47:45.197 4024 4024 W BluetoothHeadsetServiceJni: Cleaning up Bluetooth Handsfree Interface...
04-23 18:47:45.197 4024 4024 W BluetoothHeadsetServiceJni: Cleaning up Bluetooth Handsfree callback object
04-23 18:47:45.198 4024 4024 D HealthService: Received stop request...Stopping profile...
04-23 18:47:45.199 3819 3837 D BluetoothMap: onBluetoothStateChange: up=false
04-23 18:47:45.200 3819 3837 E BluetoothMap:
04-23 18:47:45.200 3819 3837 E BluetoothMap: java.lang.IllegalArgumentException: Service not registered: android.bluetooth.BluetoothMap$2@113c5121
04-23 18:47:45.200 3819 3837 E BluetoothMap: at android.app.LoadedApk.forgetServiceDispatcher(LoadedApk.java:1029)
04-23 18:47:45.200 3819 3837 E BluetoothMap: at android.app.ContextImpl.unbindService(ContextImpl.java:1808)
04-23 18:47:45.200 3819 3837 E BluetoothMap: at android.content.ContextWrapper.unbindService(ContextWrapper.java:551)
04-23 18:47:45.200 3819 3837 E BluetoothMap: at android.bluetooth.BluetoothMap$1.onBluetoothStateChange(BluetoothMap.java:64)
04-23 18:47:45.200 3819 3837 E BluetoothMap: at android.bluetooth.IBluetoothStateChangeCallback$Stub.onTransact(IBluetoothStateChangeCallback.java:55)
04-23 18:47:45.200 3819 3837 E BluetoothMap: at android.os.Binder.execTransact(Binder.java:446)
04-23 18:47:45.201 4024 4024 D PanService: Received stop request...Stopping profile...
04-23 18:47:45.201 2325 2354 D BluetoothHeadset: onBluetoothStateChange: up=false
04-23 18:47:45.201 2325 2354 D BluetoothA2dp: onBluetoothStateChange: up=false
04-23 18:47:45.202 2325 2354 E BluetoothA2dp:
04-23 18:47:45.202 2325 2354 E BluetoothA2dp: java.lang.IllegalArgumentException: Service not registered: android.bluetooth.BluetoothA2dp$2@28df1a8b
04-23 18:47:45.202 2325 2354 E BluetoothA2dp: at android.app.LoadedApk.forgetServiceDispatcher(LoadedApk.java:1029)
04-23 18:47:45.202 2325 2354 E BluetoothA2dp: at android.app.ContextImpl.unbindService(ContextImpl.java:1808)
04-23 18:47:45.202 2325 2354 E BluetoothA2dp: at android.bluetooth.BluetoothA2dp$1.onBluetoothStateChange(BluetoothA2dp.java:126)
04-23 18:47:45.202 2325 2354 E BluetoothA2dp: at com.android.server.BluetoothManagerService.sendBluetoothStateCallback(BluetoothManagerService.java:710)
04-23 18:47:45.202 2325 2354 E BluetoothA2dp: at com.android.server.BluetoothManagerService.bluetoothStateChangeHandler(BluetoothManagerService.java:1386)
04-23 18:47:45.202 2325 2354 E BluetoothA2dp: at com.android.server.BluetoothManagerService.access$3300(BluetoothManagerService.java:61)
04-23 18:47:45.202 2325 2354 E BluetoothA2dp: at com.android.server.BluetoothManagerService$BluetoothHandler.handleMessage(BluetoothManagerService.java:1113)
04-23 18:47:45.202 2325 2354 E BluetoothA2dp: at android.os.Handler.dispatchMessage(Handler.java:102)
04-23 18:47:45.202 2325 2354 E BluetoothA2dp: at android.os.Looper.loop(Looper.java:135)
04-23 18:47:45.202 2325 2354 E BluetoothA2dp: at android.os.HandlerThread.run(HandlerThread.java:61)
04-23 18:47:45.202 2325 2354 E BluetoothA2dp: at com.android.server.ServiceThread.run(ServiceThread.java:46)
04-23 18:47:45.202 4024 4024 D BtGatt.DebugUtils: handleDebugAction() action=null
04-23 18:47:45.202 2693 3566 D BluetoothA2dp: onBluetoothStateChange: up=false
04-23 18:47:45.203 4024 4024 D BtGatt.GattService: Received stop request...Stopping profile...
04-23 18:47:45.203 4024 4024 D BtGatt.GattService: stop()
04-23 18:47:45.203 4024 4024 D BtGatt.AdvertiseManager: advertise clients cleared
04-23 18:47:45.203 2693 3566 E BluetoothA2dp:
04-23 18:47:45.203 2693 3566 E BluetoothA2dp: java.lang.IllegalArgumentException: Service not registered: android.bluetooth.BluetoothA2dp$2@3e83cb01
04-23 18:47:45.203 2693 3566 E BluetoothA2dp: at android.app.LoadedApk.forgetServiceDispatcher(LoadedApk.java:1029)
04-23 18:47:45.203 2693 3566 E BluetoothA2dp: at android.app.ContextImpl.unbindService(ContextImpl.java:1808)
04-23 18:47:45.203 2693 3566 E BluetoothA2dp: at android.content.ContextWrapper.unbindService(ContextWrapper.java:551)
04-23 18:47:45.203 2693 3566 E BluetoothA2dp: at android.bluetooth.BluetoothA2dp$1.onBluetoothStateChange(BluetoothA2dp.java:126)
04-23 18:47:45.203 2693 3566 E BluetoothA2dp: at android.bluetooth.IBluetoothStateChangeCallback$Stub.onTransact(IBluetoothStateChangeCallback.java:55)
04-23 18:47:45.203 2693 3566 E BluetoothA2dp: at android.os.Binder.execTransact(Binder.java:446)
04-23 18:47:45.203 2693 3533 D BluetoothA2dpSink: onBluetoothStateChange: up=false
04-23 18:47:45.204 2693 3533 E BluetoothA2dpSink:
04-23 18:47:45.204 2693 3533 E BluetoothA2dpSink: java.lang.IllegalArgumentException: Service not registered: android.bluetooth.BluetoothA2dpSink$2@8615eb1
04-23 18:47:45.204 2693 3533 E BluetoothA2dpSink: at android.app.LoadedApk.forgetServiceDispatcher(LoadedApk.java:1029)
04-23 18:47:45.204 2693 3533 E BluetoothA2dpSink: at android.app.ContextImpl.unbindService(ContextImpl.java:1808)
04-23 18:47:45.204 2693 3533 E BluetoothA2dpSink: at android.content.ContextWrapper.unbindService(ContextWrapper.java:551)
04-23 18:47:45.204 2693 3533 E BluetoothA2dpSink: at android.bluetooth.BluetoothA2dpSink$1.onBluetoothStateChange(BluetoothA2dpSink.java:139)
04-23 18:47:45.204 2693 3533 E BluetoothA2dpSink: at android.bluetooth.IBluetoothStateChangeCallback$Stub.onTransact(IBluetoothStateChangeCallback.java:55)
04-23 18:47:45.204 2693 3533 E BluetoothA2dpSink: at android.os.Binder.execTransact(Binder.java:446)
04-23 18:47:45.205 2693 2712 D BluetoothHeadsetClient: onBluetoothStateChange: up=false
04-23 18:47:45.205 2693 2712 E BluetoothHeadsetClient:
04-23 18:47:45.205 2693 2712 E BluetoothHeadsetClient: java.lang.IllegalArgumentException: Service not registered: android.bluetooth.BluetoothHeadsetClient$2@2a356f96
04-23 18:47:45.205 2693 2712 E BluetoothHeadsetClient: at android.app.LoadedApk.forgetServiceDispatcher(LoadedApk.java:1029)
04-23 18:47:45.205 2693 2712 E BluetoothHeadsetClient: at android.app.ContextImpl.unbindService(ContextImpl.java:1808)
04-23 18:47:45.205 2693 2712 E BluetoothHeadsetClient: at android.content.ContextWrapper.unbindService(ContextWrapper.java:551)
04-23 18:47:45.205 2693 2712 E BluetoothHeadsetClient: at android.bluetooth.BluetoothHeadsetClient$1.onBluetoothStateChange(BluetoothHeadsetClient.java:382)
04-23 18:47:45.205 2693 2712 E BluetoothHeadsetClient: at android.bluetooth.IBluetoothStateChangeCallback$Stub.onTransact(IBluetoothStateChangeCallback.java:55)
04-23 18:47:45.205 2693 2712 E BluetoothHeadsetClient: at android.os.Binder.execTransact(Binder.java:446)
04-23 18:47:45.206 2325 2354 D BluetoothHeadset: onBluetoothStateChange: up=false
04-23 18:47:45.206 2756 2774 D BluetoothHeadset: onBluetoothStateChange: up=false
04-23 18:47:45.206 4024 4024 D BluetoothMapService: Received stop request...Stopping profile...
04-23 18:47:45.206 4024 4024 D BluetoothMapService: stop()
04-23 18:47:45.207 3819 3893 D BluetoothInputDevice: onBluetoothStateChange: up=false
04-23 18:47:45.207 4024 4024 D BluetoothMapEmailAppObserver: deinitObservers()
04-23 18:47:45.207 4024 4024 D BluetoothMapEmailAppObserver: removeReceiver()
04-23 18:47:45.208 3819 3893 E BluetoothInputDevice:
04-23 18:47:45.208 3819 3893 E BluetoothInputDevice: java.lang.IllegalArgumentException: Service not registered: android.bluetooth.BluetoothInputDevice$2@1976932b
04-23 18:47:45.208 3819 3893 E BluetoothInputDevice: at android.app.LoadedApk.forgetServiceDispatcher(LoadedApk.java:1029)
04-23 18:47:45.208 3819 3893 E BluetoothInputDevice: at android.app.ContextImpl.unbindService(ContextImpl.java:1808)
04-23 18:47:45.208 3819 3893 E BluetoothInputDevice: at android.content.ContextWrapper.unbindService(ContextWrapper.java:551)
04-23 18:47:45.208 3819 3893 E BluetoothInputDevice: at android.bluetooth.BluetoothInputDevice$1.onBluetoothStateChange(BluetoothInputDevice.java:216)
04-23 18:47:45.208 3819 3893 E BluetoothInputDevice: at android.bluetooth.IBluetoothStateChangeCallback$Stub.onTransact(IBluetoothStateChangeCallback.java:55)
04-23 18:47:45.208 3819 3893 E BluetoothInputDevice: at android.os.Binder.execTransact(Binder.java:446)
04-23 18:47:45.209 2693 2713 D BluetoothMap: onBluetoothStateChange: up=false
04-23 18:47:45.209 2693 2713 E BluetoothMap:
04-23 18:47:45.209 2693 2713 E BluetoothMap: java.lang.IllegalArgumentException: Service not registered: android.bluetooth.BluetoothMap$2@38aaf3e7
04-23 18:47:45.209 2693 2713 E BluetoothMap: at android.app.LoadedApk.forgetServiceDispatcher(LoadedApk.java:1029)
04-23 18:47:45.209 2693 2713 E BluetoothMap: at android.app.ContextImpl.unbindService(ContextImpl.java:1808)
04-23 18:47:45.209 2693 2713 E BluetoothMap: at android.content.ContextWrapper.unbindService(ContextWrapper.java:551)
04-23 18:47:45.209 2693 2713 E BluetoothMap: at android.bluetooth.BluetoothMap$1.onBluetoothStateChange(BluetoothMap.java:64)
04-23 18:47:45.209 2693 2713 E BluetoothMap: at android.bluetooth.IBluetoothStateChangeCallback$Stub.onTransact(IBluetoothStateChangeCallback.java:55)
04-23 18:47:45.209 2693 2713 E BluetoothMap: at android.os.Binder.execTransact(Binder.java:446)
04-23 18:47:45.209 4024 4024 W BluetoothHidServiceJni: Cleaning up Bluetooth HID Interface...
04-23 18:47:45.209 4024 4024 W bt-btif : cleanup: HH disabling or disabled already, status = 0
04-23 18:47:45.209 4024 4024 W BluetoothHidServiceJni: Cleaning up Bluetooth GID callback object
04-23 18:47:45.210 4024 4024 W BluetoothHealthServiceJni: Cleaning up Bluetooth Health Interface...
04-23 18:47:45.210 4024 4024 W BluetoothHealthServiceJni: Cleaning up Bluetooth Health object
04-23 18:47:45.210 4024 4024 W BluetoothPanServiceJni: Cleaning up Bluetooth PAN Interface...
04-23 18:47:45.210 4024 4024 W BluetoothPanServiceJni: Cleaning up Bluetooth PAN callback object
04-23 18:47:45.210 2693 3177 D BluetoothHeadset: onBluetoothStateChange: up=false
04-23 18:47:45.212 4024 4024 D BtGatt.GattService: cleanup()
04-23 18:47:45.212 4024 4024 W bt-btif : GATTC Module not enabled/already disabled
04-23 18:47:45.212 4024 4024 W bt-btif : GATTS Module not enabled/already disabled
04-23 18:47:45.212 4024 4024 D BtGatt.AdvertiseManager: advertise clients cleared
04-23 18:47:45.213 3819 3838 D BluetoothPbap: onBluetoothStateChange: up=false
04-23 18:47:45.214 3819 3838 E BluetoothPbap:
04-23 18:47:45.214 3819 3838 E BluetoothPbap: java.lang.IllegalArgumentException: Service not registered: android.bluetooth.BluetoothPbap$2@17ecc946
04-23 18:47:45.214 3819 3838 E BluetoothPbap: at android.app.LoadedApk.forgetServiceDispatcher(LoadedApk.java:1029)
04-23 18:47:45.214 3819 3838 E BluetoothPbap: at android.app.ContextImpl.unbindService(ContextImpl.java:1808)
04-23 18:47:45.214 3819 3838 E BluetoothPbap: at android.content.ContextWrapper.unbindService(ContextWrapper.java:551)
04-23 18:47:45.214 3819 3838 E BluetoothPbap: at android.bluetooth.BluetoothPbap$1.onBluetoothStateChange(BluetoothPbap.java:121)
04-23 18:47:45.214 3819 3838 E BluetoothPbap: at android.bluetooth.IBluetoothStateChangeCallback$Stub.onTransact(IBluetoothStateChangeCallback.java:55)
04-23 18:47:45.214 3819 3838 E BluetoothPbap: at android.os.Binder.execTransact(Binder.java:446)
04-23 18:47:45.214 4024 4024 D BluetoothMapService: MAP Service closeService in
04-23 18:47:45.214 4024 4024 D BluetoothMapMasInstance: MAP Service shutdown
04-23 18:47:45.215 4024 4024 D BluetoothMapService: cleanup()
04-23 18:47:45.215 4024 4024 D BluetoothMapService: MAP Service closeService in
04-23 18:47:45.215 2693 3566 D BluetoothAvrcpController: onBluetoothStateChange: up=false
04-23 18:47:45.216 2693 3566 E BluetoothAvrcpController:
04-23 18:47:45.216 2693 3566 E BluetoothAvrcpController: java.lang.IllegalArgumentException: Service not registered: android.bluetooth.BluetoothAvrcpController$2@24c46717
04-23 18:47:45.216 2693 3566 E BluetoothAvrcpController: at android.app.LoadedApk.forgetServiceDispatcher(LoadedApk.java:1029)
04-23 18:47:45.216 2693 3566 E BluetoothAvrcpController: at android.app.ContextImpl.unbindService(ContextImpl.java:1808)
04-23 18:47:45.216 2693 3566 E BluetoothAvrcpController: at android.content.ContextWrapper.unbindService(ContextWrapper.java:551)
04-23 18:47:45.216 2693 3566 E BluetoothAvrcpController: at android.bluetooth.BluetoothAvrcpController$1.onBluetoothStateChange(BluetoothAvrcpController.java:80)
04-23 18:47:45.216 2693 3566 E BluetoothAvrcpController: at android.bluetooth.IBluetoothStateChangeCallback$Stub.onTransact(IBluetoothStateChangeCallback.java:55)
04-23 18:47:45.216 2693 3566 E BluetoothAvrcpController: at android.os.Binder.execTransact(Binder.java:446)
04-23 18:47:45.217 2693 3533 E BluetoothPan:
04-23 18:47:45.217 2693 3533 E BluetoothPan: java.lang.IllegalArgumentException: Service not registered: android.bluetooth.BluetoothPan$2@2c46b94
04-23 18:47:45.217 2693 3533 E BluetoothPan: at android.app.LoadedApk.forgetServiceDispatcher(LoadedApk.java:1029)
04-23 18:47:45.217 2693 3533 E BluetoothPan: at android.app.ContextImpl.unbindService(ContextImpl.java:1808)
04-23 18:47:45.217 2693 3533 E BluetoothPan: at android.content.ContextWrapper.unbindService(ContextWrapper.java:551)
04-23 18:47:45.217 2693 3533 E BluetoothPan: at android.bluetooth.BluetoothPan$1.onBluetoothStateChange(BluetoothPan.java:199)
04-23 18:47:45.217 2693 3533 E BluetoothPan: at android.bluetooth.IBluetoothStateChangeCallback$Stub.onTransact(IBluetoothStateChangeCallback.java:55)
04-23 18:47:45.217 2693 3533 E BluetoothPan: at android.os.Binder.execTransact(Binder.java:446)
04-23 18:47:45.218 2693 2712 D BluetoothInputDevice: onBluetoothStateChange: up=false
04-23 18:47:45.219 2693 2712 E BluetoothInputDevice:
04-23 18:47:45.219 2693 2712 E BluetoothInputDevice: java.lang.IllegalArgumentException: Service not registered: android.bluetooth.BluetoothInputDevice$2@9bdeda6
04-23 18:47:45.219 2693 2712 E BluetoothInputDevice: at android.app.LoadedApk.forgetServiceDispatcher(LoadedApk.java:1029)
04-23 18:47:45.219 2693 2712 E BluetoothInputDevice: at android.app.ContextImpl.unbindService(ContextImpl.java:1808)
04-23 18:47:45.219 2693 2712 E BluetoothInputDevice: at android.content.ContextWrapper.unbindService(ContextWrapper.java:551)
04-23 18:47:45.219 2693 2712 E BluetoothInputDevice: at android.bluetooth.BluetoothInputDevice$1.onBluetoothStateChange(BluetoothInputDevice.java:216)
04-23 18:47:45.219 2693 2712 E BluetoothInputDevice: at android.bluetooth.IBluetoothStateChangeCallback$Stub.onTransact(IBluetoothStateChangeCallback.java:55)
04-23 18:47:45.219 2693 2712 E BluetoothInputDevice: at android.os.Binder.execTransact(Binder.java:446)
04-23 18:47:45.219 2325 2354 D BluetoothHeadset: onBluetoothStateChange: up=false
04-23 18:47:45.219 2325 2354 D BluetoothManagerService: Bluetooth State Change Intent: 11 -> 10
04-23 18:47:45.219 2325 2354 E BluetoothManagerService: recoverBluetoothServiceFromError
04-23 18:47:45.225 3819 3819 W ContextImpl: Calling a method in the system process without a qualified user: android.app.ContextImpl.startService:1692 android.content.ContextWrapper.startService:516 android.content.ContextWrapper.startService:516 com.android.settings.bluetooth.DockEventReceiver.beginStartingService:134 com.android.settings.bluetooth.DockEventReceiver.onReceive:115
04-23 18:47:45.231 3819 3819 D DockEventReceiver: finishStartingService: stopping service
04-23 18:47:45.722 2325 2354 D BluetoothManagerService: Sending off request.
04-23 18:47:45.724 4024 4042 D BluetoothAdapterState: CURRENT_STATE=OFF, MESSAGE = USER_TURN_OFF
04-23 18:47:45.725 2325 2354 D BluetoothManagerService: Calling onBluetoothServiceDown callbacks
04-23 18:47:45.725 2325 2354 D BluetoothManagerService: Broadcasting onBluetoothServiceDown() to 5 receivers.
04-23 18:47:45.731 4024 4024 I BluetoothServiceJni: cleanupNative: return from cleanup
04-23 18:47:45.734 4024 4024 I art : System.exit called, status: 0
04-23 18:47:45.734 4024 4024 I AndroidRuntime: VM exiting with result code 0, cleanup skipped.
04-23 18:47:45.756 2325 2994 I ActivityManager: Process com.android.bluetooth (pid 4024) has died
04-23 18:49:53.673 4125 4125 I log : logcat.txt -d
04-23 18:58:27.271 2024 2024 E ServiceManager: add_service('batteryproperties',60) uid=0 - ALREADY REGISTERED, OVERRIDE
04-23 18:58:27.271 2024 2024 I ServiceManager: service 'batteryproperties' died
04-23 18:58:28.923 2024 2024 I ServiceManager: service 'batteryproperties' died
04-23 19:01:08.690 2325 2349 I UsageStatsService: User[0] Flushing usage stats to disk
04-23 19:07:17.303 2325 2424 I EventHub: Removing device HID 1017:1006 due to epoll hang-up event.
04-23 19:07:17.303 2325 2424 I EventHub: Removed device: path=/dev/input/event1 name=HID 1017:1006 id=9 fd=90 classes=0x80000003
04-23 19:07:17.308 2325 2424 I InputReader: Device removed: id=9, name='HID 1017:1006', sources=0x00000101
04-23 19:07:17.309 2325 2424 I EventHub: Removing device '/dev/input/event1' due to inotify event
04-23 19:07:17.310 2325 2423 I ActivityManager: Config changes=30 {1.0 ?mcc?mnc en_US ?layoutDir sw800dp w1280dp h727dp 160dpi xlrg land finger -keyb/v/h dpad/v s.6}
04-23 19:07:17.327 2325 2424 I EventHub: Removing device '/dev/input/mouse0' due to inotify event
04-23 19:07:17.329 2325 2424 I EventHub: Removing device HID 1017:1006 due to epoll hang-up event.
04-23 19:07:17.329 2325 2424 I EventHub: Removed device: path=/dev/input/event2 name=HID 1017:1006 id=8 fd=89 classes=0x80000129
04-23 19:07:17.336 2325 2424 I InputReader: Device removed: id=8, name='HID 1017:1006', sources=0x01002313
04-23 19:07:17.337 2325 2424 I EventHub: Removing device '/dev/input/event2' due to inotify event
04-23 19:07:17.341 2026 2026 W SurfaceFlinger: captureScreen: error creating EGL fence: 0x3000
04-23 19:07:17.385 2737 2737 I InputAttributes: InputType.TYPE_NULL is specified
04-23 19:07:17.423 2909 2909 W Launcher: setApplicationContext called twice! old=com.android.launcher3.LauncherApplication@1976932b new=com.android.launcher3.LauncherApplication@1976932b
04-23 19:07:17.568 2325 2635 I ActivityManager: Config changes=60 {1.0 ?mcc?mnc en_US ?layoutDir sw800dp w1280dp h727dp 160dpi xlrg land finger -keyb/v/h -nav/h s.7}
04-23 19:07:17.658 2325 4574 V WindowManager: Adding window Window{1277ef5e u0 com.cyanogenmod.trebuchet/com.android.launcher3.Launcher} at 2 of 7 (after Window{e00ae76 u0 com.android.systemui/com.android.systemui.recents.RecentsActivity})
04-23 19:07:17.711 2909 2909 W Launcher: setApplicationContext called twice! old=com.android.launcher3.LauncherApplication@1976932b new=com.android.launcher3.LauncherApplication@1976932b
04-23 19:07:17.878 2325 2346 V WindowManager: Adding window Window{3d3614a4 u0 com.cyanogenmod.trebuchet/com.android.launcher3.Launcher} at 2 of 7 (after Window{e00ae76 u0 com.android.systemui/com.android.systemui.recents.RecentsActivity})
04-23 19:07:17.962 2325 2355 I WindowManager: Screen frozen for +647ms due to Window{3d3614a4 u0 com.cyanogenmod.trebuchet/com.android.launcher3.Launcher}
04-23 19:07:20.094 2325 2355 I art : Explicit concurrent mark sweep GC freed 36763(2MB) AllocSpace objects, 7(785KB) LOS objects, 33% free, 8MB/13MB, paused 2.283ms total 119.748ms
04-23 19:07:27.963 2325 2424 D EventHub: No input device configuration file found for device 'HID 1017:1006'.
04-23 19:07:27.972 2325 2424 I EventHub: New device: id=10, fd=157, path='/dev/input/event1', name='HID 1017:1006', classes=0x80000003, configuration='', keyLayout='/system/usr/keylayout/Generic.kl', keyCharacterMap='/system/usr/keychars/Generic.kcm', builtinKeyboard=false, wakeMechanism=EPOLLWAKEUP, usingClockIoctl=true
04-23 19:07:27.973 2325 2424 I InputReader: Device added: id=10, name='HID 1017:1006', sources=0x00000101
04-23 19:07:27.975 2325 2423 I ActivityManager: Config changes=30 {1.0 ?mcc?mnc en_US ?layoutDir sw800dp w1280dp h727dp 160dpi xlrg land finger qwerty/v/v -nav/h s.8}
04-23 19:07:28.005 2026 2026 W SurfaceFlinger: captureScreen: error creating EGL fence: 0x3000
04-23 19:07:28.034 2325 2325 I ValidateNoPeople: skipping global notification
04-23 19:07:28.040 2737 2737 I InputAttributes: InputType.TYPE_NULL is specified
04-23 19:07:28.041 2325 2424 E EventHub: could not get driver version for /dev/input/mouse0, Not a typewriter
04-23 19:07:28.042 2325 2636 D UsbHostManager: Added device UsbDevice[mName=/dev/bus/usb/001/005,mVendorId=4119,mProductId=4102,mClass=0,mSubclass=0,mProtocol=0,mManufacturerName=null,mProductName=null,mSerialNumber=null,mConfigurations=[
04-23 19:07:28.042 2325 2636 D UsbHostManager: UsbConfiguration[mId=1,mName=null,mAttributes=160,mMaxPower=50,mInterfaces=[
04-23 19:07:28.042 2325 2636 D UsbHostManager: UsbInterface[mId=0,mAlternateSetting=0,mName=null,mClass=3,mSubclass=1,mProtocol=1,mEndpoints=[
04-23 19:07:28.042 2325 2636 D UsbHostManager: UsbEndpoint[mAddress=129,mAttributes=3,mMaxPacketSize=8,mInterval=10]]
04-23 19:07:28.042 2325 2636 D UsbHostManager: UsbInterface[mId=1,mAlternateSetting=0,mName=null,mClass=3,mSubclass=0,mProtocol=0,mEndpoints=[
04-23 19:07:28.042 2325 2636 D UsbHostManager: UsbEndpoint[mAddress=130,mAttributes=3,mMaxPacketSize=5,mInterval=10]]]]
04-23 19:07:28.047 2325 2636 W ContextImpl: Calling a method in the system process without a qualified user: android.app.ContextImpl.sendBroadcast:1327 com.android.server.usb.UsbSettingsManager.deviceAttached:741 com.android.server.usb.UsbHostManager.endUsbDeviceAdded:224 com.android.server.usb.UsbHostManager.monitorUsbHostBus:-2 com.android.server.usb.UsbHostManager.access$000:42
04-23 19:07:28.101 2325 2424 D EventHub: No input device configuration file found for device 'HID 1017:1006'.
04-23 19:07:28.112 2325 2424 W EventHub: Unable to disable kernel key repeat for /dev/input/event2: Function not implemented
04-23 19:07:28.112 2325 2424 I EventHub: New device: id=11, fd=177, path='/dev/input/event2', name='HID 1017:1006', classes=0x80000129, configuration='', keyLayout='/system/usr/keylayout/Generic.kl', keyCharacterMap='/system/usr/keychars/Generic.kcm', builtinKeyboard=false, wakeMechanism=EPOLLWAKEUP, usingClockIoctl=true
04-23 19:07:28.114 2909 2909 W Launcher: setApplicationContext called twice! old=com.android.launcher3.LauncherApplication@1976932b new=com.android.launcher3.LauncherApplication@1976932b
04-23 19:07:28.122 2325 2424 I InputReader: Device added: id=11, name='HID 1017:1006', sources=0x01002313
04-23 19:07:28.236 2325 4574 I ActivityManager: Config changes=60 {1.0 ?mcc?mnc en_US ?layoutDir sw800dp w1280dp h727dp 160dpi xlrg land finger qwerty/v/v dpad/v s.9}
04-23 19:07:28.289 2325 4623 V WindowManager: Adding window Window{1d1eca u0 com.cyanogenmod.trebuchet/com.android.launcher3.Launcher} at 2 of 7 (after Window{e00ae76 u0 com.android.systemui/com.android.systemui.recents.RecentsActivity})
04-23 19:07:28.340 2909 2909 W Launcher: setApplicationContext called twice! old=com.android.launcher3.LauncherApplication@1976932b new=com.android.launcher3.LauncherApplication@1976932b
04-23 19:07:28.476 2325 2345 V WindowManager: Adding window Window{15d61d70 u0 com.cyanogenmod.trebuchet/com.android.launcher3.Launcher} at 2 of 7 (after Window{e00ae76 u0 com.android.systemui/com.android.systemui.recents.RecentsActivity})
04-23 19:07:28.574 2325 2355 I WindowManager: Screen frozen for +595ms due to Window{29049ae7 u0 com.android.systemui.ImageWallpaper}
04-23 19:07:30.692 2325 2355 I art : Explicit concurrent mark sweep GC freed 5083(255KB) AllocSpace objects, 0(0B) LOS objects, 33% free, 8MB/13MB, paused 1.773ms total 107.354ms
04-23 19:07:34.899 2026 2026 D SurfaceFlinger: Set power mode=2, type=0 flinger=0x7f8c1c862000
04-23 19:07:34.899 2026 2269 D GRALLOC-DRM: set master
04-23 19:07:34.971 2325 2424 I InputReader: Dropping key up from device HID 1017:1006 because the key was not down. keyCode=113, scanCode=29
04-23 19:07:34.987 2325 2424 I InputReader: Dropping key up from device HID 1017:1006 because the key was not down. keyCode=57, scanCode=56
04-23 19:07:38.880 2693 2693 D PhoneStatusBar: disable: < expand ICONS* alerts SYSTEM_INFO* back home recent clock search
> 04-23 19:07:39.283 2693 3042 D BluetoothAdapter: 59353320: getState() : mService = null. Returning STATE_OFF
04-23 19:07:39.283 2693 3042 D BluetoothAdapter: 59353320: getState() : mService = null. Returning STATE_OFF
04-23 19:07:39.294 2693 3042 D BluetoothAdapter: 59353320: getState() : mService = null. Returning STATE_OFF
04-23 19:07:39.294 2693 3042 D BluetoothAdapter: 59353320: getState() : mService = null. Returning STATE_OFF
04-23 19:07:41.086 2693 2693 D StatusBar: Clicked on content of -1|android|17040651|null|1000
04-23 19:07:41.089 2325 2515 W AudioTrack: AUDIO_OUTPUT_FLAG_FAST denied by client
04-23 19:07:41.098 2325 4573 I ActivityManager: START u0 {act=android.settings.INPUT_METHOD_SETTINGS flg=0x14200000 cmp=com.android.settings/.Settings$InputMethodAndLanguageSettingsActivity (has extras)} from uid 1000 on display 0
04-23 19:07:41.109 2325 4573 V WindowManager: addAppToken: AppWindowToken{30db2a1e token=Token{646ce59 ActivityRecord{1223c2a0 u0 com.android.settings/.Settings$InputMethodAndLanguageSettingsActivity t8}}} to stack=1 task=8 at 0
04-23 19:07:41.110 2034 2307 E audio_hw_primary: no pcm card found!
04-23 19:07:41.121 2034 2307 E audio_hw_primary: no pcm card found!
04-23 19:07:41.130 2325 2355 V WindowManager: Adding window Window{253f92f7 u0 Starting com.android.settings} at 3 of 8 (after Window{15d61d70 u0 com.cyanogenmod.trebuchet/com.android.launcher3.Launcher})
04-23 19:07:41.132 2034 2307 E audio_hw_primary: no pcm card found!
04-23 19:07:41.135 2325 3791 W InputMethodManagerService: Focus gain on non-focused client com.android.internal.view.IInputMethodClient$Stub$Proxy@1ce30564 (uid=10014 pid=2909)
04-23 19:07:41.143 2034 2307 E audio_hw_primary: no pcm card found!
04-23 19:07:41.154 2034 2307 E audio_hw_primary: no pcm card found!
04-23 19:07:41.165 2034 2307 E audio_hw_primary: no pcm card found!
04-23 19:07:41.176 2034 2307 E audio_hw_primary: no pcm card found!
04-23 19:07:41.187 2034 2307 E audio_hw_primary: no pcm card found!
04-23 19:07:41.198 2034 2307 E audio_hw_primary: no pcm card found!
04-23 19:07:41.209 2034 2307 E audio_hw_primary: no pcm card found!
04-23 19:07:41.219 2034 2307 E audio_hw_primary: no pcm card found!
04-23 19:07:41.230 2034 2307 E audio_hw_primary: no pcm card found!
04-23 19:07:41.241 2034 2307 E audio_hw_primary: no pcm card found!
04-23 19:07:41.252 2034 2307 E audio_hw_primary: no pcm card found!
04-23 19:07:41.263 2034 2307 E audio_hw_primary: no pcm card found!
04-23 19:07:41.274 2034 2307 E audio_hw_primary: no pcm card found!
04-23 19:07:41.285 2034 2307 E audio_hw_primary: no pcm card found!
04-23 19:07:41.296 2034 2307 E audio_hw_primary: no pcm card found!
04-23 19:07:41.307 2034 2307 E audio_hw_primary: no pcm card found!
04-23 19:07:41.318 2034 2307 E audio_hw_primary: no pcm card found!
04-23 19:07:41.328 2034 2307 E audio_hw_primary: no pcm card found!
04-23 19:07:41.339 2034 2307 E audio_hw_primary: no pcm card found!
04-23 19:07:41.345 3819 4670 D OpenGLRenderer: Use EGL_SWAP_BEHAVIOR_PRESERVED: true
04-23 19:07:41.349 2325 2346 V WindowManager: Adding window Window{b679cfc u0 com.android.settings/com.android.settings.Settings$InputMethodAndLanguageSettingsActivity} at 3 of 9 (before Window{253f92f7 u0 Starting com.android.settings})
04-23 19:07:41.350 2034 2307 E audio_hw_primary: no pcm card found!
04-23 19:07:41.361 2034 2307 E audio_hw_primary: no pcm card found!
04-23 19:07:41.372 2034 2307 E audio_hw_primary: no pcm card found!
04-23 19:07:41.383 2034 2307 E audio_hw_primary: no pcm card found!
04-23 19:07:41.384 2325 2345 V WindowManager: Adding window Window{27e86a3d u0 com.android.settings/com.android.settings.Settings$InputMethodAndLanguageSettingsActivity} at 3 of 10 (before Window{b679cfc u0 com.android.settings/com.android.settings.Settings$InputMethodAndLanguageSettingsActivity})
04-23 19:07:41.394 2034 2307 E audio_hw_primary: no pcm card found!
04-23 19:07:41.405 2034 2307 E audio_hw_primary: no pcm card found!
04-23 19:07:41.416 2034 2307 E audio_hw_primary: no pcm card found!
04-23 19:07:41.427 2034 2307 E audio_hw_primary: no pcm card found!
04-23 19:07:41.430 3819 4670 I GRALLOC-DRM: create intel for driver i915
04-23 19:07:41.438 2034 2307 E audio_hw_primary: no pcm card found!
04-23 19:07:41.449 2034 2307 E audio_hw_primary: no pcm card found!
04-23 19:07:41.460 2034 2307 E audio_hw_primary: no pcm card found!
04-23 19:07:41.471 2034 2307 E audio_hw_primary: no pcm card found!
04-23 19:07:41.482 2034 2307 E audio_hw_primary: no pcm card found!
04-23 19:07:41.493 2034 2307 E audio_hw_primary: no pcm card found!
04-23 19:07:41.504 2034 2307 E audio_hw_primary: no pcm card found!
04-23 19:07:41.515 2034 2307 E audio_hw_primary: no pcm card found!
04-23 19:07:41.526 2034 2307 E audio_hw_primary: no pcm card found!
04-23 19:07:41.534 3819 4670 I OpenGLRenderer: Initialized EGL, version 1.4
04-23 19:07:41.534 3819 4670 W OpenGLRenderer: Failed to choose config with EGL_SWAP_BEHAVIOR_PRESERVED, retrying without...
04-23 19:07:41.537 2034 2307 E audio_hw_primary: no pcm card found!
04-23 19:07:41.538 3819 4670 D OpenGLRenderer: Enabling debug mode 0
04-23 19:07:41.548 2034 2307 E audio_hw_primary: no pcm card found!
04-23 19:07:41.559 2034 2307 E audio_hw_primary: no pcm card found!
04-23 19:07:41.570 2034 2307 E audio_hw_primary: no pcm card found!
04-23 19:07:41.581 2034 2307 E audio_hw_primary: no pcm card found!
04-23 19:07:41.592 2034 2307 E audio_hw_primary: no pcm card found!
04-23 19:07:41.603 2034 2307 E audio_hw_primary: no pcm card found!
04-23 19:07:41.614 2034 2307 E audio_hw_primary: no pcm card found!
04-23 19:07:41.625 2034 2307 E audio_hw_primary: no pcm card found!
04-23 19:07:41.636 2034 2307 E audio_hw_primary: no pcm card found!
04-23 19:07:41.637 2693 2693 D PhoneStatusBar: disable: < expand icons* alerts system_info* back home recent clock search
> 04-23 19:07:41.647 2034 2307 E audio_hw_primary: no pcm card found!
04-23 19:07:41.659 2034 2307 E audio_hw_primary: no pcm card found!
04-23 19:07:41.670 2034 2307 E audio_hw_primary: no pcm card found!
04-23 19:07:41.681 2034 2307 E audio_hw_primary: no pcm card found!
04-23 19:07:41.692 2034 2307 E audio_hw_primary: no pcm card found!
04-23 19:07:41.702 2034 2307 E audio_hw_primary: no pcm card found!
04-23 19:07:41.713 2034 2307 E audio_hw_primary: no pcm card found!
04-23 19:07:41.724 2034 2307 E audio_hw_primary: no pcm card found!
04-23 19:07:41.735 2034 2307 E audio_hw_primary: no pcm card found!
04-23 19:07:41.746 2034 2307 E audio_hw_primary: no pcm card found!
04-23 19:07:41.757 2034 2307 E audio_hw_primary: no pcm card found!
04-23 19:07:41.768 2034 2307 E audio_hw_primary: no pcm card found!
04-23 19:07:41.778 2034 2307 E audio_hw_primary: no pcm card found!
04-23 19:07:41.789 2034 2307 E audio_hw_primary: no pcm card found!
04-23 19:07:41.800 2034 2307 E audio_hw_primary: no pcm card found!
04-23 19:07:41.811 2034 2307 E audio_hw_primary: no pcm card found!
04-23 19:07:41.822 2034 2307 E audio_hw_primary: no pcm card found!
04-23 19:07:41.833 2034 2307 E audio_hw_primary: no pcm card found!
04-23 19:07:41.844 2034 2307 E audio_hw_primary: no pcm card found!
04-23 19:07:41.854 2034 2307 E audio_hw_primary: no pcm card found!
04-23 19:07:41.865 2034 2307 E audio_hw_primary: no pcm card found!
04-23 19:07:41.876 2034 2307 E audio_hw_primary: no pcm card found!
04-23 19:07:41.887 2034 2307 E audio_hw_primary: no pcm card found!
04-23 19:07:41.893 2325 2355 I ActivityManager: Displayed com.android.settings/.Settings$InputMethodAndLanguageSettingsActivity: +777ms
04-23 19:07:41.898 2034 2307 E audio_hw_primary: no pcm card found!
04-23 19:07:41.909 2034 2307 E audio_hw_primary: no pcm card found!
04-23 19:07:41.920 2034 2307 E audio_hw_primary: no pcm card found!
04-23 19:07:41.931 2034 2307 E audio_hw_primary: no pcm card found!
04-23 19:07:41.942 2034 2307 E audio_hw_primary: no pcm card found!
04-23 19:07:41.953 2034 2307 E audio_hw_primary: no pcm card found!
04-23 19:07:41.965 2034 2307 E audio_hw_primary: no pcm card found!
04-23 19:07:41.976 2034 2307 E audio_hw_primary: no pcm card found!
04-23 19:07:41.987 2034 2307 E audio_hw_primary: no pcm card found!
04-23 19:07:41.998 2034 2307 E audio_hw_primary: no pcm card found!
04-23 19:07:42.009 2034 2307 E audio_hw_primary: no pcm card found!
04-23 19:07:42.020 2034 2307 E audio_hw_primary: no pcm card found!
04-23 19:07:42.031 2034 2307 E audio_hw_primary: no pcm card found!
04-23 19:07:42.043 2034 2307 E audio_hw_primary: no pcm card found!
04-23 19:07:42.054 2034 2307 E audio_hw_primary: no pcm card found!
04-23 19:07:42.065 2034 2307 E audio_hw_primary: no pcm card found!
04-23 19:07:42.076 2034 2307 E audio_hw_primary: no pcm card found!
04-23 19:07:42.087 2034 2307 E audio_hw_primary: no pcm card found!
04-23 19:07:42.098 2034 2307 E audio_hw_primary: no pcm card found!
04-23 19:07:42.109 2034 2307 E audio_hw_primary: no pcm card found!
04-23 19:07:42.120 2034 2307 E audio_hw_primary: no pcm card found!
04-23 19:07:42.131 2034 2307 E audio_hw_primary: no pcm card found!
04-23 19:07:42.142 2034 2307 E audio_hw_primary: no pcm card found!
04-23 19:07:42.153 2034 2307 E audio_hw_primary: no pcm card found!
04-23 19:07:42.165 2034 2307 E audio_hw_primary: no pcm card found!
04-23 19:07:42.176 2034 2307 E audio_hw_primary: no pcm card found!
04-23 19:07:42.187 2034 2307 E audio_hw_primary: no pcm card found!
04-23 19:07:42.199 2034 2307 E audio_hw_primary: no pcm card found!
04-23 19:07:42.210 2034 2307 E audio_hw_primary: no pcm card found!
04-23 19:07:42.221 2034 2307 E audio_hw_primary: no pcm card found!
04-23 19:07:42.233 2034 2307 E audio_hw_primary: no pcm card found!
04-23 19:07:42.244 2034 2307 E audio_hw_primary: no pcm card found!
04-23 19:07:42.256 2034 2307 E audio_hw_primary: no pcm card found!
04-23 19:07:42.267 2034 2307 E audio_hw_primary: no pcm card found!
04-23 19:07:42.278 2034 2307 E audio_hw_primary: no pcm card found!
04-23 19:07:42.290 2034 2307 E audio_hw_primary: no pcm card found!
04-23 19:07:42.301 2034 2307 E audio_hw_primary: no pcm card found!
