04-23 18:47:04.666 2325 2354 D BluetoothManagerService: Sending off request.
04-23 18:47:04.667 3748 3766 D BluetoothAdapterState: CURRENT_STATE=OFF, MESSAGE = USER_TURN_OFF
04-23 18:47:04.670 2325 2354 D BluetoothManagerService: Calling onBluetoothServiceDown callbacks
04-23 18:47:04.670 2325 2354 D BluetoothManagerService: Broadcasting onBluetoothServiceDown() to 4 receivers.
04-23 18:47:04.673 2325 2354 D BluetoothManagerService: Message: 20
04-23 18:47:04.673 2325 2354 D BluetoothManagerService: Added callback: android.bluetooth.IBluetoothManagerCallback$Stub$Proxy@2b8b89be:true
04-23 18:47:04.673 2325 2354 D BluetoothManagerService: Message: 30
04-23 18:47:04.674 2325 2354 D BluetoothManagerService: Message: 30
04-23 18:47:04.674 2325 2354 D BluetoothManagerService: Message: 30
04-23 18:47:04.674 2325 2354 D BluetoothManagerService: Message: 30
04-23 18:47:04.675 2034 2307 E audio_hw_primary: no pcm card found!
04-23 18:47:04.675 3748 3748 I BluetoothServiceJni: cleanupNative: return from cleanup
04-23 18:47:04.677 3748 3748 I art : System.exit called, status: 0
04-23 18:47:04.677 3748 3748 I AndroidRuntime: VM exiting with result code 0, cleanup skipped.
04-23 18:47:04.686 2034 2307 E audio_hw_primary: no pcm card found!
04-23 18:47:04.697 2034 2307 E audio_hw_primary: no pcm card found!
04-23 18:47:04.700 2325 2345 I ActivityManager: Process com.android.bluetooth (pid 3748) has died
04-23 18:47:04.708 2034 2307 E audio_hw_primary: no pcm card found!
04-23 18:47:04.719 2034 2307 E audio_hw_primary: no pcm card found!
04-23 18:47:04.731 2034 2307 E audio_hw_primary: no pcm card found!
04-23 18:47:04.742 2034 2307 E audio_hw_primary: no pcm card found!
04-23 18:47:04.753 2034 2307 E audio_hw_primary: no pcm card found!
04-23 18:47:04.765 2034 2307 E audio_hw_primary: no pcm card found!
04-23 18:47:04.776 2034 2307 E audio_hw_primary: no pcm card found!
04-23 18:47:04.788 2034 2307 E audio_hw_primary: no pcm card found!
04-23 18:47:04.799 2034 2307 E audio_hw_primary: no pcm card found!
04-23 18:47:04.810 2034 2307 E audio_hw_primary: no pcm card found!
04-23 18:47:04.822 2034 2307 E audio_hw_primary: no pcm card found!
04-23 18:47:04.833 2034 2307 E audio_hw_primary: no pcm card found!
04-23 18:47:04.844 2034 2307 E audio_hw_primary: no pcm card found!
04-23 18:47:04.856 2034 2307 E audio_hw_primary: no pcm card found!
04-23 18:47:04.867 2034 2307 E audio_hw_primary: no pcm card found!
04-23 18:47:04.878 2034 2307 E audio_hw_primary: no pcm card found!
04-23 18:47:04.890 2034 2307 E audio_hw_primary: no pcm card found!
04-23 18:47:04.901 2034 2307 E audio_hw_primary: no pcm card found!
04-23 18:47:04.912 2034 2307 E audio_hw_primary: no pcm card found!
04-23 18:47:04.924 2034 2307 E audio_hw_primary: no pcm card found!
04-23 18:47:04.935 2034 2307 E audio_hw_primary: no pcm card found!
04-23 18:47:04.946 2034 2307 E audio_hw_primary: no pcm card found!
04-23 18:47:04.958 2034 2307 E audio_hw_primary: no pcm card found!
04-23 18:47:04.969 2034 2307 E audio_hw_primary: no pcm card found!
04-23 18:47:04.980 2034 2307 E audio_hw_primary: no pcm card found!
04-23 18:47:04.992 2034 2307 E audio_hw_primary: no pcm card found!
04-23 18:47:05.003 2034 2307 E audio_hw_primary: no pcm card found!
04-23 18:47:05.014 2034 2307 E audio_hw_primary: no pcm card found!
04-23 18:47:05.025 2034 2307 E audio_hw_primary: no pcm card found!
04-23 18:47:05.037 2034 2307 E audio_hw_primary: no pcm card found!
04-23 18:47:05.048 2034 2307 E audio_hw_primary: no pcm card found!
04-23 18:47:05.060 2034 2307 E audio_hw_primary: no pcm card found!
04-23 18:47:05.071 2034 2307 E audio_hw_primary: no pcm card found!
04-23 18:47:05.082 2034 2307 E audio_hw_primary: no pcm card found!
04-23 18:47:05.094 2034 2307 E audio_hw_primary: no pcm card found!
04-23 18:47:05.105 2034 2307 E audio_hw_primary: no pcm card found!
04-23 18:47:05.116 2034 2307 E audio_hw_primary: no pcm card found!
04-23 18:47:05.128 2034 2307 E audio_hw_primary: no pcm card found!
04-23 18:47:05.139 2034 2307 E audio_hw_primary: no pcm card found!
04-23 18:47:05.150 2034 2307 E audio_hw_primary: no pcm card found!
04-23 18:47:05.162 2034 2307 E audio_hw_primary: no pcm card found!
04-23 18:47:05.173 2034 2307 E audio_hw_primary: no pcm card found!
04-23 18:47:05.185 2034 2307 E audio_hw_primary: no pcm card found!
04-23 18:47:05.196 2034 2307 E audio_hw_primary: no pcm card found!
04-23 18:47:05.207 2034 2307 E audio_hw_primary: no pcm card found!
04-23 18:47:05.219 2034 2307 E audio_hw_primary: no pcm card found!
04-23 18:47:05.230 2034 2307 E audio_hw_primary: no pcm card found!
04-23 18:47:05.241 2034 2307 E audio_hw_primary: no pcm card found!
04-23 18:47:05.253 2034 2307 E audio_hw_primary: no pcm card found!
04-23 18:47:05.264 2034 2307 E audio_hw_primary: no pcm card found!
04-23 18:47:05.275 2034 2307 E audio_hw_primary: no pcm card found!
04-23 18:47:05.287 2034 2307 E audio_hw_primary: no pcm card found!
04-23 18:47:05.291 2693 3102 W OpenGLRenderer: Failed to wait for the fence 0x300c
04-23 18:47:05.298 2034 2307 E audio_hw_primary: no pcm card found!
04-23 18:47:05.310 2034 2307 E audio_hw_primary: no pcm card found!
04-23 18:47:05.321 2034 2307 E audio_hw_primary: no pcm card found!
04-23 18:47:05.332 2034 2307 E audio_hw_primary: no pcm card found!
04-23 18:47:05.343 2034 2307 E audio_hw_primary: no pcm card found!
04-23 18:47:05.354 2034 2307 E audio_hw_primary: no pcm card found!
04-23 18:47:05.366 2034 2307 E audio_hw_primary: no pcm card found!
04-23 18:47:05.377 2034 2307 E audio_hw_primary: no pcm card found!
04-23 18:47:05.388 2034 2307 E audio_hw_primary: no pcm card found!
04-23 18:47:05.399 2034 2307 E audio_hw_primary: no pcm card found!
04-23 18:47:05.410 2034 2307 E audio_hw_primary: no pcm card found!
04-23 18:47:05.421 2034 2307 E audio_hw_primary: no pcm card found!
04-23 18:47:05.433 2034 2307 E audio_hw_primary: no pcm card found!
04-23 18:47:05.444 2034 2307 E audio_hw_primary: no pcm card found!
04-23 18:47:05.455 2034 2307 E audio_hw_primary: no pcm card found!
04-23 18:47:05.466 2034 2307 E audio_hw_primary: no pcm card found!
04-23 18:47:05.477 2034 2307 E audio_hw_primary: no pcm card found!
04-23 18:47:05.488 2034 2307 E audio_hw_primary: no pcm card found!
04-23 18:47:05.499 2034 2307 E audio_hw_primary: no pcm card found!
04-23 18:47:05.511 2034 2307 E audio_hw_primary: no pcm card found!
04-23 18:47:05.522 2034 2307 E audio_hw_primary: no pcm card found!
04-23 18:47:05.533 2034 2307 E audio_hw_primary: no pcm card found!
04-23 18:47:05.544 2034 2307 E audio_hw_primary: no pcm card found!
04-23 18:47:05.556 2034 2307 E audio_hw_primary: no pcm card found!
04-23 18:47:05.567 2034 2307 E audio_hw_primary: no pcm card found!
04-23 18:47:05.579 2034 2307 E audio_hw_primary: no pcm card found!
04-23 18:47:05.590 2034 2307 E audio_hw_primary: no pcm card found!
04-23 18:47:05.601 2034 2307 E audio_hw_primary: no pcm card found!
04-23 18:47:05.613 2034 2307 E audio_hw_primary: no pcm card found!
04-23 18:47:05.624 2034 2307 E audio_hw_primary: no pcm card found!
04-23 18:47:05.635 2034 2307 E audio_hw_primary: no pcm card found!
04-23 18:47:05.646 2034 2307 E audio_hw_primary: no pcm card found!
04-23 18:47:05.658 2034 2307 E audio_hw_primary: no pcm card found!
04-23 18:47:05.669 2034 2307 E audio_hw_primary: no pcm card found!
04-23 18:47:05.680 2034 2307 E audio_hw_primary: no pcm card found!
04-23 18:47:05.692 2034 2307 E audio_hw_primary: no pcm card found!
04-23 18:47:05.703 2034 2307 E audio_hw_primary: no pcm card found!
04-23 18:47:05.714 2034 2307 E audio_hw_primary: no pcm card found!
04-23 18:47:05.726 2034 2307 E audio_hw_primary: no pcm card found!
04-23 18:47:05.737 2034 2307 E audio_hw_primary: no pcm card found!
04-23 18:47:05.748 2034 2307 E audio_hw_primary: no pcm card found!
04-23 18:47:05.759 2034 2307 E audio_hw_primary: no pcm card found!
04-23 18:47:05.771 2034 2307 E audio_hw_primary: no pcm card found!
04-23 18:47:05.782 2034 2307 E audio_hw_primary: no pcm card found!
04-23 18:47:05.793 2034 2307 E audio_hw_primary: no pcm card found!
04-23 18:47:05.805 2034 2307 E audio_hw_primary: no pcm card found!
04-23 18:47:05.816 2034 2307 E audio_hw_primary: no pcm card found!
04-23 18:47:05.827 2034 2307 E audio_hw_primary: no pcm card found!
04-23 18:47:05.839 2034 2307 E audio_hw_primary: no pcm card found!
04-23 18:47:05.850 2034 2307 E audio_hw_primary: no pcm card found!
04-23 18:47:05.861 2034 2307 E audio_hw_primary: no pcm card found!
04-23 18:47:05.873 2034 2307 E audio_hw_primary: no pcm card found!
04-23 18:47:05.884 2034 2307 E audio_hw_primary: no pcm card found!
04-23 18:47:05.895 2034 2307 E audio_hw_primary: no pcm card found!
04-23 18:47:05.907 2034 2307 E audio_hw_primary: no pcm card found!
04-23 18:47:05.918 2034 2307 E audio_hw_primary: no pcm card found!
04-23 18:47:05.929 2034 2307 E audio_hw_primary: no pcm card found!
04-23 18:47:05.941 2034 2307 E audio_hw_primary: no pcm card found!
04-23 18:47:05.952 2034 2307 E audio_hw_primary: no pcm card found!
04-23 18:47:05.963 2034 2307 E audio_hw_primary: no pcm card found!
04-23 18:47:05.974 2034 2307 E audio_hw_primary: no pcm card found!
04-23 18:47:05.986 2034 2307 E audio_hw_primary: no pcm card found!
04-23 18:47:05.997 2034 2307 E audio_hw_primary: no pcm card found!
04-23 18:47:06.008 2034 2307 E audio_hw_primary: no pcm card found!
04-23 18:47:06.020 2034 2307 E audio_hw_primary: no pcm card found!
04-23 18:47:06.031 2034 2307 E audio_hw_primary: no pcm card found!
04-23 18:47:06.042 2034 2307 E audio_hw_primary: no pcm card found!
04-23 18:47:06.054 2034 2307 E audio_hw_primary: no pcm card found!
04-23 18:47:06.065 2034 2307 E audio_hw_primary: no pcm card found!
04-23 18:47:06.076 2034 2307 E audio_hw_primary: no pcm card found!
04-23 18:47:06.087 2034 2307 E audio_hw_primary: no pcm card found!
04-23 18:47:06.099 2034 2307 E audio_hw_primary: no pcm card found!
04-23 18:47:06.110 2034 2307 E audio_hw_primary: no pcm card found!
04-23 18:47:06.121 2034 2307 E audio_hw_primary: no pcm card found!
04-23 18:47:06.133 2034 2307 E audio_hw_primary: no pcm card found!
04-23 18:47:06.144 2034 2307 E audio_hw_primary: no pcm card found!
04-23 18:47:06.155 2034 2307 E audio_hw_primary: no pcm card found!
04-23 18:47:06.167 2034 2307 E audio_hw_primary: no pcm card found!
04-23 18:47:06.178 2034 2307 E audio_hw_primary: no pcm card found!
04-23 18:47:06.189 2034 2307 E audio_hw_primary: no pcm card found!
04-23 18:47:06.201 2034 2307 E audio_hw_primary: no pcm card found!
04-23 18:47:06.212 2034 2307 E audio_hw_primary: no pcm card found!
04-23 18:47:06.223 2034 2307 E audio_hw_primary: no pcm card found!
04-23 18:47:06.234 2034 2307 E audio_hw_primary: no pcm card found!
04-23 18:47:06.246 2034 2307 E audio_hw_primary: no pcm card found!
04-23 18:47:06.257 2034 2307 E audio_hw_primary: no pcm card found!
04-23 18:47:06.268 2034 2307 E audio_hw_primary: no pcm card found!
04-23 18:47:06.279 2034 2307 E audio_hw_primary: no pcm card found!
04-23 18:47:06.291 2034 2307 E audio_hw_primary: no pcm card found!
04-23 18:47:06.302 2034 2307 E audio_hw_primary: no pcm card found!
04-23 18:47:06.313 2034 2307 E audio_hw_primary: no pcm card found!
04-23 18:47:06.325 2034 2307 E audio_hw_primary: no pcm card found!
04-23 18:47:06.336 2034 2307 E audio_hw_primary: no pcm card found!
04-23 18:47:06.347 2034 2307 E audio_hw_primary: no pcm card found!
04-23 18:47:06.359 2034 2307 E audio_hw_primary: no pcm card found!
04-23 18:47:06.370 2034 2307 E audio_hw_primary: no pcm card found!
04-23 18:47:06.381 2034 2307 E audio_hw_primary: no pcm card found!
04-23 18:47:06.392 2034 2307 E audio_hw_primary: no pcm card found!
04-23 18:47:06.404 2034 2307 E audio_hw_primary: no pcm card found!
04-23 18:47:06.415 2034 2307 E audio_hw_primary: no pcm card found!
04-23 18:47:06.427 2034 2307 E audio_hw_primary: no pcm card found!
04-23 18:47:06.438 2034 2307 E audio_hw_primary: no pcm card found!
04-23 18:47:06.449 2034 2307 E audio_hw_primary: no pcm card found!
04-23 18:47:06.460 2034 2307 E audio_hw_primary: no pcm card found!
04-23 18:47:06.472 2034 2307 E audio_hw_primary: no pcm card found!
04-23 18:47:06.483 2034 2307 E audio_hw_primary: no pcm card found!
04-23 18:47:06.494 2034 2307 E audio_hw_primary: no pcm card found!
04-23 18:47:06.506 2034 2307 E audio_hw_primary: no pcm card found!
04-23 18:47:06.517 2034 2307 E audio_hw_primary: no pcm card found!
04-23 18:47:06.528 2034 2307 E audio_hw_primary: no pcm card found!
04-23 18:47:06.540 2034 2307 E audio_hw_primary: no pcm card found!
04-23 18:47:06.551 2034 2307 E audio_hw_primary: no pcm card found!
04-23 18:47:06.562 2034 2307 E audio_hw_primary: no pcm card found!
04-23 18:47:06.573 2034 2307 E audio_hw_primary: no pcm card found!
04-23 18:47:06.585 2034 2307 E audio_hw_primary: no pcm card found!
04-23 18:47:06.596 2034 2307 E audio_hw_primary: no pcm card found!
04-23 18:47:06.607 2034 2307 E audio_hw_primary: no pcm card found!
04-23 18:47:06.618 2034 2307 E audio_hw_primary: no pcm card found!
04-23 18:47:06.629 2034 2307 E audio_hw_primary: no pcm card found!
04-23 18:47:06.641 2034 2307 E audio_hw_primary: no pcm card found!
04-23 18:47:06.652 2034 2307 E audio_hw_primary: no pcm card found!
04-23 18:47:06.663 2034 2307 E audio_hw_primary: no pcm card found!
04-23 18:47:06.674 2034 2307 E audio_hw_primary: no pcm card found!
04-23 18:47:06.685 2034 2307 E audio_hw_primary: no pcm card found!
04-23 18:47:06.697 2034 2307 E audio_hw_primary: no pcm card found!
04-23 18:47:06.708 2034 2307 E audio_hw_primary: no pcm card found!
04-23 18:47:06.719 2034 2307 E audio_hw_primary: no pcm card found!
04-23 18:47:06.730 2034 2307 E audio_hw_primary: no pcm card found!
04-23 18:47:06.741 2034 2307 E audio_hw_primary: no pcm card found!
04-23 18:47:06.752 2034 2307 E audio_hw_primary: no pcm card found!
04-23 18:47:06.763 2034 2307 E audio_hw_primary: no pcm card found!
04-23 18:47:06.774 2034 2307 E audio_hw_primary: no pcm card found!
04-23 18:47:06.785 2034 2307 E audio_hw_primary: no pcm card found!
04-23 18:47:06.796 2034 2307 E audio_hw_primary: no pcm card found!
04-23 18:47:06.807 2034 2307 E audio_hw_primary: no pcm card found!
04-23 18:47:06.818 2034 2307 E audio_hw_primary: no pcm card found!
04-23 18:47:06.829 2034 2307 E audio_hw_primary: no pcm card found!
04-23 18:47:06.840 2034 2307 E audio_hw_primary: no pcm card found!
04-23 18:47:06.851 2034 2307 E audio_hw_primary: no pcm card found!
04-23 18:47:06.862 2034 2307 E audio_hw_primary: no pcm card found!
04-23 18:47:06.987 2325 2635 I ActivityManager: Killing 2869:com.android.settings/1000 (adj 9): remove task
04-23 18:47:07.015 2325 2423 W InputDispatcher: channel '32d959bb com.android.settings/com.android.settings.Settings$WifiSettingsActivity (server)' ~ Consumer closed input channel or an error occurred. events=0x9
04-23 18:47:07.015 2325 2423 E InputDispatcher: channel '32d959bb com.android.settings/com.android.settings.Settings$WifiSettingsActivity (server)' ~ Channel is unrecoverably broken and will be disposed!
04-23 18:47:07.018 2325 2516 I WindowState: WIN DEATH: Window{32d959bb u0 com.android.settings/com.android.settings.Settings$WifiSettingsActivity}
04-23 18:47:07.018 2325 2516 W InputDispatcher: Attempted to unregister already unregistered input channel '32d959bb com.android.settings/com.android.settings.Settings$WifiSettingsActivity (server)'
04-23 18:47:07.021 2325 2510 D WifiService: Client connection lost with reason: 4
04-23 18:47:07.045 2325 2532 D TaskPersister: removeObsoleteFile: deleting file=6_task.xml
04-23 18:47:07.045 2325 2633 I ActivityManager: START u0 {act=android.intent.action.MAIN cat=[android.intent.category.HOME] flg=0x10200000 cmp=com.cyanogenmod.trebuchet/com.android.launcher3.Launcher} from uid 10013 on display 0
04-23 18:47:07.046 2325 2532 D TaskPersister: removeObsoleteFile: deleting file=6_task_thumbnail.png
04-23 18:47:07.637 2909 2971 W OpenGLRenderer: Failed to wait for the fence 0x300c
04-23 18:47:07.658 2909 2971 W OpenGLRenderer: Incorrectly called buildLayer on View: ShortcutAndWidgetContainer, destroying layer...
04-23 18:47:07.677 2325 2354 D BluetoothManagerService: Message: 42
04-23 18:47:07.677 2325 2354 D BluetoothManagerService: MESSAGE_RESTART_BLUETOOTH_SERVICE: Restart IBluetooth service
04-23 18:47:07.742 2325 2354 I ActivityManager: Start proc 3796:com.android.bluetooth/1002 for service com.android.bluetooth/.btservice.AdapterService
04-23 18:47:07.776 3796 3796 W ResourcesManager: Asset path '/system/framework/javax.obex.jar' does not exist or contains no resources.
04-23 18:47:07.778 2039 2039 I art : Explicit concurrent mark sweep GC freed 709(30KB) AllocSpace objects, 0(0B) LOS objects, 40% free, 1904KB/3MB, paused 500us total 36.001ms
04-23 18:47:07.808 2039 2039 I art : Explicit concurrent mark sweep GC freed 5(160B) AllocSpace objects, 0(0B) LOS objects, 40% free, 1904KB/3MB, paused 306us total 30.249ms
04-23 18:47:07.809 3796 3796 D AdapterServiceConfig: Adding HeadsetService
04-23 18:47:07.809 3796 3796 D AdapterServiceConfig: Adding A2dpService
04-23 18:47:07.809 3796 3796 D AdapterServiceConfig: Adding HidService
04-23 18:47:07.810 3796 3796 D AdapterServiceConfig: Adding HealthService
04-23 18:47:07.810 3796 3796 D AdapterServiceConfig: Adding PanService
04-23 18:47:07.810 3796 3796 D AdapterServiceConfig: Adding GattService
04-23 18:47:07.810 3796 3796 D AdapterServiceConfig: Adding BluetoothMapService
04-23 18:47:07.820 2325 2354 D BluetoothManagerService: Message: 20
04-23 18:47:07.821 2325 2354 D BluetoothManagerService: Added callback: android.bluetooth.IBluetoothManagerCallback$Stub$Proxy@a0fc222:true
04-23 18:47:07.821 3796 3796 D BluetoothAdapterState: make
04-23 18:47:07.824 3796 3796 I bluedroid: init
04-23 18:47:07.825 3796 3796 E bt-btif : btif_config_get(L190): assert failed: section && *section && key && *key && name && *name && bytes && type
04-23 18:47:07.825 3796 3796 I bte_conf: bte_load_conf attempt to load stack conf from /etc/bluetooth/bt_stack.conf
04-23 18:47:07.825 3796 3814 I BluetoothAdapterState: Entering OffState
04-23 18:47:07.825 3796 3796 I bte_conf: bte_load_ble_conf attempt to load ble stack conf from /etc/bluetooth/ble_stack.conf
04-23 18:47:07.825 3796 3796 E bt_osi_config: config_new unable to open file '/etc/bluetooth/ble_stack.conf': No such file or directory
04-23 18:47:07.825 3796 3796 I bte_conf: bte_load_ble_conf file >/etc/bluetooth/ble_stack.conf< not found
04-23 18:47:07.825 3796 3796 I bluedroid: get_profile_interface socket
04-23 18:47:07.825 3796 3796 I bluedroid: get_profile_interface map_client
04-23 18:47:07.825 3796 3817 I GKI_LINUX: gki_task_entry task_id=1 [BTIF] starting
04-23 18:47:07.826 2039 2039 I art : Explicit concurrent mark sweep GC freed 5(160B) AllocSpace objects, 0(0B) LOS objects, 40% free, 1904KB/3MB, paused 227us total 17.127ms
04-23 18:47:07.828 3796 3817 D BluetoothAdapterProperties: Address is:22:22:5E:5B:63:72
04-23 18:47:07.832 2325 2325 D BluetoothManagerService: Bluetooth Adapter name changed to Android-x86
04-23 18:47:07.832 3796 3817 D BluetoothAdapterProperties: Name is: Android-x86
04-23 18:47:07.832 2325 2325 D BluetoothManagerService: Stored Bluetooth name: Android-x86
04-23 18:47:07.832 2325 2325 D BluetoothManagerService: BluetoothServiceConnection: com.android.bluetooth.btservice.AdapterService
04-23 18:47:07.832 2325 2354 D BluetoothManagerService: Message: 40
04-23 18:47:07.832 2325 2354 D BluetoothManagerService: MESSAGE_BLUETOOTH_SERVICE_CONNECTED: 1
04-23 18:47:07.834 3796 3813 I bluedroid: config_hci_snoop_log
04-23 18:47:07.835 2325 2354 D BluetoothManagerService: Calling onBluetoothServiceUp callbacks
04-23 18:47:07.835 2325 2354 D BluetoothManagerService: Broadcasting onBluetoothServiceUp() to 4 receivers.
04-23 18:47:07.841 3796 3814 D BluetoothAdapterState: CURRENT_STATE=OFF, MESSAGE = USER_TURN_ON
04-23 18:47:07.841 3796 3814 D BluetoothAdapterProperties: Setting state to 11
04-23 18:47:07.841 3796 3814 I BluetoothAdapterState: Bluetooth adapter state changed: 10-> 11
04-23 18:47:07.842 2325 2354 D BluetoothManagerService: Message: 60
04-23 18:47:07.842 2325 2354 D BluetoothManagerService: MESSAGE_BLUETOOTH_STATE_CHANGE: prevState = 10, newState=11
04-23 18:47:07.842 2325 2354 D BluetoothManagerService: Bluetooth State Change Intent: 10 -> 11
04-23 18:47:07.844 3796 3814 D BluetoothBondStateMachine: make
04-23 18:47:07.847 3796 3818 I BluetoothBondStateMachine: StableState(): Entering Off State
04-23 18:47:07.882 2325 2350 I ActivityManager: Start proc 3819:com.android.settings/1000 for broadcast com.android.settings/.bluetooth.DockEventReceiver
04-23 18:47:07.886 3796 3796 D BluetoothAdapterService: getAdapterService() - returning com.android.bluetooth.btservice.AdapterService@2ca8dbd1
04-23 18:47:07.886 3796 3796 D HeadsetService: Received start request. Starting profile...
04-23 18:47:07.887 3796 3796 I BluetoothHeadsetServiceJni: classInitNative: succeeds
04-23 18:47:07.887 3796 3796 D HeadsetStateMachine: make
04-23 18:47:07.897 3796 3796 D HeadsetStateMachine: max_hf_connections = 1
04-23 18:47:07.897 3796 3796 I bluedroid: get_profile_interface handsfree
04-23 18:47:07.899 3796 3833 D HeadsetStateMachine: Enter Disconnected: -2, size: 0
04-23 18:47:07.904 3796 3796 D BluetoothAdapterService: getAdapterService() - returning com.android.bluetooth.btservice.AdapterService@2ca8dbd1
04-23 18:47:07.906 3796 3796 D A2dpService: Received start request. Starting profile...
04-23 18:47:07.906 3796 3796 I BluetoothAvrcpServiceJni: classInitNative: succeeds
04-23 18:47:07.906 3796 3796 I bluedroid: get_profile_interface avrcp
04-23 18:47:07.909 3796 3814 I BluetoothAdapterState: Entering PendingCommandState State: isTurningOn()=true, isTurningOff()=false
04-23 18:47:07.916 3796 3796 E RemoteController: Cannot set synchronization mode on an unregistered RemoteController
04-23 18:47:07.916 3796 3796 I BluetoothA2dpServiceJni: classInitNative: succeeds
04-23 18:47:07.916 3796 3796 D A2dpStateMachine: make
04-23 18:47:07.917 3796 3796 I bluedroid: get_profile_interface a2dp
04-23 18:47:07.917 3796 3841 I GKI_LINUX: gki_task_entry task_id=2 [A2DP-MEDIA] starting
04-23 18:47:07.920 3796 3840 D A2dpStateMachine: Enter Disconnected: -2
04-23 18:47:07.920 3796 3796 I BluetoothHidServiceJni: classInitNative: succeeds
04-23 18:47:07.921 3796 3796 D BluetoothAdapterService: getAdapterService() - returning com.android.bluetooth.btservice.AdapterService@2ca8dbd1
04-23 18:47:07.921 3796 3796 D HidService: Received start request. Starting profile...
04-23 18:47:07.921 3796 3796 I bluedroid: get_profile_interface hidhost
04-23 18:47:07.922 3796 3796 I BluetoothHealthServiceJni: classInitNative: succeeds
04-23 18:47:07.922 3796 3796 D BluetoothAdapterService: getAdapterService() - returning com.android.bluetooth.btservice.AdapterService@2ca8dbd1
04-23 18:47:07.923 3796 3796 D HealthService: Received start request. Starting profile...
04-23 18:47:07.925 3796 3796 I bluedroid: get_profile_interface health
04-23 18:47:07.926 3796 3796 I BluetoothPanServiceJni: classInitNative(L105): succeeds
04-23 18:47:07.926 3796 3796 D BluetoothAdapterService: getAdapterService() - returning com.android.bluetooth.btservice.AdapterService@2ca8dbd1
04-23 18:47:07.927 3796 3796 D PanService: Received start request. Starting profile...
04-23 18:47:07.927 3796 3796 D BluetoothPanServiceJni: initializeNative(L110): pan
04-23 18:47:07.927 3796 3796 I bluedroid: get_profile_interface pan
04-23 18:47:07.928 3796 3796 D HeadsetStateMachine: Proxy object connected
04-23 18:47:07.929 3796 3796 I BtGatt.JNI: classInitNative(L873): classInitNative: Success!
04-23 18:47:07.931 3796 3796 D BluetoothAdapterService: getAdapterService() - returning com.android.bluetooth.btservice.AdapterService@2ca8dbd1
04-23 18:47:07.932 3796 3796 D BtGatt.DebugUtils: handleDebugAction() action=null
04-23 18:47:07.932 3796 3796 D BtGatt.GattService: Received start request. Starting profile...
04-23 18:47:07.932 3796 3796 D BtGatt.GattService: start()
04-23 18:47:07.932 3796 3796 I bluedroid: get_profile_interface gatt
04-23 18:47:07.932 3796 3796 D BluetoothAdapterService: getAdapterService() - returning com.android.bluetooth.btservice.AdapterService@2ca8dbd1
04-23 18:47:07.932 3796 3796 D BtGatt.AdvertiseManager: advertise manager created
04-23 18:47:07.940 3796 3833 D HeadsetStateMachine: Disconnected process message: 10, size: 0
04-23 18:47:07.940 3796 3833 D HeadsetPhoneState: sendDeviceStateChanged. mService=0 mSignal=0 mRoam=0 mBatteryCharge=5
04-23 18:47:07.940 3796 3833 D HeadsetStateMachine: Disconnected process message: 11, size: 0
04-23 18:47:07.940 3796 3796 D BluetoothAdapterService: getAdapterService() - returning com.android.bluetooth.btservice.AdapterService@2ca8dbd1
04-23 18:47:07.941 3796 3796 D BluetoothMapService: Received start request. Starting profile...
04-23 18:47:07.941 3796 3796 D BluetoothMapService: start()
04-23 18:47:07.944 3796 3796 D BluetoothMapEmailSettingsLoader: Found 0 applications
04-23 18:47:07.944 3796 3796 D BluetoothMapEmailAppObserver: createReceiver()
04-23 18:47:07.946 3796 3796 D BluetoothMapEmailAppObserver: initObservers()
04-23 18:47:07.946 3796 3796 D BluetoothMapEmailAppObserver: getEnabledAccountItems()
04-23 18:47:07.952 3796 3814 D BluetoothAdapterState: CURRENT_STATE=PENDING, MESSAGE = STARTED, isTurningOn=true, isTurningOff=false
04-23 18:47:07.952 3796 3814 I bluedroid: enable
04-23 18:47:07.952 3796 3814 I bt_hci_bdroid: init
04-23 18:47:07.953 3796 3847 I GKI_LINUX: gki_task_entry task_id=0 [BTU] starting
04-23 18:47:07.953 3796 3847 I bt-btu : btu_task pending for preload complete event
04-23 18:47:07.953 3796 3814 I bt_vendor: init
04-23 18:47:07.953 3796 3814 I bt_vnd_conf: Attempt to load conf from /etc/bluetooth/bt_vendor.conf
04-23 18:47:07.953 3796 3814 I bt_vnd_conf: vnd_load_conf file >/etc/bluetooth/bt_vendor.conf< not found
04-23 18:47:07.953 3796 3814 D bt_userial: userial_init
04-23 18:47:07.954 3796 3849 I bt_userial_vendor: userial vendor open: opening /dev/ttyO1
04-23 18:47:07.954 3796 3849 E bt_userial_vendor: userial vendor open: unable to open /dev/ttyO1
04-23 18:47:07.954 3796 3849 E bt_userial: userial_open opened wrong number of ports: got 0, expected 1.
04-23 18:47:07.954 3796 3849 E bt_userial: userial_write error writing to serial port: Bad file number
04-23 18:47:08.465 2026 2026 D SurfaceFlinger: Set power mode=0, type=0 flinger=0x7f8c1c862000
04-23 18:47:10.953 3796 3848 E bt-btif : ...preload_wait_timeout (retried:0/max-retry:0)...
04-23 18:47:10.954 3796 3847 W bt-btu : btu_task start abort!
04-23 18:47:10.954 3796 3847 I GKI_LINUX: gki_task task_id=0 [BTU] terminating
04-23 18:47:10.955 3796 3817 I GKI_LINUX: GKI_exit_task 0 done
04-23 18:47:10.955 3796 3817 I GKI_LINUX: GKI_shutdown(): task [BTU] terminated
04-23 18:47:10.955 3796 3817 I GKI_LINUX: GKI_exit_task 1 done
04-23 18:47:10.955 3796 3841 I GKI_LINUX: gki_task task_id=2 [A2DP-MEDIA] terminating
04-23 18:47:10.955 3796 3817 I GKI_LINUX: GKI_exit_task 2 done
04-23 18:47:10.956 3796 3814 D BluetoothAdapterState: CURRENT_STATE=PENDING, MESSAGE = DISABLED, isTurningOn=true, isTurningOff=false
04-23 18:47:10.956 3796 3817 I GKI_LINUX: gki_task task_id=1 [BTIF] terminating
04-23 18:47:10.956 3796 3814 E BluetoothAdapterState: Error enabling Bluetooth - hardware init failed
04-23 18:47:10.959 3796 3796 D HeadsetService: Received stop request...Stopping profile...
04-23 18:47:10.961 3796 3833 D HeadsetStateMachine: Exit Disconnected: -1
04-23 18:47:10.964 3796 3796 D A2dpService: Received stop request...Stopping profile...
04-23 18:47:10.965 3796 3840 D A2dpStateMachine: Exit Disconnected: -1
04-23 18:47:10.968 3796 3814 D BluetoothAdapterProperties: Setting state to 10
04-23 18:47:10.968 3796 3814 I BluetoothAdapterState: Bluetooth adapter state changed: 11-> 10
04-23 18:47:10.969 3796 3796 D HidService: Received stop request...Stopping profile...
04-23 18:47:10.969 2325 2354 D BluetoothManagerService: Message: 60
04-23 18:47:10.969 2325 2354 D BluetoothManagerService: MESSAGE_BLUETOOTH_STATE_CHANGE: prevState = 11, newState=10
04-23 18:47:10.969 2325 2354 D BluetoothManagerService: Broadcasting onBluetoothStateChange(false) to 13 receivers.
04-23 18:47:10.969 2325 2354 D BluetoothHeadset: onBluetoothStateChange: up=false
04-23 18:47:10.969 2325 2354 D BluetoothA2dp: onBluetoothStateChange: up=false
04-23 18:47:10.970 2325 2354 E BluetoothA2dp:
04-23 18:47:10.970 2325 2354 E BluetoothA2dp: java.lang.IllegalArgumentException: Service not registered: android.bluetooth.BluetoothA2dp$2@28df1a8b
04-23 18:47:10.970 2325 2354 E BluetoothA2dp: at android.app.LoadedApk.forgetServiceDispatcher(LoadedApk.java:1029)
04-23 18:47:10.970 2325 2354 E BluetoothA2dp: at android.app.ContextImpl.unbindService(ContextImpl.java:1808)
04-23 18:47:10.970 2325 2354 E BluetoothA2dp: at android.bluetooth.BluetoothA2dp$1.onBluetoothStateChange(BluetoothA2dp.java:126)
04-23 18:47:10.970 2325 2354 E BluetoothA2dp: at com.android.server.BluetoothManagerService.sendBluetoothStateCallback(BluetoothManagerService.java:710)
04-23 18:47:10.970 2325 2354 E BluetoothA2dp: at com.android.server.BluetoothManagerService.bluetoothStateChangeHandler(BluetoothManagerService.java:1386)
04-23 18:47:10.970 2325 2354 E BluetoothA2dp: at com.android.server.BluetoothManagerService.access$3300(BluetoothManagerService.java:61)
04-23 18:47:10.970 2325 2354 E BluetoothA2dp: at com.android.server.BluetoothManagerService$BluetoothHandler.handleMessage(BluetoothManagerService.java:1113)
04-23 18:47:10.970 2325 2354 E BluetoothA2dp: at android.os.Handler.dispatchMessage(Handler.java:102)
04-23 18:47:10.970 2325 2354 E BluetoothA2dp: at android.os.Looper.loop(Looper.java:135)
04-23 18:47:10.970 2325 2354 E BluetoothA2dp: at android.os.HandlerThread.run(HandlerThread.java:61)
04-23 18:47:10.970 2325 2354 E BluetoothA2dp: at com.android.server.ServiceThread.run(ServiceThread.java:46)
04-23 18:47:10.971 3796 3814 I BluetoothAdapterState: Entering OffState
04-23 18:47:10.972 3796 3796 D HeadsetStateMachine: Unbinding service...
04-23 18:47:10.974 2693 2712 D BluetoothA2dp: onBluetoothStateChange: up=false
04-23 18:47:10.974 2693 2712 E BluetoothA2dp:
04-23 18:47:10.974 2693 2712 E BluetoothA2dp: java.lang.IllegalArgumentException: Service not registered: android.bluetooth.BluetoothA2dp$2@3e83cb01
04-23 18:47:10.974 2693 2712 E BluetoothA2dp: at android.app.LoadedApk.forgetServiceDispatcher(LoadedApk.java:1029)
04-23 18:47:10.974 2693 2712 E BluetoothA2dp: at android.app.ContextImpl.unbindService(ContextImpl.java:1808)
04-23 18:47:10.974 2693 2712 E BluetoothA2dp: at android.content.ContextWrapper.unbindService(ContextWrapper.java:551)
04-23 18:47:10.974 2693 2712 E BluetoothA2dp: at android.bluetooth.BluetoothA2dp$1.onBluetoothStateChange(BluetoothA2dp.java:126)
04-23 18:47:10.974 2693 2712 E BluetoothA2dp: at android.bluetooth.IBluetoothStateChangeCallback$Stub.onTransact(IBluetoothStateChangeCallback.java:55)
04-23 18:47:10.974 2693 2712 E BluetoothA2dp: at android.os.Binder.execTransact(Binder.java:446)
04-23 18:47:10.975 3796 3796 W BluetoothHeadsetServiceJni: Cleaning up Bluetooth Handsfree Interface...
04-23 18:47:10.975 3796 3796 W BluetoothHeadsetServiceJni: Cleaning up Bluetooth Handsfree callback object
04-23 18:47:10.977 3796 3796 D HealthService: Received stop request...Stopping profile...
04-23 18:47:10.979 2693 3566 D BluetoothA2dpSink: onBluetoothStateChange: up=false
04-23 18:47:10.980 2693 3566 E BluetoothA2dpSink:
04-23 18:47:10.980 2693 3566 E BluetoothA2dpSink: java.lang.IllegalArgumentException: Service not registered: android.bluetooth.BluetoothA2dpSink$2@8615eb1
04-23 18:47:10.980 2693 3566 E BluetoothA2dpSink: at android.app.LoadedApk.forgetServiceDispatcher(LoadedApk.java:1029)
04-23 18:47:10.980 2693 3566 E BluetoothA2dpSink: at android.app.ContextImpl.unbindService(ContextImpl.java:1808)
04-23 18:47:10.980 2693 3566 E BluetoothA2dpSink: at android.content.ContextWrapper.unbindService(ContextWrapper.java:551)
04-23 18:47:10.980 2693 3566 E BluetoothA2dpSink: at android.bluetooth.BluetoothA2dpSink$1.onBluetoothStateChange(BluetoothA2dpSink.java:139)
04-23 18:47:10.980 2693 3566 E BluetoothA2dpSink: at android.bluetooth.IBluetoothStateChangeCallback$Stub.onTransact(IBluetoothStateChangeCallback.java:55)
04-23 18:47:10.980 2693 3566 E BluetoothA2dpSink: at android.os.Binder.execTransact(Binder.java:446)
04-23 18:47:10.980 3796 3796 D PanService: Received stop request...Stopping profile...
04-23 18:47:10.981 3796 3796 D BtGatt.DebugUtils: handleDebugAction() action=null
04-23 18:47:10.982 3796 3796 D BtGatt.GattService: Received stop request...Stopping profile...
04-23 18:47:10.983 3796 3796 D BtGatt.GattService: stop()
04-23 18:47:10.983 3796 3796 D BtGatt.AdvertiseManager: advertise clients cleared
04-23 18:47:10.983 2693 2713 D BluetoothHeadsetClient: onBluetoothStateChange: up=false
04-23 18:47:10.983 2693 2713 E BluetoothHeadsetClient:
04-23 18:47:10.983 2693 2713 E BluetoothHeadsetClient: java.lang.IllegalArgumentException: Service not registered: android.bluetooth.BluetoothHeadsetClient$2@2a356f96
04-23 18:47:10.983 2693 2713 E BluetoothHeadsetClient: at android.app.LoadedApk.forgetServiceDispatcher(LoadedApk.java:1029)
04-23 18:47:10.983 2693 2713 E BluetoothHeadsetClient: at android.app.ContextImpl.unbindService(ContextImpl.java:1808)
04-23 18:47:10.983 2693 2713 E BluetoothHeadsetClient: at android.content.ContextWrapper.unbindService(ContextWrapper.java:551)
04-23 18:47:10.983 2693 2713 E BluetoothHeadsetClient: at android.bluetooth.BluetoothHeadsetClient$1.onBluetoothStateChange(BluetoothHeadsetClient.java:382)
04-23 18:47:10.983 2693 2713 E BluetoothHeadsetClient: at android.bluetooth.IBluetoothStateChangeCallback$Stub.onTransact(IBluetoothStateChangeCallback.java:55)
04-23 18:47:10.983 2693 2713 E BluetoothHeadsetClient: at android.os.Binder.execTransact(Binder.java:446)
04-23 18:47:10.984 2325 2354 D BluetoothHeadset: onBluetoothStateChange: up=false
04-23 18:47:10.985 2756 2774 D BluetoothHeadset: onBluetoothStateChange: up=false
04-23 18:47:10.985 2693 3177 D BluetoothMap: onBluetoothStateChange: up=false
04-23 18:47:10.986 2693 3177 E BluetoothMap:
04-23 18:47:10.986 2693 3177 E BluetoothMap: java.lang.IllegalArgumentException: Service not registered: android.bluetooth.BluetoothMap$2@38aaf3e7
04-23 18:47:10.986 2693 3177 E BluetoothMap: at android.app.LoadedApk.forgetServiceDispatcher(LoadedApk.java:1029)
04-23 18:47:10.986 2693 3177 E BluetoothMap: at android.app.ContextImpl.unbindService(ContextImpl.java:1808)
04-23 18:47:10.986 2693 3177 E BluetoothMap: at android.content.ContextWrapper.unbindService(ContextWrapper.java:551)
04-23 18:47:10.986 2693 3177 E BluetoothMap: at android.bluetooth.BluetoothMap$1.onBluetoothStateChange(BluetoothMap.java:64)
04-23 18:47:10.986 2693 3177 E BluetoothMap: at android.bluetooth.IBluetoothStateChangeCallback$Stub.onTransact(IBluetoothStateChangeCallback.java:55)
04-23 18:47:10.986 2693 3177 E BluetoothMap: at android.os.Binder.execTransact(Binder.java:446)
04-23 18:47:10.987 3796 3796 D BluetoothMapService: Received stop request...Stopping profile...
04-23 18:47:10.987 3796 3796 D BluetoothMapService: stop()
04-23 18:47:10.988 2693 3533 D BluetoothHeadset: onBluetoothStateChange: up=false
04-23 18:47:10.988 3796 3796 D BluetoothMapEmailAppObserver: deinitObservers()
04-23 18:47:10.988 3796 3796 D BluetoothMapEmailAppObserver: removeReceiver()
04-23 18:47:10.989 2693 2712 D BluetoothAvrcpController: onBluetoothStateChange: up=false
04-23 18:47:10.989 2693 2712 E BluetoothAvrcpController:
04-23 18:47:10.989 2693 2712 E BluetoothAvrcpController: java.lang.IllegalArgumentException: Service not registered: android.bluetooth.BluetoothAvrcpController$2@24c46717
04-23 18:47:10.989 2693 2712 E BluetoothAvrcpController: at android.app.LoadedApk.forgetServiceDispatcher(LoadedApk.java:1029)
04-23 18:47:10.989 2693 2712 E BluetoothAvrcpController: at android.app.ContextImpl.unbindService(ContextImpl.java:1808)
04-23 18:47:10.989 2693 2712 E BluetoothAvrcpController: at android.content.ContextWrapper.unbindService(ContextWrapper.java:551)
04-23 18:47:10.989 2693 2712 E BluetoothAvrcpController: at android.bluetooth.BluetoothAvrcpController$1.onBluetoothStateChange(BluetoothAvrcpController.java:80)
04-23 18:47:10.989 2693 2712 E BluetoothAvrcpController: at android.bluetooth.IBluetoothStateChangeCallback$Stub.onTransact(IBluetoothStateChangeCallback.java:55)
04-23 18:47:10.989 2693 2712 E BluetoothAvrcpController: at android.os.Binder.execTransact(Binder.java:446)
04-23 18:47:10.991 2693 3566 E BluetoothPan:
04-23 18:47:10.991 2693 3566 E BluetoothPan: java.lang.IllegalArgumentException: Service not registered: android.bluetooth.BluetoothPan$2@2c46b94
04-23 18:47:10.991 2693 3566 E BluetoothPan: at android.app.LoadedApk.forgetServiceDispatcher(LoadedApk.java:1029)
04-23 18:47:10.991 2693 3566 E BluetoothPan: at android.app.ContextImpl.unbindService(ContextImpl.java:1808)
04-23 18:47:10.991 2693 3566 E BluetoothPan: at android.content.ContextWrapper.unbindService(ContextWrapper.java:551)
04-23 18:47:10.991 2693 3566 E BluetoothPan: at android.bluetooth.BluetoothPan$1.onBluetoothStateChange(BluetoothPan.java:199)
04-23 18:47:10.991 2693 3566 E BluetoothPan: at android.bluetooth.IBluetoothStateChangeCallback$Stub.onTransact(IBluetoothStateChangeCallback.java:55)
04-23 18:47:10.991 2693 3566 E BluetoothPan: at android.os.Binder.execTransact(Binder.java:446)
04-23 18:47:10.992 3796 3796 W BluetoothHidServiceJni: Cleaning up Bluetooth HID Interface...
04-23 18:47:10.992 3796 3796 W bt-btif : cleanup: HH disabling or disabled already, status = 0
04-23 18:47:10.992 3796 3796 W BluetoothHidServiceJni: Cleaning up Bluetooth GID callback object
04-23 18:47:10.992 2693 2713 D BluetoothInputDevice: onBluetoothStateChange: up=false
04-23 18:47:10.993 3796 3796 W BluetoothHealthServiceJni: Cleaning up Bluetooth Health Interface...
04-23 18:47:10.993 3796 3796 W BluetoothHealthServiceJni: Cleaning up Bluetooth Health object
04-23 18:47:10.993 3796 3796 W BluetoothPanServiceJni: Cleaning up Bluetooth PAN Interface...
04-23 18:47:10.993 3796 3796 W BluetoothPanServiceJni: Cleaning up Bluetooth PAN callback object
04-23 18:47:10.993 2693 2713 E BluetoothInputDevice:
04-23 18:47:10.993 2693 2713 E BluetoothInputDevice: java.lang.IllegalArgumentException: Service not registered: android.bluetooth.BluetoothInputDevice$2@9bdeda6
04-23 18:47:10.993 2693 2713 E BluetoothInputDevice: at android.app.LoadedApk.forgetServiceDispatcher(LoadedApk.java:1029)
04-23 18:47:10.993 2693 2713 E BluetoothInputDevice: at android.app.ContextImpl.unbindService(ContextImpl.java:1808)
04-23 18:47:10.993 2693 2713 E BluetoothInputDevice: at android.content.ContextWrapper.unbindService(ContextWrapper.java:551)
04-23 18:47:10.993 2693 2713 E BluetoothInputDevice: at android.bluetooth.BluetoothInputDevice$1.onBluetoothStateChange(BluetoothInputDevice.java:216)
04-23 18:47:10.993 2693 2713 E BluetoothInputDevice: at android.bluetooth.IBluetoothStateChangeCallback$Stub.onTransact(IBluetoothStateChangeCallback.java:55)
04-23 18:47:10.993 2693 2713 E BluetoothInputDevice: at android.os.Binder.execTransact(Binder.java:446)
04-23 18:47:10.993 2325 2354 D BluetoothHeadset: onBluetoothStateChange: up=false
04-23 18:47:10.993 2325 2354 D BluetoothManagerService: Bluetooth State Change Intent: 11 -> 10
04-23 18:47:10.994 3796 3796 D BtGatt.GattService: cleanup()
04-23 18:47:10.994 3796 3796 W bt-btif : GATTC Module not enabled/already disabled
04-23 18:47:10.995 3796 3796 W bt-btif : GATTS Module not enabled/already disabled
04-23 18:47:10.995 3796 3796 D BtGatt.AdvertiseManager: advertise clients cleared
04-23 18:47:10.995 2325 2354 E BluetoothManagerService: recoverBluetoothServiceFromError
04-23 18:47:10.998 3796 3796 D BluetoothMapService: MAP Service closeService in
04-23 18:47:10.998 3796 3796 D BluetoothMapMasInstance: MAP Service shutdown
04-23 18:47:10.998 3796 3796 D BluetoothMapService: cleanup()
04-23 18:47:10.998 3796 3796 D BluetoothMapService: MAP Service closeService in
04-23 18:47:11.004 3819 3819 W ContextImpl: Calling a method in the system process without a qualified user: android.app.ContextImpl.startService:1692 android.content.ContextWrapper.startService:516 android.content.ContextWrapper.startService:516 com.android.settings.bluetooth.DockEventReceiver.beginStartingService:134 com.android.settings.bluetooth.DockEventReceiver.onReceive:115
04-23 18:47:11.037 3819 3819 D LocalBluetoothProfileManager: Adding local MAP profile
04-23 18:47:11.039 3819 3819 D BluetoothMap: Create BluetoothMap proxy object
04-23 18:47:11.050 3819 3819 D LocalBluetoothProfileManager: LocalBluetoothProfileManager construction complete
04-23 18:47:11.055 3819 3819 D DockEventReceiver: finishStartingService: stopping service
04-23 18:47:11.500 2325 2354 D BluetoothManagerService: Sending off request.
04-23 18:47:11.501 3796 3814 D BluetoothAdapterState: CURRENT_STATE=OFF, MESSAGE = USER_TURN_OFF
04-23 18:47:11.503 2325 2354 D BluetoothManagerService: Calling onBluetoothServiceDown callbacks
04-23 18:47:11.503 2325 2354 D BluetoothManagerService: Broadcasting onBluetoothServiceDown() to 4 receivers.
04-23 18:47:11.506 2325 2354 D BluetoothManagerService: Message: 20
04-23 18:47:11.506 2325 2354 D BluetoothManagerService: Added callback: android.bluetooth.IBluetoothManagerCallback$Stub$Proxy@3cf3f70b:true
04-23 18:47:11.506 2325 2354 D BluetoothManagerService: Message: 30
04-23 18:47:11.507 2325 2354 D BluetoothManagerService: Message: 30
04-23 18:47:11.508 2325 2354 D BluetoothManagerService: Message: 30
04-23 18:47:11.508 2325 2354 D BluetoothManagerService: Message: 30
04-23 18:47:11.509 3796 3796 I BluetoothServiceJni: cleanupNative: return from cleanup
04-23 18:47:11.512 3796 3796 I art : System.exit called, status: 0
04-23 18:47:11.512 3796 3796 I AndroidRuntime: VM exiting with result code 0, cleanup skipped.
04-23 18:47:11.527 2325 2995 I ActivityManager: Process com.android.bluetooth (pid 3796) has died
04-23 18:47:14.510 2325 2354 D BluetoothManagerService: Message: 42
04-23 18:47:14.510 2325 2354 D BluetoothManagerService: MESSAGE_RESTART_BLUETOOTH_SERVICE: Restart IBluetooth service
04-23 18:47:14.575 2325 2354 I ActivityManager: Start proc 3855:com.android.bluetooth/1002 for service com.android.bluetooth/.btservice.AdapterService
04-23 18:47:14.616 3855 3855 W ResourcesManager: Asset path '/system/framework/javax.obex.jar' does not exist or contains no resources.
04-23 18:47:14.649 3855 3855 D AdapterServiceConfig: Adding HeadsetService
04-23 18:47:14.649 3855 3855 D AdapterServiceConfig: Adding A2dpService
04-23 18:47:14.650 3855 3855 D AdapterServiceConfig: Adding HidService
04-23 18:47:14.650 3855 3855 D AdapterServiceConfig: Adding HealthService
04-23 18:47:14.650 3855 3855 D AdapterServiceConfig: Adding PanService
04-23 18:47:14.651 3855 3855 D AdapterServiceConfig: Adding GattService
04-23 18:47:14.651 3855 3855 D AdapterServiceConfig: Adding BluetoothMapService
04-23 18:47:14.668 2325 2354 D BluetoothManagerService: Message: 20
04-23 18:47:14.668 2325 2354 D BluetoothManagerService: Added callback: android.bluetooth.IBluetoothManagerCallback$Stub$Proxy@38f5de00:true
04-23 18:47:14.670 3855 3855 D BluetoothAdapterState: make
04-23 18:47:14.675 3855 3855 I bluedroid: init
04-23 18:47:14.676 3855 3873 I BluetoothAdapterState: Entering OffState
04-23 18:47:14.676 3855 3855 E bt-btif : btif_config_get(L190): assert failed: section && *section && key && *key && name && *name && bytes && type
04-23 18:47:14.676 3855 3855 I bte_conf: bte_load_conf attempt to load stack conf from /etc/bluetooth/bt_stack.conf
04-23 18:47:14.677 3855 3855 I bte_conf: bte_load_ble_conf attempt to load ble stack conf from /etc/bluetooth/ble_stack.conf
04-23 18:47:14.677 3855 3855 E bt_osi_config: config_new unable to open file '/etc/bluetooth/ble_stack.conf': No such file or directory
04-23 18:47:14.677 3855 3855 I bte_conf: bte_load_ble_conf file >/etc/bluetooth/ble_stack.conf< not found
04-23 18:47:14.677 3855 3855 I bluedroid: get_profile_interface socket
04-23 18:47:14.677 3855 3855 I bluedroid: get_profile_interface map_client
04-23 18:47:14.677 3855 3876 I GKI_LINUX: gki_task_entry task_id=1 [BTIF] starting
04-23 18:47:14.680 3855 3876 D BluetoothAdapterProperties: Address is:22:22:5E:5B:63:72
04-23 18:47:14.682 3855 3876 D BluetoothAdapterProperties: Name is: Android-x86
04-23 18:47:14.682 2325 2325 D BluetoothManagerService: BluetoothServiceConnection: com.android.bluetooth.btservice.AdapterService
04-23 18:47:14.682 2325 2354 D BluetoothManagerService: Message: 40
04-23 18:47:14.682 2325 2325 D BluetoothManagerService: Bluetooth Adapter name changed to Android-x86
04-23 18:47:14.682 2325 2354 D BluetoothManagerService: MESSAGE_BLUETOOTH_SERVICE_CONNECTED: 1
04-23 18:47:14.683 2325 2325 D BluetoothManagerService: Stored Bluetooth name: Android-x86
04-23 18:47:14.684 3855 3872 I bluedroid: config_hci_snoop_log
04-23 18:47:14.686 2325 2354 D BluetoothManagerService: Calling onBluetoothServiceUp callbacks
04-23 18:47:14.686 2325 2354 D BluetoothManagerService: Broadcasting onBluetoothServiceUp() to 5 receivers.
04-23 18:47:14.691 3855 3873 D BluetoothAdapterState: CURRENT_STATE=OFF, MESSAGE = USER_TURN_ON
04-23 18:47:14.691 3855 3873 D BluetoothAdapterProperties: Setting state to 11
04-23 18:47:14.691 3855 3873 I BluetoothAdapterState: Bluetooth adapter state changed: 10-> 11
04-23 18:47:14.691 2325 2354 D BluetoothManagerService: Message: 60
04-23 18:47:14.691 2325 2354 D BluetoothManagerService: MESSAGE_BLUETOOTH_STATE_CHANGE: prevState = 10, newState=11
04-23 18:47:14.691 2325 2354 D BluetoothManagerService: Bluetooth State Change Intent: 10 -> 11
04-23 18:47:14.694 3855 3873 D BluetoothBondStateMachine: make
04-23 18:47:14.700 3855 3877 I BluetoothBondStateMachine: StableState(): Entering Off State
04-23 18:47:14.705 3855 3855 D BluetoothAdapterService: getAdapterService() - returning com.android.bluetooth.btservice.AdapterService@2ca8dbd1
04-23 18:47:14.706 3855 3855 D HeadsetService: Received start request. Starting profile...
04-23 18:47:14.708 3855 3855 I BluetoothHeadsetServiceJni: classInitNative: succeeds
04-23 18:47:14.708 3855 3855 D HeadsetStateMachine: make
04-23 18:47:14.718 3855 3873 I BluetoothAdapterState: Entering PendingCommandState State: isTurningOn()=true, isTurningOff()=false
04-23 18:47:14.721 3855 3855 D HeadsetStateMachine: max_hf_connections = 1
04-23 18:47:14.721 3855 3855 I bluedroid: get_profile_interface handsfree
04-23 18:47:14.723 3855 3878 D HeadsetStateMachine: Enter Disconnected: -2, size: 0
04-23 18:47:14.726 3855 3855 D BluetoothAdapterService: getAdapterService() - returning com.android.bluetooth.btservice.AdapterService@2ca8dbd1
04-23 18:47:14.727 3855 3855 D A2dpService: Received start request. Starting profile...
04-23 18:47:14.727 3855 3855 I BluetoothAvrcpServiceJni: classInitNative: succeeds
04-23 18:47:14.727 3855 3855 I bluedroid: get_profile_interface avrcp
04-23 18:47:14.736 3855 3855 E RemoteController: Cannot set synchronization mode on an unregistered RemoteController
04-23 18:47:14.736 3855 3855 I BluetoothA2dpServiceJni: classInitNative: succeeds
04-23 18:47:14.736 3855 3855 D A2dpStateMachine: make
04-23 18:47:14.738 3855 3855 I bluedroid: get_profile_interface a2dp
04-23 18:47:14.739 3855 3882 I GKI_LINUX: gki_task_entry task_id=2 [A2DP-MEDIA] starting
04-23 18:47:14.740 3855 3881 D A2dpStateMachine: Enter Disconnected: -2
04-23 18:47:14.741 3855 3855 I BluetoothHidServiceJni: classInitNative: succeeds
04-23 18:47:14.742 3855 3855 D BluetoothAdapterService: getAdapterService() - returning com.android.bluetooth.btservice.AdapterService@2ca8dbd1
04-23 18:47:14.743 3855 3855 D HidService: Received start request. Starting profile...
04-23 18:47:14.743 3855 3855 I bluedroid: get_profile_interface hidhost
04-23 18:47:14.743 3819 3819 D BluetoothInputDevice: Proxy object connected
04-23 18:47:14.744 3855 3855 I BluetoothHealthServiceJni: classInitNative: succeeds
04-23 18:47:14.744 3819 3819 D HidProfile: Bluetooth service connected
04-23 18:47:14.745 3855 3855 D BluetoothAdapterService: getAdapterService() - returning com.android.bluetooth.btservice.AdapterService@2ca8dbd1
04-23 18:47:14.745 3855 3855 D HealthService: Received start request. Starting profile...
04-23 18:47:14.747 3855 3855 I bluedroid: get_profile_interface health
04-23 18:47:14.748 3855 3855 I BluetoothPanServiceJni: classInitNative(L105): succeeds
04-23 18:47:14.749 3855 3855 D BluetoothAdapterService: getAdapterService() - returning com.android.bluetooth.btservice.AdapterService@2ca8dbd1
04-23 18:47:14.750 3819 3819 D BluetoothPan: BluetoothPAN Proxy object connected
04-23 18:47:14.751 3855 3855 D PanService: Received start request. Starting profile...
04-23 18:47:14.751 3855 3855 D BluetoothPanServiceJni: initializeNative(L110): pan
04-23 18:47:14.751 3855 3855 I bluedroid: get_profile_interface pan
04-23 18:47:14.751 3819 3819 D PanProfile: Bluetooth service connected
04-23 18:47:14.753 3855 3855 I BtGatt.JNI: classInitNative(L873): classInitNative: Success!
04-23 18:47:14.755 3855 3855 D BluetoothAdapterService: getAdapterService() - returning com.android.bluetooth.btservice.AdapterService@2ca8dbd1
04-23 18:47:14.756 3855 3855 D BtGatt.DebugUtils: handleDebugAction() action=null
04-23 18:47:14.756 3855 3855 D BtGatt.GattService: Received start request. Starting profile...
04-23 18:47:14.756 3855 3855 D BtGatt.GattService: start()
04-23 18:47:14.756 3855 3855 I bluedroid: get_profile_interface gatt
04-23 18:47:14.758 3855 3855 D BluetoothAdapterService: getAdapterService() - returning com.android.bluetooth.btservice.AdapterService@2ca8dbd1
04-23 18:47:14.758 3855 3855 D BtGatt.AdvertiseManager: advertise manager created
