04-23 18:41:33.127 3441 3460 V AlarmClock: AlarmInitReceiver - resetting volume button default
04-23 18:41:33.137 3441 3460 I AlarmClock: Alarms Table created
04-23 18:41:33.138 3441 3460 I AlarmClock: Instance table created
04-23 18:41:33.139 3441 3460 I AlarmClock: Cities table created
04-23 18:41:33.139 3441 3460 I AlarmClock: Inserting default alarms
04-23 18:41:33.150 3441 3460 V AlarmClock: AlarmInitReceiver finished
04-23 18:41:33.166 2997 2997 I G:DisableCameraReceiver: no back camera
04-23 18:41:33.166 2997 2997 I G:DisableCameraReceiver: disable all camera activities
04-23 18:41:33.177 2737 2737 I SystemBroadcastReceiver: Boot has been completed
04-23 18:41:33.182 3078 3462 I Email : Onetime initialization: 1
04-23 18:41:33.183 2737 2737 I LauncherIconVisibilityManager: Disable activity: ComponentInfo{com.android.inputmethod.latin/com.android.inputmethod.latin.setup.SetupActivity}
04-23 18:41:33.187 3078 3462 I Email : Onetime initialization: 2
04-23 18:41:33.192 3078 3462 I Email : Onetime initialization: completed.
04-23 18:41:33.206 2756 3463 D SIP : [SipSharedPreferences] isReceivingCallsEnabled, option not set; use default value, exception: android.provider.Settings$SettingNotFoundException: sip_receive_calls
04-23 18:41:33.211 3016 3016 I Exchange: EasService.onCreate
04-23 18:41:33.214 3016 3466 I Exchange: RestartPingTask
04-23 18:41:33.223 3364 3364 V Mms : onStart: #1 mResultCode: -1 = Activity.RESULT_OK
04-23 18:41:33.237 3016 3016 I Exchange: RestartPingsTask did not start any pings.
04-23 18:41:33.237 3016 3016 I Exchange: PSS stopIfIdle
04-23 18:41:33.237 3016 3016 I Exchange: PSS has no active accounts; stopping service.
04-23 18:41:33.238 3016 3016 I Exchange: onDestroy
04-23 18:41:33.472 3321 3321 I CalendarProvider2: Sending notification intent: Intent { act=android.intent.action.PROVIDER_CHANGED dat=content://com.android.calendar }
04-23 18:41:33.472 3321 3321 W ContentResolver: Failed to get type for: content://com.android.calendar (Unknown URL content://com.android.calendar)
04-23 18:41:33.476 3293 3293 D AlertReceiver: onReceive: a=android.intent.action.PROVIDER_CHANGED Intent { act=android.intent.action.PROVIDER_CHANGED dat=content://com.android.calendar flg=0x10 cmp=com.android.calendar/.alerts.AlertReceiver }
04-23 18:41:33.484 3293 3467 D AlertService: 0 Action = android.intent.action.PROVIDER_CHANGED
04-23 18:41:33.717 2034 2517 E MetadataRetrieverClient: failed to extract an album art
04-23 18:41:33.751 2034 2517 E MetadataRetrieverClient: failed to extract an album art
04-23 18:41:33.758 2325 2633 W BackupManagerService: dataChanged but no participant pkg='com.android.providers.settings' uid=10005
04-23 18:41:33.812 2034 2843 E MetadataRetrieverClient: failed to extract an album art
04-23 18:41:34.468 2844 3363 W MediaScanner: Error opening directory '/oem/media/', skipping: No such file or directory.
04-23 18:41:34.502 2034 2034 E MetadataRetrieverClient: failed to extract an album art
04-23 18:41:34.635 2844 3363 W MediaScanner: Error opening directory '/storage/sdcard1/', skipping: Permission denied.
04-23 18:41:34.635 2844 3363 W MediaScanner: Error opening directory '/storage/usb0/', skipping: Permission denied.
04-23 18:41:34.635 2844 3363 W MediaScanner: Error opening directory '/storage/usb1/', skipping: Permission denied.
04-23 18:41:34.635 2844 3363 W MediaScanner: Error opening directory '/storage/usb2/', skipping: Permission denied.
04-23 18:41:34.636 2844 3363 W MediaScanner: Error opening directory '/storage/usb3/', skipping: Permission denied.
04-23 18:41:34.655 2844 3363 V MediaScanner: pruneDeadThumbnailFiles... android.database.sqlite.SQLiteCursor@2cae6b2a
04-23 18:41:34.656 2844 3363 V MediaScanner: /pruneDeadThumbnailFiles... android.database.sqlite.SQLiteCursor@2cae6b2a
04-23 18:41:34.665 2325 2994 I ActivityManager: Killing 2818:com.android.externalstorage/u0a6 (adj 15): empty #17
04-23 18:41:35.176 2325 2354 E BluetoothManagerService: waitForOnOff time out
04-23 18:41:35.179 2325 2354 D BluetoothManagerService: Stored Bluetooth name: Android-x86
04-23 18:41:35.182 2325 2354 D BluetoothManagerService: Stored Bluetoothaddress: 22:22:5E:5B:63:72
04-23 18:41:35.184 2325 2351 D SettingsProvider: User 0 external modification to /data/data/com.android.providers.settings/databases/settings.db; event=2
04-23 18:41:35.184 2325 2351 D SettingsProvider: User 0 updating our caches for /data/data/com.android.providers.settings/databases/settings.db
04-23 18:41:35.186 3221 3283 D BluetoothAdapterState: CURRENT_STATE=PENDING, MESSAGE = USER_TURN_ON, isTurningOn=true, isTurningOff=false
04-23 18:41:35.186 3221 3283 I BluetoothAdapterState: CURRENT_STATE=PENDING: Deferring request USER_TURN_OFF
04-23 18:41:35.308 3221 3319 E bt-btif : ...preload_wait_timeout (retried:0/max-retry:0)...
04-23 18:41:35.310 3221 3318 W bt-btu : btu_task start abort!
04-23 18:41:35.310 3221 3318 I GKI_LINUX: gki_task task_id=0 [BTU] terminating
04-23 18:41:35.310 3221 3286 I GKI_LINUX: GKI_exit_task 0 done
04-23 18:41:35.310 3221 3286 I GKI_LINUX: GKI_shutdown(): task [BTU] terminated
04-23 18:41:35.310 3221 3286 I GKI_LINUX: GKI_exit_task 1 done
04-23 18:41:35.310 3221 3291 I GKI_LINUX: gki_task task_id=2 [A2DP-MEDIA] terminating
04-23 18:41:35.310 3221 3286 I GKI_LINUX: GKI_exit_task 2 done
04-23 18:41:35.311 3221 3283 D BluetoothAdapterState: CURRENT_STATE=PENDING, MESSAGE = DISABLED, isTurningOn=true, isTurningOff=false
04-23 18:41:35.311 3221 3283 E BluetoothAdapterState: Error enabling Bluetooth - hardware init failed
04-23 18:41:35.311 3221 3286 I GKI_LINUX: gki_task task_id=1 [BTIF] terminating
04-23 18:41:35.313 3221 3221 D HeadsetService: Received stop request...Stopping profile...
04-23 18:41:35.315 3221 3288 D HeadsetStateMachine: Exit Disconnected: -1
04-23 18:41:35.319 3221 3221 D A2dpService: Received stop request...Stopping profile...
04-23 18:41:35.320 3221 3290 D A2dpStateMachine: Exit Disconnected: -1
04-23 18:41:35.322 3221 3283 D BluetoothAdapterProperties: Setting state to 10
04-23 18:41:35.322 3221 3283 I BluetoothAdapterState: Bluetooth adapter state changed: 11-> 10
04-23 18:41:35.322 3221 3283 I BluetoothAdapterState: Entering OffState
04-23 18:41:35.322 3221 3283 D BluetoothAdapterState: CURRENT_STATE=OFF, MESSAGE = USER_TURN_OFF
04-23 18:41:35.322 2325 2325 D BluetoothA2dp: Proxy object disconnected
04-23 18:41:35.324 3221 3221 D HidService: Received stop request...Stopping profile...
04-23 18:41:35.326 2693 2693 D BluetoothA2dp: Proxy object disconnected
04-23 18:41:35.326 3221 3221 D HeadsetStateMachine: Unbinding service...
04-23 18:41:35.328 2693 2693 D BluetoothInputDevice: Proxy object disconnected
04-23 18:41:35.330 3221 3221 W BluetoothHeadsetServiceJni: Cleaning up Bluetooth Handsfree Interface...
04-23 18:41:35.330 3221 3221 W BluetoothHeadsetServiceJni: Cleaning up Bluetooth Handsfree callback object
04-23 18:41:35.331 3221 3221 D HealthService: Received stop request...Stopping profile...
04-23 18:41:35.333 3221 3221 D PanService: Received stop request...Stopping profile...
04-23 18:41:35.334 2693 2693 D BluetoothPan: BluetoothPAN Proxy object disconnected
04-23 18:41:35.334 3221 3221 D BtGatt.DebugUtils: handleDebugAction() action=null
04-23 18:41:35.335 3221 3221 D BtGatt.GattService: Received stop request...Stopping profile...
04-23 18:41:35.335 3221 3221 D BtGatt.GattService: stop()
04-23 18:41:35.335 3221 3221 D BtGatt.AdvertiseManager: advertise clients cleared
04-23 18:41:35.338 3221 3221 D BluetoothMapService: Received stop request...Stopping profile...
04-23 18:41:35.338 3221 3221 D BluetoothMapService: stop()
04-23 18:41:35.338 3221 3221 D BluetoothMapEmailAppObserver: deinitObservers()
04-23 18:41:35.338 3221 3221 D BluetoothMapEmailAppObserver: removeReceiver()
04-23 18:41:35.341 2693 2693 D BluetoothMap: Proxy object disconnected
04-23 18:41:35.341 3221 3221 W BluetoothHidServiceJni: Cleaning up Bluetooth HID Interface...
04-23 18:41:35.341 3221 3221 W bt-btif : cleanup: HH disabling or disabled already, status = 0
04-23 18:41:35.341 3221 3221 W BluetoothHidServiceJni: Cleaning up Bluetooth GID callback object
04-23 18:41:35.341 3221 3221 W BluetoothHealthServiceJni: Cleaning up Bluetooth Health Interface...
04-23 18:41:35.342 3221 3221 W BluetoothHealthServiceJni: Cleaning up Bluetooth Health object
04-23 18:41:35.342 3221 3221 W BluetoothPanServiceJni: Cleaning up Bluetooth PAN Interface...
04-23 18:41:35.342 3221 3221 W BluetoothPanServiceJni: Cleaning up Bluetooth PAN callback object
04-23 18:41:35.344 3221 3221 D BtGatt.GattService: cleanup()
04-23 18:41:35.346 3221 3221 W bt-btif : GATTC Module not enabled/already disabled
04-23 18:41:35.346 3221 3221 W bt-btif : GATTS Module not enabled/already disabled
04-23 18:41:35.346 3221 3221 D BtGatt.AdvertiseManager: advertise clients cleared
04-23 18:41:35.347 3221 3221 D BluetoothMapService: MAP Service closeService in
04-23 18:41:35.348 3221 3221 D BluetoothMapMasInstance: MAP Service shutdown
04-23 18:41:35.348 3221 3221 D BluetoothMapService: cleanup()
04-23 18:41:35.348 3221 3221 D BluetoothMapService: MAP Service closeService in
04-23 18:41:35.489 2325 2354 D BluetoothManagerService: unbindAndFinish(): android.bluetooth.IBluetooth$Stub$Proxy@1c98db41 mBinding = false
04-23 18:41:35.489 2325 2354 D BluetoothManagerService: Sending unbind request.
04-23 18:41:35.492 3221 3221 I BluetoothServiceJni: cleanupNative: return from cleanup
04-23 18:41:35.494 3221 3221 I art : System.exit called, status: 0
04-23 18:41:35.494 3221 3221 I AndroidRuntime: VM exiting with result code 0, cleanup skipped.
04-23 18:41:35.514 2325 2634 I ActivityManager: Process com.android.bluetooth (pid 3221) has died
04-23 18:41:36.497 2325 2350 I ActivityManager: Waited long enough for: ServiceRecord{349cd5ce u0 com.android.music/.MediaPlaybackService}
04-23 18:41:37.486 3321 3477 E SQLiteLog: (284) automatic index on view_events(_id)
04-23 18:41:38.485 3293 3467 I GlobalDismissManager: no sender configured
04-23 18:41:38.486 3293 3467 D AlertService: Beginning updateAlertNotification
04-23 18:41:38.502 3293 3467 D AlertService: No fired or scheduled alerts
04-23 18:41:38.518 3293 3467 D AlertService: Scheduling next alarm with AlarmScheduler. sEventReminderReceived: null
04-23 18:41:38.531 3293 3467 D AlarmScheduler: No events found starting within 1 week.
04-23 18:41:42.356 2325 2424 I InputReader: Reconfiguring input devices. changes=0x00000010
04-23 18:41:42.360 2325 2424 I InputReader: Reconfiguring input devices. changes=0x00000010
04-23 18:41:42.364 2325 2995 W BackupManagerService: dataChanged but no participant pkg='com.cyanogenmod.trebuchet' uid=10014
04-23 18:41:42.365 2325 2424 I InputReader: Reconfiguring input devices. changes=0x00000010
04-23 18:41:42.367 2325 2325 D BackupManagerService: Received broadcast Intent { act=android.intent.action.PACKAGE_CHANGED dat=package:com.android.camera2 flg=0x4000010 (has extras) }
04-23 18:41:42.370 2325 2424 I InputReader: Reconfiguring input devices. changes=0x00000010
04-23 18:41:42.374 2325 2424 I InputReader: Reconfiguring input devices. changes=0x00000010
04-23 18:41:42.387 2325 2325 D BackupManagerService: Received broadcast Intent { act=android.intent.action.PACKAGE_CHANGED dat=package:com.android.calendar flg=0x4000010 (has extras) }
04-23 18:41:42.390 2909 2909 W Launcher: setApplicationContext called twice! old=com.android.launcher3.LauncherApplication@1976932b new=com.android.launcher3.LauncherApplication@1976932b
04-23 18:41:42.399 2325 2325 D BackupManagerService: Received broadcast Intent { act=android.intent.action.PACKAGE_CHANGED dat=package:com.android.gallery3d flg=0x4000010 (has extras) }
04-23 18:41:42.414 2325 2325 D BackupManagerService: Received broadcast Intent { act=android.intent.action.PACKAGE_CHANGED dat=package:com.android.inputmethod.latin flg=0x4000010 (has extras) }
04-23 18:41:42.441 2325 2325 D BackupManagerService: Received broadcast Intent { act=android.intent.action.PACKAGE_CHANGED dat=package:com.android.email flg=0x4000010 (has extras) }
04-23 18:41:42.493 2909 2909 W Launcher: setApplicationContext called twice! old=com.android.launcher3.LauncherApplication@1976932b new=com.android.launcher3.LauncherApplication@1976932b
04-23 18:41:42.501 2325 2995 W BackupManagerService: dataChanged but no participant pkg='com.cyanogenmod.trebuchet' uid=10014
04-23 18:41:42.555 2909 2909 W Launcher: setApplicationContext called twice! old=com.android.launcher3.LauncherApplication@1976932b new=com.android.launcher3.LauncherApplication@1976932b
04-23 18:41:42.608 2909 2909 W Launcher: setApplicationContext called twice! old=com.android.launcher3.LauncherApplication@1976932b new=com.android.launcher3.LauncherApplication@1976932b
04-23 18:41:42.651 2909 2909 W Launcher: setApplicationContext called twice! old=com.android.launcher3.LauncherApplication@1976932b new=com.android.launcher3.LauncherApplication@1976932b
04-23 18:41:47.966 2325 2350 I ActivityManager: Waited long enough for: ServiceRecord{1d6bb409 u0 com.android.calendar/.alerts.InitAlarmsService}
04-23 18:41:50.607 2325 2351 D SettingsProvider: User 0 external modification to /data/data/com.android.providers.settings/databases/settings.db; event=2
04-23 18:41:50.607 2325 2351 D SettingsProvider: User 0 updating our caches for /data/data/com.android.providers.settings/databases/settings.db
04-23 18:41:58.960 2693 2693 D PhoneStatusBar: disable: < expand ICONS* alerts SYSTEM_INFO* back home recent clock search
> 04-23 18:41:59.554 2693 2693 D PhoneStatusBar: disable: < expand icons* alerts system_info* back home recent clock search
> 04-23 18:41:59.566 2325 3045 W InputMethodManagerService: Window already focused, ignoring focus gain of: com.android.internal.view.IInputMethodClient$Stub$Proxy@378c191 attribute=null, token = android.os.BinderProxy@5a1bb99
04-23 18:42:02.147 2325 2515 W AudioTrack: AUDIO_OUTPUT_FLAG_FAST denied by client
04-23 18:42:02.430 2034 2307 E audio_hw_primary: no pcm card found!
04-23 18:42:02.442 2034 2307 E audio_hw_primary: no pcm card found!
04-23 18:42:02.453 2034 2307 E audio_hw_primary: no pcm card found!
04-23 18:42:02.464 2034 2307 E audio_hw_primary: no pcm card found!
04-23 18:42:02.476 2034 2307 E audio_hw_primary: no pcm card found!
04-23 18:42:02.487 2034 2307 E audio_hw_primary: no pcm card found!
04-23 18:42:02.498 2034 2307 E audio_hw_primary: no pcm card found!
04-23 18:42:02.509 2034 2307 E audio_hw_primary: no pcm card found!
04-23 18:42:02.521 2034 2307 E audio_hw_primary: no pcm card found!
04-23 18:42:02.532 2034 2307 E audio_hw_primary: no pcm card found!
04-23 18:42:02.543 2034 2307 E audio_hw_primary: no pcm card found!
04-23 18:42:02.555 2034 2307 E audio_hw_primary: no pcm card found!
04-23 18:42:02.566 2034 2307 E audio_hw_primary: no pcm card found!
04-23 18:42:02.577 2034 2307 E audio_hw_primary: no pcm card found!
04-23 18:42:02.589 2034 2307 E audio_hw_primary: no pcm card found!
04-23 18:42:02.600 2034 2307 E audio_hw_primary: no pcm card found!
04-23 18:42:02.611 2034 2307 E audio_hw_primary: no pcm card found!
04-23 18:42:02.623 2034 2307 E audio_hw_primary: no pcm card found!
04-23 18:42:02.634 2034 2307 E audio_hw_primary: no pcm card found!
04-23 18:42:02.645 2034 2307 E audio_hw_primary: no pcm card found!
04-23 18:42:02.657 2034 2307 E audio_hw_primary: no pcm card found!
04-23 18:42:02.668 2034 2307 E audio_hw_primary: no pcm card found!
04-23 18:42:02.679 2034 2307 E audio_hw_primary: no pcm card found!
04-23 18:42:02.691 2034 2307 E audio_hw_primary: no pcm card found!
04-23 18:42:02.702 2034 2307 E audio_hw_primary: no pcm card found!
04-23 18:42:02.713 2034 2307 E audio_hw_primary: no pcm card found!
04-23 18:42:02.725 2034 2307 E audio_hw_primary: no pcm card found!
04-23 18:42:02.736 2034 2307 E audio_hw_primary: no pcm card found!
04-23 18:42:02.747 2034 2307 E audio_hw_primary: no pcm card found!
04-23 18:42:02.759 2034 2307 E audio_hw_primary: no pcm card found!
04-23 18:42:02.770 2034 2307 E audio_hw_primary: no pcm card found!
04-23 18:42:02.781 2034 2307 E audio_hw_primary: no pcm card found!
04-23 18:42:02.793 2034 2307 E audio_hw_primary: no pcm card found!
04-23 18:42:02.804 2034 2307 E audio_hw_primary: no pcm card found!
04-23 18:42:02.815 2034 2307 E audio_hw_primary: no pcm card found!
04-23 18:42:02.827 2034 2307 E audio_hw_primary: no pcm card found!
04-23 18:42:02.838 2034 2307 E audio_hw_primary: no pcm card found!
04-23 18:42:02.849 2034 2307 E audio_hw_primary: no pcm card found!
04-23 18:42:02.861 2034 2307 E audio_hw_primary: no pcm card found!
04-23 18:42:02.872 2034 2307 E audio_hw_primary: no pcm card found!
04-23 18:42:02.883 2034 2307 E audio_hw_primary: no pcm card found!
04-23 18:42:02.895 2034 2307 E audio_hw_primary: no pcm card found!
04-23 18:42:02.906 2034 2307 E audio_hw_primary: no pcm card found!
04-23 18:42:02.918 2034 2307 E audio_hw_primary: no pcm card found!
04-23 18:42:02.929 2034 2307 E audio_hw_primary: no pcm card found!
04-23 18:42:02.940 2034 2307 E audio_hw_primary: no pcm card found!
04-23 18:42:02.952 2034 2307 E audio_hw_primary: no pcm card found!
04-23 18:42:02.963 2034 2307 E audio_hw_primary: no pcm card found!
04-23 18:42:02.965 3293 3430 D InitAlarmsService: Clearing and rescheduling alarms.
04-23 18:42:02.974 2034 2307 E audio_hw_primary: no pcm card found!
04-23 18:42:02.981 2325 2345 I ActivityManager: Killing 2888:com.android.provision/u0a45 (adj 15): empty #17
04-23 18:42:02.985 2034 2307 E audio_hw_primary: no pcm card found!
04-23 18:42:02.996 2034 2307 E audio_hw_primary: no pcm card found!
04-23 18:42:03.007 2034 2307 E audio_hw_primary: no pcm card found!
04-23 18:42:03.018 2034 2307 E audio_hw_primary: no pcm card found!
04-23 18:42:03.029 2034 2307 E audio_hw_primary: no pcm card found!
04-23 18:42:03.040 2034 2307 E audio_hw_primary: no pcm card found!
04-23 18:42:03.052 2034 2307 E audio_hw_primary: no pcm card found!
04-23 18:42:03.063 2034 2307 E audio_hw_primary: no pcm card found!
04-23 18:42:03.074 2034 2307 E audio_hw_primary: no pcm card found!
04-23 18:42:03.085 2034 2307 E audio_hw_primary: no pcm card found!
04-23 18:42:03.096 2034 2307 E audio_hw_primary: no pcm card found!
04-23 18:42:03.107 2034 2307 E audio_hw_primary: no pcm card found!
04-23 18:42:03.118 2034 2307 E audio_hw_primary: no pcm card found!
04-23 18:42:03.129 2034 2307 E audio_hw_primary: no pcm card found!
04-23 18:42:03.140 2034 2307 E audio_hw_primary: no pcm card found!
04-23 18:42:03.151 2034 2307 E audio_hw_primary: no pcm card found!
04-23 18:42:03.163 2034 2307 E audio_hw_primary: no pcm card found!
04-23 18:42:03.174 2034 2307 E audio_hw_primary: no pcm card found!
04-23 18:42:03.185 2034 2307 E audio_hw_primary: no pcm card found!
04-23 18:42:03.197 2034 2307 E audio_hw_primary: no pcm card found!
04-23 18:42:03.208 2034 2307 E audio_hw_primary: no pcm card found!
04-23 18:42:03.219 2034 2307 E audio_hw_primary: no pcm card found!
04-23 18:42:03.231 2034 2307 E audio_hw_primary: no pcm card found!
04-23 18:42:03.242 2034 2307 E audio_hw_primary: no pcm card found!
04-23 18:42:03.254 2034 2307 E audio_hw_primary: no pcm card found!
04-23 18:42:03.265 2034 2307 E audio_hw_primary: no pcm card found!
04-23 18:42:03.276 2034 2307 E audio_hw_primary: no pcm card found!
04-23 18:42:03.288 2034 2307 E audio_hw_primary: no pcm card found!
04-23 18:42:03.299 2034 2307 E audio_hw_primary: no pcm card found!
04-23 18:42:03.311 2034 2307 E audio_hw_primary: no pcm card found!
04-23 18:42:03.322 2034 2307 E audio_hw_primary: no pcm card found!
04-23 18:42:03.334 2034 2307 E audio_hw_primary: no pcm card found!
04-23 18:42:03.345 2034 2307 E audio_hw_primary: no pcm card found!
04-23 18:42:03.356 2034 2307 E audio_hw_primary: no pcm card found!
04-23 18:42:03.368 2034 2307 E audio_hw_primary: no pcm card found!
04-23 18:42:03.379 2034 2307 E audio_hw_primary: no pcm card found!
04-23 18:42:03.390 2034 2307 E audio_hw_primary: no pcm card found!
04-23 18:42:03.402 2034 2307 E audio_hw_primary: no pcm card found!
04-23 18:42:03.413 2034 2307 E audio_hw_primary: no pcm card found!
04-23 18:42:03.424 2034 2307 E audio_hw_primary: no pcm card found!
04-23 18:42:03.436 2034 2307 E audio_hw_primary: no pcm card found!
04-23 18:42:03.447 2034 2307 E audio_hw_primary: no pcm card found!
04-23 18:42:03.458 2034 2307 E audio_hw_primary: no pcm card found!
04-23 18:42:03.470 2034 2307 E audio_hw_primary: no pcm card found!
04-23 18:42:03.481 2034 2307 E audio_hw_primary: no pcm card found!
04-23 18:42:03.493 2034 2307 E audio_hw_primary: no pcm card found!
04-23 18:42:03.504 2034 2307 E audio_hw_primary: no pcm card found!
04-23 18:42:03.515 2034 2307 E audio_hw_primary: no pcm card found!
04-23 18:42:03.527 2034 2307 E audio_hw_primary: no pcm card found!
04-23 18:42:03.538 2034 2307 E audio_hw_primary: no pcm card found!
04-23 18:42:03.549 2034 2307 E audio_hw_primary: no pcm card found!
04-23 18:42:03.561 2034 2307 E audio_hw_primary: no pcm card found!
04-23 18:42:03.572 2034 2307 E audio_hw_primary: no pcm card found!
04-23 18:42:03.583 2034 2307 E audio_hw_primary: no pcm card found!
04-23 18:42:03.595 2034 2307 E audio_hw_primary: no pcm card found!
04-23 18:42:03.606 2034 2307 E audio_hw_primary: no pcm card found!
04-23 18:42:03.617 2034 2307 E audio_hw_primary: no pcm card found!
04-23 18:42:03.629 2034 2307 E audio_hw_primary: no pcm card found!
04-23 18:42:03.640 2034 2307 E audio_hw_primary: no pcm card found!
04-23 18:42:03.652 2034 2307 E audio_hw_primary: no pcm card found!
04-23 18:42:03.663 2034 2307 E audio_hw_primary: no pcm card found!
04-23 18:42:03.674 2034 2307 E audio_hw_primary: no pcm card found!
04-23 18:42:03.686 2034 2307 E audio_hw_primary: no pcm card found!
04-23 18:42:03.697 2034 2307 E audio_hw_primary: no pcm card found!
04-23 18:42:03.709 2034 2307 E audio_hw_primary: no pcm card found!
04-23 18:42:03.720 2034 2307 E audio_hw_primary: no pcm card found!
04-23 18:42:03.731 2034 2307 E audio_hw_primary: no pcm card found!
04-23 18:42:03.743 2034 2307 E audio_hw_primary: no pcm card found!
04-23 18:42:03.754 2034 2307 E audio_hw_primary: no pcm card found!
04-23 18:42:03.765 2034 2307 E audio_hw_primary: no pcm card found!
04-23 18:42:03.777 2034 2307 E audio_hw_primary: no pcm card found!
04-23 18:42:03.788 2034 2307 E audio_hw_primary: no pcm card found!
04-23 18:42:03.799 2034 2307 E audio_hw_primary: no pcm card found!
04-23 18:42:03.811 2034 2307 E audio_hw_primary: no pcm card found!
04-23 18:42:03.822 2034 2307 E audio_hw_primary: no pcm card found!
04-23 18:42:03.833 2034 2307 E audio_hw_primary: no pcm card found!
04-23 18:42:03.845 2034 2307 E audio_hw_primary: no pcm card found!
04-23 18:42:03.856 2034 2307 E audio_hw_primary: no pcm card found!
04-23 18:42:03.868 2034 2307 E audio_hw_primary: no pcm card found!
04-23 18:42:03.879 2034 2307 E audio_hw_primary: no pcm card found!
04-23 18:42:03.890 2034 2307 E audio_hw_primary: no pcm card found!
04-23 18:42:03.902 2034 2307 E audio_hw_primary: no pcm card found!
04-23 18:42:03.913 2034 2307 E audio_hw_primary: no pcm card found!
04-23 18:42:03.924 2034 2307 E audio_hw_primary: no pcm card found!
04-23 18:42:03.936 2034 2307 E audio_hw_primary: no pcm card found!
04-23 18:42:03.947 2034 2307 E audio_hw_primary: no pcm card found!
04-23 18:42:03.959 2034 2307 E audio_hw_primary: no pcm card found!
04-23 18:42:03.970 2034 2307 E audio_hw_primary: no pcm card found!
04-23 18:42:03.981 2034 2307 E audio_hw_primary: no pcm card found!
04-23 18:42:03.993 2034 2307 E audio_hw_primary: no pcm card found!
04-23 18:42:04.004 2034 2307 E audio_hw_primary: no pcm card found!
04-23 18:42:04.016 2034 2307 E audio_hw_primary: no pcm card found!
04-23 18:42:04.027 2034 2307 E audio_hw_primary: no pcm card found!
04-23 18:42:04.038 2034 2307 E audio_hw_primary: no pcm card found!
04-23 18:42:04.050 2034 2307 E audio_hw_primary: no pcm card found!
04-23 18:42:04.061 2034 2307 E audio_hw_primary: no pcm card found!
04-23 18:42:04.072 2034 2307 E audio_hw_primary: no pcm card found!
04-23 18:42:04.084 2034 2307 E audio_hw_primary: no pcm card found!
04-23 18:42:04.095 2034 2307 E audio_hw_primary: no pcm card found!
04-23 18:42:04.106 2034 2307 E audio_hw_primary: no pcm card found!
04-23 18:42:04.118 2034 2307 E audio_hw_primary: no pcm card found!
04-23 18:42:04.129 2034 2307 E audio_hw_primary: no pcm card found!
04-23 18:42:04.140 2034 2307 E audio_hw_primary: no pcm card found!
04-23 18:42:04.152 2034 2307 E audio_hw_primary: no pcm card found!
04-23 18:42:04.163 2034 2307 E audio_hw_primary: no pcm card found!
04-23 18:42:04.175 2034 2307 E audio_hw_primary: no pcm card found!
04-23 18:42:04.186 2034 2307 E audio_hw_primary: no pcm card found!
04-23 18:42:04.197 2034 2307 E audio_hw_primary: no pcm card found!
04-23 18:42:04.209 2034 2307 E audio_hw_primary: no pcm card found!
04-23 18:42:04.220 2034 2307 E audio_hw_primary: no pcm card found!
04-23 18:42:04.232 2034 2307 E audio_hw_primary: no pcm card found!
04-23 18:42:04.243 2034 2307 E audio_hw_primary: no pcm card found!
04-23 18:42:04.254 2034 2307 E audio_hw_primary: no pcm card found!
04-23 18:42:04.266 2034 2307 E audio_hw_primary: no pcm card found!
04-23 18:42:04.277 2034 2307 E audio_hw_primary: no pcm card found!
04-23 18:42:04.288 2034 2307 E audio_hw_primary: no pcm card found!
04-23 18:42:04.300 2034 2307 E audio_hw_primary: no pcm card found!
04-23 18:42:04.311 2034 2307 E audio_hw_primary: no pcm card found!
04-23 18:42:04.322 2034 2307 E audio_hw_primary: no pcm card found!
04-23 18:42:04.334 2034 2307 E audio_hw_primary: no pcm card found!
04-23 18:42:04.345 2034 2307 E audio_hw_primary: no pcm card found!
04-23 18:42:04.356 2034 2307 E audio_hw_primary: no pcm card found!
04-23 18:42:04.368 2034 2307 E audio_hw_primary: no pcm card found!
04-23 18:42:04.379 2034 2307 E audio_hw_primary: no pcm card found!
04-23 18:42:04.391 2034 2307 E audio_hw_primary: no pcm card found!
04-23 18:42:04.402 2034 2307 E audio_hw_primary: no pcm card found!
04-23 18:42:04.413 2034 2307 E audio_hw_primary: no pcm card found!
04-23 18:42:04.425 2034 2307 E audio_hw_primary: no pcm card found!
04-23 18:42:04.436 2034 2307 E audio_hw_primary: no pcm card found!
04-23 18:42:04.448 2034 2307 E audio_hw_primary: no pcm card found!
04-23 18:42:04.459 2034 2307 E audio_hw_primary: no pcm card found!
04-23 18:42:04.470 2034 2307 E audio_hw_primary: no pcm card found!
04-23 18:42:04.482 2034 2307 E audio_hw_primary: no pcm card found!
04-23 18:42:04.493 2034 2307 E audio_hw_primary: no pcm card found!
04-23 18:42:04.504 2034 2307 E audio_hw_primary: no pcm card found!
04-23 18:42:04.516 2034 2307 E audio_hw_primary: no pcm card found!
04-23 18:42:04.527 2034 2307 E audio_hw_primary: no pcm card found!
04-23 18:42:04.538 2034 2307 E audio_hw_primary: no pcm card found!
04-23 18:42:04.550 2034 2307 E audio_hw_primary: no pcm card found!
04-23 18:42:04.561 2034 2307 E audio_hw_primary: no pcm card found!
04-23 18:42:04.573 2034 2307 E audio_hw_primary: no pcm card found!
04-23 18:42:04.584 2034 2307 E audio_hw_primary: no pcm card found!
04-23 18:42:04.595 2034 2307 E audio_hw_primary: no pcm card found!
04-23 18:42:04.607 2034 2307 E audio_hw_primary: no pcm card found!
04-23 18:42:04.618 2034 2307 E audio_hw_primary: no pcm card found!
04-23 18:42:04.629 2034 2307 E audio_hw_primary: no pcm card found!
04-23 18:42:04.641 2034 2307 E audio_hw_primary: no pcm card found!
04-23 18:42:04.652 2034 2307 E audio_hw_primary: no pcm card found!
04-23 18:42:04.663 2034 2307 E audio_hw_primary: no pcm card found!
04-23 18:42:04.675 2034 2307 E audio_hw_primary: no pcm card found!
04-23 18:42:04.686 2034 2307 E audio_hw_primary: no pcm card found!
04-23 18:42:04.697 2034 2307 E audio_hw_primary: no pcm card found!
04-23 18:42:04.709 2034 2307 E audio_hw_primary: no pcm card found!
04-23 18:42:04.720 2034 2307 E audio_hw_primary: no pcm card found!
04-23 18:42:04.731 2034 2307 E audio_hw_primary: no pcm card found!
04-23 18:42:04.743 2034 2307 E audio_hw_primary: no pcm card found!
04-23 18:42:04.754 2034 2307 E audio_hw_primary: no pcm card found!
04-23 18:42:04.765 2034 2307 E audio_hw_primary: no pcm card found!
04-23 18:42:04.777 2034 2307 E audio_hw_primary: no pcm card found!
04-23 18:42:04.788 2034 2307 E audio_hw_primary: no pcm card found!
04-23 18:42:04.799 2034 2307 E audio_hw_primary: no pcm card found!
04-23 18:42:04.811 2034 2307 E audio_hw_primary: no pcm card found!
04-23 18:42:04.822 2034 2307 E audio_hw_primary: no pcm card found!
04-23 18:42:04.833 2034 2307 E audio_hw_primary: no pcm card found!
04-23 18:42:04.845 2034 2307 E audio_hw_primary: no pcm card found!
04-23 18:42:04.856 2034 2307 E audio_hw_primary: no pcm card found!
04-23 18:42:04.868 2034 2307 E audio_hw_primary: no pcm card found!
04-23 18:42:04.879 2034 2307 E audio_hw_primary: no pcm card found!
04-23 18:42:04.890 2034 2307 E audio_hw_primary: no pcm card found!
04-23 18:42:04.902 2034 2307 E audio_hw_primary: no pcm card found!
04-23 18:42:04.913 2034 2307 E audio_hw_primary: no pcm card found!
04-23 18:42:04.924 2034 2307 E audio_hw_primary: no pcm card found!
04-23 18:42:04.936 2034 2307 E audio_hw_primary: no pcm card found!
04-23 18:42:04.947 2034 2307 E audio_hw_primary: no pcm card found!
04-23 18:42:04.958 2034 2307 E audio_hw_primary: no pcm card found!
04-23 18:42:04.970 2034 2307 E audio_hw_primary: no pcm card found!
04-23 18:42:04.981 2034 2307 E audio_hw_primary: no pcm card found!
04-23 18:42:04.992 2034 2307 E audio_hw_primary: no pcm card found!
04-23 18:42:05.004 2034 2307 E audio_hw_primary: no pcm card found!
04-23 18:42:05.015 2034 2307 E audio_hw_primary: no pcm card found!
04-23 18:42:05.026 2034 2307 E audio_hw_primary: no pcm card found!
04-23 18:42:05.037 2034 2307 E audio_hw_primary: no pcm card found!
04-23 18:42:05.049 2034 2307 E audio_hw_primary: no pcm card found!
04-23 18:42:05.060 2034 2307 E audio_hw_primary: no pcm card found!
04-23 18:42:05.071 2034 2307 E audio_hw_primary: no pcm card found!
04-23 18:42:05.083 2034 2307 E audio_hw_primary: no pcm card found!
04-23 18:42:05.094 2034 2307 E audio_hw_primary: no pcm card found!
04-23 18:42:05.105 2034 2307 E audio_hw_primary: no pcm card found!
04-23 18:42:05.117 2034 2307 E audio_hw_primary: no pcm card found!
04-23 18:42:05.128 2034 2307 E audio_hw_primary: no pcm card found!
04-23 18:42:05.139 2034 2307 E audio_hw_primary: no pcm card found!
04-23 18:42:05.151 2034 2307 E audio_hw_primary: no pcm card found!
04-23 18:42:05.162 2034 2307 E audio_hw_primary: no pcm card found!
04-23 18:42:05.174 2034 2307 E audio_hw_primary: no pcm card found!
04-23 18:42:05.185 2034 2307 E audio_hw_primary: no pcm card found!
04-23 18:42:05.196 2034 2307 E audio_hw_primary: no pcm card found!
04-23 18:42:05.208 2034 2307 E audio_hw_primary: no pcm card found!
04-23 18:42:05.219 2034 2307 E audio_hw_primary: no pcm card found!
04-23 18:42:05.230 2034 2307 E audio_hw_primary: no pcm card found!
04-23 18:42:05.242 2034 2307 E audio_hw_primary: no pcm card found!
04-23 18:42:05.253 2034 2307 E audio_hw_primary: no pcm card found!
04-23 18:42:05.264 2034 2307 E audio_hw_primary: no pcm card found!
04-23 18:42:05.276 2034 2307 E audio_hw_primary: no pcm card found!
04-23 18:42:05.287 2034 2307 E audio_hw_primary: no pcm card found!
04-23 18:42:05.298 2034 2307 E audio_hw_primary: no pcm card found!
04-23 18:42:05.310 2034 2307 E audio_hw_primary: no pcm card found!
04-23 18:42:05.321 2034 2307 E audio_hw_primary: no pcm card found!
04-23 18:42:05.333 2034 2307 E audio_hw_primary: no pcm card found!
04-23 18:42:05.344 2034 2307 E audio_hw_primary: no pcm card found!
04-23 18:42:05.355 2034 2307 E audio_hw_primary: no pcm card found!
04-23 18:42:05.367 2034 2307 E audio_hw_primary: no pcm card found!
04-23 18:42:05.378 2034 2307 E audio_hw_primary: no pcm card found!
04-23 18:42:05.390 2034 2307 E audio_hw_primary: no pcm card found!
04-23 18:42:05.401 2034 2307 E audio_hw_primary: no pcm card found!
04-23 18:42:05.412 2034 2307 E audio_hw_primary: no pcm card found!
04-23 18:42:05.424 2034 2307 E audio_hw_primary: no pcm card found!
04-23 18:42:05.435 2034 2307 E audio_hw_primary: no pcm card found!
04-23 18:42:05.446 2034 2307 E audio_hw_primary: no pcm card found!
04-23 18:42:05.458 2034 2307 E audio_hw_primary: no pcm card found!
04-23 18:42:05.469 2034 2307 E audio_hw_primary: no pcm card found!
04-23 18:42:05.480 2034 2307 E audio_hw_primary: no pcm card found!
04-23 18:42:05.492 2034 2307 E audio_hw_primary: no pcm card found!
04-23 18:42:05.503 2034 2307 E audio_hw_primary: no pcm card found!
04-23 18:42:16.979 2325 2515 W AudioTrack: AUDIO_OUTPUT_FLAG_FAST denied by client
04-23 18:42:16.996 2034 2307 E audio_hw_primary: no pcm card found!
04-23 18:42:17.007 2034 2307 E audio_hw_primary: no pcm card found!
04-23 18:42:17.018 2034 2307 E audio_hw_primary: no pcm card found!
04-23 18:42:17.029 2034 2307 E audio_hw_primary: no pcm card found!
04-23 18:42:17.040 2034 2307 E audio_hw_primary: no pcm card found!
04-23 18:42:17.051 2034 2307 E audio_hw_primary: no pcm card found!
04-23 18:42:17.062 2034 2307 E audio_hw_primary: no pcm card found!
04-23 18:42:17.074 2034 2307 E audio_hw_primary: no pcm card found!
04-23 18:42:17.085 2034 2307 E audio_hw_primary: no pcm card found!
04-23 18:42:17.096 2034 2307 E audio_hw_primary: no pcm card found!
04-23 18:42:17.108 2034 2307 E audio_hw_primary: no pcm card found!
04-23 18:42:17.119 2034 2307 E audio_hw_primary: no pcm card found!
04-23 18:42:17.131 2034 2307 E audio_hw_primary: no pcm card found!
04-23 18:42:17.142 2034 2307 E audio_hw_primary: no pcm card found!
04-23 18:42:17.153 2034 2307 E audio_hw_primary: no pcm card found!
04-23 18:42:17.164 2034 2307 E audio_hw_primary: no pcm card found!
04-23 18:42:17.176 2034 2307 E audio_hw_primary: no pcm card found!
04-23 18:42:17.187 2034 2307 E audio_hw_primary: no pcm card found!
04-23 18:42:17.198 2034 2307 E audio_hw_primary: no pcm card found!
04-23 18:42:17.208 2034 2307 E audio_hw_primary: no pcm card found!
04-23 18:42:17.220 2034 2307 E audio_hw_primary: no pcm card found!
04-23 18:42:17.231 2034 2307 E audio_hw_primary: no pcm card found!
04-23 18:42:17.242 2034 2307 E audio_hw_primary: no pcm card found!
04-23 18:42:17.253 2034 2307 E audio_hw_primary: no pcm card found!
04-23 18:42:17.264 2034 2307 E audio_hw_primary: no pcm card found!
04-23 18:42:17.275 2034 2307 E audio_hw_primary: no pcm card found!
04-23 18:42:17.287 2034 2307 E audio_hw_primary: no pcm card found!
04-23 18:42:17.298 2034 2307 E audio_hw_primary: no pcm card found!
04-23 18:42:17.309 2034 2307 E audio_hw_primary: no pcm card found!
04-23 18:42:17.321 2034 2307 E audio_hw_primary: no pcm card found!
04-23 18:42:17.329 2909 2971 V RenderScript: 0x7f14ba3bb000 Launching thread(s), CPUs 4
04-23 18:42:17.332 2034 2307 E audio_hw_primary: no pcm card found!
04-23 18:42:17.343 2034 2307 E audio_hw_primary: no pcm card found!
04-23 18:42:17.354 2034 2307 E audio_hw_primary: no pcm card found!
04-23 18:42:17.365 2034 2307 E audio_hw_primary: no pcm card found!
04-23 18:42:17.376 2034 2307 E audio_hw_primary: no pcm card found!
04-23 18:42:17.387 2034 2307 E audio_hw_primary: no pcm card found!
04-23 18:42:17.399 2034 2307 E audio_hw_primary: no pcm card found!
04-23 18:42:17.410 2034 2307 E audio_hw_primary: no pcm card found!
04-23 18:42:17.421 2034 2307 E audio_hw_primary: no pcm card found!
04-23 18:42:17.433 2034 2307 E audio_hw_primary: no pcm card found!
04-23 18:42:17.444 2034 2307 E audio_hw_primary: no pcm card found!
04-23 18:42:17.455 2034 2307 E audio_hw_primary: no pcm card found!
04-23 18:42:17.466 2034 2307 E audio_hw_primary: no pcm card found!
04-23 18:42:17.477 2034 2307 E audio_hw_primary: no pcm card found!
04-23 18:42:17.489 2034 2307 E audio_hw_primary: no pcm card found!
04-23 18:42:17.500 2034 2307 E audio_hw_primary: no pcm card found!
04-23 18:42:17.512 2034 2307 E audio_hw_primary: no pcm card found!
04-23 18:42:17.523 2034 2307 E audio_hw_primary: no pcm card found!
04-23 18:42:17.534 2034 2307 E audio_hw_primary: no pcm card found!
04-23 18:42:17.546 2034 2307 E audio_hw_primary: no pcm card found!
04-23 18:42:17.557 2034 2307 E audio_hw_primary: no pcm card found!
04-23 18:42:17.569 2034 2307 E audio_hw_primary: no pcm card found!
04-23 18:42:17.580 2034 2307 E audio_hw_primary: no pcm card found!
04-23 18:42:17.591 2034 2307 E audio_hw_primary: no pcm card found!
04-23 18:42:17.603 2034 2307 E audio_hw_primary: no pcm card found!
04-23 18:42:17.614 2034 2307 E audio_hw_primary: no pcm card found!
04-23 18:42:17.626 2034 2307 E audio_hw_primary: no pcm card found!
04-23 18:42:17.637 2034 2307 E audio_hw_primary: no pcm card found!
04-23 18:42:17.649 2034 2307 E audio_hw_primary: no pcm card found!
04-23 18:42:17.660 2034 2307 E audio_hw_primary: no pcm card found!
04-23 18:42:17.671 2034 2307 E audio_hw_primary: no pcm card found!
04-23 18:42:17.683 2034 2307 E audio_hw_primary: no pcm card found!
04-23 18:42:17.694 2034 2307 E audio_hw_primary: no pcm card found!
04-23 18:42:17.705 2034 2307 E audio_hw_primary: no pcm card found!
04-23 18:42:17.717 2034 2307 E audio_hw_primary: no pcm card found!
04-23 18:42:17.728 2034 2307 E audio_hw_primary: no pcm card found!
04-23 18:42:17.739 2034 2307 E audio_hw_primary: no pcm card found!
04-23 18:42:17.751 2034 2307 E audio_hw_primary: no pcm card found!
04-23 18:42:17.762 2034 2307 E audio_hw_primary: no pcm card found!
04-23 18:42:17.773 2034 2307 E audio_hw_primary: no pcm card found!
04-23 18:42:17.785 2034 2307 E audio_hw_primary: no pcm card found!
04-23 18:42:17.796 2034 2307 E audio_hw_primary: no pcm card found!
04-23 18:42:17.808 2034 2307 E audio_hw_primary: no pcm card found!
04-23 18:42:17.819 2034 2307 E audio_hw_primary: no pcm card found!
04-23 18:42:17.830 2034 2307 E audio_hw_primary: no pcm card found!
04-23 18:42:17.842 2034 2307 E audio_hw_primary: no pcm card found!
04-23 18:42:17.853 2034 2307 E audio_hw_primary: no pcm card found!
04-23 18:42:17.865 2034 2307 E audio_hw_primary: no pcm card found!
04-23 18:42:17.876 2034 2307 E audio_hw_primary: no pcm card found!
04-23 18:42:17.887 2034 2307 E audio_hw_primary: no pcm card found!
04-23 18:42:17.899 2034 2307 E audio_hw_primary: no pcm card found!
04-23 18:42:17.910 2034 2307 E audio_hw_primary: no pcm card found!
04-23 18:42:17.921 2034 2307 E audio_hw_primary: no pcm card found!
04-23 18:42:17.933 2034 2307 E audio_hw_primary: no pcm card found!
04-23 18:42:17.944 2034 2307 E audio_hw_primary: no pcm card found!
04-23 18:42:17.955 2034 2307 E audio_hw_primary: no pcm card found!
04-23 18:42:17.967 2034 2307 E audio_hw_primary: no pcm card found!
04-23 18:42:17.978 2034 2307 E audio_hw_primary: no pcm card found!
04-23 18:42:17.989 2034 2307 E audio_hw_primary: no pcm card found!
04-23 18:42:18.001 2034 2307 E audio_hw_primary: no pcm card found!
04-23 18:42:18.012 2034 2307 E audio_hw_primary: no pcm card found!
04-23 18:42:18.024 2034 2307 E audio_hw_primary: no pcm card found!
04-23 18:42:18.035 2034 2307 E audio_hw_primary: no pcm card found!
04-23 18:42:18.046 2034 2307 E audio_hw_primary: no pcm card found!
04-23 18:42:18.058 2034 2307 E audio_hw_primary: no pcm card found!
04-23 18:42:18.069 2034 2307 E audio_hw_primary: no pcm card found!
04-23 18:42:18.080 2034 2307 E audio_hw_primary: no pcm card found!
04-23 18:42:18.092 2034 2307 E audio_hw_primary: no pcm card found!
04-23 18:42:18.103 2034 2307 E audio_hw_primary: no pcm card found!
04-23 18:42:18.114 2034 2307 E audio_hw_primary: no pcm card found!
04-23 18:42:18.126 2034 2307 E audio_hw_primary: no pcm card found!
04-23 18:42:18.137 2034 2307 E audio_hw_primary: no pcm card found!
04-23 18:42:18.148 2034 2307 E audio_hw_primary: no pcm card found!
04-23 18:42:18.159 2034 2307 E audio_hw_primary: no pcm card found!
04-23 18:42:18.170 2034 2307 E audio_hw_primary: no pcm card found!
04-23 18:42:18.181 2034 2307 E audio_hw_primary: no pcm card found!
04-23 18:42:18.192 2034 2307 E audio_hw_primary: no pcm card found!
04-23 18:42:18.203 2034 2307 E audio_hw_primary: no pcm card found!
04-23 18:42:18.215 2034 2307 E audio_hw_primary: no pcm card found!
04-23 18:42:18.226 2034 2307 E audio_hw_primary: no pcm card found!
04-23 18:42:18.237 2034 2307 E audio_hw_primary: no pcm card found!
04-23 18:42:18.248 2034 2307 E audio_hw_primary: no pcm card found!
04-23 18:42:18.259 2034 2307 E audio_hw_primary: no pcm card found!
04-23 18:42:18.270 2034 2307 E audio_hw_primary: no pcm card found!
04-23 18:42:18.280 2325 2515 W AudioTrack: AUDIO_OUTPUT_FLAG_FAST denied by client
04-23 18:42:18.281 2034 2307 E audio_hw_primary: no pcm card found!
04-23 18:42:18.292 2034 2307 E audio_hw_primary: no pcm card found!
04-23 18:42:18.304 2034 2307 E audio_hw_primary: no pcm card found!
04-23 18:42:18.326 2034 2307 E audio_hw_primary: no pcm card found!
04-23 18:42:18.337 2034 2307 E audio_hw_primary: no pcm card found!
04-23 18:42:18.348 2034 2307 E audio_hw_primary: no pcm card found!
04-23 18:42:18.359 2034 2307 E audio_hw_primary: no pcm card found!
04-23 18:42:18.370 2034 2307 E audio_hw_primary: no pcm card found!
04-23 18:42:18.382 2034 2307 E audio_hw_primary: no pcm card found!
04-23 18:42:18.393 2034 2307 E audio_hw_primary: no pcm card found!
04-23 18:42:18.404 2034 2307 E audio_hw_primary: no pcm card found!
04-23 18:42:18.415 2034 2307 E audio_hw_primary: no pcm card found!
04-23 18:42:18.426 2034 2307 E audio_hw_primary: no pcm card found!
04-23 18:42:18.437 2034 2307 E audio_hw_primary: no pcm card found!
04-23 18:42:18.449 2034 2307 E audio_hw_primary: no pcm card found!
04-23 18:42:18.460 2034 2307 E audio_hw_primary: no pcm card found!
04-23 18:42:18.471 2034 2307 E audio_hw_primary: no pcm card found!
04-23 18:42:18.482 2034 2307 E audio_hw_primary: no pcm card found!
04-23 18:42:18.493 2034 2307 E audio_hw_primary: no pcm card found!
04-23 18:42:18.505 2034 2307 E audio_hw_primary: no pcm card found!
04-23 18:42:18.516 2034 2307 E audio_hw_primary: no pcm card found!
04-23 18:42:18.527 2034 2307 E audio_hw_primary: no pcm card found!
04-23 18:42:18.539 2034 2307 E audio_hw_primary: no pcm card found!
04-23 18:42:18.550 2034 2307 E audio_hw_primary: no pcm card found!
04-23 18:42:18.561 2034 2307 E audio_hw_primary: no pcm card found!
04-23 18:42:18.573 2034 2307 E audio_hw_primary: no pcm card found!
04-23 18:42:18.584 2034 2307 E audio_hw_primary: no pcm card found!
04-23 18:42:18.596 2034 2307 E audio_hw_primary: no pcm card found!
04-23 18:42:18.607 2034 2307 E audio_hw_primary: no pcm card found!
04-23 18:42:18.618 2034 2307 E audio_hw_primary: no pcm card found!
04-23 18:42:18.630 2034 2307 E audio_hw_primary: no pcm card found!
04-23 18:42:18.641 2034 2307 E audio_hw_primary: no pcm card found!
04-23 18:42:18.652 2034 2307 E audio_hw_primary: no pcm card found!
04-23 18:42:18.664 2034 2307 E audio_hw_primary: no pcm card found!
04-23 18:42:18.675 2034 2307 E audio_hw_primary: no pcm card found!
04-23 18:42:18.686 2034 2307 E audio_hw_primary: no pcm card found!
04-23 18:42:18.698 2034 2307 E audio_hw_primary: no pcm card found!
04-23 18:42:18.709 2034 2307 E audio_hw_primary: no pcm card found!
04-23 18:42:18.721 2034 2307 E audio_hw_primary: no pcm card found!
04-23 18:42:18.732 2034 2307 E audio_hw_primary: no pcm card found!
04-23 18:42:18.743 2034 2307 E audio_hw_primary: no pcm card found!
04-23 18:42:18.755 2034 2307 E audio_hw_primary: no pcm card found!
04-23 18:42:18.766 2034 2307 E audio_hw_primary: no pcm card found!
04-23 18:42:18.777 2034 2307 E audio_hw_primary: no pcm card found!
04-23 18:42:18.789 2034 2307 E audio_hw_primary: no pcm card found!
04-23 18:42:18.800 2034 2307 E audio_hw_primary: no pcm card found!
04-23 18:42:18.812 2034 2307 E audio_hw_primary: no pcm card found!
04-23 18:42:18.823 2034 2307 E audio_hw_primary: no pcm card found!
04-23 18:42:18.834 2034 2307 E audio_hw_primary: no pcm card found!
04-23 18:42:18.846 2034 2307 E audio_hw_primary: no pcm card found!
04-23 18:42:18.857 2034 2307 E audio_hw_primary: no pcm card found!
04-23 18:42:18.869 2034 2307 E audio_hw_primary: no pcm card found!
04-23 18:42:18.880 2034 2307 E audio_hw_primary: no pcm card found!
04-23 18:42:18.891 2034 2307 E audio_hw_primary: no pcm card found!
04-23 18:42:18.903 2034 2307 E audio_hw_primary: no pcm card found!
04-23 18:42:18.914 2034 2307 E audio_hw_primary: no pcm card found!
04-23 18:42:18.926 2034 2307 E audio_hw_primary: no pcm card found!
04-23 18:42:18.937 2034 2307 E audio_hw_primary: no pcm card found!
04-23 18:42:18.948 2034 2307 E audio_hw_primary: no pcm card found!
04-23 18:42:18.960 2034 2307 E audio_hw_primary: no pcm card found!
04-23 18:42:18.971 2034 2307 E audio_hw_primary: no pcm card found!
04-23 18:42:18.982 2034 2307 E audio_hw_primary: no pcm card found!
04-23 18:42:18.994 2034 2307 E audio_hw_primary: no pcm card found!
04-23 18:42:19.005 2034 2307 E audio_hw_primary: no pcm card found!
04-23 18:42:19.016 2034 2307 E audio_hw_primary: no pcm card found!
04-23 18:42:19.028 2034 2307 E audio_hw_primary: no pcm card found!
04-23 18:42:19.039 2034 2307 E audio_hw_primary: no pcm card found!
04-23 18:42:19.051 2034 2307 E audio_hw_primary: no pcm card found!
04-23 18:42:19.062 2034 2307 E audio_hw_primary: no pcm card found!
04-23 18:42:19.073 2034 2307 E audio_hw_primary: no pcm card found!
04-23 18:42:19.085 2034 2307 E audio_hw_primary: no pcm card found!
04-23 18:42:19.096 2034 2307 E audio_hw_primary: no pcm card found!
04-23 18:42:19.108 2034 2307 E audio_hw_primary: no pcm card found!
04-23 18:42:19.119 2034 2307 E audio_hw_primary: no pcm card found!
04-23 18:42:19.130 2034 2307 E audio_hw_primary: no pcm card found!
04-23 18:42:19.142 2034 2307 E audio_hw_primary: no pcm card found!
04-23 18:42:19.153 2034 2307 E audio_hw_primary: no pcm card found!
04-23 18:42:19.165 2034 2307 E audio_hw_primary: no pcm card found!
04-23 18:42:19.176 2034 2307 E audio_hw_primary: no pcm card found!
04-23 18:42:19.187 2034 2307 E audio_hw_primary: no pcm card found!
04-23 18:42:19.199 2034 2307 E audio_hw_primary: no pcm card found!
04-23 18:42:19.210 2034 2307 E audio_hw_primary: no pcm card found!
04-23 18:42:19.221 2034 2307 E audio_hw_primary: no pcm card found!
04-23 18:42:19.233 2034 2307 E audio_hw_primary: no pcm card found!
04-23 18:42:19.244 2034 2307 E audio_hw_primary: no pcm card found!
04-23 18:42:19.255 2034 2307 E audio_hw_primary: no pcm card found!
04-23 18:42:19.267 2034 2307 E audio_hw_primary: no pcm card found!
04-23 18:42:19.278 2034 2307 E audio_hw_primary: no pcm card found!
04-23 18:42:19.289 2034 2307 E audio_hw_primary: no pcm card found!
04-23 18:42:19.301 2034 2307 E audio_hw_primary: no pcm card found!
04-23 18:42:19.312 2034 2307 E audio_hw_primary: no pcm card found!
04-23 18:42:19.324 2034 2307 E audio_hw_primary: no pcm card found!
04-23 18:42:19.335 2034 2307 E audio_hw_primary: no pcm card found!
04-23 18:42:19.346 2034 2307 E audio_hw_primary: no pcm card found!
04-23 18:42:19.358 2034 2307 E audio_hw_primary: no pcm card found!
04-23 18:42:19.369 2034 2307 E audio_hw_primary: no pcm card found!
04-23 18:42:19.381 2034 2307 E audio_hw_primary: no pcm card found!
04-23 18:42:19.392 2034 2307 E audio_hw_primary: no pcm card found!
04-23 18:42:19.403 2034 2307 E audio_hw_primary: no pcm card found!
04-23 18:42:19.415 2034 2307 E audio_hw_primary: no pcm card found!
04-23 18:42:19.426 2034 2307 E audio_hw_primary: no pcm card found!
04-23 18:42:19.437 2034 2307 E audio_hw_primary: no pcm card found!
04-23 18:42:19.449 2034 2307 E audio_hw_primary: no pcm card found!
04-23 18:42:19.460 2034 2307 E audio_hw_primary: no pcm card found!
04-23 18:42:19.472 2034 2307 E audio_hw_primary: no pcm card found!
04-23 18:42:19.483 2034 2307 E audio_hw_primary: no pcm card found!
04-23 18:42:19.494 2034 2307 E audio_hw_primary: no pcm card found!
04-23 18:42:19.506 2034 2307 E audio_hw_primary: no pcm card found!
04-23 18:42:19.517 2034 2307 E audio_hw_primary: no pcm card found!
04-23 18:42:19.529 2034 2307 E audio_hw_primary: no pcm card found!
04-23 18:42:19.540 2034 2307 E audio_hw_primary: no pcm card found!
04-23 18:42:19.551 2034 2307 E audio_hw_primary: no pcm card found!
04-23 18:42:19.563 2034 2307 E audio_hw_primary: no pcm card found!
04-23 18:42:19.574 2034 2307 E audio_hw_primary: no pcm card found!
04-23 18:42:19.585 2034 2307 E audio_hw_primary: no pcm card found!
04-23 18:42:19.597 2034 2307 E audio_hw_primary: no pcm card found!
04-23 18:42:19.608 2034 2307 E audio_hw_primary: no pcm card found!
04-23 18:42:19.619 2034 2307 E audio_hw_primary: no pcm card found!
04-23 18:42:19.630 2034 2307 E audio_hw_primary: no pcm card found!
04-23 18:42:19.642 2034 2307 E audio_hw_primary: no pcm card found!
04-23 18:42:19.653 2034 2307 E audio_hw_primary: no pcm card found!
04-23 18:42:19.664 2034 2307 E audio_hw_primary: no pcm card found!
04-23 18:42:19.676 2034 2307 E audio_hw_primary: no pcm card found!
04-23 18:42:19.687 2034 2307 E audio_hw_primary: no pcm card found!
04-23 18:42:19.698 2034 2307 E audio_hw_primary: no pcm card found!
04-23 18:42:19.710 2034 2307 E audio_hw_primary: no pcm card found!
04-23 18:42:19.721 2034 2307 E audio_hw_primary: no pcm card found!
04-23 18:42:19.732 2034 2307 E audio_hw_primary: no pcm card found!
04-23 18:42:19.743 2034 2307 E audio_hw_primary: no pcm card found!
04-23 18:42:19.754 2034 2307 E audio_hw_primary: no pcm card found!
04-23 18:42:19.765 2034 2307 E audio_hw_primary: no pcm card found!
04-23 18:42:19.776 2034 2307 E audio_hw_primary: no pcm card found!
04-23 18:42:19.787 2034 2307 E audio_hw_primary: no pcm card found!
04-23 18:42:19.798 2034 2307 E audio_hw_primary: no pcm card found!
04-23 18:42:19.809 2034 2307 E audio_hw_primary: no pcm card found!
04-23 18:42:19.820 2034 2307 E audio_hw_primary: no pcm card found!
04-23 18:42:19.831 2034 2307 E audio_hw_primary: no pcm card found!
