04-23 18:40:49.625 2038 2038 I art : Explicit concurrent mark sweep GC freed 62(2752B) AllocSpace objects, 0(0B) LOS objects, 39% free, 2MB/3MB, paused 99us total 8.573ms
04-23 18:40:49.627 2039 2039 I art : Explicit concurrent mark sweep GC freed 62(2752B) AllocSpace objects, 0(0B) LOS objects, 40% free, 2MB/3MB, paused 153us total 8.722ms
04-23 18:40:49.640 2038 2038 I art : Explicit concurrent mark sweep GC freed 111(4KB) AllocSpace objects, 0(0B) LOS objects, 39% free, 2MB/4MB, paused 98us total 7.902ms
04-23 18:40:49.641 2039 2039 I art : Explicit concurrent mark sweep GC freed 111(4KB) AllocSpace objects, 0(0B) LOS objects, 40% free, 2MB/4MB, paused 147us total 8.167ms
04-23 18:40:49.656 2038 2038 I art : Explicit concurrent mark sweep GC freed 206(9KB) AllocSpace objects, 0(0B) LOS objects, 39% free, 2MB/4MB, paused 87us total 7.369ms
04-23 18:40:49.658 2039 2039 I art : Explicit concurrent mark sweep GC freed 206(9KB) AllocSpace objects, 0(0B) LOS objects, 39% free, 2MB/4MB, paused 134us total 7.965ms
04-23 18:40:49.667 2038 2038 I art : Explicit concurrent mark sweep GC freed 370(16KB) AllocSpace objects, 0(0B) LOS objects, 39% free, 2MB/4MB, paused 77us total 6.503ms
04-23 18:40:49.671 2039 2039 I art : Explicit concurrent mark sweep GC freed 370(16KB) AllocSpace objects, 0(0B) LOS objects, 39% free, 2MB/4MB, paused 125us total 7.248ms
04-23 18:40:51.247 2041 2041 E sdcard : missing packages.list; retrying
04-23 18:40:52.587 2039 2039 I art : Explicit concurrent mark sweep GC freed 214(9KB) AllocSpace objects, 0(0B) LOS objects, 39% free, 2MB/4MB, paused 472us total 24.799ms
04-23 18:40:52.588 2038 2038 I art : Explicit concurrent mark sweep GC freed 214(9KB) AllocSpace objects, 0(0B) LOS objects, 39% free, 2MB/4MB, paused 324us total 25.211ms
04-23 18:40:52.620 2038 2038 I art : Explicit concurrent mark sweep GC freed 112(6KB) AllocSpace objects, 0(0B) LOS objects, 39% free, 2MB/4MB, paused 279us total 22.299ms
04-23 18:40:52.623 2039 2039 I art : Explicit concurrent mark sweep GC freed 112(6KB) AllocSpace objects, 0(0B) LOS objects, 39% free, 2MB/4MB, paused 477us total 24.558ms
04-23 18:40:53.554 2038 2038 I art : Explicit concurrent mark sweep GC freed 113(5KB) AllocSpace objects, 0(0B) LOS objects, 39% free, 2MB/4MB, paused 306us total 22.693ms
04-23 18:40:53.558 2039 2039 I art : Explicit concurrent mark sweep GC freed 113(5KB) AllocSpace objects, 0(0B) LOS objects, 39% free, 2MB/4MB, paused 474us total 25.128ms
04-23 18:40:53.582 2038 2038 I art : Explicit concurrent mark sweep GC freed 49(8KB) AllocSpace objects, 0(0B) LOS objects, 39% free, 2MB/4MB, paused 276us total 22.252ms
04-23 18:40:53.589 2039 2039 I art : Explicit concurrent mark sweep GC freed 49(8KB) AllocSpace objects, 0(0B) LOS objects, 40% free, 2MB/4MB, paused 477us total 25.023ms
04-23 18:40:53.616 2038 2038 I art : Explicit concurrent mark sweep GC freed 101(4KB) AllocSpace objects, 0(0B) LOS objects, 39% free, 2MB/4MB, paused 278us total 22.614ms
04-23 18:40:53.625 2039 2039 I art : Explicit concurrent mark sweep GC freed 101(4KB) AllocSpace objects, 0(0B) LOS objects, 40% free, 2MB/4MB, paused 478us total 24.805ms
04-23 18:40:53.650 2038 2038 I art : Explicit concurrent mark sweep GC freed 105(4KB) AllocSpace objects, 0(0B) LOS objects, 40% free, 2MB/4MB, paused 357us total 22.617ms
04-23 18:40:53.663 2039 2039 I art : Explicit concurrent mark sweep GC freed 105(4KB) AllocSpace objects, 0(0B) LOS objects, 39% free, 2MB/4MB, paused 478us total 25.085ms
04-23 18:40:53.680 2038 2038 I art : Explicit concurrent mark sweep GC freed 99(4KB) AllocSpace objects, 0(0B) LOS objects, 39% free, 2MB/4MB, paused 298us total 22.725ms
04-23 18:40:53.689 2039 2039 I art : Explicit concurrent mark sweep GC freed 99(4KB) AllocSpace objects, 0(0B) LOS objects, 40% free, 2MB/4MB, paused 295us total 18.265ms
04-23 18:40:53.718 2039 2039 I art : Explicit concurrent mark sweep GC freed 172(7KB) AllocSpace objects, 0(0B) LOS objects, 39% free, 2MB/4MB, paused 232us total 13.570ms
04-23 18:40:53.718 2038 2038 I art : Explicit concurrent mark sweep GC freed 172(7KB) AllocSpace objects, 0(0B) LOS objects, 39% free, 2MB/4MB, paused 195us total 17.349ms
04-23 18:40:53.842 2039 2039 I art : Explicit concurrent mark sweep GC freed 417(18KB) AllocSpace objects, 0(0B) LOS objects, 39% free, 3MB/5MB, paused 473us total 26.371ms
04-23 18:40:53.855 2038 2038 I art : Explicit concurrent mark sweep GC freed 417(18KB) AllocSpace objects, 0(0B) LOS objects, 40% free, 3MB/5MB, paused 295us total 23.971ms
04-23 18:40:53.906 2039 2039 I art : Explicit concurrent mark sweep GC freed 363(16KB) AllocSpace objects, 0(0B) LOS objects, 39% free, 3MB/5MB, paused 476us total 26.329ms
04-23 18:40:53.912 2038 2038 I art : Explicit concurrent mark sweep GC freed 363(16KB) AllocSpace objects, 0(0B) LOS objects, 40% free, 3MB/5MB, paused 285us total 22.889ms
04-23 18:40:53.940 2038 2038 I art : Explicit concurrent mark sweep GC freed 174(8KB) AllocSpace objects, 0(0B) LOS objects, 39% free, 3MB/5MB, paused 208us total 15.744ms
04-23 18:40:53.949 2039 2039 I art : Explicit concurrent mark sweep GC freed 174(8KB) AllocSpace objects, 0(0B) LOS objects, 39% free, 3MB/5MB, paused 477us total 26.481ms
04-23 18:40:53.963 2038 2038 I art : Explicit concurrent mark sweep GC freed 515(19KB) AllocSpace objects, 0(0B) LOS objects, 39% free, 3MB/5MB, paused 165us total 13.828ms
04-23 18:40:53.981 2038 2038 I art : Explicit concurrent mark sweep GC freed 353(14KB) AllocSpace objects, 0(0B) LOS objects, 40% free, 3MB/5MB, paused 142us total 11.663ms
04-23 18:40:53.982 2039 2039 I art : Explicit concurrent mark sweep GC freed 515(19KB) AllocSpace objects, 0(0B) LOS objects, 40% free, 3MB/5MB, paused 318us total 19.722ms
04-23 18:40:53.995 2038 2038 I art : Explicit concurrent mark sweep GC freed 1153(40KB) AllocSpace objects, 0(0B) LOS objects, 39% free, 3MB/5MB, paused 136us total 10.613ms
04-23 18:40:54.006 2039 2039 I art : Explicit concurrent mark sweep GC freed 353(14KB) AllocSpace objects, 0(0B) LOS objects, 39% free, 3MB/5MB, paused 261us total 15.100ms
04-23 18:40:54.009 2038 2038 I art : Explicit concurrent mark sweep GC freed 1499(50KB) AllocSpace objects, 0(0B) LOS objects, 40% free, 3MB/5MB, paused 115us total 10.062ms
04-23 18:40:54.021 2038 2038 I art : Explicit concurrent mark sweep GC freed 1381(49KB) AllocSpace objects, 0(0B) LOS objects, 39% free, 3MB/5MB, paused 109us total 9.405ms
04-23 18:40:54.023 2039 2039 I art : Explicit concurrent mark sweep GC freed 1153(40KB) AllocSpace objects, 0(0B) LOS objects, 40% free, 3MB/5MB, paused 222us total 13.134ms
04-23 18:40:54.039 2039 2039 I art : Explicit concurrent mark sweep GC freed 1499(50KB) AllocSpace objects, 0(0B) LOS objects, 40% free, 3MB/5MB, paused 194us total 11.653ms
04-23 18:40:54.040 2038 2038 I art : Explicit concurrent mark sweep GC freed 1453(56KB) AllocSpace objects, 0(0B) LOS objects, 40% free, 3MB/5MB, paused 114us total 10.125ms
04-23 18:40:54.052 2039 2039 I art : Explicit concurrent mark sweep GC freed 1381(49KB) AllocSpace objects, 0(0B) LOS objects, 39% free, 3MB/5MB, paused 167us total 10.277ms
04-23 18:40:54.052 2038 2038 I art : Explicit concurrent mark sweep GC freed 603(27KB) AllocSpace objects, 0(0B) LOS objects, 39% free, 3MB/5MB, paused 89us total 7.559ms
04-23 18:40:54.066 2038 2038 I art : Explicit concurrent mark sweep GC freed 344(20KB) AllocSpace objects, 0(0B) LOS objects, 40% free, 3MB/6MB, paused 89us total 7.478ms
04-23 18:40:54.071 2039 2039 I art : Explicit concurrent mark sweep GC freed 1453(56KB) AllocSpace objects, 0(0B) LOS objects, 39% free, 3MB/5MB, paused 162us total 10.664ms
04-23 18:40:54.085 2038 2038 I art : Explicit concurrent mark sweep GC freed 384(17KB) AllocSpace objects, 0(0B) LOS objects, 40% free, 3MB/6MB, paused 92us total 7.378ms
04-23 18:40:54.096 2038 2038 I Zygote : ...preloaded 343 resources in 4907ms.
04-23 18:40:54.110 2038 2038 I art : Explicit concurrent mark sweep GC freed 639(39KB) AllocSpace objects, 0(0B) LOS objects, 40% free, 3MB/6MB, paused 204us total 14.217ms
04-23 18:40:54.112 2039 2039 I art : Explicit concurrent mark sweep GC freed 603(27KB) AllocSpace objects, 0(0B) LOS objects, 39% free, 3MB/5MB, paused 414us total 25.925ms
04-23 18:40:54.120 2038 2038 I Zygote : ...preloaded 41 resources in 24ms.
04-23 18:40:54.120 2038 2038 I art : Counter: 0
04-23 18:40:54.122 2038 2038 D libEGL : loaded /system/lib64/egl/libGLES_mesa.so
04-23 18:40:54.159 2038 2038 I Zygote : Preloading shared libraries...
04-23 18:40:54.160 2039 2039 I art : Explicit concurrent mark sweep GC freed 344(20KB) AllocSpace objects, 0(0B) LOS objects, 39% free, 3MB/6MB, paused 515us total 27.959ms
04-23 18:40:54.174 2038 2038 D Zygote : end preload
04-23 18:40:54.190 2038 2038 I art : Explicit concurrent mark sweep GC freed 450(20KB) AllocSpace objects, 0(0B) LOS objects, 39% free, 3MB/6MB, paused 179us total 15.594ms
04-23 18:40:54.206 2038 2038 I art : Explicit concurrent mark sweep GC freed 389(16KB) AllocSpace objects, 0(0B) LOS objects, 39% free, 3MB/6MB, paused 174us total 14.457ms
04-23 18:40:54.220 2038 2038 I art : Explicit concurrent mark sweep GC freed 5(160B) AllocSpace objects, 0(0B) LOS objects, 39% free, 3MB/6MB, paused 176us total 13.973ms
04-23 18:40:54.236 2039 2039 I art : Explicit concurrent mark sweep GC freed 384(17KB) AllocSpace objects, 0(0B) LOS objects, 40% free, 3MB/6MB, paused 424us total 27.259ms
04-23 18:40:54.247 2041 2041 E sdcard : missing packages.list; retrying
04-23 18:40:54.248 2039 2039 I Zygote : ...preloaded 343 resources in 5058ms.
04-23 18:40:54.265 2039 2039 I art : Explicit concurrent mark sweep GC freed 639(39KB) AllocSpace objects, 0(0B) LOS objects, 40% free, 3MB/6MB, paused 269us total 16.775ms
04-23 18:40:54.276 2039 2039 I Zygote : ...preloaded 41 resources in 28ms.
04-23 18:40:54.276 2039 2039 I art : Counter: 0
04-23 18:40:54.319 2039 2039 W linker : libglapi.so has text relocations. This is wasting memory and prevents security hardening. Please fix.
04-23 18:40:54.323 2039 2039 D libEGL : loaded /system/lib/egl/libGLES_mesa.so
04-23 18:40:54.325 2038 2038 I Zygote : System server process 2325 has been created
04-23 18:40:54.331 2038 2038 I Zygote : Accepting command socket connections
04-23 18:40:54.392 2039 2039 I Zygote : Preloading shared libraries...
04-23 18:40:54.407 2039 2039 D Zygote : end preload
04-23 18:40:54.429 2039 2039 I art : Explicit concurrent mark sweep GC freed 450(20KB) AllocSpace objects, 0(0B) LOS objects, 39% free, 3MB/6MB, paused 370us total 21.936ms
04-23 18:40:54.450 2039 2039 I art : Explicit concurrent mark sweep GC freed 389(16KB) AllocSpace objects, 0(0B) LOS objects, 39% free, 3MB/6MB, paused 328us total 19.481ms
04-23 18:40:54.469 2039 2039 I art : Explicit concurrent mark sweep GC freed 5(160B) AllocSpace objects, 0(0B) LOS objects, 39% free, 3MB/6MB, paused 331us total 18.747ms
04-23 18:40:54.470 2039 2039 I Zygote : Accepting command socket connections
04-23 18:40:54.481 2325 2325 I Zygote : Process: zygote socket opened, supported ABIS: x86
04-23 18:40:54.505 2325 2325 I art : DexFile_isDexOptNeeded file /system/framework/x86_64/services.odex needs to be relocated for /system/framework/services.jar
04-23 18:40:54.506 2325 2325 I InstallerConnection: connecting...
04-23 18:40:54.506 2035 2035 I installd: new connection
04-23 18:40:54.507 2341 2341 E installd: Running /system/bin/patchoat isa=x86_64 in-fd=5 (/system/framework/x86_64/services.odex) out-fd=6 (/data/dalvik-cache/x86_64/system@framework@services.jar@classes.dex)
04-23 18:40:55.480 2325 2325 I art : DexFile_isDexOptNeeded file /system/framework/x86_64/ethernet-service.odex needs to be relocated for /system/framework/ethernet-service.jar
04-23 18:40:55.482 2343 2343 E installd: Running /system/bin/patchoat isa=x86_64 in-fd=5 (/system/framework/x86_64/ethernet-service.odex) out-fd=6 (/data/dalvik-cache/x86_64/system@framework@ethernet-service.jar@classes.dex)
04-23 18:40:55.552 2325 2325 I art : DexFile_isDexOptNeeded file /system/framework/x86_64/wifi-service.odex needs to be relocated for /system/framework/wifi-service.jar
04-23 18:40:55.554 2344 2344 E installd: Running /system/bin/patchoat isa=x86_64 in-fd=5 (/system/framework/x86_64/wifi-service.odex) out-fd=6 (/data/dalvik-cache/x86_64/system@framework@wifi-service.jar@classes.dex)
04-23 18:40:55.699 2325 2325 I InstallerConnection: disconnecting...
04-23 18:40:55.700 2035 2035 E installd: eof
04-23 18:40:55.700 2035 2035 E installd: failed to read size
04-23 18:40:55.700 2035 2035 I installd: closing connection
04-23 18:40:55.712 2325 2325 I SystemServer: Entered the Android system server!
04-23 18:40:55.765 2325 2325 V Fingerprint-JNI: FingerprintManager JNI ready.
04-23 18:40:55.767 2325 2325 D SensorService: nuSensorService starting...
04-23 18:40:55.792 2325 2325 I Sensors : Found IIO sensor hub.
04-23 18:40:55.793 2325 2325 D Sensors : int sensors_poll_context_t::activate(int, int): disable sensor 0
04-23 18:40:55.793 2325 2325 D Sensors : int sensors_poll_context_t::activate(int, int): disable sensor 1
04-23 18:40:55.793 2325 2325 D Sensors : int sensors_poll_context_t::activate(int, int): disable sensor 5
04-23 18:40:55.793 2325 2325 D Sensors : int sensors_poll_context_t::activate(int, int): disable sensor 3
04-23 18:40:55.794 2325 2325 D Sensors : int sensors_poll_context_t::activate(int, int): disable sensor 4
04-23 18:40:55.794 2325 2325 D Sensors : int sensors_poll_context_t::activate(int, int): disable sensor 6
04-23 18:40:55.794 2325 2325 I Sensors : IIO sensor hub detected previously; assuming it is still attached.
04-23 18:40:55.794 2325 2325 I Sensors : IIO sensor hub detected previously; assuming it is still attached.
04-23 18:40:55.796 2325 2347 D SensorService: new thread SensorEventAckReceiver
04-23 18:40:55.797 2325 2348 D SensorService: nuSensorService thread starting...
04-23 18:40:55.801 2325 2325 I SystemServiceManager: Starting com.android.server.pm.Installer
04-23 18:40:55.802 2325 2325 I Installer: Waiting for installd to be ready.
04-23 18:40:55.802 2325 2325 I InstallerConnection: connecting...
04-23 18:40:55.802 2035 2035 I installd: new connection
04-23 18:40:55.803 2325 2325 I SystemServiceManager: Starting com.android.server.am.ActivityManagerService$Lifecycle
04-23 18:40:55.836 2325 2325 I ActivityManager: Memory class: 192
04-23 18:40:55.860 2325 2325 I AppOps : No existing app ops /data/system/appops.xml; starting empty
04-23 18:40:55.909 2325 2325 I IntentFirewall: Read new rules (A:0 B:0 S:0)
04-23 18:40:55.927 2325 2325 D AppOps : AppOpsService published
04-23 18:40:55.928 2325 2325 I SystemServiceManager: Starting com.android.server.power.PowerManagerService
04-23 18:40:55.934 2325 2325 W libsuspend: Error writing 'on' to /sys/power/state: Invalid argument
04-23 18:40:55.934 2325 2325 I libsuspend: Selected wakeup count
04-23 18:40:55.939 2325 2325 I SystemServiceManager: Starting com.android.server.display.DisplayManagerService
04-23 18:40:55.945 2325 2325 I SystemServiceManager: Starting phase 100
04-23 18:40:55.956 2325 2355 I DisplayManagerService: Display device added: DisplayDeviceInfo{"Built-in Screen": uniqueId="local:0", 1280 x 800, 60.000004 fps, supportedRefreshRates [60.000004], density 160, 75.0 x 75.0 dpi, appVsyncOff 0, presDeadline 17666666, touch INTERNAL, rotation 0, type BUILT_IN, state UNKNOWN, FLAG_DEFAULT_DISPLAY, FLAG_ROTATES_WITH_CONTENT, FLAG_SECURE, FLAG_SUPPORTS_PROTECTED_BUFFERS}
04-23 18:40:55.956 2325 2325 I SystemServer: Package Manager
04-23 18:40:55.967 2325 2325 W SELinuxMMAC: Error opening /data/system/seapp_hash. Assuming first boot.
04-23 18:40:55.973 2325 2325 W FileUtils: Failed to chmod(/data/system/packages.list): android.system.ErrnoException: chmod failed: ENOENT (No such file or directory)
04-23 18:40:55.978 2325 2325 W SystemConfig: No directory /system/etc/sysconfig, skipping
04-23 18:40:56.037 2325 2325 D SELinuxMMAC: Using policy file /system/etc/security/mac_permissions.xml
04-23 18:40:56.042 2325 2325 I PackageManager: No settings file; creating initial state
04-23 18:40:56.050 2325 2325 I art : DexFile_isDexOptNeeded file /system/framework/x86_64/com.android.location.provider.odex needs to be relocated for /system/framework/com.android.location.provider.jar
04-23 18:40:56.052 2361 2361 E installd: Running /system/bin/patchoat isa=x86_64 in-fd=5 (/system/framework/x86_64/com.android.location.provider.odex) out-fd=6 (/data/dalvik-cache/x86_64/system@framework@com.android.location.provider.jar@classes.dex)
04-23 18:40:56.085 2325 2325 I art : DexFile_isDexOptNeeded file /system/framework/x86_64/com.android.future.usb.accessory.odex needs to be relocated for /system/framework/com.android.future.usb.accessory.jar
04-23 18:40:56.086 2362 2362 E installd: Running /system/bin/patchoat isa=x86_64 in-fd=5 (/system/framework/x86_64/com.android.future.usb.accessory.odex) out-fd=6 (/data/dalvik-cache/x86_64/system@framework@com.android.future.usb.accessory.jar@classes.dex)
04-23 18:40:56.122 2325 2325 I art : DexFile_isDexOptNeeded file /system/framework/x86_64/javax.obex.odex needs to be relocated for /system/framework/javax.obex.jar
04-23 18:40:56.123 2363 2363 E installd: Running /system/bin/patchoat isa=x86_64 in-fd=5 (/system/framework/x86_64/javax.obex.odex) out-fd=6 (/data/dalvik-cache/x86_64/system@framework@javax.obex.jar@classes.dex)
04-23 18:40:56.182 2325 2325 I art : DexFile_isDexOptNeeded file /system/framework/x86_64/android.test.runner.odex needs to be relocated for /system/framework/android.test.runner.jar
04-23 18:40:56.184 2364 2364 E installd: Running /system/bin/patchoat isa=x86_64 in-fd=5 (/system/framework/x86_64/android.test.runner.odex) out-fd=6 (/data/dalvik-cache/x86_64/system@framework@android.test.runner.jar@classes.dex)
04-23 18:40:56.220 2325 2325 I art : DexFile_isDexOptNeeded file /system/framework/x86_64/com.android.media.remotedisplay.odex needs to be relocated for /system/framework/com.android.media.remotedisplay.jar
04-23 18:40:56.222 2365 2365 E installd: Running /system/bin/patchoat isa=x86_64 in-fd=5 (/system/framework/x86_64/com.android.media.remotedisplay.odex) out-fd=6 (/data/dalvik-cache/x86_64/system@framework@com.android.media.remotedisplay.jar@classes.dex)
04-23 18:40:56.257 2325 2325 I art : DexFile_isDexOptNeeded file /system/framework/x86_64/com.android.mediadrm.signer.odex needs to be relocated for /system/framework/com.android.mediadrm.signer.jar
04-23 18:40:56.258 2366 2366 E installd: Running /system/bin/patchoat isa=x86_64 in-fd=5 (/system/framework/x86_64/com.android.mediadrm.signer.odex) out-fd=6 (/data/dalvik-cache/x86_64/system@framework@com.android.mediadrm.signer.jar@classes.dex)
04-23 18:40:56.289 2325 2325 I art : DexFile_isDexOptNeeded file /system/framework/x86/com.android.location.provider.odex needs to be relocated for /system/framework/com.android.location.provider.jar
04-23 18:40:56.291 2367 2367 E installd: Running /system/bin/patchoat isa=x86 in-fd=5 (/system/framework/x86/com.android.location.provider.odex) out-fd=6 (/data/dalvik-cache/x86/system@framework@com.android.location.provider.jar@classes.dex)
04-23 18:40:56.320 2325 2325 I art : DexFile_isDexOptNeeded file /system/framework/x86/com.android.future.usb.accessory.odex needs to be relocated for /system/framework/com.android.future.usb.accessory.jar
04-23 18:40:56.322 2368 2368 E installd: Running /system/bin/patchoat isa=x86 in-fd=5 (/system/framework/x86/com.android.future.usb.accessory.odex) out-fd=6 (/data/dalvik-cache/x86/system@framework@com.android.future.usb.accessory.jar@classes.dex)
04-23 18:40:56.366 2325 2325 I art : DexFile_isDexOptNeeded file /system/framework/x86/javax.obex.odex needs to be relocated for /system/framework/javax.obex.jar
04-23 18:40:56.367 2369 2369 E installd: Running /system/bin/patchoat isa=x86 in-fd=5 (/system/framework/x86/javax.obex.odex) out-fd=6 (/data/dalvik-cache/x86/system@framework@javax.obex.jar@classes.dex)
04-23 18:40:56.428 2325 2325 I art : DexFile_isDexOptNeeded file /system/framework/x86/android.test.runner.odex needs to be relocated for /system/framework/android.test.runner.jar
04-23 18:40:56.430 2370 2370 E installd: Running /system/bin/patchoat isa=x86 in-fd=5 (/system/framework/x86/android.test.runner.odex) out-fd=6 (/data/dalvik-cache/x86/system@framework@android.test.runner.jar@classes.dex)
04-23 18:40:56.460 2325 2325 I art : DexFile_isDexOptNeeded file /system/framework/x86/com.android.media.remotedisplay.odex needs to be relocated for /system/framework/com.android.media.remotedisplay.jar
04-23 18:40:56.462 2371 2371 E installd: Running /system/bin/patchoat isa=x86 in-fd=5 (/system/framework/x86/com.android.media.remotedisplay.odex) out-fd=6 (/data/dalvik-cache/x86/system@framework@com.android.media.remotedisplay.jar@classes.dex)
04-23 18:40:56.484 2325 2325 I art : DexFile_isDexOptNeeded file /system/framework/x86/com.android.mediadrm.signer.odex needs to be relocated for /system/framework/com.android.mediadrm.signer.jar
04-23 18:40:56.486 2372 2372 E installd: Running /system/bin/patchoat isa=x86 in-fd=5 (/system/framework/x86/com.android.mediadrm.signer.odex) out-fd=6 (/data/dalvik-cache/x86/system@framework@com.android.mediadrm.signer.jar@classes.dex)
04-23 18:40:56.518 2325 2325 I art : DexFile_isDexOptNeeded file /system/framework/x86_64/am.odex needs to be relocated for /system/framework/am.jar
04-23 18:40:56.519 2373 2373 E installd: Running /system/bin/patchoat isa=x86_64 in-fd=5 (/system/framework/x86_64/am.odex) out-fd=6 (/data/dalvik-cache/x86_64/system@framework@am.jar@classes.dex)
04-23 18:40:56.554 2325 2325 I art : DexFile_isDexOptNeeded file /system/framework/x86_64/appops.odex needs to be relocated for /system/framework/appops.jar
04-23 18:40:56.555 2374 2374 E installd: Running /system/bin/patchoat isa=x86_64 in-fd=5 (/system/framework/x86_64/appops.odex) out-fd=6 (/data/dalvik-cache/x86_64/system@framework@appops.jar@classes.dex)
04-23 18:40:56.587 2325 2325 I art : DexFile_isDexOptNeeded file /system/framework/x86_64/appwidget.odex needs to be relocated for /system/framework/appwidget.jar
04-23 18:40:56.588 2375 2375 E installd: Running /system/bin/patchoat isa=x86_64 in-fd=5 (/system/framework/x86_64/appwidget.odex) out-fd=6 (/data/dalvik-cache/x86_64/system@framework@appwidget.jar@classes.dex)
04-23 18:40:56.621 2325 2325 I art : DexFile_isDexOptNeeded file /system/framework/x86_64/bmgr.odex needs to be relocated for /system/framework/bmgr.jar
04-23 18:40:56.623 2376 2376 E installd: Running /system/bin/patchoat isa=x86_64 in-fd=5 (/system/framework/x86_64/bmgr.odex) out-fd=6 (/data/dalvik-cache/x86_64/system@framework@bmgr.jar@classes.dex)
04-23 18:40:56.654 2325 2325 I art : DexFile_isDexOptNeeded file /system/framework/x86_64/bu.odex needs to be relocated for /system/framework/bu.jar
04-23 18:40:56.656 2377 2377 E installd: Running /system/bin/patchoat isa=x86_64 in-fd=5 (/system/framework/x86_64/bu.odex) out-fd=6 (/data/dalvik-cache/x86_64/system@framework@bu.jar@classes.dex)
04-23 18:40:56.688 2325 2325 I art : DexFile_isDexOptNeeded file /system/framework/x86_64/content.odex needs to be relocated for /system/framework/content.jar
04-23 18:40:56.690 2378 2378 E installd: Running /system/bin/patchoat isa=x86_64 in-fd=5 (/system/framework/x86_64/content.odex) out-fd=6 (/data/dalvik-cache/x86_64/system@framework@content.jar@classes.dex)
04-23 18:40:56.720 2325 2325 I art : DexFile_isDexOptNeeded file /system/framework/x86_64/dpm.odex needs to be relocated for /system/framework/dpm.jar
04-23 18:40:56.722 2379 2379 E installd: Running /system/bin/patchoat isa=x86_64 in-fd=5 (/system/framework/x86_64/dpm.odex) out-fd=6 (/data/dalvik-cache/x86_64/system@framework@dpm.jar@classes.dex)
04-23 18:40:56.752 2325 2325 I art : DexFile_isDexOptNeeded file /system/framework/x86_64/ime.odex needs to be relocated for /system/framework/ime.jar
04-23 18:40:56.754 2380 2380 E installd: Running /system/bin/patchoat isa=x86_64 in-fd=5 (/system/framework/x86_64/ime.odex) out-fd=6 (/data/dalvik-cache/x86_64/system@framework@ime.jar@classes.dex)
04-23 18:40:56.783 2325 2325 I art : DexFile_isDexOptNeeded file /system/framework/x86_64/input.odex needs to be relocated for /system/framework/input.jar
04-23 18:40:56.785 2381 2381 E installd: Running /system/bin/patchoat isa=x86_64 in-fd=5 (/system/framework/x86_64/input.odex) out-fd=6 (/data/dalvik-cache/x86_64/system@framework@input.jar@classes.dex)
04-23 18:40:56.812 2325 2325 I art : DexFile_isDexOptNeeded file /system/framework/x86_64/media_cmd.odex needs to be relocated for /system/framework/media_cmd.jar
04-23 18:40:56.813 2382 2382 E installd: Running /system/bin/patchoat isa=x86_64 in-fd=5 (/system/framework/x86_64/media_cmd.odex) out-fd=6 (/data/dalvik-cache/x86_64/system@framework@media_cmd.jar@classes.dex)
04-23 18:40:56.871 2325 2325 I art : DexFile_isDexOptNeeded file /system/framework/x86_64/monkey.odex needs to be relocated for /system/framework/monkey.jar
04-23 18:40:56.872 2383 2383 E installd: Running /system/bin/patchoat isa=x86_64 in-fd=5 (/system/framework/x86_64/monkey.odex) out-fd=6 (/data/dalvik-cache/x86_64/system@framework@monkey.jar@classes.dex)
04-23 18:40:56.907 2325 2325 I art : DexFile_isDexOptNeeded file /system/framework/x86_64/pm.odex needs to be relocated for /system/framework/pm.jar
04-23 18:40:56.908 2384 2384 E installd: Running /system/bin/patchoat isa=x86_64 in-fd=5 (/system/framework/x86_64/pm.odex) out-fd=6 (/data/dalvik-cache/x86_64/system@framework@pm.jar@classes.dex)
04-23 18:40:56.941 2325 2325 I art : DexFile_isDexOptNeeded file /system/framework/x86_64/requestsync.odex needs to be relocated for /system/framework/requestsync.jar
04-23 18:40:56.942 2385 2385 E installd: Running /system/bin/patchoat isa=x86_64 in-fd=5 (/system/framework/x86_64/requestsync.odex) out-fd=6 (/data/dalvik-cache/x86_64/system@framework@requestsync.jar@classes.dex)
04-23 18:40:56.973 2325 2325 I art : DexFile_isDexOptNeeded file /system/framework/x86_64/settings.odex needs to be relocated for /system/framework/settings.jar
04-23 18:40:56.975 2386 2386 E installd: Running /system/bin/patchoat isa=x86_64 in-fd=5 (/system/framework/x86_64/settings.odex) out-fd=6 (/data/dalvik-cache/x86_64/system@framework@settings.jar@classes.dex)
04-23 18:40:57.006 2325 2325 I art : DexFile_isDexOptNeeded file /system/framework/x86_64/svc.odex needs to be relocated for /system/framework/svc.jar
04-23 18:40:57.008 2387 2387 E installd: Running /system/bin/patchoat isa=x86_64 in-fd=5 (/system/framework/x86_64/svc.odex) out-fd=6 (/data/dalvik-cache/x86_64/system@framework@svc.jar@classes.dex)
04-23 18:40:57.044 2325 2325 I art : DexFile_isDexOptNeeded file /system/framework/x86_64/uiautomator.odex needs to be relocated for /system/framework/uiautomator.jar
04-23 18:40:57.046 2388 2388 E installd: Running /system/bin/patchoat isa=x86_64 in-fd=5 (/system/framework/x86_64/uiautomator.odex) out-fd=6 (/data/dalvik-cache/x86_64/system@framework@uiautomator.jar@classes.dex)
04-23 18:40:57.081 2325 2325 I art : DexFile_isDexOptNeeded file /system/framework/x86_64/wm.odex needs to be relocated for /system/framework/wm.jar
04-23 18:40:57.083 2389 2389 E installd: Running /system/bin/patchoat isa=x86_64 in-fd=5 (/system/framework/x86_64/wm.odex) out-fd=6 (/data/dalvik-cache/x86_64/system@framework@wm.jar@classes.dex)
04-23 18:40:57.114 2325 2325 I art : DexFile_isDexOptNeeded file /system/framework/x86/am.odex needs to be relocated for /system/framework/am.jar
04-23 18:40:57.116 2390 2390 E installd: Running /system/bin/patchoat isa=x86 in-fd=5 (/system/framework/x86/am.odex) out-fd=6 (/data/dalvik-cache/x86/system@framework@am.jar@classes.dex)
04-23 18:40:57.145 2325 2325 I art : DexFile_isDexOptNeeded file /system/framework/x86/appops.odex needs to be relocated for /system/framework/appops.jar
04-23 18:40:57.147 2391 2391 E installd: Running /system/bin/patchoat isa=x86 in-fd=5 (/system/framework/x86/appops.odex) out-fd=6 (/data/dalvik-cache/x86/system@framework@appops.jar@classes.dex)
04-23 18:40:57.170 2325 2325 I art : DexFile_isDexOptNeeded file /system/framework/x86/appwidget.odex needs to be relocated for /system/framework/appwidget.jar
04-23 18:40:57.172 2392 2392 E installd: Running /system/bin/patchoat isa=x86 in-fd=5 (/system/framework/x86/appwidget.odex) out-fd=6 (/data/dalvik-cache/x86/system@framework@appwidget.jar@classes.dex)
04-23 18:40:57.202 2325 2325 I art : DexFile_isDexOptNeeded file /system/framework/x86/bmgr.odex needs to be relocated for /system/framework/bmgr.jar
04-23 18:40:57.204 2393 2393 E installd: Running /system/bin/patchoat isa=x86 in-fd=5 (/system/framework/x86/bmgr.odex) out-fd=6 (/data/dalvik-cache/x86/system@framework@bmgr.jar@classes.dex)
04-23 18:40:57.234 2325 2325 I art : DexFile_isDexOptNeeded file /system/framework/x86/bu.odex needs to be relocated for /system/framework/bu.jar
04-23 18:40:57.236 2394 2394 E installd: Running /system/bin/patchoat isa=x86 in-fd=5 (/system/framework/x86/bu.odex) out-fd=6 (/data/dalvik-cache/x86/system@framework@bu.jar@classes.dex)
04-23 18:40:57.247 2041 2041 E sdcard : missing packages.list; retrying
04-23 18:40:57.266 2325 2325 I art : DexFile_isDexOptNeeded file /system/framework/x86/content.odex needs to be relocated for /system/framework/content.jar
04-23 18:40:57.268 2395 2395 E installd: Running /system/bin/patchoat isa=x86 in-fd=5 (/system/framework/x86/content.odex) out-fd=6 (/data/dalvik-cache/x86/system@framework@content.jar@classes.dex)
04-23 18:40:57.301 2325 2325 I art : DexFile_isDexOptNeeded file /system/framework/x86/dpm.odex needs to be relocated for /system/framework/dpm.jar
04-23 18:40:57.303 2396 2396 E installd: Running /system/bin/patchoat isa=x86 in-fd=5 (/system/framework/x86/dpm.odex) out-fd=6 (/data/dalvik-cache/x86/system@framework@dpm.jar@classes.dex)
04-23 18:40:57.332 2325 2325 I art : DexFile_isDexOptNeeded file /system/framework/x86/ime.odex needs to be relocated for /system/framework/ime.jar
04-23 18:40:57.334 2397 2397 E installd: Running /system/bin/patchoat isa=x86 in-fd=5 (/system/framework/x86/ime.odex) out-fd=6 (/data/dalvik-cache/x86/system@framework@ime.jar@classes.dex)
04-23 18:40:57.359 2325 2325 I art : DexFile_isDexOptNeeded file /system/framework/x86/input.odex needs to be relocated for /system/framework/input.jar
04-23 18:40:57.360 2398 2398 E installd: Running /system/bin/patchoat isa=x86 in-fd=5 (/system/framework/x86/input.odex) out-fd=6 (/data/dalvik-cache/x86/system@framework@input.jar@classes.dex)
04-23 18:40:57.391 2325 2325 I art : DexFile_isDexOptNeeded file /system/framework/x86/media_cmd.odex needs to be relocated for /system/framework/media_cmd.jar
04-23 18:40:57.392 2399 2399 E installd: Running /system/bin/patchoat isa=x86 in-fd=5 (/system/framework/x86/media_cmd.odex) out-fd=6 (/data/dalvik-cache/x86/system@framework@media_cmd.jar@classes.dex)
04-23 18:40:57.430 2325 2325 I art : DexFile_isDexOptNeeded file /system/framework/x86/monkey.odex needs to be relocated for /system/framework/monkey.jar
04-23 18:40:57.431 2400 2400 E installd: Running /system/bin/patchoat isa=x86 in-fd=5 (/system/framework/x86/monkey.odex) out-fd=6 (/data/dalvik-cache/x86/system@framework@monkey.jar@classes.dex)
04-23 18:40:57.473 2325 2325 I art : DexFile_isDexOptNeeded file /system/framework/x86/pm.odex needs to be relocated for /system/framework/pm.jar
04-23 18:40:57.475 2401 2401 E installd: Running /system/bin/patchoat isa=x86 in-fd=5 (/system/framework/x86/pm.odex) out-fd=6 (/data/dalvik-cache/x86/system@framework@pm.jar@classes.dex)
04-23 18:40:57.506 2325 2325 I art : DexFile_isDexOptNeeded file /system/framework/x86/requestsync.odex needs to be relocated for /system/framework/requestsync.jar
04-23 18:40:57.508 2402 2402 E installd: Running /system/bin/patchoat isa=x86 in-fd=5 (/system/framework/x86/requestsync.odex) out-fd=6 (/data/dalvik-cache/x86/system@framework@requestsync.jar@classes.dex)
04-23 18:40:57.546 2325 2325 I art : DexFile_isDexOptNeeded file /system/framework/x86/settings.odex needs to be relocated for /system/framework/settings.jar
04-23 18:40:57.548 2403 2403 E installd: Running /system/bin/patchoat isa=x86 in-fd=5 (/system/framework/x86/settings.odex) out-fd=6 (/data/dalvik-cache/x86/system@framework@settings.jar@classes.dex)
04-23 18:40:57.579 2325 2325 I art : DexFile_isDexOptNeeded file /system/framework/x86/svc.odex needs to be relocated for /system/framework/svc.jar
04-23 18:40:57.581 2404 2404 E installd: Running /system/bin/patchoat isa=x86 in-fd=5 (/system/framework/x86/svc.odex) out-fd=6 (/data/dalvik-cache/x86/system@framework@svc.jar@classes.dex)
04-23 18:40:57.617 2325 2325 I art : DexFile_isDexOptNeeded file /system/framework/x86/uiautomator.odex needs to be relocated for /system/framework/uiautomator.jar
04-23 18:40:57.619 2405 2405 E installd: Running /system/bin/patchoat isa=x86 in-fd=5 (/system/framework/x86/uiautomator.odex) out-fd=6 (/data/dalvik-cache/x86/system@framework@uiautomator.jar@classes.dex)
04-23 18:40:57.661 2325 2325 I art : DexFile_isDexOptNeeded file /system/framework/x86/wm.odex needs to be relocated for /system/framework/wm.jar
04-23 18:40:57.663 2406 2406 E installd: Running /system/bin/patchoat isa=x86 in-fd=5 (/system/framework/x86/wm.odex) out-fd=6 (/data/dalvik-cache/x86/system@framework@wm.jar@classes.dex)
04-23 18:40:57.693 2325 2325 D PackageManager: No files in app dir /vendor/overlay
04-23 18:40:57.762 2325 2325 I PackageManager: /system/framework/framework-res.apk changed; collecting certs
04-23 18:40:58.218 2325 2325 W PackageManager: Failed to parse /system/framework/x86: Missing base APK in /system/framework/x86
04-23 18:40:58.219 2325 2325 W PackageManager: Failed to parse /system/framework/x86_64: Missing base APK in /system/framework/x86_64
04-23 18:40:58.254 2325 2325 I PackageManager: /system/priv-app/BackupRestoreConfirmation changed; collecting certs
04-23 18:40:58.281 2325 2325 I art : DexFile_isDexOptNeeded file /system/priv-app/BackupRestoreConfirmation/x86_64/BackupRestoreConfirmation.odex needs to be relocated for /system/priv-app/BackupRestoreConfirmation/BackupRestoreConfirmation.apk
04-23 18:40:58.294 2325 2325 I PackageManager: /system/priv-app/CalendarProvider changed; collecting certs
04-23 18:40:58.316 2325 2325 I PackageManager: New shared user android.uid.calendar: id=10001
04-23 18:40:58.342 2325 2325 I art : DexFile_isDexOptNeeded file /system/priv-app/CalendarProvider/x86_64/CalendarProvider.odex needs to be relocated for /system/priv-app/CalendarProvider/CalendarProvider.apk
04-23 18:40:58.508 2325 2325 W PackageParser: No actions in intent filter at /system/priv-app/Contacts/Contacts.apk Binary XML file line #356
04-23 18:40:58.512 2325 2325 I PackageManager: /system/priv-app/Contacts changed; collecting certs
04-23 18:40:58.754 2325 2325 I PackageManager: New shared user android.uid.shared: id=10002
04-23 18:40:58.898 2325 2325 I art : DexFile_isDexOptNeeded file /system/priv-app/Contacts/x86_64/Contacts.odex needs to be relocated for /system/priv-app/Contacts/Contacts.apk
04-23 18:40:58.910 2325 2325 I PackageManager: /system/priv-app/ContactsProvider changed; collecting certs
04-23 18:40:58.960 2325 2325 I art : DexFile_isDexOptNeeded file /system/priv-app/ContactsProvider/x86_64/ContactsProvider.odex needs to be relocated for /system/priv-app/ContactsProvider/ContactsProvider.apk
04-23 18:40:58.967 2325 2325 I PackageManager: /system/priv-app/DefaultContainerService changed; collecting certs
04-23 18:40:58.990 2325 2325 I art : DexFile_isDexOptNeeded file /system/priv-app/DefaultContainerService/x86_64/DefaultContainerService.odex needs to be relocated for /system/priv-app/DefaultContainerService/DefaultContainerService.apk
04-23 18:40:59.147 2325 2325 W PackageParser: No actions in intent filter at /system/priv-app/Dialer/Dialer.apk Binary XML file line #166
04-23 18:40:59.150 2325 2325 I PackageManager: /system/priv-app/Dialer changed; collecting certs
04-23 18:40:59.591 2325 2325 I art : DexFile_isDexOptNeeded file /system/priv-app/Dialer/x86_64/Dialer.odex needs to be relocated for /system/priv-app/Dialer/Dialer.apk
04-23 18:40:59.631 2325 2325 I PackageManager: /system/priv-app/DownloadProvider changed; collecting certs
04-23 18:40:59.653 2325 2325 I PackageManager: New shared user android.media: id=10005
04-23 18:40:59.679 2325 2325 I art : DexFile_isDexOptNeeded file /system/priv-app/DownloadProvider/x86_64/DownloadProvider.odex needs to be relocated for /system/priv-app/DownloadProvider/DownloadProvider.apk
04-23 18:40:59.687 2325 2325 I PackageManager: /system/priv-app/ExternalStorageProvider changed; collecting certs
04-23 18:40:59.714 2325 2325 I art : DexFile_isDexOptNeeded file /system/priv-app/ExternalStorageProvider/x86_64/ExternalStorageProvider.odex needs to be relocated for /system/priv-app/ExternalStorageProvider/ExternalStorageProvider.apk
04-23 18:40:59.720 2325 2325 I PackageManager: /system/priv-app/FusedLocation changed; collecting certs
04-23 18:40:59.742 2325 2325 I art : DexFile_isDexOptNeeded file /system/priv-app/FusedLocation/x86_64/FusedLocation.odex needs to be relocated for /system/priv-app/FusedLocation/FusedLocation.apk
04-23 18:40:59.757 2325 2325 I PackageManager: /system/priv-app/InputDevices changed; collecting certs
04-23 18:40:59.790 2325 2325 I art : DexFile_isDexOptNeeded file /system/priv-app/InputDevices/x86_64/InputDevices.odex needs to be relocated for /system/priv-app/InputDevices/InputDevices.apk
04-23 18:40:59.828 2325 2325 I PackageManager: /system/priv-app/ManagedProvisioning changed; collecting certs
04-23 18:40:59.875 2325 2325 I art : DexFile_isDexOptNeeded file /system/priv-app/ManagedProvisioning/x86_64/ManagedProvisioning.odex needs to be relocated for /system/priv-app/ManagedProvisioning/ManagedProvisioning.apk
04-23 18:40:59.885 2325 2325 I PackageManager: /system/priv-app/MediaProvider changed; collecting certs
04-23 18:40:59.925 2325 2325 I art : DexFile_isDexOptNeeded file /system/priv-app/MediaProvider/x86_64/MediaProvider.odex needs to be relocated for /system/priv-app/MediaProvider/MediaProvider.apk
04-23 18:41:00.029 2325 2325 I PackageManager: /system/priv-app/Mms changed; collecting certs
04-23 18:41:00.136 2325 2325 I art : DexFile_isDexOptNeeded file /system/priv-app/Mms/x86_64/Mms.odex needs to be relocated for /system/priv-app/Mms/Mms.apk
04-23 18:41:00.146 2325 2325 I PackageManager: /system/priv-app/MmsService changed; collecting certs
04-23 18:41:00.219 2325 2325 I art : DexFile_isDexOptNeeded file /system/priv-app/MmsService/x86_64/MmsService.odex needs to be relocated for /system/priv-app/MmsService/MmsService.apk
04-23 18:41:00.227 2325 2325 I PackageManager: /system/priv-app/MusicFX changed; collecting certs
04-23 18:41:00.248 2041 2041 E sdcard : missing packages.list; retrying
04-23 18:41:00.264 2325 2325 I art : DexFile_isDexOptNeeded file /system/priv-app/MusicFX/x86_64/MusicFX.odex needs to be relocated for /system/priv-app/MusicFX/MusicFX.apk
04-23 18:41:00.269 2325 2325 I PackageManager: /system/priv-app/OneTimeInitializer changed; collecting certs
04-23 18:41:00.290 2325 2325 I art : DexFile_isDexOptNeeded file /system/priv-app/OneTimeInitializer/x86_64/OneTimeInitializer.odex needs to be relocated for /system/priv-app/OneTimeInitializer/OneTimeInitializer.apk
04-23 18:41:00.294 2325 2325 I PackageManager: /system/priv-app/ProxyHandler changed; collecting certs
04-23 18:41:00.312 2325 2325 I art : DexFile_isDexOptNeeded file /system/priv-app/ProxyHandler/x86_64/ProxyHandler.odex needs to be relocated for /system/priv-app/ProxyHandler/ProxyHandler.apk
04-23 18:41:00.841 2325 2325 I PackageManager: /system/priv-app/Settings changed; collecting certs
04-23 18:41:01.890 2325 2325 I art : DexFile_isDexOptNeeded file /system/priv-app/Settings/x86_64/Settings.odex needs to be relocated for /system/priv-app/Settings/Settings.apk
04-23 18:41:01.901 2325 2325 I PackageManager: /system/priv-app/SettingsProvider changed; collecting certs
04-23 18:41:01.936 2325 2325 I art : DexFile_isDexOptNeeded file /system/priv-app/SettingsProvider/x86_64/SettingsProvider.odex needs to be relocated for /system/priv-app/SettingsProvider/SettingsProvider.apk
04-23 18:41:01.942 2325 2325 I PackageManager: /system/priv-app/SharedStorageBackup changed; collecting certs
04-23 18:41:01.974 2325 2325 I art : DexFile_isDexOptNeeded file /system/priv-app/SharedStorageBackup/x86_64/SharedStorageBackup.odex needs to be relocated for /system/priv-app/SharedStorageBackup/SharedStorageBackup.apk
04-23 18:41:01.984 2325 2325 I PackageManager: /system/priv-app/Shell changed; collecting certs
04-23 18:41:02.027 2325 2325 I art : DexFile_isDexOptNeeded file /system/priv-app/Shell/x86_64/Shell.odex needs to be relocated for /system/priv-app/Shell/Shell.apk
04-23 18:41:02.188 2325 2325 I PackageManager: /system/priv-app/SystemUI changed; collecting certs
04-23 18:41:02.360 2325 2325 I PackageManager: New shared user android.uid.systemui: id=10013
04-23 18:41:02.432 2325 2325 I art : DexFile_isDexOptNeeded file /system/priv-app/SystemUI/x86_64/SystemUI.odex needs to be relocated for /system/priv-app/SystemUI/SystemUI.apk
04-23 18:41:02.439 2325 2325 I PackageManager: /system/priv-app/TSCalibration2 changed; collecting certs
04-23 18:41:02.463 2325 2325 I art : DexFile_isDexOptNeeded file /system/priv-app/TSCalibration2/x86_64/TSCalibration2.odex needs to be relocated for /system/priv-app/TSCalibration2/TSCalibration2.apk
04-23 18:41:02.603 2325 2325 W ResourceType: Failure getting entry for 0x7f08026f (t=7 e=623) (error -75)
04-23 18:41:02.605 2325 2325 I PackageManager: /system/priv-app/TeleService changed; collecting certs
04-23 18:41:02.711 2325 2325 I art : DexFile_isDexOptNeeded file /system/priv-app/TeleService/x86_64/TeleService.odex needs to be relocated for /system/priv-app/TeleService/TeleService.apk
04-23 18:41:02.734 2325 2325 W PackageParser: Unknown element under : android at /system/priv-app/Telecom/Telecom.apk Binary XML file line #232
04-23 18:41:02.734 2325 2325 I PackageManager: /system/priv-app/Telecom changed; collecting certs
04-23 18:41:02.786 2325 2325 I art : DexFile_isDexOptNeeded file /system/priv-app/Telecom/x86_64/Telecom.odex needs to be relocated for /system/priv-app/Telecom/Telecom.apk
04-23 18:41:02.796 2325 2325 I PackageManager: /system/priv-app/TelephonyProvider changed; collecting certs
04-23 18:41:02.833 2325 2325 I art : DexFile_isDexOptNeeded file /system/priv-app/TelephonyProvider/x86_64/TelephonyProvider.odex needs to be relocated for /system/priv-app/TelephonyProvider/TelephonyProvider.apk
04-23 18:41:02.902 2325 2325 I PackageManager: /system/priv-app/Trebuchet changed; collecting certs
04-23 18:41:02.998 2325 2325 I art : DexFile_isDexOptNeeded file /system/priv-app/Trebuchet/x86_64/Trebuchet.odex needs to be relocated for /system/priv-app/Trebuchet/Trebuchet.apk
04-23 18:41:03.007 2325 2325 I PackageManager: /system/priv-app/VpnDialogs changed; collecting certs
04-23 18:41:03.035 2325 2325 I art : DexFile_isDexOptNeeded file /system/priv-app/VpnDialogs/x86_64/VpnDialogs.odex needs to be relocated for /system/priv-app/VpnDialogs/VpnDialogs.apk
04-23 18:41:03.042 2325 2325 I PackageManager: /system/priv-app/WallpaperCropper changed; collecting certs
04-23 18:41:03.086 2325 2325 I art : DexFile_isDexOptNeeded file /system/priv-app/WallpaperCropper/x86_64/WallpaperCropper.odex needs to be relocated for /system/priv-app/WallpaperCropper/WallpaperCropper.apk
04-23 18:41:03.102 2325 2325 I PackageManager: /system/app/BasicDreams changed; collecting certs
04-23 18:41:03.129 2325 2325 I art : DexFile_isDexOptNeeded file /system/app/BasicDreams/x86_64/BasicDreams.odex needs to be relocated for /system/app/BasicDreams/BasicDreams.apk
04-23 18:41:03.137 2325 2325 I PackageManager: /system/app/BasicSmsReceiver changed; collecting certs
04-23 18:41:03.163 2325 2325 I art : DexFile_isDexOptNeeded file /system/app/BasicSmsReceiver/x86_64/BasicSmsReceiver.odex needs to be relocated for /system/app/BasicSmsReceiver/BasicSmsReceiver.apk
04-23 18:41:03.221 2325 2325 W PackageParser: No actions in intent filter at /system/app/Bluetooth/Bluetooth.apk Binary XML file line #209
04-23 18:41:03.224 2325 2325 I PackageManager: /system/app/Bluetooth changed; collecting certs
04-23 18:41:03.248 2041 2041 E sdcard : missing packages.list; retrying
04-23 18:41:03.274 2325 2325 I art : DexFile_isDexOptNeeded file /system/app/Bluetooth/x86/Bluetooth.odex needs to be relocated for /system/app/Bluetooth/Bluetooth.apk
04-23 18:41:03.391 2325 2325 I PackageManager: /system/app/Browser changed; collecting certs
04-23 18:41:03.572 2325 2325 I art : DexFile_isDexOptNeeded file /system/app/Browser/x86_64/Browser.odex needs to be relocated for /system/app/Browser/Browser.apk
04-23 18:41:03.667 2325 2325 W PackageParser: No actions in intent filter at /system/app/CMFileManager/CMFileManager.apk Binary XML file line #154
04-23 18:41:03.669 2325 2325 I PackageManager: /system/app/CMFileManager changed; collecting certs
04-23 18:41:03.795 2325 2325 I art : DexFile_isDexOptNeeded file /system/app/CMFileManager/x86_64/CMFileManager.odex needs to be relocated for /system/app/CMFileManager/CMFileManager.apk
04-23 18:41:03.809 2325 2325 I PackageManager: /system/app/Calculator changed; collecting certs
04-23 18:41:03.871 2325 2325 I art : DexFile_isDexOptNeeded file /system/app/Calculator/x86_64/Calculator.odex needs to be relocated for /system/app/Calculator/Calculator.apk
04-23 18:41:03.983 2325 2325 I PackageManager: /system/app/Calendar changed; collecting certs
04-23 18:41:04.125 2325 2325 I art : DexFile_isDexOptNeeded file /system/app/Calendar/x86_64/Calendar.odex needs to be relocated for /system/app/Calendar/Calendar.apk
04-23 18:41:04.236 2325 2325 I PackageManager: /system/app/Camera2 changed; collecting certs
04-23 18:41:04.415 2325 2325 I art : DexFile_isDexOptNeeded file /system/app/Camera2/x86_64/Camera2.odex needs to be relocated for /system/app/Camera2/Camera2.apk
04-23 18:41:04.420 2325 2325 I PackageManager: /system/app/CaptivePortalLogin changed; collecting certs
04-23 18:41:04.435 2325 2325 I art : DexFile_isDexOptNeeded file /system/app/CaptivePortalLogin/x86_64/CaptivePortalLogin.odex needs to be relocated for /system/app/CaptivePortalLogin/CaptivePortalLogin.apk
04-23 18:41:04.444 2325 2325 I PackageManager: /system/app/CertInstaller changed; collecting certs
04-23 18:41:04.474 2325 2325 I art : DexFile_isDexOptNeeded file /system/app/CertInstaller/x86_64/CertInstaller.odex needs to be relocated for /system/app/CertInstaller/CertInstaller.apk
04-23 18:41:04.604 2325 2325 I PackageManager: /system/app/DeskClock changed; collecting certs
04-23 18:41:04.760 2325 2325 I art : DexFile_isDexOptNeeded file /system/app/DeskClock/x86_64/DeskClock.odex needs to be relocated for /system/app/DeskClock/DeskClock.apk
04-23 18:41:04.776 2325 2325 I PackageManager: /system/app/Development changed; collecting certs
04-23 18:41:04.822 2325 2325 I art : DexFile_isDexOptNeeded file /system/app/Development/x86_64/Development.odex needs to be relocated for /system/app/Development/Development.apk
04-23 18:41:04.879 2325 2325 I PackageManager: /system/app/DocumentsUI changed; collecting certs
04-23 18:41:04.955 2325 2325 I art : DexFile_isDexOptNeeded file /system/app/DocumentsUI/x86_64/DocumentsUI.odex needs to be relocated for /system/app/DocumentsUI/DocumentsUI.apk
04-23 18:41:04.974 2325 2325 I PackageManager: /system/app/DownloadProviderUi changed; collecting certs
04-23 18:41:05.000 2325 2325 I art : DexFile_isDexOptNeeded file /system/app/DownloadProviderUi/x86_64/DownloadProviderUi.odex needs to be relocated for /system/app/DownloadProviderUi/DownloadProviderUi.apk
04-23 18:41:05.195 2325 2325 I PackageManager: /system/app/Email changed; collecting certs
04-23 18:41:05.423 2325 2325 I art : DexFile_isDexOptNeeded file /system/app/Email/x86_64/Email.odex needs to be relocated for /system/app/Email/Email.apk
04-23 18:41:05.461 2325 2325 I PackageManager: /system/app/Exchange2 changed; collecting certs
04-23 18:41:05.512 2325 2325 I art : DexFile_isDexOptNeeded file /system/app/Exchange2/x86_64/Exchange2.odex needs to be relocated for /system/app/Exchange2/Exchange2.apk
04-23 18:41:05.533 2325 2325 I PackageManager: /system/app/Galaxy4 changed; collecting certs
04-23 18:41:05.714 2325 2325 W PackageParser: Unknown element under : permission at /system/app/Gallery2/Gallery2.apk Binary XML file line #242
04-23 18:41:05.714 2325 2325 W PackageParser: Unknown element under : permission at /system/app/Gallery2/Gallery2.apk Binary XML file line #245
04-23 18:41:05.718 2325 2325 I PackageManager: /system/app/Gallery2 changed; collecting certs
04-23 18:41:05.870 2325 2325 I art : DexFile_isDexOptNeeded file /system/app/Gallery2/x86/Gallery2.odex needs to be relocated for /system/app/Gallery2/Gallery2.apk
04-23 18:41:05.877 2325 2325 I PackageManager: /system/app/HTMLViewer changed; collecting certs
04-23 18:41:05.895 2325 2325 I art : DexFile_isDexOptNeeded file /system/app/HTMLViewer/x86_64/HTMLViewer.odex needs to be relocated for /system/app/HTMLViewer/HTMLViewer.apk
04-23 18:41:05.902 2325 2325 I PackageManager: /system/app/HoloSpiralWallpaper changed; collecting certs
04-23 18:41:05.929 2325 2325 I PackageManager: /system/app/KeyChain changed; collecting certs
04-23 18:41:05.949 2325 2325 I art : DexFile_isDexOptNeeded file /system/app/KeyChain/x86_64/KeyChain.odex needs to be relocated for /system/app/KeyChain/KeyChain.apk
04-23 18:41:06.188 2325 2325 I PackageManager: /system/app/LatinIME changed; collecting certs
04-23 18:41:06.249 2041 2041 E sdcard : missing packages.list; retrying
04-23 18:41:06.506 2325 2325 I art : DexFile_isDexOptNeeded file /system/app/LatinIME/x86_64/LatinIME.odex needs to be relocated for /system/app/LatinIME/LatinIME.apk
