04-23 18:42:38.134 2034 2307 E audio_hw_primary: no pcm card found!
04-23 18:42:38.145 2034 2307 E audio_hw_primary: no pcm card found!
04-23 18:42:38.157 2034 2307 E audio_hw_primary: no pcm card found!
04-23 18:42:38.168 2034 2307 E audio_hw_primary: no pcm card found!
04-23 18:42:38.179 2034 2307 E audio_hw_primary: no pcm card found!
04-23 18:42:38.191 2034 2307 E audio_hw_primary: no pcm card found!
04-23 18:42:38.202 2034 2307 E audio_hw_primary: no pcm card found!
04-23 18:42:38.213 2034 2307 E audio_hw_primary: no pcm card found!
04-23 18:42:38.225 2034 2307 E audio_hw_primary: no pcm card found!
04-23 18:42:38.236 2034 2307 E audio_hw_primary: no pcm card found!
04-23 18:42:38.248 2034 2307 E audio_hw_primary: no pcm card found!
04-23 18:42:38.259 2034 2307 E audio_hw_primary: no pcm card found!
04-23 18:42:38.270 2034 2307 E audio_hw_primary: no pcm card found!
04-23 18:42:38.282 2034 2307 E audio_hw_primary: no pcm card found!
04-23 18:42:38.293 2034 2307 E audio_hw_primary: no pcm card found!
04-23 18:42:38.305 2034 2307 E audio_hw_primary: no pcm card found!
04-23 18:42:38.316 2034 2307 E audio_hw_primary: no pcm card found!
04-23 18:42:38.327 2034 2307 E audio_hw_primary: no pcm card found!
04-23 18:42:38.339 2034 2307 E audio_hw_primary: no pcm card found!
04-23 18:42:38.350 2034 2307 E audio_hw_primary: no pcm card found!
04-23 18:42:38.362 2034 2307 E audio_hw_primary: no pcm card found!
04-23 18:42:38.373 2034 2307 E audio_hw_primary: no pcm card found!
04-23 18:42:38.384 2034 2307 E audio_hw_primary: no pcm card found!
04-23 18:42:38.396 2034 2307 E audio_hw_primary: no pcm card found!
04-23 18:42:38.407 2034 2307 E audio_hw_primary: no pcm card found!
04-23 18:42:38.418 2034 2307 E audio_hw_primary: no pcm card found!
04-23 18:42:38.430 2034 2307 E audio_hw_primary: no pcm card found!
04-23 18:42:38.441 2034 2307 E audio_hw_primary: no pcm card found!
04-23 18:42:38.452 2034 2307 E audio_hw_primary: no pcm card found!
04-23 18:42:38.464 2034 2307 E audio_hw_primary: no pcm card found!
04-23 18:42:38.475 2034 2307 E audio_hw_primary: no pcm card found!
04-23 18:42:38.486 2034 2307 E audio_hw_primary: no pcm card found!
04-23 18:42:38.497 2034 2307 E audio_hw_primary: no pcm card found!
04-23 18:42:38.508 2034 2307 E audio_hw_primary: no pcm card found!
04-23 18:42:38.519 2034 2307 E audio_hw_primary: no pcm card found!
04-23 18:42:38.530 2034 2307 E audio_hw_primary: no pcm card found!
04-23 18:42:38.541 2034 2307 E audio_hw_primary: no pcm card found!
04-23 18:42:38.552 2034 2307 E audio_hw_primary: no pcm card found!
04-23 18:42:38.563 2034 2307 E audio_hw_primary: no pcm card found!
04-23 18:42:38.574 2034 2307 E audio_hw_primary: no pcm card found!
04-23 18:42:38.585 2034 2307 E audio_hw_primary: no pcm card found!
04-23 18:42:38.596 2034 2307 E audio_hw_primary: no pcm card found!
04-23 18:42:38.599 2325 2635 D WifiService: setWifiEnabled: true pid=2693, uid=10013
04-23 18:42:38.599 2325 2635 E WifiService: Invoking mWifiStateMachine.setWifiEnabled
04-23 18:42:38.599 2325 2515 W AudioTrack: AUDIO_OUTPUT_FLAG_FAST denied by client
04-23 18:42:38.605 2325 2509 W WifiHW : can not find link of /sys/class/net/wlan0/device/driver/module
04-23 18:42:38.607 2325 2509 E WifiStateMachine: Failed to reload STA firmware java.lang.IllegalArgumentException: command '18 softap fwreload wlan0 STA' failed with '501 18 SoftAP command has failed'
04-23 18:42:38.607 2034 2307 E audio_hw_primary: no pcm card found!
04-23 18:42:38.609 2029 2293 D CommandListener: Setting iface cfg
04-23 18:42:38.609 2029 2293 D CommandListener: Trying to bring down wlan0
04-23 18:42:38.611 2029 2293 D CommandListener: Clearing all IP addresses on wlan0
04-23 18:42:38.614 2325 2509 E WifiMonitor: killSupplicant p2pfalse init.svc.wpa_supplicant=unknown init.svc.p2p_supplicant=unknown
04-23 18:42:38.620 2034 2307 E audio_hw_primary: no pcm card found!
04-23 18:42:38.642 2034 2307 E audio_hw_primary: no pcm card found!
04-23 18:42:38.650 3584 3584 D wpa_supplicant: wpa_supplicant v2.3-5.1
04-23 18:42:38.650 3584 3584 D wpa_supplicant: Add randomness: count=1 entropy=0
04-23 18:42:38.650 3584 3584 D wpa_supplicant: random pool - hexdump(len=128): [REMOVED]
04-23 18:42:38.650 3584 3584 D wpa_supplicant: random_mix_pool - hexdump(len=16): [REMOVED]
04-23 18:42:38.650 3584 3584 D wpa_supplicant: random_mix_pool - hexdump(len=20): [REMOVED]
04-23 18:42:38.650 3584 3584 D wpa_supplicant: random pool - hexdump(len=128): [REMOVED]
04-23 18:42:38.650 3584 3584 D wpa_supplicant: random: Added entropy from /data/misc/wifi/entropy.bin (own_pool_ready=2)
04-23 18:42:38.650 3584 3584 D wpa_supplicant: random: Trying to read entropy from /dev/random
04-23 18:42:38.650 3584 3584 D wpa_supplicant: Get randomness: len=20 entropy=1
04-23 18:42:38.653 2034 2307 E audio_hw_primary: no pcm card found!
04-23 18:42:38.654 3584 3584 D wpa_supplicant: random from os_get_random - hexdump(len=20): [REMOVED]
04-23 18:42:38.654 3584 3584 D wpa_supplicant: random_mix_pool - hexdump(len=20): [REMOVED]
04-23 18:42:38.654 3584 3584 D wpa_supplicant: random from internal pool - hexdump(len=16): [REMOVED]
04-23 18:42:38.654 3584 3584 D wpa_supplicant: random_mix_pool - hexdump(len=20): [REMOVED]
04-23 18:42:38.654 3584 3584 D wpa_supplicant: random from internal pool - hexdump(len=16): [REMOVED]
04-23 18:42:38.654 3584 3584 D wpa_supplicant: mixed random - hexdump(len=20): [REMOVED]
04-23 18:42:38.654 3584 3584 D wpa_supplicant: random: Updated entropy file /data/misc/wifi/entropy.bin (own_pool_ready=2)
04-23 18:42:38.654 3584 3584 D wpa_supplicant: Global control interface '@android:wpa_wlan0'
04-23 18:42:38.654 3584 3584 D wpa_supplicant: Using Android control socket 'wpa_wlan0'
04-23 18:42:38.655 3584 3584 I wpa_supplicant: Successfully initialized wpa_supplicant
04-23 18:42:38.655 3584 3584 D wpa_supplicant: Override interface parameter: ctrl_interface ('(null)' -> '/data/misc/wifi/sockets')
04-23 18:42:38.655 3584 3584 D wpa_supplicant: Initializing interface 'wlan0' conf '/data/misc/wifi/wpa_supplicant.conf' driver 'nl80211' ctrl_interface '/data/misc/wifi/sockets' bridge 'N/A'
04-23 18:42:38.655 3584 3584 D wpa_supplicant: Configuration file '/data/misc/wifi/wpa_supplicant.conf' -> '/data/misc/wifi/wpa_supplicant.conf'
04-23 18:42:38.655 3584 3584 D wpa_supplicant: Reading configuration file '/data/misc/wifi/wpa_supplicant.conf'
04-23 18:42:38.655 3584 3584 D wpa_supplicant: ctrl_interface='wlan0'
04-23 18:42:38.655 3584 3584 D wpa_supplicant: update_config=1
04-23 18:42:38.655 3584 3584 D wpa_supplicant: eapol_version=1
04-23 18:42:38.655 3584 3584 D wpa_supplicant: ap_scan=1
04-23 18:42:38.655 3584 3584 D wpa_supplicant: fast_reauth=1
04-23 18:42:38.658 3584 3584 I wpa_supplicant: rfkill: Cannot open RFKILL control device
04-23 18:42:38.658 3584 3584 D wpa_supplicant: nl80211: RFKILL status not available
04-23 18:42:38.658 3584 3584 D wpa_supplicant: nl80211: Supported cipher 00-0f-ac:1
04-23 18:42:38.658 3584 3584 D wpa_supplicant: nl80211: Supported cipher 00-0f-ac:5
04-23 18:42:38.658 3584 3584 D wpa_supplicant: nl80211: Supported cipher 00-0f-ac:2
04-23 18:42:38.658 3584 3584 D wpa_supplicant: nl80211: Supported cipher 00-0f-ac:4
04-23 18:42:38.659 3584 3584 D wpa_supplicant: nl80211: Using driver-based off-channel TX
04-23 18:42:38.659 3584 3584 D wpa_supplicant: nl80211: interface wlan0 in phy phy0
04-23 18:42:38.659 3584 3584 D wpa_supplicant: nl80211: Set mode ifindex 4 iftype 2 (STATION)
04-23 18:42:38.659 3584 3584 D wpa_supplicant: nl80211: Subscribe to mgmt frames with non-AP handle 0x7f673d8206c0
04-23 18:42:38.659 3584 3584 D wpa_supplicant: nl80211: Register frame type=0xd0 (WLAN_FC_STYPE_ACTION) nl_handle=0x7f673d8206c0 match=0104
04-23 18:42:38.659 3584 3584 D wpa_supplicant: nl80211: Register frame type=0xd0 (WLAN_FC_STYPE_ACTION) nl_handle=0x7f673d8206c0 match=040a
04-23 18:42:38.659 3584 3584 D wpa_supplicant: nl80211: Register frame type=0xd0 (WLAN_FC_STYPE_ACTION) nl_handle=0x7f673d8206c0 match=040b
04-23 18:42:38.659 3584 3584 D wpa_supplicant: nl80211: Register frame type=0xd0 (WLAN_FC_STYPE_ACTION) nl_handle=0x7f673d8206c0 match=040c
04-23 18:42:38.659 3584 3584 D wpa_supplicant: nl80211: Register frame type=0xd0 (WLAN_FC_STYPE_ACTION) nl_handle=0x7f673d8206c0 match=040d
04-23 18:42:38.659 3584 3584 D wpa_supplicant: nl80211: Register frame type=0xd0 (WLAN_FC_STYPE_ACTION) nl_handle=0x7f673d8206c0 match=090a
04-23 18:42:38.659 3584 3584 D wpa_supplicant: nl80211: Register frame type=0xd0 (WLAN_FC_STYPE_ACTION) nl_handle=0x7f673d8206c0 match=090b
04-23 18:42:38.659 3584 3584 D wpa_supplicant: nl80211: Register frame type=0xd0 (WLAN_FC_STYPE_ACTION) nl_handle=0x7f673d8206c0 match=090c
04-23 18:42:38.660 3584 3584 D wpa_supplicant: nl80211: Register frame type=0xd0 (WLAN_FC_STYPE_ACTION) nl_handle=0x7f673d8206c0 match=090d
04-23 18:42:38.660 3584 3584 D wpa_supplicant: nl80211: Register frame type=0xd0 (WLAN_FC_STYPE_ACTION) nl_handle=0x7f673d8206c0 match=0409506f9a09
04-23 18:42:38.660 3584 3584 D wpa_supplicant: nl80211: Register frame type=0xd0 (WLAN_FC_STYPE_ACTION) nl_handle=0x7f673d8206c0 match=7f506f9a09
04-23 18:42:38.660 3584 3584 D wpa_supplicant: nl80211: Register frame type=0xd0 (WLAN_FC_STYPE_ACTION) nl_handle=0x7f673d8206c0 match=0801
04-23 18:42:38.660 3584 3584 D wpa_supplicant: nl80211: Register frame type=0xd0 (WLAN_FC_STYPE_ACTION) nl_handle=0x7f673d8206c0 match=06
04-23 18:42:38.660 3584 3584 D wpa_supplicant: nl80211: Register frame type=0xd0 (WLAN_FC_STYPE_ACTION) nl_handle=0x7f673d8206c0 match=0a07
04-23 18:42:38.660 3584 3584 D wpa_supplicant: nl80211: Register frame type=0xd0 (WLAN_FC_STYPE_ACTION) nl_handle=0x7f673d8206c0 match=0a11
04-23 18:42:38.660 3584 3584 D wpa_supplicant: nl80211: Register frame type=0xd0 (WLAN_FC_STYPE_ACTION) nl_handle=0x7f673d8206c0 match=0a1a
04-23 18:42:38.661 3584 3584 D wpa_supplicant: netlink: Operstate: ifindex=4 linkmode=1 (userspace-control), operstate=5 (IF_OPER_DORMANT)
04-23 18:42:38.661 3584 3584 D wpa_supplicant: nl80211: driver param='(null)'
04-23 18:42:38.661 3584 3584 D wpa_supplicant: Add interface wlan0 to a new radio phy0
04-23 18:42:38.662 3584 3584 D wpa_supplicant: nl80211: Regulatory information - country=00
04-23 18:42:38.662 3584 3584 D wpa_supplicant: nl80211: 2402-2472 @ 40 MHz 20 mBm
04-23 18:42:38.662 3584 3584 D wpa_supplicant: nl80211: 2457-2482 @ 40 MHz 20 mBm (no IR)
04-23 18:42:38.662 3584 3584 D wpa_supplicant: nl80211: 2474-2494 @ 20 MHz 20 mBm (no OFDM) (no IR)
04-23 18:42:38.662 3584 3584 D wpa_supplicant: nl80211: 5170-5250 @ 160 MHz 20 mBm (no IR)
04-23 18:42:38.662 3584 3584 D wpa_supplicant: nl80211: 5250-5330 @ 160 MHz 20 mBm (DFS) (no IR)
04-23 18:42:38.662 3584 3584 D wpa_supplicant: nl80211: 5490-5730 @ 160 MHz 20 mBm (DFS) (no IR)
04-23 18:42:38.662 3584 3584 D wpa_supplicant: nl80211: 5735-5835 @ 80 MHz 20 mBm (no IR)
04-23 18:42:38.662 3584 3584 D wpa_supplicant: nl80211: 57240-63720 @ 2160 MHz 0 mBm
04-23 18:42:38.662 3584 3584 D wpa_supplicant: nl80211: Added 802.11b mode based on 802.11g information
04-23 18:42:38.664 2034 2307 E audio_hw_primary: no pcm card found!
04-23 18:42:38.675 2034 2307 E audio_hw_primary: no pcm card found!
04-23 18:42:38.677 3584 3584 D wpa_supplicant: wlan0: Own MAC address: 54:e4:bd:58:36:c9
04-23 18:42:38.677 3584 3584 D wpa_supplicant: wpa_driver_nl80211_set_key: ifindex=4 (wlan0) alg=0 addr=0x0 key_idx=0 set_tx=0 seq_len=0 key_len=0
04-23 18:42:38.678 3584 3584 D wpa_supplicant: wpa_driver_nl80211_set_key: ifindex=4 (wlan0) alg=0 addr=0x0 key_idx=1 set_tx=0 seq_len=0 key_len=0
04-23 18:42:38.678 3584 3584 D wpa_supplicant: wpa_driver_nl80211_set_key: ifindex=4 (wlan0) alg=0 addr=0x0 key_idx=2 set_tx=0 seq_len=0 key_len=0
04-23 18:42:38.678 3584 3584 D wpa_supplicant: wpa_driver_nl80211_set_key: ifindex=4 (wlan0) alg=0 addr=0x0 key_idx=3 set_tx=0 seq_len=0 key_len=0
04-23 18:42:38.678 3584 3584 D wpa_supplicant: wpa_driver_nl80211_set_key: ifindex=4 (wlan0) alg=0 addr=0x0 key_idx=4 set_tx=0 seq_len=0 key_len=0
04-23 18:42:38.678 3584 3584 D wpa_supplicant: wpa_driver_nl80211_set_key: ifindex=4 (wlan0) alg=0 addr=0x0 key_idx=5 set_tx=0 seq_len=0 key_len=0
04-23 18:42:38.678 3584 3584 D wpa_supplicant: wlan0: RSN: flushing PMKID list in the driver
04-23 18:42:38.678 3584 3584 D wpa_supplicant: nl80211: Flush PMKIDs
04-23 18:42:38.679 3584 3584 D wpa_supplicant: wlan0: State: DISCONNECTED -> INACTIVE
04-23 18:42:38.684 3584 3584 D wpa_supplicant: TDLS: TDLS operation not supported by driver
04-23 18:42:38.684 3584 3584 D wpa_supplicant: TDLS: Driver uses internal link setup
04-23 18:42:38.684 3584 3584 D wpa_supplicant: wlan0: WPS: UUID based on MAC address: b09430c6-ecb1-5864-89ae-4f8ff320f861
04-23 18:42:38.686 2034 2307 E audio_hw_primary: no pcm card found!
04-23 18:42:38.695 3584 3584 D wpa_supplicant: EAPOL: SUPP_PAE entering state DISCONNECTED
04-23 18:42:38.695 3584 3584 D wpa_supplicant: EAPOL: Supplicant port status: Unauthorized
04-23 18:42:38.695 3584 3584 D wpa_supplicant: nl80211: Skip set_supp_port(unauthorized) while not associated
04-23 18:42:38.695 3584 3584 D wpa_supplicant: EAPOL: KEY_RX entering state NO_KEY_RECEIVE
04-23 18:42:38.695 3584 3584 D wpa_supplicant: EAPOL: SUPP_BE entering state INITIALIZE
04-23 18:42:38.695 3584 3584 D wpa_supplicant: EAP: EAP entering state DISABLED
04-23 18:42:38.695 3584 3584 D wpa_supplicant: Using existing control interface directory.
04-23 18:42:38.696 3584 3584 D wpa_supplicant: wlan0: Added interface wlan0
04-23 18:42:38.696 3584 3584 D wpa_supplicant: wlan0: State: INACTIVE -> DISCONNECTED
04-23 18:42:38.696 3584 3584 D wpa_supplicant: nl80211: Set wlan0 operstate 0->0 (DORMANT)
04-23 18:42:38.696 3584 3584 D wpa_supplicant: netlink: Operstate: ifindex=4 linkmode=-1 (no change), operstate=5 (IF_OPER_DORMANT)
04-23 18:42:38.696 3584 3584 D wpa_supplicant: random: Got 20/20 bytes from /dev/random
04-23 18:42:38.696 3584 3584 D wpa_supplicant: Get randomness: len=20 entropy=0
04-23 18:42:38.697 2034 2307 E audio_hw_primary: no pcm card found!
04-23 18:42:38.699 3584 3584 D wpa_supplicant: random from os_get_random - hexdump(len=20): [REMOVED]
04-23 18:42:38.699 3584 3584 D wpa_supplicant: random_mix_pool - hexdump(len=20): [REMOVED]
04-23 18:42:38.699 3584 3584 D wpa_supplicant: random from internal pool - hexdump(len=16): [REMOVED]
04-23 18:42:38.699 3584 3584 D wpa_supplicant: random_mix_pool - hexdump(len=20): [REMOVED]
04-23 18:42:38.699 3584 3584 D wpa_supplicant: random from internal pool - hexdump(len=16): [REMOVED]
04-23 18:42:38.699 3584 3584 D wpa_supplicant: mixed random - hexdump(len=20): [REMOVED]
04-23 18:42:38.699 3584 3584 D wpa_supplicant: random: Updated entropy file /data/misc/wifi/entropy.bin (own_pool_ready=2)
04-23 18:42:38.699 3584 3584 D wpa_supplicant: RTM_NEWLINK: ifi_index=4 ifname=wlan0 operstate=2 linkmode=0 ifi_family=0 ifi_flags=0x1003 ([UP])
04-23 18:42:38.699 3584 3584 D wpa_supplicant: RTM_NEWLINK: ifi_index=4 ifname=wlan0 operstate=2 linkmode=1 ifi_family=0 ifi_flags=0x1003 ([UP])
04-23 18:42:38.708 2034 2307 E audio_hw_primary: no pcm card found!
04-23 18:42:38.717 2325 2509 D WifiMonitor: startMonitoring(wlan0) with mConnected = false
04-23 18:42:38.718 3584 3584 D wpa_supplicant: CTRL_IFACE monitor attached /data/misc/wifi/sockets/wpa_ctrl_2325-4\x00
04-23 18:42:38.719 2034 2307 E audio_hw_primary: no pcm card found!
04-23 18:42:38.722 3584 3584 D wpa_supplicant: wlan0: Control interface command 'DRIVER MACADDR'
04-23 18:42:38.723 3584 3584 D wpa_supplicant: wlan0: Control interface command 'SET update_config 1'
04-23 18:42:38.723 3584 3584 D wpa_supplicant: CTRL_IFACE SET 'update_config'='1'
04-23 18:42:38.723 3584 3584 D wpa_supplicant: update_config=1
04-23 18:42:38.723 2325 2509 D WifiConfigStore: Loading config and enabling all networks
04-23 18:42:38.724 3584 3584 D wpa_supplicant: wlan0: Control interface command 'LIST_NETWORKS LAST_ID=-1'
04-23 18:42:38.726 2325 2509 E WifiConfigStore: Error parsing configuration: java.io.FileNotFoundException: /data/misc/wifi/ipconfig.txt: open failed: ENOENT (No such file or directory)
04-23 18:42:38.726 2325 2509 E WifiConfigStore: readNetworkHistory: No config file, revert to defaultjava.io.FileNotFoundException: /data/misc/wifi/networkHistory.txt: open failed: ENOENT (No such file or directory)
04-23 18:42:38.728 2325 2509 E WifiConfigStore: --- Begin wpa_supplicant.conf Contents ---
04-23 18:42:38.728 2325 2509 E WifiConfigStore: ctrl_interface=wlan0
04-23 18:42:38.728 2325 2509 E WifiConfigStore: update_config=1
04-23 18:42:38.728 2325 2509 E WifiConfigStore: eapol_version=1
04-23 18:42:38.728 2325 2509 E WifiConfigStore: ap_scan=1
04-23 18:42:38.729 2325 2509 E WifiConfigStore: fast_reauth=1
04-23 18:42:38.729 2325 2509 E WifiConfigStore: --- End wpa_supplicant.conf Contents ---
04-23 18:42:38.729 3584 3584 D wpa_supplicant: wlan0: Control interface command 'SET device_name android_x86_64'
04-23 18:42:38.729 3584 3584 D wpa_supplicant: CTRL_IFACE SET 'device_name'='android_x86_64'
04-23 18:42:38.729 3584 3584 D wpa_supplicant: device_name='android_x86_64'
04-23 18:42:38.729 2034 2307 E audio_hw_primary: no pcm card found!
04-23 18:42:38.730 3584 3584 D wpa_supplicant: wlan0: Control interface command 'SET manufacturer Notion Ink'
04-23 18:42:38.730 3584 3584 D wpa_supplicant: CTRL_IFACE SET 'manufacturer'='Notion Ink'
04-23 18:42:38.730 3584 3584 D wpa_supplicant: manufacturer='Notion Ink'
04-23 18:42:38.730 3584 3584 D wpa_supplicant: wlan0: Control interface command 'SET model_name CN89553G'
04-23 18:42:38.730 3584 3584 D wpa_supplicant: CTRL_IFACE SET 'model_name'='CN89553G'
04-23 18:42:38.731 3584 3584 D wpa_supplicant: model_name='CN89553G'
04-23 18:42:38.731 3584 3584 D wpa_supplicant: wlan0: Control interface command 'SET model_number CN89553G'
04-23 18:42:38.731 3584 3584 D wpa_supplicant: CTRL_IFACE SET 'model_number'='CN89553G'
04-23 18:42:38.731 3584 3584 D wpa_supplicant: model_number='CN89553G'
04-23 18:42:38.732 3584 3584 D wpa_supplicant: wlan0: Control interface command 'SET serial_number '
04-23 18:42:38.732 3584 3584 D wpa_supplicant: CTRL_IFACE SET 'serial_number'=''
04-23 18:42:38.732 3584 3584 D wpa_supplicant: serial_number=''
04-23 18:42:38.732 3584 3584 D wpa_supplicant: wlan0: Control interface command 'SET config_methods physical_display virtual_push_button'
04-23 18:42:38.732 3584 3584 D wpa_supplicant: CTRL_IFACE SET 'config_methods'='physical_display virtual_push_button'
04-23 18:42:38.732 3584 3584 D wpa_supplicant: config_methods='physical_display virtual_push_button'
04-23 18:42:38.733 3584 3584 D wpa_supplicant: wlan0: Control interface command 'SET device_type 10-0050F204-5'
04-23 18:42:38.733 3584 3584 D wpa_supplicant: CTRL_IFACE SET 'device_type'='10-0050F204-5'
04-23 18:42:38.734 3584 3584 D wpa_supplicant: wlan0: Control interface command 'SCAN_INTERVAL 15'
04-23 18:42:38.734 3584 3584 D wpa_supplicant: wlan0: Setting scan interval: 15 sec
04-23 18:42:38.734 2325 2509 D WifiNative-HAL: Setting external_sim to 1
04-23 18:42:38.734 3584 3584 D wpa_supplicant: wlan0: Control interface command 'SET external_sim 1'
04-23 18:42:38.734 3584 3584 D wpa_supplicant: CTRL_IFACE SET 'external_sim'='1'
04-23 18:42:38.734 3584 3584 D wpa_supplicant: external_sim=1
04-23 18:42:38.735 2325 2509 D WifiStateMachine: Setting OUI to DA-A1-19
04-23 18:42:38.735 2325 2509 I WifiNative-HAL: startHal
04-23 18:42:38.735 3584 3584 D wpa_supplicant: wlan0: Control interface command 'STA_AUTOCONNECT 0'
04-23 18:42:38.736 3584 3584 D wpa_supplicant: wlan0: Control interface command 'DRIVER BTCOEXSCAN-STOP'
04-23 18:42:38.737 3584 3584 D wpa_supplicant: wlan0: Control interface command 'DRIVER RXFILTER-STOP'
04-23 18:42:38.737 3584 3584 D wpa_supplicant: wlan0: Control interface command 'DRIVER RXFILTER-ADD 3'
04-23 18:42:38.738 3584 3584 D wpa_supplicant: wlan0: Control interface command 'DRIVER RXFILTER-START'
04-23 18:42:38.738 3584 3584 D wpa_supplicant: wlan0: Control interface command 'DRIVER RXFILTER-STOP'
04-23 18:42:38.739 3584 3584 D wpa_supplicant: wlan0: Control interface command 'DRIVER RXFILTER-REMOVE 2'
04-23 18:42:38.739 3584 3584 D wpa_supplicant: wlan0: Control interface command 'DRIVER RXFILTER-START'
04-23 18:42:38.740 3584 3584 D wpa_supplicant: wlan0: Control interface command 'STATUS'
04-23 18:42:38.740 3584 3584 D wpa_supplicant: CTRL_IFACE monitor sent successfully to /data/misc/wifi/sockets/wpa_ctrl_2325-4\x00
04-23 18:42:38.740 2034 2307 E audio_hw_primary: no pcm card found!
04-23 18:42:38.741 2325 2509 E native : do suspend false
04-23 18:42:38.741 3584 3584 D wpa_supplicant: wlan0: Control interface command 'DRIVER SETSUSPENDMODE 0'
04-23 18:42:38.741 3584 3584 D wpa_supplicant: wlan0: Control interface command 'SET ps 1'
04-23 18:42:38.741 3584 3584 D wpa_supplicant: CTRL_IFACE SET 'ps'='1'
04-23 18:42:38.741 3584 3584 D wpa_supplicant: nl80211: set_p2p_powersave (legacy_ps=1 opp_ps=-1 ctwindow=-1)
04-23 18:42:38.743 2325 2325 D WifiScanningService: SCAN_AVAILABLE : 3
04-23 18:42:38.743 2325 2325 D RttService: SCAN_AVAILABLE : 3
04-23 18:42:38.743 2325 2528 D WifiScanningService: DefaultState got{ when=0 what=160006 target=com.android.internal.util.StateMachine$SmHandler }
04-23 18:42:38.743 2325 2528 I WifiNative-HAL: startHal
04-23 18:42:38.743 2325 2528 E WifiScanningService: could not start HAL
04-23 18:42:38.743 2325 2529 D RttService: DefaultState got{ when=0 what=160512 target=com.android.internal.util.StateMachine$SmHandler }
04-23 18:42:38.747 3584 3584 D wpa_supplicant: wlan0: Control interface command 'DRIVER SETBAND 0'
04-23 18:42:38.748 3584 3584 D wpa_supplicant: wlan0: Control interface command 'BSS_FLUSH 0'
04-23 18:42:38.750 3584 3584 D wpa_supplicant: wlan0: Control interface command 'SCAN TYPE=ONLY'
04-23 18:42:38.750 3584 3584 D wpa_supplicant: wlan0: Setting scan request: 0.000000 sec
04-23 18:42:38.750 3584 3584 D wpa_supplicant: wlan0: State: DISCONNECTED -> SCANNING
04-23 18:42:38.750 3584 3584 D wpa_supplicant: CTRL_IFACE monitor sent successfully to /data/misc/wifi/sockets/wpa_ctrl_2325-4\x00
04-23 18:42:38.750 3584 3584 D wpa_supplicant: wlan0: Starting AP scan for wildcard SSID
04-23 18:42:38.750 3584 3584 D wpa_supplicant: wlan0: Add radio work 'scan'@0x7f673d81c3d0
04-23 18:42:38.750 3584 3584 D wpa_supplicant: wlan0: First radio work item in the queue - schedule start immediately
04-23 18:42:38.750 3584 3584 D wpa_supplicant: wlan0: Starting radio work 'scan'@0x7f673d81c3d0 after 0.000070 second wait
04-23 18:42:38.750 3584 3584 D wpa_supplicant: wlan0: nl80211: scan request
04-23 18:42:38.750 3584 3584 D wpa_supplicant: nl80211: Scan SSID - hexdump(len=0): [NULL]
04-23 18:42:38.750 3584 3584 D wpa_supplicant: nl80211: Add NL80211_SCAN_FLAG_FLUSH
04-23 18:42:38.751 2034 2307 E audio_hw_primary: no pcm card found!
04-23 18:42:38.762 2034 2307 E audio_hw_primary: no pcm card found!
04-23 18:42:38.773 2034 2307 E audio_hw_primary: no pcm card found!
04-23 18:42:38.784 2034 2307 E audio_hw_primary: no pcm card found!
04-23 18:42:38.796 2034 2307 E audio_hw_primary: no pcm card found!
04-23 18:42:38.807 2034 2307 E audio_hw_primary: no pcm card found!
04-23 18:42:38.818 2034 2307 E audio_hw_primary: no pcm card found!
04-23 18:42:38.829 2034 2307 E audio_hw_primary: no pcm card found!
04-23 18:42:38.840 2034 2307 E audio_hw_primary: no pcm card found!
04-23 18:42:38.852 2034 2307 E audio_hw_primary: no pcm card found!
04-23 18:42:38.863 2034 2307 E audio_hw_primary: no pcm card found!
04-23 18:42:38.874 2034 2307 E audio_hw_primary: no pcm card found!
04-23 18:42:38.885 2034 2307 E audio_hw_primary: no pcm card found!
04-23 18:42:38.897 2034 2307 E audio_hw_primary: no pcm card found!
04-23 18:42:38.908 2034 2307 E audio_hw_primary: no pcm card found!
04-23 18:42:38.919 2034 2307 E audio_hw_primary: no pcm card found!
04-23 18:42:38.930 2034 2307 E audio_hw_primary: no pcm card found!
04-23 18:42:38.942 2034 2307 E audio_hw_primary: no pcm card found!
04-23 18:42:38.953 2034 2307 E audio_hw_primary: no pcm card found!
04-23 18:42:38.964 2034 2307 E audio_hw_primary: no pcm card found!
04-23 18:42:38.975 2034 2307 E audio_hw_primary: no pcm card found!
04-23 18:42:38.986 2034 2307 E audio_hw_primary: no pcm card found!
04-23 18:42:38.997 2034 2307 E audio_hw_primary: no pcm card found!
04-23 18:42:39.008 2034 2307 E audio_hw_primary: no pcm card found!
04-23 18:42:39.020 2034 2307 E audio_hw_primary: no pcm card found!
04-23 18:42:39.031 2034 2307 E audio_hw_primary: no pcm card found!
04-23 18:42:39.043 2034 2307 E audio_hw_primary: no pcm card found!
04-23 18:42:39.054 2034 2307 E audio_hw_primary: no pcm card found!
04-23 18:42:39.065 2034 2307 E audio_hw_primary: no pcm card found!
04-23 18:42:39.077 2034 2307 E audio_hw_primary: no pcm card found!
04-23 18:42:39.088 2034 2307 E audio_hw_primary: no pcm card found!
04-23 18:42:39.100 2034 2307 E audio_hw_primary: no pcm card found!
04-23 18:42:39.111 2034 2307 E audio_hw_primary: no pcm card found!
04-23 18:42:39.122 2034 2307 E audio_hw_primary: no pcm card found!
04-23 18:42:39.134 2034 2307 E audio_hw_primary: no pcm card found!
04-23 18:42:39.145 2034 2307 E audio_hw_primary: no pcm card found!
04-23 18:42:39.157 2034 2307 E audio_hw_primary: no pcm card found!
04-23 18:42:39.168 2034 2307 E audio_hw_primary: no pcm card found!
04-23 18:42:39.179 2034 2307 E audio_hw_primary: no pcm card found!
04-23 18:42:39.183 3584 3584 D wpa_supplicant: Scan requested (ret=0) - scan timeout 10 seconds
04-23 18:42:39.183 3584 3584 D wpa_supplicant: nl80211: Event message available
04-23 18:42:39.183 3584 3584 D wpa_supplicant: nl80211: Drv Event 33 (NL80211_CMD_TRIGGER_SCAN) received for wlan0
04-23 18:42:39.183 3584 3584 D wpa_supplicant: wlan0: nl80211: Scan trigger
04-23 18:42:39.184 3584 3584 D wpa_supplicant: wlan0: Event SCAN_STARTED (49) received
04-23 18:42:39.184 3584 3584 D wpa_supplicant: wlan0: Own scan request started a scan in 0.000245 seconds
04-23 18:42:39.184 3584 3584 D wpa_supplicant: CTRL_IFACE monitor sent successfully to /data/misc/wifi/sockets/wpa_ctrl_2325-4\x00
04-23 18:42:39.190 2034 2307 E audio_hw_primary: no pcm card found!
04-23 18:42:39.201 2034 2307 E audio_hw_primary: no pcm card found!
04-23 18:42:39.212 2034 2307 E audio_hw_primary: no pcm card found!
04-23 18:42:39.223 2034 2307 E audio_hw_primary: no pcm card found!
04-23 18:42:39.234 2034 2307 E audio_hw_primary: no pcm card found!
04-23 18:42:39.245 2034 2307 E audio_hw_primary: no pcm card found!
04-23 18:42:39.256 2034 2307 E audio_hw_primary: no pcm card found!
04-23 18:42:39.267 2034 2307 E audio_hw_primary: no pcm card found!
04-23 18:42:39.278 2034 2307 E audio_hw_primary: no pcm card found!
04-23 18:42:39.289 2034 2307 E audio_hw_primary: no pcm card found!
04-23 18:42:39.300 2034 2307 E audio_hw_primary: no pcm card found!
04-23 18:42:39.305 2325 2515 W AudioTrack: AUDIO_OUTPUT_FLAG_FAST denied by client
04-23 18:42:39.306 3584 3584 D wpa_supplicant: wlan0: Control interface command 'SCAN TYPE=ONLY'
04-23 18:42:39.306 3584 3584 D wpa_supplicant: Ongoing scan action - reject new request
04-23 18:42:39.315 2034 2307 E audio_hw_primary: no pcm card found!
04-23 18:42:39.325 2325 2515 W AudioTrack: AUDIO_OUTPUT_FLAG_FAST denied by client
04-23 18:42:39.337 2034 2307 E audio_hw_primary: no pcm card found!
04-23 18:42:39.348 2034 2307 E audio_hw_primary: no pcm card found!
04-23 18:42:39.359 2034 2307 E audio_hw_primary: no pcm card found!
04-23 18:42:39.368 2693 3102 W OpenGLRenderer: Failed to wait for the fence 0x300c
04-23 18:42:39.370 2034 2307 E audio_hw_primary: no pcm card found!
04-23 18:42:39.371 2693 3102 W OpenGLRenderer: Failed to wait for the fence 0x300c
04-23 18:42:39.381 2034 2307 E audio_hw_primary: no pcm card found!
04-23 18:42:39.391 2034 2307 E audio_hw_primary: no pcm card found!
04-23 18:42:39.402 2034 2307 E audio_hw_primary: no pcm card found!
04-23 18:42:39.413 2034 2307 E audio_hw_primary: no pcm card found!
04-23 18:42:39.424 2034 2307 E audio_hw_primary: no pcm card found!
04-23 18:42:39.435 2034 2307 E audio_hw_primary: no pcm card found!
04-23 18:42:39.446 2034 2307 E audio_hw_primary: no pcm card found!
04-23 18:42:39.457 2034 2307 E audio_hw_primary: no pcm card found!
04-23 18:42:39.468 2034 2307 E audio_hw_primary: no pcm card found!
04-23 18:42:39.479 2034 2307 E audio_hw_primary: no pcm card found!
04-23 18:42:39.491 2034 2307 E audio_hw_primary: no pcm card found!
04-23 18:42:39.502 2034 2307 E audio_hw_primary: no pcm card found!
04-23 18:42:39.513 2034 2307 E audio_hw_primary: no pcm card found!
04-23 18:42:39.524 2034 2307 E audio_hw_primary: no pcm card found!
04-23 18:42:39.536 2034 2307 E audio_hw_primary: no pcm card found!
04-23 18:42:39.547 2034 2307 E audio_hw_primary: no pcm card found!
04-23 18:42:39.558 2034 2307 E audio_hw_primary: no pcm card found!
04-23 18:42:39.569 2034 2307 E audio_hw_primary: no pcm card found!
04-23 18:42:39.581 2034 2307 E audio_hw_primary: no pcm card found!
04-23 18:42:39.592 2034 2307 E audio_hw_primary: no pcm card found!
04-23 18:42:39.603 2034 2307 E audio_hw_primary: no pcm card found!
04-23 18:42:39.614 2034 2307 E audio_hw_primary: no pcm card found!
04-23 18:42:39.625 2034 2307 E audio_hw_primary: no pcm card found!
04-23 18:42:39.636 2034 2307 E audio_hw_primary: no pcm card found!
04-23 18:42:39.647 2034 2307 E audio_hw_primary: no pcm card found!
04-23 18:42:39.658 2034 2307 E audio_hw_primary: no pcm card found!
04-23 18:42:39.669 2034 2307 E audio_hw_primary: no pcm card found!
04-23 18:42:39.680 2034 2307 E audio_hw_primary: no pcm card found!
04-23 18:42:39.691 2034 2307 E audio_hw_primary: no pcm card found!
04-23 18:42:39.696 3584 3584 D wpa_supplicant: EAPOL: disable timer tick
04-23 18:42:39.702 2034 2307 E audio_hw_primary: no pcm card found!
04-23 18:42:39.714 2034 2307 E audio_hw_primary: no pcm card found!
04-23 18:42:39.725 2034 2307 E audio_hw_primary: no pcm card found!
04-23 18:42:39.737 2034 2307 E audio_hw_primary: no pcm card found!
04-23 18:42:39.748 2034 2307 E audio_hw_primary: no pcm card found!
04-23 18:42:39.759 2034 2307 E audio_hw_primary: no pcm card found!
04-23 18:42:39.770 2034 2307 E audio_hw_primary: no pcm card found!
04-23 18:42:39.781 2034 2307 E audio_hw_primary: no pcm card found!
04-23 18:42:39.793 2034 2307 E audio_hw_primary: no pcm card found!
04-23 18:42:39.804 2034 2307 E audio_hw_primary: no pcm card found!
04-23 18:42:39.815 2034 2307 E audio_hw_primary: no pcm card found!
04-23 18:42:39.826 2034 2307 E audio_hw_primary: no pcm card found!
04-23 18:42:39.838 2034 2307 E audio_hw_primary: no pcm card found!
04-23 18:42:39.849 2034 2307 E audio_hw_primary: no pcm card found!
04-23 18:42:39.860 2034 2307 E audio_hw_primary: no pcm card found!
04-23 18:42:39.871 2034 2307 E audio_hw_primary: no pcm card found!
04-23 18:42:39.882 2034 2307 E audio_hw_primary: no pcm card found!
04-23 18:42:39.893 2034 2307 E audio_hw_primary: no pcm card found!
04-23 18:42:39.905 2034 2307 E audio_hw_primary: no pcm card found!
04-23 18:42:39.916 2034 2307 E audio_hw_primary: no pcm card found!
04-23 18:42:39.927 2034 2307 E audio_hw_primary: no pcm card found!
04-23 18:42:39.938 2034 2307 E audio_hw_primary: no pcm card found!
04-23 18:42:39.950 2034 2307 E audio_hw_primary: no pcm card found!
04-23 18:42:39.961 2034 2307 E audio_hw_primary: no pcm card found!
04-23 18:42:39.972 2034 2307 E audio_hw_primary: no pcm card found!
04-23 18:42:39.983 2034 2307 E audio_hw_primary: no pcm card found!
04-23 18:42:39.994 2034 2307 E audio_hw_primary: no pcm card found!
04-23 18:42:40.005 2034 2307 E audio_hw_primary: no pcm card found!
04-23 18:42:40.017 2034 2307 E audio_hw_primary: no pcm card found!
04-23 18:42:40.028 2034 2307 E audio_hw_primary: no pcm card found!
04-23 18:42:40.039 2034 2307 E audio_hw_primary: no pcm card found!
04-23 18:42:40.050 2034 2307 E audio_hw_primary: no pcm card found!
04-23 18:42:40.061 2034 2307 E audio_hw_primary: no pcm card found!
04-23 18:42:40.072 2034 2307 E audio_hw_primary: no pcm card found!
04-23 18:42:40.084 2034 2307 E audio_hw_primary: no pcm card found!
04-23 18:42:40.095 2034 2307 E audio_hw_primary: no pcm card found!
04-23 18:42:40.106 2034 2307 E audio_hw_primary: no pcm card found!
04-23 18:42:40.117 2034 2307 E audio_hw_primary: no pcm card found!
04-23 18:42:40.128 2034 2307 E audio_hw_primary: no pcm card found!
04-23 18:42:40.139 2034 2307 E audio_hw_primary: no pcm card found!
04-23 18:42:40.150 2034 2307 E audio_hw_primary: no pcm card found!
04-23 18:42:40.161 2034 2307 E audio_hw_primary: no pcm card found!
04-23 18:42:40.172 2034 2307 E audio_hw_primary: no pcm card found!
04-23 18:42:40.183 2034 2307 E audio_hw_primary: no pcm card found!
04-23 18:42:40.194 2034 2307 E audio_hw_primary: no pcm card found!
04-23 18:42:40.205 2034 2307 E audio_hw_primary: no pcm card found!
04-23 18:42:40.217 2034 2307 E audio_hw_primary: no pcm card found!
04-23 18:42:40.228 2034 2307 E audio_hw_primary: no pcm card found!
04-23 18:42:40.239 2034 2307 E audio_hw_primary: no pcm card found!
04-23 18:42:40.250 2034 2307 E audio_hw_primary: no pcm card found!
04-23 18:42:40.261 2034 2307 E audio_hw_primary: no pcm card found!
04-23 18:42:40.272 2034 2307 E audio_hw_primary: no pcm card found!
04-23 18:42:40.284 2034 2307 E audio_hw_primary: no pcm card found!
04-23 18:42:40.295 2034 2307 E audio_hw_primary: no pcm card found!
04-23 18:42:40.306 2034 2307 E audio_hw_primary: no pcm card found!
04-23 18:42:40.317 2034 2307 E audio_hw_primary: no pcm card found!
04-23 18:42:40.328 2034 2307 E audio_hw_primary: no pcm card found!
04-23 18:42:40.339 2034 2307 E audio_hw_primary: no pcm card found!
04-23 18:42:40.350 2034 2307 E audio_hw_primary: no pcm card found!
04-23 18:42:40.361 2034 2307 E audio_hw_primary: no pcm card found!
04-23 18:42:40.372 2034 2307 E audio_hw_primary: no pcm card found!
04-23 18:42:40.383 2034 2307 E audio_hw_primary: no pcm card found!
04-23 18:42:40.394 2034 2307 E audio_hw_primary: no pcm card found!
04-23 18:42:40.405 2034 2307 E audio_hw_primary: no pcm card found!
04-23 18:42:40.417 2034 2307 E audio_hw_primary: no pcm card found!
04-23 18:42:40.428 2034 2307 E audio_hw_primary: no pcm card found!
04-23 18:42:40.439 2034 2307 E audio_hw_primary: no pcm card found!
04-23 18:42:40.450 2034 2307 E audio_hw_primary: no pcm card found!
04-23 18:42:40.461 2034 2307 E audio_hw_primary: no pcm card found!
04-23 18:42:40.472 2034 2307 E audio_hw_primary: no pcm card found!
04-23 18:42:40.483 2034 2307 E audio_hw_primary: no pcm card found!
04-23 18:42:40.494 2034 2307 E audio_hw_primary: no pcm card found!
04-23 18:42:40.506 2034 2307 E audio_hw_primary: no pcm card found!
04-23 18:42:40.517 2034 2307 E audio_hw_primary: no pcm card found!
04-23 18:42:40.528 2034 2307 E audio_hw_primary: no pcm card found!
04-23 18:42:40.539 2034 2307 E audio_hw_primary: no pcm card found!
04-23 18:42:40.550 2034 2307 E audio_hw_primary: no pcm card found!
04-23 18:42:40.561 2034 2307 E audio_hw_primary: no pcm card found!
04-23 18:42:40.564 3584 3584 D wpa_supplicant: RTM_NEWLINK: ifi_index=4 ifname=wlan0 wext ifi_family=0 ifi_flags=0x1003 ([UP])
04-23 18:42:40.564 3584 3584 D wpa_supplicant: nl80211: Event message available
04-23 18:42:40.564 3584 3584 D wpa_supplicant: nl80211: Drv Event 34 (NL80211_CMD_NEW_SCAN_RESULTS) received for wlan0
04-23 18:42:40.564 3584 3584 D wpa_supplicant: wlan0: nl80211: New scan results available
04-23 18:42:40.564 3584 3584 D wpa_supplicant: nl80211: Scan probed for SSID ''
04-23 18:42:40.564 3584 3584 D wpa_supplicant: nl80211: Scan included frequencies: 2412 2417 2422 2427 2432 2437 2442 2447 2452 2457 2462 2467 2472
04-23 18:42:40.564 3584 3584 D wpa_supplicant: wlan0: Event SCAN_RESULTS (3) received
04-23 18:42:40.564 3584 3584 D wpa_supplicant: wlan0: Scan completed in 1.380646 seconds
04-23 18:42:40.564 3584 3584 D wpa_supplicant: nl80211: Received scan results (3 BSSes)
04-23 18:42:40.565 3584 3584 D wpa_supplicant: Sorted scan results
04-23 18:42:40.565 3584 3584 D wpa_supplicant: 90:00:4e:82:36:1d freq=2462 qual=0 noise=0 level=-58 flags=0xb age=0
04-23 18:42:40.565 3584 3584 D wpa_supplicant: IEs - hexdump(len=220): 00 0e 53 48 49 4e 4f 53 41 4d 55 45 4c 2d 4c 50 01 08 82 84 8b 96 12 24 48 6c 03 01 0b 2a 01 04 ...
04-23 18:42:40.565 3584 3584 D wpa_supplicant: 00:1b:da:33:7a:9f freq=2462 qual=0 noise=0 level=-61 flags=0xb age=0
04-23 18:42:40.565 3584 3584 D wpa_supplicant: IEs - hexdump(len=68): 00 0b 54 65 63 68 6e 6f 62 75 72 73 74 01 08 82 84 8b 96 24 30 48 6c 03 01 0b 2a 01 04 2f 01 04 ...
04-23 18:42:40.565 3584 3584 D wpa_supplicant: 20:25:64:4e:f3:67 freq=2437 qual=0 noise=0 level=-72 flags=0xb age=0
04-23 18:42:40.565 3584 3584 D wpa_supplicant: IEs - hexdump(len=301): 00 06 38 61 30 65 63 31 01 08 82 84 8b 96 24 30 48 6c 03 01 06 2a 01 00 2f 01 00 30 18 01 00 00 ...
04-23 18:42:40.565 3584 3584 D wpa_supplicant: wlan0: BSS: Start scan result update 1
04-23 18:42:40.565 3584 3584 D wpa_supplicant: wlan0: BSS: Add new id 0 BSSID 90:00:4e:82:36:1d SSID 'SHINOSAMUEL-LP'
04-23 18:42:40.565 3584 3584 D wpa_supplicant: CTRL_IFACE monitor sent successfully to /data/misc/wifi/sockets/wpa_ctrl_2325-4\x00
04-23 18:42:40.565 3584 3584 D wpa_supplicant: wlan0: BSS: Add new id 1 BSSID 00:1b:da:33:7a:9f SSID 'Technoburst'
04-23 18:42:40.565 3584 3584 D wpa_supplicant: CTRL_IFACE monitor sent successfully to /data/misc/wifi/sockets/wpa_ctrl_2325-4\x00
04-23 18:42:40.565 3584 3584 D wpa_supplicant: wlan0: BSS: Add new id 2 BSSID 20:25:64:4e:f3:67 SSID '8a0ec1'
04-23 18:42:40.565 3584 3584 D wpa_supplicant: CTRL_IFACE monitor sent successfully to /data/misc/wifi/sockets/wpa_ctrl_2325-4\x00
04-23 18:42:40.565 3584 3584 D wpa_supplicant: BSS: last_scan_res_used=3/32
04-23 18:42:40.565 3584 3584 D wpa_supplicant: Add randomness: count=2 entropy=0
04-23 18:42:40.566 3584 3584 D wpa_supplicant: random pool - hexdump(len=128): [REMOVED]
04-23 18:42:40.566 3584 3584 D wpa_supplicant: random_mix_pool - hexdump(len=16): [REMOVED]
04-23 18:42:40.566 3584 3584 D wpa_supplicant: random_mix_pool - hexdump(len=5): [REMOVED]
04-23 18:42:40.566 3584 3584 D wpa_supplicant: random pool - hexdump(len=128): [REMOVED]
04-23 18:42:40.566 3584 3584 D wpa_supplicant: Add randomness: count=3 entropy=1
04-23 18:42:40.566 3584 3584 D wpa_supplicant: random pool - hexdump(len=128): [REMOVED]
04-23 18:42:40.566 3584 3584 D wpa_supplicant: random_mix_pool - hexdump(len=16): [REMOVED]
04-23 18:42:40.566 3584 3584 D wpa_supplicant: random_mix_pool - hexdump(len=5): [REMOVED]
04-23 18:42:40.566 3584 3584 D wpa_supplicant: random pool - hexdump(len=128): [REMOVED]
04-23 18:42:40.566 3584 3584 D wpa_supplicant: Add randomness: count=4 entropy=2
04-23 18:42:40.566 3584 3584 D wpa_supplicant: random pool - hexdump(len=128): [REMOVED]
04-23 18:42:40.566 3584 3584 D wpa_supplicant: random_mix_pool - hexdump(len=16): [REMOVED]
04-23 18:42:40.566 3584 3584 D wpa_supplicant: random_mix_pool - hexdump(len=5): [REMOVED]
04-23 18:42:40.566 3584 3584 D wpa_supplicant: random pool - hexdump(len=128): [REMOVED]
04-23 18:42:40.566 3584 3584 D wpa_supplicant: wlan0: Scan-only results received
04-23 18:42:40.566 3584 3584 D wpa_supplicant: CTRL_IFACE monitor sent successfully to /data/misc/wifi/sockets/wpa_ctrl_2325-4\x00
04-23 18:42:40.566 3584 3584 D wpa_supplicant: WPS: attr type=0x104a len=1
04-23 18:42:40.566 3584 3584 D wpa_supplicant: WPS: attr type=0x1044 len=1
04-23 18:42:40.566 3584 3584 D wpa_supplicant: WPS: attr type=0x103b len=1
04-23 18:42:40.566 3584 3584 D wpa_supplicant: WPS: attr type=0x1047 len=16
04-23 18:42:40.566 3584 3584 D wpa_supplicant: WPS: attr type=0x1021 len=5
04-23 18:42:40.566 3584 3584 D wpa_supplicant: WPS: attr type=0x1023 len=5
04-23 18:42:40.566 3584 3584 D wpa_supplicant: WPS: attr type=0x1024 len=6
04-23 18:42:40.566 3584 3584 D wpa_supplicant: WPS: attr type=0x1042 len=7
04-23 18:42:40.566 3584 3584 D wpa_supplicant: WPS: attr type=0x1054 len=8
04-23 18:42:40.566 3584 3584 D wpa_supplicant: WPS: attr type=0x1011 len=6
04-23 18:42:40.566 3584 3584 D wpa_supplicant: WPS: attr type=0x1008 len=2
04-23 18:42:40.566 3584 3584 D wpa_supplicant: WPS: attr type=0x103c len=1
04-23 18:42:40.566 3584 3584 D wpa_supplicant: WPS: attr type=0x1049 len=6
04-23 18:42:40.569 3584 3584 D wpa_supplicant: WPS: WFA subelement id=0 len=1
04-23 18:42:40.569 3584 3584 D wpa_supplicant: WPS: attr type=0x104a len=1
04-23 18:42:40.569 3584 3584 D wpa_supplicant: WPS: attr type=0x1044 len=1
04-23 18:42:40.569 3584 3584 D wpa_supplicant: WPS: attr type=0x103b len=1
04-23 18:42:40.569 3584 3584 D wpa_supplicant: WPS: attr type=0x1047 len=16
04-23 18:42:40.569 3584 3584 D wpa_supplicant: WPS: attr type=0x1021 len=5
04-23 18:42:40.569 3584 3584 D wpa_supplicant: WPS: attr type=0x1023 len=5
04-23 18:42:40.570 3584 3584 D wpa_supplicant: WPS: attr type=0x1024 len=6
04-23 18:42:40.570 3584 3584 D wpa_supplicant: WPS: attr type=0x1042 len=7
04-23 18:42:40.570 3584 3584 D wpa_supplicant: WPS: attr type=0x1054 len=8
04-23 18:42:40.570 3584 3584 D wpa_supplicant: WPS: attr type=0x1011 len=6
04-23 18:42:40.570 3584 3584 D wpa_supplicant: WPS: attr type=0x1008 len=2
04-23 18:42:40.570 3584 3584 D wpa_supplicant: WPS: attr type=0x103c len=1
04-23 18:42:40.570 3584 3584 D wpa_supplicant: WPS: attr type=0x1049 len=6
04-23 18:42:40.570 3584 3584 D wpa_supplicant: WPS: WFA subelement id=0 len=1
04-23 18:42:40.570 3584 3584 D wpa_supplicant: WPS: attr type=0x104a len=1
04-23 18:42:40.570 3584 3584 D wpa_supplicant: WPS: attr type=0x1044 len=1
04-23 18:42:40.570 3584 3584 D wpa_supplicant: WPS: attr type=0x103b len=1
04-23 18:42:40.570 3584 3584 D wpa_supplicant: WPS: attr type=0x1047 len=16
04-23 18:42:40.570 3584 3584 D wpa_supplicant: WPS: attr type=0x1021 len=5
04-23 18:42:40.570 3584 3584 D wpa_supplicant: WPS: attr type=0x1023 len=5
04-23 18:42:40.570 3584 3584 D wpa_supplicant: WPS: attr type=0x1024 len=6
04-23 18:42:40.570 3584 3584 D wpa_supplicant: WPS: attr type=0x1042 len=7
04-23 18:42:40.570 3584 3584 D wpa_supplicant: WPS: attr type=0x1054 len=8
04-23 18:42:40.570 3584 3584 D wpa_supplicant: WPS: attr type=0x1011 len=6
04-23 18:42:40.570 3584 3584 D wpa_supplicant: WPS: attr type=0x1008 len=2
04-23 18:42:40.570 3584 3584 D wpa_supplicant: WPS: attr type=0x103c len=1
04-23 18:42:40.570 3584 3584 D wpa_supplicant: WPS: attr type=0x1049 len=6
04-23 18:42:40.570 3584 3584 D wpa_supplicant: WPS: WFA subelement id=0 len=1
04-23 18:42:40.570 2325 2509 I WifiNative-HAL: startHal
04-23 18:42:40.571 3584 3584 D wpa_supplicant: CTRL_IFACE monitor sent successfully to /data/misc/wifi/sockets/wpa_ctrl_2325-4\x00
04-23 18:42:40.571 3584 3584 D wpa_supplicant: wlan0: Radio work 'scan'@0x7f673d81c3d0 done in 1.820558 seconds
04-23 18:42:40.571 3584 3584 D wpa_supplicant: wlan0: Control interface command 'BSS RANGE=0- MASK=0x21987'
04-23 18:42:40.571 3584 3584 D wpa_supplicant: WPS: attr type=0x104a len=1
04-23 18:42:40.571 3584 3584 D wpa_supplicant: WPS: attr type=0x1044 len=1
04-23 18:42:40.571 3584 3584 D wpa_supplicant: WPS: attr type=0x103b len=1
04-23 18:42:40.571 3584 3584 D wpa_supplicant: WPS: attr type=0x1047 len=16
04-23 18:42:40.571 3584 3584 D wpa_supplicant: WPS: attr type=0x1021 len=5
04-23 18:42:40.571 3584 3584 D wpa_supplicant: WPS: attr type=0x1023 len=5
04-23 18:42:40.571 3584 3584 D wpa_supplicant: WPS: attr type=0x1024 len=6
04-23 18:42:40.571 3584 3584 D wpa_supplicant: WPS: attr type=0x1042 len=7
04-23 18:42:40.571 3584 3584 D wpa_supplicant: WPS: attr type=0x1054 len=8
04-23 18:42:40.571 3584 3584 D wpa_supplicant: WPS: attr type=0x1011 len=6
04-23 18:42:40.571 3584 3584 D wpa_supplicant: WPS: attr type=0x1008 len=2
04-23 18:42:40.571 3584 3584 D wpa_supplicant: WPS: attr type=0x103c len=1
04-23 18:42:40.571 3584 3584 D wpa_supplicant: WPS: attr type=0x1049 len=6
04-23 18:42:40.571 3584 3584 D wpa_supplicant: WPS: WFA subelement id=0 len=1
04-23 18:42:40.571 3584 3584 D wpa_supplicant: WPS: attr type=0x104a len=1
04-23 18:42:40.572 3584 3584 D wpa_supplicant: WPS: attr type=0x1044 len=1
04-23 18:42:40.572 3584 3584 D wpa_supplicant: WPS: attr type=0x103b len=1
04-23 18:42:40.572 3584 3584 D wpa_supplicant: WPS: attr type=0x1047 len=16
04-23 18:42:40.572 3584 3584 D wpa_supplicant: WPS: attr type=0x1021 len=5
04-23 18:42:40.572 3584 3584 D wpa_supplicant: WPS: attr type=0x1023 len=5
04-23 18:42:40.572 3584 3584 D wpa_supplicant: WPS: attr type=0x1024 len=6
04-23 18:42:40.572 3584 3584 D wpa_supplicant: WPS: attr type=0x1042 len=7
04-23 18:42:40.572 3584 3584 D wpa_supplicant: WPS: attr type=0x1054 len=8
04-23 18:42:40.572 3584 3584 D wpa_supplicant: WPS: attr type=0x1011 len=6
04-23 18:42:40.572 3584 3584 D wpa_supplicant: WPS: attr type=0x1008 len=2
04-23 18:42:40.572 3584 3584 D wpa_supplicant: WPS: attr type=0x103c len=1
04-23 18:42:40.572 3584 3584 D wpa_supplicant: WPS: attr type=0x1049 len=6
04-23 18:42:40.572 3584 3584 D wpa_supplicant: WPS: WFA subelement id=0 len=1
04-23 18:42:40.572 3584 3584 D wpa_supplicant: WPS: attr type=0x104a len=1
04-23 18:42:40.572 3584 3584 D wpa_supplicant: WPS: attr type=0x1044 len=1
04-23 18:42:40.572 3584 3584 D wpa_supplicant: WPS: attr type=0x103b len=1
04-23 18:42:40.572 3584 3584 D wpa_supplicant: WPS: attr type=0x1047 len=16
04-23 18:42:40.572 3584 3584 D wpa_supplicant: WPS: attr type=0x1021 len=5
04-23 18:42:40.572 3584 3584 D wpa_supplicant: WPS: attr type=0x1023 len=5
04-23 18:42:40.572 3584 3584 D wpa_supplicant: WPS: attr type=0x1024 len=6
04-23 18:42:40.572 3584 3584 D wpa_supplicant: WPS: attr type=0x1042 len=7
04-23 18:42:40.572 2034 2307 E audio_hw_primary: no pcm card found!
04-23 18:42:40.575 3584 3584 D wpa_supplicant: WPS: attr type=0x1054 len=8
04-23 18:42:40.575 3584 3584 D wpa_supplicant: WPS: attr type=0x1011 len=6
04-23 18:42:40.575 3584 3584 D wpa_supplicant: WPS: attr type=0x1008 len=2
04-23 18:42:40.575 3584 3584 D wpa_supplicant: WPS: attr type=0x103c len=1
04-23 18:42:40.575 3584 3584 D wpa_supplicant: WPS: attr type=0x1049 len=6
04-23 18:42:40.575 3584 3584 D wpa_supplicant: WPS: WFA subelement id=0 len=1
04-23 18:42:40.578 3584 3584 D wpa_supplicant: wlan0: Control interface command 'STATUS-NO_EVENTS'
04-23 18:42:40.583 2034 2307 E audio_hw_primary: no pcm card found!
04-23 18:42:40.594 2034 2307 E audio_hw_primary: no pcm card found!
04-23 18:42:40.605 2034 2307 E audio_hw_primary: no pcm card found!
04-23 18:42:40.616 2034 2307 E audio_hw_primary: no pcm card found!
04-23 18:42:40.627 2034 2307 E audio_hw_primary: no pcm card found!
04-23 18:42:40.639 2034 2307 E audio_hw_primary: no pcm card found!
04-23 18:42:40.650 2034 2307 E audio_hw_primary: no pcm card found!
04-23 18:42:40.661 2034 2307 E audio_hw_primary: no pcm card found!
04-23 18:42:40.673 2034 2307 E audio_hw_primary: no pcm card found!
04-23 18:42:40.684 2034 2307 E audio_hw_primary: no pcm card found!
04-23 18:42:40.695 2034 2307 E audio_hw_primary: no pcm card found!
04-23 18:42:40.706 2034 2307 E audio_hw_primary: no pcm card found!
04-23 18:42:40.717 2034 2307 E audio_hw_primary: no pcm card found!
04-23 18:42:40.728 2034 2307 E audio_hw_primary: no pcm card found!
04-23 18:42:40.739 2034 2307 E audio_hw_primary: no pcm card found!
04-23 18:42:40.750 2034 2307 E audio_hw_primary: no pcm card found!
04-23 18:42:40.762 2034 2307 E audio_hw_primary: no pcm card found!
04-23 18:42:40.773 2034 2307 E audio_hw_primary: no pcm card found!
04-23 18:42:40.784 2034 2307 E audio_hw_primary: no pcm card found!
04-23 18:42:40.795 2034 2307 E audio_hw_primary: no pcm card found!
04-23 18:42:40.806 2034 2307 E audio_hw_primary: no pcm card found!
04-23 18:42:40.817 2034 2307 E audio_hw_primary: no pcm card found!
04-23 18:42:40.828 2034 2307 E audio_hw_primary: no pcm card found!
04-23 18:42:40.840 2034 2307 E audio_hw_primary: no pcm card found!
04-23 18:42:40.851 2034 2307 E audio_hw_primary: no pcm card found!
04-23 18:42:40.862 2034 2307 E audio_hw_primary: no pcm card found!
04-23 18:42:40.873 2034 2307 E audio_hw_primary: no pcm card found!
04-23 18:42:40.884 2034 2307 E audio_hw_primary: no pcm card found!
04-23 18:42:40.896 2034 2307 E audio_hw_primary: no pcm card found!
04-23 18:42:40.907 2034 2307 E audio_hw_primary: no pcm card found!
04-23 18:42:40.918 2034 2307 E audio_hw_primary: no pcm card found!
04-23 18:42:40.929 2034 2307 E audio_hw_primary: no pcm card found!
04-23 18:42:40.941 2034 2307 E audio_hw_primary: no pcm card found!
04-23 18:42:40.952 2034 2307 E audio_hw_primary: no pcm card found!
04-23 18:42:40.963 2034 2307 E audio_hw_primary: no pcm card found!
04-23 18:42:40.974 2034 2307 E audio_hw_primary: no pcm card found!
04-23 18:42:40.986 2034 2307 E audio_hw_primary: no pcm card found!
04-23 18:42:40.997 2034 2307 E audio_hw_primary: no pcm card found!
04-23 18:42:41.009 2034 2307 E audio_hw_primary: no pcm card found!
04-23 18:42:41.020 2034 2307 E audio_hw_primary: no pcm card found!
04-23 18:42:41.031 2034 2307 E audio_hw_primary: no pcm card found!
04-23 18:42:41.043 2034 2307 E audio_hw_primary: no pcm card found!
04-23 18:42:41.054 2034 2307 E audio_hw_primary: no pcm card found!
04-23 18:42:41.065 2034 2307 E audio_hw_primary: no pcm card found!
04-23 18:42:41.077 2034 2307 E audio_hw_primary: no pcm card found!
04-23 18:42:41.088 2034 2307 E audio_hw_primary: no pcm card found!
04-23 18:42:41.099 2034 2307 E audio_hw_primary: no pcm card found!
04-23 18:42:41.111 2034 2307 E audio_hw_primary: no pcm card found!
04-23 18:42:41.122 2034 2307 E audio_hw_primary: no pcm card found!
04-23 18:42:41.133 2034 2307 E audio_hw_primary: no pcm card found!
04-23 18:42:41.145 2034 2307 E audio_hw_primary: no pcm card found!
04-23 18:42:41.156 2034 2307 E audio_hw_primary: no pcm card found!
04-23 18:42:41.167 2034 2307 E audio_hw_primary: no pcm card found!
04-23 18:42:41.179 2034 2307 E audio_hw_primary: no pcm card found!
