04-23 18:42:19.842 2034 2307 E audio_hw_primary: no pcm card found!
04-23 18:42:19.853 2034 2307 E audio_hw_primary: no pcm card found!
04-23 18:42:19.864 2034 2307 E audio_hw_primary: no pcm card found!
04-23 18:42:19.875 2034 2307 E audio_hw_primary: no pcm card found!
04-23 18:42:19.886 2034 2307 E audio_hw_primary: no pcm card found!
04-23 18:42:19.897 2034 2307 E audio_hw_primary: no pcm card found!
04-23 18:42:19.908 2034 2307 E audio_hw_primary: no pcm card found!
04-23 18:42:19.919 2034 2307 E audio_hw_primary: no pcm card found!
04-23 18:42:19.930 2034 2307 E audio_hw_primary: no pcm card found!
04-23 18:42:19.941 2034 2307 E audio_hw_primary: no pcm card found!
04-23 18:42:19.952 2034 2307 E audio_hw_primary: no pcm card found!
04-23 18:42:19.963 2034 2307 E audio_hw_primary: no pcm card found!
04-23 18:42:19.974 2034 2307 E audio_hw_primary: no pcm card found!
04-23 18:42:19.985 2034 2307 E audio_hw_primary: no pcm card found!
04-23 18:42:19.996 2034 2307 E audio_hw_primary: no pcm card found!
04-23 18:42:20.007 2034 2307 E audio_hw_primary: no pcm card found!
04-23 18:42:20.018 2034 2307 E audio_hw_primary: no pcm card found!
04-23 18:42:20.029 2034 2307 E audio_hw_primary: no pcm card found!
04-23 18:42:20.040 2034 2307 E audio_hw_primary: no pcm card found!
04-23 18:42:20.051 2034 2307 E audio_hw_primary: no pcm card found!
04-23 18:42:20.062 2034 2307 E audio_hw_primary: no pcm card found!
04-23 18:42:20.074 2034 2307 E audio_hw_primary: no pcm card found!
04-23 18:42:20.085 2034 2307 E audio_hw_primary: no pcm card found!
04-23 18:42:20.096 2034 2307 E audio_hw_primary: no pcm card found!
04-23 18:42:20.107 2034 2307 E audio_hw_primary: no pcm card found!
04-23 18:42:20.118 2034 2307 E audio_hw_primary: no pcm card found!
04-23 18:42:20.129 2034 2307 E audio_hw_primary: no pcm card found!
04-23 18:42:20.140 2034 2307 E audio_hw_primary: no pcm card found!
04-23 18:42:20.151 2034 2307 E audio_hw_primary: no pcm card found!
04-23 18:42:20.162 2034 2307 E audio_hw_primary: no pcm card found!
04-23 18:42:20.173 2034 2307 E audio_hw_primary: no pcm card found!
04-23 18:42:20.184 2034 2307 E audio_hw_primary: no pcm card found!
04-23 18:42:20.195 2034 2307 E audio_hw_primary: no pcm card found!
04-23 18:42:20.207 2034 2307 E audio_hw_primary: no pcm card found!
04-23 18:42:20.218 2034 2307 E audio_hw_primary: no pcm card found!
04-23 18:42:20.229 2034 2307 E audio_hw_primary: no pcm card found!
04-23 18:42:20.240 2034 2307 E audio_hw_primary: no pcm card found!
04-23 18:42:20.252 2034 2307 E audio_hw_primary: no pcm card found!
04-23 18:42:20.263 2034 2307 E audio_hw_primary: no pcm card found!
04-23 18:42:20.274 2034 2307 E audio_hw_primary: no pcm card found!
04-23 18:42:20.285 2034 2307 E audio_hw_primary: no pcm card found!
04-23 18:42:20.296 2034 2307 E audio_hw_primary: no pcm card found!
04-23 18:42:20.307 2034 2307 E audio_hw_primary: no pcm card found!
04-23 18:42:20.318 2034 2307 E audio_hw_primary: no pcm card found!
04-23 18:42:20.330 2034 2307 E audio_hw_primary: no pcm card found!
04-23 18:42:20.341 2034 2307 E audio_hw_primary: no pcm card found!
04-23 18:42:20.352 2034 2307 E audio_hw_primary: no pcm card found!
04-23 18:42:20.363 2034 2307 E audio_hw_primary: no pcm card found!
04-23 18:42:20.374 2034 2307 E audio_hw_primary: no pcm card found!
04-23 18:42:20.385 2034 2307 E audio_hw_primary: no pcm card found!
04-23 18:42:20.396 2034 2307 E audio_hw_primary: no pcm card found!
04-23 18:42:20.407 2034 2307 E audio_hw_primary: no pcm card found!
04-23 18:42:20.418 2034 2307 E audio_hw_primary: no pcm card found!
04-23 18:42:20.429 2034 2307 E audio_hw_primary: no pcm card found!
04-23 18:42:20.440 2034 2307 E audio_hw_primary: no pcm card found!
04-23 18:42:20.451 2034 2307 E audio_hw_primary: no pcm card found!
04-23 18:42:20.462 2034 2307 E audio_hw_primary: no pcm card found!
04-23 18:42:20.472 2034 2307 E audio_hw_primary: no pcm card found!
04-23 18:42:20.483 2034 2307 E audio_hw_primary: no pcm card found!
04-23 18:42:20.494 2034 2307 E audio_hw_primary: no pcm card found!
04-23 18:42:20.505 2034 2307 E audio_hw_primary: no pcm card found!
04-23 18:42:20.516 2034 2307 E audio_hw_primary: no pcm card found!
04-23 18:42:20.527 2034 2307 E audio_hw_primary: no pcm card found!
04-23 18:42:20.538 2034 2307 E audio_hw_primary: no pcm card found!
04-23 18:42:20.549 2034 2307 E audio_hw_primary: no pcm card found!
04-23 18:42:20.560 2034 2307 E audio_hw_primary: no pcm card found!
04-23 18:42:20.571 2034 2307 E audio_hw_primary: no pcm card found!
04-23 18:42:20.582 2034 2307 E audio_hw_primary: no pcm card found!
04-23 18:42:20.593 2034 2307 E audio_hw_primary: no pcm card found!
04-23 18:42:20.605 2034 2307 E audio_hw_primary: no pcm card found!
04-23 18:42:20.616 2034 2307 E audio_hw_primary: no pcm card found!
04-23 18:42:20.627 2034 2307 E audio_hw_primary: no pcm card found!
04-23 18:42:20.638 2034 2307 E audio_hw_primary: no pcm card found!
04-23 18:42:20.649 2034 2307 E audio_hw_primary: no pcm card found!
04-23 18:42:20.660 2034 2307 E audio_hw_primary: no pcm card found!
04-23 18:42:20.671 2034 2307 E audio_hw_primary: no pcm card found!
04-23 18:42:20.683 2034 2307 E audio_hw_primary: no pcm card found!
04-23 18:42:20.694 2034 2307 E audio_hw_primary: no pcm card found!
04-23 18:42:20.705 2034 2307 E audio_hw_primary: no pcm card found!
04-23 18:42:20.716 2034 2307 E audio_hw_primary: no pcm card found!
04-23 18:42:20.727 2034 2307 E audio_hw_primary: no pcm card found!
04-23 18:42:20.739 2034 2307 E audio_hw_primary: no pcm card found!
04-23 18:42:20.750 2034 2307 E audio_hw_primary: no pcm card found!
04-23 18:42:20.761 2034 2307 E audio_hw_primary: no pcm card found!
04-23 18:42:20.772 2034 2307 E audio_hw_primary: no pcm card found!
04-23 18:42:20.784 2034 2307 E audio_hw_primary: no pcm card found!
04-23 18:42:20.795 2034 2307 E audio_hw_primary: no pcm card found!
04-23 18:42:20.806 2034 2307 E audio_hw_primary: no pcm card found!
04-23 18:42:20.817 2034 2307 E audio_hw_primary: no pcm card found!
04-23 18:42:20.828 2034 2307 E audio_hw_primary: no pcm card found!
04-23 18:42:20.839 2034 2307 E audio_hw_primary: no pcm card found!
04-23 18:42:20.850 2034 2307 E audio_hw_primary: no pcm card found!
04-23 18:42:20.862 2034 2307 E audio_hw_primary: no pcm card found!
04-23 18:42:20.873 2034 2307 E audio_hw_primary: no pcm card found!
04-23 18:42:20.884 2034 2307 E audio_hw_primary: no pcm card found!
04-23 18:42:20.895 2034 2307 E audio_hw_primary: no pcm card found!
04-23 18:42:20.906 2034 2307 E audio_hw_primary: no pcm card found!
04-23 18:42:20.917 2034 2307 E audio_hw_primary: no pcm card found!
04-23 18:42:20.928 2034 2307 E audio_hw_primary: no pcm card found!
04-23 18:42:20.939 2034 2307 E audio_hw_primary: no pcm card found!
04-23 18:42:20.950 2034 2307 E audio_hw_primary: no pcm card found!
04-23 18:42:20.962 2034 2307 E audio_hw_primary: no pcm card found!
04-23 18:42:20.973 2034 2307 E audio_hw_primary: no pcm card found!
04-23 18:42:20.984 2034 2307 E audio_hw_primary: no pcm card found!
04-23 18:42:20.995 2034 2307 E audio_hw_primary: no pcm card found!
04-23 18:42:21.006 2034 2307 E audio_hw_primary: no pcm card found!
04-23 18:42:21.017 2034 2307 E audio_hw_primary: no pcm card found!
04-23 18:42:21.028 2034 2307 E audio_hw_primary: no pcm card found!
04-23 18:42:21.039 2034 2307 E audio_hw_primary: no pcm card found!
04-23 18:42:21.050 2034 2307 E audio_hw_primary: no pcm card found!
04-23 18:42:21.061 2034 2307 E audio_hw_primary: no pcm card found!
04-23 18:42:21.072 2034 2307 E audio_hw_primary: no pcm card found!
04-23 18:42:21.083 2034 2307 E audio_hw_primary: no pcm card found!
04-23 18:42:21.094 2034 2307 E audio_hw_primary: no pcm card found!
04-23 18:42:21.105 2034 2307 E audio_hw_primary: no pcm card found!
04-23 18:42:21.116 2034 2307 E audio_hw_primary: no pcm card found!
04-23 18:42:21.127 2034 2307 E audio_hw_primary: no pcm card found!
04-23 18:42:21.138 2034 2307 E audio_hw_primary: no pcm card found!
04-23 18:42:21.149 2034 2307 E audio_hw_primary: no pcm card found!
04-23 18:42:21.160 2034 2307 E audio_hw_primary: no pcm card found!
04-23 18:42:21.171 2034 2307 E audio_hw_primary: no pcm card found!
04-23 18:42:21.182 2034 2307 E audio_hw_primary: no pcm card found!
04-23 18:42:21.193 2034 2307 E audio_hw_primary: no pcm card found!
04-23 18:42:21.204 2034 2307 E audio_hw_primary: no pcm card found!
04-23 18:42:21.208 2325 2515 W AudioTrack: AUDIO_OUTPUT_FLAG_FAST denied by client
04-23 18:42:21.215 2034 2307 E audio_hw_primary: no pcm card found!
04-23 18:42:21.229 2034 2307 E audio_hw_primary: no pcm card found!
04-23 18:42:21.251 2034 2307 E audio_hw_primary: no pcm card found!
04-23 18:42:21.262 2034 2307 E audio_hw_primary: no pcm card found!
04-23 18:42:21.273 2034 2307 E audio_hw_primary: no pcm card found!
04-23 18:42:21.284 2034 2307 E audio_hw_primary: no pcm card found!
04-23 18:42:21.295 2034 2307 E audio_hw_primary: no pcm card found!
04-23 18:42:21.299 2909 2971 W OpenGLRenderer: Failed to wait for the fence 0x300c
04-23 18:42:21.306 2034 2307 E audio_hw_primary: no pcm card found!
04-23 18:42:21.317 2034 2307 E audio_hw_primary: no pcm card found!
04-23 18:42:21.329 2034 2307 E audio_hw_primary: no pcm card found!
04-23 18:42:21.340 2034 2307 E audio_hw_primary: no pcm card found!
04-23 18:42:21.351 2034 2307 E audio_hw_primary: no pcm card found!
04-23 18:42:21.362 2034 2307 E audio_hw_primary: no pcm card found!
04-23 18:42:21.373 2034 2307 E audio_hw_primary: no pcm card found!
04-23 18:42:21.384 2034 2307 E audio_hw_primary: no pcm card found!
04-23 18:42:21.395 2034 2307 E audio_hw_primary: no pcm card found!
04-23 18:42:21.406 2034 2307 E audio_hw_primary: no pcm card found!
04-23 18:42:21.417 2034 2307 E audio_hw_primary: no pcm card found!
04-23 18:42:21.428 2034 2307 E audio_hw_primary: no pcm card found!
04-23 18:42:21.439 2034 2307 E audio_hw_primary: no pcm card found!
04-23 18:42:21.450 2034 2307 E audio_hw_primary: no pcm card found!
04-23 18:42:21.461 2034 2307 E audio_hw_primary: no pcm card found!
04-23 18:42:21.472 2034 2307 E audio_hw_primary: no pcm card found!
04-23 18:42:21.484 2034 2307 E audio_hw_primary: no pcm card found!
04-23 18:42:21.495 2034 2307 E audio_hw_primary: no pcm card found!
04-23 18:42:21.506 2034 2307 E audio_hw_primary: no pcm card found!
04-23 18:42:21.517 2034 2307 E audio_hw_primary: no pcm card found!
04-23 18:42:21.528 2034 2307 E audio_hw_primary: no pcm card found!
04-23 18:42:21.539 2034 2307 E audio_hw_primary: no pcm card found!
04-23 18:42:21.551 2034 2307 E audio_hw_primary: no pcm card found!
04-23 18:42:21.562 2034 2307 E audio_hw_primary: no pcm card found!
04-23 18:42:21.573 2034 2307 E audio_hw_primary: no pcm card found!
04-23 18:42:21.584 2034 2307 E audio_hw_primary: no pcm card found!
04-23 18:42:21.595 2034 2307 E audio_hw_primary: no pcm card found!
04-23 18:42:21.607 2034 2307 E audio_hw_primary: no pcm card found!
04-23 18:42:21.618 2034 2307 E audio_hw_primary: no pcm card found!
04-23 18:42:21.629 2034 2307 E audio_hw_primary: no pcm card found!
04-23 18:42:21.640 2034 2307 E audio_hw_primary: no pcm card found!
04-23 18:42:21.651 2034 2307 E audio_hw_primary: no pcm card found!
04-23 18:42:21.662 2034 2307 E audio_hw_primary: no pcm card found!
04-23 18:42:21.666 2325 2634 I MediaFocusControl: AudioFocus abandonAudioFocus() from android.media.AudioManager@113c5121com.android.music.MediaPlaybackService$3@17ecc946
04-23 18:42:21.674 2034 2307 E audio_hw_primary: no pcm card found!
04-23 18:42:21.685 2034 2307 E audio_hw_primary: no pcm card found!
04-23 18:42:21.696 2034 2307 E audio_hw_primary: no pcm card found!
04-23 18:42:21.707 2034 2307 E audio_hw_primary: no pcm card found!
04-23 18:42:21.718 2034 2307 E audio_hw_primary: no pcm card found!
04-23 18:42:21.726 2325 2350 I ActivityManager: Start proc 3512:com.android.musicfx/u0a9 for broadcast com.android.musicfx/.ControlPanelReceiver
04-23 18:42:21.729 2034 2307 E audio_hw_primary: no pcm card found!
04-23 18:42:21.729 2325 2345 I ActivityManager: Killing 3157:com.android.music/u0a38 (adj 15): empty #17
04-23 18:42:21.740 2034 2307 E audio_hw_primary: no pcm card found!
04-23 18:42:21.740 2325 2325 W MediaSessionRecord: Removing dead callback in pushEvent.
04-23 18:42:21.740 2325 2325 W MediaSessionRecord: android.os.DeadObjectException
04-23 18:42:21.740 2325 2325 W MediaSessionRecord: at android.os.BinderProxy.transactNative(Native Method)
04-23 18:42:21.740 2325 2325 W MediaSessionRecord: at android.os.BinderProxy.transact(Binder.java:496)
04-23 18:42:21.740 2325 2325 W MediaSessionRecord: at android.media.session.ISessionControllerCallback$Stub$Proxy.onSessionDestroyed(ISessionControllerCallback.java:189)
04-23 18:42:21.740 2325 2325 W MediaSessionRecord: at com.android.server.media.MediaSessionRecord.pushSessionDestroyed(MediaSessionRecord.java:667)
04-23 18:42:21.740 2325 2325 W MediaSessionRecord: at com.android.server.media.MediaSessionRecord.access$3800(MediaSessionRecord.java:67)
04-23 18:42:21.740 2325 2325 W MediaSessionRecord: at com.android.server.media.MediaSessionRecord$MessageHandler.handleMessage(MediaSessionRecord.java:1286)
04-23 18:42:21.740 2325 2325 W MediaSessionRecord: at android.os.Handler.dispatchMessage(Handler.java:102)
04-23 18:42:21.740 2325 2325 W MediaSessionRecord: at android.os.Looper.loop(Looper.java:135)
04-23 18:42:21.740 2325 2325 W MediaSessionRecord: at com.android.server.SystemServer.run(SystemServer.java:269)
04-23 18:42:21.740 2325 2325 W MediaSessionRecord: at com.android.server.SystemServer.main(SystemServer.java:170)
04-23 18:42:21.740 2325 2325 W MediaSessionRecord: at java.lang.reflect.Method.invoke(Native Method)
04-23 18:42:21.740 2325 2325 W MediaSessionRecord: at java.lang.reflect.Method.invoke(Method.java:372)
04-23 18:42:21.740 2325 2325 W MediaSessionRecord: at com.android.internal.os.ZygoteInit$MethodAndArgsCaller.run(ZygoteInit.java:903)
04-23 18:42:21.740 2325 2325 W MediaSessionRecord: at com.android.internal.os.ZygoteInit.main(ZygoteInit.java:698)
04-23 18:42:21.750 2034 2307 E audio_hw_primary: no pcm card found!
04-23 18:42:21.757 2038 2038 I art : Explicit concurrent mark sweep GC freed 706(30KB) AllocSpace objects, 0(0B) LOS objects, 39% free, 1950KB/3MB, paused 244us total 31.320ms
04-23 18:42:21.761 2034 2307 E audio_hw_primary: no pcm card found!
04-23 18:42:21.765 3512 3512 V MusicFXControlPanelReceiver: onReceive
04-23 18:42:21.765 3512 3512 V MusicFXControlPanelReceiver: Action: android.media.action.CLOSE_AUDIO_EFFECT_CONTROL_SESSION
04-23 18:42:21.765 3512 3512 V MusicFXControlPanelReceiver: Package name: com.android.music
04-23 18:42:21.765 3512 3512 V MusicFXControlPanelReceiver: Audio session: 6
04-23 18:42:21.766 3512 3512 V MusicFXControlPanelEffect: closeSession(android.app.ReceiverRestrictedContext@d97da6e, com.android.music, 6)
04-23 18:42:21.768 2325 2346 I ActivityManager: Killing 2795:com.android.printspooler/u0a44 (adj 15): empty #17
04-23 18:42:21.772 2034 2307 E audio_hw_primary: no pcm card found!
04-23 18:42:21.777 2038 2038 I art : Explicit concurrent mark sweep GC freed 5(160B) AllocSpace objects, 0(0B) LOS objects, 39% free, 1950KB/3MB, paused 161us total 19.597ms
04-23 18:42:21.783 2034 2307 E audio_hw_primary: no pcm card found!
04-23 18:42:21.793 2038 2038 I art : Explicit concurrent mark sweep GC freed 5(160B) AllocSpace objects, 0(0B) LOS objects, 39% free, 1950KB/3MB, paused 132us total 15.149ms
04-23 18:42:21.794 2034 2307 E audio_hw_primary: no pcm card found!
04-23 18:42:21.805 2034 2307 E audio_hw_primary: no pcm card found!
04-23 18:42:21.816 2034 2307 E audio_hw_primary: no pcm card found!
04-23 18:42:21.827 2034 2307 E audio_hw_primary: no pcm card found!
04-23 18:42:21.838 2034 2307 E audio_hw_primary: no pcm card found!
04-23 18:42:21.849 2034 2307 E audio_hw_primary: no pcm card found!
04-23 18:42:21.859 2034 2307 E audio_hw_primary: no pcm card found!
04-23 18:42:21.871 2034 2307 E audio_hw_primary: no pcm card found!
04-23 18:42:21.882 2034 2307 E audio_hw_primary: no pcm card found!
04-23 18:42:21.893 2034 2307 E audio_hw_primary: no pcm card found!
04-23 18:42:21.904 2034 2307 E audio_hw_primary: no pcm card found!
04-23 18:42:21.915 2034 2307 E audio_hw_primary: no pcm card found!
04-23 18:42:21.927 2034 2307 E audio_hw_primary: no pcm card found!
04-23 18:42:21.938 2034 2307 E audio_hw_primary: no pcm card found!
04-23 18:42:21.949 2034 2307 E audio_hw_primary: no pcm card found!
04-23 18:42:21.960 2034 2307 E audio_hw_primary: no pcm card found!
04-23 18:42:21.971 2034 2307 E audio_hw_primary: no pcm card found!
04-23 18:42:21.982 2034 2307 E audio_hw_primary: no pcm card found!
04-23 18:42:21.993 2034 2307 E audio_hw_primary: no pcm card found!
04-23 18:42:22.004 2034 2307 E audio_hw_primary: no pcm card found!
04-23 18:42:22.015 2034 2307 E audio_hw_primary: no pcm card found!
04-23 18:42:22.027 2034 2307 E audio_hw_primary: no pcm card found!
04-23 18:42:22.038 2034 2307 E audio_hw_primary: no pcm card found!
04-23 18:42:22.049 2034 2307 E audio_hw_primary: no pcm card found!
04-23 18:42:22.060 2034 2307 E audio_hw_primary: no pcm card found!
04-23 18:42:22.072 2034 2307 E audio_hw_primary: no pcm card found!
04-23 18:42:22.083 2034 2307 E audio_hw_primary: no pcm card found!
04-23 18:42:22.094 2034 2307 E audio_hw_primary: no pcm card found!
04-23 18:42:22.105 2034 2307 E audio_hw_primary: no pcm card found!
04-23 18:42:22.116 2034 2307 E audio_hw_primary: no pcm card found!
04-23 18:42:22.128 2034 2307 E audio_hw_primary: no pcm card found!
04-23 18:42:22.139 2034 2307 E audio_hw_primary: no pcm card found!
04-23 18:42:22.150 2034 2307 E audio_hw_primary: no pcm card found!
04-23 18:42:22.161 2034 2307 E audio_hw_primary: no pcm card found!
04-23 18:42:22.173 2034 2307 E audio_hw_primary: no pcm card found!
04-23 18:42:22.184 2034 2307 E audio_hw_primary: no pcm card found!
04-23 18:42:22.195 2034 2307 E audio_hw_primary: no pcm card found!
04-23 18:42:22.206 2034 2307 E audio_hw_primary: no pcm card found!
04-23 18:42:22.217 2034 2307 E audio_hw_primary: no pcm card found!
04-23 18:42:22.228 2034 2307 E audio_hw_primary: no pcm card found!
04-23 18:42:22.240 2034 2307 E audio_hw_primary: no pcm card found!
04-23 18:42:22.251 2034 2307 E audio_hw_primary: no pcm card found!
04-23 18:42:22.262 2034 2307 E audio_hw_primary: no pcm card found!
04-23 18:42:22.274 2034 2307 E audio_hw_primary: no pcm card found!
04-23 18:42:22.285 2034 2307 E audio_hw_primary: no pcm card found!
04-23 18:42:22.296 2034 2307 E audio_hw_primary: no pcm card found!
04-23 18:42:22.308 2034 2307 E audio_hw_primary: no pcm card found!
04-23 18:42:22.319 2034 2307 E audio_hw_primary: no pcm card found!
04-23 18:42:22.330 2034 2307 E audio_hw_primary: no pcm card found!
04-23 18:42:22.341 2034 2307 E audio_hw_primary: no pcm card found!
04-23 18:42:22.353 2034 2307 E audio_hw_primary: no pcm card found!
04-23 18:42:22.364 2034 2307 E audio_hw_primary: no pcm card found!
04-23 18:42:22.375 2034 2307 E audio_hw_primary: no pcm card found!
04-23 18:42:22.387 2034 2307 E audio_hw_primary: no pcm card found!
04-23 18:42:22.398 2034 2307 E audio_hw_primary: no pcm card found!
04-23 18:42:22.409 2034 2307 E audio_hw_primary: no pcm card found!
04-23 18:42:22.421 2034 2307 E audio_hw_primary: no pcm card found!
04-23 18:42:22.432 2034 2307 E audio_hw_primary: no pcm card found!
04-23 18:42:22.443 2034 2307 E audio_hw_primary: no pcm card found!
04-23 18:42:22.454 2034 2307 E audio_hw_primary: no pcm card found!
04-23 18:42:22.466 2034 2307 E audio_hw_primary: no pcm card found!
04-23 18:42:22.477 2034 2307 E audio_hw_primary: no pcm card found!
04-23 18:42:22.488 2034 2307 E audio_hw_primary: no pcm card found!
04-23 18:42:22.500 2034 2307 E audio_hw_primary: no pcm card found!
04-23 18:42:22.511 2034 2307 E audio_hw_primary: no pcm card found!
04-23 18:42:22.523 2034 2307 E audio_hw_primary: no pcm card found!
04-23 18:42:22.534 2034 2307 E audio_hw_primary: no pcm card found!
04-23 18:42:22.545 2034 2307 E audio_hw_primary: no pcm card found!
04-23 18:42:22.556 2034 2307 E audio_hw_primary: no pcm card found!
04-23 18:42:22.568 2034 2307 E audio_hw_primary: no pcm card found!
04-23 18:42:22.579 2034 2307 E audio_hw_primary: no pcm card found!
04-23 18:42:22.590 2034 2307 E audio_hw_primary: no pcm card found!
04-23 18:42:22.602 2034 2307 E audio_hw_primary: no pcm card found!
04-23 18:42:22.613 2034 2307 E audio_hw_primary: no pcm card found!
04-23 18:42:22.624 2034 2307 E audio_hw_primary: no pcm card found!
04-23 18:42:22.635 2034 2307 E audio_hw_primary: no pcm card found!
04-23 18:42:22.647 2034 2307 E audio_hw_primary: no pcm card found!
04-23 18:42:22.658 2034 2307 E audio_hw_primary: no pcm card found!
04-23 18:42:22.669 2034 2307 E audio_hw_primary: no pcm card found!
04-23 18:42:22.681 2034 2307 E audio_hw_primary: no pcm card found!
04-23 18:42:22.692 2034 2307 E audio_hw_primary: no pcm card found!
04-23 18:42:22.703 2034 2307 E audio_hw_primary: no pcm card found!
04-23 18:42:22.715 2034 2307 E audio_hw_primary: no pcm card found!
04-23 18:42:22.726 2034 2307 E audio_hw_primary: no pcm card found!
04-23 18:42:22.737 2034 2307 E audio_hw_primary: no pcm card found!
04-23 18:42:22.749 2034 2307 E audio_hw_primary: no pcm card found!
04-23 18:42:22.760 2034 2307 E audio_hw_primary: no pcm card found!
04-23 18:42:22.771 2034 2307 E audio_hw_primary: no pcm card found!
04-23 18:42:22.782 2034 2307 E audio_hw_primary: no pcm card found!
04-23 18:42:22.794 2034 2307 E audio_hw_primary: no pcm card found!
04-23 18:42:22.805 2034 2307 E audio_hw_primary: no pcm card found!
04-23 18:42:22.816 2034 2307 E audio_hw_primary: no pcm card found!
04-23 18:42:22.827 2034 2307 E audio_hw_primary: no pcm card found!
04-23 18:42:22.838 2034 2307 E audio_hw_primary: no pcm card found!
04-23 18:42:22.849 2034 2307 E audio_hw_primary: no pcm card found!
04-23 18:42:22.860 2034 2307 E audio_hw_primary: no pcm card found!
04-23 18:42:22.871 2034 2307 E audio_hw_primary: no pcm card found!
04-23 18:42:22.871 2325 2515 W AudioTrack: AUDIO_OUTPUT_FLAG_FAST denied by client
04-23 18:42:22.882 2034 2307 E audio_hw_primary: no pcm card found!
04-23 18:42:22.894 2034 2307 E audio_hw_primary: no pcm card found!
04-23 18:42:22.916 2034 2307 E audio_hw_primary: no pcm card found!
04-23 18:42:22.928 2034 2307 E audio_hw_primary: no pcm card found!
04-23 18:42:22.939 2034 2307 E audio_hw_primary: no pcm card found!
04-23 18:42:22.950 2034 2307 E audio_hw_primary: no pcm card found!
04-23 18:42:22.961 2034 2307 E audio_hw_primary: no pcm card found!
04-23 18:42:22.973 2034 2307 E audio_hw_primary: no pcm card found!
04-23 18:42:22.984 2034 2307 E audio_hw_primary: no pcm card found!
04-23 18:42:22.995 2034 2307 E audio_hw_primary: no pcm card found!
04-23 18:42:23.006 2034 2307 E audio_hw_primary: no pcm card found!
04-23 18:42:23.018 2034 2307 E audio_hw_primary: no pcm card found!
04-23 18:42:23.029 2034 2307 E audio_hw_primary: no pcm card found!
04-23 18:42:23.040 2034 2307 E audio_hw_primary: no pcm card found!
04-23 18:42:23.051 2034 2307 E audio_hw_primary: no pcm card found!
04-23 18:42:23.062 2034 2307 E audio_hw_primary: no pcm card found!
04-23 18:42:23.073 2034 2307 E audio_hw_primary: no pcm card found!
04-23 18:42:23.084 2034 2307 E audio_hw_primary: no pcm card found!
04-23 18:42:23.095 2034 2307 E audio_hw_primary: no pcm card found!
04-23 18:42:23.106 2034 2307 E audio_hw_primary: no pcm card found!
04-23 18:42:23.117 2034 2307 E audio_hw_primary: no pcm card found!
04-23 18:42:23.129 2034 2307 E audio_hw_primary: no pcm card found!
04-23 18:42:23.140 2034 2307 E audio_hw_primary: no pcm card found!
04-23 18:42:23.151 2034 2307 E audio_hw_primary: no pcm card found!
04-23 18:42:23.162 2034 2307 E audio_hw_primary: no pcm card found!
04-23 18:42:23.174 2034 2307 E audio_hw_primary: no pcm card found!
04-23 18:42:23.185 2034 2307 E audio_hw_primary: no pcm card found!
04-23 18:42:23.196 2034 2307 E audio_hw_primary: no pcm card found!
04-23 18:42:23.207 2034 2307 E audio_hw_primary: no pcm card found!
04-23 18:42:23.218 2034 2307 E audio_hw_primary: no pcm card found!
04-23 18:42:23.230 2034 2307 E audio_hw_primary: no pcm card found!
04-23 18:42:23.241 2034 2307 E audio_hw_primary: no pcm card found!
04-23 18:42:23.253 2034 2307 E audio_hw_primary: no pcm card found!
04-23 18:42:23.264 2034 2307 E audio_hw_primary: no pcm card found!
04-23 18:42:23.275 2034 2307 E audio_hw_primary: no pcm card found!
04-23 18:42:23.286 2034 2307 E audio_hw_primary: no pcm card found!
04-23 18:42:23.298 2034 2307 E audio_hw_primary: no pcm card found!
04-23 18:42:23.309 2034 2307 E audio_hw_primary: no pcm card found!
04-23 18:42:23.320 2034 2307 E audio_hw_primary: no pcm card found!
04-23 18:42:23.332 2034 2307 E audio_hw_primary: no pcm card found!
04-23 18:42:23.343 2034 2307 E audio_hw_primary: no pcm card found!
04-23 18:42:23.354 2034 2307 E audio_hw_primary: no pcm card found!
04-23 18:42:23.365 2034 2307 E audio_hw_primary: no pcm card found!
04-23 18:42:23.377 2034 2307 E audio_hw_primary: no pcm card found!
04-23 18:42:23.388 2034 2307 E audio_hw_primary: no pcm card found!
04-23 18:42:23.399 2034 2307 E audio_hw_primary: no pcm card found!
04-23 18:42:23.411 2034 2307 E audio_hw_primary: no pcm card found!
04-23 18:42:23.422 2034 2307 E audio_hw_primary: no pcm card found!
04-23 18:42:23.433 2034 2307 E audio_hw_primary: no pcm card found!
04-23 18:42:23.444 2034 2307 E audio_hw_primary: no pcm card found!
04-23 18:42:23.456 2034 2307 E audio_hw_primary: no pcm card found!
04-23 18:42:23.467 2034 2307 E audio_hw_primary: no pcm card found!
04-23 18:42:23.478 2034 2307 E audio_hw_primary: no pcm card found!
04-23 18:42:23.489 2034 2307 E audio_hw_primary: no pcm card found!
04-23 18:42:23.501 2034 2307 E audio_hw_primary: no pcm card found!
04-23 18:42:23.512 2034 2307 E audio_hw_primary: no pcm card found!
04-23 18:42:23.523 2034 2307 E audio_hw_primary: no pcm card found!
04-23 18:42:23.535 2034 2307 E audio_hw_primary: no pcm card found!
04-23 18:42:23.546 2034 2307 E audio_hw_primary: no pcm card found!
04-23 18:42:23.557 2034 2307 E audio_hw_primary: no pcm card found!
04-23 18:42:23.569 2034 2307 E audio_hw_primary: no pcm card found!
04-23 18:42:23.580 2034 2307 E audio_hw_primary: no pcm card found!
04-23 18:42:23.591 2034 2307 E audio_hw_primary: no pcm card found!
04-23 18:42:23.602 2034 2307 E audio_hw_primary: no pcm card found!
04-23 18:42:23.613 2034 2307 E audio_hw_primary: no pcm card found!
04-23 18:42:23.625 2034 2307 E audio_hw_primary: no pcm card found!
04-23 18:42:23.636 2034 2307 E audio_hw_primary: no pcm card found!
04-23 18:42:23.647 2034 2307 E audio_hw_primary: no pcm card found!
04-23 18:42:23.659 2034 2307 E audio_hw_primary: no pcm card found!
04-23 18:42:23.670 2034 2307 E audio_hw_primary: no pcm card found!
04-23 18:42:23.681 2034 2307 E audio_hw_primary: no pcm card found!
04-23 18:42:23.693 2034 2307 E audio_hw_primary: no pcm card found!
04-23 18:42:23.704 2034 2307 E audio_hw_primary: no pcm card found!
04-23 18:42:23.715 2034 2307 E audio_hw_primary: no pcm card found!
04-23 18:42:23.726 2034 2307 E audio_hw_primary: no pcm card found!
04-23 18:42:23.738 2034 2307 E audio_hw_primary: no pcm card found!
04-23 18:42:23.749 2034 2307 E audio_hw_primary: no pcm card found!
04-23 18:42:23.760 2034 2307 E audio_hw_primary: no pcm card found!
04-23 18:42:23.771 2034 2307 E audio_hw_primary: no pcm card found!
04-23 18:42:23.782 2034 2307 E audio_hw_primary: no pcm card found!
04-23 18:42:23.794 2034 2307 E audio_hw_primary: no pcm card found!
04-23 18:42:23.805 2034 2307 E audio_hw_primary: no pcm card found!
04-23 18:42:23.816 2034 2307 E audio_hw_primary: no pcm card found!
04-23 18:42:23.828 2034 2307 E audio_hw_primary: no pcm card found!
04-23 18:42:23.839 2034 2307 E audio_hw_primary: no pcm card found!
04-23 18:42:23.850 2034 2307 E audio_hw_primary: no pcm card found!
04-23 18:42:23.862 2034 2307 E audio_hw_primary: no pcm card found!
04-23 18:42:23.873 2034 2307 E audio_hw_primary: no pcm card found!
04-23 18:42:23.884 2034 2307 E audio_hw_primary: no pcm card found!
04-23 18:42:23.896 2034 2307 E audio_hw_primary: no pcm card found!
04-23 18:42:23.907 2034 2307 E audio_hw_primary: no pcm card found!
04-23 18:42:23.918 2034 2307 E audio_hw_primary: no pcm card found!
04-23 18:42:23.929 2034 2307 E audio_hw_primary: no pcm card found!
04-23 18:42:23.941 2034 2307 E audio_hw_primary: no pcm card found!
04-23 18:42:23.952 2034 2307 E audio_hw_primary: no pcm card found!
04-23 18:42:23.963 2034 2307 E audio_hw_primary: no pcm card found!
04-23 18:42:23.975 2034 2307 E audio_hw_primary: no pcm card found!
04-23 18:42:23.986 2034 2307 E audio_hw_primary: no pcm card found!
04-23 18:42:23.997 2034 2307 E audio_hw_primary: no pcm card found!
04-23 18:42:24.008 2034 2307 E audio_hw_primary: no pcm card found!
04-23 18:42:24.020 2034 2307 E audio_hw_primary: no pcm card found!
04-23 18:42:24.031 2034 2307 E audio_hw_primary: no pcm card found!
04-23 18:42:24.042 2034 2307 E audio_hw_primary: no pcm card found!
04-23 18:42:24.054 2034 2307 E audio_hw_primary: no pcm card found!
04-23 18:42:24.065 2034 2307 E audio_hw_primary: no pcm card found!
04-23 18:42:24.076 2034 2307 E audio_hw_primary: no pcm card found!
04-23 18:42:24.087 2034 2307 E audio_hw_primary: no pcm card found!
04-23 18:42:24.099 2034 2307 E audio_hw_primary: no pcm card found!
04-23 18:42:24.110 2034 2307 E audio_hw_primary: no pcm card found!
04-23 18:42:24.121 2034 2307 E audio_hw_primary: no pcm card found!
04-23 18:42:24.133 2034 2307 E audio_hw_primary: no pcm card found!
04-23 18:42:24.144 2034 2307 E audio_hw_primary: no pcm card found!
04-23 18:42:24.155 2034 2307 E audio_hw_primary: no pcm card found!
04-23 18:42:24.167 2034 2307 E audio_hw_primary: no pcm card found!
04-23 18:42:24.178 2034 2307 E audio_hw_primary: no pcm card found!
04-23 18:42:24.189 2034 2307 E audio_hw_primary: no pcm card found!
04-23 18:42:24.200 2034 2307 E audio_hw_primary: no pcm card found!
04-23 18:42:24.211 2034 2307 E audio_hw_primary: no pcm card found!
04-23 18:42:24.223 2034 2307 E audio_hw_primary: no pcm card found!
04-23 18:42:24.234 2034 2307 E audio_hw_primary: no pcm card found!
04-23 18:42:24.245 2034 2307 E audio_hw_primary: no pcm card found!
04-23 18:42:24.257 2034 2307 E audio_hw_primary: no pcm card found!
04-23 18:42:24.268 2034 2307 E audio_hw_primary: no pcm card found!
04-23 18:42:24.279 2034 2307 E audio_hw_primary: no pcm card found!
04-23 18:42:24.291 2034 2307 E audio_hw_primary: no pcm card found!
04-23 18:42:24.302 2034 2307 E audio_hw_primary: no pcm card found!
04-23 18:42:24.313 2034 2307 E audio_hw_primary: no pcm card found!
04-23 18:42:24.324 2034 2307 E audio_hw_primary: no pcm card found!
04-23 18:42:24.336 2034 2307 E audio_hw_primary: no pcm card found!
04-23 18:42:24.347 2034 2307 E audio_hw_primary: no pcm card found!
04-23 18:42:24.358 2034 2307 E audio_hw_primary: no pcm card found!
04-23 18:42:24.369 2034 2307 E audio_hw_primary: no pcm card found!
04-23 18:42:24.381 2034 2307 E audio_hw_primary: no pcm card found!
04-23 18:42:24.392 2034 2307 E audio_hw_primary: no pcm card found!
04-23 18:42:24.403 2034 2307 E audio_hw_primary: no pcm card found!
04-23 18:42:24.415 2034 2307 E audio_hw_primary: no pcm card found!
04-23 18:42:24.426 2034 2307 E audio_hw_primary: no pcm card found!
04-23 18:42:24.437 2034 2307 E audio_hw_primary: no pcm card found!
04-23 18:42:24.448 2034 2307 E audio_hw_primary: no pcm card found!
04-23 18:42:24.459 2034 2307 E audio_hw_primary: no pcm card found!
04-23 18:42:24.470 2034 2307 E audio_hw_primary: no pcm card found!
04-23 18:42:24.471 2325 2346 I ActivityManager: START u0 {act=android.intent.action.MAIN cat=[android.intent.category.LAUNCHER] flg=0x10200000 cmp=com.example.android.rssreader/.RssReader} from uid 10014 on display 0
04-23 18:42:24.473 2325 2515 W AudioTrack: AUDIO_OUTPUT_FLAG_FAST denied by client
04-23 18:42:24.481 2034 2307 E audio_hw_primary: no pcm card found!
04-23 18:42:24.492 2034 2307 E audio_hw_primary: no pcm card found!
04-23 18:42:24.494 2325 2346 V WindowManager: addAppToken: AppWindowToken{10d6e5cd token=Token{d587f64 ActivityRecord{496b4f7 u0 com.example.android.rssreader/.RssReader t5}}} to stack=1 task=5 at 0
04-23 18:42:24.505 2034 2307 E audio_hw_primary: no pcm card found!
04-23 18:42:24.516 2325 2355 V WindowManager: Adding window Window{eed5bda u0 Starting com.example.android.rssreader} at 2 of 7 (after Window{1e5bae5e u0 com.cyanogenmod.trebuchet/com.android.launcher3.Launcher})
04-23 18:42:24.527 2034 2307 E audio_hw_primary: no pcm card found!
04-23 18:42:24.538 2034 2307 E audio_hw_primary: no pcm card found!
04-23 18:42:24.548 2325 2635 I ActivityManager: Start proc 3534:com.example.android.rssreader/u0a47 for activity com.example.android.rssreader/.RssReader
04-23 18:42:24.549 2034 2307 E audio_hw_primary: no pcm card found!
04-23 18:42:24.560 2034 2307 E audio_hw_primary: no pcm card found!
04-23 18:42:24.571 2034 2307 E audio_hw_primary: no pcm card found!
04-23 18:42:24.581 2034 2307 E audio_hw_primary: no pcm card found!
04-23 18:42:24.593 2034 2307 E audio_hw_primary: no pcm card found!
04-23 18:42:24.604 2034 2307 E audio_hw_primary: no pcm card found!
04-23 18:42:24.615 2034 2307 E audio_hw_primary: no pcm card found!
04-23 18:42:24.626 2034 2307 E audio_hw_primary: no pcm card found!
04-23 18:42:24.637 2034 2307 E audio_hw_primary: no pcm card found!
04-23 18:42:24.644 3534 3552 D OpenGLRenderer: Use EGL_SWAP_BEHAVIOR_PRESERVED: true
04-23 18:42:24.647 2325 2994 V WindowManager: Adding window Window{e8c8994 u0 com.example.android.rssreader/com.example.android.rssreader.RssReader} at 2 of 8 (before Window{eed5bda u0 Starting com.example.android.rssreader})
04-23 18:42:24.647 2034 2307 E audio_hw_primary: no pcm card found!
04-23 18:42:24.658 2034 2307 E audio_hw_primary: no pcm card found!
04-23 18:42:24.669 2034 2307 E audio_hw_primary: no pcm card found!
04-23 18:42:24.680 2034 2307 E audio_hw_primary: no pcm card found!
04-23 18:42:24.691 2034 2307 E audio_hw_primary: no pcm card found!
04-23 18:42:24.702 2034 2307 E audio_hw_primary: no pcm card found!
04-23 18:42:24.710 3534 3552 I GRALLOC-DRM: create intel for driver i915
04-23 18:42:24.713 2034 2307 E audio_hw_primary: no pcm card found!
04-23 18:42:24.724 2034 2307 E audio_hw_primary: no pcm card found!
04-23 18:42:24.735 2034 2307 E audio_hw_primary: no pcm card found!
04-23 18:42:24.746 2034 2307 E audio_hw_primary: no pcm card found!
04-23 18:42:24.758 2034 2307 E audio_hw_primary: no pcm card found!
04-23 18:42:24.769 2034 2307 E audio_hw_primary: no pcm card found!
04-23 18:42:24.780 2034 2307 E audio_hw_primary: no pcm card found!
04-23 18:42:24.791 2034 2307 E audio_hw_primary: no pcm card found!
04-23 18:42:24.802 2034 2307 E audio_hw_primary: no pcm card found!
04-23 18:42:24.813 2034 2307 E audio_hw_primary: no pcm card found!
04-23 18:42:24.825 2034 2307 E audio_hw_primary: no pcm card found!
04-23 18:42:24.836 2034 2307 E audio_hw_primary: no pcm card found!
04-23 18:42:24.847 2034 2307 E audio_hw_primary: no pcm card found!
04-23 18:42:24.853 3534 3552 I OpenGLRenderer: Initialized EGL, version 1.4
04-23 18:42:24.853 3534 3552 W OpenGLRenderer: Failed to choose config with EGL_SWAP_BEHAVIOR_PRESERVED, retrying without...
04-23 18:42:24.856 3534 3552 D OpenGLRenderer: Enabling debug mode 0
04-23 18:42:24.859 2034 2307 E audio_hw_primary: no pcm card found!
04-23 18:42:24.870 2034 2307 E audio_hw_primary: no pcm card found!
04-23 18:42:24.881 2034 2307 E audio_hw_primary: no pcm card found!
04-23 18:42:24.892 2034 2307 E audio_hw_primary: no pcm card found!
04-23 18:42:24.903 2034 2307 E audio_hw_primary: no pcm card found!
04-23 18:42:24.915 2034 2307 E audio_hw_primary: no pcm card found!
04-23 18:42:24.926 2034 2307 E audio_hw_primary: no pcm card found!
04-23 18:42:24.937 2325 2355 I ActivityManager: Displayed com.example.android.rssreader/.RssReader: +428ms
04-23 18:42:24.937 2034 2307 E audio_hw_primary: no pcm card found!
04-23 18:42:24.948 2034 2307 E audio_hw_primary: no pcm card found!
04-23 18:42:24.959 2034 2307 E audio_hw_primary: no pcm card found!
04-23 18:42:24.970 2034 2307 E audio_hw_primary: no pcm card found!
04-23 18:42:24.981 2034 2307 E audio_hw_primary: no pcm card found!
04-23 18:42:24.992 2034 2307 E audio_hw_primary: no pcm card found!
04-23 18:42:25.003 2034 2307 E audio_hw_primary: no pcm card found!
04-23 18:42:25.014 2034 2307 E audio_hw_primary: no pcm card found!
04-23 18:42:25.026 2034 2307 E audio_hw_primary: no pcm card found!
04-23 18:42:25.037 2034 2307 E audio_hw_primary: no pcm card found!
04-23 18:42:25.048 2034 2307 E audio_hw_primary: no pcm card found!
04-23 18:42:25.059 2034 2307 E audio_hw_primary: no pcm card found!
04-23 18:42:25.070 2034 2307 E audio_hw_primary: no pcm card found!
04-23 18:42:25.082 2034 2307 E audio_hw_primary: no pcm card found!
04-23 18:42:25.093 2034 2307 E audio_hw_primary: no pcm card found!
04-23 18:42:25.104 2034 2307 E audio_hw_primary: no pcm card found!
04-23 18:42:25.115 2034 2307 E audio_hw_primary: no pcm card found!
04-23 18:42:25.126 2034 2307 E audio_hw_primary: no pcm card found!
04-23 18:42:25.137 2034 2307 E audio_hw_primary: no pcm card found!
04-23 18:42:25.148 2034 2307 E audio_hw_primary: no pcm card found!
04-23 18:42:25.160 2034 2307 E audio_hw_primary: no pcm card found!
04-23 18:42:25.171 2034 2307 E audio_hw_primary: no pcm card found!
04-23 18:42:25.182 2034 2307 E audio_hw_primary: no pcm card found!
04-23 18:42:25.194 2034 2307 E audio_hw_primary: no pcm card found!
04-23 18:42:25.205 2034 2307 E audio_hw_primary: no pcm card found!
04-23 18:42:25.216 2034 2307 E audio_hw_primary: no pcm card found!
04-23 18:42:25.228 2034 2307 E audio_hw_primary: no pcm card found!
04-23 18:42:25.239 2034 2307 E audio_hw_primary: no pcm card found!
04-23 18:42:25.250 2034 2307 E audio_hw_primary: no pcm card found!
04-23 18:42:25.262 2034 2307 E audio_hw_primary: no pcm card found!
04-23 18:42:25.273 2034 2307 E audio_hw_primary: no pcm card found!
04-23 18:42:25.284 2034 2307 E audio_hw_primary: no pcm card found!
04-23 18:42:25.295 2034 2307 E audio_hw_primary: no pcm card found!
04-23 18:42:25.307 2034 2307 E audio_hw_primary: no pcm card found!
04-23 18:42:25.318 2034 2307 E audio_hw_primary: no pcm card found!
04-23 18:42:25.329 2034 2307 E audio_hw_primary: no pcm card found!
04-23 18:42:25.341 2034 2307 E audio_hw_primary: no pcm card found!
04-23 18:42:25.352 2034 2307 E audio_hw_primary: no pcm card found!
04-23 18:42:25.363 2034 2307 E audio_hw_primary: no pcm card found!
04-23 18:42:25.375 2034 2307 E audio_hw_primary: no pcm card found!
04-23 18:42:25.386 2034 2307 E audio_hw_primary: no pcm card found!
04-23 18:42:25.397 2034 2307 E audio_hw_primary: no pcm card found!
04-23 18:42:25.408 2034 2307 E audio_hw_primary: no pcm card found!
04-23 18:42:25.420 2034 2307 E audio_hw_primary: no pcm card found!
04-23 18:42:25.431 2034 2307 E audio_hw_primary: no pcm card found!
04-23 18:42:25.442 2034 2307 E audio_hw_primary: no pcm card found!
04-23 18:42:25.453 2034 2307 E audio_hw_primary: no pcm card found!
04-23 18:42:25.465 2034 2307 E audio_hw_primary: no pcm card found!
04-23 18:42:25.476 2034 2307 E audio_hw_primary: no pcm card found!
04-23 18:42:25.487 2034 2307 E audio_hw_primary: no pcm card found!
04-23 18:42:25.498 2034 2307 E audio_hw_primary: no pcm card found!
04-23 18:42:25.510 2034 2307 E audio_hw_primary: no pcm card found!
04-23 18:42:25.521 2034 2307 E audio_hw_primary: no pcm card found!
04-23 18:42:25.532 2034 2307 E audio_hw_primary: no pcm card found!
04-23 18:42:25.544 2034 2307 E audio_hw_primary: no pcm card found!
04-23 18:42:25.555 2034 2307 E audio_hw_primary: no pcm card found!
04-23 18:42:25.566 2034 2307 E audio_hw_primary: no pcm card found!
04-23 18:42:25.577 2034 2307 E audio_hw_primary: no pcm card found!
04-23 18:42:25.588 2034 2307 E audio_hw_primary: no pcm card found!
04-23 18:42:25.600 2034 2307 E audio_hw_primary: no pcm card found!
04-23 18:42:25.611 2034 2307 E audio_hw_primary: no pcm card found!
04-23 18:42:25.622 2034 2307 E audio_hw_primary: no pcm card found!
04-23 18:42:25.634 2034 2307 E audio_hw_primary: no pcm card found!
04-23 18:42:25.645 2034 2307 E audio_hw_primary: no pcm card found!
04-23 18:42:25.656 2034 2307 E audio_hw_primary: no pcm card found!
04-23 18:42:25.667 2034 2307 E audio_hw_primary: no pcm card found!
04-23 18:42:25.679 2034 2307 E audio_hw_primary: no pcm card found!
04-23 18:42:25.690 2034 2307 E audio_hw_primary: no pcm card found!
04-23 18:42:25.701 2034 2307 E audio_hw_primary: no pcm card found!
04-23 18:42:25.713 2034 2307 E audio_hw_primary: no pcm card found!
04-23 18:42:25.724 2034 2307 E audio_hw_primary: no pcm card found!
04-23 18:42:25.735 2034 2307 E audio_hw_primary: no pcm card found!
04-23 18:42:25.747 2034 2307 E audio_hw_primary: no pcm card found!
04-23 18:42:25.758 2034 2307 E audio_hw_primary: no pcm card found!
04-23 18:42:25.769 2034 2307 E audio_hw_primary: no pcm card found!
04-23 18:42:25.780 2034 2307 E audio_hw_primary: no pcm card found!
04-23 18:42:25.792 2034 2307 E audio_hw_primary: no pcm card found!
04-23 18:42:25.803 2034 2307 E audio_hw_primary: no pcm card found!
04-23 18:42:25.814 2034 2307 E audio_hw_primary: no pcm card found!
04-23 18:42:25.825 2034 2307 E audio_hw_primary: no pcm card found!
04-23 18:42:25.837 2034 2307 E audio_hw_primary: no pcm card found!
04-23 18:42:25.848 2034 2307 E audio_hw_primary: no pcm card found!
04-23 18:42:25.860 2034 2307 E audio_hw_primary: no pcm card found!
04-23 18:42:25.871 2034 2307 E audio_hw_primary: no pcm card found!
04-23 18:42:25.882 2034 2307 E audio_hw_primary: no pcm card found!
04-23 18:42:25.893 2034 2307 E audio_hw_primary: no pcm card found!
04-23 18:42:25.905 2034 2307 E audio_hw_primary: no pcm card found!
04-23 18:42:25.916 2034 2307 E audio_hw_primary: no pcm card found!
04-23 18:42:25.927 2034 2307 E audio_hw_primary: no pcm card found!
04-23 18:42:25.939 2034 2307 E audio_hw_primary: no pcm card found!
04-23 18:42:25.950 2034 2307 E audio_hw_primary: no pcm card found!
04-23 18:42:25.961 2034 2307 E audio_hw_primary: no pcm card found!
04-23 18:42:25.972 2034 2307 E audio_hw_primary: no pcm card found!
04-23 18:42:25.983 2034 2307 E audio_hw_primary: no pcm card found!
04-23 18:42:25.995 2034 2307 E audio_hw_primary: no pcm card found!
04-23 18:42:26.006 2034 2307 E audio_hw_primary: no pcm card found!
04-23 18:42:26.017 2034 2307 E audio_hw_primary: no pcm card found!
04-23 18:42:26.028 2034 2307 E audio_hw_primary: no pcm card found!
04-23 18:42:26.040 2034 2307 E audio_hw_primary: no pcm card found!
04-23 18:42:26.051 2034 2307 E audio_hw_primary: no pcm card found!
04-23 18:42:26.062 2034 2307 E audio_hw_primary: no pcm card found!
04-23 18:42:26.073 2034 2307 E audio_hw_primary: no pcm card found!
04-23 18:42:26.084 2034 2307 E audio_hw_primary: no pcm card found!
04-23 18:42:26.096 2034 2307 E audio_hw_primary: no pcm card found!
04-23 18:42:26.107 2034 2307 E audio_hw_primary: no pcm card found!
04-23 18:42:26.118 2034 2307 E audio_hw_primary: no pcm card found!
04-23 18:42:26.130 2034 2307 E audio_hw_primary: no pcm card found!
04-23 18:42:26.141 2034 2307 E audio_hw_primary: no pcm card found!
04-23 18:42:26.152 2034 2307 E audio_hw_primary: no pcm card found!
04-23 18:42:26.164 2034 2307 E audio_hw_primary: no pcm card found!
04-23 18:42:26.175 2034 2307 E audio_hw_primary: no pcm card found!
04-23 18:42:26.186 2034 2307 E audio_hw_primary: no pcm card found!
04-23 18:42:26.197 2034 2307 E audio_hw_primary: no pcm card found!
04-23 18:42:26.209 2034 2307 E audio_hw_primary: no pcm card found!
04-23 18:42:26.220 2034 2307 E audio_hw_primary: no pcm card found!
04-23 18:42:26.231 2034 2307 E audio_hw_primary: no pcm card found!
04-23 18:42:26.242 2034 2307 E audio_hw_primary: no pcm card found!
04-23 18:42:26.254 2034 2307 E audio_hw_primary: no pcm card found!
04-23 18:42:26.265 2034 2307 E audio_hw_primary: no pcm card found!
04-23 18:42:26.276 2034 2307 E audio_hw_primary: no pcm card found!
04-23 18:42:26.288 2034 2307 E audio_hw_primary: no pcm card found!
04-23 18:42:26.299 2034 2307 E audio_hw_primary: no pcm card found!
04-23 18:42:26.310 2034 2307 E audio_hw_primary: no pcm card found!
04-23 18:42:26.322 2034 2307 E audio_hw_primary: no pcm card found!
04-23 18:42:26.333 2034 2307 E audio_hw_primary: no pcm card found!
04-23 18:42:26.344 2034 2307 E audio_hw_primary: no pcm card found!
04-23 18:42:26.356 2034 2307 E audio_hw_primary: no pcm card found!
04-23 18:42:26.367 2034 2307 E audio_hw_primary: no pcm card found!
04-23 18:42:26.378 2034 2307 E audio_hw_primary: no pcm card found!
04-23 18:42:26.390 2034 2307 E audio_hw_primary: no pcm card found!
04-23 18:42:26.401 2034 2307 E audio_hw_primary: no pcm card found!
04-23 18:42:26.412 2034 2307 E audio_hw_primary: no pcm card found!
04-23 18:42:26.423 2034 2307 E audio_hw_primary: no pcm card found!
04-23 18:42:26.434 2034 2307 E audio_hw_primary: no pcm card found!
04-23 18:42:26.446 2034 2307 E audio_hw_primary: no pcm card found!
04-23 18:42:26.457 2034 2307 E audio_hw_primary: no pcm card found!
04-23 18:42:26.468 2034 2307 E audio_hw_primary: no pcm card found!
04-23 18:42:26.480 2034 2307 E audio_hw_primary: no pcm card found!
04-23 18:42:26.491 2034 2307 E audio_hw_primary: no pcm card found!
04-23 18:42:26.502 2034 2307 E audio_hw_primary: no pcm card found!
04-23 18:42:26.514 2034 2307 E audio_hw_primary: no pcm card found!
04-23 18:42:26.525 2034 2307 E audio_hw_primary: no pcm card found!
04-23 18:42:26.536 2034 2307 E audio_hw_primary: no pcm card found!
04-23 18:42:26.548 2034 2307 E audio_hw_primary: no pcm card found!
04-23 18:42:26.559 2034 2307 E audio_hw_primary: no pcm card found!
04-23 18:42:26.570 2034 2307 E audio_hw_primary: no pcm card found!
04-23 18:42:26.582 2034 2307 E audio_hw_primary: no pcm card found!
04-23 18:42:26.593 2034 2307 E audio_hw_primary: no pcm card found!
04-23 18:42:26.605 2034 2307 E audio_hw_primary: no pcm card found!
04-23 18:42:26.616 2034 2307 E audio_hw_primary: no pcm card found!
04-23 18:42:26.627 2034 2307 E audio_hw_primary: no pcm card found!
04-23 18:42:26.639 2034 2307 E audio_hw_primary: no pcm card found!
04-23 18:42:26.650 2034 2307 E audio_hw_primary: no pcm card found!
04-23 18:42:26.661 2034 2307 E audio_hw_primary: no pcm card found!
04-23 18:42:26.673 2034 2307 E audio_hw_primary: no pcm card found!
04-23 18:42:26.684 2034 2307 E audio_hw_primary: no pcm card found!
04-23 18:42:26.695 2034 2307 E audio_hw_primary: no pcm card found!
04-23 18:42:26.707 2034 2307 E audio_hw_primary: no pcm card found!
04-23 18:42:26.718 2034 2307 E audio_hw_primary: no pcm card found!
04-23 18:42:26.729 2034 2307 E audio_hw_primary: no pcm card found!
04-23 18:42:26.740 2034 2307 E audio_hw_primary: no pcm card found!
04-23 18:42:26.751 2034 2307 E audio_hw_primary: no pcm card found!
04-23 18:42:26.762 2034 2307 E audio_hw_primary: no pcm card found!
04-23 18:42:26.773 2034 2307 E audio_hw_primary: no pcm card found!
04-23 18:42:26.776 2325 2515 W AudioTrack: AUDIO_OUTPUT_FLAG_FAST denied by client
04-23 18:42:26.784 2034 2307 E audio_hw_primary: no pcm card found!
04-23 18:42:26.796 2034 2307 E audio_hw_primary: no pcm card found!
04-23 18:42:26.818 2325 2633 V WindowManager: Adding window Window{2f1555f5 u0 PopupWindow:2b8569df} at 3 of 8 (after Window{e8c8994 u0 com.example.android.rssreader/com.example.android.rssreader.RssReader})
04-23 18:42:26.818 2034 2307 E audio_hw_primary: no pcm card found!
04-23 18:42:26.829 2034 2307 E audio_hw_primary: no pcm card found!
04-23 18:42:26.841 2034 2307 E audio_hw_primary: no pcm card found!
04-23 18:42:26.852 2034 2307 E audio_hw_primary: no pcm card found!
04-23 18:42:26.863 2034 2307 E audio_hw_primary: no pcm card found!
04-23 18:42:26.874 2034 2307 E audio_hw_primary: no pcm card found!
04-23 18:42:26.885 2034 2307 E audio_hw_primary: no pcm card found!
04-23 18:42:26.897 2034 2307 E audio_hw_primary: no pcm card found!
04-23 18:42:26.908 2034 2307 E audio_hw_primary: no pcm card found!
04-23 18:42:26.919 2034 2307 E audio_hw_primary: no pcm card found!
04-23 18:42:26.930 2034 2307 E audio_hw_primary: no pcm card found!
04-23 18:42:26.942 2034 2307 E audio_hw_primary: no pcm card found!
04-23 18:42:26.953 2034 2307 E audio_hw_primary: no pcm card found!
04-23 18:42:26.964 2034 2307 E audio_hw_primary: no pcm card found!
04-23 18:42:26.975 2034 2307 E audio_hw_primary: no pcm card found!
04-23 18:42:26.986 2034 2307 E audio_hw_primary: no pcm card found!
04-23 18:42:26.998 2034 2307 E audio_hw_primary: no pcm card found!
04-23 18:42:27.009 2034 2307 E audio_hw_primary: no pcm card found!
04-23 18:42:27.020 2034 2307 E audio_hw_primary: no pcm card found!
04-23 18:42:27.031 2034 2307 E audio_hw_primary: no pcm card found!
04-23 18:42:27.043 2034 2307 E audio_hw_primary: no pcm card found!
04-23 18:42:27.054 2034 2307 E audio_hw_primary: no pcm card found!
04-23 18:42:27.065 2034 2307 E audio_hw_primary: no pcm card found!
04-23 18:42:27.076 2034 2307 E audio_hw_primary: no pcm card found!
04-23 18:42:27.087 2034 2307 E audio_hw_primary: no pcm card found!
04-23 18:42:27.098 2034 2307 E audio_hw_primary: no pcm card found!
04-23 18:42:27.110 2034 2307 E audio_hw_primary: no pcm card found!
04-23 18:42:27.121 2034 2307 E audio_hw_primary: no pcm card found!
04-23 18:42:27.132 2034 2307 E audio_hw_primary: no pcm card found!
04-23 18:42:27.144 2034 2307 E audio_hw_primary: no pcm card found!
04-23 18:42:27.155 2034 2307 E audio_hw_primary: no pcm card found!
04-23 18:42:27.167 2034 2307 E audio_hw_primary: no pcm card found!
04-23 18:42:27.178 2034 2307 E audio_hw_primary: no pcm card found!
