04-23 18:46:53.228 3584 3584 D wpa_supplicant: CTRL_IFACE: GET_NETWORK id=0 name='ca_cert'
04-23 18:46:53.228 3584 3584 D wpa_supplicant: CTRL_IFACE: Failed to get network variable 'ca_cert'
04-23 18:46:53.228 3584 3584 D wpa_supplicant: wlan0: Control interface command 'GET_NETWORK 0 subject_match'
04-23 18:46:53.228 3584 3584 D wpa_supplicant: CTRL_IFACE: GET_NETWORK id=0 name='subject_match'
04-23 18:46:53.228 3584 3584 D wpa_supplicant: CTRL_IFACE: Failed to get network variable 'subject_match'
04-23 18:46:53.229 3584 3584 D wpa_supplicant: wlan0: Control interface command 'GET_NETWORK 0 engine'
04-23 18:46:53.229 3584 3584 D wpa_supplicant: CTRL_IFACE: GET_NETWORK id=0 name='engine'
04-23 18:46:53.229 3584 3584 D wpa_supplicant: wlan0: Control interface command 'GET_NETWORK 0 engine_id'
04-23 18:46:53.229 3584 3584 D wpa_supplicant: CTRL_IFACE: GET_NETWORK id=0 name='engine_id'
04-23 18:46:53.229 3584 3584 D wpa_supplicant: CTRL_IFACE: Failed to get network variable 'engine_id'
04-23 18:46:53.229 3584 3584 D wpa_supplicant: wlan0: Control interface command 'GET_NETWORK 0 key_id'
04-23 18:46:53.229 3584 3584 D wpa_supplicant: CTRL_IFACE: GET_NETWORK id=0 name='key_id'
04-23 18:46:53.229 3584 3584 D wpa_supplicant: CTRL_IFACE: Failed to get network variable 'key_id'
04-23 18:46:53.230 3584 3584 D wpa_supplicant: wlan0: Control interface command 'GET_NETWORK 0 private_key'
04-23 18:46:53.230 3584 3584 D wpa_supplicant: CTRL_IFACE: GET_NETWORK id=0 name='private_key'
04-23 18:46:53.230 3584 3584 D wpa_supplicant: CTRL_IFACE: Failed to get network variable 'private_key'
04-23 18:46:53.230 3584 3584 D wpa_supplicant: wlan0: Control interface command 'SAVE_CONFIG'
04-23 18:46:53.230 3584 3584 D wpa_supplicant: Writing configuration file '/data/misc/wifi/wpa_supplicant.conf.tmp'
04-23 18:46:53.231 3584 3584 D wpa_supplicant: Configuration file '/data/misc/wifi/wpa_supplicant.conf' written successfully
04-23 18:46:53.231 3584 3584 D wpa_supplicant: CTRL_IFACE: SAVE_CONFIG - Configuration updated
04-23 18:46:53.232 2325 2509 E WifiStateMachine: CMD_AUTO_CONNECT did save config -> nid=0
04-23 18:46:53.232 3584 3584 D wpa_supplicant: wlan0: Control interface command 'ENABLE_NETWORK 0'
04-23 18:46:53.232 3584 3584 D wpa_supplicant: CTRL_IFACE: ENABLE_NETWORK id=0
04-23 18:46:53.232 3584 3584 I wpa_supplicant: wlan0: CTRL-EVENT-SSID-REENABLED id=0 ssid="Technoburst"
04-23 18:46:53.232 3584 3584 D wpa_supplicant: CTRL_IFACE monitor sent successfully to /data/misc/wifi/sockets/wpa_ctrl_2325-4\x00
04-23 18:46:53.233 3584 3584 D wpa_supplicant: wlan0: Control interface command 'SET_NETWORK [REMOVED]'
04-23 18:46:53.233 3584 3584 D wpa_supplicant: CTRL_IFACE: SET_NETWORK id=0 name='priority'
04-23 18:46:53.233 3584 3584 D wpa_supplicant: CTRL_IFACE: value - hexdump(len=1): [REMOVED]
04-23 18:46:53.233 3584 3584 D wpa_supplicant: priority=8 (0x8)
04-23 18:46:53.233 2325 2509 E WifiConfigStore: will read network variables netId=0
04-23 18:46:53.233 3584 3584 D wpa_supplicant: wlan0: Control interface command 'GET_NETWORK 0 ssid'
04-23 18:46:53.233 3584 3584 D wpa_supplicant: CTRL_IFACE: GET_NETWORK id=0 name='ssid'
04-23 18:46:53.234 3584 3584 D wpa_supplicant: wlan0: Control interface command 'GET_NETWORK 0 bssid'
04-23 18:46:53.234 3584 3584 D wpa_supplicant: CTRL_IFACE: GET_NETWORK id=0 name='bssid'
04-23 18:46:53.234 3584 3584 D wpa_supplicant: CTRL_IFACE: Failed to get network variable 'bssid'
04-23 18:46:53.234 3584 3584 D wpa_supplicant: wlan0: Control interface command 'GET_NETWORK 0 priority'
04-23 18:46:53.234 3584 3584 D wpa_supplicant: CTRL_IFACE: GET_NETWORK id=0 name='priority'
04-23 18:46:53.234 3584 3584 D wpa_supplicant: wlan0: Control interface command 'GET_NETWORK 0 scan_ssid'
04-23 18:46:53.235 3584 3584 D wpa_supplicant: CTRL_IFACE: GET_NETWORK id=0 name='scan_ssid'
04-23 18:46:53.235 3584 3584 D wpa_supplicant: wlan0: Control interface command 'GET_NETWORK 0 wep_tx_keyidx'
04-23 18:46:53.235 3584 3584 D wpa_supplicant: CTRL_IFACE: GET_NETWORK id=0 name='wep_tx_keyidx'
04-23 18:46:53.235 3584 3584 D wpa_supplicant: wlan0: Control interface command 'GET_NETWORK 0 wep_key0'
04-23 18:46:53.235 3584 3584 D wpa_supplicant: CTRL_IFACE: GET_NETWORK id=0 name='wep_key0'
04-23 18:46:53.235 3584 3584 D wpa_supplicant: CTRL_IFACE: Failed to get network variable 'wep_key0'
04-23 18:46:53.236 3584 3584 D wpa_supplicant: wlan0: Control interface command 'GET_NETWORK 0 wep_key1'
04-23 18:46:53.236 3584 3584 D wpa_supplicant: CTRL_IFACE: GET_NETWORK id=0 name='wep_key1'
04-23 18:46:53.236 3584 3584 D wpa_supplicant: CTRL_IFACE: Failed to get network variable 'wep_key1'
04-23 18:46:53.236 3584 3584 D wpa_supplicant: wlan0: Control interface command 'GET_NETWORK 0 wep_key2'
04-23 18:46:53.236 3584 3584 D wpa_supplicant: CTRL_IFACE: GET_NETWORK id=0 name='wep_key2'
04-23 18:46:53.236 3584 3584 D wpa_supplicant: CTRL_IFACE: Failed to get network variable 'wep_key2'
04-23 18:46:53.236 3584 3584 D wpa_supplicant: wlan0: Control interface command 'GET_NETWORK 0 wep_key3'
04-23 18:46:53.236 3584 3584 D wpa_supplicant: CTRL_IFACE: GET_NETWORK id=0 name='wep_key3'
04-23 18:46:53.236 3584 3584 D wpa_supplicant: CTRL_IFACE: Failed to get network variable 'wep_key3'
04-23 18:46:53.237 3584 3584 D wpa_supplicant: wlan0: Control interface command 'GET_NETWORK 0 psk'
04-23 18:46:53.237 3584 3584 D wpa_supplicant: CTRL_IFACE: GET_NETWORK id=0 name='psk'
04-23 18:46:53.237 3584 3584 D wpa_supplicant: Do not allow key_data field to be exposed
04-23 18:46:53.237 3584 3584 D wpa_supplicant: wlan0: Control interface command 'GET_NETWORK 0 proto'
04-23 18:46:53.237 3584 3584 D wpa_supplicant: CTRL_IFACE: GET_NETWORK id=0 name='proto'
04-23 18:46:53.238 3584 3584 D wpa_supplicant: wlan0: Control interface command 'GET_NETWORK 0 key_mgmt'
04-23 18:46:53.238 3584 3584 D wpa_supplicant: CTRL_IFACE: GET_NETWORK id=0 name='key_mgmt'
04-23 18:46:53.238 3584 3584 D wpa_supplicant: wlan0: Control interface command 'GET_NETWORK 0 auth_alg'
04-23 18:46:53.238 3584 3584 D wpa_supplicant: CTRL_IFACE: GET_NETWORK id=0 name='auth_alg'
04-23 18:46:53.238 3584 3584 D wpa_supplicant: CTRL_IFACE: Failed to get network variable 'auth_alg'
04-23 18:46:53.238 3584 3584 D wpa_supplicant: wlan0: Control interface command 'GET_NETWORK 0 pairwise'
04-23 18:46:53.238 3584 3584 D wpa_supplicant: CTRL_IFACE: GET_NETWORK id=0 name='pairwise'
04-23 18:46:53.239 3584 3584 D wpa_supplicant: wlan0: Control interface command 'GET_NETWORK 0 group'
04-23 18:46:53.239 3584 3584 D wpa_supplicant: CTRL_IFACE: GET_NETWORK id=0 name='group'
04-23 18:46:53.239 3584 3584 D wpa_supplicant: wlan0: Control interface command 'GET_NETWORK 0 eap'
04-23 18:46:53.239 3584 3584 D wpa_supplicant: CTRL_IFACE: GET_NETWORK id=0 name='eap'
04-23 18:46:53.239 3584 3584 D wpa_supplicant: CTRL_IFACE: Failed to get network variable 'eap'
04-23 18:46:53.239 3584 3584 D wpa_supplicant: wlan0: Control interface command 'GET_NETWORK 0 phase2'
04-23 18:46:53.239 3584 3584 D wpa_supplicant: CTRL_IFACE: GET_NETWORK id=0 name='phase2'
04-23 18:46:53.239 3584 3584 D wpa_supplicant: CTRL_IFACE: Failed to get network variable 'phase2'
04-23 18:46:53.240 3584 3584 D wpa_supplicant: wlan0: Control interface command 'GET_NETWORK 0 identity'
04-23 18:46:53.240 3584 3584 D wpa_supplicant: CTRL_IFACE: GET_NETWORK id=0 name='identity'
04-23 18:46:53.240 3584 3584 D wpa_supplicant: CTRL_IFACE: Failed to get network variable 'identity'
04-23 18:46:53.240 3584 3584 D wpa_supplicant: wlan0: Control interface command 'GET_NETWORK 0 anonymous_identity'
04-23 18:46:53.240 3584 3584 D wpa_supplicant: CTRL_IFACE: GET_NETWORK id=0 name='anonymous_identity'
04-23 18:46:53.240 3584 3584 D wpa_supplicant: CTRL_IFACE: Failed to get network variable 'anonymous_identity'
04-23 18:46:53.240 3584 3584 D wpa_supplicant: wlan0: Control interface command 'GET_NETWORK 0 password'
04-23 18:46:53.240 3584 3584 D wpa_supplicant: CTRL_IFACE: GET_NETWORK id=0 name='password'
04-23 18:46:53.240 3584 3584 D wpa_supplicant: CTRL_IFACE: Failed to get network variable 'password'
04-23 18:46:53.241 3584 3584 D wpa_supplicant: wlan0: Control interface command 'GET_NETWORK 0 client_cert'
04-23 18:46:53.241 3584 3584 D wpa_supplicant: CTRL_IFACE: GET_NETWORK id=0 name='client_cert'
04-23 18:46:53.241 3584 3584 D wpa_supplicant: CTRL_IFACE: Failed to get network variable 'client_cert'
04-23 18:46:53.241 3584 3584 D wpa_supplicant: wlan0: Control interface command 'GET_NETWORK 0 ca_cert'
04-23 18:46:53.241 3584 3584 D wpa_supplicant: CTRL_IFACE: GET_NETWORK id=0 name='ca_cert'
04-23 18:46:53.241 3584 3584 D wpa_supplicant: CTRL_IFACE: Failed to get network variable 'ca_cert'
04-23 18:46:53.241 3584 3584 D wpa_supplicant: wlan0: Control interface command 'GET_NETWORK 0 subject_match'
04-23 18:46:53.242 3584 3584 D wpa_supplicant: CTRL_IFACE: GET_NETWORK id=0 name='subject_match'
04-23 18:46:53.242 3584 3584 D wpa_supplicant: CTRL_IFACE: Failed to get network variable 'subject_match'
04-23 18:46:53.242 3584 3584 D wpa_supplicant: wlan0: Control interface command 'GET_NETWORK 0 engine'
04-23 18:46:53.242 3584 3584 D wpa_supplicant: CTRL_IFACE: GET_NETWORK id=0 name='engine'
04-23 18:46:53.242 3584 3584 D wpa_supplicant: wlan0: Control interface command 'GET_NETWORK 0 engine_id'
04-23 18:46:53.242 3584 3584 D wpa_supplicant: CTRL_IFACE: GET_NETWORK id=0 name='engine_id'
04-23 18:46:53.242 3584 3584 D wpa_supplicant: CTRL_IFACE: Failed to get network variable 'engine_id'
04-23 18:46:53.242 3584 3584 D wpa_supplicant: wlan0: Control interface command 'GET_NETWORK 0 key_id'
04-23 18:46:53.242 3584 3584 D wpa_supplicant: CTRL_IFACE: GET_NETWORK id=0 name='key_id'
04-23 18:46:53.243 3584 3584 D wpa_supplicant: CTRL_IFACE: Failed to get network variable 'key_id'
04-23 18:46:53.243 3584 3584 D wpa_supplicant: wlan0: Control interface command 'GET_NETWORK 0 private_key'
04-23 18:46:53.243 3584 3584 D wpa_supplicant: CTRL_IFACE: GET_NETWORK id=0 name='private_key'
04-23 18:46:53.243 3584 3584 D wpa_supplicant: CTRL_IFACE: Failed to get network variable 'private_key'
04-23 18:46:53.244 3584 3584 D wpa_supplicant: wlan0: Control interface command 'SAVE_CONFIG'
04-23 18:46:53.244 3584 3584 D wpa_supplicant: Writing configuration file '/data/misc/wifi/wpa_supplicant.conf.tmp'
04-23 18:46:53.245 3584 3584 D wpa_supplicant: Configuration file '/data/misc/wifi/wpa_supplicant.conf' written successfully
04-23 18:46:53.245 3584 3584 D wpa_supplicant: CTRL_IFACE: SAVE_CONFIG - Configuration updated
04-23 18:46:53.245 3584 3584 D wpa_supplicant: wlan0: Control interface command 'SELECT_NETWORK 0'
04-23 18:46:53.245 3584 3584 D wpa_supplicant: CTRL_IFACE: SELECT_NETWORK id=0
04-23 18:46:53.245 3584 3584 D wpa_supplicant: wlan0: Selecting BSS from priority group 8
04-23 18:46:53.245 3584 3584 D wpa_supplicant: wlan0: 0: 90:00:4e:82:36:1d ssid='SHINOSAMUEL-LP' wpa_ie_len=0 rsn_ie_len=20 caps=0x431 level=-54
04-23 18:46:53.245 3584 3584 D wpa_supplicant: wlan0: skip - SSID mismatch
04-23 18:46:53.245 3584 3584 D wpa_supplicant: wlan0: 1: 00:1b:da:33:7a:9f ssid='Technoburst' wpa_ie_len=0 rsn_ie_len=20 caps=0x411 level=-59
04-23 18:46:53.245 3584 3584 D wpa_supplicant: wlan0: selected based on RSN IE
04-23 18:46:53.245 3584 3584 D wpa_supplicant: wlan0: selected BSS 00:1b:da:33:7a:9f ssid='Technoburst'
04-23 18:46:53.246 3584 3584 D wpa_supplicant: wlan0: Considering connect request: reassociate: 1 selected: 00:1b:da:33:7a:9f bssid: 00:00:00:00:00:00 pending: 00:00:00:00:00:00 wpa_state: SCANNING ssid=0x7f673d85d080 current_ssid=0x7f673d85d080
04-23 18:46:53.246 3584 3584 D wpa_supplicant: wlan0: Request association with 00:1b:da:33:7a:9f
04-23 18:46:53.246 3584 3584 D wpa_supplicant: wlan0: Re-association to the same ESS
04-23 18:46:53.246 3584 3584 D wpa_supplicant: WPA: Unrecognized EAPOL-Key Key Data IE - hexdump(len=13): 00 0b 54 65 63 68 6e 6f 62 75 72 73 74
04-23 18:46:53.246 3584 3584 D wpa_supplicant: WPA: Unrecognized EAPOL-Key Key Data IE - hexdump(len=3): 03 01 0b
04-23 18:46:53.246 3584 3584 D wpa_supplicant: WPA: Unrecognized EAPOL-Key Key Data IE - hexdump(len=3): 2a 01 04
04-23 18:46:53.246 3584 3584 D wpa_supplicant: WPA: Unrecognized EAPOL-Key Key Data IE - hexdump(len=3): 2f 01 04
04-23 18:46:53.246 3584 3584 D wpa_supplicant: WPA: RSN IE in EAPOL-Key - hexdump(len=22): 30 14 01 00 00 0f ac 04 01 00 00 0f ac 04 01 00 00 0f ac 02 00 00
04-23 18:46:53.246 3584 3584 D wpa_supplicant: TDLS: TDLS is allowed in the target BSS
04-23 18:46:53.246 3584 3584 D wpa_supplicant: wlan0: Add radio work 'connect'@0x7f673d81c3d0
04-23 18:46:53.246 3584 3584 D wpa_supplicant: wlan0: First radio work item in the queue - schedule start immediately
04-23 18:46:53.246 3584 3584 D wpa_supplicant: wlan0: Starting radio work 'connect'@0x7f673d81c3d0 after 0.000119 second wait
04-23 18:46:53.246 3584 3584 I wpa_supplicant: wlan0: Trying to associate with 00:1b:da:33:7a:9f (SSID='Technoburst' freq=2462 MHz)
04-23 18:46:53.246 3584 3584 D wpa_supplicant: CTRL_IFACE monitor sent successfully to /data/misc/wifi/sockets/wpa_ctrl_2325-4\x00
04-23 18:46:53.247 3584 3584 D wpa_supplicant: FT: Stored MDIE and FTIE from (Re)Association Response - hexdump(len=0):
04-23 18:46:53.247 3584 3584 D wpa_supplicant: wlan0: Cancelling scan request
04-23 18:46:53.247 3584 3584 D wpa_supplicant: wlan0: WPA: clearing own WPA/RSN IE
04-23 18:46:53.247 3584 3584 D wpa_supplicant: wlan0: Automatic auth_alg selection: 0x1
04-23 18:46:53.247 3584 3584 D wpa_supplicant: RSN: PMKSA cache search - network_ctx=0x7f673d85d080 try_opportunistic=0
04-23 18:46:53.247 3584 3584 D wpa_supplicant: RSN: Search for BSSID 00:1b:da:33:7a:9f
04-23 18:46:53.247 3584 3584 D wpa_supplicant: RSN: No PMKSA cache entry found
04-23 18:46:53.247 3584 3584 D wpa_supplicant: wlan0: RSN: using IEEE 802.11i/D9.0
04-23 18:46:53.247 3584 3584 D wpa_supplicant: wlan0: WPA: Selected cipher suites: group 16 pairwise 16 key_mgmt 2 proto 2
04-23 18:46:53.247 3584 3584 D wpa_supplicant: wlan0: WPA: Selected mgmt group cipher 32
04-23 18:46:53.247 3584 3584 D wpa_supplicant: wlan0: WPA: clearing AP WPA IE
04-23 18:46:53.247 3584 3584 D wpa_supplicant: WPA: set AP RSN IE - hexdump(len=22): 30 14 01 00 00 0f ac 04 01 00 00 0f ac 04 01 00 00 0f ac 02 00 00
04-23 18:46:53.247 3584 3584 D wpa_supplicant: wlan0: WPA: using GTK CCMP
04-23 18:46:53.247 3584 3584 D wpa_supplicant: wlan0: WPA: using PTK CCMP
04-23 18:46:53.247 3584 3584 D wpa_supplicant: wlan0: WPA: using KEY_MGMT WPA-PSK
04-23 18:46:53.247 3584 3584 D wpa_supplicant: wlan0: WPA: not using MGMT group cipher
04-23 18:46:53.247 3584 3584 D wpa_supplicant: WPA: Set own WPA IE default - hexdump(len=22): 30 14 01 00 00 0f ac 04 01 00 00 0f ac 04 01 00 00 0f ac 02 00 00
04-23 18:46:53.247 3584 3584 D wpa_supplicant: wlan0: State: SCANNING -> ASSOCIATING
04-23 18:46:53.247 3584 3584 D wpa_supplicant: nl80211: Set wlan0 operstate 0->0 (DORMANT)
04-23 18:46:53.247 3584 3584 D wpa_supplicant: netlink: Operstate: ifindex=4 linkmode=-1 (no change), operstate=5 (IF_OPER_DORMANT)
04-23 18:46:53.248 3584 3584 D wpa_supplicant: CTRL_IFACE monitor sent successfully to /data/misc/wifi/sockets/wpa_ctrl_2325-4\x00
04-23 18:46:53.248 3584 3584 D wpa_supplicant: Limit connection to BSSID 00:1b:da:33:7a:9f freq=2462 MHz based on scan results (bssid_set=0)
04-23 18:46:53.248 3584 3584 D wpa_supplicant: wlan0: Determining shared radio frequencies (max len 1)
04-23 18:46:53.248 3584 3584 D wpa_supplicant: wlan0: Shared frequencies (len=0): completed iteration
04-23 18:46:53.248 3584 3584 D wpa_supplicant: nl80211: Set mode ifindex 4 iftype 2 (STATION)
04-23 18:46:53.248 3584 3584 D wpa_supplicant: nl80211: Unsubscribe mgmt frames handle 0x8888f7efb50a8e49 (mode change)
04-23 18:46:53.248 3584 3584 D wpa_supplicant: nl80211: Subscribe to mgmt frames with non-AP handle 0x7f673d8206c0
04-23 18:46:53.248 3584 3584 D wpa_supplicant: nl80211: Register frame type=0xd0 (WLAN_FC_STYPE_ACTION) nl_handle=0x7f673d8206c0 match=0104
04-23 18:46:53.248 3584 3584 D wpa_supplicant: nl80211: Register frame type=0xd0 (WLAN_FC_STYPE_ACTION) nl_handle=0x7f673d8206c0 match=040a
04-23 18:46:53.248 3584 3584 D wpa_supplicant: nl80211: Register frame type=0xd0 (WLAN_FC_STYPE_ACTION) nl_handle=0x7f673d8206c0 match=040b
04-23 18:46:53.248 3584 3584 D wpa_supplicant: nl80211: Register frame type=0xd0 (WLAN_FC_STYPE_ACTION) nl_handle=0x7f673d8206c0 match=040c
04-23 18:46:53.249 3584 3584 D wpa_supplicant: nl80211: Register frame type=0xd0 (WLAN_FC_STYPE_ACTION) nl_handle=0x7f673d8206c0 match=040d
04-23 18:46:53.249 3584 3584 D wpa_supplicant: nl80211: Register frame type=0xd0 (WLAN_FC_STYPE_ACTION) nl_handle=0x7f673d8206c0 match=090a
04-23 18:46:53.249 3584 3584 D wpa_supplicant: nl80211: Register frame type=0xd0 (WLAN_FC_STYPE_ACTION) nl_handle=0x7f673d8206c0 match=090b
04-23 18:46:53.249 3584 3584 D wpa_supplicant: nl80211: Register frame type=0xd0 (WLAN_FC_STYPE_ACTION) nl_handle=0x7f673d8206c0 match=090c
04-23 18:46:53.249 3584 3584 D wpa_supplicant: nl80211: Register frame type=0xd0 (WLAN_FC_STYPE_ACTION) nl_handle=0x7f673d8206c0 match=090d
04-23 18:46:53.249 3584 3584 D wpa_supplicant: nl80211: Register frame type=0xd0 (WLAN_FC_STYPE_ACTION) nl_handle=0x7f673d8206c0 match=0409506f9a09
04-23 18:46:53.249 3584 3584 D wpa_supplicant: nl80211: Register frame type=0xd0 (WLAN_FC_STYPE_ACTION) nl_handle=0x7f673d8206c0 match=7f506f9a09
04-23 18:46:53.249 3584 3584 D wpa_supplicant: nl80211: Register frame type=0xd0 (WLAN_FC_STYPE_ACTION) nl_handle=0x7f673d8206c0 match=0801
04-23 18:46:53.249 3584 3584 D wpa_supplicant: nl80211: Register frame type=0xd0 (WLAN_FC_STYPE_ACTION) nl_handle=0x7f673d8206c0 match=06
04-23 18:46:53.249 3584 3584 D wpa_supplicant: nl80211: Register frame type=0xd0 (WLAN_FC_STYPE_ACTION) nl_handle=0x7f673d8206c0 match=0a07
04-23 18:46:53.250 3584 3584 D wpa_supplicant: nl80211: Register frame type=0xd0 (WLAN_FC_STYPE_ACTION) nl_handle=0x7f673d8206c0 match=0a11
04-23 18:46:53.250 3584 3584 D wpa_supplicant: nl80211: Register frame type=0xd0 (WLAN_FC_STYPE_ACTION) nl_handle=0x7f673d8206c0 match=0a1a
04-23 18:46:53.250 3584 3584 D wpa_supplicant: nl80211: Connect (ifindex=4)
04-23 18:46:53.250 3584 3584 D wpa_supplicant: * bssid=00:1b:da:33:7a:9f
04-23 18:46:53.250 3584 3584 D wpa_supplicant: * bssid_hint=00:1b:da:33:7a:9f
04-23 18:46:53.250 3584 3584 D wpa_supplicant: * freq=2462
04-23 18:46:53.250 3584 3584 D wpa_supplicant: * freq_hint=2462
04-23 18:46:53.250 3584 3584 D wpa_supplicant: * SSID - hexdump(len=11): 54 65 63 68 6e 6f 62 75 72 73 74
04-23 18:46:53.250 3584 3584 D wpa_supplicant: * IEs - hexdump(len=22): 30 14 01 00 00 0f ac 04 01 00 00 0f ac 04 01 00 00 0f ac 02 00 00
04-23 18:46:53.250 3584 3584 D wpa_supplicant: * WPA Versions 0x2
04-23 18:46:53.250 3584 3584 D wpa_supplicant: * pairwise=0xfac04
04-23 18:46:53.250 3584 3584 D wpa_supplicant: * group=0xfac04
04-23 18:46:53.250 3584 3584 D wpa_supplicant: * akm=0xfac02
04-23 18:46:53.250 3584 3584 D wpa_supplicant: * Auth Type 0
04-23 18:46:53.703 3584 3584 D wpa_supplicant: nl80211: Connect request send successfully
04-23 18:46:53.704 3584 3584 D wpa_supplicant: wlan0: Setting authentication timeout: 10 sec 0 usec
04-23 18:46:53.704 3584 3584 D wpa_supplicant: EAPOL: External notification - EAP success=0
04-23 18:46:53.704 3584 3584 D wpa_supplicant: EAPOL: External notification - EAP fail=0
04-23 18:46:53.704 3584 3584 D wpa_supplicant: EAPOL: External notification - portControl=Auto
04-23 18:46:53.704 3584 3584 D wpa_supplicant: wlan0: Control interface command 'RECONNECT'
04-23 18:46:53.705 2325 2509 E WifiStateMachine: ConnectModeState SSID state=re-enabled nid=0 [id=0 ssid="Technoburst"]
04-23 18:46:53.706 2325 2509 E WifiConfigStore: SSID re-enabled for "Technoburst"WPA_PSK had autoJoinStatus=0 self added false ephemeral false
04-23 18:46:53.795 3584 3584 D wpa_supplicant: nl80211: Event message available
04-23 18:46:53.795 3584 3584 D wpa_supplicant: nl80211: Drv Event 46 (NL80211_CMD_CONNECT) received for wlan0
04-23 18:46:53.795 3584 3584 D wpa_supplicant: nl80211: Connect event (status=0 ignore_next_local_disconnect=0)
04-23 18:46:53.795 3584 3584 D wpa_supplicant: nl80211: Associated on 2462 MHz
04-23 18:46:53.795 3584 3584 D wpa_supplicant: nl80211: Associated with 00:1b:da:33:7a:9f
04-23 18:46:53.795 3584 3584 D wpa_supplicant: nl80211: Operating frequency for the associated BSS from scan results: 2462 MHz
04-23 18:46:53.795 3584 3584 D wpa_supplicant: wlan0: Event ASSOC (0) received
04-23 18:46:53.795 3584 3584 D wpa_supplicant: wlan0: Association info event
04-23 18:46:53.795 3584 3584 D wpa_supplicant: req_ies - hexdump(len=53): 03 00 00 0b 54 65 63 68 6e 6f 62 75 72 73 74 01 08 82 84 8b 96 24 30 48 6c 32 04 0c 12 18 60 30 ...
04-23 18:46:53.795 3584 3584 D wpa_supplicant: resp_ies - hexdump(len=24): 01 08 82 84 8b 96 24 30 48 6c 32 04 0c 12 18 60 dd 06 00 10 18 02 01 f4
04-23 18:46:53.795 3584 3584 D wpa_supplicant: unknown vendor specific information element ignored (vendor OUI 00:10:18 len=6)
04-23 18:46:53.795 3584 3584 D wpa_supplicant: unknown vendor specific information element ignored (vendor OUI 00:10:18 len=6)
04-23 18:46:53.795 3584 3584 D wpa_supplicant: wlan0: freq=2462 MHz
04-23 18:46:53.795 3584 3584 D wpa_supplicant: WPA: set own WPA/RSN IE - hexdump(len=22): 30 14 01 00 00 0f ac 04 01 00 00 0f ac 04 01 00 00 0f ac 02 00 00
04-23 18:46:53.795 3584 3584 D wpa_supplicant: FT: Stored MDIE and FTIE from (Re)Association Response - hexdump(len=0):
04-23 18:46:53.795 3584 3584 D wpa_supplicant: wlan0: State: ASSOCIATING -> ASSOCIATED
04-23 18:46:53.795 3584 3584 D wpa_supplicant: nl80211: Set wlan0 operstate 0->0 (DORMANT)
04-23 18:46:53.796 3584 3584 D wpa_supplicant: netlink: Operstate: ifindex=4 linkmode=-1 (no change), operstate=5 (IF_OPER_DORMANT)
04-23 18:46:53.796 3584 3584 D wpa_supplicant: CTRL_IFACE monitor sent successfully to /data/misc/wifi/sockets/wpa_ctrl_2325-4\x00
04-23 18:46:53.796 3584 3584 D wpa_supplicant: wlan0: Associated to a new BSS: BSSID=00:1b:da:33:7a:9f
04-23 18:46:53.796 3584 3584 D wpa_supplicant: Add randomness: count=96 entropy=50
04-23 18:46:53.796 3584 3584 D wpa_supplicant: random pool - hexdump(len=128): [REMOVED]
04-23 18:46:53.796 3584 3584 D wpa_supplicant: random_mix_pool - hexdump(len=16): [REMOVED]
04-23 18:46:53.796 3584 3584 D wpa_supplicant: random_mix_pool - hexdump(len=6): [REMOVED]
04-23 18:46:53.796 3584 3584 D wpa_supplicant: random pool - hexdump(len=128): [REMOVED]
04-23 18:46:53.796 3584 3584 D wpa_supplicant: wlan0: WPA: clearing AP WPA IE
04-23 18:46:53.796 3584 3584 D wpa_supplicant: WPA: set AP RSN IE - hexdump(len=22): 30 14 01 00 00 0f ac 04 01 00 00 0f ac 04 01 00 00 0f ac 02 00 00
04-23 18:46:53.796 3584 3584 I wpa_supplicant: wlan0: Associated with 00:1b:da:33:7a:9f
04-23 18:46:53.796 3584 3584 D wpa_supplicant: CTRL_IFACE monitor sent successfully to /data/misc/wifi/sockets/wpa_ctrl_2325-4\x00
04-23 18:46:53.796 3584 3584 D wpa_supplicant: wlan0: WPA: Association event - clear replay counter
04-23 18:46:53.796 3584 3584 D wpa_supplicant: wlan0: WPA: Clear old PTK
04-23 18:46:53.796 3584 3584 D wpa_supplicant: TDLS: Remove peers on association
04-23 18:46:53.796 3584 3584 D wpa_supplicant: EAPOL: External notification - portEnabled=0
04-23 18:46:53.796 3584 3584 D wpa_supplicant: EAPOL: External notification - portValid=0
04-23 18:46:53.796 3584 3584 D wpa_supplicant: EAPOL: External notification - EAP success=0
04-23 18:46:53.796 3584 3584 D wpa_supplicant: EAPOL: External notification - portEnabled=1
04-23 18:46:53.796 3584 3584 D wpa_supplicant: EAPOL: SUPP_PAE entering state CONNECTING
04-23 18:46:53.796 3584 3584 D wpa_supplicant: EAPOL: enable timer tick
04-23 18:46:53.796 3584 3584 D wpa_supplicant: EAPOL: SUPP_BE entering state IDLE
04-23 18:46:53.796 3584 3584 D wpa_supplicant: wlan0: Setting authentication timeout: 10 sec 0 usec
04-23 18:46:53.796 3584 3584 D wpa_supplicant: wlan0: Cancelling scan request
04-23 18:46:53.796 3584 3584 D wpa_supplicant: RTM_NEWLINK: ifi_index=4 ifname=wlan0 wext ifi_family=0 ifi_flags=0x1003 ([UP])
04-23 18:46:53.797 3584 3584 D wpa_supplicant: RTM_NEWLINK: ifi_index=4 ifname=wlan0 wext ifi_family=0 ifi_flags=0x1003 ([UP])
04-23 18:46:53.797 3584 3584 D wpa_supplicant: RTM_NEWLINK: ifi_index=4 ifname=wlan0 wext ifi_family=0 ifi_flags=0x1003 ([UP])
04-23 18:46:53.804 3584 3584 D wpa_supplicant: RTM_NEWLINK: ifi_index=4 ifname=wlan0 operstate=5 linkmode=1 ifi_family=0 ifi_flags=0x11003 ([UP][LOWER_UP])
04-23 18:46:53.805 3584 3584 D wpa_supplicant: wlan0: RX EAPOL from 00:1b:da:33:7a:9f
04-23 18:46:53.805 3584 3584 D wpa_supplicant: RX EAPOL - hexdump(len=121): 02 03 00 75 02 00 8a 00 10 00 00 00 00 00 00 00 00 40 78 68 02 3a 90 e1 64 82 0f 7f 9c a7 e5 e7 ...
04-23 18:46:53.805 3584 3584 D wpa_supplicant: wlan0: Setting authentication timeout: 10 sec 0 usec
04-23 18:46:53.805 3584 3584 D wpa_supplicant: wlan0: IEEE 802.1X RX: version=2 type=3 length=117
04-23 18:46:53.805 3584 3584 D wpa_supplicant: WPA: RX EAPOL-Key - hexdump(len=121): 02 03 00 75 02 00 8a 00 10 00 00 00 00 00 00 00 00 40 78 68 02 3a 90 e1 64 82 0f 7f 9c a7 e5 e7 ...
04-23 18:46:53.805 3584 3584 D wpa_supplicant: wlan0: EAPOL-Key type=2
04-23 18:46:53.806 3584 3584 D wpa_supplicant: wlan0: key_info 0x8a (ver=2 keyidx=0 rsvd=0 Pairwise Ack)
04-23 18:46:53.806 3584 3584 D wpa_supplicant: wlan0: key_length=16 key_data_length=22
04-23 18:46:53.806 3584 3584 D wpa_supplicant: replay_counter - hexdump(len=8): 00 00 00 00 00 00 00 00
04-23 18:46:53.806 3584 3584 D wpa_supplicant: key_nonce - hexdump(len=32): 40 78 68 02 3a 90 e1 64 82 0f 7f 9c a7 e5 e7 b2 16 88 1f 54 52 1f 2e ee d2 6b ee 1f 48 12 db 2f
04-23 18:46:53.806 3584 3584 D wpa_supplicant: key_iv - hexdump(len=16): 00 00 00 00 00 00 00 00 00 00 00 00 00 00 00 00
04-23 18:46:53.806 3584 3584 D wpa_supplicant: key_rsc - hexdump(len=8): 00 00 00 00 00 00 00 00
04-23 18:46:53.806 3584 3584 D wpa_supplicant: key_id (reserved) - hexdump(len=8): 00 00 00 00 00 00 00 00
04-23 18:46:53.806 3584 3584 D wpa_supplicant: key_mic - hexdump(len=16): 00 00 00 00 00 00 00 00 00 00 00 00 00 00 00 00
04-23 18:46:53.806 3584 3584 D wpa_supplicant: wlan0: State: ASSOCIATED -> 4WAY_HANDSHAKE
04-23 18:46:53.807 3584 3584 D wpa_supplicant: CTRL_IFACE monitor sent successfully to /data/misc/wifi/sockets/wpa_ctrl_2325-4\x00
04-23 18:46:53.807 3584 3584 D wpa_supplicant: wlan0: WPA: RX message 1 of 4-Way Handshake from 00:1b:da:33:7a:9f (ver=2)
04-23 18:46:53.807 3584 3584 D wpa_supplicant: RSN: msg 1/4 key data - hexdump(len=22): dd 14 00 0f ac 04 b5 59 8c b1 80 a7 ee e5 24 29 ef fb a8 2c e4 26
04-23 18:46:53.807 3584 3584 D wpa_supplicant: WPA: PMKID in EAPOL-Key - hexdump(len=22): dd 14 00 0f ac 04 b5 59 8c b1 80 a7 ee e5 24 29 ef fb a8 2c e4 26
04-23 18:46:53.807 3584 3584 D wpa_supplicant: RSN: PMKID from Authenticator - hexdump(len=16): b5 59 8c b1 80 a7 ee e5 24 29 ef fb a8 2c e4 26
04-23 18:46:53.807 3584 3584 D wpa_supplicant: wlan0: RSN: no matching PMKID found
04-23 18:46:53.807 3584 3584 D wpa_supplicant: Get randomness: len=32 entropy=51
04-23 18:46:53.810 3584 3584 D wpa_supplicant: random from os_get_random - hexdump(len=32): [REMOVED]
04-23 18:46:53.810 3584 3584 D wpa_supplicant: random_mix_pool - hexdump(len=20): [REMOVED]
04-23 18:46:53.811 3584 3584 D wpa_supplicant: random from internal pool - hexdump(len=16): [REMOVED]
04-23 18:46:53.811 3584 3584 D wpa_supplicant: random_mix_pool - hexdump(len=20): [REMOVED]
04-23 18:46:53.811 3584 3584 D wpa_supplicant: random from internal pool - hexdump(len=16): [REMOVED]
04-23 18:46:53.811 3584 3584 D wpa_supplicant: mixed random - hexdump(len=32): [REMOVED]
04-23 18:46:53.811 3584 3584 D wpa_supplicant: WPA: Renewed SNonce - hexdump(len=32): 1a da 62 c4 3c 43 88 63 6d 67 e0 0c 2f 85 aa 50 2d 46 9f 81 c4 4e b9 6b 5a a5 be 63 95 60 ed 23
04-23 18:46:53.811 3584 3584 D wpa_supplicant: WPA: PTK derivation - A1=54:e4:bd:58:36:c9 A2=00:1b:da:33:7a:9f
04-23 18:46:53.811 3584 3584 D wpa_supplicant: WPA: Nonce1 - hexdump(len=32): 1a da 62 c4 3c 43 88 63 6d 67 e0 0c 2f 85 aa 50 2d 46 9f 81 c4 4e b9 6b 5a a5 be 63 95 60 ed 23
04-23 18:46:53.811 3584 3584 D wpa_supplicant: WPA: Nonce2 - hexdump(len=32): 40 78 68 02 3a 90 e1 64 82 0f 7f 9c a7 e5 e7 b2 16 88 1f 54 52 1f 2e ee d2 6b ee 1f 48 12 db 2f
04-23 18:46:53.811 3584 3584 D wpa_supplicant: WPA: PMK - hexdump(len=32): [REMOVED]
04-23 18:46:53.811 3584 3584 D wpa_supplicant: WPA: PTK - hexdump(len=48): [REMOVED]
04-23 18:46:53.811 3584 3584 D wpa_supplicant: WPA: WPA IE for msg 2/4 - hexdump(len=22): 30 14 01 00 00 0f ac 04 01 00 00 0f ac 04 01 00 00 0f ac 02 00 00
04-23 18:46:53.811 3584 3584 D wpa_supplicant: WPA: Replay Counter - hexdump(len=8): 00 00 00 00 00 00 00 00
04-23 18:46:53.811 3584 3584 D wpa_supplicant: wlan0: WPA: Sending EAPOL-Key 2/4
04-23 18:46:53.811 3584 3584 D wpa_supplicant: WPA: KCK - hexdump(len=16): [REMOVED]
04-23 18:46:53.811 3584 3584 D wpa_supplicant: WPA: Derived Key MIC - hexdump(len=16): cf 92 b1 70 89 8d c9 b8 41 e8 6a 2c 74 66 06 ca
04-23 18:46:53.811 3584 3584 D wpa_supplicant: WPA: TX EAPOL-Key - hexdump(len=121): 01 03 00 75 02 01 0a 00 00 00 00 00 00 00 00 00 00 1a da 62 c4 3c 43 88 63 6d 67 e0 0c 2f 85 aa ...
04-23 18:46:54.826 3584 3584 D wpa_supplicant: wlan0: RX EAPOL from 00:1b:da:33:7a:9f
04-23 18:46:54.826 3584 3584 D wpa_supplicant: RX EAPOL - hexdump(len=121): 02 03 00 75 02 00 8a 00 10 00 00 00 00 00 00 00 01 40 78 68 02 3a 90 e1 64 82 0f 7f 9c a7 e5 e7 ...
04-23 18:46:54.826 3584 3584 D wpa_supplicant: wlan0: IEEE 802.1X RX: version=2 type=3 length=117
04-23 18:46:54.827 3584 3584 D wpa_supplicant: WPA: RX EAPOL-Key - hexdump(len=121): 02 03 00 75 02 00 8a 00 10 00 00 00 00 00 00 00 01 40 78 68 02 3a 90 e1 64 82 0f 7f 9c a7 e5 e7 ...
04-23 18:46:54.827 3584 3584 D wpa_supplicant: wlan0: EAPOL-Key type=2
04-23 18:46:54.827 3584 3584 D wpa_supplicant: wlan0: key_info 0x8a (ver=2 keyidx=0 rsvd=0 Pairwise Ack)
04-23 18:46:54.827 3584 3584 D wpa_supplicant: wlan0: key_length=16 key_data_length=22
04-23 18:46:54.827 3584 3584 D wpa_supplicant: replay_counter - hexdump(len=8): 00 00 00 00 00 00 00 01
04-23 18:46:54.827 3584 3584 D wpa_supplicant: key_nonce - hexdump(len=32): 40 78 68 02 3a 90 e1 64 82 0f 7f 9c a7 e5 e7 b2 16 88 1f 54 52 1f 2e ee d2 6b ee 1f 48 12 db 2f
04-23 18:46:54.827 3584 3584 D wpa_supplicant: key_iv - hexdump(len=16): 00 00 00 00 00 00 00 00 00 00 00 00 00 00 00 00
04-23 18:46:54.827 3584 3584 D wpa_supplicant: key_rsc - hexdump(len=8): 00 00 00 00 00 00 00 00
04-23 18:46:54.827 3584 3584 D wpa_supplicant: key_id (reserved) - hexdump(len=8): 00 00 00 00 00 00 00 00
04-23 18:46:54.827 3584 3584 D wpa_supplicant: key_mic - hexdump(len=16): 00 00 00 00 00 00 00 00 00 00 00 00 00 00 00 00
04-23 18:46:54.827 3584 3584 D wpa_supplicant: wlan0: State: 4WAY_HANDSHAKE -> 4WAY_HANDSHAKE
04-23 18:46:54.827 3584 3584 D wpa_supplicant: wlan0: WPA: RX message 1 of 4-Way Handshake from 00:1b:da:33:7a:9f (ver=2)
04-23 18:46:54.827 3584 3584 D wpa_supplicant: RSN: msg 1/4 key data - hexdump(len=22): dd 14 00 0f ac 04 b5 59 8c b1 80 a7 ee e5 24 29 ef fb a8 2c e4 26
04-23 18:46:54.827 3584 3584 D wpa_supplicant: WPA: PMKID in EAPOL-Key - hexdump(len=22): dd 14 00 0f ac 04 b5 59 8c b1 80 a7 ee e5 24 29 ef fb a8 2c e4 26
04-23 18:46:54.827 3584 3584 D wpa_supplicant: RSN: PMKID from Authenticator - hexdump(len=16): b5 59 8c b1 80 a7 ee e5 24 29 ef fb a8 2c e4 26
04-23 18:46:54.827 3584 3584 D wpa_supplicant: wlan0: RSN: no matching PMKID found
04-23 18:46:54.827 3584 3584 D wpa_supplicant: WPA: PTK derivation - A1=54:e4:bd:58:36:c9 A2=00:1b:da:33:7a:9f
04-23 18:46:54.827 3584 3584 D wpa_supplicant: WPA: Nonce1 - hexdump(len=32): 1a da 62 c4 3c 43 88 63 6d 67 e0 0c 2f 85 aa 50 2d 46 9f 81 c4 4e b9 6b 5a a5 be 63 95 60 ed 23
04-23 18:46:54.828 3584 3584 D wpa_supplicant: WPA: Nonce2 - hexdump(len=32): 40 78 68 02 3a 90 e1 64 82 0f 7f 9c a7 e5 e7 b2 16 88 1f 54 52 1f 2e ee d2 6b ee 1f 48 12 db 2f
04-23 18:46:54.828 3584 3584 D wpa_supplicant: WPA: PMK - hexdump(len=32): [REMOVED]
04-23 18:46:54.828 3584 3584 D wpa_supplicant: WPA: PTK - hexdump(len=48): [REMOVED]
04-23 18:46:54.828 3584 3584 D wpa_supplicant: WPA: WPA IE for msg 2/4 - hexdump(len=22): 30 14 01 00 00 0f ac 04 01 00 00 0f ac 04 01 00 00 0f ac 02 00 00
04-23 18:46:54.828 3584 3584 D wpa_supplicant: WPA: Replay Counter - hexdump(len=8): 00 00 00 00 00 00 00 01
04-23 18:46:54.828 3584 3584 D wpa_supplicant: wlan0: WPA: Sending EAPOL-Key 2/4
04-23 18:46:54.828 3584 3584 D wpa_supplicant: WPA: KCK - hexdump(len=16): [REMOVED]
04-23 18:46:54.828 3584 3584 D wpa_supplicant: WPA: Derived Key MIC - hexdump(len=16): db de 9f 4b 48 e4 7d 5d 39 e6 ab 82 c5 f8 e2 44
04-23 18:46:54.828 3584 3584 D wpa_supplicant: WPA: TX EAPOL-Key - hexdump(len=121): 01 03 00 75 02 01 0a 00 00 00 00 00 00 00 00 00 01 1a da 62 c4 3c 43 88 63 6d 67 e0 0c 2f 85 aa ...
04-23 18:46:55.799 3584 3584 D wpa_supplicant: EAPOL: startWhen --> 0
04-23 18:46:55.799 3584 3584 D wpa_supplicant: EAPOL: disable timer tick
04-23 18:46:55.799 3584 3584 D wpa_supplicant: EAPOL: SUPP_PAE entering state CONNECTING
04-23 18:46:55.799 3584 3584 D wpa_supplicant: EAPOL: enable timer tick
04-23 18:46:55.799 3584 3584 D wpa_supplicant: EAPOL: txStart
04-23 18:46:55.799 3584 3584 D wpa_supplicant: WPA: drop TX EAPOL in non-IEEE 802.1X mode (type=1 len=0)
04-23 18:46:55.841 3584 3584 D wpa_supplicant: wlan0: RX EAPOL from 00:1b:da:33:7a:9f
04-23 18:46:55.842 3584 3584 D wpa_supplicant: RX EAPOL - hexdump(len=121): 02 03 00 75 02 00 8a 00 10 00 00 00 00 00 00 00 02 40 78 68 02 3a 90 e1 64 82 0f 7f 9c a7 e5 e7 ...
04-23 18:46:55.842 3584 3584 D wpa_supplicant: wlan0: IEEE 802.1X RX: version=2 type=3 length=117
04-23 18:46:55.842 3584 3584 D wpa_supplicant: WPA: RX EAPOL-Key - hexdump(len=121): 02 03 00 75 02 00 8a 00 10 00 00 00 00 00 00 00 02 40 78 68 02 3a 90 e1 64 82 0f 7f 9c a7 e5 e7 ...
04-23 18:46:55.842 3584 3584 D wpa_supplicant: wlan0: EAPOL-Key type=2
04-23 18:46:55.842 3584 3584 D wpa_supplicant: wlan0: key_info 0x8a (ver=2 keyidx=0 rsvd=0 Pairwise Ack)
04-23 18:46:55.842 3584 3584 D wpa_supplicant: wlan0: key_length=16 key_data_length=22
04-23 18:46:55.842 3584 3584 D wpa_supplicant: replay_counter - hexdump(len=8): 00 00 00 00 00 00 00 02
04-23 18:46:55.842 3584 3584 D wpa_supplicant: key_nonce - hexdump(len=32): 40 78 68 02 3a 90 e1 64 82 0f 7f 9c a7 e5 e7 b2 16 88 1f 54 52 1f 2e ee d2 6b ee 1f 48 12 db 2f
04-23 18:46:55.842 3584 3584 D wpa_supplicant: key_iv - hexdump(len=16): 00 00 00 00 00 00 00 00 00 00 00 00 00 00 00 00
04-23 18:46:55.842 3584 3584 D wpa_supplicant: key_rsc - hexdump(len=8): 00 00 00 00 00 00 00 00
04-23 18:46:55.842 3584 3584 D wpa_supplicant: key_id (reserved) - hexdump(len=8): 00 00 00 00 00 00 00 00
04-23 18:46:55.842 3584 3584 D wpa_supplicant: key_mic - hexdump(len=16): 00 00 00 00 00 00 00 00 00 00 00 00 00 00 00 00
04-23 18:46:55.842 3584 3584 D wpa_supplicant: wlan0: State: 4WAY_HANDSHAKE -> 4WAY_HANDSHAKE
04-23 18:46:55.842 3584 3584 D wpa_supplicant: wlan0: WPA: RX message 1 of 4-Way Handshake from 00:1b:da:33:7a:9f (ver=2)
04-23 18:46:55.842 3584 3584 D wpa_supplicant: RSN: msg 1/4 key data - hexdump(len=22): dd 14 00 0f ac 04 b5 59 8c b1 80 a7 ee e5 24 29 ef fb a8 2c e4 26
04-23 18:46:55.842 3584 3584 D wpa_supplicant: WPA: PMKID in EAPOL-Key - hexdump(len=22): dd 14 00 0f ac 04 b5 59 8c b1 80 a7 ee e5 24 29 ef fb a8 2c e4 26
04-23 18:46:55.842 3584 3584 D wpa_supplicant: RSN: PMKID from Authenticator - hexdump(len=16): b5 59 8c b1 80 a7 ee e5 24 29 ef fb a8 2c e4 26
04-23 18:46:55.842 3584 3584 D wpa_supplicant: wlan0: RSN: no matching PMKID found
04-23 18:46:55.843 3584 3584 D wpa_supplicant: WPA: PTK derivation - A1=54:e4:bd:58:36:c9 A2=00:1b:da:33:7a:9f
04-23 18:46:55.843 3584 3584 D wpa_supplicant: WPA: Nonce1 - hexdump(len=32): 1a da 62 c4 3c 43 88 63 6d 67 e0 0c 2f 85 aa 50 2d 46 9f 81 c4 4e b9 6b 5a a5 be 63 95 60 ed 23
04-23 18:46:55.843 3584 3584 D wpa_supplicant: WPA: Nonce2 - hexdump(len=32): 40 78 68 02 3a 90 e1 64 82 0f 7f 9c a7 e5 e7 b2 16 88 1f 54 52 1f 2e ee d2 6b ee 1f 48 12 db 2f
04-23 18:46:55.843 3584 3584 D wpa_supplicant: WPA: PMK - hexdump(len=32): [REMOVED]
04-23 18:46:55.843 3584 3584 D wpa_supplicant: WPA: PTK - hexdump(len=48): [REMOVED]
04-23 18:46:55.843 3584 3584 D wpa_supplicant: WPA: WPA IE for msg 2/4 - hexdump(len=22): 30 14 01 00 00 0f ac 04 01 00 00 0f ac 04 01 00 00 0f ac 02 00 00
04-23 18:46:55.843 3584 3584 D wpa_supplicant: WPA: Replay Counter - hexdump(len=8): 00 00 00 00 00 00 00 02
04-23 18:46:55.843 3584 3584 D wpa_supplicant: wlan0: WPA: Sending EAPOL-Key 2/4
04-23 18:46:55.843 3584 3584 D wpa_supplicant: WPA: KCK - hexdump(len=16): [REMOVED]
04-23 18:46:55.843 3584 3584 D wpa_supplicant: WPA: Derived Key MIC - hexdump(len=16): e5 49 f2 a3 31 62 c4 8e dd f2 8d e5 ca 88 7a 68
04-23 18:46:55.843 3584 3584 D wpa_supplicant: WPA: TX EAPOL-Key - hexdump(len=121): 01 03 00 75 02 01 0a 00 00 00 00 00 00 00 00 00 02 1a da 62 c4 3c 43 88 63 6d 67 e0 0c 2f 85 aa ...
04-23 18:46:56.853 3584 3584 D wpa_supplicant: wlan0: RX EAPOL from 00:1b:da:33:7a:9f
04-23 18:46:56.853 3584 3584 D wpa_supplicant: RX EAPOL - hexdump(len=121): 02 03 00 75 02 00 8a 00 10 00 00 00 00 00 00 00 03 40 78 68 02 3a 90 e1 64 82 0f 7f 9c a7 e5 e7 ...
04-23 18:46:56.853 3584 3584 D wpa_supplicant: wlan0: IEEE 802.1X RX: version=2 type=3 length=117
04-23 18:46:56.853 3584 3584 D wpa_supplicant: WPA: RX EAPOL-Key - hexdump(len=121): 02 03 00 75 02 00 8a 00 10 00 00 00 00 00 00 00 03 40 78 68 02 3a 90 e1 64 82 0f 7f 9c a7 e5 e7 ...
04-23 18:46:56.853 3584 3584 D wpa_supplicant: wlan0: EAPOL-Key type=2
04-23 18:46:56.853 3584 3584 D wpa_supplicant: wlan0: key_info 0x8a (ver=2 keyidx=0 rsvd=0 Pairwise Ack)
04-23 18:46:56.853 3584 3584 D wpa_supplicant: wlan0: key_length=16 key_data_length=22
04-23 18:46:56.853 3584 3584 D wpa_supplicant: replay_counter - hexdump(len=8): 00 00 00 00 00 00 00 03
04-23 18:46:56.853 3584 3584 D wpa_supplicant: key_nonce - hexdump(len=32): 40 78 68 02 3a 90 e1 64 82 0f 7f 9c a7 e5 e7 b2 16 88 1f 54 52 1f 2e ee d2 6b ee 1f 48 12 db 2f
04-23 18:46:56.853 3584 3584 D wpa_supplicant: key_iv - hexdump(len=16): 00 00 00 00 00 00 00 00 00 00 00 00 00 00 00 00
04-23 18:46:56.853 3584 3584 D wpa_supplicant: key_rsc - hexdump(len=8): 00 00 00 00 00 00 00 00
04-23 18:46:56.853 3584 3584 D wpa_supplicant: key_id (reserved) - hexdump(len=8): 00 00 00 00 00 00 00 00
04-23 18:46:56.853 3584 3584 D wpa_supplicant: key_mic - hexdump(len=16): 00 00 00 00 00 00 00 00 00 00 00 00 00 00 00 00
04-23 18:46:56.853 3584 3584 D wpa_supplicant: wlan0: State: 4WAY_HANDSHAKE -> 4WAY_HANDSHAKE
04-23 18:46:56.853 3584 3584 D wpa_supplicant: wlan0: WPA: RX message 1 of 4-Way Handshake from 00:1b:da:33:7a:9f (ver=2)
04-23 18:46:56.853 3584 3584 D wpa_supplicant: RSN: msg 1/4 key data - hexdump(len=22): dd 14 00 0f ac 04 b5 59 8c b1 80 a7 ee e5 24 29 ef fb a8 2c e4 26
04-23 18:46:56.854 3584 3584 D wpa_supplicant: WPA: PMKID in EAPOL-Key - hexdump(len=22): dd 14 00 0f ac 04 b5 59 8c b1 80 a7 ee e5 24 29 ef fb a8 2c e4 26
04-23 18:46:56.854 3584 3584 D wpa_supplicant: RSN: PMKID from Authenticator - hexdump(len=16): b5 59 8c b1 80 a7 ee e5 24 29 ef fb a8 2c e4 26
04-23 18:46:56.854 3584 3584 D wpa_supplicant: wlan0: RSN: no matching PMKID found
04-23 18:46:56.854 3584 3584 D wpa_supplicant: WPA: PTK derivation - A1=54:e4:bd:58:36:c9 A2=00:1b:da:33:7a:9f
04-23 18:46:56.854 3584 3584 D wpa_supplicant: WPA: Nonce1 - hexdump(len=32): 1a da 62 c4 3c 43 88 63 6d 67 e0 0c 2f 85 aa 50 2d 46 9f 81 c4 4e b9 6b 5a a5 be 63 95 60 ed 23
04-23 18:46:56.854 3584 3584 D wpa_supplicant: WPA: Nonce2 - hexdump(len=32): 40 78 68 02 3a 90 e1 64 82 0f 7f 9c a7 e5 e7 b2 16 88 1f 54 52 1f 2e ee d2 6b ee 1f 48 12 db 2f
04-23 18:46:56.854 3584 3584 D wpa_supplicant: WPA: PMK - hexdump(len=32): [REMOVED]
04-23 18:46:56.854 3584 3584 D wpa_supplicant: WPA: PTK - hexdump(len=48): [REMOVED]
04-23 18:46:56.854 3584 3584 D wpa_supplicant: WPA: WPA IE for msg 2/4 - hexdump(len=22): 30 14 01 00 00 0f ac 04 01 00 00 0f ac 04 01 00 00 0f ac 02 00 00
04-23 18:46:56.854 3584 3584 D wpa_supplicant: WPA: Replay Counter - hexdump(len=8): 00 00 00 00 00 00 00 03
04-23 18:46:56.854 3584 3584 D wpa_supplicant: wlan0: WPA: Sending EAPOL-Key 2/4
04-23 18:46:56.854 3584 3584 D wpa_supplicant: WPA: KCK - hexdump(len=16): [REMOVED]
04-23 18:46:56.854 3584 3584 D wpa_supplicant: WPA: Derived Key MIC - hexdump(len=16): b9 35 7f 39 cf 7c 36 1f a9 b7 21 12 52 bc f2 f8
04-23 18:46:56.854 3584 3584 D wpa_supplicant: WPA: TX EAPOL-Key - hexdump(len=121): 01 03 00 75 02 01 0a 00 00 00 00 00 00 00 00 00 03 1a da 62 c4 3c 43 88 63 6d 67 e0 0c 2f 85 aa ...
04-23 18:46:57.247 2026 2026 D SurfaceFlinger: Set power mode=2, type=0 flinger=0x7f8c1c862000
04-23 18:46:57.247 2026 2269 D GRALLOC-DRM: set master
04-23 18:46:57.875 3584 3584 D wpa_supplicant: nl80211: Event message available
04-23 18:46:57.875 3584 3584 D wpa_supplicant: nl80211: Drv Event 48 (NL80211_CMD_DISCONNECT) received for wlan0
04-23 18:46:57.875 3584 3584 D wpa_supplicant: nl80211: Disconnect event
04-23 18:46:57.875 3584 3584 D wpa_supplicant: wlan0: Event DEAUTH (12) received
04-23 18:46:57.876 3584 3584 D wpa_supplicant: wlan0: Deauthentication notification
04-23 18:46:57.876 3584 3584 D wpa_supplicant: wlan0: * reason 0
04-23 18:46:57.876 3584 3584 D wpa_supplicant: Deauthentication frame IE(s) - hexdump(len=0): [NULL]
04-23 18:46:57.876 3584 3584 I wpa_supplicant: wlan0: CTRL-EVENT-DISCONNECTED bssid=00:1b:da:33:7a:9f reason=0
04-23 18:46:57.876 3584 3584 D wpa_supplicant: CTRL_IFACE monitor sent successfully to /data/misc/wifi/sockets/wpa_ctrl_2325-4\x00
04-23 18:46:57.876 3584 3584 I wpa_supplicant: wlan0: WPA: 4-Way Handshake failed - pre-shared key may be incorrect
04-23 18:46:57.876 3584 3584 D wpa_supplicant: CTRL_IFACE monitor sent successfully to /data/misc/wifi/sockets/wpa_ctrl_2325-4\x00
04-23 18:46:57.876 3584 3584 I wpa_supplicant: wlan0: CTRL-EVENT-SSID-TEMP-DISABLED id=0 ssid="Technoburst" auth_failures=1 duration=10 reason=WRONG_KEY
04-23 18:46:57.876 3584 3584 D wpa_supplicant: CTRL_IFACE monitor sent successfully to /data/misc/wifi/sockets/wpa_ctrl_2325-4\x00
04-23 18:46:57.876 3584 3584 D wpa_supplicant: wlan0: Auto connect disabled: do not try to re-connect
04-23 18:46:57.876 3584 3584 D wpa_supplicant: wlan0: Radio work 'connect'@0x7f673d81c3d0 done in 4.630167 seconds
04-23 18:46:57.876 3584 3584 D wpa_supplicant: wlan0: Ignore connection failure indication since interface has been put into disconnected state
04-23 18:46:57.876 3584 3584 D wpa_supplicant: TDLS: Remove peers on disassociation
04-23 18:46:57.876 3584 3584 D wpa_supplicant: wlan0: Disconnect event - remove keys
04-23 18:46:57.876 3584 3584 D wpa_supplicant: wlan0: State: 4WAY_HANDSHAKE -> DISCONNECTED
04-23 18:46:57.876 3584 3584 D wpa_supplicant: nl80211: Set wlan0 operstate 0->0 (DORMANT)
04-23 18:46:57.876 3584 3584 D wpa_supplicant: netlink: Operstate: ifindex=4 linkmode=-1 (no change), operstate=5 (IF_OPER_DORMANT)
04-23 18:46:57.879 3584 3584 D wpa_supplicant: CTRL_IFACE monitor sent successfully to /data/misc/wifi/sockets/wpa_ctrl_2325-4\x00
04-23 18:46:57.879 2325 2509 E WifiStateMachine: ConnectModeState SSID state=temp-disabled nid=0 [id=0 ssid="Technoburst" auth_failures=1 duration=10 reason=WRONG_KEY]
04-23 18:46:57.879 3584 3584 D wpa_supplicant: EAPOL: External notification - portEnabled=0
04-23 18:46:57.879 3584 3584 D wpa_supplicant: EAPOL: SUPP_PAE entering state DISCONNECTED
04-23 18:46:57.879 3584 3584 D wpa_supplicant: EAPOL: Supplicant port status: Unauthorized
04-23 18:46:57.879 3584 3584 D wpa_supplicant: nl80211: Skip set_supp_port(unauthorized) while not associated
04-23 18:46:57.879 3584 3584 D wpa_supplicant: EAPOL: SUPP_BE entering state INITIALIZE
04-23 18:46:57.879 2325 2509 E WifiConfigStore: SSID temp disabled for "Technoburst"WPA_PSK had autoJoinStatus=0 self added false ephemeral false
04-23 18:46:57.879 3584 3584 D wpa_supplicant: EAPOL: External notification - portValid=0
04-23 18:46:57.879 3584 3584 D wpa_supplicant: EAPOL: External notification - EAP success=0
04-23 18:46:57.879 2325 2509 E WifiConfigStore: message=id=0 ssid="Technoburst" auth_failures=1 duration=10 reason=WRONG_KEY
04-23 18:46:57.879 3584 3584 D wpa_supplicant: RTM_NEWLINK: ifi_index=4 ifname=wlan0 operstate=2 linkmode=1 ifi_family=0 ifi_flags=0x1003 ([UP])
04-23 18:46:57.879 3584 3584 D wpa_supplicant: RTM_NEWLINK: ifi_index=4 ifname=wlan0 wext ifi_family=0 ifi_flags=0x1003 ([UP])
04-23 18:46:57.883 2325 2509 D SupplicantStateTracker: Failed to authenticate, disabling network 0
04-23 18:46:57.884 3584 3584 D wpa_supplicant: wlan0: Control interface command 'DISABLE_NETWORK 0'
04-23 18:46:57.884 3584 3584 D wpa_supplicant: CTRL_IFACE: DISABLE_NETWORK id=0
04-23 18:46:58.052 2693 2693 D PhoneStatusBar: disable: < expand ICONS* alerts SYSTEM_INFO* back home recent clock search
> 04-23 18:46:58.086 2909 2909 W ViewRootImpl: Cancelling event due to no window focus: KeyEvent { action=ACTION_UP, keyCode=KEYCODE_F1, scanCode=59, metaState=META_ALT_ON|META_ALT_LEFT_ON|META_CTRL_ON|META_CTRL_LEFT_ON, flags=0x28, repeatCount=0, eventTime=552077, downTime=332119, deviceId=9, source=0x101 }
04-23 18:46:58.086 2909 2909 W ViewRootImpl: Cancelling event due to no window focus: KeyEvent { action=ACTION_UP, keyCode=KEYCODE_F1, scanCode=59, metaState=META_ALT_ON|META_ALT_LEFT_ON|META_CTRL_ON|META_CTRL_LEFT_ON, flags=0x28, repeatCount=0, eventTime=552077, downTime=332119, deviceId=9, source=0x101 }
04-23 18:46:58.087 2909 2909 W ViewRootImpl: Cancelling event due to no window focus: KeyEvent { action=ACTION_UP, keyCode=KEYCODE_F1, scanCode=59, metaState=META_ALT_ON|META_ALT_LEFT_ON|META_CTRL_ON|META_CTRL_LEFT_ON, flags=0x28, repeatCount=0, eventTime=552077, downTime=332119, deviceId=9, source=0x101 }
04-23 18:46:58.087 2909 2909 W ViewRootImpl: Cancelling event due to no window focus: KeyEvent { action=ACTION_UP, keyCode=KEYCODE_F1, scanCode=59, metaState=META_ALT_ON|META_ALT_LEFT_ON|META_CTRL_ON|META_CTRL_LEFT_ON, flags=0x28, repeatCount=0, eventTime=552077, downTime=332119, deviceId=9, source=0x101 }
04-23 18:46:58.087 2909 2909 W ViewRootImpl: Cancelling event due to no window focus: KeyEvent { action=ACTION_UP, keyCode=KEYCODE_F1, scanCode=59, metaState=META_ALT_ON|META_ALT_LEFT_ON|META_CTRL_ON|META_CTRL_LEFT_ON, flags=0x28, repeatCount=0, eventTime=552077, downTime=332119, deviceId=9, source=0x101 }
04-23 18:46:58.087 2909 2909 W ViewRootImpl: Cancelling event due to no window focus: KeyEvent { action=ACTION_UP, keyCode=KEYCODE_F1, scanCode=59, metaState=META_ALT_ON|META_ALT_LEFT_ON|META_CTRL_ON|META_CTRL_LEFT_ON, flags=0x28, repeatCount=0, eventTime=552077, downTime=332119, deviceId=9, source=0x101 }
04-23 18:46:58.123 2693 2693 V DeadZone: consuming errant click: (605.5269,3.0562134)
04-23 18:46:58.199 2693 3042 D BluetoothAdapter: 59353320: getState() : mService = null. Returning STATE_OFF
04-23 18:46:58.199 2693 3042 D BluetoothAdapter: 59353320: getState() : mService = null. Returning STATE_OFF
04-23 18:46:58.214 2693 3042 D BluetoothAdapter: 59353320: getState() : mService = null. Returning STATE_OFF
04-23 18:46:58.214 2693 3042 D BluetoothAdapter: 59353320: getState() : mService = null. Returning STATE_OFF
04-23 18:47:00.010 2325 2515 W AudioTrack: AUDIO_OUTPUT_FLAG_FAST denied by client
04-23 18:47:00.011 2325 2633 D WifiService: setWifiEnabled: false pid=2693, uid=10013
04-23 18:47:00.011 2325 2633 E WifiService: Invoking mWifiStateMachine.setWifiEnabled
04-23 18:47:00.012 2325 2351 D SettingsProvider: User 0 external modification to /data/data/com.android.providers.settings/databases/settings.db; event=2
04-23 18:47:00.012 2325 2351 D SettingsProvider: User 0 updating our caches for /data/data/com.android.providers.settings/databases/settings.db
04-23 18:47:00.020 3584 3584 D wpa_supplicant: wlan0: Control interface command 'DRIVER WLS_BATCHING GET'
04-23 18:47:00.020 2325 2509 E WifiStateMachine: Unexpected BatchedScanResults :OK
04-23 18:47:00.022 3584 3584 D wpa_supplicant: wlan0: Control interface command 'DRIVER WLS_BATCHING STOP'
04-23 18:47:00.023 2325 2325 D WifiScanningService: SCAN_AVAILABLE : 1
04-23 18:47:00.023 2325 2325 D RttService: SCAN_AVAILABLE : 1
04-23 18:47:00.023 2325 2528 D WifiScanningService: DefaultState got{ when=0 what=160007 target=com.android.internal.util.StateMachine$SmHandler }
04-23 18:47:00.023 2029 2293 D CommandListener: Clearing all IP addresses on wlan0
04-23 18:47:00.024 2325 2529 D RttService: EnabledState got{ when=-1ms what=160513 target=com.android.internal.util.StateMachine$SmHandler }
04-23 18:47:00.028 2325 2509 E WifiStateMachine: SupplicantStoppingState: stopSupplicant init.svc.wpa_supplicant=unknown init.svc.p2p_supplicant=unknown
04-23 18:47:00.028 3584 3584 D wpa_supplicant: RX global ctrl_iface - hexdump(len=9): 54 45 52 4d 49 4e 41 54 45
04-23 18:47:00.028 3584 3584 D wpa_supplicant: wlan0: Removing interface wlan0
04-23 18:47:00.028 3584 3584 D wpa_supplicant: wlan0: Request to deauthenticate - bssid=00:00:00:00:00:00 pending_bssid=00:00:00:00:00:00 reason=3 state=DISCONNECTED
04-23 18:47:00.028 3584 3584 D wpa_supplicant: TDLS: Tear down peers
04-23 18:47:00.028 3584 3584 D wpa_supplicant: wlan0: State: DISCONNECTED -> DISCONNECTED
04-23 18:47:00.028 3584 3584 D wpa_supplicant: nl80211: Set wlan0 operstate 0->0 (DORMANT)
04-23 18:47:00.028 3584 3584 D wpa_supplicant: netlink: Operstate: ifindex=4 linkmode=-1 (no change), operstate=5 (IF_OPER_DORMANT)
04-23 18:47:00.029 3584 3584 D wpa_supplicant: EAPOL: External notification - portEnabled=0
04-23 18:47:00.029 3584 3584 D wpa_supplicant: EAPOL: External notification - portValid=0
04-23 18:47:00.034 2034 2307 E audio_hw_primary: no pcm card found!
04-23 18:47:00.045 2034 2307 E audio_hw_primary: no pcm card found!
