04-23 18:47:00.053 3584 3584 D wpa_supplicant: wlan0: BSS: Remove id 0 BSSID 90:00:4e:82:36:1d SSID 'SHINOSAMUEL-LP' due to wpa_bss_flush
04-23 18:47:00.053 3584 3584 D wpa_supplicant: CTRL_IFACE monitor sent successfully to /data/misc/wifi/sockets/wpa_ctrl_2325-4\x00
04-23 18:47:00.053 3584 3584 D wpa_supplicant: wlan0: BSS: Remove id 1 BSSID 00:1b:da:33:7a:9f SSID 'Technoburst' due to wpa_bss_flush
04-23 18:47:00.053 3584 3584 D wpa_supplicant: CTRL_IFACE monitor sent successfully to /data/misc/wifi/sockets/wpa_ctrl_2325-4\x00
04-23 18:47:00.053 3584 3584 D wpa_supplicant: wlan0: BSS: Remove id 3 BSSID 00:25:5e:8c:77:4b SSID 'BSNL_AP' due to wpa_bss_flush
04-23 18:47:00.053 3584 3584 D wpa_supplicant: CTRL_IFACE monitor sent successfully to /data/misc/wifi/sockets/wpa_ctrl_2325-4\x00
04-23 18:47:00.054 3584 3584 D wpa_supplicant: wlan0: BSS: Remove id 5 BSSID 20:25:64:4e:f3:67 SSID '8a0ec1' due to wpa_bss_flush
04-23 18:47:00.054 3584 3584 D wpa_supplicant: CTRL_IFACE monitor sent successfully to /data/misc/wifi/sockets/wpa_ctrl_2325-4\x00
04-23 18:47:00.054 3584 3584 D wpa_supplicant: wlan0: BSS: Remove id 4 BSSID 00:25:5e:9c:ae:21 SSID 'BSNL_AP' due to wpa_bss_flush
04-23 18:47:00.054 3584 3584 D wpa_supplicant: CTRL_IFACE monitor sent successfully to /data/misc/wifi/sockets/wpa_ctrl_2325-4\x00
04-23 18:47:00.054 3584 3584 D wpa_supplicant: wlan0: Cancelling scan request
04-23 18:47:00.054 3584 3584 D wpa_supplicant: wlan0: Cancelling authentication timeout
04-23 18:47:00.054 3584 3584 D wpa_supplicant: Remove interface wlan0 from radio phy0
04-23 18:47:00.054 3584 3584 D wpa_supplicant: Remove radio phy0
04-23 18:47:00.056 2034 2307 E audio_hw_primary: no pcm card found!
04-23 18:47:00.062 3584 3584 D wpa_supplicant: nl80211: Remove monitor interface: refcount=0
04-23 18:47:00.062 3584 3584 D wpa_supplicant: netlink: Operstate: ifindex=4 linkmode=0 (kernel-control), operstate=6 (IF_OPER_UP)
04-23 18:47:00.067 2034 2307 E audio_hw_primary: no pcm card found!
04-23 18:47:00.078 2034 2307 E audio_hw_primary: no pcm card found!
04-23 18:47:00.078 3584 3584 D wpa_supplicant: nl80211: Set mode ifindex 4 iftype 2 (STATION)
04-23 18:47:00.078 3584 3584 D wpa_supplicant: nl80211: Unsubscribe mgmt frames handle 0x8888f7efb50a8e49 (mode change)
04-23 18:47:00.078 3584 3584 I wpa_supplicant: wlan0: CTRL-EVENT-TERMINATING
04-23 18:47:00.079 3584 3584 D wpa_supplicant: CTRL_IFACE monitor sent successfully to /data/misc/wifi/sockets/wpa_ctrl_2325-4\x00
04-23 18:47:00.079 3584 3584 D wpa_supplicant: Control interface directory not empty - leaving it behind
04-23 18:47:00.080 3584 3584 D wpa_supplicant: Get randomness: len=20 entropy=19
04-23 18:47:00.080 2325 2509 E WifiMonitor: killSupplicant p2pfalse init.svc.wpa_supplicant=unknown init.svc.p2p_supplicant=unknown
04-23 18:47:00.088 2034 2307 E audio_hw_primary: no pcm card found!
04-23 18:47:00.099 2034 2307 E audio_hw_primary: no pcm card found!
04-23 18:47:00.110 2034 2307 E audio_hw_primary: no pcm card found!
04-23 18:47:00.121 2034 2307 E audio_hw_primary: no pcm card found!
04-23 18:47:00.133 2034 2307 E audio_hw_primary: no pcm card found!
04-23 18:47:00.144 2034 2307 E audio_hw_primary: no pcm card found!
04-23 18:47:00.155 2034 2307 E audio_hw_primary: no pcm card found!
04-23 18:47:00.166 2034 2307 E audio_hw_primary: no pcm card found!
04-23 18:47:00.177 2034 2307 E audio_hw_primary: no pcm card found!
04-23 18:47:00.188 2034 2307 E audio_hw_primary: no pcm card found!
04-23 18:47:00.199 2034 2307 E audio_hw_primary: no pcm card found!
04-23 18:47:00.210 2034 2307 E audio_hw_primary: no pcm card found!
04-23 18:47:00.222 2034 2307 E audio_hw_primary: no pcm card found!
04-23 18:47:00.233 2034 2307 E audio_hw_primary: no pcm card found!
04-23 18:47:00.244 2034 2307 E audio_hw_primary: no pcm card found!
04-23 18:47:00.255 2034 2307 E audio_hw_primary: no pcm card found!
04-23 18:47:00.266 2034 2307 E audio_hw_primary: no pcm card found!
04-23 18:47:00.277 2034 2307 E audio_hw_primary: no pcm card found!
04-23 18:47:00.289 2034 2307 E audio_hw_primary: no pcm card found!
04-23 18:47:00.300 2034 2307 E audio_hw_primary: no pcm card found!
04-23 18:47:00.311 2034 2307 E audio_hw_primary: no pcm card found!
04-23 18:47:00.322 2034 2307 E audio_hw_primary: no pcm card found!
04-23 18:47:00.333 2034 2307 E audio_hw_primary: no pcm card found!
04-23 18:47:00.344 2034 2307 E audio_hw_primary: no pcm card found!
04-23 18:47:00.355 2034 2307 E audio_hw_primary: no pcm card found!
04-23 18:47:00.367 2034 2307 E audio_hw_primary: no pcm card found!
04-23 18:47:00.378 2034 2307 E audio_hw_primary: no pcm card found!
04-23 18:47:00.389 2034 2307 E audio_hw_primary: no pcm card found!
04-23 18:47:00.400 2034 2307 E audio_hw_primary: no pcm card found!
04-23 18:47:00.412 2034 2307 E audio_hw_primary: no pcm card found!
04-23 18:47:00.423 2034 2307 E audio_hw_primary: no pcm card found!
04-23 18:47:00.434 2034 2307 E audio_hw_primary: no pcm card found!
04-23 18:47:00.445 2034 2307 E audio_hw_primary: no pcm card found!
04-23 18:47:00.456 2034 2307 E audio_hw_primary: no pcm card found!
04-23 18:47:00.467 2034 2307 E audio_hw_primary: no pcm card found!
04-23 18:47:00.479 2034 2307 E audio_hw_primary: no pcm card found!
04-23 18:47:00.490 2034 2307 E audio_hw_primary: no pcm card found!
04-23 18:47:00.501 2034 2307 E audio_hw_primary: no pcm card found!
04-23 18:47:00.513 2034 2307 E audio_hw_primary: no pcm card found!
04-23 18:47:00.524 2034 2307 E audio_hw_primary: no pcm card found!
04-23 18:47:00.536 2034 2307 E audio_hw_primary: no pcm card found!
04-23 18:47:00.547 2034 2307 E audio_hw_primary: no pcm card found!
04-23 18:47:00.558 2034 2307 E audio_hw_primary: no pcm card found!
04-23 18:47:00.570 2034 2307 E audio_hw_primary: no pcm card found!
04-23 18:47:00.581 2034 2307 E audio_hw_primary: no pcm card found!
04-23 18:47:00.593 2034 2307 E audio_hw_primary: no pcm card found!
04-23 18:47:00.604 2034 2307 E audio_hw_primary: no pcm card found!
04-23 18:47:00.615 2034 2307 E audio_hw_primary: no pcm card found!
04-23 18:47:00.627 2034 2307 E audio_hw_primary: no pcm card found!
04-23 18:47:00.638 2034 2307 E audio_hw_primary: no pcm card found!
04-23 18:47:00.649 2034 2307 E audio_hw_primary: no pcm card found!
04-23 18:47:00.661 2034 2307 E audio_hw_primary: no pcm card found!
04-23 18:47:00.672 2034 2307 E audio_hw_primary: no pcm card found!
04-23 18:47:00.684 2034 2307 E audio_hw_primary: no pcm card found!
04-23 18:47:00.695 2034 2307 E audio_hw_primary: no pcm card found!
04-23 18:47:00.707 2034 2307 E audio_hw_primary: no pcm card found!
04-23 18:47:00.718 2034 2307 E audio_hw_primary: no pcm card found!
04-23 18:47:00.729 2034 2307 E audio_hw_primary: no pcm card found!
04-23 18:47:00.741 2034 2307 E audio_hw_primary: no pcm card found!
04-23 18:47:00.752 2034 2307 E audio_hw_primary: no pcm card found!
04-23 18:47:00.763 2034 2307 E audio_hw_primary: no pcm card found!
04-23 18:47:00.775 2034 2307 E audio_hw_primary: no pcm card found!
04-23 18:47:00.786 2034 2307 E audio_hw_primary: no pcm card found!
04-23 18:47:00.797 2034 2307 E audio_hw_primary: no pcm card found!
04-23 18:47:00.808 2034 2307 E audio_hw_primary: no pcm card found!
04-23 18:47:00.819 2034 2307 E audio_hw_primary: no pcm card found!
04-23 18:47:00.830 2034 2307 E audio_hw_primary: no pcm card found!
04-23 18:47:00.842 2034 2307 E audio_hw_primary: no pcm card found!
04-23 18:47:00.853 2034 2307 E audio_hw_primary: no pcm card found!
04-23 18:47:00.864 2034 2307 E audio_hw_primary: no pcm card found!
04-23 18:47:00.871 2325 2995 D BluetoothManagerService: checkIfCallerIsForegroundUser: valid=true callingUser=0 parentUser=-10000 foregroundUser=0
04-23 18:47:00.871 2325 2995 D BluetoothManagerService: enable(): mBluetooth =null mBinding = false
04-23 18:47:00.873 2325 2515 W AudioTrack: AUDIO_OUTPUT_FLAG_FAST denied by client
04-23 18:47:00.875 2034 2307 E audio_hw_primary: no pcm card found!
04-23 18:47:00.875 2325 2354 D BluetoothManagerService: Message: 1
04-23 18:47:00.875 2325 2354 D BluetoothManagerService: MESSAGE_ENABLE: mBluetooth = null
04-23 18:47:00.887 2034 2307 E audio_hw_primary: no pcm card found!
04-23 18:47:00.908 2034 2307 E audio_hw_primary: no pcm card found!
04-23 18:47:00.919 2034 2307 E audio_hw_primary: no pcm card found!
04-23 18:47:00.930 2034 2307 E audio_hw_primary: no pcm card found!
04-23 18:47:00.941 2034 2307 E audio_hw_primary: no pcm card found!
04-23 18:47:00.945 2325 2354 I ActivityManager: Start proc 3748:com.android.bluetooth/1002 for service com.android.bluetooth/.btservice.AdapterService
04-23 18:47:00.952 2034 2307 E audio_hw_primary: no pcm card found!
04-23 18:47:00.963 2034 2307 E audio_hw_primary: no pcm card found!
04-23 18:47:00.974 2034 2307 E audio_hw_primary: no pcm card found!
04-23 18:47:00.976 3748 3748 W ResourcesManager: Asset path '/system/framework/javax.obex.jar' does not exist or contains no resources.
04-23 18:47:00.985 2034 2307 E audio_hw_primary: no pcm card found!
04-23 18:47:00.996 2034 2307 E audio_hw_primary: no pcm card found!
04-23 18:47:01.002 3748 3748 D AdapterServiceConfig: Adding HeadsetService
04-23 18:47:01.002 3748 3748 D AdapterServiceConfig: Adding A2dpService
04-23 18:47:01.002 3748 3748 D AdapterServiceConfig: Adding HidService
04-23 18:47:01.002 3748 3748 D AdapterServiceConfig: Adding HealthService
04-23 18:47:01.002 3748 3748 D AdapterServiceConfig: Adding PanService
04-23 18:47:01.003 3748 3748 D AdapterServiceConfig: Adding GattService
04-23 18:47:01.003 3748 3748 D AdapterServiceConfig: Adding BluetoothMapService
04-23 18:47:01.007 2034 2307 E audio_hw_primary: no pcm card found!
04-23 18:47:01.014 2325 2354 D BluetoothManagerService: Message: 20
04-23 18:47:01.014 2325 2354 D BluetoothManagerService: Added callback: android.bluetooth.IBluetoothManagerCallback$Stub$Proxy@3cc86144:true
04-23 18:47:01.014 3748 3748 D BluetoothAdapterState: make
04-23 18:47:01.018 2034 2307 E audio_hw_primary: no pcm card found!
04-23 18:47:01.020 3748 3748 I bluedroid: init
04-23 18:47:01.020 3748 3766 I BluetoothAdapterState: Entering OffState
04-23 18:47:01.020 3748 3748 E bt-btif : btif_config_get(L190): assert failed: section && *section && key && *key && name && *name && bytes && type
04-23 18:47:01.021 3748 3748 I bte_conf: bte_load_conf attempt to load stack conf from /etc/bluetooth/bt_stack.conf
04-23 18:47:01.021 3748 3748 I bte_conf: bte_load_ble_conf attempt to load ble stack conf from /etc/bluetooth/ble_stack.conf
04-23 18:47:01.021 3748 3748 E bt_osi_config: config_new unable to open file '/etc/bluetooth/ble_stack.conf': No such file or directory
04-23 18:47:01.021 3748 3748 I bte_conf: bte_load_ble_conf file >/etc/bluetooth/ble_stack.conf< not found
04-23 18:47:01.021 3748 3748 I bluedroid: get_profile_interface socket
04-23 18:47:01.021 3748 3748 I bluedroid: get_profile_interface map_client
04-23 18:47:01.022 3748 3769 I GKI_LINUX: gki_task_entry task_id=1 [BTIF] starting
04-23 18:47:01.024 3748 3769 D BluetoothAdapterProperties: Address is:22:22:5E:5B:63:72
04-23 18:47:01.026 2325 2325 D BluetoothManagerService: Bluetooth Adapter name changed to Android-x86
04-23 18:47:01.026 2325 2325 D BluetoothManagerService: Stored Bluetooth name: Android-x86
04-23 18:47:01.027 2325 2325 D BluetoothManagerService: BluetoothServiceConnection: com.android.bluetooth.btservice.AdapterService
04-23 18:47:01.027 2325 2354 D BluetoothManagerService: Message: 40
04-23 18:47:01.027 2325 2354 D BluetoothManagerService: MESSAGE_BLUETOOTH_SERVICE_CONNECTED: 1
04-23 18:47:01.027 3748 3769 D BluetoothAdapterProperties: Name is: Android-x86
04-23 18:47:01.028 3748 3765 I bluedroid: config_hci_snoop_log
04-23 18:47:01.029 2034 2307 E audio_hw_primary: no pcm card found!
04-23 18:47:01.030 2325 2354 D BluetoothManagerService: Calling onBluetoothServiceUp callbacks
04-23 18:47:01.030 2325 2354 D BluetoothManagerService: Broadcasting onBluetoothServiceUp() to 4 receivers.
04-23 18:47:01.034 3748 3766 D BluetoothAdapterState: CURRENT_STATE=OFF, MESSAGE = USER_TURN_ON
04-23 18:47:01.034 3748 3766 D BluetoothAdapterProperties: Setting state to 11
04-23 18:47:01.034 3748 3766 I BluetoothAdapterState: Bluetooth adapter state changed: 10-> 11
04-23 18:47:01.034 2325 2354 D BluetoothManagerService: Message: 60
04-23 18:47:01.034 2325 2354 D BluetoothManagerService: MESSAGE_BLUETOOTH_STATE_CHANGE: prevState = 10, newState=11
04-23 18:47:01.035 2325 2354 D BluetoothManagerService: Bluetooth State Change Intent: 10 -> 11
04-23 18:47:01.035 3748 3766 D BluetoothBondStateMachine: make
04-23 18:47:01.039 3748 3770 I BluetoothBondStateMachine: StableState(): Entering Off State
04-23 18:47:01.040 2034 2307 E audio_hw_primary: no pcm card found!
04-23 18:47:01.044 3748 3748 D BluetoothAdapterService: getAdapterService() - returning com.android.bluetooth.btservice.AdapterService@2ca8dbd1
04-23 18:47:01.045 3748 3748 D HeadsetService: Received start request. Starting profile...
04-23 18:47:01.046 3748 3748 I BluetoothHeadsetServiceJni: classInitNative: succeeds
04-23 18:47:01.047 3748 3748 D HeadsetStateMachine: make
04-23 18:47:01.051 2034 2307 E audio_hw_primary: no pcm card found!
04-23 18:47:01.058 3748 3748 D HeadsetStateMachine: max_hf_connections = 1
04-23 18:47:01.059 3748 3748 I bluedroid: get_profile_interface handsfree
04-23 18:47:01.062 2034 2307 E audio_hw_primary: no pcm card found!
04-23 18:47:01.062 3748 3773 D HeadsetStateMachine: Enter Disconnected: -2, size: 0
04-23 18:47:01.064 3748 3766 I BluetoothAdapterState: Entering PendingCommandState State: isTurningOn()=true, isTurningOff()=false
04-23 18:47:01.065 3748 3748 D BluetoothAdapterService: getAdapterService() - returning com.android.bluetooth.btservice.AdapterService@2ca8dbd1
04-23 18:47:01.066 3748 3748 D A2dpService: Received start request. Starting profile...
04-23 18:47:01.066 3748 3748 I BluetoothAvrcpServiceJni: classInitNative: succeeds
04-23 18:47:01.067 3748 3748 I bluedroid: get_profile_interface avrcp
04-23 18:47:01.072 2034 2307 E audio_hw_primary: no pcm card found!
04-23 18:47:01.077 3748 3748 E RemoteController: Cannot set synchronization mode on an unregistered RemoteController
04-23 18:47:01.077 3748 3748 I BluetoothA2dpServiceJni: classInitNative: succeeds
04-23 18:47:01.077 3748 3748 D A2dpStateMachine: make
04-23 18:47:01.079 3748 3748 I bluedroid: get_profile_interface a2dp
04-23 18:47:01.079 3748 3776 I GKI_LINUX: gki_task_entry task_id=2 [A2DP-MEDIA] starting
04-23 18:47:01.081 3748 3775 D A2dpStateMachine: Enter Disconnected: -2
04-23 18:47:01.081 3748 3748 I BluetoothHidServiceJni: classInitNative: succeeds
04-23 18:47:01.083 3748 3748 D BluetoothAdapterService: getAdapterService() - returning com.android.bluetooth.btservice.AdapterService@2ca8dbd1
04-23 18:47:01.083 3748 3748 D HidService: Received start request. Starting profile...
04-23 18:47:01.083 2034 2307 E audio_hw_primary: no pcm card found!
04-23 18:47:01.083 3748 3748 I bluedroid: get_profile_interface hidhost
04-23 18:47:01.084 3748 3748 I BluetoothHealthServiceJni: classInitNative: succeeds
04-23 18:47:01.085 3748 3748 D BluetoothAdapterService: getAdapterService() - returning com.android.bluetooth.btservice.AdapterService@2ca8dbd1
04-23 18:47:01.086 3748 3748 D HealthService: Received start request. Starting profile...
04-23 18:47:01.087 3748 3748 I bluedroid: get_profile_interface health
04-23 18:47:01.088 3748 3748 I BluetoothPanServiceJni: classInitNative(L105): succeeds
04-23 18:47:01.089 3748 3748 D BluetoothAdapterService: getAdapterService() - returning com.android.bluetooth.btservice.AdapterService@2ca8dbd1
04-23 18:47:01.092 3748 3748 D PanService: Received start request. Starting profile...
04-23 18:47:01.092 3748 3748 D BluetoothPanServiceJni: initializeNative(L110): pan
04-23 18:47:01.093 3748 3748 I bluedroid: get_profile_interface pan
04-23 18:47:01.094 2034 2307 E audio_hw_primary: no pcm card found!
04-23 18:47:01.095 3748 3748 D HeadsetStateMachine: Proxy object connected
04-23 18:47:01.096 3748 3748 I BtGatt.JNI: classInitNative(L873): classInitNative: Success!
04-23 18:47:01.098 3748 3748 D BluetoothAdapterService: getAdapterService() - returning com.android.bluetooth.btservice.AdapterService@2ca8dbd1
04-23 18:47:01.099 3748 3748 D BtGatt.DebugUtils: handleDebugAction() action=null
04-23 18:47:01.100 3748 3748 D BtGatt.GattService: Received start request. Starting profile...
04-23 18:47:01.100 3748 3748 D BtGatt.GattService: start()
04-23 18:47:01.100 3748 3748 I bluedroid: get_profile_interface gatt
04-23 18:47:01.100 3748 3748 D BluetoothAdapterService: getAdapterService() - returning com.android.bluetooth.btservice.AdapterService@2ca8dbd1
04-23 18:47:01.100 3748 3748 D BtGatt.AdvertiseManager: advertise manager created
04-23 18:47:01.105 2034 2307 E audio_hw_primary: no pcm card found!
04-23 18:47:01.108 3748 3773 D HeadsetStateMachine: Disconnected process message: 10, size: 0
04-23 18:47:01.108 3748 3773 D HeadsetPhoneState: sendDeviceStateChanged. mService=0 mSignal=0 mRoam=0 mBatteryCharge=5
04-23 18:47:01.108 3748 3773 D HeadsetStateMachine: Disconnected process message: 11, size: 0
04-23 18:47:01.109 3748 3748 D BluetoothAdapterService: getAdapterService() - returning com.android.bluetooth.btservice.AdapterService@2ca8dbd1
04-23 18:47:01.110 3748 3748 D BluetoothMapService: Received start request. Starting profile...
04-23 18:47:01.110 3748 3748 D BluetoothMapService: start()
04-23 18:47:01.112 3748 3748 D BluetoothMapEmailSettingsLoader: Found 0 applications
04-23 18:47:01.112 3748 3748 D BluetoothMapEmailAppObserver: createReceiver()
04-23 18:47:01.113 3748 3748 D BluetoothMapEmailAppObserver: initObservers()
04-23 18:47:01.113 3748 3748 D BluetoothMapEmailAppObserver: getEnabledAccountItems()
04-23 18:47:01.116 2034 2307 E audio_hw_primary: no pcm card found!
04-23 18:47:01.121 3748 3766 D BluetoothAdapterState: CURRENT_STATE=PENDING, MESSAGE = STARTED, isTurningOn=true, isTurningOff=false
04-23 18:47:01.121 3748 3766 I bluedroid: enable
04-23 18:47:01.122 3748 3782 I GKI_LINUX: gki_task_entry task_id=0 [BTU] starting
04-23 18:47:01.122 3748 3782 I bt-btu : btu_task pending for preload complete event
04-23 18:47:01.122 3748 3766 I bt_hci_bdroid: init
04-23 18:47:01.122 3748 3766 I bt_vendor: init
04-23 18:47:01.122 3748 3766 I bt_vnd_conf: Attempt to load conf from /etc/bluetooth/bt_vendor.conf
04-23 18:47:01.122 3748 3766 I bt_vnd_conf: vnd_load_conf file >/etc/bluetooth/bt_vendor.conf< not found
04-23 18:47:01.122 3748 3766 D bt_userial: userial_init
04-23 18:47:01.123 3748 3784 I bt_userial_vendor: userial vendor open: opening /dev/ttyO1
04-23 18:47:01.123 3748 3784 E bt_userial_vendor: userial vendor open: unable to open /dev/ttyO1
04-23 18:47:01.123 3748 3784 E bt_userial: userial_open opened wrong number of ports: got 0, expected 1.
04-23 18:47:01.123 3748 3784 E bt_userial: userial_write error writing to serial port: Bad file number
04-23 18:47:01.127 2034 2307 E audio_hw_primary: no pcm card found!
04-23 18:47:01.138 2034 2307 E audio_hw_primary: no pcm card found!
04-23 18:47:01.149 2034 2307 E audio_hw_primary: no pcm card found!
04-23 18:47:01.160 2034 2307 E audio_hw_primary: no pcm card found!
04-23 18:47:01.171 2034 2307 E audio_hw_primary: no pcm card found!
04-23 18:47:01.182 2034 2307 E audio_hw_primary: no pcm card found!
04-23 18:47:01.193 2034 2307 E audio_hw_primary: no pcm card found!
04-23 18:47:01.204 2034 2307 E audio_hw_primary: no pcm card found!
04-23 18:47:01.215 2034 2307 E audio_hw_primary: no pcm card found!
04-23 18:47:01.227 2034 2307 E audio_hw_primary: no pcm card found!
04-23 18:47:01.238 2034 2307 E audio_hw_primary: no pcm card found!
04-23 18:47:01.249 2034 2307 E audio_hw_primary: no pcm card found!
04-23 18:47:01.260 2034 2307 E audio_hw_primary: no pcm card found!
04-23 18:47:01.271 2034 2307 E audio_hw_primary: no pcm card found!
04-23 18:47:01.283 2034 2307 E audio_hw_primary: no pcm card found!
04-23 18:47:01.294 2034 2307 E audio_hw_primary: no pcm card found!
04-23 18:47:01.305 2034 2307 E audio_hw_primary: no pcm card found!
04-23 18:47:01.316 2034 2307 E audio_hw_primary: no pcm card found!
04-23 18:47:01.328 2034 2307 E audio_hw_primary: no pcm card found!
04-23 18:47:01.339 2034 2307 E audio_hw_primary: no pcm card found!
04-23 18:47:01.350 2034 2307 E audio_hw_primary: no pcm card found!
04-23 18:47:01.361 2034 2307 E audio_hw_primary: no pcm card found!
04-23 18:47:01.373 2034 2307 E audio_hw_primary: no pcm card found!
04-23 18:47:01.384 2034 2307 E audio_hw_primary: no pcm card found!
04-23 18:47:01.396 2034 2307 E audio_hw_primary: no pcm card found!
04-23 18:47:01.407 2034 2307 E audio_hw_primary: no pcm card found!
04-23 18:47:01.418 2034 2307 E audio_hw_primary: no pcm card found!
04-23 18:47:01.429 2034 2307 E audio_hw_primary: no pcm card found!
04-23 18:47:01.441 2034 2307 E audio_hw_primary: no pcm card found!
04-23 18:47:01.452 2034 2307 E audio_hw_primary: no pcm card found!
04-23 18:47:01.463 2034 2307 E audio_hw_primary: no pcm card found!
04-23 18:47:01.475 2034 2307 E audio_hw_primary: no pcm card found!
04-23 18:47:01.486 2034 2307 E audio_hw_primary: no pcm card found!
04-23 18:47:01.497 2034 2307 E audio_hw_primary: no pcm card found!
04-23 18:47:01.509 2034 2307 E audio_hw_primary: no pcm card found!
04-23 18:47:01.520 2034 2307 E audio_hw_primary: no pcm card found!
04-23 18:47:01.531 2034 2307 E audio_hw_primary: no pcm card found!
04-23 18:47:01.542 2034 2307 E audio_hw_primary: no pcm card found!
04-23 18:47:01.554 2034 2307 E audio_hw_primary: no pcm card found!
04-23 18:47:01.565 2034 2307 E audio_hw_primary: no pcm card found!
04-23 18:47:01.576 2034 2307 E audio_hw_primary: no pcm card found!
04-23 18:47:01.588 2034 2307 E audio_hw_primary: no pcm card found!
04-23 18:47:01.599 2034 2307 E audio_hw_primary: no pcm card found!
04-23 18:47:01.610 2034 2307 E audio_hw_primary: no pcm card found!
04-23 18:47:01.621 2034 2307 E audio_hw_primary: no pcm card found!
04-23 18:47:01.633 2034 2307 E audio_hw_primary: no pcm card found!
04-23 18:47:01.644 2034 2307 E audio_hw_primary: no pcm card found!
04-23 18:47:01.655 2034 2307 E audio_hw_primary: no pcm card found!
04-23 18:47:01.666 2034 2307 E audio_hw_primary: no pcm card found!
04-23 18:47:01.678 2034 2307 E audio_hw_primary: no pcm card found!
04-23 18:47:01.689 2034 2307 E audio_hw_primary: no pcm card found!
04-23 18:47:01.700 2034 2307 E audio_hw_primary: no pcm card found!
04-23 18:47:01.711 2034 2307 E audio_hw_primary: no pcm card found!
04-23 18:47:01.723 2034 2307 E audio_hw_primary: no pcm card found!
04-23 18:47:01.734 2034 2307 E audio_hw_primary: no pcm card found!
04-23 18:47:01.745 2034 2307 E audio_hw_primary: no pcm card found!
04-23 18:47:01.757 2034 2307 E audio_hw_primary: no pcm card found!
04-23 18:47:01.768 2034 2307 E audio_hw_primary: no pcm card found!
04-23 18:47:01.779 2034 2307 E audio_hw_primary: no pcm card found!
04-23 18:47:01.791 2034 2307 E audio_hw_primary: no pcm card found!
04-23 18:47:01.802 2034 2307 E audio_hw_primary: no pcm card found!
04-23 18:47:01.813 2034 2307 E audio_hw_primary: no pcm card found!
04-23 18:47:01.824 2034 2307 E audio_hw_primary: no pcm card found!
04-23 18:47:01.836 2034 2307 E audio_hw_primary: no pcm card found!
04-23 18:47:01.847 2034 2307 E audio_hw_primary: no pcm card found!
04-23 18:47:01.858 2034 2307 E audio_hw_primary: no pcm card found!
04-23 18:47:01.870 2034 2307 E audio_hw_primary: no pcm card found!
04-23 18:47:01.881 2034 2307 E audio_hw_primary: no pcm card found!
04-23 18:47:01.892 2034 2307 E audio_hw_primary: no pcm card found!
04-23 18:47:01.904 2034 2307 E audio_hw_primary: no pcm card found!
04-23 18:47:01.915 2034 2307 E audio_hw_primary: no pcm card found!
04-23 18:47:01.926 2034 2307 E audio_hw_primary: no pcm card found!
04-23 18:47:01.938 2034 2307 E audio_hw_primary: no pcm card found!
04-23 18:47:01.949 2034 2307 E audio_hw_primary: no pcm card found!
04-23 18:47:01.960 2034 2307 E audio_hw_primary: no pcm card found!
04-23 18:47:01.971 2034 2307 E audio_hw_primary: no pcm card found!
04-23 18:47:01.983 2034 2307 E audio_hw_primary: no pcm card found!
04-23 18:47:01.994 2034 2307 E audio_hw_primary: no pcm card found!
04-23 18:47:02.005 2034 2307 E audio_hw_primary: no pcm card found!
04-23 18:47:02.017 2034 2307 E audio_hw_primary: no pcm card found!
04-23 18:47:02.028 2034 2307 E audio_hw_primary: no pcm card found!
04-23 18:47:02.039 2034 2307 E audio_hw_primary: no pcm card found!
04-23 18:47:02.051 2034 2307 E audio_hw_primary: no pcm card found!
04-23 18:47:02.062 2034 2307 E audio_hw_primary: no pcm card found!
04-23 18:47:02.073 2034 2307 E audio_hw_primary: no pcm card found!
04-23 18:47:02.085 2034 2307 E audio_hw_primary: no pcm card found!
04-23 18:47:02.096 2034 2307 E audio_hw_primary: no pcm card found!
04-23 18:47:02.107 2034 2307 E audio_hw_primary: no pcm card found!
04-23 18:47:02.118 2034 2307 E audio_hw_primary: no pcm card found!
04-23 18:47:02.130 2034 2307 E audio_hw_primary: no pcm card found!
04-23 18:47:02.141 2034 2307 E audio_hw_primary: no pcm card found!
04-23 18:47:02.152 2034 2307 E audio_hw_primary: no pcm card found!
04-23 18:47:02.164 2034 2307 E audio_hw_primary: no pcm card found!
04-23 18:47:02.175 2034 2307 E audio_hw_primary: no pcm card found!
04-23 18:47:02.186 2034 2307 E audio_hw_primary: no pcm card found!
04-23 18:47:02.198 2034 2307 E audio_hw_primary: no pcm card found!
04-23 18:47:02.209 2034 2307 E audio_hw_primary: no pcm card found!
04-23 18:47:02.220 2034 2307 E audio_hw_primary: no pcm card found!
04-23 18:47:02.232 2034 2307 E audio_hw_primary: no pcm card found!
04-23 18:47:02.243 2034 2307 E audio_hw_primary: no pcm card found!
04-23 18:47:02.254 2034 2307 E audio_hw_primary: no pcm card found!
04-23 18:47:02.266 2034 2307 E audio_hw_primary: no pcm card found!
04-23 18:47:02.277 2034 2307 E audio_hw_primary: no pcm card found!
04-23 18:47:02.288 2034 2307 E audio_hw_primary: no pcm card found!
04-23 18:47:02.299 2034 2307 E audio_hw_primary: no pcm card found!
04-23 18:47:02.311 2034 2307 E audio_hw_primary: no pcm card found!
04-23 18:47:02.322 2034 2307 E audio_hw_primary: no pcm card found!
04-23 18:47:02.333 2034 2307 E audio_hw_primary: no pcm card found!
04-23 18:47:02.345 2034 2307 E audio_hw_primary: no pcm card found!
04-23 18:47:02.356 2034 2307 E audio_hw_primary: no pcm card found!
04-23 18:47:02.367 2034 2307 E audio_hw_primary: no pcm card found!
04-23 18:47:02.379 2034 2307 E audio_hw_primary: no pcm card found!
04-23 18:47:02.390 2034 2307 E audio_hw_primary: no pcm card found!
04-23 18:47:02.401 2034 2307 E audio_hw_primary: no pcm card found!
04-23 18:47:02.412 2034 2307 E audio_hw_primary: no pcm card found!
04-23 18:47:02.424 2034 2307 E audio_hw_primary: no pcm card found!
04-23 18:47:02.435 2034 2307 E audio_hw_primary: no pcm card found!
04-23 18:47:02.446 2034 2307 E audio_hw_primary: no pcm card found!
04-23 18:47:02.457 2034 2307 E audio_hw_primary: no pcm card found!
04-23 18:47:02.469 2034 2307 E audio_hw_primary: no pcm card found!
04-23 18:47:02.480 2034 2307 E audio_hw_primary: no pcm card found!
04-23 18:47:02.491 2034 2307 E audio_hw_primary: no pcm card found!
04-23 18:47:02.503 2034 2307 E audio_hw_primary: no pcm card found!
04-23 18:47:02.514 2034 2307 E audio_hw_primary: no pcm card found!
04-23 18:47:02.525 2034 2307 E audio_hw_primary: no pcm card found!
04-23 18:47:02.536 2034 2307 E audio_hw_primary: no pcm card found!
04-23 18:47:02.548 2034 2307 E audio_hw_primary: no pcm card found!
04-23 18:47:02.559 2034 2307 E audio_hw_primary: no pcm card found!
04-23 18:47:02.570 2034 2307 E audio_hw_primary: no pcm card found!
04-23 18:47:02.582 2034 2307 E audio_hw_primary: no pcm card found!
04-23 18:47:02.593 2034 2307 E audio_hw_primary: no pcm card found!
04-23 18:47:02.604 2034 2307 E audio_hw_primary: no pcm card found!
04-23 18:47:02.616 2034 2307 E audio_hw_primary: no pcm card found!
04-23 18:47:02.627 2034 2307 E audio_hw_primary: no pcm card found!
04-23 18:47:02.638 2034 2307 E audio_hw_primary: no pcm card found!
04-23 18:47:02.650 2034 2307 E audio_hw_primary: no pcm card found!
04-23 18:47:02.661 2034 2307 E audio_hw_primary: no pcm card found!
04-23 18:47:02.672 2034 2307 E audio_hw_primary: no pcm card found!
04-23 18:47:02.683 2034 2307 E audio_hw_primary: no pcm card found!
04-23 18:47:02.695 2034 2307 E audio_hw_primary: no pcm card found!
04-23 18:47:02.706 2034 2307 E audio_hw_primary: no pcm card found!
04-23 18:47:02.717 2034 2307 E audio_hw_primary: no pcm card found!
04-23 18:47:02.729 2034 2307 E audio_hw_primary: no pcm card found!
04-23 18:47:02.740 2034 2307 E audio_hw_primary: no pcm card found!
04-23 18:47:02.751 2034 2307 E audio_hw_primary: no pcm card found!
04-23 18:47:02.763 2034 2307 E audio_hw_primary: no pcm card found!
04-23 18:47:02.774 2034 2307 E audio_hw_primary: no pcm card found!
04-23 18:47:02.785 2034 2307 E audio_hw_primary: no pcm card found!
04-23 18:47:02.796 2034 2307 E audio_hw_primary: no pcm card found!
04-23 18:47:02.807 2034 2307 E audio_hw_primary: no pcm card found!
04-23 18:47:02.819 2034 2307 E audio_hw_primary: no pcm card found!
04-23 18:47:02.830 2034 2307 E audio_hw_primary: no pcm card found!
04-23 18:47:02.841 2034 2307 E audio_hw_primary: no pcm card found!
04-23 18:47:02.853 2034 2307 E audio_hw_primary: no pcm card found!
04-23 18:47:02.864 2034 2307 E audio_hw_primary: no pcm card found!
04-23 18:47:02.875 2034 2307 E audio_hw_primary: no pcm card found!
04-23 18:47:02.887 2034 2307 E audio_hw_primary: no pcm card found!
04-23 18:47:02.898 2034 2307 E audio_hw_primary: no pcm card found!
04-23 18:47:02.909 2034 2307 E audio_hw_primary: no pcm card found!
04-23 18:47:02.920 2034 2307 E audio_hw_primary: no pcm card found!
04-23 18:47:02.932 2034 2307 E audio_hw_primary: no pcm card found!
04-23 18:47:02.943 2034 2307 E audio_hw_primary: no pcm card found!
04-23 18:47:02.954 2034 2307 E audio_hw_primary: no pcm card found!
04-23 18:47:02.966 2034 2307 E audio_hw_primary: no pcm card found!
04-23 18:47:02.977 2034 2307 E audio_hw_primary: no pcm card found!
04-23 18:47:02.988 2034 2307 E audio_hw_primary: no pcm card found!
04-23 18:47:03.000 2034 2307 E audio_hw_primary: no pcm card found!
04-23 18:47:03.011 2034 2307 E audio_hw_primary: no pcm card found!
04-23 18:47:03.022 2034 2307 E audio_hw_primary: no pcm card found!
04-23 18:47:03.033 2034 2307 E audio_hw_primary: no pcm card found!
04-23 18:47:03.045 2034 2307 E audio_hw_primary: no pcm card found!
04-23 18:47:03.056 2034 2307 E audio_hw_primary: no pcm card found!
04-23 18:47:03.067 2034 2307 E audio_hw_primary: no pcm card found!
04-23 18:47:03.079 2034 2307 E audio_hw_primary: no pcm card found!
04-23 18:47:03.090 2034 2307 E audio_hw_primary: no pcm card found!
04-23 18:47:03.101 2034 2307 E audio_hw_primary: no pcm card found!
04-23 18:47:03.113 2034 2307 E audio_hw_primary: no pcm card found!
04-23 18:47:03.124 2034 2307 E audio_hw_primary: no pcm card found!
04-23 18:47:03.135 2034 2307 E audio_hw_primary: no pcm card found!
04-23 18:47:03.146 2034 2307 E audio_hw_primary: no pcm card found!
04-23 18:47:03.158 2034 2307 E audio_hw_primary: no pcm card found!
04-23 18:47:03.169 2034 2307 E audio_hw_primary: no pcm card found!
04-23 18:47:03.180 2034 2307 E audio_hw_primary: no pcm card found!
04-23 18:47:03.192 2034 2307 E audio_hw_primary: no pcm card found!
04-23 18:47:03.203 2034 2307 E audio_hw_primary: no pcm card found!
04-23 18:47:03.214 2034 2307 E audio_hw_primary: no pcm card found!
04-23 18:47:03.226 2034 2307 E audio_hw_primary: no pcm card found!
04-23 18:47:03.237 2034 2307 E audio_hw_primary: no pcm card found!
04-23 18:47:03.248 2034 2307 E audio_hw_primary: no pcm card found!
04-23 18:47:03.259 2034 2307 E audio_hw_primary: no pcm card found!
04-23 18:47:03.271 2034 2307 E audio_hw_primary: no pcm card found!
04-23 18:47:03.282 2034 2307 E audio_hw_primary: no pcm card found!
04-23 18:47:03.293 2034 2307 E audio_hw_primary: no pcm card found!
04-23 18:47:03.305 2034 2307 E audio_hw_primary: no pcm card found!
04-23 18:47:03.316 2034 2307 E audio_hw_primary: no pcm card found!
04-23 18:47:03.327 2034 2307 E audio_hw_primary: no pcm card found!
04-23 18:47:03.339 2034 2307 E audio_hw_primary: no pcm card found!
04-23 18:47:03.350 2034 2307 E audio_hw_primary: no pcm card found!
04-23 18:47:03.361 2034 2307 E audio_hw_primary: no pcm card found!
04-23 18:47:03.373 2034 2307 E audio_hw_primary: no pcm card found!
04-23 18:47:03.384 2034 2307 E audio_hw_primary: no pcm card found!
04-23 18:47:03.395 2034 2307 E audio_hw_primary: no pcm card found!
04-23 18:47:03.406 2034 2307 E audio_hw_primary: no pcm card found!
04-23 18:47:03.417 2034 2307 E audio_hw_primary: no pcm card found!
04-23 18:47:03.429 2034 2307 E audio_hw_primary: no pcm card found!
04-23 18:47:03.440 2034 2307 E audio_hw_primary: no pcm card found!
04-23 18:47:03.451 2034 2307 E audio_hw_primary: no pcm card found!
04-23 18:47:03.462 2034 2307 E audio_hw_primary: no pcm card found!
04-23 18:47:03.474 2034 2307 E audio_hw_primary: no pcm card found!
04-23 18:47:03.485 2034 2307 E audio_hw_primary: no pcm card found!
04-23 18:47:03.496 2034 2307 E audio_hw_primary: no pcm card found!
04-23 18:47:03.508 2034 2307 E audio_hw_primary: no pcm card found!
04-23 18:47:03.519 2034 2307 E audio_hw_primary: no pcm card found!
04-23 18:47:03.530 2034 2307 E audio_hw_primary: no pcm card found!
04-23 18:47:03.542 2034 2307 E audio_hw_primary: no pcm card found!
04-23 18:47:03.553 2034 2307 E audio_hw_primary: no pcm card found!
04-23 18:47:03.564 2034 2307 E audio_hw_primary: no pcm card found!
04-23 18:47:03.575 2034 2307 E audio_hw_primary: no pcm card found!
04-23 18:47:03.587 2034 2307 E audio_hw_primary: no pcm card found!
04-23 18:47:03.598 2034 2307 E audio_hw_primary: no pcm card found!
04-23 18:47:03.609 2034 2307 E audio_hw_primary: no pcm card found!
04-23 18:47:03.621 2034 2307 E audio_hw_primary: no pcm card found!
04-23 18:47:03.632 2034 2307 E audio_hw_primary: no pcm card found!
04-23 18:47:03.643 2034 2307 E audio_hw_primary: no pcm card found!
04-23 18:47:03.655 2034 2307 E audio_hw_primary: no pcm card found!
04-23 18:47:03.666 2034 2307 E audio_hw_primary: no pcm card found!
04-23 18:47:03.677 2034 2307 E audio_hw_primary: no pcm card found!
04-23 18:47:03.689 2034 2307 E audio_hw_primary: no pcm card found!
04-23 18:47:03.700 2034 2307 E audio_hw_primary: no pcm card found!
04-23 18:47:03.711 2034 2307 E audio_hw_primary: no pcm card found!
04-23 18:47:03.722 2034 2307 E audio_hw_primary: no pcm card found!
04-23 18:47:03.732 2325 2515 W AudioTrack: AUDIO_OUTPUT_FLAG_FAST denied by client
04-23 18:47:03.733 2034 2307 E audio_hw_primary: no pcm card found!
04-23 18:47:03.744 2034 2307 E audio_hw_primary: no pcm card found!
04-23 18:47:03.747 2325 2634 I ActivityManager: START u0 {act=com.android.systemui.recents.SHOW_RECENTS flg=0x10804000 cmp=com.android.systemui/.recents.RecentsActivity} from uid 10013 on display 0
04-23 18:47:03.756 2034 2307 E audio_hw_primary: no pcm card found!
04-23 18:47:03.778 2034 2307 E audio_hw_primary: no pcm card found!
04-23 18:47:03.789 2034 2307 E audio_hw_primary: no pcm card found!
04-23 18:47:03.800 2034 2307 E audio_hw_primary: no pcm card found!
04-23 18:47:03.811 2034 2307 E audio_hw_primary: no pcm card found!
04-23 18:47:03.822 2034 2307 E audio_hw_primary: no pcm card found!
04-23 18:47:03.833 2034 2307 E audio_hw_primary: no pcm card found!
04-23 18:47:03.844 2034 2307 E audio_hw_primary: no pcm card found!
04-23 18:47:03.855 2034 2307 E audio_hw_primary: no pcm card found!
04-23 18:47:03.866 2034 2307 E audio_hw_primary: no pcm card found!
04-23 18:47:03.877 2034 2307 E audio_hw_primary: no pcm card found!
04-23 18:47:03.888 2034 2307 E audio_hw_primary: no pcm card found!
04-23 18:47:03.899 2034 2307 E audio_hw_primary: no pcm card found!
04-23 18:47:03.910 2034 2307 E audio_hw_primary: no pcm card found!
04-23 18:47:03.921 2034 2307 E audio_hw_primary: no pcm card found!
04-23 18:47:03.932 2034 2307 E audio_hw_primary: no pcm card found!
04-23 18:47:03.943 2034 2307 E audio_hw_primary: no pcm card found!
04-23 18:47:03.954 2034 2307 E audio_hw_primary: no pcm card found!
04-23 18:47:03.966 2034 2307 E audio_hw_primary: no pcm card found!
04-23 18:47:03.977 2034 2307 E audio_hw_primary: no pcm card found!
04-23 18:47:03.988 2034 2307 E audio_hw_primary: no pcm card found!
04-23 18:47:03.999 2034 2307 E audio_hw_primary: no pcm card found!
04-23 18:47:04.010 2034 2307 E audio_hw_primary: no pcm card found!
04-23 18:47:04.021 2034 2307 E audio_hw_primary: no pcm card found!
04-23 18:47:04.033 2034 2307 E audio_hw_primary: no pcm card found!
04-23 18:47:04.044 2034 2307 E audio_hw_primary: no pcm card found!
04-23 18:47:04.055 2034 2307 E audio_hw_primary: no pcm card found!
04-23 18:47:04.066 2034 2307 E audio_hw_primary: no pcm card found!
04-23 18:47:04.077 2034 2307 E audio_hw_primary: no pcm card found!
04-23 18:47:04.088 2034 2307 E audio_hw_primary: no pcm card found!
04-23 18:47:04.099 2034 2307 E audio_hw_primary: no pcm card found!
04-23 18:47:04.110 2034 2307 E audio_hw_primary: no pcm card found!
04-23 18:47:04.121 2034 2307 E audio_hw_primary: no pcm card found!
04-23 18:47:04.122 3748 3783 E bt-btif : ...preload_wait_timeout (retried:0/max-retry:0)...
04-23 18:47:04.123 3748 3782 W bt-btu : btu_task start abort!
04-23 18:47:04.123 3748 3782 I GKI_LINUX: gki_task task_id=0 [BTU] terminating
04-23 18:47:04.123 3748 3769 I GKI_LINUX: GKI_exit_task 0 done
04-23 18:47:04.123 3748 3769 I GKI_LINUX: GKI_shutdown(): task [BTU] terminated
04-23 18:47:04.123 3748 3769 I GKI_LINUX: GKI_exit_task 1 done
04-23 18:47:04.123 3748 3776 I GKI_LINUX: gki_task task_id=2 [A2DP-MEDIA] terminating
04-23 18:47:04.123 3748 3769 I GKI_LINUX: GKI_exit_task 2 done
04-23 18:47:04.124 3748 3769 I GKI_LINUX: gki_task task_id=1 [BTIF] terminating
04-23 18:47:04.124 3748 3766 D BluetoothAdapterState: CURRENT_STATE=PENDING, MESSAGE = DISABLED, isTurningOn=true, isTurningOff=false
04-23 18:47:04.124 3748 3766 E BluetoothAdapterState: Error enabling Bluetooth - hardware init failed
04-23 18:47:04.126 3748 3748 D HeadsetService: Received stop request...Stopping profile...
04-23 18:47:04.127 3748 3773 D HeadsetStateMachine: Exit Disconnected: -1
04-23 18:47:04.130 3748 3748 D A2dpService: Received stop request...Stopping profile...
04-23 18:47:04.131 3748 3775 D A2dpStateMachine: Exit Disconnected: -1
04-23 18:47:04.132 2034 2307 E audio_hw_primary: no pcm card found!
04-23 18:47:04.134 3748 3748 D HeadsetStateMachine: Unbinding service...
04-23 18:47:04.136 3748 3766 D BluetoothAdapterProperties: Setting state to 10
04-23 18:47:04.136 3748 3766 I BluetoothAdapterState: Bluetooth adapter state changed: 11-> 10
04-23 18:47:04.137 2325 2354 D BluetoothManagerService: Message: 60
04-23 18:47:04.137 2325 2354 D BluetoothManagerService: MESSAGE_BLUETOOTH_STATE_CHANGE: prevState = 11, newState=10
04-23 18:47:04.137 2325 2354 D BluetoothManagerService: Broadcasting onBluetoothStateChange(false) to 13 receivers.
04-23 18:47:04.137 2325 2354 D BluetoothHeadset: onBluetoothStateChange: up=false
04-23 18:47:04.137 2325 2354 D BluetoothA2dp: onBluetoothStateChange: up=false
04-23 18:47:04.138 3748 3766 I BluetoothAdapterState: Entering OffState
04-23 18:47:04.140 3748 3748 W BluetoothHeadsetServiceJni: Cleaning up Bluetooth Handsfree Interface...
04-23 18:47:04.140 3748 3748 W BluetoothHeadsetServiceJni: Cleaning up Bluetooth Handsfree callback object
04-23 18:47:04.141 2693 3177 D BluetoothA2dp: onBluetoothStateChange: up=false
04-23 18:47:04.142 3748 3748 D HidService: Received stop request...Stopping profile...
04-23 18:47:04.143 2034 2307 E audio_hw_primary: no pcm card found!
04-23 18:47:04.144 3748 3748 D HealthService: Received stop request...Stopping profile...
04-23 18:47:04.149 3748 3748 D PanService: Received stop request...Stopping profile...
04-23 18:47:04.150 3748 3748 D BtGatt.DebugUtils: handleDebugAction() action=null
04-23 18:47:04.151 3748 3748 D BtGatt.GattService: Received stop request...Stopping profile...
04-23 18:47:04.151 3748 3748 D BtGatt.GattService: stop()
04-23 18:47:04.151 3748 3748 D BtGatt.AdvertiseManager: advertise clients cleared
04-23 18:47:04.152 2693 3566 D BluetoothA2dpSink: onBluetoothStateChange: up=false
04-23 18:47:04.152 2693 3566 E BluetoothA2dpSink:
04-23 18:47:04.152 2693 3566 E BluetoothA2dpSink: java.lang.IllegalArgumentException: Service not registered: android.bluetooth.BluetoothA2dpSink$2@8615eb1
04-23 18:47:04.152 2693 3566 E BluetoothA2dpSink: at android.app.LoadedApk.forgetServiceDispatcher(LoadedApk.java:1029)
04-23 18:47:04.152 2693 3566 E BluetoothA2dpSink: at android.app.ContextImpl.unbindService(ContextImpl.java:1808)
04-23 18:47:04.152 2693 3566 E BluetoothA2dpSink: at android.content.ContextWrapper.unbindService(ContextWrapper.java:551)
04-23 18:47:04.152 2693 3566 E BluetoothA2dpSink: at android.bluetooth.BluetoothA2dpSink$1.onBluetoothStateChange(BluetoothA2dpSink.java:139)
04-23 18:47:04.152 2693 3566 E BluetoothA2dpSink: at android.bluetooth.IBluetoothStateChangeCallback$Stub.onTransact(IBluetoothStateChangeCallback.java:55)
04-23 18:47:04.152 2693 3566 E BluetoothA2dpSink: at android.os.Binder.execTransact(Binder.java:446)
04-23 18:47:04.154 2034 2307 E audio_hw_primary: no pcm card found!
04-23 18:47:04.155 2693 2713 D BluetoothHeadsetClient: onBluetoothStateChange: up=false
04-23 18:47:04.155 2693 2713 E BluetoothHeadsetClient:
04-23 18:47:04.155 2693 2713 E BluetoothHeadsetClient: java.lang.IllegalArgumentException: Service not registered: android.bluetooth.BluetoothHeadsetClient$2@2a356f96
04-23 18:47:04.155 2693 2713 E BluetoothHeadsetClient: at android.app.LoadedApk.forgetServiceDispatcher(LoadedApk.java:1029)
04-23 18:47:04.155 2693 2713 E BluetoothHeadsetClient: at android.app.ContextImpl.unbindService(ContextImpl.java:1808)
04-23 18:47:04.155 2693 2713 E BluetoothHeadsetClient: at android.content.ContextWrapper.unbindService(ContextWrapper.java:551)
04-23 18:47:04.155 2693 2713 E BluetoothHeadsetClient: at android.bluetooth.BluetoothHeadsetClient$1.onBluetoothStateChange(BluetoothHeadsetClient.java:382)
04-23 18:47:04.155 2693 2713 E BluetoothHeadsetClient: at android.bluetooth.IBluetoothStateChangeCallback$Stub.onTransact(IBluetoothStateChangeCallback.java:55)
04-23 18:47:04.155 2693 2713 E BluetoothHeadsetClient: at android.os.Binder.execTransact(Binder.java:446)
04-23 18:47:04.156 3748 3748 D BluetoothMapService: Received stop request...Stopping profile...
04-23 18:47:04.156 3748 3748 D BluetoothMapService: stop()
04-23 18:47:04.157 2325 2354 D BluetoothHeadset: onBluetoothStateChange: up=false
04-23 18:47:04.157 3748 3748 D BluetoothMapEmailAppObserver: deinitObservers()
04-23 18:47:04.157 3748 3748 D BluetoothMapEmailAppObserver: removeReceiver()
04-23 18:47:04.157 2756 2774 D BluetoothHeadset: onBluetoothStateChange: up=false
04-23 18:47:04.158 2693 2712 D BluetoothMap: onBluetoothStateChange: up=false
04-23 18:47:04.159 3748 3748 W BluetoothHidServiceJni: Cleaning up Bluetooth HID Interface...
04-23 18:47:04.159 3748 3748 W bt-btif : cleanup: HH disabling or disabled already, status = 0
04-23 18:47:04.159 3748 3748 W BluetoothHidServiceJni: Cleaning up Bluetooth GID callback object
04-23 18:47:04.159 3748 3748 W BluetoothHealthServiceJni: Cleaning up Bluetooth Health Interface...
04-23 18:47:04.159 3748 3748 W BluetoothHealthServiceJni: Cleaning up Bluetooth Health object
04-23 18:47:04.159 3748 3748 W BluetoothPanServiceJni: Cleaning up Bluetooth PAN Interface...
04-23 18:47:04.159 3748 3748 W BluetoothPanServiceJni: Cleaning up Bluetooth PAN callback object
04-23 18:47:04.160 2693 3177 D BluetoothHeadset: onBluetoothStateChange: up=false
04-23 18:47:04.161 2693 3533 D BluetoothAvrcpController: onBluetoothStateChange: up=false
04-23 18:47:04.161 3748 3748 D BtGatt.GattService: cleanup()
04-23 18:47:04.161 3748 3748 W bt-btif : GATTC Module not enabled/already disabled
04-23 18:47:04.161 3748 3748 W bt-btif : GATTS Module not enabled/already disabled
04-23 18:47:04.161 3748 3748 D BtGatt.AdvertiseManager: advertise clients cleared
04-23 18:47:04.161 2693 3533 E BluetoothAvrcpController:
04-23 18:47:04.161 2693 3533 E BluetoothAvrcpController: java.lang.IllegalArgumentException: Service not registered: android.bluetooth.BluetoothAvrcpController$2@24c46717
04-23 18:47:04.161 2693 3533 E BluetoothAvrcpController: at android.app.LoadedApk.forgetServiceDispatcher(LoadedApk.java:1029)
04-23 18:47:04.161 2693 3533 E BluetoothAvrcpController: at android.app.ContextImpl.unbindService(ContextImpl.java:1808)
04-23 18:47:04.161 2693 3533 E BluetoothAvrcpController: at android.content.ContextWrapper.unbindService(ContextWrapper.java:551)
04-23 18:47:04.161 2693 3533 E BluetoothAvrcpController: at android.bluetooth.BluetoothAvrcpController$1.onBluetoothStateChange(BluetoothAvrcpController.java:80)
04-23 18:47:04.161 2693 3533 E BluetoothAvrcpController: at android.bluetooth.IBluetoothStateChangeCallback$Stub.onTransact(IBluetoothStateChangeCallback.java:55)
04-23 18:47:04.161 2693 3533 E BluetoothAvrcpController: at android.os.Binder.execTransact(Binder.java:446)
04-23 18:47:04.162 3748 3748 D BluetoothMapService: MAP Service closeService in
04-23 18:47:04.162 3748 3748 D BluetoothMapMasInstance: MAP Service shutdown
04-23 18:47:04.162 3748 3748 D BluetoothMapService: cleanup()
04-23 18:47:04.162 3748 3748 D BluetoothMapService: MAP Service closeService in
04-23 18:47:04.164 2693 2713 D BluetoothInputDevice: onBluetoothStateChange: up=false
04-23 18:47:04.164 2325 2354 D BluetoothHeadset: onBluetoothStateChange: up=false
04-23 18:47:04.164 2325 2354 D BluetoothManagerService: Bluetooth State Change Intent: 11 -> 10
04-23 18:47:04.164 2034 2307 E audio_hw_primary: no pcm card found!
04-23 18:47:04.165 2325 2354 E BluetoothManagerService: recoverBluetoothServiceFromError
04-23 18:47:04.168 2869 2869 W ContextImpl: Calling a method in the system process without a qualified user: android.app.ContextImpl.startService:1692 android.content.ContextWrapper.startService:516 android.content.ContextWrapper.startService:516 com.android.settings.bluetooth.DockEventReceiver.beginStartingService:134 com.android.settings.bluetooth.DockEventReceiver.onReceive:115
04-23 18:47:04.175 2034 2307 E audio_hw_primary: no pcm card found!
04-23 18:47:04.186 2034 2307 E audio_hw_primary: no pcm card found!
04-23 18:47:04.196 2869 2869 D LocalBluetoothProfileManager: Adding local MAP profile
04-23 18:47:04.197 2034 2307 E audio_hw_primary: no pcm card found!
04-23 18:47:04.197 2869 2869 D BluetoothMap: Create BluetoothMap proxy object
04-23 18:47:04.205 2869 2869 D LocalBluetoothProfileManager: LocalBluetoothProfileManager construction complete
04-23 18:47:04.208 2034 2307 E audio_hw_primary: no pcm card found!
04-23 18:47:04.208 2869 2869 D DockEventReceiver: finishStartingService: stopping service
04-23 18:47:04.219 2034 2307 E audio_hw_primary: no pcm card found!
04-23 18:47:04.230 2034 2307 E audio_hw_primary: no pcm card found!
04-23 18:47:04.240 2034 2307 E audio_hw_primary: no pcm card found!
04-23 18:47:04.251 2034 2307 E audio_hw_primary: no pcm card found!
04-23 18:47:04.262 2034 2307 E audio_hw_primary: no pcm card found!
04-23 18:47:04.273 2034 2307 E audio_hw_primary: no pcm card found!
04-23 18:47:04.284 2034 2307 E audio_hw_primary: no pcm card found!
04-23 18:47:04.295 2034 2307 E audio_hw_primary: no pcm card found!
04-23 18:47:04.304 2693 2693 D PhoneStatusBar: disable: < expand icons* alerts system_info* back home recent clock search
> 04-23 18:47:04.306 2034 2307 E audio_hw_primary: no pcm card found!
04-23 18:47:04.317 2034 2307 E audio_hw_primary: no pcm card found!
04-23 18:47:04.328 2034 2307 E audio_hw_primary: no pcm card found!
04-23 18:47:04.339 2034 2307 E audio_hw_primary: no pcm card found!
04-23 18:47:04.350 2034 2307 E audio_hw_primary: no pcm card found!
04-23 18:47:04.361 2034 2307 E audio_hw_primary: no pcm card found!
04-23 18:47:04.372 2034 2307 E audio_hw_primary: no pcm card found!
04-23 18:47:04.383 2034 2307 E audio_hw_primary: no pcm card found!
04-23 18:47:04.395 2034 2307 E audio_hw_primary: no pcm card found!
04-23 18:47:04.406 2034 2307 E audio_hw_primary: no pcm card found!
04-23 18:47:04.417 2034 2307 E audio_hw_primary: no pcm card found!
04-23 18:47:04.429 2034 2307 E audio_hw_primary: no pcm card found!
04-23 18:47:04.440 2034 2307 E audio_hw_primary: no pcm card found!
04-23 18:47:04.451 2034 2307 E audio_hw_primary: no pcm card found!
04-23 18:47:04.462 2034 2307 E audio_hw_primary: no pcm card found!
04-23 18:47:04.473 2034 2307 E audio_hw_primary: no pcm card found!
04-23 18:47:04.484 2034 2307 E audio_hw_primary: no pcm card found!
04-23 18:47:04.496 2034 2307 E audio_hw_primary: no pcm card found!
04-23 18:47:04.507 2034 2307 E audio_hw_primary: no pcm card found!
04-23 18:47:04.518 2034 2307 E audio_hw_primary: no pcm card found!
04-23 18:47:04.529 2034 2307 E audio_hw_primary: no pcm card found!
04-23 18:47:04.540 2034 2307 E audio_hw_primary: no pcm card found!
04-23 18:47:04.551 2034 2307 E audio_hw_primary: no pcm card found!
04-23 18:47:04.563 2034 2307 E audio_hw_primary: no pcm card found!
04-23 18:47:04.574 2034 2307 E audio_hw_primary: no pcm card found!
04-23 18:47:04.585 2034 2307 E audio_hw_primary: no pcm card found!
04-23 18:47:04.596 2034 2307 E audio_hw_primary: no pcm card found!
04-23 18:47:04.607 2034 2307 E audio_hw_primary: no pcm card found!
04-23 18:47:04.618 2034 2307 E audio_hw_primary: no pcm card found!
04-23 18:47:04.630 2034 2307 E audio_hw_primary: no pcm card found!
04-23 18:47:04.641 2034 2307 E audio_hw_primary: no pcm card found!
04-23 18:47:04.652 2034 2307 E audio_hw_primary: no pcm card found!
04-23 18:47:04.664 2034 2307 E audio_hw_primary: no pcm card found!
