04-23 18:44:16.785 3584 3584 D wpa_supplicant: nl80211: Connect request send successfully
04-23 18:44:16.785 3584 3584 D wpa_supplicant: wlan0: Setting authentication timeout: 10 sec 0 usec
04-23 18:44:16.785 3584 3584 D wpa_supplicant: EAPOL: External notification - EAP success=0
04-23 18:44:16.785 3584 3584 D wpa_supplicant: EAPOL: External notification - EAP fail=0
04-23 18:44:16.785 3584 3584 D wpa_supplicant: EAPOL: External notification - portControl=Auto
04-23 18:44:16.785 3584 3584 D wpa_supplicant: wlan0: Control interface command 'RECONNECT'
04-23 18:44:16.787 2325 2509 E WifiStateMachine: ConnectModeState SSID state=re-enabled nid=0 [id=0 ssid="Technoburst"]
04-23 18:44:16.787 2325 2509 E WifiConfigStore: SSID re-enabled for "Technoburst"WPA_PSK had autoJoinStatus=0 self added false ephemeral false
04-23 18:44:16.867 3584 3584 D wpa_supplicant: RTM_NEWLINK: ifi_index=4 ifname=wlan0 wext ifi_family=0 ifi_flags=0x1003 ([UP])
04-23 18:44:16.867 3584 3584 D wpa_supplicant: RTM_NEWLINK: ifi_index=4 ifname=wlan0 wext ifi_family=0 ifi_flags=0x1003 ([UP])
04-23 18:44:16.867 3584 3584 D wpa_supplicant: RTM_NEWLINK: ifi_index=4 ifname=wlan0 wext ifi_family=0 ifi_flags=0x1003 ([UP])
04-23 18:44:16.867 3584 3584 D wpa_supplicant: nl80211: Event message available
04-23 18:44:16.867 3584 3584 D wpa_supplicant: nl80211: Drv Event 46 (NL80211_CMD_CONNECT) received for wlan0
04-23 18:44:16.867 3584 3584 D wpa_supplicant: nl80211: Connect event (status=0 ignore_next_local_disconnect=0)
04-23 18:44:16.868 3584 3584 D wpa_supplicant: nl80211: Associated on 2462 MHz
04-23 18:44:16.868 3584 3584 D wpa_supplicant: nl80211: Associated with 00:1b:da:33:7a:9f
04-23 18:44:16.868 3584 3584 D wpa_supplicant: nl80211: Operating frequency for the associated BSS from scan results: 2462 MHz
04-23 18:44:16.868 3584 3584 D wpa_supplicant: wlan0: Event ASSOC (0) received
04-23 18:44:16.868 3584 3584 D wpa_supplicant: wlan0: Association info event
04-23 18:44:16.868 3584 3584 D wpa_supplicant: req_ies - hexdump(len=53): 03 00 00 0b 54 65 63 68 6e 6f 62 75 72 73 74 01 08 82 84 8b 96 24 30 48 6c 32 04 0c 12 18 60 30 ...
04-23 18:44:16.868 3584 3584 D wpa_supplicant: resp_ies - hexdump(len=24): 01 08 82 84 8b 96 24 30 48 6c 32 04 0c 12 18 60 dd 06 00 10 18 02 01 f4
04-23 18:44:16.868 3584 3584 D wpa_supplicant: unknown vendor specific information element ignored (vendor OUI 00:10:18 len=6)
04-23 18:44:16.868 3584 3584 D wpa_supplicant: unknown vendor specific information element ignored (vendor OUI 00:10:18 len=6)
04-23 18:44:16.868 3584 3584 D wpa_supplicant: wlan0: freq=2462 MHz
04-23 18:44:16.868 3584 3584 D wpa_supplicant: WPA: set own WPA/RSN IE - hexdump(len=22): 30 14 01 00 00 0f ac 04 01 00 00 0f ac 04 01 00 00 0f ac 02 00 00
04-23 18:44:16.868 3584 3584 D wpa_supplicant: FT: Stored MDIE and FTIE from (Re)Association Response - hexdump(len=0):
04-23 18:44:16.868 3584 3584 D wpa_supplicant: wlan0: State: ASSOCIATING -> ASSOCIATED
04-23 18:44:16.868 3584 3584 D wpa_supplicant: nl80211: Set wlan0 operstate 0->0 (DORMANT)
04-23 18:44:16.868 3584 3584 D wpa_supplicant: netlink: Operstate: ifindex=4 linkmode=-1 (no change), operstate=5 (IF_OPER_DORMANT)
04-23 18:44:16.872 3584 3584 D wpa_supplicant: CTRL_IFACE monitor sent successfully to /data/misc/wifi/sockets/wpa_ctrl_2325-4\x00
04-23 18:44:16.872 3584 3584 D wpa_supplicant: wlan0: Associated to a new BSS: BSSID=00:1b:da:33:7a:9f
04-23 18:44:16.872 3584 3584 D wpa_supplicant: Add randomness: count=40 entropy=14
04-23 18:44:16.872 3584 3584 D wpa_supplicant: random pool - hexdump(len=128): [REMOVED]
04-23 18:44:16.872 3584 3584 D wpa_supplicant: random_mix_pool - hexdump(len=16): [REMOVED]
04-23 18:44:16.872 3584 3584 D wpa_supplicant: random_mix_pool - hexdump(len=6): [REMOVED]
04-23 18:44:16.872 3584 3584 D wpa_supplicant: random pool - hexdump(len=128): [REMOVED]
04-23 18:44:16.872 3584 3584 D wpa_supplicant: wlan0: WPA: clearing AP WPA IE
04-23 18:44:16.872 3584 3584 D wpa_supplicant: WPA: set AP RSN IE - hexdump(len=22): 30 14 01 00 00 0f ac 04 01 00 00 0f ac 04 01 00 00 0f ac 02 00 00
04-23 18:44:16.872 3584 3584 I wpa_supplicant: wlan0: Associated with 00:1b:da:33:7a:9f
04-23 18:44:16.872 3584 3584 D wpa_supplicant: CTRL_IFACE monitor sent successfully to /data/misc/wifi/sockets/wpa_ctrl_2325-4\x00
04-23 18:44:16.872 3584 3584 D wpa_supplicant: wlan0: WPA: Association event - clear replay counter
04-23 18:44:16.873 3584 3584 D wpa_supplicant: wlan0: WPA: Clear old PTK
04-23 18:44:16.873 3584 3584 D wpa_supplicant: TDLS: Remove peers on association
04-23 18:44:16.873 3584 3584 D wpa_supplicant: EAPOL: External notification - portEnabled=0
04-23 18:44:16.873 3584 3584 D wpa_supplicant: EAPOL: External notification - portValid=0
04-23 18:44:16.873 3584 3584 D wpa_supplicant: EAPOL: External notification - EAP success=0
04-23 18:44:16.873 3584 3584 D wpa_supplicant: EAPOL: External notification - portEnabled=1
04-23 18:44:16.873 3584 3584 D wpa_supplicant: EAPOL: SUPP_PAE entering state CONNECTING
04-23 18:44:16.873 3584 3584 D wpa_supplicant: EAPOL: enable timer tick
04-23 18:44:16.873 3584 3584 D wpa_supplicant: EAPOL: SUPP_BE entering state IDLE
04-23 18:44:16.873 3584 3584 D wpa_supplicant: wlan0: Setting authentication timeout: 10 sec 0 usec
04-23 18:44:16.873 3584 3584 D wpa_supplicant: wlan0: Cancelling scan request
04-23 18:44:16.875 3584 3584 D wpa_supplicant: RTM_NEWLINK: ifi_index=4 ifname=wlan0 operstate=5 linkmode=1 ifi_family=0 ifi_flags=0x11003 ([UP][LOWER_UP])
04-23 18:44:16.876 3584 3584 D wpa_supplicant: wlan0: RX EAPOL from 00:1b:da:33:7a:9f
04-23 18:44:16.876 3584 3584 D wpa_supplicant: RX EAPOL - hexdump(len=121): 02 03 00 75 02 00 8a 00 10 00 00 00 00 00 00 00 00 40 78 68 02 3a 90 e1 64 82 0f 7f 9c a7 e5 e7 ...
04-23 18:44:16.876 3584 3584 D wpa_supplicant: wlan0: Setting authentication timeout: 10 sec 0 usec
04-23 18:44:16.876 3584 3584 D wpa_supplicant: wlan0: IEEE 802.1X RX: version=2 type=3 length=117
04-23 18:44:16.876 3584 3584 D wpa_supplicant: WPA: RX EAPOL-Key - hexdump(len=121): 02 03 00 75 02 00 8a 00 10 00 00 00 00 00 00 00 00 40 78 68 02 3a 90 e1 64 82 0f 7f 9c a7 e5 e7 ...
04-23 18:44:16.876 3584 3584 D wpa_supplicant: wlan0: EAPOL-Key type=2
04-23 18:44:16.876 3584 3584 D wpa_supplicant: wlan0: key_info 0x8a (ver=2 keyidx=0 rsvd=0 Pairwise Ack)
04-23 18:44:16.876 3584 3584 D wpa_supplicant: wlan0: key_length=16 key_data_length=22
04-23 18:44:16.876 3584 3584 D wpa_supplicant: replay_counter - hexdump(len=8): 00 00 00 00 00 00 00 00
04-23 18:44:16.876 3584 3584 D wpa_supplicant: key_nonce - hexdump(len=32): 40 78 68 02 3a 90 e1 64 82 0f 7f 9c a7 e5 e7 b2 16 88 1f 54 52 1f 2e ee d2 6b ee 1f 48 12 db 2d
04-23 18:44:16.876 3584 3584 D wpa_supplicant: key_iv - hexdump(len=16): 00 00 00 00 00 00 00 00 00 00 00 00 00 00 00 00
04-23 18:44:16.876 3584 3584 D wpa_supplicant: key_rsc - hexdump(len=8): 00 00 00 00 00 00 00 00
04-23 18:44:16.876 3584 3584 D wpa_supplicant: key_id (reserved) - hexdump(len=8): 00 00 00 00 00 00 00 00
04-23 18:44:16.876 3584 3584 D wpa_supplicant: key_mic - hexdump(len=16): 00 00 00 00 00 00 00 00 00 00 00 00 00 00 00 00
04-23 18:44:16.876 3584 3584 D wpa_supplicant: wlan0: State: ASSOCIATED -> 4WAY_HANDSHAKE
04-23 18:44:16.877 3584 3584 D wpa_supplicant: CTRL_IFACE monitor sent successfully to /data/misc/wifi/sockets/wpa_ctrl_2325-4\x00
04-23 18:44:16.877 3584 3584 D wpa_supplicant: wlan0: WPA: RX message 1 of 4-Way Handshake from 00:1b:da:33:7a:9f (ver=2)
04-23 18:44:16.877 3584 3584 D wpa_supplicant: RSN: msg 1/4 key data - hexdump(len=22): dd 14 00 0f ac 04 b5 59 8c b1 80 a7 ee e5 24 29 ef fb a8 2c e4 26
04-23 18:44:16.877 3584 3584 D wpa_supplicant: WPA: PMKID in EAPOL-Key - hexdump(len=22): dd 14 00 0f ac 04 b5 59 8c b1 80 a7 ee e5 24 29 ef fb a8 2c e4 26
04-23 18:44:16.877 3584 3584 D wpa_supplicant: RSN: PMKID from Authenticator - hexdump(len=16): b5 59 8c b1 80 a7 ee e5 24 29 ef fb a8 2c e4 26
04-23 18:44:16.877 3584 3584 D wpa_supplicant: wlan0: RSN: no matching PMKID found
04-23 18:44:16.877 3584 3584 D wpa_supplicant: Get randomness: len=32 entropy=15
04-23 18:44:16.880 3584 3584 D wpa_supplicant: random from os_get_random - hexdump(len=32): [REMOVED]
04-23 18:44:16.880 3584 3584 D wpa_supplicant: random_mix_pool - hexdump(len=20): [REMOVED]
04-23 18:44:16.880 3584 3584 D wpa_supplicant: random from internal pool - hexdump(len=16): [REMOVED]
04-23 18:44:16.880 3584 3584 D wpa_supplicant: random_mix_pool - hexdump(len=20): [REMOVED]
04-23 18:44:16.881 3584 3584 D wpa_supplicant: random from internal pool - hexdump(len=16): [REMOVED]
04-23 18:44:16.881 3584 3584 D wpa_supplicant: mixed random - hexdump(len=32): [REMOVED]
04-23 18:44:16.881 3584 3584 D wpa_supplicant: WPA: Renewed SNonce - hexdump(len=32): bc 2a 54 13 77 d6 5c 60 eb 62 1f 99 6b 9a 85 7c 51 6e b2 71 ba 3c 12 af 63 95 d7 c5 24 95 34 74
04-23 18:44:16.881 3584 3584 D wpa_supplicant: WPA: PTK derivation - A1=54:e4:bd:58:36:c9 A2=00:1b:da:33:7a:9f
04-23 18:44:16.881 3584 3584 D wpa_supplicant: WPA: Nonce1 - hexdump(len=32): bc 2a 54 13 77 d6 5c 60 eb 62 1f 99 6b 9a 85 7c 51 6e b2 71 ba 3c 12 af 63 95 d7 c5 24 95 34 74
04-23 18:44:16.881 3584 3584 D wpa_supplicant: WPA: Nonce2 - hexdump(len=32): 40 78 68 02 3a 90 e1 64 82 0f 7f 9c a7 e5 e7 b2 16 88 1f 54 52 1f 2e ee d2 6b ee 1f 48 12 db 2d
04-23 18:44:16.881 3584 3584 D wpa_supplicant: WPA: PMK - hexdump(len=32): [REMOVED]
04-23 18:44:16.881 3584 3584 D wpa_supplicant: WPA: PTK - hexdump(len=48): [REMOVED]
04-23 18:44:16.881 3584 3584 D wpa_supplicant: WPA: WPA IE for msg 2/4 - hexdump(len=22): 30 14 01 00 00 0f ac 04 01 00 00 0f ac 04 01 00 00 0f ac 02 00 00
04-23 18:44:16.881 3584 3584 D wpa_supplicant: WPA: Replay Counter - hexdump(len=8): 00 00 00 00 00 00 00 00
04-23 18:44:16.881 3584 3584 D wpa_supplicant: wlan0: WPA: Sending EAPOL-Key 2/4
04-23 18:44:16.881 3584 3584 D wpa_supplicant: WPA: KCK - hexdump(len=16): [REMOVED]
04-23 18:44:16.881 3584 3584 D wpa_supplicant: WPA: Derived Key MIC - hexdump(len=16): e3 d0 9e 30 03 9c d5 60 78 12 bd ac 5b 4d ef 64
04-23 18:44:16.881 3584 3584 D wpa_supplicant: WPA: TX EAPOL-Key - hexdump(len=121): 01 03 00 75 02 01 0a 00 00 00 00 00 00 00 00 00 00 bc 2a 54 13 77 d6 5c 60 eb 62 1f 99 6b 9a 85 ...
04-23 18:44:17.898 3584 3584 D wpa_supplicant: wlan0: RX EAPOL from 00:1b:da:33:7a:9f
04-23 18:44:17.898 3584 3584 D wpa_supplicant: RX EAPOL - hexdump(len=121): 02 03 00 75 02 00 8a 00 10 00 00 00 00 00 00 00 01 40 78 68 02 3a 90 e1 64 82 0f 7f 9c a7 e5 e7 ...
04-23 18:44:17.898 3584 3584 D wpa_supplicant: wlan0: IEEE 802.1X RX: version=2 type=3 length=117
04-23 18:44:17.898 3584 3584 D wpa_supplicant: WPA: RX EAPOL-Key - hexdump(len=121): 02 03 00 75 02 00 8a 00 10 00 00 00 00 00 00 00 01 40 78 68 02 3a 90 e1 64 82 0f 7f 9c a7 e5 e7 ...
04-23 18:44:17.898 3584 3584 D wpa_supplicant: wlan0: EAPOL-Key type=2
04-23 18:44:17.898 3584 3584 D wpa_supplicant: wlan0: key_info 0x8a (ver=2 keyidx=0 rsvd=0 Pairwise Ack)
04-23 18:44:17.898 3584 3584 D wpa_supplicant: wlan0: key_length=16 key_data_length=22
04-23 18:44:17.898 3584 3584 D wpa_supplicant: replay_counter - hexdump(len=8): 00 00 00 00 00 00 00 01
04-23 18:44:17.898 3584 3584 D wpa_supplicant: key_nonce - hexdump(len=32): 40 78 68 02 3a 90 e1 64 82 0f 7f 9c a7 e5 e7 b2 16 88 1f 54 52 1f 2e ee d2 6b ee 1f 48 12 db 2d
04-23 18:44:17.898 3584 3584 D wpa_supplicant: key_iv - hexdump(len=16): 00 00 00 00 00 00 00 00 00 00 00 00 00 00 00 00
04-23 18:44:17.898 3584 3584 D wpa_supplicant: key_rsc - hexdump(len=8): 00 00 00 00 00 00 00 00
04-23 18:44:17.898 3584 3584 D wpa_supplicant: key_id (reserved) - hexdump(len=8): 00 00 00 00 00 00 00 00
04-23 18:44:17.899 3584 3584 D wpa_supplicant: key_mic - hexdump(len=16): 00 00 00 00 00 00 00 00 00 00 00 00 00 00 00 00
04-23 18:44:17.899 3584 3584 D wpa_supplicant: wlan0: State: 4WAY_HANDSHAKE -> 4WAY_HANDSHAKE
04-23 18:44:17.899 3584 3584 D wpa_supplicant: wlan0: WPA: RX message 1 of 4-Way Handshake from 00:1b:da:33:7a:9f (ver=2)
04-23 18:44:17.899 3584 3584 D wpa_supplicant: RSN: msg 1/4 key data - hexdump(len=22): dd 14 00 0f ac 04 b5 59 8c b1 80 a7 ee e5 24 29 ef fb a8 2c e4 26
04-23 18:44:17.899 3584 3584 D wpa_supplicant: WPA: PMKID in EAPOL-Key - hexdump(len=22): dd 14 00 0f ac 04 b5 59 8c b1 80 a7 ee e5 24 29 ef fb a8 2c e4 26
04-23 18:44:17.899 3584 3584 D wpa_supplicant: RSN: PMKID from Authenticator - hexdump(len=16): b5 59 8c b1 80 a7 ee e5 24 29 ef fb a8 2c e4 26
04-23 18:44:17.899 3584 3584 D wpa_supplicant: wlan0: RSN: no matching PMKID found
04-23 18:44:17.899 3584 3584 D wpa_supplicant: WPA: PTK derivation - A1=54:e4:bd:58:36:c9 A2=00:1b:da:33:7a:9f
04-23 18:44:17.899 3584 3584 D wpa_supplicant: WPA: Nonce1 - hexdump(len=32): bc 2a 54 13 77 d6 5c 60 eb 62 1f 99 6b 9a 85 7c 51 6e b2 71 ba 3c 12 af 63 95 d7 c5 24 95 34 74
04-23 18:44:17.899 3584 3584 D wpa_supplicant: WPA: Nonce2 - hexdump(len=32): 40 78 68 02 3a 90 e1 64 82 0f 7f 9c a7 e5 e7 b2 16 88 1f 54 52 1f 2e ee d2 6b ee 1f 48 12 db 2d
04-23 18:44:17.899 3584 3584 D wpa_supplicant: WPA: PMK - hexdump(len=32): [REMOVED]
04-23 18:44:17.899 3584 3584 D wpa_supplicant: WPA: PTK - hexdump(len=48): [REMOVED]
04-23 18:44:17.899 3584 3584 D wpa_supplicant: WPA: WPA IE for msg 2/4 - hexdump(len=22): 30 14 01 00 00 0f ac 04 01 00 00 0f ac 04 01 00 00 0f ac 02 00 00
04-23 18:44:17.899 3584 3584 D wpa_supplicant: WPA: Replay Counter - hexdump(len=8): 00 00 00 00 00 00 00 01
04-23 18:44:17.899 3584 3584 D wpa_supplicant: wlan0: WPA: Sending EAPOL-Key 2/4
04-23 18:44:17.899 3584 3584 D wpa_supplicant: WPA: KCK - hexdump(len=16): [REMOVED]
04-23 18:44:17.899 3584 3584 D wpa_supplicant: WPA: Derived Key MIC - hexdump(len=16): 61 90 b3 2f c2 c0 d6 b2 ea e3 7e a4 5d d5 5d 2d
04-23 18:44:17.899 3584 3584 D wpa_supplicant: WPA: TX EAPOL-Key - hexdump(len=121): 01 03 00 75 02 01 0a 00 00 00 00 00 00 00 00 00 01 bc 2a 54 13 77 d6 5c 60 eb 62 1f 99 6b 9a 85 ...
04-23 18:44:18.875 3584 3584 D wpa_supplicant: EAPOL: startWhen --> 0
04-23 18:44:18.875 3584 3584 D wpa_supplicant: EAPOL: disable timer tick
04-23 18:44:18.875 3584 3584 D wpa_supplicant: EAPOL: SUPP_PAE entering state CONNECTING
04-23 18:44:18.875 3584 3584 D wpa_supplicant: EAPOL: enable timer tick
04-23 18:44:18.875 3584 3584 D wpa_supplicant: EAPOL: txStart
04-23 18:44:18.875 3584 3584 D wpa_supplicant: WPA: drop TX EAPOL in non-IEEE 802.1X mode (type=1 len=0)
04-23 18:44:18.908 3584 3584 D wpa_supplicant: wlan0: RX EAPOL from 00:1b:da:33:7a:9f
04-23 18:44:18.908 3584 3584 D wpa_supplicant: RX EAPOL - hexdump(len=121): 02 03 00 75 02 00 8a 00 10 00 00 00 00 00 00 00 02 40 78 68 02 3a 90 e1 64 82 0f 7f 9c a7 e5 e7 ...
04-23 18:44:18.908 3584 3584 D wpa_supplicant: wlan0: IEEE 802.1X RX: version=2 type=3 length=117
04-23 18:44:18.908 3584 3584 D wpa_supplicant: WPA: RX EAPOL-Key - hexdump(len=121): 02 03 00 75 02 00 8a 00 10 00 00 00 00 00 00 00 02 40 78 68 02 3a 90 e1 64 82 0f 7f 9c a7 e5 e7 ...
04-23 18:44:18.908 3584 3584 D wpa_supplicant: wlan0: EAPOL-Key type=2
04-23 18:44:18.908 3584 3584 D wpa_supplicant: wlan0: key_info 0x8a (ver=2 keyidx=0 rsvd=0 Pairwise Ack)
04-23 18:44:18.908 3584 3584 D wpa_supplicant: wlan0: key_length=16 key_data_length=22
04-23 18:44:18.908 3584 3584 D wpa_supplicant: replay_counter - hexdump(len=8): 00 00 00 00 00 00 00 02
04-23 18:44:18.908 3584 3584 D wpa_supplicant: key_nonce - hexdump(len=32): 40 78 68 02 3a 90 e1 64 82 0f 7f 9c a7 e5 e7 b2 16 88 1f 54 52 1f 2e ee d2 6b ee 1f 48 12 db 2d
04-23 18:44:18.908 3584 3584 D wpa_supplicant: key_iv - hexdump(len=16): 00 00 00 00 00 00 00 00 00 00 00 00 00 00 00 00
04-23 18:44:18.908 3584 3584 D wpa_supplicant: key_rsc - hexdump(len=8): 00 00 00 00 00 00 00 00
04-23 18:44:18.908 3584 3584 D wpa_supplicant: key_id (reserved) - hexdump(len=8): 00 00 00 00 00 00 00 00
04-23 18:44:18.908 3584 3584 D wpa_supplicant: key_mic - hexdump(len=16): 00 00 00 00 00 00 00 00 00 00 00 00 00 00 00 00
04-23 18:44:18.908 3584 3584 D wpa_supplicant: wlan0: State: 4WAY_HANDSHAKE -> 4WAY_HANDSHAKE
04-23 18:44:18.908 3584 3584 D wpa_supplicant: wlan0: WPA: RX message 1 of 4-Way Handshake from 00:1b:da:33:7a:9f (ver=2)
04-23 18:44:18.908 3584 3584 D wpa_supplicant: RSN: msg 1/4 key data - hexdump(len=22): dd 14 00 0f ac 04 b5 59 8c b1 80 a7 ee e5 24 29 ef fb a8 2c e4 26
04-23 18:44:18.908 3584 3584 D wpa_supplicant: WPA: PMKID in EAPOL-Key - hexdump(len=22): dd 14 00 0f ac 04 b5 59 8c b1 80 a7 ee e5 24 29 ef fb a8 2c e4 26
04-23 18:44:18.909 3584 3584 D wpa_supplicant: RSN: PMKID from Authenticator - hexdump(len=16): b5 59 8c b1 80 a7 ee e5 24 29 ef fb a8 2c e4 26
04-23 18:44:18.909 3584 3584 D wpa_supplicant: wlan0: RSN: no matching PMKID found
04-23 18:44:18.909 3584 3584 D wpa_supplicant: WPA: PTK derivation - A1=54:e4:bd:58:36:c9 A2=00:1b:da:33:7a:9f
04-23 18:44:18.909 3584 3584 D wpa_supplicant: WPA: Nonce1 - hexdump(len=32): bc 2a 54 13 77 d6 5c 60 eb 62 1f 99 6b 9a 85 7c 51 6e b2 71 ba 3c 12 af 63 95 d7 c5 24 95 34 74
04-23 18:44:18.909 3584 3584 D wpa_supplicant: WPA: Nonce2 - hexdump(len=32): 40 78 68 02 3a 90 e1 64 82 0f 7f 9c a7 e5 e7 b2 16 88 1f 54 52 1f 2e ee d2 6b ee 1f 48 12 db 2d
04-23 18:44:18.909 3584 3584 D wpa_supplicant: WPA: PMK - hexdump(len=32): [REMOVED]
04-23 18:44:18.909 3584 3584 D wpa_supplicant: WPA: PTK - hexdump(len=48): [REMOVED]
04-23 18:44:18.909 3584 3584 D wpa_supplicant: WPA: WPA IE for msg 2/4 - hexdump(len=22): 30 14 01 00 00 0f ac 04 01 00 00 0f ac 04 01 00 00 0f ac 02 00 00
04-23 18:44:18.909 3584 3584 D wpa_supplicant: WPA: Replay Counter - hexdump(len=8): 00 00 00 00 00 00 00 02
04-23 18:44:18.909 3584 3584 D wpa_supplicant: wlan0: WPA: Sending EAPOL-Key 2/4
04-23 18:44:18.909 3584 3584 D wpa_supplicant: WPA: KCK - hexdump(len=16): [REMOVED]
04-23 18:44:18.909 3584 3584 D wpa_supplicant: WPA: Derived Key MIC - hexdump(len=16): c6 62 fe a6 9a 82 69 4c dd ef b1 46 8c 90 56 51
04-23 18:44:18.909 3584 3584 D wpa_supplicant: WPA: TX EAPOL-Key - hexdump(len=121): 01 03 00 75 02 01 0a 00 00 00 00 00 00 00 00 00 02 bc 2a 54 13 77 d6 5c 60 eb 62 1f 99 6b 9a 85 ...
04-23 18:44:19.919 3584 3584 D wpa_supplicant: wlan0: RX EAPOL from 00:1b:da:33:7a:9f
04-23 18:44:19.920 3584 3584 D wpa_supplicant: RX EAPOL - hexdump(len=121): 02 03 00 75 02 00 8a 00 10 00 00 00 00 00 00 00 03 40 78 68 02 3a 90 e1 64 82 0f 7f 9c a7 e5 e7 ...
04-23 18:44:19.920 3584 3584 D wpa_supplicant: wlan0: IEEE 802.1X RX: version=2 type=3 length=117
04-23 18:44:19.920 3584 3584 D wpa_supplicant: WPA: RX EAPOL-Key - hexdump(len=121): 02 03 00 75 02 00 8a 00 10 00 00 00 00 00 00 00 03 40 78 68 02 3a 90 e1 64 82 0f 7f 9c a7 e5 e7 ...
04-23 18:44:19.920 3584 3584 D wpa_supplicant: wlan0: EAPOL-Key type=2
04-23 18:44:19.920 3584 3584 D wpa_supplicant: wlan0: key_info 0x8a (ver=2 keyidx=0 rsvd=0 Pairwise Ack)
04-23 18:44:19.920 3584 3584 D wpa_supplicant: wlan0: key_length=16 key_data_length=22
04-23 18:44:19.920 3584 3584 D wpa_supplicant: replay_counter - hexdump(len=8): 00 00 00 00 00 00 00 03
04-23 18:44:19.920 3584 3584 D wpa_supplicant: key_nonce - hexdump(len=32): 40 78 68 02 3a 90 e1 64 82 0f 7f 9c a7 e5 e7 b2 16 88 1f 54 52 1f 2e ee d2 6b ee 1f 48 12 db 2d
04-23 18:44:19.920 3584 3584 D wpa_supplicant: key_iv - hexdump(len=16): 00 00 00 00 00 00 00 00 00 00 00 00 00 00 00 00
04-23 18:44:19.920 3584 3584 D wpa_supplicant: key_rsc - hexdump(len=8): 00 00 00 00 00 00 00 00
04-23 18:44:19.920 3584 3584 D wpa_supplicant: key_id (reserved) - hexdump(len=8): 00 00 00 00 00 00 00 00
04-23 18:44:19.920 3584 3584 D wpa_supplicant: key_mic - hexdump(len=16): 00 00 00 00 00 00 00 00 00 00 00 00 00 00 00 00
04-23 18:44:19.920 3584 3584 D wpa_supplicant: wlan0: State: 4WAY_HANDSHAKE -> 4WAY_HANDSHAKE
04-23 18:44:19.920 3584 3584 D wpa_supplicant: wlan0: WPA: RX message 1 of 4-Way Handshake from 00:1b:da:33:7a:9f (ver=2)
04-23 18:44:19.920 3584 3584 D wpa_supplicant: RSN: msg 1/4 key data - hexdump(len=22): dd 14 00 0f ac 04 b5 59 8c b1 80 a7 ee e5 24 29 ef fb a8 2c e4 26
04-23 18:44:19.920 3584 3584 D wpa_supplicant: WPA: PMKID in EAPOL-Key - hexdump(len=22): dd 14 00 0f ac 04 b5 59 8c b1 80 a7 ee e5 24 29 ef fb a8 2c e4 26
04-23 18:44:19.920 3584 3584 D wpa_supplicant: RSN: PMKID from Authenticator - hexdump(len=16): b5 59 8c b1 80 a7 ee e5 24 29 ef fb a8 2c e4 26
04-23 18:44:19.920 3584 3584 D wpa_supplicant: wlan0: RSN: no matching PMKID found
04-23 18:44:19.920 3584 3584 D wpa_supplicant: WPA: PTK derivation - A1=54:e4:bd:58:36:c9 A2=00:1b:da:33:7a:9f
04-23 18:44:19.921 3584 3584 D wpa_supplicant: WPA: Nonce1 - hexdump(len=32): bc 2a 54 13 77 d6 5c 60 eb 62 1f 99 6b 9a 85 7c 51 6e b2 71 ba 3c 12 af 63 95 d7 c5 24 95 34 74
04-23 18:44:19.921 3584 3584 D wpa_supplicant: WPA: Nonce2 - hexdump(len=32): 40 78 68 02 3a 90 e1 64 82 0f 7f 9c a7 e5 e7 b2 16 88 1f 54 52 1f 2e ee d2 6b ee 1f 48 12 db 2d
04-23 18:44:19.921 3584 3584 D wpa_supplicant: WPA: PMK - hexdump(len=32): [REMOVED]
04-23 18:44:19.921 3584 3584 D wpa_supplicant: WPA: PTK - hexdump(len=48): [REMOVED]
04-23 18:44:19.921 3584 3584 D wpa_supplicant: WPA: WPA IE for msg 2/4 - hexdump(len=22): 30 14 01 00 00 0f ac 04 01 00 00 0f ac 04 01 00 00 0f ac 02 00 00
04-23 18:44:19.921 3584 3584 D wpa_supplicant: WPA: Replay Counter - hexdump(len=8): 00 00 00 00 00 00 00 03
04-23 18:44:19.921 3584 3584 D wpa_supplicant: wlan0: WPA: Sending EAPOL-Key 2/4
04-23 18:44:19.921 3584 3584 D wpa_supplicant: WPA: KCK - hexdump(len=16): [REMOVED]
04-23 18:44:19.921 3584 3584 D wpa_supplicant: WPA: Derived Key MIC - hexdump(len=16): 0a 2b e0 f0 7b 70 f0 9f 7a f1 a6 a6 be a4 2d 44
04-23 18:44:19.921 3584 3584 D wpa_supplicant: WPA: TX EAPOL-Key - hexdump(len=121): 01 03 00 75 02 01 0a 00 00 00 00 00 00 00 00 00 03 bc 2a 54 13 77 d6 5c 60 eb 62 1f 99 6b 9a 85 ...
04-23 18:44:20.949 3584 3584 D wpa_supplicant: RTM_NEWLINK: ifi_index=4 ifname=wlan0 operstate=2 linkmode=1 ifi_family=0 ifi_flags=0x1003 ([UP])
04-23 18:44:20.949 3584 3584 D wpa_supplicant: RTM_NEWLINK: ifi_index=4 ifname=wlan0 wext ifi_family=0 ifi_flags=0x1003 ([UP])
04-23 18:44:20.949 3584 3584 D wpa_supplicant: nl80211: Event message available
04-23 18:44:20.949 3584 3584 D wpa_supplicant: nl80211: Drv Event 48 (NL80211_CMD_DISCONNECT) received for wlan0
04-23 18:44:20.949 3584 3584 D wpa_supplicant: nl80211: Disconnect event
04-23 18:44:20.949 3584 3584 D wpa_supplicant: wlan0: Event DEAUTH (12) received
04-23 18:44:20.949 3584 3584 D wpa_supplicant: wlan0: Deauthentication notification
04-23 18:44:20.949 3584 3584 D wpa_supplicant: wlan0: * reason 0
04-23 18:44:20.949 3584 3584 D wpa_supplicant: Deauthentication frame IE(s) - hexdump(len=0): [NULL]
04-23 18:44:20.949 3584 3584 I wpa_supplicant: wlan0: CTRL-EVENT-DISCONNECTED bssid=00:1b:da:33:7a:9f reason=0
04-23 18:44:20.949 3584 3584 D wpa_supplicant: CTRL_IFACE monitor sent successfully to /data/misc/wifi/sockets/wpa_ctrl_2325-4\x00
04-23 18:44:20.949 3584 3584 I wpa_supplicant: wlan0: WPA: 4-Way Handshake failed - pre-shared key may be incorrect
04-23 18:44:20.949 3584 3584 D wpa_supplicant: CTRL_IFACE monitor sent successfully to /data/misc/wifi/sockets/wpa_ctrl_2325-4\x00
04-23 18:44:20.950 3584 3584 I wpa_supplicant: wlan0: CTRL-EVENT-SSID-TEMP-DISABLED id=0 ssid="Technoburst" auth_failures=1 duration=10 reason=WRONG_KEY
04-23 18:44:20.950 3584 3584 D wpa_supplicant: CTRL_IFACE monitor sent successfully to /data/misc/wifi/sockets/wpa_ctrl_2325-4\x00
04-23 18:44:20.950 3584 3584 D wpa_supplicant: wlan0: Auto connect disabled: do not try to re-connect
04-23 18:44:20.950 3584 3584 D wpa_supplicant: wlan0: Radio work 'connect'@0x7f673d81c3d0 done in 4.619701 seconds
04-23 18:44:20.950 3584 3584 D wpa_supplicant: wlan0: Ignore connection failure indication since interface has been put into disconnected state
04-23 18:44:20.950 3584 3584 D wpa_supplicant: TDLS: Remove peers on disassociation
04-23 18:44:20.950 3584 3584 D wpa_supplicant: wlan0: Disconnect event - remove keys
04-23 18:44:20.950 3584 3584 D wpa_supplicant: wlan0: State: 4WAY_HANDSHAKE -> DISCONNECTED
04-23 18:44:20.950 3584 3584 D wpa_supplicant: nl80211: Set wlan0 operstate 0->0 (DORMANT)
04-23 18:44:20.950 3584 3584 D wpa_supplicant: netlink: Operstate: ifindex=4 linkmode=-1 (no change), operstate=5 (IF_OPER_DORMANT)
04-23 18:44:20.958 3584 3584 D wpa_supplicant: CTRL_IFACE monitor sent successfully to /data/misc/wifi/sockets/wpa_ctrl_2325-4\x00
04-23 18:44:20.958 3584 3584 D wpa_supplicant: EAPOL: External notification - portEnabled=0
04-23 18:44:20.958 3584 3584 D wpa_supplicant: EAPOL: SUPP_PAE entering state DISCONNECTED
04-23 18:44:20.958 3584 3584 D wpa_supplicant: EAPOL: Supplicant port status: Unauthorized
04-23 18:44:20.958 3584 3584 D wpa_supplicant: nl80211: Skip set_supp_port(unauthorized) while not associated
04-23 18:44:20.958 3584 3584 D wpa_supplicant: EAPOL: SUPP_BE entering state INITIALIZE
04-23 18:44:20.958 3584 3584 D wpa_supplicant: EAPOL: External notification - portValid=0
04-23 18:44:20.958 3584 3584 D wpa_supplicant: EAPOL: External notification - EAP success=0
04-23 18:44:20.960 2325 2509 E WifiStateMachine: ConnectModeState SSID state=temp-disabled nid=0 [id=0 ssid="Technoburst" auth_failures=1 duration=10 reason=WRONG_KEY]
04-23 18:44:20.961 2325 2509 E WifiConfigStore: SSID temp disabled for "Technoburst"WPA_PSK had autoJoinStatus=0 self added false ephemeral false
04-23 18:44:20.961 2325 2509 E WifiConfigStore: message=id=0 ssid="Technoburst" auth_failures=1 duration=10 reason=WRONG_KEY
04-23 18:44:20.964 2325 2509 D SupplicantStateTracker: Failed to authenticate, disabling network 0
04-23 18:44:20.964 3584 3584 D wpa_supplicant: wlan0: Control interface command 'DISABLE_NETWORK 0'
04-23 18:44:20.964 3584 3584 D wpa_supplicant: CTRL_IFACE: DISABLE_NETWORK id=0
04-23 18:44:27.791 3584 3584 D wpa_supplicant: wlan0: Control interface command 'SCAN TYPE=ONLY'
04-23 18:44:27.791 3584 3584 D wpa_supplicant: wlan0: Setting scan request: 0.000000 sec
04-23 18:44:27.791 3584 3584 D wpa_supplicant: wlan0: No enabled networks (1 disabled networks)
04-23 18:44:27.791 3584 3584 D wpa_supplicant: wlan0: State: DISCONNECTED -> SCANNING
04-23 18:44:27.792 3584 3584 D wpa_supplicant: CTRL_IFACE monitor sent successfully to /data/misc/wifi/sockets/wpa_ctrl_2325-4\x00
04-23 18:44:27.792 3584 3584 D wpa_supplicant: wlan0: Starting AP scan for wildcard SSID
04-23 18:44:27.792 3584 3584 D wpa_supplicant: wlan0: Add radio work 'scan'@0x7f673d81c420
04-23 18:44:27.792 3584 3584 D wpa_supplicant: wlan0: First radio work item in the queue - schedule start immediately
04-23 18:44:27.792 3584 3584 D wpa_supplicant: wlan0: Starting radio work 'scan'@0x7f673d81c420 after 0.000078 second wait
04-23 18:44:27.792 3584 3584 D wpa_supplicant: wlan0: nl80211: scan request
04-23 18:44:27.792 3584 3584 D wpa_supplicant: nl80211: Scan SSID - hexdump(len=0): [NULL]
04-23 18:44:28.236 3584 3584 D wpa_supplicant: Scan requested (ret=0) - scan timeout 30 seconds
04-23 18:44:28.236 3584 3584 D wpa_supplicant: nl80211: Event message available
04-23 18:44:28.236 3584 3584 D wpa_supplicant: nl80211: Drv Event 33 (NL80211_CMD_TRIGGER_SCAN) received for wlan0
04-23 18:44:28.236 3584 3584 D wpa_supplicant: wlan0: nl80211: Scan trigger
04-23 18:44:28.236 3584 3584 D wpa_supplicant: wlan0: Event SCAN_STARTED (49) received
04-23 18:44:28.236 3584 3584 D wpa_supplicant: wlan0: Own scan request started a scan in 0.000300 seconds
04-23 18:44:28.236 3584 3584 D wpa_supplicant: CTRL_IFACE monitor sent successfully to /data/misc/wifi/sockets/wpa_ctrl_2325-4\x00
04-23 18:44:29.613 3584 3584 D wpa_supplicant: RTM_NEWLINK: ifi_index=4 ifname=wlan0 wext ifi_family=0 ifi_flags=0x1003 ([UP])
04-23 18:44:29.614 3584 3584 D wpa_supplicant: nl80211: Event message available
04-23 18:44:29.614 3584 3584 D wpa_supplicant: nl80211: Drv Event 34 (NL80211_CMD_NEW_SCAN_RESULTS) received for wlan0
04-23 18:44:29.614 3584 3584 D wpa_supplicant: wlan0: nl80211: New scan results available
04-23 18:44:29.614 3584 3584 D wpa_supplicant: nl80211: Scan probed for SSID ''
04-23 18:44:29.614 3584 3584 D wpa_supplicant: nl80211: Scan included frequencies: 2412 2417 2422 2427 2432 2437 2442 2447 2452 2457 2462 2467 2472
04-23 18:44:29.614 3584 3584 D wpa_supplicant: wlan0: Event SCAN_RESULTS (3) received
04-23 18:44:29.614 3584 3584 D wpa_supplicant: wlan0: Scan completed in 1.377617 seconds
04-23 18:44:29.614 3584 3584 D wpa_supplicant: nl80211: Received scan results (4 BSSes)
04-23 18:44:29.614 3584 3584 D wpa_supplicant: Sorted scan results
04-23 18:44:29.614 3584 3584 D wpa_supplicant: 90:00:4e:82:36:1d freq=2462 qual=0 noise=0 level=-55 flags=0xb age=1
04-23 18:44:29.614 3584 3584 D wpa_supplicant: IEs - hexdump(len=220): 00 0e 53 48 49 4e 4f 53 41 4d 55 45 4c 2d 4c 50 01 08 82 84 8b 96 12 24 48 6c 03 01 0b 2a 01 04 ...
04-23 18:44:29.614 3584 3584 D wpa_supplicant: 00:1b:da:33:7a:9f freq=2462 qual=0 noise=0 level=-61 flags=0xb age=1
04-23 18:44:29.614 3584 3584 D wpa_supplicant: IEs - hexdump(len=68): 00 0b 54 65 63 68 6e 6f 62 75 72 73 74 01 08 82 84 8b 96 24 30 48 6c 03 01 0b 2a 01 04 2f 01 04 ...
04-23 18:44:29.614 3584 3584 D wpa_supplicant: 00:25:5e:8c:77:4b freq=2427 qual=0 noise=0 level=-71 flags=0xb age=1
04-23 18:44:29.614 3584 3584 D wpa_supplicant: IEs - hexdump(len=70): 00 07 42 53 4e 4c 5f 41 50 01 04 82 84 8b 96 03 01 04 07 06 49 4e 49 01 0d 14 2a 01 00 32 08 0c ...
04-23 18:44:29.615 3584 3584 D wpa_supplicant: Beacon IEs - hexdump(len=76): 00 07 42 53 4e 4c 5f 41 50 01 04 82 84 8b 96 03 01 04 07 06 49 4e 49 01 0d 14 2a 01 00 32 08 0c ...
04-23 18:44:29.615 3584 3584 D wpa_supplicant: 20:25:64:4e:f3:67 freq=2437 qual=0 noise=0 level=-74 flags=0xb age=26815
04-23 18:44:29.615 3584 3584 D wpa_supplicant: IEs - hexdump(len=301): 00 06 38 61 30 65 63 31 01 08 82 84 8b 96 24 30 48 6c 03 01 06 2a 01 00 2f 01 00 30 18 01 00 00 ...
04-23 18:44:29.615 3584 3584 D wpa_supplicant: Beacon IEs - hexdump(len=210): 00 06 38 61 30 65 63 31 01 08 82 84 8b 96 24 30 48 6c 03 01 06 05 04 00 01 00 04 2a 01 00 2f 01 ...
04-23 18:44:29.615 3584 3584 D wpa_supplicant: wlan0: BSS: Start scan result update 12
04-23 18:44:29.615 3584 3584 D wpa_supplicant: BSS: last_scan_res_used=4/32
04-23 18:44:29.615 3584 3584 D wpa_supplicant: Add randomness: count=41 entropy=0
04-23 18:44:29.615 3584 3584 D wpa_supplicant: random pool - hexdump(len=128): [REMOVED]
04-23 18:44:29.615 3584 3584 D wpa_supplicant: random_mix_pool - hexdump(len=16): [REMOVED]
04-23 18:44:29.615 3584 3584 D wpa_supplicant: random_mix_pool - hexdump(len=5): [REMOVED]
04-23 18:44:29.615 3584 3584 D wpa_supplicant: random pool - hexdump(len=128): [REMOVED]
04-23 18:44:29.615 3584 3584 D wpa_supplicant: Add randomness: count=42 entropy=1
04-23 18:44:29.615 3584 3584 D wpa_supplicant: random pool - hexdump(len=128): [REMOVED]
04-23 18:44:29.615 3584 3584 D wpa_supplicant: random_mix_pool - hexdump(len=16): [REMOVED]
04-23 18:44:29.615 3584 3584 D wpa_supplicant: random_mix_pool - hexdump(len=5): [REMOVED]
04-23 18:44:29.615 3584 3584 D wpa_supplicant: random pool - hexdump(len=128): [REMOVED]
04-23 18:44:29.615 3584 3584 D wpa_supplicant: Add randomness: count=43 entropy=2
04-23 18:44:29.615 3584 3584 D wpa_supplicant: random pool - hexdump(len=128): [REMOVED]
04-23 18:44:29.615 3584 3584 D wpa_supplicant: random_mix_pool - hexdump(len=16): [REMOVED]
04-23 18:44:29.615 3584 3584 D wpa_supplicant: random_mix_pool - hexdump(len=5): [REMOVED]
04-23 18:44:29.615 3584 3584 D wpa_supplicant: random pool - hexdump(len=128): [REMOVED]
04-23 18:44:29.615 3584 3584 D wpa_supplicant: Add randomness: count=44 entropy=3
04-23 18:44:29.615 3584 3584 D wpa_supplicant: random pool - hexdump(len=128): [REMOVED]
04-23 18:44:29.615 3584 3584 D wpa_supplicant: random_mix_pool - hexdump(len=16): [REMOVED]
04-23 18:44:29.615 3584 3584 D wpa_supplicant: random_mix_pool - hexdump(len=5): [REMOVED]
04-23 18:44:29.615 3584 3584 D wpa_supplicant: random pool - hexdump(len=128): [REMOVED]
04-23 18:44:29.615 3584 3584 D wpa_supplicant: wlan0: Scan-only results received
04-23 18:44:29.616 3584 3584 D wpa_supplicant: CTRL_IFACE monitor sent successfully to /data/misc/wifi/sockets/wpa_ctrl_2325-4\x00
04-23 18:44:29.616 3584 3584 D wpa_supplicant: wlan0: Radio work 'scan'@0x7f673d81c420 done in 1.823789 seconds
04-23 18:44:29.618 3584 3584 D wpa_supplicant: wlan0: Control interface command 'BSS RANGE=0- MASK=0x21987'
04-23 18:44:29.618 3584 3584 D wpa_supplicant: WPS: attr type=0x104a len=1
04-23 18:44:29.618 3584 3584 D wpa_supplicant: WPS: attr type=0x1044 len=1
04-23 18:44:29.618 3584 3584 D wpa_supplicant: WPS: attr type=0x103b len=1
04-23 18:44:29.618 3584 3584 D wpa_supplicant: WPS: attr type=0x1047 len=16
04-23 18:44:29.618 3584 3584 D wpa_supplicant: WPS: attr type=0x1021 len=5
04-23 18:44:29.618 3584 3584 D wpa_supplicant: WPS: attr type=0x1023 len=5
04-23 18:44:29.618 3584 3584 D wpa_supplicant: WPS: attr type=0x1024 len=6
04-23 18:44:29.618 3584 3584 D wpa_supplicant: WPS: attr type=0x1042 len=7
04-23 18:44:29.618 3584 3584 D wpa_supplicant: WPS: attr type=0x1054 len=8
04-23 18:44:29.618 3584 3584 D wpa_supplicant: WPS: attr type=0x1011 len=6
04-23 18:44:29.618 3584 3584 D wpa_supplicant: WPS: attr type=0x1008 len=2
04-23 18:44:29.618 3584 3584 D wpa_supplicant: WPS: attr type=0x103c len=1
04-23 18:44:29.618 3584 3584 D wpa_supplicant: WPS: attr type=0x1049 len=6
04-23 18:44:29.618 3584 3584 D wpa_supplicant: WPS: WFA subelement id=0 len=1
04-23 18:44:29.618 3584 3584 D wpa_supplicant: WPS: attr type=0x104a len=1
04-23 18:44:29.618 3584 3584 D wpa_supplicant: WPS: attr type=0x1044 len=1
04-23 18:44:29.618 3584 3584 D wpa_supplicant: WPS: attr type=0x103b len=1
04-23 18:44:29.618 3584 3584 D wpa_supplicant: WPS: attr type=0x1047 len=16
04-23 18:44:29.619 3584 3584 D wpa_supplicant: WPS: attr type=0x1021 len=5
04-23 18:44:29.619 3584 3584 D wpa_supplicant: WPS: attr type=0x1023 len=5
04-23 18:44:29.619 3584 3584 D wpa_supplicant: WPS: attr type=0x1024 len=6
04-23 18:44:29.619 3584 3584 D wpa_supplicant: WPS: attr type=0x1042 len=7
04-23 18:44:29.619 3584 3584 D wpa_supplicant: WPS: attr type=0x1054 len=8
04-23 18:44:29.619 3584 3584 D wpa_supplicant: WPS: attr type=0x1011 len=6
04-23 18:44:29.619 3584 3584 D wpa_supplicant: WPS: attr type=0x1008 len=2
04-23 18:44:29.619 3584 3584 D wpa_supplicant: WPS: attr type=0x103c len=1
04-23 18:44:29.619 3584 3584 D wpa_supplicant: WPS: attr type=0x1049 len=6
04-23 18:44:29.619 3584 3584 D wpa_supplicant: WPS: WFA subelement id=0 len=1
04-23 18:44:29.619 3584 3584 D wpa_supplicant: WPS: attr type=0x104a len=1
04-23 18:44:29.619 3584 3584 D wpa_supplicant: WPS: attr type=0x1044 len=1
04-23 18:44:29.619 3584 3584 D wpa_supplicant: WPS: attr type=0x103b len=1
04-23 18:44:29.619 3584 3584 D wpa_supplicant: WPS: attr type=0x1047 len=16
04-23 18:44:29.619 3584 3584 D wpa_supplicant: WPS: attr type=0x1021 len=5
04-23 18:44:29.619 3584 3584 D wpa_supplicant: WPS: attr type=0x1023 len=5
04-23 18:44:29.619 3584 3584 D wpa_supplicant: WPS: attr type=0x1024 len=6
04-23 18:44:29.619 3584 3584 D wpa_supplicant: WPS: attr type=0x1042 len=7
04-23 18:44:29.619 3584 3584 D wpa_supplicant: WPS: attr type=0x1054 len=8
04-23 18:44:29.619 3584 3584 D wpa_supplicant: WPS: attr type=0x1011 len=6
04-23 18:44:29.619 3584 3584 D wpa_supplicant: WPS: attr type=0x1008 len=2
04-23 18:44:29.619 3584 3584 D wpa_supplicant: WPS: attr type=0x103c len=1
04-23 18:44:29.619 3584 3584 D wpa_supplicant: WPS: attr type=0x1049 len=6
04-23 18:44:29.619 3584 3584 D wpa_supplicant: WPS: WFA subelement id=0 len=1
04-23 18:44:29.623 3584 3584 D wpa_supplicant: wlan0: Control interface command 'STATUS-NO_EVENTS'
04-23 18:44:29.624 2325 2509 E WifiStateMachine: WifiStateMachine shouldSwitchNetwork txSuccessRate=-0.00 rxSuccessRate=-0.00 delta 1000 -> 1000
04-23 18:44:29.625 2325 2509 E WifiStateMachine: CMD_AUTO_CONNECT sup state ScanState my state DisconnectedState nid=0 roam=3
04-23 18:44:29.625 2325 2509 E WifiConfigStore: saveWifiConfigBSSID Setting BSSID for "Technoburst"WPA_PSK to any
04-23 18:44:29.626 3584 3584 D wpa_supplicant: wlan0: Control interface command 'SET_NETWORK [REMOVED]'
04-23 18:44:29.626 3584 3584 D wpa_supplicant: CTRL_IFACE: SET_NETWORK id=0 name='bssid'
04-23 18:44:29.626 3584 3584 D wpa_supplicant: CTRL_IFACE: value - hexdump(len=3): [REMOVED]
04-23 18:44:29.626 3584 3584 D wpa_supplicant: BSSID any
04-23 18:44:29.626 3584 3584 D wpa_supplicant: wlan0: Control interface command 'SAVE_CONFIG'
04-23 18:44:29.626 3584 3584 D wpa_supplicant: Writing configuration file '/data/misc/wifi/wpa_supplicant.conf.tmp'
04-23 18:44:29.627 3584 3584 D wpa_supplicant: Configuration file '/data/misc/wifi/wpa_supplicant.conf' written successfully
04-23 18:44:29.627 3584 3584 D wpa_supplicant: CTRL_IFACE: SAVE_CONFIG - Configuration updated
04-23 18:44:29.627 2325 2509 E WifiStateMachine: CMD_AUTO_CONNECT will save config -> "Technoburst" nid=0
04-23 18:44:29.628 3584 3584 D wpa_supplicant: wlan0: Control interface command 'SET_NETWORK [REMOVED]'
04-23 18:44:29.628 3584 3584 D wpa_supplicant: CTRL_IFACE: SET_NETWORK id=0 name='ssid'
04-23 18:44:29.628 3584 3584 D wpa_supplicant: CTRL_IFACE: value - hexdump(len=22): [REMOVED]
04-23 18:44:29.628 3584 3584 D wpa_supplicant: ssid - hexdump(len=11): 54 65 63 68 6e 6f 62 75 72 73 74
04-23 18:44:29.689 3584 3584 D wpa_supplicant: PSK (from passphrase) - hexdump(len=32): [REMOVED]
04-23 18:44:29.690 3584 3584 D wpa_supplicant: wlan0: Control interface command 'SET_NETWORK [REMOVED]'
04-23 18:44:29.690 3584 3584 D wpa_supplicant: CTRL_IFACE: SET_NETWORK id=0 name='key_mgmt'
04-23 18:44:29.690 3584 3584 D wpa_supplicant: CTRL_IFACE: value - hexdump(len=7): [REMOVED]
04-23 18:44:29.690 3584 3584 D wpa_supplicant: key_mgmt: 0x2
04-23 18:44:29.691 3584 3584 D wpa_supplicant: wlan0: Control interface command 'SET_NETWORK [REMOVED]'
04-23 18:44:29.691 3584 3584 D wpa_supplicant: CTRL_IFACE: SET_NETWORK id=0 name='proto'
04-23 18:44:29.691 3584 3584 D wpa_supplicant: CTRL_IFACE: value - hexdump(len=7): [REMOVED]
04-23 18:44:29.691 3584 3584 D wpa_supplicant: proto: 0x3
04-23 18:44:29.691 3584 3584 D wpa_supplicant: wlan0: Control interface command 'SET_NETWORK [REMOVED]'
04-23 18:44:29.691 3584 3584 D wpa_supplicant: CTRL_IFACE: SET_NETWORK id=0 name='pairwise'
04-23 18:44:29.691 3584 3584 D wpa_supplicant: CTRL_IFACE: value - hexdump(len=9): [REMOVED]
04-23 18:44:29.691 3584 3584 D wpa_supplicant: pairwise: 0x18
04-23 18:44:29.692 3584 3584 D wpa_supplicant: wlan0: Control interface command 'SET_NETWORK [REMOVED]'
04-23 18:44:29.692 3584 3584 D wpa_supplicant: CTRL_IFACE: SET_NETWORK id=0 name='group'
04-23 18:44:29.692 3584 3584 D wpa_supplicant: CTRL_IFACE: value - hexdump(len=22): [REMOVED]
04-23 18:44:29.692 3584 3584 D wpa_supplicant: group: 0x1e
04-23 18:44:29.693 3584 3584 D wpa_supplicant: wlan0: Control interface command 'SET_NETWORK [REMOVED]'
04-23 18:44:29.693 3584 3584 D wpa_supplicant: CTRL_IFACE: SET_NETWORK id=0 name='priority'
04-23 18:44:29.693 3584 3584 D wpa_supplicant: CTRL_IFACE: value - hexdump(len=1): [REMOVED]
04-23 18:44:29.693 3584 3584 D wpa_supplicant: priority=6 (0x6)
04-23 18:44:29.693 2325 2509 E WifiConfigStore: will read network variables netId=0
04-23 18:44:29.694 3584 3584 D wpa_supplicant: wlan0: Control interface command 'GET_NETWORK 0 ssid'
04-23 18:44:29.694 3584 3584 D wpa_supplicant: CTRL_IFACE: GET_NETWORK id=0 name='ssid'
04-23 18:44:29.694 3584 3584 D wpa_supplicant: wlan0: Control interface command 'GET_NETWORK 0 bssid'
04-23 18:44:29.694 3584 3584 D wpa_supplicant: CTRL_IFACE: GET_NETWORK id=0 name='bssid'
04-23 18:44:29.694 3584 3584 D wpa_supplicant: CTRL_IFACE: Failed to get network variable 'bssid'
04-23 18:44:29.694 3584 3584 D wpa_supplicant: wlan0: Control interface command 'GET_NETWORK 0 priority'
04-23 18:44:29.694 3584 3584 D wpa_supplicant: CTRL_IFACE: GET_NETWORK id=0 name='priority'
04-23 18:44:29.695 3584 3584 D wpa_supplicant: wlan0: Control interface command 'GET_NETWORK 0 scan_ssid'
04-23 18:44:29.695 3584 3584 D wpa_supplicant: CTRL_IFACE: GET_NETWORK id=0 name='scan_ssid'
04-23 18:44:29.695 3584 3584 D wpa_supplicant: wlan0: Control interface command 'GET_NETWORK 0 wep_tx_keyidx'
04-23 18:44:29.695 3584 3584 D wpa_supplicant: CTRL_IFACE: GET_NETWORK id=0 name='wep_tx_keyidx'
04-23 18:44:29.696 3584 3584 D wpa_supplicant: wlan0: Control interface command 'GET_NETWORK 0 wep_key0'
04-23 18:44:29.696 3584 3584 D wpa_supplicant: CTRL_IFACE: GET_NETWORK id=0 name='wep_key0'
04-23 18:44:29.696 3584 3584 D wpa_supplicant: CTRL_IFACE: Failed to get network variable 'wep_key0'
04-23 18:44:29.696 3584 3584 D wpa_supplicant: wlan0: Control interface command 'GET_NETWORK 0 wep_key1'
04-23 18:44:29.696 3584 3584 D wpa_supplicant: CTRL_IFACE: GET_NETWORK id=0 name='wep_key1'
04-23 18:44:29.696 3584 3584 D wpa_supplicant: CTRL_IFACE: Failed to get network variable 'wep_key1'
04-23 18:44:29.696 3584 3584 D wpa_supplicant: wlan0: Control interface command 'GET_NETWORK 0 wep_key2'
04-23 18:44:29.697 3584 3584 D wpa_supplicant: CTRL_IFACE: GET_NETWORK id=0 name='wep_key2'
04-23 18:44:29.697 3584 3584 D wpa_supplicant: CTRL_IFACE: Failed to get network variable 'wep_key2'
04-23 18:44:29.697 3584 3584 D wpa_supplicant: wlan0: Control interface command 'GET_NETWORK 0 wep_key3'
04-23 18:44:29.697 3584 3584 D wpa_supplicant: CTRL_IFACE: GET_NETWORK id=0 name='wep_key3'
04-23 18:44:29.697 3584 3584 D wpa_supplicant: CTRL_IFACE: Failed to get network variable 'wep_key3'
04-23 18:44:29.698 3584 3584 D wpa_supplicant: wlan0: Control interface command 'GET_NETWORK 0 psk'
04-23 18:44:29.698 3584 3584 D wpa_supplicant: CTRL_IFACE: GET_NETWORK id=0 name='psk'
04-23 18:44:29.698 3584 3584 D wpa_supplicant: Do not allow key_data field to be exposed
04-23 18:44:29.698 3584 3584 D wpa_supplicant: wlan0: Control interface command 'GET_NETWORK 0 proto'
04-23 18:44:29.698 3584 3584 D wpa_supplicant: CTRL_IFACE: GET_NETWORK id=0 name='proto'
04-23 18:44:29.699 3584 3584 D wpa_supplicant: wlan0: Control interface command 'GET_NETWORK 0 key_mgmt'
04-23 18:44:29.699 3584 3584 D wpa_supplicant: CTRL_IFACE: GET_NETWORK id=0 name='key_mgmt'
04-23 18:44:29.699 3584 3584 D wpa_supplicant: wlan0: Control interface command 'GET_NETWORK 0 auth_alg'
04-23 18:44:29.699 3584 3584 D wpa_supplicant: CTRL_IFACE: GET_NETWORK id=0 name='auth_alg'
04-23 18:44:29.699 3584 3584 D wpa_supplicant: CTRL_IFACE: Failed to get network variable 'auth_alg'
04-23 18:44:29.699 3584 3584 D wpa_supplicant: wlan0: Control interface command 'GET_NETWORK 0 pairwise'
04-23 18:44:29.700 3584 3584 D wpa_supplicant: CTRL_IFACE: GET_NETWORK id=0 name='pairwise'
04-23 18:44:29.700 3584 3584 D wpa_supplicant: wlan0: Control interface command 'GET_NETWORK 0 group'
04-23 18:44:29.700 3584 3584 D wpa_supplicant: CTRL_IFACE: GET_NETWORK id=0 name='group'
04-23 18:44:29.700 3584 3584 D wpa_supplicant: wlan0: Control interface command 'GET_NETWORK 0 eap'
04-23 18:44:29.701 3584 3584 D wpa_supplicant: CTRL_IFACE: GET_NETWORK id=0 name='eap'
04-23 18:44:29.701 3584 3584 D wpa_supplicant: CTRL_IFACE: Failed to get network variable 'eap'
04-23 18:44:29.701 3584 3584 D wpa_supplicant: wlan0: Control interface command 'GET_NETWORK 0 phase2'
04-23 18:44:29.701 3584 3584 D wpa_supplicant: CTRL_IFACE: GET_NETWORK id=0 name='phase2'
04-23 18:44:29.701 3584 3584 D wpa_supplicant: CTRL_IFACE: Failed to get network variable 'phase2'
04-23 18:44:29.701 3584 3584 D wpa_supplicant: wlan0: Control interface command 'GET_NETWORK 0 identity'
04-23 18:44:29.702 3584 3584 D wpa_supplicant: CTRL_IFACE: GET_NETWORK id=0 name='identity'
04-23 18:44:29.702 3584 3584 D wpa_supplicant: CTRL_IFACE: Failed to get network variable 'identity'
04-23 18:44:29.702 3584 3584 D wpa_supplicant: wlan0: Control interface command 'GET_NETWORK 0 anonymous_identity'
04-23 18:44:29.702 3584 3584 D wpa_supplicant: CTRL_IFACE: GET_NETWORK id=0 name='anonymous_identity'
04-23 18:44:29.702 3584 3584 D wpa_supplicant: CTRL_IFACE: Failed to get network variable 'anonymous_identity'
04-23 18:44:29.702 3584 3584 D wpa_supplicant: wlan0: Control interface command 'GET_NETWORK 0 password'
04-23 18:44:29.702 3584 3584 D wpa_supplicant: CTRL_IFACE: GET_NETWORK id=0 name='password'
04-23 18:44:29.702 3584 3584 D wpa_supplicant: CTRL_IFACE: Failed to get network variable 'password'
04-23 18:44:29.703 3584 3584 D wpa_supplicant: wlan0: Control interface command 'GET_NETWORK 0 client_cert'
04-23 18:44:29.703 3584 3584 D wpa_supplicant: CTRL_IFACE: GET_NETWORK id=0 name='client_cert'
04-23 18:44:29.703 3584 3584 D wpa_supplicant: CTRL_IFACE: Failed to get network variable 'client_cert'
04-23 18:44:29.703 3584 3584 D wpa_supplicant: wlan0: Control interface command 'GET_NETWORK 0 ca_cert'
04-23 18:44:29.703 3584 3584 D wpa_supplicant: CTRL_IFACE: GET_NETWORK id=0 name='ca_cert'
04-23 18:44:29.703 3584 3584 D wpa_supplicant: CTRL_IFACE: Failed to get network variable 'ca_cert'
04-23 18:44:29.704 3584 3584 D wpa_supplicant: wlan0: Control interface command 'GET_NETWORK 0 subject_match'
04-23 18:44:29.704 3584 3584 D wpa_supplicant: CTRL_IFACE: GET_NETWORK id=0 name='subject_match'
04-23 18:44:29.704 3584 3584 D wpa_supplicant: CTRL_IFACE: Failed to get network variable 'subject_match'
04-23 18:44:29.704 3584 3584 D wpa_supplicant: wlan0: Control interface command 'GET_NETWORK 0 engine'
04-23 18:44:29.704 3584 3584 D wpa_supplicant: CTRL_IFACE: GET_NETWORK id=0 name='engine'
04-23 18:44:29.704 3584 3584 D wpa_supplicant: wlan0: Control interface command 'GET_NETWORK 0 engine_id'
04-23 18:44:29.704 3584 3584 D wpa_supplicant: CTRL_IFACE: GET_NETWORK id=0 name='engine_id'
04-23 18:44:29.704 3584 3584 D wpa_supplicant: CTRL_IFACE: Failed to get network variable 'engine_id'
04-23 18:44:29.705 3584 3584 D wpa_supplicant: wlan0: Control interface command 'GET_NETWORK 0 key_id'
04-23 18:44:29.705 3584 3584 D wpa_supplicant: CTRL_IFACE: GET_NETWORK id=0 name='key_id'
04-23 18:44:29.705 3584 3584 D wpa_supplicant: CTRL_IFACE: Failed to get network variable 'key_id'
04-23 18:44:29.705 3584 3584 D wpa_supplicant: wlan0: Control interface command 'GET_NETWORK 0 private_key'
04-23 18:44:29.705 3584 3584 D wpa_supplicant: CTRL_IFACE: GET_NETWORK id=0 name='private_key'
04-23 18:44:29.705 3584 3584 D wpa_supplicant: CTRL_IFACE: Failed to get network variable 'private_key'
04-23 18:44:29.706 3584 3584 D wpa_supplicant: wlan0: Control interface command 'SAVE_CONFIG'
04-23 18:44:29.707 3584 3584 D wpa_supplicant: Writing configuration file '/data/misc/wifi/wpa_supplicant.conf.tmp'
04-23 18:44:29.707 3584 3584 D wpa_supplicant: Configuration file '/data/misc/wifi/wpa_supplicant.conf' written successfully
04-23 18:44:29.707 3584 3584 D wpa_supplicant: CTRL_IFACE: SAVE_CONFIG - Configuration updated
04-23 18:44:29.708 2325 2509 E WifiStateMachine: CMD_AUTO_CONNECT did save config -> nid=0
04-23 18:44:29.708 3584 3584 D wpa_supplicant: wlan0: Control interface command 'ENABLE_NETWORK 0'
04-23 18:44:29.708 3584 3584 D wpa_supplicant: CTRL_IFACE: ENABLE_NETWORK id=0
04-23 18:44:29.708 3584 3584 I wpa_supplicant: wlan0: CTRL-EVENT-SSID-REENABLED id=0 ssid="Technoburst"
04-23 18:44:29.709 3584 3584 D wpa_supplicant: CTRL_IFACE monitor sent successfully to /data/misc/wifi/sockets/wpa_ctrl_2325-4\x00
04-23 18:44:29.709 3584 3584 D wpa_supplicant: wlan0: Control interface command 'SET_NETWORK [REMOVED]'
04-23 18:44:29.709 3584 3584 D wpa_supplicant: CTRL_IFACE: SET_NETWORK id=0 name='priority'
04-23 18:44:29.709 3584 3584 D wpa_supplicant: CTRL_IFACE: value - hexdump(len=1): [REMOVED]
04-23 18:44:29.709 3584 3584 D wpa_supplicant: priority=7 (0x7)
04-23 18:44:29.710 2325 2509 E WifiConfigStore: will read network variables netId=0
04-23 18:44:29.710 3584 3584 D wpa_supplicant: wlan0: Control interface command 'GET_NETWORK 0 ssid'
04-23 18:44:29.710 3584 3584 D wpa_supplicant: CTRL_IFACE: GET_NETWORK id=0 name='ssid'
04-23 18:44:29.710 3584 3584 D wpa_supplicant: wlan0: Control interface command 'GET_NETWORK 0 bssid'
04-23 18:44:29.710 3584 3584 D wpa_supplicant: CTRL_IFACE: GET_NETWORK id=0 name='bssid'
04-23 18:44:29.710 3584 3584 D wpa_supplicant: CTRL_IFACE: Failed to get network variable 'bssid'
04-23 18:44:29.711 3584 3584 D wpa_supplicant: wlan0: Control interface command 'GET_NETWORK 0 priority'
04-23 18:44:29.711 3584 3584 D wpa_supplicant: CTRL_IFACE: GET_NETWORK id=0 name='priority'
04-23 18:44:29.711 3584 3584 D wpa_supplicant: wlan0: Control interface command 'GET_NETWORK 0 scan_ssid'
04-23 18:44:29.711 3584 3584 D wpa_supplicant: CTRL_IFACE: GET_NETWORK id=0 name='scan_ssid'
04-23 18:44:29.712 3584 3584 D wpa_supplicant: wlan0: Control interface command 'GET_NETWORK 0 wep_tx_keyidx'
04-23 18:44:29.712 3584 3584 D wpa_supplicant: CTRL_IFACE: GET_NETWORK id=0 name='wep_tx_keyidx'
04-23 18:44:29.712 3584 3584 D wpa_supplicant: wlan0: Control interface command 'GET_NETWORK 0 wep_key0'
04-23 18:44:29.712 3584 3584 D wpa_supplicant: CTRL_IFACE: GET_NETWORK id=0 name='wep_key0'
04-23 18:44:29.712 3584 3584 D wpa_supplicant: CTRL_IFACE: Failed to get network variable 'wep_key0'
04-23 18:44:29.712 3584 3584 D wpa_supplicant: wlan0: Control interface command 'GET_NETWORK 0 wep_key1'
04-23 18:44:29.712 3584 3584 D wpa_supplicant: CTRL_IFACE: GET_NETWORK id=0 name='wep_key1'
04-23 18:44:29.713 3584 3584 D wpa_supplicant: CTRL_IFACE: Failed to get network variable 'wep_key1'
04-23 18:44:29.713 3584 3584 D wpa_supplicant: wlan0: Control interface command 'GET_NETWORK 0 wep_key2'
04-23 18:44:29.713 3584 3584 D wpa_supplicant: CTRL_IFACE: GET_NETWORK id=0 name='wep_key2'
04-23 18:44:29.713 3584 3584 D wpa_supplicant: CTRL_IFACE: Failed to get network variable 'wep_key2'
04-23 18:44:29.713 3584 3584 D wpa_supplicant: wlan0: Control interface command 'GET_NETWORK 0 wep_key3'
04-23 18:44:29.713 3584 3584 D wpa_supplicant: CTRL_IFACE: GET_NETWORK id=0 name='wep_key3'
04-23 18:44:29.713 3584 3584 D wpa_supplicant: CTRL_IFACE: Failed to get network variable 'wep_key3'
