04-23 19:09:12.800 2034 2307 E audio_hw_primary: no pcm card found!
04-23 19:09:12.811 2034 2307 E audio_hw_primary: no pcm card found!
04-23 19:09:12.822 2034 2307 E audio_hw_primary: no pcm card found!
04-23 19:09:12.833 2034 2307 E audio_hw_primary: no pcm card found!
04-23 19:09:12.844 2034 2307 E audio_hw_primary: no pcm card found!
04-23 19:09:12.855 2034 2307 E audio_hw_primary: no pcm card found!
04-23 19:09:12.866 2034 2307 E audio_hw_primary: no pcm card found!
04-23 19:09:12.877 2034 2307 E audio_hw_primary: no pcm card found!
04-23 19:09:12.888 2034 2307 E audio_hw_primary: no pcm card found!
04-23 19:09:12.900 2034 2307 E audio_hw_primary: no pcm card found!
04-23 19:09:12.911 2034 2307 E audio_hw_primary: no pcm card found!
04-23 19:09:12.922 2034 2307 E audio_hw_primary: no pcm card found!
04-23 19:09:12.933 2034 2307 E audio_hw_primary: no pcm card found!
04-23 19:09:12.945 2034 2307 E audio_hw_primary: no pcm card found!
04-23 19:09:12.956 2034 2307 E audio_hw_primary: no pcm card found!
04-23 19:09:12.967 2034 2307 E audio_hw_primary: no pcm card found!
04-23 19:09:12.978 2034 2307 E audio_hw_primary: no pcm card found!
04-23 19:09:12.989 2034 2307 E audio_hw_primary: no pcm card found!
04-23 19:09:12.991 2693 2693 D PhoneStatusBar: disable: < expand icons* alerts system_info* back home recent clock search
> 04-23 19:09:13.001 2034 2307 E audio_hw_primary: no pcm card found!
04-23 19:09:13.012 2034 2307 E audio_hw_primary: no pcm card found!
04-23 19:09:13.023 2034 2307 E audio_hw_primary: no pcm card found!
04-23 19:09:13.034 2034 2307 E audio_hw_primary: no pcm card found!
04-23 19:09:13.046 2034 2307 E audio_hw_primary: no pcm card found!
04-23 19:09:13.057 2034 2307 E audio_hw_primary: no pcm card found!
04-23 19:09:13.068 2034 2307 E audio_hw_primary: no pcm card found!
04-23 19:09:13.079 2034 2307 E audio_hw_primary: no pcm card found!
04-23 19:09:13.090 2034 2307 E audio_hw_primary: no pcm card found!
04-23 19:09:13.101 2034 2307 E audio_hw_primary: no pcm card found!
04-23 19:09:13.113 2034 2307 E audio_hw_primary: no pcm card found!
04-23 19:09:13.124 2034 2307 E audio_hw_primary: no pcm card found!
04-23 19:09:13.135 2034 2307 E audio_hw_primary: no pcm card found!
04-23 19:09:13.147 2034 2307 E audio_hw_primary: no pcm card found!
04-23 19:09:13.158 2034 2307 E audio_hw_primary: no pcm card found!
04-23 19:09:13.169 2034 2307 E audio_hw_primary: no pcm card found!
04-23 19:09:13.180 2034 2307 E audio_hw_primary: no pcm card found!
04-23 19:09:13.192 2034 2307 E audio_hw_primary: no pcm card found!
04-23 19:09:13.203 2034 2307 E audio_hw_primary: no pcm card found!
04-23 19:09:13.214 2034 2307 E audio_hw_primary: no pcm card found!
04-23 19:09:13.225 2034 2307 E audio_hw_primary: no pcm card found!
04-23 19:09:13.236 2034 2307 E audio_hw_primary: no pcm card found!
04-23 19:09:13.248 2034 2307 E audio_hw_primary: no pcm card found!
04-23 19:09:13.259 2034 2307 E audio_hw_primary: no pcm card found!
04-23 19:09:13.270 2034 2307 E audio_hw_primary: no pcm card found!
04-23 19:09:13.281 2034 2307 E audio_hw_primary: no pcm card found!
04-23 19:09:13.293 2034 2307 E audio_hw_primary: no pcm card found!
04-23 19:09:13.304 2034 2307 E audio_hw_primary: no pcm card found!
04-23 19:09:13.315 2034 2307 E audio_hw_primary: no pcm card found!
04-23 19:09:13.326 2034 2307 E audio_hw_primary: no pcm card found!
04-23 19:09:13.337 2034 2307 E audio_hw_primary: no pcm card found!
04-23 19:09:13.349 2034 2307 E audio_hw_primary: no pcm card found!
04-23 19:09:13.360 2034 2307 E audio_hw_primary: no pcm card found!
04-23 19:09:13.372 2034 2307 E audio_hw_primary: no pcm card found!
04-23 19:09:13.383 2034 2307 E audio_hw_primary: no pcm card found!
04-23 19:09:13.394 2034 2307 E audio_hw_primary: no pcm card found!
04-23 19:09:13.406 2034 2307 E audio_hw_primary: no pcm card found!
04-23 19:09:13.417 2034 2307 E audio_hw_primary: no pcm card found!
04-23 19:09:13.428 2034 2307 E audio_hw_primary: no pcm card found!
04-23 19:09:13.440 2034 2307 E audio_hw_primary: no pcm card found!
04-23 19:09:13.451 2034 2307 E audio_hw_primary: no pcm card found!
04-23 19:09:13.462 2034 2307 E audio_hw_primary: no pcm card found!
04-23 19:09:13.474 2034 2307 E audio_hw_primary: no pcm card found!
04-23 19:09:13.485 2034 2307 E audio_hw_primary: no pcm card found!
04-23 19:09:13.496 2034 2307 E audio_hw_primary: no pcm card found!
04-23 19:09:13.507 2034 2307 E audio_hw_primary: no pcm card found!
04-23 19:09:13.518 2034 2307 E audio_hw_primary: no pcm card found!
04-23 19:09:13.530 2034 2307 E audio_hw_primary: no pcm card found!
04-23 19:09:13.541 2034 2307 E audio_hw_primary: no pcm card found!
04-23 19:09:13.553 2034 2307 E audio_hw_primary: no pcm card found!
04-23 19:09:13.564 2034 2307 E audio_hw_primary: no pcm card found!
04-23 19:09:13.575 2034 2307 E audio_hw_primary: no pcm card found!
04-23 19:09:13.587 2034 2307 E audio_hw_primary: no pcm card found!
04-23 19:09:13.598 2034 2307 E audio_hw_primary: no pcm card found!
04-23 19:09:13.609 2034 2307 E audio_hw_primary: no pcm card found!
04-23 19:09:13.621 2034 2307 E audio_hw_primary: no pcm card found!
04-23 19:09:13.632 2034 2307 E audio_hw_primary: no pcm card found!
04-23 19:09:13.644 2034 2307 E audio_hw_primary: no pcm card found!
04-23 19:09:13.655 2034 2307 E audio_hw_primary: no pcm card found!
04-23 19:09:13.666 2034 2307 E audio_hw_primary: no pcm card found!
04-23 19:09:13.677 2034 2307 E audio_hw_primary: no pcm card found!
04-23 19:09:13.689 2034 2307 E audio_hw_primary: no pcm card found!
04-23 19:09:13.700 2034 2307 E audio_hw_primary: no pcm card found!
04-23 19:09:13.711 2034 2307 E audio_hw_primary: no pcm card found!
04-23 19:09:13.722 2034 2307 E audio_hw_primary: no pcm card found!
04-23 19:09:13.734 2034 2307 E audio_hw_primary: no pcm card found!
04-23 19:09:13.745 2034 2307 E audio_hw_primary: no pcm card found!
04-23 19:09:13.757 2034 2307 E audio_hw_primary: no pcm card found!
04-23 19:09:13.768 2034 2307 E audio_hw_primary: no pcm card found!
04-23 19:09:13.779 2034 2307 E audio_hw_primary: no pcm card found!
04-23 19:09:13.790 2034 2307 E audio_hw_primary: no pcm card found!
04-23 19:09:13.802 2034 2307 E audio_hw_primary: no pcm card found!
04-23 19:09:13.813 2034 2307 E audio_hw_primary: no pcm card found!
04-23 19:09:13.824 2034 2307 E audio_hw_primary: no pcm card found!
04-23 19:09:13.836 2034 2307 E audio_hw_primary: no pcm card found!
04-23 19:09:13.847 2034 2307 E audio_hw_primary: no pcm card found!
04-23 19:09:13.858 2034 2307 E audio_hw_primary: no pcm card found!
04-23 19:09:13.869 2034 2307 E audio_hw_primary: no pcm card found!
04-23 19:09:13.880 2034 2307 E audio_hw_primary: no pcm card found!
04-23 19:09:13.891 2034 2307 E audio_hw_primary: no pcm card found!
04-23 19:09:13.902 2034 2307 E audio_hw_primary: no pcm card found!
04-23 19:09:13.914 2034 2307 E audio_hw_primary: no pcm card found!
04-23 19:09:13.925 2034 2307 E audio_hw_primary: no pcm card found!
04-23 19:09:13.936 2034 2307 E audio_hw_primary: no pcm card found!
04-23 19:09:13.947 2034 2307 E audio_hw_primary: no pcm card found!
04-23 19:09:13.958 2034 2307 E audio_hw_primary: no pcm card found!
04-23 19:09:13.969 2034 2307 E audio_hw_primary: no pcm card found!
04-23 19:09:13.980 2034 2307 E audio_hw_primary: no pcm card found!
04-23 19:09:13.992 2034 2307 E audio_hw_primary: no pcm card found!
04-23 19:09:14.003 2034 2307 E audio_hw_primary: no pcm card found!
04-23 19:09:14.015 2034 2307 E audio_hw_primary: no pcm card found!
04-23 19:09:14.026 2034 2307 E audio_hw_primary: no pcm card found!
04-23 19:09:14.037 2034 2307 E audio_hw_primary: no pcm card found!
04-23 19:09:14.048 2034 2307 E audio_hw_primary: no pcm card found!
04-23 19:09:14.059 2034 2307 E audio_hw_primary: no pcm card found!
04-23 19:09:14.070 2034 2307 E audio_hw_primary: no pcm card found!
04-23 19:09:14.082 2034 2307 E audio_hw_primary: no pcm card found!
04-23 19:09:14.093 2034 2307 E audio_hw_primary: no pcm card found!
04-23 19:09:14.104 2034 2307 E audio_hw_primary: no pcm card found!
04-23 19:09:14.115 2034 2307 E audio_hw_primary: no pcm card found!
04-23 19:09:14.127 2034 2307 E audio_hw_primary: no pcm card found!
04-23 19:09:14.138 2034 2307 E audio_hw_primary: no pcm card found!
04-23 19:09:14.149 2034 2307 E audio_hw_primary: no pcm card found!
04-23 19:09:14.160 2034 2307 E audio_hw_primary: no pcm card found!
04-23 19:09:14.172 2034 2307 E audio_hw_primary: no pcm card found!
04-23 19:09:14.183 2034 2307 E audio_hw_primary: no pcm card found!
04-23 19:09:14.194 2034 2307 E audio_hw_primary: no pcm card found!
04-23 19:09:14.206 2034 2307 E audio_hw_primary: no pcm card found!
04-23 19:09:14.217 2034 2307 E audio_hw_primary: no pcm card found!
04-23 19:09:14.229 2034 2307 E audio_hw_primary: no pcm card found!
04-23 19:09:14.240 2034 2307 E audio_hw_primary: no pcm card found!
04-23 19:09:14.252 2034 2307 E audio_hw_primary: no pcm card found!
04-23 19:09:14.263 2034 2307 E audio_hw_primary: no pcm card found!
04-23 19:09:14.274 2034 2307 E audio_hw_primary: no pcm card found!
04-23 19:09:14.286 2034 2307 E audio_hw_primary: no pcm card found!
04-23 19:09:14.297 2034 2307 E audio_hw_primary: no pcm card found!
04-23 19:09:14.308 2034 2307 E audio_hw_primary: no pcm card found!
04-23 19:09:14.320 2034 2307 E audio_hw_primary: no pcm card found!
04-23 19:09:14.331 2034 2307 E audio_hw_primary: no pcm card found!
04-23 19:09:14.342 2034 2307 E audio_hw_primary: no pcm card found!
04-23 19:09:14.354 2034 2307 E audio_hw_primary: no pcm card found!
04-23 19:09:14.365 2034 2307 E audio_hw_primary: no pcm card found!
04-23 19:09:14.376 2034 2307 E audio_hw_primary: no pcm card found!
04-23 19:09:14.388 2034 2307 E audio_hw_primary: no pcm card found!
04-23 19:09:14.399 2034 2307 E audio_hw_primary: no pcm card found!
04-23 19:09:14.411 2034 2307 E audio_hw_primary: no pcm card found!
04-23 19:09:14.422 2034 2307 E audio_hw_primary: no pcm card found!
04-23 19:09:14.433 2034 2307 E audio_hw_primary: no pcm card found!
04-23 19:09:14.445 2034 2307 E audio_hw_primary: no pcm card found!
04-23 19:09:14.456 2034 2307 E audio_hw_primary: no pcm card found!
04-23 19:09:14.468 2034 2307 E audio_hw_primary: no pcm card found!
04-23 19:09:14.479 2034 2307 E audio_hw_primary: no pcm card found!
04-23 19:09:14.490 2034 2307 E audio_hw_primary: no pcm card found!
04-23 19:09:14.502 2034 2307 E audio_hw_primary: no pcm card found!
04-23 19:09:14.513 2034 2307 E audio_hw_primary: no pcm card found!
04-23 19:09:14.524 2034 2307 E audio_hw_primary: no pcm card found!
04-23 19:09:14.536 2034 2307 E audio_hw_primary: no pcm card found!
04-23 19:09:14.547 2034 2307 E audio_hw_primary: no pcm card found!
04-23 19:09:14.558 2034 2307 E audio_hw_primary: no pcm card found!
04-23 19:09:14.570 2034 2307 E audio_hw_primary: no pcm card found!
04-23 19:09:14.581 2034 2307 E audio_hw_primary: no pcm card found!
04-23 19:09:14.592 2034 2307 E audio_hw_primary: no pcm card found!
04-23 19:09:14.604 2034 2307 E audio_hw_primary: no pcm card found!
04-23 19:09:14.615 2034 2307 E audio_hw_primary: no pcm card found!
04-23 19:09:14.627 2034 2307 E audio_hw_primary: no pcm card found!
04-23 19:09:14.638 2034 2307 E audio_hw_primary: no pcm card found!
04-23 19:09:14.649 2034 2307 E audio_hw_primary: no pcm card found!
04-23 19:09:14.661 2034 2307 E audio_hw_primary: no pcm card found!
04-23 19:09:14.672 2034 2307 E audio_hw_primary: no pcm card found!
04-23 19:09:14.683 2034 2307 E audio_hw_primary: no pcm card found!
04-23 19:09:14.695 2034 2307 E audio_hw_primary: no pcm card found!
04-23 19:09:14.706 2034 2307 E audio_hw_primary: no pcm card found!
04-23 19:09:14.717 2034 2307 E audio_hw_primary: no pcm card found!
04-23 19:09:14.729 2034 2307 E audio_hw_primary: no pcm card found!
04-23 19:09:14.740 2034 2307 E audio_hw_primary: no pcm card found!
04-23 19:09:14.751 2034 2307 E audio_hw_primary: no pcm card found!
04-23 19:09:14.763 2034 2307 E audio_hw_primary: no pcm card found!
04-23 19:09:14.774 2034 2307 E audio_hw_primary: no pcm card found!
04-23 19:09:14.786 2034 2307 E audio_hw_primary: no pcm card found!
04-23 19:09:14.797 2034 2307 E audio_hw_primary: no pcm card found!
04-23 19:09:14.808 2034 2307 E audio_hw_primary: no pcm card found!
04-23 19:09:14.820 2034 2307 E audio_hw_primary: no pcm card found!
04-23 19:09:14.831 2034 2307 E audio_hw_primary: no pcm card found!
04-23 19:09:14.842 2034 2307 E audio_hw_primary: no pcm card found!
04-23 19:09:14.854 2034 2307 E audio_hw_primary: no pcm card found!
04-23 19:09:14.865 2034 2307 E audio_hw_primary: no pcm card found!
04-23 19:09:14.876 2034 2307 E audio_hw_primary: no pcm card found!
04-23 19:09:14.888 2034 2307 E audio_hw_primary: no pcm card found!
04-23 19:09:14.899 2034 2307 E audio_hw_primary: no pcm card found!
04-23 19:09:14.910 2034 2307 E audio_hw_primary: no pcm card found!
04-23 19:09:14.922 2034 2307 E audio_hw_primary: no pcm card found!
04-23 19:09:14.933 2034 2307 E audio_hw_primary: no pcm card found!
04-23 19:09:14.945 2034 2307 E audio_hw_primary: no pcm card found!
04-23 19:09:14.956 2034 2307 E audio_hw_primary: no pcm card found!
04-23 19:09:14.967 2034 2307 E audio_hw_primary: no pcm card found!
04-23 19:09:14.979 2034 2307 E audio_hw_primary: no pcm card found!
04-23 19:09:14.990 2034 2307 E audio_hw_primary: no pcm card found!
04-23 19:09:15.001 2034 2307 E audio_hw_primary: no pcm card found!
04-23 19:09:15.013 2034 2307 E audio_hw_primary: no pcm card found!
04-23 19:09:15.024 2034 2307 E audio_hw_primary: no pcm card found!
04-23 19:09:15.036 2034 2307 E audio_hw_primary: no pcm card found!
04-23 19:09:15.047 2034 2307 E audio_hw_primary: no pcm card found!
04-23 19:09:15.058 2034 2307 E audio_hw_primary: no pcm card found!
04-23 19:09:15.069 2034 2307 E audio_hw_primary: no pcm card found!
04-23 19:09:15.081 2034 2307 E audio_hw_primary: no pcm card found!
04-23 19:09:15.092 2034 2307 E audio_hw_primary: no pcm card found!
04-23 19:09:15.104 2034 2307 E audio_hw_primary: no pcm card found!
04-23 19:09:15.115 2034 2307 E audio_hw_primary: no pcm card found!
04-23 19:09:15.126 2034 2307 E audio_hw_primary: no pcm card found!
04-23 19:09:15.138 2034 2307 E audio_hw_primary: no pcm card found!
04-23 19:09:15.149 2034 2307 E audio_hw_primary: no pcm card found!
04-23 19:09:15.160 2034 2307 E audio_hw_primary: no pcm card found!
04-23 19:09:15.172 2034 2307 E audio_hw_primary: no pcm card found!
04-23 19:09:15.183 2034 2307 E audio_hw_primary: no pcm card found!
04-23 19:09:15.194 2034 2307 E audio_hw_primary: no pcm card found!
04-23 19:09:15.206 2034 2307 E audio_hw_primary: no pcm card found!
04-23 19:09:15.217 2034 2307 E audio_hw_primary: no pcm card found!
04-23 19:09:15.229 2034 2307 E audio_hw_primary: no pcm card found!
04-23 19:09:15.240 2034 2307 E audio_hw_primary: no pcm card found!
04-23 19:09:15.251 2034 2307 E audio_hw_primary: no pcm card found!
04-23 19:09:15.263 2034 2307 E audio_hw_primary: no pcm card found!
04-23 19:09:15.274 2034 2307 E audio_hw_primary: no pcm card found!
04-23 19:09:15.286 2034 2307 E audio_hw_primary: no pcm card found!
04-23 19:09:15.297 2034 2307 E audio_hw_primary: no pcm card found!
04-23 19:09:15.308 2034 2307 E audio_hw_primary: no pcm card found!
04-23 19:09:15.320 2034 2307 E audio_hw_primary: no pcm card found!
04-23 19:09:15.331 2034 2307 E audio_hw_primary: no pcm card found!
04-23 19:09:15.342 2034 2307 E audio_hw_primary: no pcm card found!
04-23 19:09:15.354 2034 2307 E audio_hw_primary: no pcm card found!
04-23 19:09:15.365 2034 2307 E audio_hw_primary: no pcm card found!
04-23 19:09:15.377 2034 2307 E audio_hw_primary: no pcm card found!
04-23 19:09:15.388 2034 2307 E audio_hw_primary: no pcm card found!
04-23 19:09:15.400 2034 2307 E audio_hw_primary: no pcm card found!
04-23 19:09:15.411 2034 2307 E audio_hw_primary: no pcm card found!
04-23 19:09:15.422 2034 2307 E audio_hw_primary: no pcm card found!
04-23 19:09:15.434 2034 2307 E audio_hw_primary: no pcm card found!
04-23 19:09:15.445 2034 2307 E audio_hw_primary: no pcm card found!
04-23 19:09:15.456 2034 2307 E audio_hw_primary: no pcm card found!
04-23 19:09:15.467 2034 2307 E audio_hw_primary: no pcm card found!
04-23 19:09:15.479 2034 2307 E audio_hw_primary: no pcm card found!
04-23 19:09:15.488 2325 4575 I ActivityManager: START u0 {act=android.intent.action.MAIN cmp=com.android.settings/.SubSettings (has extras)} from uid 1000 on display 0
04-23 19:09:15.489 2325 2515 W AudioTrack: AUDIO_OUTPUT_FLAG_FAST denied by client
04-23 19:09:15.490 2034 2307 E audio_hw_primary: no pcm card found!
04-23 19:09:15.493 2325 4575 V WindowManager: addAppToken: AppWindowToken{170e13eb token=Token{20213b3a ActivityRecord{23dc4265 u0 com.android.settings/.SubSettings t12}}} to stack=1 task=12 at 1
04-23 19:09:15.504 2034 2307 E audio_hw_primary: no pcm card found!
04-23 19:09:15.526 2034 2307 E audio_hw_primary: no pcm card found!
04-23 19:09:15.536 3819 3819 D SubSettings: Launching fragment com.android.settings.bluetooth.BluetoothSettings
04-23 19:09:15.537 2034 2307 E audio_hw_primary: no pcm card found!
04-23 19:09:15.548 2034 2307 E audio_hw_primary: no pcm card found!
04-23 19:09:15.559 2034 2307 E audio_hw_primary: no pcm card found!
04-23 19:09:15.569 3819 3819 D BluetoothAdapter: 687382168: getState() : mService = null. Returning STATE_OFF
04-23 19:09:15.570 2034 2307 E audio_hw_primary: no pcm card found!
04-23 19:09:15.571 3819 3819 D LocalBluetoothManager: setting foreground activity to non-null context
04-23 19:09:15.571 3819 3819 D BluetoothAdapter: 687382168: getState() : mService = null. Returning STATE_OFF
04-23 19:09:15.573 3819 3819 D BluetoothAdapter: 687382168: getState() : mService = null. Returning STATE_OFF
04-23 19:09:15.574 3819 3819 D BluetoothAdapter: 687382168: getState() : mService = null. Returning STATE_OFF
04-23 19:09:15.581 2034 2307 E audio_hw_primary: no pcm card found!
04-23 19:09:15.583 2325 2634 V WindowManager: Adding window Window{13734351 u0 com.android.settings/com.android.settings.SubSettings} at 4 of 9 (after Window{90b6aad u0 com.android.settings/com.android.settings.Settings})
04-23 19:09:15.592 2034 2307 E audio_hw_primary: no pcm card found!
04-23 19:09:15.603 2034 2307 E audio_hw_primary: no pcm card found!
04-23 19:09:15.614 2034 2307 E audio_hw_primary: no pcm card found!
04-23 19:09:15.625 2034 2307 E audio_hw_primary: no pcm card found!
04-23 19:09:15.636 2034 2307 E audio_hw_primary: no pcm card found!
04-23 19:09:15.642 3819 4742 D Index : Deleting data for locale 'en_US' took 3 millis
04-23 19:09:15.643 3819 4742 D BluetoothAdapter: 687382168: getState() : mService = null. Returning STATE_OFF
04-23 19:09:15.646 3819 4742 D Index : Indexing locale 'en_US' took 4 millis
04-23 19:09:15.647 2034 2307 E audio_hw_primary: no pcm card found!
04-23 19:09:15.658 2034 2307 E audio_hw_primary: no pcm card found!
04-23 19:09:15.664 3819 3819 D BluetoothAdapter: 687382168: getState() : mService = null. Returning STATE_OFF
04-23 19:09:15.664 3819 3819 D BluetoothAdapter: 687382168: getState() : mService = null. Returning STATE_OFF
04-23 19:09:15.669 2034 2307 E audio_hw_primary: no pcm card found!
04-23 19:09:15.680 2034 2307 E audio_hw_primary: no pcm card found!
04-23 19:09:15.691 2034 2307 E audio_hw_primary: no pcm card found!
04-23 19:09:15.702 2034 2307 E audio_hw_primary: no pcm card found!
04-23 19:09:15.713 2034 2307 E audio_hw_primary: no pcm card found!
04-23 19:09:15.724 2034 2307 E audio_hw_primary: no pcm card found!
04-23 19:09:15.735 2034 2307 E audio_hw_primary: no pcm card found!
04-23 19:09:15.746 2034 2307 E audio_hw_primary: no pcm card found!
04-23 19:09:15.757 2034 2307 E audio_hw_primary: no pcm card found!
04-23 19:09:15.768 2034 2307 E audio_hw_primary: no pcm card found!
04-23 19:09:15.779 2034 2307 E audio_hw_primary: no pcm card found!
04-23 19:09:15.790 2325 2355 I ActivityManager: Displayed com.android.settings/.SubSettings: +288ms
04-23 19:09:15.790 2034 2307 E audio_hw_primary: no pcm card found!
04-23 19:09:15.801 2034 2307 E audio_hw_primary: no pcm card found!
04-23 19:09:15.810 3819 4670 D OpenGLRenderer: endAllStagingAnimators on 0x7f14b9f20c00 (RippleDrawable) with handle 0x7f14b9a170a0
04-23 19:09:15.812 2034 2307 E audio_hw_primary: no pcm card found!
04-23 19:09:15.823 2034 2307 E audio_hw_primary: no pcm card found!
04-23 19:09:15.834 2034 2307 E audio_hw_primary: no pcm card found!
04-23 19:09:15.846 2034 2307 E audio_hw_primary: no pcm card found!
04-23 19:09:15.857 2034 2307 E audio_hw_primary: no pcm card found!
04-23 19:09:15.868 2034 2307 E audio_hw_primary: no pcm card found!
04-23 19:09:15.879 2034 2307 E audio_hw_primary: no pcm card found!
04-23 19:09:15.890 2034 2307 E audio_hw_primary: no pcm card found!
04-23 19:09:15.901 2034 2307 E audio_hw_primary: no pcm card found!
04-23 19:09:15.913 2034 2307 E audio_hw_primary: no pcm card found!
04-23 19:09:15.924 2034 2307 E audio_hw_primary: no pcm card found!
04-23 19:09:15.935 2034 2307 E audio_hw_primary: no pcm card found!
04-23 19:09:15.946 2034 2307 E audio_hw_primary: no pcm card found!
04-23 19:09:15.957 2034 2307 E audio_hw_primary: no pcm card found!
04-23 19:09:15.968 2034 2307 E audio_hw_primary: no pcm card found!
04-23 19:09:15.979 2034 2307 E audio_hw_primary: no pcm card found!
04-23 19:09:15.991 2034 2307 E audio_hw_primary: no pcm card found!
04-23 19:09:16.002 2034 2307 E audio_hw_primary: no pcm card found!
04-23 19:09:16.013 2034 2307 E audio_hw_primary: no pcm card found!
04-23 19:09:16.024 2034 2307 E audio_hw_primary: no pcm card found!
04-23 19:09:16.035 2034 2307 E audio_hw_primary: no pcm card found!
04-23 19:09:16.046 2034 2307 E audio_hw_primary: no pcm card found!
04-23 19:09:16.057 2034 2307 E audio_hw_primary: no pcm card found!
04-23 19:09:16.068 2034 2307 E audio_hw_primary: no pcm card found!
04-23 19:09:16.080 2034 2307 E audio_hw_primary: no pcm card found!
04-23 19:09:16.091 2034 2307 E audio_hw_primary: no pcm card found!
04-23 19:09:16.102 2034 2307 E audio_hw_primary: no pcm card found!
04-23 19:09:16.113 2034 2307 E audio_hw_primary: no pcm card found!
04-23 19:09:16.124 2034 2307 E audio_hw_primary: no pcm card found!
04-23 19:09:16.135 2034 2307 E audio_hw_primary: no pcm card found!
04-23 19:09:16.146 2034 2307 E audio_hw_primary: no pcm card found!
04-23 19:09:16.157 2034 2307 E audio_hw_primary: no pcm card found!
04-23 19:09:16.168 2034 2307 E audio_hw_primary: no pcm card found!
04-23 19:09:16.180 2034 2307 E audio_hw_primary: no pcm card found!
04-23 19:09:16.191 2034 2307 E audio_hw_primary: no pcm card found!
04-23 19:09:16.202 2034 2307 E audio_hw_primary: no pcm card found!
04-23 19:09:16.214 2034 2307 E audio_hw_primary: no pcm card found!
04-23 19:09:16.225 2034 2307 E audio_hw_primary: no pcm card found!
04-23 19:09:16.236 2034 2307 E audio_hw_primary: no pcm card found!
04-23 19:09:16.248 2034 2307 E audio_hw_primary: no pcm card found!
04-23 19:09:16.259 2034 2307 E audio_hw_primary: no pcm card found!
04-23 19:09:16.271 2034 2307 E audio_hw_primary: no pcm card found!
04-23 19:09:16.282 2034 2307 E audio_hw_primary: no pcm card found!
04-23 19:09:16.293 2034 2307 E audio_hw_primary: no pcm card found!
04-23 19:09:16.305 2034 2307 E audio_hw_primary: no pcm card found!
04-23 19:09:16.316 2034 2307 E audio_hw_primary: no pcm card found!
04-23 19:09:16.328 2034 2307 E audio_hw_primary: no pcm card found!
04-23 19:09:16.339 2034 2307 E audio_hw_primary: no pcm card found!
04-23 19:09:16.351 2034 2307 E audio_hw_primary: no pcm card found!
04-23 19:09:16.362 2034 2307 E audio_hw_primary: no pcm card found!
04-23 19:09:16.373 2034 2307 E audio_hw_primary: no pcm card found!
04-23 19:09:16.385 2034 2307 E audio_hw_primary: no pcm card found!
04-23 19:09:16.396 2034 2307 E audio_hw_primary: no pcm card found!
04-23 19:09:16.407 2034 2307 E audio_hw_primary: no pcm card found!
04-23 19:09:16.419 2034 2307 E audio_hw_primary: no pcm card found!
04-23 19:09:16.430 2034 2307 E audio_hw_primary: no pcm card found!
04-23 19:09:16.441 2034 2307 E audio_hw_primary: no pcm card found!
04-23 19:09:16.452 2034 2307 E audio_hw_primary: no pcm card found!
04-23 19:09:16.464 2034 2307 E audio_hw_primary: no pcm card found!
04-23 19:09:16.466 2325 2532 D TaskPersister: removeObsoleteFile: deleting file=11_task.xml
04-23 19:09:16.466 2325 2532 D TaskPersister: removeObsoleteFile: deleting file=11_task_thumbnail.png
04-23 19:09:16.475 2034 2307 E audio_hw_primary: no pcm card found!
04-23 19:09:16.486 2034 2307 E audio_hw_primary: no pcm card found!
04-23 19:09:16.498 2034 2307 E audio_hw_primary: no pcm card found!
04-23 19:09:16.509 2034 2307 E audio_hw_primary: no pcm card found!
04-23 19:09:16.520 2034 2307 E audio_hw_primary: no pcm card found!
04-23 19:09:16.532 2034 2307 E audio_hw_primary: no pcm card found!
04-23 19:09:16.543 2034 2307 E audio_hw_primary: no pcm card found!
04-23 19:09:16.554 2034 2307 E audio_hw_primary: no pcm card found!
04-23 19:09:16.566 2034 2307 E audio_hw_primary: no pcm card found!
04-23 19:09:16.577 2034 2307 E audio_hw_primary: no pcm card found!
04-23 19:09:16.589 2034 2307 E audio_hw_primary: no pcm card found!
04-23 19:09:16.600 2034 2307 E audio_hw_primary: no pcm card found!
04-23 19:09:16.611 2034 2307 E audio_hw_primary: no pcm card found!
04-23 19:09:16.622 2034 2307 E audio_hw_primary: no pcm card found!
04-23 19:09:16.633 2034 2307 E audio_hw_primary: no pcm card found!
04-23 19:09:16.645 2034 2307 E audio_hw_primary: no pcm card found!
04-23 19:09:16.656 2034 2307 E audio_hw_primary: no pcm card found!
04-23 19:09:16.667 2034 2307 E audio_hw_primary: no pcm card found!
04-23 19:09:16.678 2034 2307 E audio_hw_primary: no pcm card found!
04-23 19:09:16.690 2034 2307 E audio_hw_primary: no pcm card found!
04-23 19:09:16.701 2034 2307 E audio_hw_primary: no pcm card found!
04-23 19:09:16.712 2034 2307 E audio_hw_primary: no pcm card found!
04-23 19:09:16.724 2034 2307 E audio_hw_primary: no pcm card found!
04-23 19:09:16.735 2034 2307 E audio_hw_primary: no pcm card found!
04-23 19:09:16.747 2034 2307 E audio_hw_primary: no pcm card found!
04-23 19:09:16.758 2034 2307 E audio_hw_primary: no pcm card found!
04-23 19:09:16.769 2034 2307 E audio_hw_primary: no pcm card found!
04-23 19:09:16.781 2034 2307 E audio_hw_primary: no pcm card found!
04-23 19:09:16.792 2034 2307 E audio_hw_primary: no pcm card found!
04-23 19:09:16.804 2034 2307 E audio_hw_primary: no pcm card found!
04-23 19:09:16.815 2034 2307 E audio_hw_primary: no pcm card found!
04-23 19:09:16.826 2034 2307 E audio_hw_primary: no pcm card found!
04-23 19:09:16.838 2034 2307 E audio_hw_primary: no pcm card found!
04-23 19:09:16.849 2034 2307 E audio_hw_primary: no pcm card found!
04-23 19:09:16.861 2034 2307 E audio_hw_primary: no pcm card found!
04-23 19:09:16.872 2034 2307 E audio_hw_primary: no pcm card found!
04-23 19:09:16.883 2034 2307 E audio_hw_primary: no pcm card found!
04-23 19:09:16.895 2034 2307 E audio_hw_primary: no pcm card found!
04-23 19:09:16.906 2034 2307 E audio_hw_primary: no pcm card found!
04-23 19:09:16.917 2034 2307 E audio_hw_primary: no pcm card found!
04-23 19:09:16.928 2034 2307 E audio_hw_primary: no pcm card found!
04-23 19:09:16.940 2034 2307 E audio_hw_primary: no pcm card found!
04-23 19:09:16.951 2034 2307 E audio_hw_primary: no pcm card found!
04-23 19:09:16.963 2034 2307 E audio_hw_primary: no pcm card found!
04-23 19:09:16.974 2034 2307 E audio_hw_primary: no pcm card found!
04-23 19:09:16.985 2034 2307 E audio_hw_primary: no pcm card found!
04-23 19:09:16.997 2034 2307 E audio_hw_primary: no pcm card found!
04-23 19:09:17.008 2034 2307 E audio_hw_primary: no pcm card found!
04-23 19:09:17.020 2034 2307 E audio_hw_primary: no pcm card found!
04-23 19:09:17.031 2034 2307 E audio_hw_primary: no pcm card found!
04-23 19:09:17.042 2034 2307 E audio_hw_primary: no pcm card found!
04-23 19:09:17.054 2034 2307 E audio_hw_primary: no pcm card found!
04-23 19:09:17.065 2034 2307 E audio_hw_primary: no pcm card found!
04-23 19:09:17.077 2034 2307 E audio_hw_primary: no pcm card found!
04-23 19:09:17.088 2034 2307 E audio_hw_primary: no pcm card found!
04-23 19:09:17.099 2034 2307 E audio_hw_primary: no pcm card found!
04-23 19:09:17.111 2034 2307 E audio_hw_primary: no pcm card found!
04-23 19:09:17.122 2034 2307 E audio_hw_primary: no pcm card found!
04-23 19:09:17.133 2034 2307 E audio_hw_primary: no pcm card found!
04-23 19:09:17.142 2325 2516 D BluetoothManagerService: enable(): mBluetooth =null mBinding = false
04-23 19:09:17.143 2325 2354 D BluetoothManagerService: Message: 1
04-23 19:09:17.143 2325 2354 D BluetoothManagerService: MESSAGE_ENABLE: mBluetooth = null
04-23 19:09:17.144 2034 2307 E audio_hw_primary: no pcm card found!
04-23 19:09:17.147 2325 2515 W AudioTrack: AUDIO_OUTPUT_FLAG_FAST denied by client
04-23 19:09:17.155 2034 2307 E audio_hw_primary: no pcm card found!
04-23 19:09:17.169 2034 2307 E audio_hw_primary: no pcm card found!
04-23 19:09:17.191 2325 2354 I ActivityManager: Start proc 4780:com.android.bluetooth/1002 for service com.android.bluetooth/.btservice.AdapterService
04-23 19:09:17.191 2034 2307 E audio_hw_primary: no pcm card found!
04-23 19:09:17.202 2034 2307 E audio_hw_primary: no pcm card found!
04-23 19:09:17.213 2034 2307 E audio_hw_primary: no pcm card found!
04-23 19:09:17.223 4780 4780 W ResourcesManager: Asset path '/system/framework/javax.obex.jar' does not exist or contains no resources.
04-23 19:09:17.224 2034 2307 E audio_hw_primary: no pcm card found!
04-23 19:09:17.235 2034 2307 E audio_hw_primary: no pcm card found!
04-23 19:09:17.246 2034 2307 E audio_hw_primary: no pcm card found!
04-23 19:09:17.248 4780 4780 D AdapterServiceConfig: Adding HeadsetService
04-23 19:09:17.248 4780 4780 D AdapterServiceConfig: Adding A2dpService
04-23 19:09:17.248 4780 4780 D AdapterServiceConfig: Adding HidService
04-23 19:09:17.248 4780 4780 D AdapterServiceConfig: Adding HealthService
04-23 19:09:17.249 4780 4780 D AdapterServiceConfig: Adding PanService
04-23 19:09:17.249 4780 4780 D AdapterServiceConfig: Adding GattService
04-23 19:09:17.249 4780 4780 D AdapterServiceConfig: Adding BluetoothMapService
04-23 19:09:17.257 2034 2307 E audio_hw_primary: no pcm card found!
04-23 19:09:17.262 2325 2354 D BluetoothManagerService: Message: 20
04-23 19:09:17.262 2325 2354 D BluetoothManagerService: Added callback: android.bluetooth.IBluetoothManagerCallback$Stub$Proxy@181d3baf:true
04-23 19:09:17.263 4780 4780 D BluetoothAdapterState: make
04-23 19:09:17.267 4780 4780 I bluedroid: init
04-23 19:09:17.268 4780 4798 I BluetoothAdapterState: Entering OffState
04-23 19:09:17.268 4780 4780 E bt-btif : btif_config_get(L190): assert failed: section && *section && key && *key && name && *name && bytes && type
04-23 19:09:17.268 2034 2307 E audio_hw_primary: no pcm card found!
04-23 19:09:17.268 4780 4780 I bte_conf: bte_load_conf attempt to load stack conf from /etc/bluetooth/bt_stack.conf
04-23 19:09:17.269 4780 4780 I bte_conf: bte_load_ble_conf attempt to load ble stack conf from /etc/bluetooth/ble_stack.conf
04-23 19:09:17.269 4780 4780 E bt_osi_config: config_new unable to open file '/etc/bluetooth/ble_stack.conf': No such file or directory
04-23 19:09:17.269 4780 4780 I bte_conf: bte_load_ble_conf file >/etc/bluetooth/ble_stack.conf< not found
04-23 19:09:17.269 4780 4780 I bluedroid: get_profile_interface socket
04-23 19:09:17.269 4780 4780 I bluedroid: get_profile_interface map_client
04-23 19:09:17.271 4780 4801 I GKI_LINUX: gki_task_entry task_id=1 [BTIF] starting
04-23 19:09:17.273 4780 4801 D BluetoothAdapterProperties: Address is:22:22:5E:5B:63:72
04-23 19:09:17.275 4780 4801 D BluetoothAdapterProperties: Name is: Android-x86
04-23 19:09:17.275 2325 2325 D BluetoothManagerService: Bluetooth Adapter name changed to Android-x86
04-23 19:09:17.275 2325 2325 D BluetoothManagerService: Stored Bluetooth name: Android-x86
04-23 19:09:17.275 2325 2325 D BluetoothManagerService: BluetoothServiceConnection: com.android.bluetooth.btservice.AdapterService
04-23 19:09:17.275 2325 2354 D BluetoothManagerService: Message: 40
04-23 19:09:17.275 2325 2354 D BluetoothManagerService: MESSAGE_BLUETOOTH_SERVICE_CONNECTED: 1
04-23 19:09:17.276 4780 4797 I bluedroid: config_hci_snoop_log
04-23 19:09:17.278 2325 2354 D BluetoothManagerService: Calling onBluetoothServiceUp callbacks
04-23 19:09:17.278 2325 2354 D BluetoothManagerService: Broadcasting onBluetoothServiceUp() to 5 receivers.
04-23 19:09:17.279 2034 2307 E audio_hw_primary: no pcm card found!
04-23 19:09:17.281 4780 4798 D BluetoothAdapterState: CURRENT_STATE=OFF, MESSAGE = USER_TURN_ON
04-23 19:09:17.281 4780 4798 D BluetoothAdapterProperties: Setting state to 11
04-23 19:09:17.281 4780 4798 I BluetoothAdapterState: Bluetooth adapter state changed: 10-> 11
04-23 19:09:17.281 2325 2354 D BluetoothManagerService: Message: 60
04-23 19:09:17.281 2325 2354 D BluetoothManagerService: MESSAGE_BLUETOOTH_STATE_CHANGE: prevState = 10, newState=11
04-23 19:09:17.281 2325 2354 D BluetoothManagerService: Bluetooth State Change Intent: 10 -> 11
04-23 19:09:17.282 4780 4798 D BluetoothBondStateMachine: make
04-23 19:09:17.287 4780 4802 I BluetoothBondStateMachine: StableState(): Entering Off State
04-23 19:09:17.290 2034 2307 E audio_hw_primary: no pcm card found!
04-23 19:09:17.295 4780 4780 D BluetoothAdapterService: getAdapterService() - returning com.android.bluetooth.btservice.AdapterService@2ca8dbd1
04-23 19:09:17.296 4780 4780 D HeadsetService: Received start request. Starting profile...
04-23 19:09:17.297 4780 4780 I BluetoothHeadsetServiceJni: classInitNative: succeeds
04-23 19:09:17.297 4780 4780 D HeadsetStateMachine: make
04-23 19:09:17.301 2034 2307 E audio_hw_primary: no pcm card found!
04-23 19:09:17.307 4780 4780 D HeadsetStateMachine: max_hf_connections = 1
04-23 19:09:17.307 4780 4780 I bluedroid: get_profile_interface handsfree
04-23 19:09:17.309 4780 4805 D HeadsetStateMachine: Enter Disconnected: -2, size: 0
04-23 19:09:17.311 4780 4798 I BluetoothAdapterState: Entering PendingCommandState State: isTurningOn()=true, isTurningOff()=false
04-23 19:09:17.312 2034 2307 E audio_hw_primary: no pcm card found!
04-23 19:09:17.312 4780 4780 D BluetoothAdapterService: getAdapterService() - returning com.android.bluetooth.btservice.AdapterService@2ca8dbd1
04-23 19:09:17.313 4780 4780 D A2dpService: Received start request. Starting profile...
04-23 19:09:17.313 4780 4780 I BluetoothAvrcpServiceJni: classInitNative: succeeds
04-23 19:09:17.314 4780 4780 I bluedroid: get_profile_interface avrcp
04-23 19:09:17.322 4780 4780 E RemoteController: Cannot set synchronization mode on an unregistered RemoteController
04-23 19:09:17.323 4780 4780 I BluetoothA2dpServiceJni: classInitNative: succeeds
04-23 19:09:17.323 2034 2307 E audio_hw_primary: no pcm card found!
04-23 19:09:17.323 4780 4780 D A2dpStateMachine: make
04-23 19:09:17.324 4780 4780 I bluedroid: get_profile_interface a2dp
04-23 19:09:17.324 4780 4808 I GKI_LINUX: gki_task_entry task_id=2 [A2DP-MEDIA] starting
04-23 19:09:17.328 4780 4807 D A2dpStateMachine: Enter Disconnected: -2
04-23 19:09:17.328 4780 4780 I BluetoothHidServiceJni: classInitNative: succeeds
04-23 19:09:17.329 4780 4780 D BluetoothAdapterService: getAdapterService() - returning com.android.bluetooth.btservice.AdapterService@2ca8dbd1
04-23 19:09:17.330 4780 4780 D HidService: Received start request. Starting profile...
04-23 19:09:17.330 4780 4780 I bluedroid: get_profile_interface hidhost
04-23 19:09:17.331 4780 4780 I BluetoothHealthServiceJni: classInitNative: succeeds
04-23 19:09:17.332 4780 4780 D BluetoothAdapterService: getAdapterService() - returning com.android.bluetooth.btservice.AdapterService@2ca8dbd1
04-23 19:09:17.333 4780 4780 D HealthService: Received start request. Starting profile...
04-23 19:09:17.333 2034 2307 E audio_hw_primary: no pcm card found!
04-23 19:09:17.335 4780 4780 I bluedroid: get_profile_interface health
04-23 19:09:17.338 4780 4780 I BluetoothPanServiceJni: classInitNative(L105): succeeds
04-23 19:09:17.339 4780 4780 D BluetoothAdapterService: getAdapterService() - returning com.android.bluetooth.btservice.AdapterService@2ca8dbd1
04-23 19:09:17.340 4780 4780 D PanService: Received start request. Starting profile...
04-23 19:09:17.340 4780 4780 D BluetoothPanServiceJni: initializeNative(L110): pan
04-23 19:09:17.340 4780 4780 I bluedroid: get_profile_interface pan
04-23 19:09:17.341 4780 4780 D HeadsetStateMachine: Proxy object connected
04-23 19:09:17.343 4780 4780 I BtGatt.JNI: classInitNative(L873): classInitNative: Success!
04-23 19:09:17.344 2034 2307 E audio_hw_primary: no pcm card found!
04-23 19:09:17.345 4780 4780 D BluetoothAdapterService: getAdapterService() - returning com.android.bluetooth.btservice.AdapterService@2ca8dbd1
04-23 19:09:17.346 4780 4780 D BtGatt.DebugUtils: handleDebugAction() action=null
04-23 19:09:17.346 4780 4780 D BtGatt.GattService: Received start request. Starting profile...
04-23 19:09:17.346 4780 4780 D BtGatt.GattService: start()
04-23 19:09:17.346 4780 4780 I bluedroid: get_profile_interface gatt
04-23 19:09:17.346 4780 4780 D BluetoothAdapterService: getAdapterService() - returning com.android.bluetooth.btservice.AdapterService@2ca8dbd1
04-23 19:09:17.346 4780 4780 D BtGatt.AdvertiseManager: advertise manager created
04-23 19:09:17.354 4780 4780 D BluetoothAdapterService: getAdapterService() - returning com.android.bluetooth.btservice.AdapterService@2ca8dbd1
04-23 19:09:17.355 4780 4780 D BluetoothMapService: Received start request. Starting profile...
04-23 19:09:17.355 4780 4780 D BluetoothMapService: start()
04-23 19:09:17.355 2034 2307 E audio_hw_primary: no pcm card found!
04-23 19:09:17.359 4780 4780 D BluetoothMapEmailSettingsLoader: Found 0 applications
04-23 19:09:17.359 4780 4780 D BluetoothMapEmailAppObserver: createReceiver()
04-23 19:09:17.360 4780 4780 D BluetoothMapEmailAppObserver: initObservers()
04-23 19:09:17.361 4780 4780 D BluetoothMapEmailAppObserver: getEnabledAccountItems()
04-23 19:09:17.366 2034 2307 E audio_hw_primary: no pcm card found!
04-23 19:09:17.367 4780 4805 D HeadsetStateMachine: Disconnected process message: 10, size: 0
04-23 19:09:17.368 4780 4805 D HeadsetPhoneState: sendDeviceStateChanged. mService=0 mSignal=0 mRoam=0 mBatteryCharge=5
04-23 19:09:17.368 4780 4805 D HeadsetStateMachine: Disconnected process message: 11, size: 0
04-23 19:09:17.370 4780 4798 D BluetoothAdapterState: CURRENT_STATE=PENDING, MESSAGE = STARTED, isTurningOn=true, isTurningOff=false
04-23 19:09:17.370 4780 4798 I bluedroid: enable
04-23 19:09:17.371 4780 4798 I bt_hci_bdroid: init
04-23 19:09:17.371 4780 4814 I GKI_LINUX: gki_task_entry task_id=0 [BTU] starting
04-23 19:09:17.371 4780 4814 I bt-btu : btu_task pending for preload complete event
04-23 19:09:17.371 4780 4798 I bt_vendor: init
04-23 19:09:17.371 4780 4798 I bt_vnd_conf: Attempt to load conf from /etc/bluetooth/bt_vendor.conf
04-23 19:09:17.371 4780 4798 I bt_vnd_conf: vnd_load_conf file >/etc/bluetooth/bt_vendor.conf< not found
04-23 19:09:17.371 4780 4798 D bt_userial: userial_init
04-23 19:09:17.373 4780 4816 I bt_userial_vendor: userial vendor open: opening /dev/ttyO1
04-23 19:09:17.373 4780 4816 E bt_userial_vendor: userial vendor open: unable to open /dev/ttyO1
04-23 19:09:17.373 4780 4816 E bt_userial: userial_open opened wrong number of ports: got 0, expected 1.
04-23 19:09:17.373 4780 4816 E bt_userial: userial_write error writing to serial port: Bad file number
04-23 19:09:17.377 2034 2307 E audio_hw_primary: no pcm card found!
04-23 19:09:17.389 2034 2307 E audio_hw_primary: no pcm card found!
04-23 19:09:17.400 2034 2307 E audio_hw_primary: no pcm card found!
04-23 19:09:17.411 2034 2307 E audio_hw_primary: no pcm card found!
04-23 19:09:17.423 2034 2307 E audio_hw_primary: no pcm card found!
04-23 19:09:17.434 2034 2307 E audio_hw_primary: no pcm card found!
04-23 19:09:17.445 2034 2307 E audio_hw_primary: no pcm card found!
04-23 19:09:17.456 2034 2307 E audio_hw_primary: no pcm card found!
04-23 19:09:17.467 2034 2307 E audio_hw_primary: no pcm card found!
04-23 19:09:17.479 2034 2307 E audio_hw_primary: no pcm card found!
04-23 19:09:17.490 2034 2307 E audio_hw_primary: no pcm card found!
04-23 19:09:17.501 2034 2307 E audio_hw_primary: no pcm card found!
04-23 19:09:17.512 2034 2307 E audio_hw_primary: no pcm card found!
04-23 19:09:17.524 2034 2307 E audio_hw_primary: no pcm card found!
04-23 19:09:17.535 2034 2307 E audio_hw_primary: no pcm card found!
04-23 19:09:17.547 2034 2307 E audio_hw_primary: no pcm card found!
04-23 19:09:17.558 2034 2307 E audio_hw_primary: no pcm card found!
04-23 19:09:17.569 2034 2307 E audio_hw_primary: no pcm card found!
04-23 19:09:17.581 2034 2307 E audio_hw_primary: no pcm card found!
04-23 19:09:17.592 2034 2307 E audio_hw_primary: no pcm card found!
04-23 19:09:17.603 2034 2307 E audio_hw_primary: no pcm card found!
04-23 19:09:17.615 2034 2307 E audio_hw_primary: no pcm card found!
04-23 19:09:17.626 2034 2307 E audio_hw_primary: no pcm card found!
04-23 19:09:17.637 2034 2307 E audio_hw_primary: no pcm card found!
04-23 19:09:17.649 2034 2307 E audio_hw_primary: no pcm card found!
04-23 19:09:17.660 2034 2307 E audio_hw_primary: no pcm card found!
04-23 19:09:17.672 2034 2307 E audio_hw_primary: no pcm card found!
04-23 19:09:17.683 2034 2307 E audio_hw_primary: no pcm card found!
04-23 19:09:17.694 2034 2307 E audio_hw_primary: no pcm card found!
04-23 19:09:17.706 2034 2307 E audio_hw_primary: no pcm card found!
04-23 19:09:17.717 2034 2307 E audio_hw_primary: no pcm card found!
04-23 19:09:17.728 2034 2307 E audio_hw_primary: no pcm card found!
04-23 19:09:17.740 2034 2307 E audio_hw_primary: no pcm card found!
04-23 19:09:17.751 2034 2307 E audio_hw_primary: no pcm card found!
04-23 19:09:17.762 2034 2307 E audio_hw_primary: no pcm card found!
04-23 19:09:17.774 2034 2307 E audio_hw_primary: no pcm card found!
04-23 19:09:17.785 2034 2307 E audio_hw_primary: no pcm card found!
04-23 19:09:17.796 2034 2307 E audio_hw_primary: no pcm card found!
04-23 19:09:17.808 2034 2307 E audio_hw_primary: no pcm card found!
04-23 19:09:17.819 2034 2307 E audio_hw_primary: no pcm card found!
04-23 19:09:17.830 2034 2307 E audio_hw_primary: no pcm card found!
04-23 19:09:17.842 2034 2307 E audio_hw_primary: no pcm card found!
04-23 19:09:17.853 2034 2307 E audio_hw_primary: no pcm card found!
04-23 19:09:17.865 2034 2307 E audio_hw_primary: no pcm card found!
04-23 19:09:17.876 2034 2307 E audio_hw_primary: no pcm card found!
04-23 19:09:17.887 2034 2307 E audio_hw_primary: no pcm card found!
04-23 19:09:17.899 2034 2307 E audio_hw_primary: no pcm card found!
04-23 19:09:17.910 2034 2307 E audio_hw_primary: no pcm card found!
04-23 19:09:17.922 2034 2307 E audio_hw_primary: no pcm card found!
04-23 19:09:17.933 2034 2307 E audio_hw_primary: no pcm card found!
04-23 19:09:17.944 2034 2307 E audio_hw_primary: no pcm card found!
04-23 19:09:17.956 2034 2307 E audio_hw_primary: no pcm card found!
04-23 19:09:17.967 2034 2307 E audio_hw_primary: no pcm card found!
04-23 19:09:17.978 2034 2307 E audio_hw_primary: no pcm card found!
04-23 19:09:17.990 2034 2307 E audio_hw_primary: no pcm card found!
04-23 19:09:18.001 2034 2307 E audio_hw_primary: no pcm card found!
04-23 19:09:18.012 2034 2307 E audio_hw_primary: no pcm card found!
04-23 19:09:18.024 2034 2307 E audio_hw_primary: no pcm card found!
04-23 19:09:18.035 2034 2307 E audio_hw_primary: no pcm card found!
04-23 19:09:18.047 2034 2307 E audio_hw_primary: no pcm card found!
04-23 19:09:18.058 2034 2307 E audio_hw_primary: no pcm card found!
04-23 19:09:18.070 2034 2307 E audio_hw_primary: no pcm card found!
04-23 19:09:18.081 2034 2307 E audio_hw_primary: no pcm card found!
04-23 19:09:18.092 2034 2307 E audio_hw_primary: no pcm card found!
04-23 19:09:18.104 2034 2307 E audio_hw_primary: no pcm card found!
04-23 19:09:18.115 2034 2307 E audio_hw_primary: no pcm card found!
04-23 19:09:18.127 2034 2307 E audio_hw_primary: no pcm card found!
04-23 19:09:18.138 2034 2307 E audio_hw_primary: no pcm card found!
04-23 19:09:18.149 2034 2307 E audio_hw_primary: no pcm card found!
04-23 19:09:18.161 2034 2307 E audio_hw_primary: no pcm card found!
04-23 19:09:18.172 2034 2307 E audio_hw_primary: no pcm card found!
04-23 19:09:18.183 2034 2307 E audio_hw_primary: no pcm card found!
04-23 19:09:18.195 2034 2307 E audio_hw_primary: no pcm card found!
04-23 19:09:18.206 2034 2307 E audio_hw_primary: no pcm card found!
04-23 19:09:18.217 2034 2307 E audio_hw_primary: no pcm card found!
04-23 19:09:18.229 2034 2307 E audio_hw_primary: no pcm card found!
04-23 19:09:18.240 2034 2307 E audio_hw_primary: no pcm card found!
04-23 19:09:18.251 2034 2307 E audio_hw_primary: no pcm card found!
04-23 19:09:18.263 2034 2307 E audio_hw_primary: no pcm card found!
04-23 19:09:18.275 2034 2307 E audio_hw_primary: no pcm card found!
04-23 19:09:18.286 2034 2307 E audio_hw_primary: no pcm card found!
04-23 19:09:18.297 2034 2307 E audio_hw_primary: no pcm card found!
04-23 19:09:18.309 2034 2307 E audio_hw_primary: no pcm card found!
04-23 19:09:18.320 2034 2307 E audio_hw_primary: no pcm card found!
04-23 19:09:18.331 2034 2307 E audio_hw_primary: no pcm card found!
04-23 19:09:18.343 2034 2307 E audio_hw_primary: no pcm card found!
04-23 19:09:18.355 2034 2307 E audio_hw_primary: no pcm card found!
04-23 19:09:18.366 2034 2307 E audio_hw_primary: no pcm card found!
04-23 19:09:18.377 2034 2307 E audio_hw_primary: no pcm card found!
04-23 19:09:18.389 2034 2307 E audio_hw_primary: no pcm card found!
04-23 19:09:18.400 2034 2307 E audio_hw_primary: no pcm card found!
04-23 19:09:18.411 2034 2307 E audio_hw_primary: no pcm card found!
04-23 19:09:18.423 2034 2307 E audio_hw_primary: no pcm card found!
04-23 19:09:18.434 2034 2307 E audio_hw_primary: no pcm card found!
04-23 19:09:18.445 2034 2307 E audio_hw_primary: no pcm card found!
04-23 19:09:18.457 2034 2307 E audio_hw_primary: no pcm card found!
04-23 19:09:18.468 2034 2307 E audio_hw_primary: no pcm card found!
04-23 19:09:18.479 2034 2307 E audio_hw_primary: no pcm card found!
04-23 19:09:18.491 2034 2307 E audio_hw_primary: no pcm card found!
04-23 19:09:18.502 2034 2307 E audio_hw_primary: no pcm card found!
04-23 19:09:18.513 2034 2307 E audio_hw_primary: no pcm card found!
04-23 19:09:18.525 2034 2307 E audio_hw_primary: no pcm card found!
04-23 19:09:18.536 2034 2307 E audio_hw_primary: no pcm card found!
04-23 19:09:18.548 2034 2307 E audio_hw_primary: no pcm card found!
04-23 19:09:18.559 2034 2307 E audio_hw_primary: no pcm card found!
04-23 19:09:18.570 2034 2307 E audio_hw_primary: no pcm card found!
04-23 19:09:18.582 2034 2307 E audio_hw_primary: no pcm card found!
04-23 19:09:18.593 2034 2307 E audio_hw_primary: no pcm card found!
04-23 19:09:18.604 2034 2307 E audio_hw_primary: no pcm card found!
04-23 19:09:18.616 2034 2307 E audio_hw_primary: no pcm card found!
04-23 19:09:18.627 2034 2307 E audio_hw_primary: no pcm card found!
04-23 19:09:18.638 2034 2307 E audio_hw_primary: no pcm card found!
04-23 19:09:18.650 2034 2307 E audio_hw_primary: no pcm card found!
04-23 19:09:18.661 2034 2307 E audio_hw_primary: no pcm card found!
04-23 19:09:18.673 2034 2307 E audio_hw_primary: no pcm card found!
04-23 19:09:18.684 2034 2307 E audio_hw_primary: no pcm card found!
04-23 19:09:18.695 2034 2307 E audio_hw_primary: no pcm card found!
04-23 19:09:18.707 2034 2307 E audio_hw_primary: no pcm card found!
04-23 19:09:18.718 2034 2307 E audio_hw_primary: no pcm card found!
04-23 19:09:18.730 2034 2307 E audio_hw_primary: no pcm card found!
04-23 19:09:18.741 2034 2307 E audio_hw_primary: no pcm card found!
04-23 19:09:18.752 2034 2307 E audio_hw_primary: no pcm card found!
04-23 19:09:18.764 2034 2307 E audio_hw_primary: no pcm card found!
04-23 19:09:18.775 2034 2307 E audio_hw_primary: no pcm card found!
04-23 19:09:18.786 2034 2307 E audio_hw_primary: no pcm card found!
04-23 19:09:18.798 2034 2307 E audio_hw_primary: no pcm card found!
04-23 19:09:18.809 2034 2307 E audio_hw_primary: no pcm card found!
04-23 19:09:18.820 2034 2307 E audio_hw_primary: no pcm card found!
04-23 19:09:18.832 2034 2307 E audio_hw_primary: no pcm card found!
04-23 19:09:18.843 2034 2307 E audio_hw_primary: no pcm card found!
04-23 19:09:18.854 2034 2307 E audio_hw_primary: no pcm card found!
04-23 19:09:18.866 2034 2307 E audio_hw_primary: no pcm card found!
04-23 19:09:18.877 2034 2307 E audio_hw_primary: no pcm card found!
04-23 19:09:18.889 2034 2307 E audio_hw_primary: no pcm card found!
04-23 19:09:18.900 2034 2307 E audio_hw_primary: no pcm card found!
04-23 19:09:18.911 2034 2307 E audio_hw_primary: no pcm card found!
04-23 19:09:18.923 2034 2307 E audio_hw_primary: no pcm card found!
04-23 19:09:18.934 2034 2307 E audio_hw_primary: no pcm card found!
04-23 19:09:18.946 2034 2307 E audio_hw_primary: no pcm card found!
04-23 19:09:18.957 2034 2307 E audio_hw_primary: no pcm card found!
04-23 19:09:18.968 2034 2307 E audio_hw_primary: no pcm card found!
04-23 19:09:18.980 2034 2307 E audio_hw_primary: no pcm card found!
04-23 19:09:18.991 2034 2307 E audio_hw_primary: no pcm card found!
04-23 19:09:19.002 2034 2307 E audio_hw_primary: no pcm card found!
04-23 19:09:19.014 2034 2307 E audio_hw_primary: no pcm card found!
04-23 19:09:19.025 2034 2307 E audio_hw_primary: no pcm card found!
04-23 19:09:19.036 2034 2307 E audio_hw_primary: no pcm card found!
04-23 19:09:19.048 2034 2307 E audio_hw_primary: no pcm card found!
04-23 19:09:19.059 2034 2307 E audio_hw_primary: no pcm card found!
04-23 19:09:19.070 2034 2307 E audio_hw_primary: no pcm card found!
04-23 19:09:19.082 2034 2307 E audio_hw_primary: no pcm card found!
04-23 19:09:19.094 2034 2307 E audio_hw_primary: no pcm card found!
04-23 19:09:19.105 2034 2307 E audio_hw_primary: no pcm card found!
