04-23 19:08:34.066 2034 2307 E audio_hw_primary: no pcm card found!
04-23 19:08:34.077 2034 2307 E audio_hw_primary: no pcm card found!
04-23 19:08:34.089 2034 2307 E audio_hw_primary: no pcm card found!
04-23 19:08:34.100 2034 2307 E audio_hw_primary: no pcm card found!
04-23 19:08:34.112 2034 2307 E audio_hw_primary: no pcm card found!
04-23 19:08:34.123 2034 2307 E audio_hw_primary: no pcm card found!
04-23 19:08:34.134 2034 2307 E audio_hw_primary: no pcm card found!
04-23 19:08:34.146 2034 2307 E audio_hw_primary: no pcm card found!
04-23 19:08:34.157 2034 2307 E audio_hw_primary: no pcm card found!
04-23 19:08:34.168 2034 2307 E audio_hw_primary: no pcm card found!
04-23 19:08:34.180 2034 2307 E audio_hw_primary: no pcm card found!
04-23 19:08:34.191 2034 2307 E audio_hw_primary: no pcm card found!
04-23 19:08:34.202 2034 2307 E audio_hw_primary: no pcm card found!
04-23 19:08:34.214 2034 2307 E audio_hw_primary: no pcm card found!
04-23 19:08:34.225 2034 2307 E audio_hw_primary: no pcm card found!
04-23 19:08:34.237 2034 2307 E audio_hw_primary: no pcm card found!
04-23 19:08:34.248 2034 2307 E audio_hw_primary: no pcm card found!
04-23 19:08:34.259 2034 2307 E audio_hw_primary: no pcm card found!
04-23 19:08:34.271 2034 2307 E audio_hw_primary: no pcm card found!
04-23 19:08:34.282 2034 2307 E audio_hw_primary: no pcm card found!
04-23 19:08:34.294 2034 2307 E audio_hw_primary: no pcm card found!
04-23 19:08:34.305 2034 2307 E audio_hw_primary: no pcm card found!
04-23 19:08:34.316 2034 2307 E audio_hw_primary: no pcm card found!
04-23 19:08:34.328 2034 2307 E audio_hw_primary: no pcm card found!
04-23 19:08:34.339 2034 2307 E audio_hw_primary: no pcm card found!
04-23 19:08:34.350 2034 2307 E audio_hw_primary: no pcm card found!
04-23 19:08:34.362 2034 2307 E audio_hw_primary: no pcm card found!
04-23 19:08:34.373 2034 2307 E audio_hw_primary: no pcm card found!
04-23 19:08:34.385 2034 2307 E audio_hw_primary: no pcm card found!
04-23 19:08:34.396 2034 2307 E audio_hw_primary: no pcm card found!
04-23 19:08:34.407 2034 2307 E audio_hw_primary: no pcm card found!
04-23 19:08:34.419 2034 2307 E audio_hw_primary: no pcm card found!
04-23 19:08:34.430 2034 2307 E audio_hw_primary: no pcm card found!
04-23 19:08:34.441 2034 2307 E audio_hw_primary: no pcm card found!
04-23 19:08:34.453 2034 2307 E audio_hw_primary: no pcm card found!
04-23 19:08:34.464 2034 2307 E audio_hw_primary: no pcm card found!
04-23 19:08:34.476 2034 2307 E audio_hw_primary: no pcm card found!
04-23 19:08:34.487 2034 2307 E audio_hw_primary: no pcm card found!
04-23 19:08:34.498 2034 2307 E audio_hw_primary: no pcm card found!
04-23 19:08:34.510 2034 2307 E audio_hw_primary: no pcm card found!
04-23 19:08:34.521 2034 2307 E audio_hw_primary: no pcm card found!
04-23 19:08:34.533 2034 2307 E audio_hw_primary: no pcm card found!
04-23 19:08:34.544 2034 2307 E audio_hw_primary: no pcm card found!
04-23 19:08:34.555 2034 2307 E audio_hw_primary: no pcm card found!
04-23 19:08:34.567 2034 2307 E audio_hw_primary: no pcm card found!
04-23 19:08:34.578 2034 2307 E audio_hw_primary: no pcm card found!
04-23 19:08:34.590 2034 2307 E audio_hw_primary: no pcm card found!
04-23 19:08:34.601 2034 2307 E audio_hw_primary: no pcm card found!
04-23 19:08:34.612 2034 2307 E audio_hw_primary: no pcm card found!
04-23 19:08:34.624 2034 2307 E audio_hw_primary: no pcm card found!
04-23 19:08:34.635 2034 2307 E audio_hw_primary: no pcm card found!
04-23 19:08:34.646 2034 2307 E audio_hw_primary: no pcm card found!
04-23 19:08:34.658 2034 2307 E audio_hw_primary: no pcm card found!
04-23 19:08:34.669 2034 2307 E audio_hw_primary: no pcm card found!
04-23 19:08:34.681 2034 2307 E audio_hw_primary: no pcm card found!
04-23 19:08:34.692 2034 2307 E audio_hw_primary: no pcm card found!
04-23 19:08:34.703 2034 2307 E audio_hw_primary: no pcm card found!
04-23 19:08:34.715 2034 2307 E audio_hw_primary: no pcm card found!
04-23 19:08:34.726 2034 2307 E audio_hw_primary: no pcm card found!
04-23 19:08:34.737 2034 2307 E audio_hw_primary: no pcm card found!
04-23 19:08:34.749 2034 2307 E audio_hw_primary: no pcm card found!
04-23 19:08:34.760 2034 2307 E audio_hw_primary: no pcm card found!
04-23 19:08:34.771 2034 2307 E audio_hw_primary: no pcm card found!
04-23 19:08:34.783 2034 2307 E audio_hw_primary: no pcm card found!
04-23 19:08:34.794 2034 2307 E audio_hw_primary: no pcm card found!
04-23 19:08:34.805 2034 2307 E audio_hw_primary: no pcm card found!
04-23 19:08:34.817 2034 2307 E audio_hw_primary: no pcm card found!
04-23 19:08:34.828 2034 2307 E audio_hw_primary: no pcm card found!
04-23 19:08:34.840 2034 2307 E audio_hw_primary: no pcm card found!
04-23 19:08:34.851 2034 2307 E audio_hw_primary: no pcm card found!
04-23 19:08:34.862 2034 2307 E audio_hw_primary: no pcm card found!
04-23 19:08:34.874 2034 2307 E audio_hw_primary: no pcm card found!
04-23 19:08:34.885 2034 2307 E audio_hw_primary: no pcm card found!
04-23 19:08:34.897 2034 2307 E audio_hw_primary: no pcm card found!
04-23 19:08:34.908 2034 2307 E audio_hw_primary: no pcm card found!
04-23 19:08:34.919 2034 2307 E audio_hw_primary: no pcm card found!
04-23 19:08:34.931 2034 2307 E audio_hw_primary: no pcm card found!
04-23 19:08:34.942 2034 2307 E audio_hw_primary: no pcm card found!
04-23 19:08:34.954 2034 2307 E audio_hw_primary: no pcm card found!
04-23 19:08:34.965 2034 2307 E audio_hw_primary: no pcm card found!
04-23 19:08:34.977 2034 2307 E audio_hw_primary: no pcm card found!
04-23 19:08:34.988 2034 2307 E audio_hw_primary: no pcm card found!
04-23 19:08:34.999 2034 2307 E audio_hw_primary: no pcm card found!
04-23 19:08:35.011 2034 2307 E audio_hw_primary: no pcm card found!
04-23 19:08:35.022 2034 2307 E audio_hw_primary: no pcm card found!
04-23 19:08:35.033 2034 2307 E audio_hw_primary: no pcm card found!
04-23 19:08:35.045 2034 2307 E audio_hw_primary: no pcm card found!
04-23 19:08:35.056 2034 2307 E audio_hw_primary: no pcm card found!
04-23 19:08:35.067 2034 2307 E audio_hw_primary: no pcm card found!
04-23 19:08:35.079 2034 2307 E audio_hw_primary: no pcm card found!
04-23 19:08:35.090 2034 2307 E audio_hw_primary: no pcm card found!
04-23 19:08:35.102 2034 2307 E audio_hw_primary: no pcm card found!
04-23 19:08:35.113 2034 2307 E audio_hw_primary: no pcm card found!
04-23 19:08:35.124 2034 2307 E audio_hw_primary: no pcm card found!
04-23 19:08:35.136 2034 2307 E audio_hw_primary: no pcm card found!
04-23 19:08:35.147 2034 2307 E audio_hw_primary: no pcm card found!
04-23 19:08:35.159 2034 2307 E audio_hw_primary: no pcm card found!
04-23 19:08:35.170 2034 2307 E audio_hw_primary: no pcm card found!
04-23 19:08:35.182 2034 2307 E audio_hw_primary: no pcm card found!
04-23 19:08:35.193 2034 2307 E audio_hw_primary: no pcm card found!
04-23 19:08:35.204 2034 2307 E audio_hw_primary: no pcm card found!
04-23 19:08:35.216 2034 2307 E audio_hw_primary: no pcm card found!
04-23 19:08:35.227 2034 2307 E audio_hw_primary: no pcm card found!
04-23 19:08:35.239 2034 2307 E audio_hw_primary: no pcm card found!
04-23 19:08:35.250 2034 2307 E audio_hw_primary: no pcm card found!
04-23 19:08:35.261 2034 2307 E audio_hw_primary: no pcm card found!
04-23 19:08:35.273 2034 2307 E audio_hw_primary: no pcm card found!
04-23 19:08:35.284 2034 2307 E audio_hw_primary: no pcm card found!
04-23 19:08:35.295 2034 2307 E audio_hw_primary: no pcm card found!
04-23 19:08:35.307 2034 2307 E audio_hw_primary: no pcm card found!
04-23 19:08:35.318 2034 2307 E audio_hw_primary: no pcm card found!
04-23 19:08:35.330 2034 2307 E audio_hw_primary: no pcm card found!
04-23 19:08:35.341 2034 2307 E audio_hw_primary: no pcm card found!
04-23 19:08:35.352 2034 2307 E audio_hw_primary: no pcm card found!
04-23 19:08:35.364 2034 2307 E audio_hw_primary: no pcm card found!
04-23 19:08:35.375 2034 2307 E audio_hw_primary: no pcm card found!
04-23 19:08:35.387 2034 2307 E audio_hw_primary: no pcm card found!
04-23 19:08:35.398 2034 2307 E audio_hw_primary: no pcm card found!
04-23 19:08:35.409 2034 2307 E audio_hw_primary: no pcm card found!
04-23 19:08:35.421 2034 2307 E audio_hw_primary: no pcm card found!
04-23 19:08:35.432 2034 2307 E audio_hw_primary: no pcm card found!
04-23 19:08:35.444 2034 2307 E audio_hw_primary: no pcm card found!
04-23 19:08:35.455 2034 2307 E audio_hw_primary: no pcm card found!
04-23 19:08:35.466 2034 2307 E audio_hw_primary: no pcm card found!
04-23 19:08:35.478 2034 2307 E audio_hw_primary: no pcm card found!
04-23 19:08:35.489 2034 2307 E audio_hw_primary: no pcm card found!
04-23 19:08:35.501 2034 2307 E audio_hw_primary: no pcm card found!
04-23 19:08:35.512 2034 2307 E audio_hw_primary: no pcm card found!
04-23 19:08:35.523 2034 2307 E audio_hw_primary: no pcm card found!
04-23 19:08:35.535 2034 2307 E audio_hw_primary: no pcm card found!
04-23 19:08:35.546 2034 2307 E audio_hw_primary: no pcm card found!
04-23 19:08:35.557 2034 2307 E audio_hw_primary: no pcm card found!
04-23 19:08:35.569 2034 2307 E audio_hw_primary: no pcm card found!
04-23 19:08:35.580 2034 2307 E audio_hw_primary: no pcm card found!
04-23 19:08:35.592 2034 2307 E audio_hw_primary: no pcm card found!
04-23 19:08:35.603 2034 2307 E audio_hw_primary: no pcm card found!
04-23 19:08:35.614 2034 2307 E audio_hw_primary: no pcm card found!
04-23 19:08:35.625 2034 2307 E audio_hw_primary: no pcm card found!
04-23 19:08:35.637 2034 2307 E audio_hw_primary: no pcm card found!
04-23 19:08:35.648 2034 2307 E audio_hw_primary: no pcm card found!
04-23 19:08:35.659 2034 2307 E audio_hw_primary: no pcm card found!
04-23 19:08:35.671 2034 2307 E audio_hw_primary: no pcm card found!
04-23 19:08:35.682 2034 2307 E audio_hw_primary: no pcm card found!
04-23 19:08:35.693 2034 2307 E audio_hw_primary: no pcm card found!
04-23 19:08:35.705 2034 2307 E audio_hw_primary: no pcm card found!
04-23 19:08:35.716 2034 2307 E audio_hw_primary: no pcm card found!
04-23 19:08:35.727 2034 2307 E audio_hw_primary: no pcm card found!
04-23 19:08:35.739 2034 2307 E audio_hw_primary: no pcm card found!
04-23 19:08:35.750 2034 2307 E audio_hw_primary: no pcm card found!
04-23 19:08:35.762 2034 2307 E audio_hw_primary: no pcm card found!
04-23 19:08:35.773 2034 2307 E audio_hw_primary: no pcm card found!
04-23 19:08:35.784 2034 2307 E audio_hw_primary: no pcm card found!
04-23 19:08:35.796 2034 2307 E audio_hw_primary: no pcm card found!
04-23 19:08:35.807 2034 2307 E audio_hw_primary: no pcm card found!
04-23 19:08:35.818 2034 2307 E audio_hw_primary: no pcm card found!
04-23 19:08:35.830 2034 2307 E audio_hw_primary: no pcm card found!
04-23 19:08:35.841 2034 2307 E audio_hw_primary: no pcm card found!
04-23 19:08:35.852 2034 2307 E audio_hw_primary: no pcm card found!
04-23 19:08:35.864 2034 2307 E audio_hw_primary: no pcm card found!
04-23 19:08:35.875 2034 2307 E audio_hw_primary: no pcm card found!
04-23 19:08:35.886 2034 2307 E audio_hw_primary: no pcm card found!
04-23 19:08:35.898 2034 2307 E audio_hw_primary: no pcm card found!
04-23 19:08:35.909 2034 2307 E audio_hw_primary: no pcm card found!
04-23 19:08:35.921 2034 2307 E audio_hw_primary: no pcm card found!
04-23 19:08:35.932 2034 2307 E audio_hw_primary: no pcm card found!
04-23 19:08:35.944 2034 2307 E audio_hw_primary: no pcm card found!
04-23 19:08:35.955 2034 2307 E audio_hw_primary: no pcm card found!
04-23 19:08:35.966 2034 2307 E audio_hw_primary: no pcm card found!
04-23 19:08:35.978 2034 2307 E audio_hw_primary: no pcm card found!
04-23 19:08:35.989 2034 2307 E audio_hw_primary: no pcm card found!
04-23 19:08:36.000 2034 2307 E audio_hw_primary: no pcm card found!
04-23 19:08:36.012 2034 2307 E audio_hw_primary: no pcm card found!
04-23 19:08:36.023 2034 2307 E audio_hw_primary: no pcm card found!
04-23 19:08:36.034 2034 2307 E audio_hw_primary: no pcm card found!
04-23 19:08:36.046 2034 2307 E audio_hw_primary: no pcm card found!
04-23 19:08:36.057 2034 2307 E audio_hw_primary: no pcm card found!
04-23 19:08:36.068 2034 2307 E audio_hw_primary: no pcm card found!
04-23 19:08:36.080 2034 2307 E audio_hw_primary: no pcm card found!
04-23 19:08:36.091 2034 2307 E audio_hw_primary: no pcm card found!
04-23 19:08:36.103 2034 2307 E audio_hw_primary: no pcm card found!
04-23 19:08:36.114 2034 2307 E audio_hw_primary: no pcm card found!
04-23 19:08:36.125 2034 2307 E audio_hw_primary: no pcm card found!
04-23 19:08:36.137 2034 2307 E audio_hw_primary: no pcm card found!
04-23 19:08:36.148 2034 2307 E audio_hw_primary: no pcm card found!
04-23 19:08:36.160 2034 2307 E audio_hw_primary: no pcm card found!
04-23 19:08:36.171 2034 2307 E audio_hw_primary: no pcm card found!
04-23 19:08:36.182 2034 2307 E audio_hw_primary: no pcm card found!
04-23 19:08:36.194 2034 2307 E audio_hw_primary: no pcm card found!
04-23 19:08:36.205 2034 2307 E audio_hw_primary: no pcm card found!
04-23 19:08:36.216 2034 2307 E audio_hw_primary: no pcm card found!
04-23 19:08:36.228 2034 2307 E audio_hw_primary: no pcm card found!
04-23 19:08:36.239 2034 2307 E audio_hw_primary: no pcm card found!
04-23 19:08:36.250 2034 2307 E audio_hw_primary: no pcm card found!
04-23 19:08:36.262 2034 2307 E audio_hw_primary: no pcm card found!
04-23 19:08:36.273 2034 2307 E audio_hw_primary: no pcm card found!
04-23 19:08:36.284 2034 2307 E audio_hw_primary: no pcm card found!
04-23 19:08:36.296 2034 2307 E audio_hw_primary: no pcm card found!
04-23 19:08:36.307 2034 2307 E audio_hw_primary: no pcm card found!
04-23 19:08:36.319 2034 2307 E audio_hw_primary: no pcm card found!
04-23 19:08:36.330 2034 2307 E audio_hw_primary: no pcm card found!
04-23 19:08:36.341 2034 2307 E audio_hw_primary: no pcm card found!
04-23 19:08:36.353 2034 2307 E audio_hw_primary: no pcm card found!
04-23 19:08:36.364 2034 2307 E audio_hw_primary: no pcm card found!
04-23 19:08:36.375 2034 2307 E audio_hw_primary: no pcm card found!
04-23 19:08:36.387 2034 2307 E audio_hw_primary: no pcm card found!
04-23 19:08:36.398 2034 2307 E audio_hw_primary: no pcm card found!
04-23 19:08:36.409 2034 2307 E audio_hw_primary: no pcm card found!
04-23 19:08:36.421 2034 2307 E audio_hw_primary: no pcm card found!
04-23 19:08:36.432 2034 2307 E audio_hw_primary: no pcm card found!
04-23 19:08:36.443 2034 2307 E audio_hw_primary: no pcm card found!
04-23 19:08:36.455 2034 2307 E audio_hw_primary: no pcm card found!
04-23 19:08:36.466 2034 2307 E audio_hw_primary: no pcm card found!
04-23 19:08:43.532 2325 2515 W AudioTrack: AUDIO_OUTPUT_FLAG_FAST denied by client
04-23 19:08:43.550 2034 2307 E audio_hw_primary: no pcm card found!
04-23 19:08:43.561 2034 2307 E audio_hw_primary: no pcm card found!
04-23 19:08:43.572 2034 2307 E audio_hw_primary: no pcm card found!
04-23 19:08:43.583 2034 2307 E audio_hw_primary: no pcm card found!
04-23 19:08:43.594 2034 2307 E audio_hw_primary: no pcm card found!
04-23 19:08:43.605 2034 2307 E audio_hw_primary: no pcm card found!
04-23 19:08:43.616 2034 2307 E audio_hw_primary: no pcm card found!
04-23 19:08:43.627 2034 2307 E audio_hw_primary: no pcm card found!
04-23 19:08:43.638 2034 2307 E audio_hw_primary: no pcm card found!
04-23 19:08:43.649 2034 2307 E audio_hw_primary: no pcm card found!
04-23 19:08:43.659 2034 2307 E audio_hw_primary: no pcm card found!
04-23 19:08:43.665 3819 3819 D DashboardSummary: rebuildUI took: 85 ms
04-23 19:08:43.670 2034 2307 E audio_hw_primary: no pcm card found!
04-23 19:08:43.681 2034 2307 E audio_hw_primary: no pcm card found!
04-23 19:08:43.692 2034 2307 E audio_hw_primary: no pcm card found!
04-23 19:08:43.703 2034 2307 E audio_hw_primary: no pcm card found!
04-23 19:08:43.714 2034 2307 E audio_hw_primary: no pcm card found!
04-23 19:08:43.725 2034 2307 E audio_hw_primary: no pcm card found!
04-23 19:08:43.736 2034 2307 E audio_hw_primary: no pcm card found!
04-23 19:08:43.747 2034 2307 E audio_hw_primary: no pcm card found!
04-23 19:08:43.758 2034 2307 E audio_hw_primary: no pcm card found!
04-23 19:08:43.769 2034 2307 E audio_hw_primary: no pcm card found!
04-23 19:08:43.780 2034 2307 E audio_hw_primary: no pcm card found!
04-23 19:08:43.791 2034 2307 E audio_hw_primary: no pcm card found!
04-23 19:08:43.803 2034 2307 E audio_hw_primary: no pcm card found!
04-23 19:08:43.814 2034 2307 E audio_hw_primary: no pcm card found!
04-23 19:08:43.825 2034 2307 E audio_hw_primary: no pcm card found!
04-23 19:08:43.836 2034 2307 E audio_hw_primary: no pcm card found!
04-23 19:08:43.847 2034 2307 E audio_hw_primary: no pcm card found!
04-23 19:08:43.859 2034 2307 E audio_hw_primary: no pcm card found!
04-23 19:08:43.870 2034 2307 E audio_hw_primary: no pcm card found!
04-23 19:08:43.881 2034 2307 E audio_hw_primary: no pcm card found!
04-23 19:08:43.892 2034 2307 E audio_hw_primary: no pcm card found!
04-23 19:08:43.904 2034 2307 E audio_hw_primary: no pcm card found!
04-23 19:08:43.915 2034 2307 E audio_hw_primary: no pcm card found!
04-23 19:08:43.926 2034 2307 E audio_hw_primary: no pcm card found!
04-23 19:08:43.937 2034 2307 E audio_hw_primary: no pcm card found!
04-23 19:08:43.948 2034 2307 E audio_hw_primary: no pcm card found!
04-23 19:08:43.960 2034 2307 E audio_hw_primary: no pcm card found!
04-23 19:08:43.971 2034 2307 E audio_hw_primary: no pcm card found!
04-23 19:08:43.982 2034 2307 E audio_hw_primary: no pcm card found!
04-23 19:08:43.993 2034 2307 E audio_hw_primary: no pcm card found!
04-23 19:08:44.005 2034 2307 E audio_hw_primary: no pcm card found!
04-23 19:08:44.016 2034 2307 E audio_hw_primary: no pcm card found!
04-23 19:08:44.027 2034 2307 E audio_hw_primary: no pcm card found!
04-23 19:08:44.038 2034 2307 E audio_hw_primary: no pcm card found!
04-23 19:08:44.049 2034 2307 E audio_hw_primary: no pcm card found!
04-23 19:08:44.060 2034 2307 E audio_hw_primary: no pcm card found!
04-23 19:08:44.071 2034 2307 E audio_hw_primary: no pcm card found!
04-23 19:08:44.083 2034 2307 E audio_hw_primary: no pcm card found!
04-23 19:08:44.094 2034 2307 E audio_hw_primary: no pcm card found!
04-23 19:08:44.105 2034 2307 E audio_hw_primary: no pcm card found!
04-23 19:08:44.117 2034 2307 E audio_hw_primary: no pcm card found!
04-23 19:08:44.128 2034 2307 E audio_hw_primary: no pcm card found!
04-23 19:08:44.140 2034 2307 E audio_hw_primary: no pcm card found!
04-23 19:08:44.151 2034 2307 E audio_hw_primary: no pcm card found!
04-23 19:08:44.162 2034 2307 E audio_hw_primary: no pcm card found!
04-23 19:08:44.174 2034 2307 E audio_hw_primary: no pcm card found!
04-23 19:08:44.185 2034 2307 E audio_hw_primary: no pcm card found!
04-23 19:08:44.197 2034 2307 E audio_hw_primary: no pcm card found!
04-23 19:08:44.208 2034 2307 E audio_hw_primary: no pcm card found!
04-23 19:08:44.219 2034 2307 E audio_hw_primary: no pcm card found!
04-23 19:08:44.231 2034 2307 E audio_hw_primary: no pcm card found!
04-23 19:08:44.242 2034 2307 E audio_hw_primary: no pcm card found!
04-23 19:08:44.253 2034 2307 E audio_hw_primary: no pcm card found!
04-23 19:08:44.265 2034 2307 E audio_hw_primary: no pcm card found!
04-23 19:08:44.276 2034 2307 E audio_hw_primary: no pcm card found!
04-23 19:08:44.287 2034 2307 E audio_hw_primary: no pcm card found!
04-23 19:08:44.299 2034 2307 E audio_hw_primary: no pcm card found!
04-23 19:08:44.310 2034 2307 E audio_hw_primary: no pcm card found!
04-23 19:08:44.321 2034 2307 E audio_hw_primary: no pcm card found!
04-23 19:08:44.333 2034 2307 E audio_hw_primary: no pcm card found!
04-23 19:08:44.344 2034 2307 E audio_hw_primary: no pcm card found!
04-23 19:08:44.356 2034 2307 E audio_hw_primary: no pcm card found!
04-23 19:08:44.367 2034 2307 E audio_hw_primary: no pcm card found!
04-23 19:08:44.378 2034 2307 E audio_hw_primary: no pcm card found!
04-23 19:08:44.390 2034 2307 E audio_hw_primary: no pcm card found!
04-23 19:08:44.401 2034 2307 E audio_hw_primary: no pcm card found!
04-23 19:08:44.413 2034 2307 E audio_hw_primary: no pcm card found!
04-23 19:08:44.424 2034 2307 E audio_hw_primary: no pcm card found!
04-23 19:08:44.435 2034 2307 E audio_hw_primary: no pcm card found!
04-23 19:08:44.447 2034 2307 E audio_hw_primary: no pcm card found!
04-23 19:08:44.458 2034 2307 E audio_hw_primary: no pcm card found!
04-23 19:08:44.469 2034 2307 E audio_hw_primary: no pcm card found!
04-23 19:08:44.481 2034 2307 E audio_hw_primary: no pcm card found!
04-23 19:08:44.492 2034 2307 E audio_hw_primary: no pcm card found!
04-23 19:08:44.503 2034 2307 E audio_hw_primary: no pcm card found!
04-23 19:08:44.515 2034 2307 E audio_hw_primary: no pcm card found!
04-23 19:08:44.526 2034 2307 E audio_hw_primary: no pcm card found!
04-23 19:08:44.537 2034 2307 E audio_hw_primary: no pcm card found!
04-23 19:08:44.549 2034 2307 E audio_hw_primary: no pcm card found!
04-23 19:08:44.560 2034 2307 E audio_hw_primary: no pcm card found!
04-23 19:08:44.572 2034 2307 E audio_hw_primary: no pcm card found!
04-23 19:08:44.583 2034 2307 E audio_hw_primary: no pcm card found!
04-23 19:08:44.594 2034 2307 E audio_hw_primary: no pcm card found!
04-23 19:08:44.606 2034 2307 E audio_hw_primary: no pcm card found!
04-23 19:08:44.617 2034 2307 E audio_hw_primary: no pcm card found!
04-23 19:08:44.629 2034 2307 E audio_hw_primary: no pcm card found!
04-23 19:08:44.640 2034 2307 E audio_hw_primary: no pcm card found!
04-23 19:08:44.651 2034 2307 E audio_hw_primary: no pcm card found!
04-23 19:08:44.663 2034 2307 E audio_hw_primary: no pcm card found!
04-23 19:08:44.674 2034 2307 E audio_hw_primary: no pcm card found!
04-23 19:08:44.685 2034 2307 E audio_hw_primary: no pcm card found!
04-23 19:08:44.697 2034 2307 E audio_hw_primary: no pcm card found!
04-23 19:08:44.708 2034 2307 E audio_hw_primary: no pcm card found!
04-23 19:08:44.719 2034 2307 E audio_hw_primary: no pcm card found!
04-23 19:08:44.731 2034 2307 E audio_hw_primary: no pcm card found!
04-23 19:08:44.742 2034 2307 E audio_hw_primary: no pcm card found!
04-23 19:08:44.753 2034 2307 E audio_hw_primary: no pcm card found!
04-23 19:08:44.765 2034 2307 E audio_hw_primary: no pcm card found!
04-23 19:08:44.776 2034 2307 E audio_hw_primary: no pcm card found!
04-23 19:08:44.787 2034 2307 E audio_hw_primary: no pcm card found!
04-23 19:08:44.799 2034 2307 E audio_hw_primary: no pcm card found!
04-23 19:08:44.810 2034 2307 E audio_hw_primary: no pcm card found!
04-23 19:08:44.821 2034 2307 E audio_hw_primary: no pcm card found!
04-23 19:08:44.832 2034 2307 E audio_hw_primary: no pcm card found!
04-23 19:08:44.843 2034 2307 E audio_hw_primary: no pcm card found!
04-23 19:08:44.854 2034 2307 E audio_hw_primary: no pcm card found!
04-23 19:08:44.865 2034 2307 E audio_hw_primary: no pcm card found!
04-23 19:08:44.876 2034 2307 E audio_hw_primary: no pcm card found!
04-23 19:08:44.887 2034 2307 E audio_hw_primary: no pcm card found!
04-23 19:08:44.899 2034 2307 E audio_hw_primary: no pcm card found!
04-23 19:08:44.910 2034 2307 E audio_hw_primary: no pcm card found!
04-23 19:08:44.921 2034 2307 E audio_hw_primary: no pcm card found!
04-23 19:08:44.932 2034 2307 E audio_hw_primary: no pcm card found!
04-23 19:08:44.943 2034 2307 E audio_hw_primary: no pcm card found!
04-23 19:08:44.954 2034 2307 E audio_hw_primary: no pcm card found!
04-23 19:08:44.965 2034 2307 E audio_hw_primary: no pcm card found!
04-23 19:08:44.976 2034 2307 E audio_hw_primary: no pcm card found!
04-23 19:08:44.988 2034 2307 E audio_hw_primary: no pcm card found!
04-23 19:08:44.999 2034 2307 E audio_hw_primary: no pcm card found!
04-23 19:08:45.010 2034 2307 E audio_hw_primary: no pcm card found!
04-23 19:08:45.021 2034 2307 E audio_hw_primary: no pcm card found!
04-23 19:08:45.032 2034 2307 E audio_hw_primary: no pcm card found!
04-23 19:08:45.043 2034 2307 E audio_hw_primary: no pcm card found!
04-23 19:08:45.055 2034 2307 E audio_hw_primary: no pcm card found!
04-23 19:08:45.066 2034 2307 E audio_hw_primary: no pcm card found!
04-23 19:08:45.077 2034 2307 E audio_hw_primary: no pcm card found!
04-23 19:08:45.088 2034 2307 E audio_hw_primary: no pcm card found!
04-23 19:08:45.099 2034 2307 E audio_hw_primary: no pcm card found!
04-23 19:08:45.110 2034 2307 E audio_hw_primary: no pcm card found!
04-23 19:08:45.121 2034 2307 E audio_hw_primary: no pcm card found!
04-23 19:08:45.122 2325 2634 I ActivityManager: START u0 {act=android.intent.action.MAIN cmp=com.android.settings/.SubSettings (has extras)} from uid 1000 on display 0
04-23 19:08:45.123 2325 2515 W AudioTrack: AUDIO_OUTPUT_FLAG_FAST denied by client
04-23 19:08:45.128 2325 2634 V WindowManager: addAppToken: AppWindowToken{38acad30 token=Token{23430a73 ActivityRecord{279d56e2 u0 com.android.settings/.SubSettings t10}}} to stack=1 task=10 at 1
04-23 19:08:45.132 2034 2307 E audio_hw_primary: no pcm card found!
04-23 19:08:45.146 2034 2307 E audio_hw_primary: no pcm card found!
04-23 19:08:45.167 2034 2307 E audio_hw_primary: no pcm card found!
04-23 19:08:45.178 3819 3819 D SubSettings: Launching fragment com.android.settings.DateTimeSettings
04-23 19:08:45.178 2034 2307 E audio_hw_primary: no pcm card found!
04-23 19:08:45.189 2034 2307 E audio_hw_primary: no pcm card found!
04-23 19:08:45.200 2034 2307 E audio_hw_primary: no pcm card found!
04-23 19:08:45.211 2034 2307 E audio_hw_primary: no pcm card found!
04-23 19:08:45.222 2034 2307 E audio_hw_primary: no pcm card found!
04-23 19:08:45.233 2034 2307 E audio_hw_primary: no pcm card found!
04-23 19:08:45.233 2325 3791 V WindowManager: Adding window Window{23c2eaf4 u0 com.android.settings/com.android.settings.SubSettings} at 4 of 9 (after Window{2d4ab27 u0 com.android.settings/com.android.settings.Settings})
04-23 19:08:45.244 2034 2307 E audio_hw_primary: no pcm card found!
04-23 19:08:45.255 2034 2307 E audio_hw_primary: no pcm card found!
04-23 19:08:45.266 2034 2307 E audio_hw_primary: no pcm card found!
04-23 19:08:45.277 2034 2307 E audio_hw_primary: no pcm card found!
04-23 19:08:45.288 2034 2307 E audio_hw_primary: no pcm card found!
04-23 19:08:45.300 2034 2307 E audio_hw_primary: no pcm card found!
04-23 19:08:45.311 2034 2307 E audio_hw_primary: no pcm card found!
04-23 19:08:45.322 2034 2307 E audio_hw_primary: no pcm card found!
04-23 19:08:45.333 2034 2307 E audio_hw_primary: no pcm card found!
04-23 19:08:45.344 2034 2307 E audio_hw_primary: no pcm card found!
04-23 19:08:45.348 2325 2355 I ActivityManager: Displayed com.android.settings/.SubSettings: +212ms
04-23 19:08:45.356 2034 2307 E audio_hw_primary: no pcm card found!
04-23 19:08:45.367 2034 2307 E audio_hw_primary: no pcm card found!
04-23 19:08:45.378 2034 2307 E audio_hw_primary: no pcm card found!
04-23 19:08:45.383 3819 4670 D OpenGLRenderer: endAllStagingAnimators on 0x7f14b9cfd400 (RippleDrawable) with handle 0x7f14ba3379c0
04-23 19:08:45.389 2034 2307 E audio_hw_primary: no pcm card found!
04-23 19:08:45.401 2034 2307 E audio_hw_primary: no pcm card found!
04-23 19:08:45.412 2034 2307 E audio_hw_primary: no pcm card found!
04-23 19:08:45.423 2034 2307 E audio_hw_primary: no pcm card found!
04-23 19:08:45.434 2034 2307 E audio_hw_primary: no pcm card found!
04-23 19:08:45.446 2034 2307 E audio_hw_primary: no pcm card found!
04-23 19:08:45.457 2034 2307 E audio_hw_primary: no pcm card found!
04-23 19:08:45.468 2034 2307 E audio_hw_primary: no pcm card found!
04-23 19:08:45.479 2034 2307 E audio_hw_primary: no pcm card found!
04-23 19:08:45.491 2034 2307 E audio_hw_primary: no pcm card found!
04-23 19:08:45.502 2034 2307 E audio_hw_primary: no pcm card found!
04-23 19:08:45.513 2034 2307 E audio_hw_primary: no pcm card found!
04-23 19:08:45.524 2034 2307 E audio_hw_primary: no pcm card found!
04-23 19:08:45.536 2034 2307 E audio_hw_primary: no pcm card found!
04-23 19:08:45.547 2034 2307 E audio_hw_primary: no pcm card found!
04-23 19:08:45.558 2034 2307 E audio_hw_primary: no pcm card found!
04-23 19:08:45.569 2034 2307 E audio_hw_primary: no pcm card found!
04-23 19:08:45.580 2034 2307 E audio_hw_primary: no pcm card found!
04-23 19:08:45.592 2034 2307 E audio_hw_primary: no pcm card found!
04-23 19:08:45.603 2034 2307 E audio_hw_primary: no pcm card found!
04-23 19:08:45.614 2034 2307 E audio_hw_primary: no pcm card found!
04-23 19:08:45.625 2034 2307 E audio_hw_primary: no pcm card found!
04-23 19:08:45.637 2034 2307 E audio_hw_primary: no pcm card found!
04-23 19:08:45.648 2034 2307 E audio_hw_primary: no pcm card found!
04-23 19:08:45.659 2034 2307 E audio_hw_primary: no pcm card found!
04-23 19:08:45.670 2034 2307 E audio_hw_primary: no pcm card found!
04-23 19:08:45.681 2034 2307 E audio_hw_primary: no pcm card found!
04-23 19:08:45.692 2034 2307 E audio_hw_primary: no pcm card found!
04-23 19:08:45.703 2034 2307 E audio_hw_primary: no pcm card found!
04-23 19:08:45.715 2034 2307 E audio_hw_primary: no pcm card found!
04-23 19:08:45.726 2034 2307 E audio_hw_primary: no pcm card found!
04-23 19:08:45.737 2034 2307 E audio_hw_primary: no pcm card found!
04-23 19:08:45.748 2034 2307 E audio_hw_primary: no pcm card found!
04-23 19:08:45.760 2034 2307 E audio_hw_primary: no pcm card found!
04-23 19:08:45.771 2034 2307 E audio_hw_primary: no pcm card found!
04-23 19:08:45.782 2034 2307 E audio_hw_primary: no pcm card found!
04-23 19:08:45.794 2034 2307 E audio_hw_primary: no pcm card found!
04-23 19:08:45.805 2034 2307 E audio_hw_primary: no pcm card found!
04-23 19:08:45.816 2034 2307 E audio_hw_primary: no pcm card found!
04-23 19:08:45.827 2034 2307 E audio_hw_primary: no pcm card found!
04-23 19:08:45.839 2034 2307 E audio_hw_primary: no pcm card found!
04-23 19:08:45.850 2034 2307 E audio_hw_primary: no pcm card found!
04-23 19:08:45.861 2034 2307 E audio_hw_primary: no pcm card found!
04-23 19:08:45.873 2034 2307 E audio_hw_primary: no pcm card found!
04-23 19:08:45.884 2034 2307 E audio_hw_primary: no pcm card found!
04-23 19:08:45.895 2034 2307 E audio_hw_primary: no pcm card found!
04-23 19:08:45.906 2034 2307 E audio_hw_primary: no pcm card found!
04-23 19:08:45.918 2034 2307 E audio_hw_primary: no pcm card found!
04-23 19:08:45.929 2034 2307 E audio_hw_primary: no pcm card found!
04-23 19:08:45.940 2034 2307 E audio_hw_primary: no pcm card found!
04-23 19:08:45.952 2034 2307 E audio_hw_primary: no pcm card found!
04-23 19:08:45.963 2034 2307 E audio_hw_primary: no pcm card found!
04-23 19:08:45.974 2034 2307 E audio_hw_primary: no pcm card found!
04-23 19:08:45.986 2034 2307 E audio_hw_primary: no pcm card found!
04-23 19:08:45.997 2034 2307 E audio_hw_primary: no pcm card found!
04-23 19:08:46.008 2034 2307 E audio_hw_primary: no pcm card found!
04-23 19:08:46.019 2034 2307 E audio_hw_primary: no pcm card found!
04-23 19:08:46.031 2034 2307 E audio_hw_primary: no pcm card found!
04-23 19:08:46.042 2034 2307 E audio_hw_primary: no pcm card found!
04-23 19:08:46.053 2034 2307 E audio_hw_primary: no pcm card found!
04-23 19:08:46.065 2034 2307 E audio_hw_primary: no pcm card found!
04-23 19:08:46.076 2034 2307 E audio_hw_primary: no pcm card found!
04-23 19:08:46.087 2034 2307 E audio_hw_primary: no pcm card found!
04-23 19:08:46.099 2034 2307 E audio_hw_primary: no pcm card found!
04-23 19:08:46.110 2034 2307 E audio_hw_primary: no pcm card found!
04-23 19:08:46.121 2034 2307 E audio_hw_primary: no pcm card found!
04-23 19:08:46.132 2034 2307 E audio_hw_primary: no pcm card found!
04-23 19:08:46.144 2034 2307 E audio_hw_primary: no pcm card found!
04-23 19:08:46.155 2034 2307 E audio_hw_primary: no pcm card found!
04-23 19:08:46.166 2034 2307 E audio_hw_primary: no pcm card found!
04-23 19:08:46.178 2034 2307 E audio_hw_primary: no pcm card found!
04-23 19:08:46.189 2034 2307 E audio_hw_primary: no pcm card found!
04-23 19:08:46.200 2034 2307 E audio_hw_primary: no pcm card found!
04-23 19:08:46.211 2034 2307 E audio_hw_primary: no pcm card found!
04-23 19:08:46.222 2034 2307 E audio_hw_primary: no pcm card found!
04-23 19:08:46.234 2034 2307 E audio_hw_primary: no pcm card found!
04-23 19:08:46.245 2034 2307 E audio_hw_primary: no pcm card found!
04-23 19:08:46.256 2034 2307 E audio_hw_primary: no pcm card found!
04-23 19:08:46.267 2034 2307 E audio_hw_primary: no pcm card found!
04-23 19:08:46.278 2034 2307 E audio_hw_primary: no pcm card found!
04-23 19:08:46.289 2034 2307 E audio_hw_primary: no pcm card found!
04-23 19:08:46.301 2034 2307 E audio_hw_primary: no pcm card found!
04-23 19:08:46.312 2034 2307 E audio_hw_primary: no pcm card found!
04-23 19:08:46.323 2034 2307 E audio_hw_primary: no pcm card found!
04-23 19:08:46.335 2034 2307 E audio_hw_primary: no pcm card found!
04-23 19:08:46.346 2034 2307 E audio_hw_primary: no pcm card found!
04-23 19:08:46.357 2034 2307 E audio_hw_primary: no pcm card found!
04-23 19:08:46.369 2034 2307 E audio_hw_primary: no pcm card found!
04-23 19:08:46.380 2034 2307 E audio_hw_primary: no pcm card found!
04-23 19:08:46.391 2034 2307 E audio_hw_primary: no pcm card found!
04-23 19:08:46.402 2034 2307 E audio_hw_primary: no pcm card found!
04-23 19:08:46.413 2034 2307 E audio_hw_primary: no pcm card found!
04-23 19:08:46.424 2034 2307 E audio_hw_primary: no pcm card found!
04-23 19:08:46.435 2034 2307 E audio_hw_primary: no pcm card found!
04-23 19:08:46.446 2034 2307 E audio_hw_primary: no pcm card found!
04-23 19:08:46.457 2034 2307 E audio_hw_primary: no pcm card found!
04-23 19:08:46.468 2034 2307 E audio_hw_primary: no pcm card found!
04-23 19:08:46.479 2034 2307 E audio_hw_primary: no pcm card found!
04-23 19:08:46.491 2034 2307 E audio_hw_primary: no pcm card found!
04-23 19:08:46.502 2034 2307 E audio_hw_primary: no pcm card found!
04-23 19:08:46.513 2034 2307 E audio_hw_primary: no pcm card found!
04-23 19:08:46.524 2034 2307 E audio_hw_primary: no pcm card found!
04-23 19:08:46.535 2034 2307 E audio_hw_primary: no pcm card found!
04-23 19:08:46.546 2034 2307 E audio_hw_primary: no pcm card found!
04-23 19:08:46.555 3819 3819 D DashboardSummary: rebuildUI took: 117 ms
04-23 19:08:46.555 3819 3819 W ViewRootImpl: Dropping event due to no window focus: KeyEvent { action=ACTION_DOWN, keyCode=KEYCODE_ESCAPE, scanCode=1, metaState=0, flags=0x8, repeatCount=0, eventTime=1860509, downTime=1860509, deviceId=10, source=0x101 }
04-23 19:08:46.557 2034 2307 E audio_hw_primary: no pcm card found!
04-23 19:08:46.568 2034 2307 E audio_hw_primary: no pcm card found!
04-23 19:08:46.580 2034 2307 E audio_hw_primary: no pcm card found!
04-23 19:08:46.591 2034 2307 E audio_hw_primary: no pcm card found!
04-23 19:08:46.602 2034 2307 E audio_hw_primary: no pcm card found!
04-23 19:08:46.613 2034 2307 E audio_hw_primary: no pcm card found!
04-23 19:08:46.621 3819 3819 W ViewRootImpl: Dropping event due to no window focus: KeyEvent { action=ACTION_DOWN, keyCode=KEYCODE_BACK, scanCode=1, metaState=0, flags=0x8, repeatCount=0, eventTime=1860509, downTime=1860509, deviceId=10, source=0x101 }
04-23 19:08:46.622 3819 3819 W ViewRootImpl: Cancelling event due to no window focus: KeyEvent { action=ACTION_UP, keyCode=KEYCODE_ESCAPE, scanCode=1, metaState=0, flags=0x28, repeatCount=0, eventTime=1860589, downTime=1860509, deviceId=10, source=0x101 }
04-23 19:08:46.622 3819 3819 W ViewRootImpl: Cancelling event due to no window focus: KeyEvent { action=ACTION_UP, keyCode=KEYCODE_ESCAPE, scanCode=1, metaState=0, flags=0x28, repeatCount=0, eventTime=1860589, downTime=1860509, deviceId=10, source=0x101 }
04-23 19:08:46.622 3819 3819 W ViewRootImpl: Cancelling event due to no window focus: KeyEvent { action=ACTION_UP, keyCode=KEYCODE_ESCAPE, scanCode=1, metaState=0, flags=0x28, repeatCount=0, eventTime=1860589, downTime=1860509, deviceId=10, source=0x101 }
04-23 19:08:46.624 2034 2307 E audio_hw_primary: no pcm card found!
04-23 19:08:46.635 2034 2307 E audio_hw_primary: no pcm card found!
04-23 19:08:46.646 2034 2307 E audio_hw_primary: no pcm card found!
04-23 19:08:46.657 2034 2307 E audio_hw_primary: no pcm card found!
04-23 19:08:46.668 2034 2307 E audio_hw_primary: no pcm card found!
04-23 19:08:46.679 2034 2307 E audio_hw_primary: no pcm card found!
04-23 19:08:46.691 2034 2307 E audio_hw_primary: no pcm card found!
04-23 19:08:46.702 2034 2307 E audio_hw_primary: no pcm card found!
04-23 19:08:46.713 2034 2307 E audio_hw_primary: no pcm card found!
04-23 19:08:46.725 2034 2307 E audio_hw_primary: no pcm card found!
04-23 19:08:46.736 2034 2307 E audio_hw_primary: no pcm card found!
04-23 19:08:46.747 2034 2307 E audio_hw_primary: no pcm card found!
04-23 19:08:46.758 2034 2307 E audio_hw_primary: no pcm card found!
04-23 19:08:46.770 2034 2307 E audio_hw_primary: no pcm card found!
04-23 19:08:46.781 2034 2307 E audio_hw_primary: no pcm card found!
04-23 19:08:46.792 2034 2307 E audio_hw_primary: no pcm card found!
04-23 19:08:46.803 2034 2307 E audio_hw_primary: no pcm card found!
04-23 19:08:46.814 2034 2307 E audio_hw_primary: no pcm card found!
04-23 19:08:46.826 2034 2307 E audio_hw_primary: no pcm card found!
04-23 19:08:46.837 2034 2307 E audio_hw_primary: no pcm card found!
04-23 19:08:46.848 2034 2307 E audio_hw_primary: no pcm card found!
04-23 19:08:46.860 2034 2307 E audio_hw_primary: no pcm card found!
04-23 19:08:46.871 2034 2307 E audio_hw_primary: no pcm card found!
04-23 19:08:46.882 2034 2307 E audio_hw_primary: no pcm card found!
04-23 19:08:46.894 2034 2307 E audio_hw_primary: no pcm card found!
04-23 19:08:46.905 2034 2307 E audio_hw_primary: no pcm card found!
04-23 19:08:46.916 2034 2307 E audio_hw_primary: no pcm card found!
04-23 19:08:46.927 2034 2307 E audio_hw_primary: no pcm card found!
04-23 19:08:46.939 2034 2307 E audio_hw_primary: no pcm card found!
04-23 19:08:46.950 2034 2307 E audio_hw_primary: no pcm card found!
04-23 19:08:46.961 2034 2307 E audio_hw_primary: no pcm card found!
04-23 19:08:46.972 2034 2307 E audio_hw_primary: no pcm card found!
04-23 19:08:46.983 2034 2307 E audio_hw_primary: no pcm card found!
04-23 19:08:46.995 2034 2307 E audio_hw_primary: no pcm card found!
04-23 19:08:47.006 2034 2307 E audio_hw_primary: no pcm card found!
04-23 19:08:47.017 2034 2307 E audio_hw_primary: no pcm card found!
04-23 19:08:47.029 2034 2307 E audio_hw_primary: no pcm card found!
04-23 19:08:47.040 2034 2307 E audio_hw_primary: no pcm card found!
04-23 19:08:47.051 2034 2307 E audio_hw_primary: no pcm card found!
04-23 19:08:47.063 2034 2307 E audio_hw_primary: no pcm card found!
04-23 19:08:47.074 2034 2307 E audio_hw_primary: no pcm card found!
04-23 19:08:47.085 2034 2307 E audio_hw_primary: no pcm card found!
04-23 19:08:47.097 2034 2307 E audio_hw_primary: no pcm card found!
04-23 19:08:47.108 2034 2307 E audio_hw_primary: no pcm card found!
04-23 19:08:47.119 2034 2307 E audio_hw_primary: no pcm card found!
04-23 19:08:47.130 2034 2307 E audio_hw_primary: no pcm card found!
04-23 19:08:47.142 2034 2307 E audio_hw_primary: no pcm card found!
04-23 19:08:47.153 2034 2307 E audio_hw_primary: no pcm card found!
04-23 19:08:47.164 2034 2307 E audio_hw_primary: no pcm card found!
04-23 19:08:47.176 2034 2307 E audio_hw_primary: no pcm card found!
04-23 19:08:47.187 2034 2307 E audio_hw_primary: no pcm card found!
04-23 19:08:47.198 2034 2307 E audio_hw_primary: no pcm card found!
04-23 19:08:47.210 2034 2307 E audio_hw_primary: no pcm card found!
04-23 19:08:47.221 2034 2307 E audio_hw_primary: no pcm card found!
04-23 19:08:47.232 2034 2307 E audio_hw_primary: no pcm card found!
04-23 19:08:47.243 2034 2307 E audio_hw_primary: no pcm card found!
04-23 19:08:47.255 2034 2307 E audio_hw_primary: no pcm card found!
04-23 19:08:47.266 2034 2307 E audio_hw_primary: no pcm card found!
04-23 19:08:47.277 2034 2307 E audio_hw_primary: no pcm card found!
04-23 19:08:47.289 2034 2307 E audio_hw_primary: no pcm card found!
04-23 19:08:47.300 2034 2307 E audio_hw_primary: no pcm card found!
04-23 19:08:47.311 2034 2307 E audio_hw_primary: no pcm card found!
04-23 19:08:47.323 2034 2307 E audio_hw_primary: no pcm card found!
04-23 19:08:47.334 2034 2307 E audio_hw_primary: no pcm card found!
04-23 19:08:47.345 2034 2307 E audio_hw_primary: no pcm card found!
04-23 19:08:47.356 2034 2307 E audio_hw_primary: no pcm card found!
04-23 19:08:47.368 2034 2307 E audio_hw_primary: no pcm card found!
04-23 19:08:47.379 2034 2307 E audio_hw_primary: no pcm card found!
04-23 19:08:47.390 2034 2307 E audio_hw_primary: no pcm card found!
04-23 19:08:47.402 2034 2307 E audio_hw_primary: no pcm card found!
04-23 19:08:47.413 2034 2307 E audio_hw_primary: no pcm card found!
04-23 19:08:47.424 2034 2307 E audio_hw_primary: no pcm card found!
04-23 19:08:47.435 2034 2307 E audio_hw_primary: no pcm card found!
04-23 19:08:47.447 2034 2307 E audio_hw_primary: no pcm card found!
04-23 19:08:47.458 2034 2307 E audio_hw_primary: no pcm card found!
04-23 19:08:47.469 2034 2307 E audio_hw_primary: no pcm card found!
04-23 19:08:47.481 2034 2307 E audio_hw_primary: no pcm card found!
04-23 19:08:47.492 2034 2307 E audio_hw_primary: no pcm card found!
04-23 19:08:47.503 2034 2307 E audio_hw_primary: no pcm card found!
04-23 19:08:47.515 2034 2307 E audio_hw_primary: no pcm card found!
04-23 19:08:47.526 2034 2307 E audio_hw_primary: no pcm card found!
04-23 19:08:47.537 2034 2307 E audio_hw_primary: no pcm card found!
04-23 19:08:47.549 2034 2307 E audio_hw_primary: no pcm card found!
04-23 19:08:47.560 2034 2307 E audio_hw_primary: no pcm card found!
04-23 19:08:47.571 2034 2307 E audio_hw_primary: no pcm card found!
04-23 19:08:47.582 2034 2307 E audio_hw_primary: no pcm card found!
04-23 19:08:47.594 2034 2307 E audio_hw_primary: no pcm card found!
04-23 19:08:47.605 2034 2307 E audio_hw_primary: no pcm card found!
04-23 19:08:47.616 2034 2307 E audio_hw_primary: no pcm card found!
04-23 19:08:47.628 2034 2307 E audio_hw_primary: no pcm card found!
04-23 19:08:47.639 2034 2307 E audio_hw_primary: no pcm card found!
04-23 19:08:47.650 2034 2307 E audio_hw_primary: no pcm card found!
04-23 19:08:47.662 2034 2307 E audio_hw_primary: no pcm card found!
04-23 19:08:47.674 2034 2307 E audio_hw_primary: no pcm card found!
04-23 19:08:47.685 2034 2307 E audio_hw_primary: no pcm card found!
04-23 19:08:47.696 2034 2307 E audio_hw_primary: no pcm card found!
04-23 19:08:47.707 2034 2307 E audio_hw_primary: no pcm card found!
04-23 19:08:47.718 2034 2307 E audio_hw_primary: no pcm card found!
04-23 19:08:47.729 2034 2307 E audio_hw_primary: no pcm card found!
04-23 19:08:47.740 2034 2307 E audio_hw_primary: no pcm card found!
04-23 19:08:47.751 2034 2307 E audio_hw_primary: no pcm card found!
04-23 19:08:47.762 2034 2307 E audio_hw_primary: no pcm card found!
04-23 19:08:47.774 2034 2307 E audio_hw_primary: no pcm card found!
04-23 19:08:47.785 2034 2307 E audio_hw_primary: no pcm card found!
04-23 19:08:47.796 2034 2307 E audio_hw_primary: no pcm card found!
04-23 19:08:47.807 2034 2307 E audio_hw_primary: no pcm card found!
04-23 19:08:47.818 2034 2307 E audio_hw_primary: no pcm card found!
04-23 19:08:47.829 2034 2307 E audio_hw_primary: no pcm card found!
04-23 19:08:47.841 2034 2307 E audio_hw_primary: no pcm card found!
04-23 19:08:47.852 2034 2307 E audio_hw_primary: no pcm card found!
04-23 19:08:47.863 2034 2307 E audio_hw_primary: no pcm card found!
04-23 19:08:47.874 2034 2307 E audio_hw_primary: no pcm card found!
04-23 19:08:47.885 2034 2307 E audio_hw_primary: no pcm card found!
04-23 19:08:47.897 2034 2307 E audio_hw_primary: no pcm card found!
04-23 19:08:47.908 2034 2307 E audio_hw_primary: no pcm card found!
04-23 19:08:47.919 2034 2307 E audio_hw_primary: no pcm card found!
04-23 19:08:47.931 2034 2307 E audio_hw_primary: no pcm card found!
04-23 19:08:47.942 2034 2307 E audio_hw_primary: no pcm card found!
04-23 19:08:47.954 2034 2307 E audio_hw_primary: no pcm card found!
04-23 19:08:47.965 2034 2307 E audio_hw_primary: no pcm card found!
04-23 19:08:47.976 2034 2307 E audio_hw_primary: no pcm card found!
04-23 19:08:47.988 2034 2307 E audio_hw_primary: no pcm card found!
04-23 19:08:47.999 2034 2307 E audio_hw_primary: no pcm card found!
04-23 19:08:48.011 2034 2307 E audio_hw_primary: no pcm card found!
04-23 19:08:48.022 2034 2307 E audio_hw_primary: no pcm card found!
04-23 19:08:48.033 2034 2307 E audio_hw_primary: no pcm card found!
04-23 19:08:48.045 2034 2307 E audio_hw_primary: no pcm card found!
04-23 19:08:48.056 2034 2307 E audio_hw_primary: no pcm card found!
04-23 19:08:48.068 2034 2307 E audio_hw_primary: no pcm card found!
04-23 19:08:48.079 2034 2307 E audio_hw_primary: no pcm card found!
04-23 19:08:48.090 2034 2307 E audio_hw_primary: no pcm card found!
04-23 19:08:48.101 2034 2307 E audio_hw_primary: no pcm card found!
04-23 19:08:48.113 2034 2307 E audio_hw_primary: no pcm card found!
04-23 19:08:48.124 2034 2307 E audio_hw_primary: no pcm card found!
04-23 19:08:48.135 2034 2307 E audio_hw_primary: no pcm card found!
04-23 19:08:48.146 2034 2307 E audio_hw_primary: no pcm card found!
04-23 19:08:48.157 2034 2307 E audio_hw_primary: no pcm card found!
04-23 19:08:48.168 2034 2307 E audio_hw_primary: no pcm card found!
04-23 19:08:48.180 2034 2307 E audio_hw_primary: no pcm card found!
04-23 19:08:48.191 2034 2307 E audio_hw_primary: no pcm card found!
04-23 19:08:48.202 2034 2307 E audio_hw_primary: no pcm card found!
04-23 19:08:48.204 2325 4573 I ActivityManager: START u0 {act=android.intent.action.MAIN cmp=com.android.settings/.SubSettings (has extras)} from uid 1000 on display 0
04-23 19:08:48.209 2325 4573 V WindowManager: addAppToken: AppWindowToken{151cecaf token=Token{1a9cac8e ActivityRecord{54c1489 u0 com.android.settings/.SubSettings t10}}} to stack=1 task=10 at 1
04-23 19:08:48.210 2325 2515 W AudioTrack: AUDIO_OUTPUT_FLAG_FAST denied by client
04-23 19:08:48.213 2034 2307 E audio_hw_primary: no pcm card found!
04-23 19:08:48.224 2034 2307 E audio_hw_primary: no pcm card found!
04-23 19:08:48.239 2034 2307 E audio_hw_primary: no pcm card found!
04-23 19:08:48.261 2034 2307 E audio_hw_primary: no pcm card found!
04-23 19:08:48.261 3819 3819 D SubSettings: Launching fragment com.android.settings.PrivacySettings
04-23 19:08:48.273 2034 2307 E audio_hw_primary: no pcm card found!
04-23 19:08:48.284 2034 2307 E audio_hw_primary: no pcm card found!
04-23 19:08:48.295 2034 2307 E audio_hw_primary: no pcm card found!
04-23 19:08:48.306 2034 2307 E audio_hw_primary: no pcm card found!
04-23 19:08:48.317 2034 2307 E audio_hw_primary: no pcm card found!
04-23 19:08:48.328 2034 2307 E audio_hw_primary: no pcm card found!
04-23 19:08:48.339 2034 2307 E audio_hw_primary: no pcm card found!
04-23 19:08:48.350 2034 2307 E audio_hw_primary: no pcm card found!
04-23 19:08:48.362 2034 2307 E audio_hw_primary: no pcm card found!
04-23 19:08:48.372 2325 3791 I art : Explicit concurrent mark sweep GC freed 24313(1309KB) AllocSpace objects, 16(267KB) LOS objects, 33% free, 10MB/15MB, paused 1.432ms total 71.332ms
04-23 19:08:48.373 2034 2307 E audio_hw_primary: no pcm card found!
04-23 19:08:48.384 2034 2307 E audio_hw_primary: no pcm card found!
04-23 19:08:48.395 2034 2307 E audio_hw_primary: no pcm card found!
04-23 19:08:48.399 2325 4623 V WindowManager: Adding window Window{1796f354 u0 com.android.settings/com.android.settings.SubSettings} at 4 of 9 (after Window{2d4ab27 u0 com.android.settings/com.android.settings.Settings})
04-23 19:08:48.405 2034 2307 E audio_hw_primary: no pcm card found!
04-23 19:08:48.416 2034 2307 E audio_hw_primary: no pcm card found!
04-23 19:08:48.427 2034 2307 E audio_hw_primary: no pcm card found!
04-23 19:08:48.438 2034 2307 E audio_hw_primary: no pcm card found!
04-23 19:08:48.449 2034 2307 E audio_hw_primary: no pcm card found!
04-23 19:08:48.460 2034 2307 E audio_hw_primary: no pcm card found!
04-23 19:08:48.471 2034 2307 E audio_hw_primary: no pcm card found!
04-23 19:08:48.482 2034 2307 E audio_hw_primary: no pcm card found!
04-23 19:08:48.493 2034 2307 E audio_hw_primary: no pcm card found!
04-23 19:08:48.504 2034 2307 E audio_hw_primary: no pcm card found!
04-23 19:08:48.514 2325 2355 I ActivityManager: Displayed com.android.settings/.SubSettings: +291ms
04-23 19:08:48.515 2034 2307 E audio_hw_primary: no pcm card found!
04-23 19:08:48.526 2034 2307 E audio_hw_primary: no pcm card found!
04-23 19:08:48.537 2034 2307 E audio_hw_primary: no pcm card found!
04-23 19:08:48.548 2034 2307 E audio_hw_primary: no pcm card found!
04-23 19:08:48.559 2034 2307 E audio_hw_primary: no pcm card found!
04-23 19:08:48.567 3819 4670 D OpenGLRenderer: endAllStagingAnimators on 0x7f14b9ed7800 (RippleDrawable) with handle 0x7f14ba337a00
04-23 19:08:48.570 2034 2307 E audio_hw_primary: no pcm card found!
04-23 19:08:48.581 2034 2307 E audio_hw_primary: no pcm card found!
04-23 19:08:48.592 2034 2307 E audio_hw_primary: no pcm card found!
04-23 19:08:48.603 2034 2307 E audio_hw_primary: no pcm card found!
04-23 19:08:48.614 2034 2307 E audio_hw_primary: no pcm card found!
04-23 19:08:48.625 2034 2307 E audio_hw_primary: no pcm card found!
04-23 19:08:48.636 2034 2307 E audio_hw_primary: no pcm card found!
04-23 19:08:48.648 2034 2307 E audio_hw_primary: no pcm card found!
04-23 19:08:48.659 2034 2307 E audio_hw_primary: no pcm card found!
04-23 19:08:48.670 2034 2307 E audio_hw_primary: no pcm card found!
04-23 19:08:48.681 2034 2307 E audio_hw_primary: no pcm card found!
04-23 19:08:48.693 2034 2307 E audio_hw_primary: no pcm card found!
04-23 19:08:48.704 2034 2307 E audio_hw_primary: no pcm card found!
04-23 19:08:48.715 2034 2307 E audio_hw_primary: no pcm card found!
04-23 19:08:48.726 2034 2307 E audio_hw_primary: no pcm card found!
04-23 19:08:48.737 2034 2307 E audio_hw_primary: no pcm card found!
04-23 19:08:48.748 2034 2307 E audio_hw_primary: no pcm card found!
04-23 19:08:48.760 2034 2307 E audio_hw_primary: no pcm card found!
04-23 19:08:48.771 2034 2307 E audio_hw_primary: no pcm card found!
04-23 19:08:48.782 2034 2307 E audio_hw_primary: no pcm card found!
04-23 19:08:48.793 2034 2307 E audio_hw_primary: no pcm card found!
04-23 19:08:48.804 2034 2307 E audio_hw_primary: no pcm card found!
04-23 19:08:48.815 2034 2307 E audio_hw_primary: no pcm card found!
04-23 19:08:48.827 2034 2307 E audio_hw_primary: no pcm card found!
