04-23 18:41:20.165 2325 2325 V WiredAccessoryManager: newName=h2w newState=0 headsetState=0 prev headsetState=0
04-23 18:41:20.165 2325 2325 E WiredAccessoryManager: No state change.
04-23 18:41:20.165 2325 2325 V WiredAccessoryManager: init()
04-23 18:41:20.165 2325 2350 W VoiceInteractionManagerService: no available voice interaction services found for user 0
04-23 18:41:20.165 2325 2350 W VoiceInteractionManagerService: no available voice recognition services found for user 0
04-23 18:41:20.166 2325 2325 I FusedLocation: engine started (com.android.location.fused)
04-23 18:41:20.195 2325 2350 I ActivityManager: Start proc 2756:com.android.phone/1001 for added application com.android.phone
04-23 18:41:20.196 2325 2350 I ActivityManager: START u0 {act=android.intent.action.MAIN cat=[android.intent.category.HOME] flg=0x10000000 cmp=org.zeroxlab.util.tscal/.TSCalibrationStartup} from uid 0 on display 0
04-23 18:41:20.200 2325 2350 V WindowManager: addAppToken: AppWindowToken{2ad347d0 token=Token{1a0eeb93 ActivityRecord{1dd58882 u0 org.zeroxlab.util.tscal/.TSCalibrationStartup t1}}} to stack=0 task=1 at 0
04-23 18:41:20.229 2325 2350 I ActivityManager: Start proc 2777:org.zeroxlab.util.tscal/1000 for activity org.zeroxlab.util.tscal/.TSCalibrationStartup
04-23 18:41:20.258 2325 2349 I ActivityManager: Start proc 2795:com.android.printspooler/u0a44 for service com.android.printspooler/.model.PrintSpoolerService
04-23 18:41:20.262 2325 2325 D GpsNetInitiatedHandler: location enabled :false
04-23 18:41:20.272 2034 2811 E WVMExtractor: Failed to open libwvm.so: dlopen failed: library "libwvm.so" not found
04-23 18:41:20.276 2034 2422 D NuPlayerDriver: start(0xf502f1c0)
04-23 18:41:20.277 2034 2775 I GenericSource: start
04-23 18:41:20.288 2034 2517 D NuPlayerDriver: start(0xf584edc0)
04-23 18:41:20.288 2034 2776 I GenericSource: start
04-23 18:41:20.292 2325 2350 I ActivityManager: Start proc 2818:com.android.externalstorage/u0a6 for broadcast com.android.externalstorage/.MountReceiver
04-23 18:41:20.318 2325 2325 W AppWidgetServiceImpl: Failed to read state: java.io.FileNotFoundException: /data/system/users/0/appwidgets.xml: open failed: ENOENT (No such file or directory)
04-23 18:41:20.318 2325 2325 V AppWidgetServiceImpl: Upgrading widget database from 0 to 1
04-23 18:41:20.319 2325 2354 D BluetoothManagerService: Message: 300
04-23 18:41:20.319 2325 2354 D BluetoothManagerService: MESSAGE_USER_SWITCHED
04-23 18:41:20.323 2026 2061 D PermissionCache: checking android.permission.HARDWARE_TEST for uid=1000 => granted (469 us)
04-23 18:41:20.326 2325 2351 D SettingsProvider: User 0 external modification to /data/data/com.android.providers.settings/databases/settings.db; event=2
04-23 18:41:20.326 2325 2351 D SettingsProvider: User 0 updating our caches for /data/data/com.android.providers.settings/databases/settings.db
04-23 18:41:20.331 2325 2516 I ActivityManager: Force stopping org.zeroxlab.util.tscal appid=1000 user=0: pkg changed
04-23 18:41:20.331 2325 2516 I ActivityManager: Killing 2777:org.zeroxlab.util.tscal/1000 (adj 0): stop org.zeroxlab.util.tscal
04-23 18:41:20.332 2795 2795 I PrintSpoolerService: No existing print spooler state.
04-23 18:41:20.338 2818 2818 D ExternalStorage: After updating volumes, found 1 active roots
04-23 18:41:20.346 2325 2516 I ActivityManager: Force finishing activity 3 ActivityRecord{1dd58882 u0 org.zeroxlab.util.tscal/.TSCalibrationStartup t1}
04-23 18:41:20.347 2325 2516 I ActivityManager: START u0 {act=android.intent.action.MAIN cat=[android.intent.category.HOME] flg=0x10000000 cmp=com.android.settings/.CryptKeeper} from uid 0 on display 0
04-23 18:41:20.352 2325 2516 V WindowManager: addAppToken: AppWindowToken{20192e71 token=Token{21b1b418 ActivityRecord{1d3dbbfb u0 com.android.settings/.CryptKeeper t2}}} to stack=0 task=2 at 0
04-23 18:41:20.354 2325 2345 W ActivityManager: Spurious death for ProcessRecord{29a21cd7 2777:org.zeroxlab.util.tscal/1000}, curProc for 2777: null
04-23 18:41:20.358 2325 2424 I InputReader: Reconfiguring input devices. changes=0x00000010
04-23 18:41:20.361 2818 2818 D ExternalStorage: After updating volumes, found 1 active roots
04-23 18:41:20.389 2325 2635 I ActivityManager: Start proc 2844:android.process.media/u0a5 for broadcast com.android.providers.media/.MediaScannerReceiver
04-23 18:41:20.396 2325 2325 D BackupManagerService: Received broadcast Intent { act=android.intent.action.PACKAGE_CHANGED dat=package:org.zeroxlab.util.tscal flg=0x4000010 (has extras) }
04-23 18:41:20.403 2693 2693 D VolumeUI: Registering volume controller
04-23 18:41:20.427 2325 2635 I ActivityManager: Start proc 2869:com.android.settings/1000 for activity com.android.settings/.CryptKeeper
04-23 18:41:20.471 2325 2634 I ActivityManager: START u0 {act=android.intent.action.MAIN cat=[android.intent.category.HOME] flg=0x10000000 cmp=com.android.provision/.DefaultActivity} from uid 0 on display 0
04-23 18:41:20.473 2844 2844 I MediaProvider: Upgrading media database from version 0 to 800, which will destroy all old data
04-23 18:41:20.474 2325 2634 V WindowManager: addAppToken: AppWindowToken{25191e78 token=Token{310d3db ActivityRecord{17d844ea u0 com.android.provision/.DefaultActivity t3}}} to stack=0 task=3 at 0
04-23 18:41:20.479 2325 2516 I StatusBarManagerService: registerStatusBar bar=com.android.internal.statusbar.IStatusBar$Stub$Proxy@3bcab951
04-23 18:41:20.492 2325 2634 I ActivityManager: Start proc 2888:com.android.provision/u0a45 for activity com.android.provision/.DefaultActivity
04-23 18:41:20.503 2025 2057 I fsck_msdos: Invalid signature in fsinfo block
04-23 18:41:20.503 2025 2057 I fsck_msdos: FIXED
04-23 18:41:20.503 2025 2057 I fsck_msdos: ** Phase 1 - Read and Compare FATs
04-23 18:41:20.503 2025 2057 I fsck_msdos: Attempting to allocate 1041 KB for FAT
04-23 18:41:20.524 2325 2346 W BackupManagerService: dataChanged but no participant pkg='com.android.providers.settings' uid=10045
04-23 18:41:20.527 2325 2840 W BackupManagerService: dataChanged but no participant pkg='com.android.providers.settings' uid=10045
04-23 18:41:20.532 2325 2634 I ActivityManager: START u0 {act=android.intent.action.MAIN cat=[android.intent.category.HOME] flg=0x10000000 cmp=com.cyanogenmod.trebuchet/com.android.launcher3.Launcher} from uid 0 on display 0
04-23 18:41:20.534 2025 2057 I fsck_msdos: Attempting to allocate 1041 KB for FAT
04-23 18:41:20.536 2325 2634 V WindowManager: addAppToken: AppWindowToken{9fdaa24 token=Token{34bed2b7 ActivityRecord{1f6dc5b6 u0 com.cyanogenmod.trebuchet/com.android.launcher3.Launcher t4}}} to stack=0 task=4 at 0
04-23 18:41:20.555 2325 2634 I ActivityManager: Start proc 2909:com.cyanogenmod.trebuchet/u0a14 for activity com.cyanogenmod.trebuchet/com.android.launcher3.Launcher
04-23 18:41:20.569 2844 2844 D MediaProvider: Adjusting external storage paths to: /storage/emulated/0
04-23 18:41:20.597 2909 2909 E ActivityThread: Failed to find provider info for com.android.launcher2.settings
04-23 18:41:20.600 2756 2756 D TelephonyProvider: dbh.onCreate:+ db=SQLiteDatabase: /data/data/com.android.providers.telephony/databases/telephony.db
04-23 18:41:20.600 2756 2756 D TelephonyProvider: dbh.createSimInfoTable:+
04-23 18:41:20.601 2756 2756 D TelephonyProvider: dbh.createSimInfoTable:-
04-23 18:41:20.601 2756 2756 D TelephonyProvider: dbh.createCarriersTable:+
04-23 18:41:20.602 2909 2909 V Launcher: LauncherAppState inited
04-23 18:41:20.602 2756 2756 D TelephonyProvider: dbh.createCarriersTable:-
04-23 18:41:20.603 2756 2756 D TelephonyProvider: No APNs in OEM image = /oem/telephony/apns-conf.xml Load APNs from system image
04-23 18:41:20.603 2756 2756 D TelephonyProvider: confFile = /system/etc/apns-conf.xml
04-23 18:41:20.610 2025 2057 I fsck_msdos: ** Phase 2 - Check Cluster Chains
04-23 18:41:20.612 2844 2844 E SQLiteLog: (1) no such table: album_info
04-23 18:41:20.618 2025 2057 I fsck_msdos: ** Phase 3 - Checking Directories
04-23 18:41:20.623 2844 2844 D MediaScannerReceiver: action: android.intent.action.MEDIA_UNMOUNTED path: /storage/usb3
04-23 18:41:20.624 2818 2818 D ExternalStorage: After updating volumes, found 1 active roots
04-23 18:41:20.628 2909 2909 W Launcher: setApplicationContext called twice! old=com.android.launcher3.LauncherApplication@1976932b new=com.android.launcher3.LauncherApplication@1976932b
04-23 18:41:20.634 2844 2844 D MediaScannerReceiver: action: android.intent.action.MEDIA_UNMOUNTED path: /storage/usb1
04-23 18:41:20.638 2844 2937 I DownloadManager: Upgrading downloads database from version 0 to version 109, which will destroy all old data
04-23 18:41:20.687 2325 2635 I art : Explicit concurrent mark sweep GC freed 26926(1779KB) AllocSpace objects, 11(176KB) LOS objects, 33% free, 8MB/12MB, paused 992us total 41.075ms
04-23 18:41:20.768 2325 2510 D WifiService: New client listening to asynchronous messages
04-23 18:41:20.776 2639 2639 I art : System.exit called, status: 0
04-23 18:41:20.776 2639 2639 I AndroidRuntime: VM exiting with result code 0, cleanup skipped.
04-23 18:41:20.790 2325 2354 D BluetoothManagerService: Message: 20
04-23 18:41:20.790 2325 2354 D BluetoothManagerService: Added callback: android.bluetooth.IBluetoothManagerCallback$Stub$Proxy@3394935a:true
04-23 18:41:20.791 2693 2693 D BluetoothAdapter: 59353320: getState() : mService = null. Returning STATE_OFF
04-23 18:41:20.792 2693 2955 D BluetoothAdapter: 59353320: getState() : mService = null. Returning STATE_OFF
04-23 18:41:20.792 2325 2354 D BluetoothManagerService: Message: 30
04-23 18:41:20.795 2325 2354 D BluetoothManagerService: Message: 30
04-23 18:41:20.796 2693 2693 E BluetoothA2dpSink: Could not bind to Bluetooth A2DP Service with Intent { act=android.bluetooth.IBluetoothA2dpSink }
04-23 18:41:20.796 2325 2354 D BluetoothManagerService: Message: 30
04-23 18:41:20.798 2693 2693 E BluetoothAvrcpController: Could not bind to Bluetooth AVRCP Controller Service with Intent { act=android.bluetooth.IBluetoothAvrcpController }
04-23 18:41:20.798 2325 2354 D BluetoothManagerService: Message: 30
04-23 18:41:20.799 2325 2840 D BluetoothManagerService: Trying to bind to profile: 1, while Bluetooth was disabled
04-23 18:41:20.799 2737 2737 I LatinIME: Hardware accelerated drawing: true
04-23 18:41:20.800 2325 2354 D BluetoothManagerService: Message: 30
04-23 18:41:20.802 2693 2693 E BluetoothHeadsetClient: Could not bind to Bluetooth Headset Client Service with Intent { act=android.bluetooth.IBluetoothHeadsetClient }
04-23 18:41:20.803 2909 2933 W Resources: Converting to int: TypedValue{t=0x3/d=0x13 "6" a=-1}
04-23 18:41:20.803 2909 2933 W Resources: Converting to int: TypedValue{t=0x3/d=0x14 "3" a=-1}
04-23 18:41:20.803 2909 2933 W Resources: Converting to int: TypedValue{t=0x3/d=0x11 "1" a=-1}
04-23 18:41:20.803 2909 2933 W Resources: Converting to int: TypedValue{t=0x3/d=0x12 "0" a=-1}
04-23 18:41:20.803 2909 2933 W Resources: Converting to int: TypedValue{t=0x3/d=0x11 "1" a=-1}
04-23 18:41:20.810 2909 2933 W Resources: Converting to int: TypedValue{t=0x3/d=0x18 "7" a=-1}
04-23 18:41:20.810 2909 2933 W Resources: Converting to int: TypedValue{t=0x3/d=0x19 "4" a=-1}
04-23 18:41:20.810 2909 2933 W Resources: Converting to int: TypedValue{t=0x3/d=0x11 "1" a=-1}
04-23 18:41:20.812 2909 2933 W Launcher.LauncherProvider: Unable to add favorite: com.android.vending/com.android.vending.AssetBrowserActivity
04-23 18:41:20.812 2909 2933 W Launcher.LauncherProvider: android.content.pm.PackageManager$NameNotFoundException: ComponentInfo{com.android.vending/com.android.vending.AssetBrowserActivity}
04-23 18:41:20.812 2909 2933 W Launcher.LauncherProvider: at android.app.ApplicationPackageManager.getActivityInfo(ApplicationPackageManager.java:314)
04-23 18:41:20.812 2909 2933 W Launcher.LauncherProvider: at com.android.launcher3.LauncherProvider$DatabaseHelper.addAppShortcut(LauncherProvider.java:1308)
04-23 18:41:20.812 2909 2933 W Launcher.LauncherProvider: at com.android.launcher3.LauncherProvider$DatabaseHelper.loadFavorites(LauncherProvider.java:1185)
04-23 18:41:20.812 2909 2933 W Launcher.LauncherProvider: at com.android.launcher3.LauncherProvider$DatabaseHelper.access$000(LauncherProvider.java:298)
04-23 18:41:20.812 2909 2933 W Launcher.LauncherProvider: at com.android.launcher3.LauncherProvider.loadDefaultFavoritesIfNecessary(LauncherProvider.java:288)
04-23 18:41:20.812 2909 2933 W Launcher.LauncherProvider: at com.android.launcher3.LauncherModel$LoaderTask.loadWorkspace(LauncherModel.java:1681)
04-23 18:41:20.812 2909 2933 W Launcher.LauncherProvider: at com.android.launcher3.LauncherModel$LoaderTask.loadAndBindWorkspace(LauncherModel.java:1425)
04-23 18:41:20.812 2909 2933 W Launcher.LauncherProvider: at com.android.launcher3.LauncherModel$LoaderTask.run(LauncherModel.java:1530)
04-23 18:41:20.812 2909 2933 W Launcher.LauncherProvider: at android.os.Handler.handleCallback(Handler.java:739)
04-23 18:41:20.812 2909 2933 W Launcher.LauncherProvider: at android.os.Handler.dispatchMessage(Handler.java:95)
04-23 18:41:20.812 2909 2933 W Launcher.LauncherProvider: at android.os.Looper.loop(Looper.java:135)
04-23 18:41:20.812 2909 2933 W Launcher.LauncherProvider: at android.os.HandlerThread.run(HandlerThread.java:61)
04-23 18:41:20.812 2909 2933 W Resources: Converting to int: TypedValue{t=0x3/d=0x12 "0" a=-1}
04-23 18:41:20.812 2909 2933 W Resources: Converting to int: TypedValue{t=0x3/d=0x19 "4" a=-1}
04-23 18:41:20.812 2909 2933 W Resources: Converting to int: TypedValue{t=0x3/d=0x11 "1" a=-1}
04-23 18:41:20.813 2325 2354 D BluetoothManagerService: Message: 30
04-23 18:41:20.821 2909 2933 W Launcher.LauncherProvider: Unable to add favorite: com.google.android.apps.maps/com.google.android.maps.MapsActivity
04-23 18:41:20.821 2909 2933 W Launcher.LauncherProvider: android.content.pm.PackageManager$NameNotFoundException: ComponentInfo{com.google.android.apps.maps/com.google.android.maps.MapsActivity}
04-23 18:41:20.821 2909 2933 W Launcher.LauncherProvider: at android.app.ApplicationPackageManager.getActivityInfo(ApplicationPackageManager.java:314)
04-23 18:41:20.821 2909 2933 W Launcher.LauncherProvider: at com.android.launcher3.LauncherProvider$DatabaseHelper.addAppShortcut(LauncherProvider.java:1308)
04-23 18:41:20.821 2909 2933 W Launcher.LauncherProvider: at com.android.launcher3.LauncherProvider$DatabaseHelper.loadFavorites(LauncherProvider.java:1231)
04-23 18:41:20.821 2909 2933 W Launcher.LauncherProvider: at com.android.launcher3.LauncherProvider$DatabaseHelper.access$000(LauncherProvider.java:298)
04-23 18:41:20.821 2909 2933 W Launcher.LauncherProvider: at com.android.launcher3.LauncherProvider.loadDefaultFavoritesIfNecessary(LauncherProvider.java:288)
04-23 18:41:20.821 2909 2933 W Launcher.LauncherProvider: at com.android.launcher3.LauncherModel$LoaderTask.loadWorkspace(LauncherModel.java:1681)
04-23 18:41:20.821 2909 2933 W Launcher.LauncherProvider: at com.android.launcher3.LauncherModel$LoaderTask.loadAndBindWorkspace(LauncherModel.java:1425)
04-23 18:41:20.821 2909 2933 W Launcher.LauncherProvider: at com.android.launcher3.LauncherModel$LoaderTask.run(LauncherModel.java:1530)
04-23 18:41:20.821 2909 2933 W Launcher.LauncherProvider: at android.os.Handler.handleCallback(Handler.java:739)
04-23 18:41:20.821 2909 2933 W Launcher.LauncherProvider: at android.os.Handler.dispatchMessage(Handler.java:95)
04-23 18:41:20.821 2909 2933 W Launcher.LauncherProvider: at android.os.Looper.loop(Looper.java:135)
04-23 18:41:20.821 2909 2933 W Launcher.LauncherProvider: at android.os.HandlerThread.run(HandlerThread.java:61)
04-23 18:41:20.821 2657 2657 I art : System.exit called, status: 0
04-23 18:41:20.821 2657 2657 I AndroidRuntime: VM exiting with result code 0, cleanup skipped.
04-23 18:41:20.825 2693 2693 D BluetoothMap: Create BluetoothMap proxy object
04-23 18:41:20.826 2325 2354 D BluetoothManagerService: Message: 30
04-23 18:41:20.830 2909 2933 W Launcher.LauncherProvider: Unable to add favorite: com.google.android.gm/com.google.android.gm.GmailActivity
04-23 18:41:20.830 2909 2933 W Launcher.LauncherProvider: android.content.pm.PackageManager$NameNotFoundException: ComponentInfo{com.google.android.gm/com.google.android.gm.GmailActivity}
04-23 18:41:20.830 2909 2933 W Launcher.LauncherProvider: at android.app.ApplicationPackageManager.getActivityInfo(ApplicationPackageManager.java:314)
04-23 18:41:20.830 2909 2933 W Launcher.LauncherProvider: at com.android.launcher3.LauncherProvider$DatabaseHelper.addAppShortcut(LauncherProvider.java:1308)
04-23 18:41:20.830 2909 2933 W Launcher.LauncherProvider: at com.android.launcher3.LauncherProvider$DatabaseHelper.loadFavorites(LauncherProvider.java:1231)
04-23 18:41:20.830 2909 2933 W Launcher.LauncherProvider: at com.android.launcher3.LauncherProvider$DatabaseHelper.access$000(LauncherProvider.java:298)
04-23 18:41:20.830 2909 2933 W Launcher.LauncherProvider: at com.android.launcher3.LauncherProvider.loadDefaultFavoritesIfNecessary(LauncherProvider.java:288)
04-23 18:41:20.830 2909 2933 W Launcher.LauncherProvider: at com.android.launcher3.LauncherModel$LoaderTask.loadWorkspace(LauncherModel.java:1681)
04-23 18:41:20.830 2909 2933 W Launcher.LauncherProvider: at com.android.launcher3.LauncherModel$LoaderTask.loadAndBindWorkspace(LauncherModel.java:1425)
04-23 18:41:20.830 2909 2933 W Launcher.LauncherProvider: at com.android.launcher3.LauncherModel$LoaderTask.run(LauncherModel.java:1530)
04-23 18:41:20.830 2909 2933 W Launcher.LauncherProvider: at android.os.Handler.handleCallback(Handler.java:739)
04-23 18:41:20.830 2909 2933 W Launcher.LauncherProvider: at android.os.Handler.dispatchMessage(Handler.java:95)
04-23 18:41:20.830 2909 2933 W Launcher.LauncherProvider: at android.os.Looper.loop(Looper.java:135)
04-23 18:41:20.830 2909 2933 W Launcher.LauncherProvider: at android.os.HandlerThread.run(HandlerThread.java:61)
04-23 18:41:20.832 2325 2354 D BluetoothManagerService: Message: 30
04-23 18:41:20.834 2909 2933 W Launcher.LauncherProvider: Unable to add favorite: com.google.android.apps.plus/com.google.android.apps.plus.phone.HomeActivity
04-23 18:41:20.834 2909 2933 W Launcher.LauncherProvider: android.content.pm.PackageManager$NameNotFoundException: ComponentInfo{com.google.android.apps.plus/com.google.android.apps.plus.phone.HomeActivity}
04-23 18:41:20.834 2909 2933 W Launcher.LauncherProvider: at android.app.ApplicationPackageManager.getActivityInfo(ApplicationPackageManager.java:314)
04-23 18:41:20.834 2909 2933 W Launcher.LauncherProvider: at com.android.launcher3.LauncherProvider$DatabaseHelper.addAppShortcut(LauncherProvider.java:1308)
04-23 18:41:20.834 2909 2933 W Launcher.LauncherProvider: at com.android.launcher3.LauncherProvider$DatabaseHelper.loadFavorites(LauncherProvider.java:1231)
04-23 18:41:20.834 2909 2933 W Launcher.LauncherProvider: at com.android.launcher3.LauncherProvider$DatabaseHelper.access$000(LauncherProvider.java:298)
04-23 18:41:20.834 2909 2933 W Launcher.LauncherProvider: at com.android.launcher3.LauncherProvider.loadDefaultFavoritesIfNecessary(LauncherProvider.java:288)
04-23 18:41:20.834 2909 2933 W Launcher.LauncherProvider: at com.android.launcher3.LauncherModel$LoaderTask.loadWorkspace(LauncherModel.java:1681)
04-23 18:41:20.834 2909 2933 W Launcher.LauncherProvider: at com.android.launcher3.LauncherModel$LoaderTask.loadAndBindWorkspace(LauncherModel.java:1425)
04-23 18:41:20.834 2909 2933 W Launcher.LauncherProvider: at com.android.launcher3.LauncherModel$LoaderTask.run(LauncherModel.java:1530)
04-23 18:41:20.834 2909 2933 W Launcher.LauncherProvider: at android.os.Handler.handleCallback(Handler.java:739)
04-23 18:41:20.834 2909 2933 W Launcher.LauncherProvider: at android.os.Handler.dispatchMessage(Handler.java:95)
04-23 18:41:20.834 2909 2933 W Launcher.LauncherProvider: at android.os.Looper.loop(Looper.java:135)
04-23 18:41:20.834 2909 2933 W Launcher.LauncherProvider: at android.os.HandlerThread.run(HandlerThread.java:61)
04-23 18:41:20.837 2675 2719 I ContactLocale: AddressBook Labels [en-US]: [, A, B, C, D, E, F, G, H, I, J, K, L, M, N, O, P, Q, R, S, T, U, V, W, X, Y, Z, Α, Β, Γ, Δ, Ε, Ζ, Η, Θ, Ι, Κ, Λ, Μ, Ν, Ξ, Ο, Π, Ρ, Σ, Τ, Υ, Φ, Χ, Ψ, Ω, , А, Б, В, Г, Д, Ђ, Е, Є, Ж, З, И, І, Ї, Й, Ј, К, Л, Љ, М, Н, Њ, О, П, Р, С, Т, Ћ, У, Ф, Х, Ц, Ч, Џ, Ш, Щ, Ю, Я, , א, ב, ג, ד, ה, ו, ז, ח, ט, י, כ, ל, מ, נ, ס, ע, פ, צ, ק, ר, ש, ת, , ا, ب, ت, ث, ج, ح, خ, د, ذ, ر, ز, س, ش, ص, ض, ط, ظ, ع, غ, ف, ق, ك, ل, م, ن, ه, و, ي, , ก, ข, ฃ, ค, ฅ, ฆ, ง, จ, ฉ, ช, ซ, ฌ, ญ, ฎ, ฏ, ฐ, ฑ, ฒ, ณ, ด, ต, ถ, ท, ธ, น, บ, ป, ผ, ฝ, พ, ฟ, ภ, ม, ย, ร, ฤ, ล, ฦ, ว, ศ, ษ, ส, ห, ฬ, อ, ฮ, , ㄱ, ㄴ, ㄷ, ㄹ, ㅁ, ㅂ, ㅅ, ㅇ, ㅈ, ㅊ, ㅋ, ㅌ, ㅍ, ㅎ, , あ, か, さ, た, な, は, ま, や, ら, わ, #, ]
04-23 18:41:20.838 2909 2933 W Launcher.LauncherProvider: Unable to add favorite: com.google.android.calendar/com.android.calendar.AllInOneActivity
04-23 18:41:20.838 2909 2933 W Launcher.LauncherProvider: android.content.pm.PackageManager$NameNotFoundException: ComponentInfo{com.google.android.calendar/com.android.calendar.AllInOneActivity}
04-23 18:41:20.838 2909 2933 W Launcher.LauncherProvider: at android.app.ApplicationPackageManager.getActivityInfo(ApplicationPackageManager.java:314)
04-23 18:41:20.838 2909 2933 W Launcher.LauncherProvider: at com.android.launcher3.LauncherProvider$DatabaseHelper.addAppShortcut(LauncherProvider.java:1308)
04-23 18:41:20.838 2909 2933 W Launcher.LauncherProvider: at com.android.launcher3.LauncherProvider$DatabaseHelper.loadFavorites(LauncherProvider.java:1231)
04-23 18:41:20.838 2909 2933 W Launcher.LauncherProvider: at com.android.launcher3.LauncherProvider$DatabaseHelper.access$000(LauncherProvider.java:298)
04-23 18:41:20.838 2909 2933 W Launcher.LauncherProvider: at com.android.launcher3.LauncherProvider.loadDefaultFavoritesIfNecessary(LauncherProvider.java:288)
04-23 18:41:20.838 2909 2933 W Launcher.LauncherProvider: at com.android.launcher3.LauncherModel$LoaderTask.loadWorkspace(LauncherModel.java:1681)
04-23 18:41:20.838 2909 2933 W Launcher.LauncherProvider: at com.android.launcher3.LauncherModel$LoaderTask.loadAndBindWorkspace(LauncherModel.java:1425)
04-23 18:41:20.838 2909 2933 W Launcher.LauncherProvider: at com.android.launcher3.LauncherModel$LoaderTask.run(LauncherModel.java:1530)
04-23 18:41:20.838 2909 2933 W Launcher.LauncherProvider: at android.os.Handler.handleCallback(Handler.java:739)
04-23 18:41:20.838 2909 2933 W Launcher.LauncherProvider: at android.os.Handler.dispatchMessage(Handler.java:95)
04-23 18:41:20.838 2909 2933 W Launcher.LauncherProvider: at android.os.Looper.loop(Looper.java:135)
04-23 18:41:20.838 2909 2933 W Launcher.LauncherProvider: at android.os.HandlerThread.run(HandlerThread.java:61)
04-23 18:41:20.843 2909 2933 W Launcher.LauncherProvider: Unable to add favorite: com.google.android.apps.maps/com.google.android.maps.driveabout.app.DestinationActivity
04-23 18:41:20.843 2909 2933 W Launcher.LauncherProvider: android.content.pm.PackageManager$NameNotFoundException: ComponentInfo{com.google.android.apps.maps/com.google.android.maps.driveabout.app.DestinationActivity}
04-23 18:41:20.843 2909 2933 W Launcher.LauncherProvider: at android.app.ApplicationPackageManager.getActivityInfo(ApplicationPackageManager.java:314)
04-23 18:41:20.843 2909 2933 W Launcher.LauncherProvider: at com.android.launcher3.LauncherProvider$DatabaseHelper.addAppShortcut(LauncherProvider.java:1308)
04-23 18:41:20.843 2909 2933 W Launcher.LauncherProvider: at com.android.launcher3.LauncherProvider$DatabaseHelper.loadFavorites(LauncherProvider.java:1231)
04-23 18:41:20.843 2909 2933 W Launcher.LauncherProvider: at com.android.launcher3.LauncherProvider$DatabaseHelper.access$000(LauncherProvider.java:298)
04-23 18:41:20.843 2909 2933 W Launcher.LauncherProvider: at com.android.launcher3.LauncherProvider.loadDefaultFavoritesIfNecessary(LauncherProvider.java:288)
04-23 18:41:20.843 2909 2933 W Launcher.LauncherProvider: at com.android.launcher3.LauncherModel$LoaderTask.loadWorkspace(LauncherModel.java:1681)
04-23 18:41:20.843 2909 2933 W Launcher.LauncherProvider: at com.android.launcher3.LauncherModel$LoaderTask.loadAndBindWorkspace(LauncherModel.java:1425)
04-23 18:41:20.843 2909 2933 W Launcher.LauncherProvider: at com.android.launcher3.LauncherModel$LoaderTask.run(LauncherModel.java:1530)
04-23 18:41:20.843 2909 2933 W Launcher.LauncherProvider: at android.os.Handler.handleCallback(Handler.java:739)
04-23 18:41:20.843 2909 2933 W Launcher.LauncherProvider: at android.os.Handler.dispatchMessage(Handler.java:95)
04-23 18:41:20.843 2909 2933 W Launcher.LauncherProvider: at android.os.Looper.loop(Looper.java:135)
04-23 18:41:20.843 2909 2933 W Launcher.LauncherProvider: at android.os.HandlerThread.run(HandlerThread.java:61)
04-23 18:41:20.843 2325 2635 D ConnectivityService: listenForNetwork for NetworkRequest [ id=2, legacyType=-1, [] ]
04-23 18:41:20.846 2909 2933 W Launcher.LauncherProvider: Unable to add favorite: com.google.android.apps.plus/com.google.android.apps.plus.phone.ConversationListActivity
04-23 18:41:20.846 2909 2933 W Launcher.LauncherProvider: android.content.pm.PackageManager$NameNotFoundException: ComponentInfo{com.google.android.apps.plus/com.google.android.apps.plus.phone.ConversationListActivity}
04-23 18:41:20.846 2909 2933 W Launcher.LauncherProvider: at android.app.ApplicationPackageManager.getActivityInfo(ApplicationPackageManager.java:314)
04-23 18:41:20.846 2909 2933 W Launcher.LauncherProvider: at com.android.launcher3.LauncherProvider$DatabaseHelper.addAppShortcut(LauncherProvider.java:1308)
04-23 18:41:20.846 2909 2933 W Launcher.LauncherProvider: at com.android.launcher3.LauncherProvider$DatabaseHelper.loadFavorites(LauncherProvider.java:1231)
04-23 18:41:20.846 2909 2933 W Launcher.LauncherProvider: at com.android.launcher3.LauncherProvider$DatabaseHelper.access$000(LauncherProvider.java:298)
04-23 18:41:20.846 2909 2933 W Launcher.LauncherProvider: at com.android.launcher3.LauncherProvider.loadDefaultFavoritesIfNecessary(LauncherProvider.java:288)
04-23 18:41:20.846 2909 2933 W Launcher.LauncherProvider: at com.android.launcher3.LauncherModel$LoaderTask.loadWorkspace(LauncherModel.java:1681)
04-23 18:41:20.846 2909 2933 W Launcher.LauncherProvider: at com.android.launcher3.LauncherModel$LoaderTask.loadAndBindWorkspace(LauncherModel.java:1425)
04-23 18:41:20.846 2909 2933 W Launcher.LauncherProvider: at com.android.launcher3.LauncherModel$LoaderTask.run(LauncherModel.java:1530)
04-23 18:41:20.846 2909 2933 W Launcher.LauncherProvider: at android.os.Handler.handleCallback(Handler.java:739)
04-23 18:41:20.846 2909 2933 W Launcher.LauncherProvider: at android.os.Handler.dispatchMessage(Handler.java:95)
04-23 18:41:20.846 2909 2933 W Launcher.LauncherProvider: at android.os.Looper.loop(Looper.java:135)
04-23 18:41:20.846 2909 2933 W Launcher.LauncherProvider: at android.os.HandlerThread.run(HandlerThread.java:61)
04-23 18:41:20.847 2909 2933 W Resources: Converting to int: TypedValue{t=0x3/d=0x18 "7" a=-1}
04-23 18:41:20.847 2909 2933 W Resources: Converting to int: TypedValue{t=0x3/d=0x19 "4" a=-1}
04-23 18:41:20.847 2909 2933 W Resources: Converting to int: TypedValue{t=0x3/d=0x11 "1" a=-1}
04-23 18:41:20.852 2909 2933 W Launcher.LauncherProvider: Unable to add favorite: com.bel.android.dspmanager/com.bel.android.dspmanager.activity.DSPManager
04-23 18:41:20.852 2909 2933 W Launcher.LauncherProvider: android.content.pm.PackageManager$NameNotFoundException: ComponentInfo{com.bel.android.dspmanager/com.bel.android.dspmanager.activity.DSPManager}
04-23 18:41:20.852 2909 2933 W Launcher.LauncherProvider: at android.app.ApplicationPackageManager.getActivityInfo(ApplicationPackageManager.java:314)
04-23 18:41:20.852 2909 2933 W Launcher.LauncherProvider: at com.android.launcher3.LauncherProvider$DatabaseHelper.addAppShortcut(LauncherProvider.java:1308)
04-23 18:41:20.852 2909 2933 W Launcher.LauncherProvider: at com.android.launcher3.LauncherProvider$DatabaseHelper.loadFavorites(LauncherProvider.java:1185)
04-23 18:41:20.852 2909 2933 W Launcher.LauncherProvider: at com.android.launcher3.LauncherProvider$DatabaseHelper.access$000(LauncherProvider.java:298)
04-23 18:41:20.852 2909 2933 W Launcher.LauncherProvider: at com.android.launcher3.LauncherProvider.loadDefaultFavoritesIfNecessary(LauncherProvider.java:288)
04-23 18:41:20.852 2909 2933 W Launcher.LauncherProvider: at com.android.launcher3.LauncherModel$LoaderTask.loadWorkspace(LauncherModel.java:1681)
04-23 18:41:20.852 2909 2933 W Launcher.LauncherProvider: at com.android.launcher3.LauncherModel$LoaderTask.loadAndBindWorkspace(LauncherModel.java:1425)
04-23 18:41:20.852 2909 2933 W Launcher.LauncherProvider: at com.android.launcher3.LauncherModel$LoaderTask.run(LauncherModel.java:1530)
04-23 18:41:20.852 2909 2933 W Launcher.LauncherProvider: at android.os.Handler.handleCallback(Handler.java:739)
04-23 18:41:20.852 2909 2933 W Launcher.LauncherProvider: at android.os.Handler.dispatchMessage(Handler.java:95)
04-23 18:41:20.852 2909 2933 W Launcher.LauncherProvider: at android.os.Looper.loop(Looper.java:135)
04-23 18:41:20.852 2909 2933 W Launcher.LauncherProvider: at android.os.HandlerThread.run(HandlerThread.java:61)
04-23 18:41:20.852 2909 2933 W Resources: Converting to int: TypedValue{t=0x3/d=0x12 "0" a=-1}
04-23 18:41:20.852 2909 2933 W Resources: Converting to int: TypedValue{t=0x3/d=0x19 "4" a=-1}
04-23 18:41:20.852 2909 2933 W Resources: Converting to int: TypedValue{t=0x3/d=0x11 "1" a=-1}
04-23 18:41:20.861 2909 2933 W Launcher.LauncherProvider: Unable to add favorite: com.andrew.apollo/com.andrew.apollo.ui.activities.HomeActivity
04-23 18:41:20.861 2909 2933 W Launcher.LauncherProvider: android.content.pm.PackageManager$NameNotFoundException: ComponentInfo{com.andrew.apollo/com.andrew.apollo.ui.activities.HomeActivity}
04-23 18:41:20.861 2909 2933 W Launcher.LauncherProvider: at android.app.ApplicationPackageManager.getActivityInfo(ApplicationPackageManager.java:314)
04-23 18:41:20.861 2909 2933 W Launcher.LauncherProvider: at com.android.launcher3.LauncherProvider$DatabaseHelper.addAppShortcut(LauncherProvider.java:1308)
04-23 18:41:20.861 2909 2933 W Launcher.LauncherProvider: at com.android.launcher3.LauncherProvider$DatabaseHelper.loadFavorites(LauncherProvider.java:1185)
04-23 18:41:20.861 2909 2933 W Launcher.LauncherProvider: at com.android.launcher3.LauncherProvider$DatabaseHelper.access$000(LauncherProvider.java:298)
04-23 18:41:20.861 2909 2933 W Launcher.LauncherProvider: at com.android.launcher3.LauncherProvider.loadDefaultFavoritesIfNecessary(LauncherProvider.java:288)
04-23 18:41:20.861 2909 2933 W Launcher.LauncherProvider: at com.android.launcher3.LauncherModel$LoaderTask.loadWorkspace(LauncherModel.java:1681)
04-23 18:41:20.861 2909 2933 W Launcher.LauncherProvider: at com.android.launcher3.LauncherModel$LoaderTask.loadAndBindWorkspace(LauncherModel.java:1425)
04-23 18:41:20.861 2909 2933 W Launcher.LauncherProvider: at com.android.launcher3.LauncherModel$LoaderTask.run(LauncherModel.java:1530)
04-23 18:41:20.861 2909 2933 W Launcher.LauncherProvider: at android.os.Handler.handleCallback(Handler.java:739)
04-23 18:41:20.861 2909 2933 W Launcher.LauncherProvider: at android.os.Handler.dispatchMessage(Handler.java:95)
04-23 18:41:20.861 2909 2933 W Launcher.LauncherProvider: at android.os.Looper.loop(Looper.java:135)
04-23 18:41:20.861 2909 2933 W Launcher.LauncherProvider: at android.os.HandlerThread.run(HandlerThread.java:61)
04-23 18:41:20.861 2909 2933 W Resources: Converting to int: TypedValue{t=0x3/d=0x12 "0" a=-1}
04-23 18:41:20.861 2909 2933 W Resources: Converting to int: TypedValue{t=0x3/d=0x19 "4" a=-1}
04-23 18:41:20.861 2909 2933 W Resources: Converting to int: TypedValue{t=0x3/d=0x2b "2" a=-1}
04-23 18:41:20.862 2909 2971 D OpenGLRenderer: Use EGL_SWAP_BEHAVIOR_PRESERVED: true
04-23 18:41:20.864 2737 2737 W InputAttributes: No editor info for this field. Bug?
04-23 18:41:20.866 2909 2933 W Launcher.LauncherProvider: Unable to add favorite: com.cyanogenmod.gallerynext/com.cyanogenmod.gallerynext.app.GalleryActivity
04-23 18:41:20.866 2909 2933 W Launcher.LauncherProvider: android.content.pm.PackageManager$NameNotFoundException: ComponentInfo{com.cyanogenmod.gallerynext/com.cyanogenmod.gallerynext.app.GalleryActivity}
04-23 18:41:20.866 2909 2933 W Launcher.LauncherProvider: at android.app.ApplicationPackageManager.getActivityInfo(ApplicationPackageManager.java:314)
04-23 18:41:20.866 2909 2933 W Launcher.LauncherProvider: at com.android.launcher3.LauncherProvider$DatabaseHelper.addAppShortcut(LauncherProvider.java:1308)
04-23 18:41:20.866 2909 2933 W Launcher.LauncherProvider: at com.android.launcher3.LauncherProvider$DatabaseHelper.loadFavorites(LauncherProvider.java:1185)
04-23 18:41:20.866 2909 2933 W Launcher.LauncherProvider: at com.android.launcher3.LauncherProvider$DatabaseHelper.access$000(LauncherProvider.java:298)
04-23 18:41:20.866 2909 2933 W Launcher.LauncherProvider: at com.android.launcher3.LauncherProvider.loadDefaultFavoritesIfNecessary(LauncherProvider.java:288)
04-23 18:41:20.866 2909 2933 W Launcher.LauncherProvider: at com.android.launcher3.LauncherModel$LoaderTask.loadWorkspace(LauncherModel.java:1681)
04-23 18:41:20.866 2909 2933 W Launcher.LauncherProvider: at com.android.launcher3.LauncherModel$LoaderTask.loadAndBindWorkspace(LauncherModel.java:1425)
04-23 18:41:20.866 2909 2933 W Launcher.LauncherProvider: at com.android.launcher3.LauncherModel$LoaderTask.run(LauncherModel.java:1530)
04-23 18:41:20.866 2909 2933 W Launcher.LauncherProvider: at android.os.Handler.handleCallback(Handler.java:739)
04-23 18:41:20.866 2909 2933 W Launcher.LauncherProvider: at android.os.Handler.dispatchMessage(Handler.java:95)
04-23 18:41:20.866 2909 2933 W Launcher.LauncherProvider: at android.os.Looper.loop(Looper.java:135)
04-23 18:41:20.866 2909 2933 W Launcher.LauncherProvider: at android.os.HandlerThread.run(HandlerThread.java:61)
04-23 18:41:20.866 2909 2933 W Resources: Converting to int: TypedValue{t=0x3/d=0x12 "0" a=-1}
04-23 18:41:20.866 2909 2933 W Resources: Converting to int: TypedValue{t=0x3/d=0x19 "4" a=-1}
04-23 18:41:20.866 2909 2933 W Resources: Converting to int: TypedValue{t=0x3/d=0x2b "2" a=-1}
04-23 18:41:20.869 2325 2346 V WindowManager: Based on layer: Adding window Window{1e5bae5e u0 com.cyanogenmod.trebuchet/com.android.launcher3.Launcher} at 0 of 1
04-23 18:41:20.873 2909 2933 W Resources: Converting to int: TypedValue{t=0x3/d=0x18 "7" a=-1}
04-23 18:41:20.873 2909 2933 W Resources: Converting to int: TypedValue{t=0x3/d=0x19 "4" a=-1}
04-23 18:41:20.873 2693 2693 I CameraManagerGlobal: getCameraService: Reconnecting to camera service
04-23 18:41:20.873 2909 2933 W Resources: Converting to int: TypedValue{t=0x3/d=0x2b "2" a=-1}
04-23 18:41:20.883 2909 2909 W Launcher: setApplicationContext called twice! old=com.android.launcher3.LauncherApplication@1976932b new=com.android.launcher3.LauncherApplication@1976932b
04-23 18:41:20.886 2034 2816 W OMXNodeInstance: [e:google.mpeg4.decoder] component does not support metadata mode; using fallback
04-23 18:41:20.887 2909 2933 W Resources: Converting to int: TypedValue{t=0x3/d=0x13 "6" a=-1}
04-23 18:41:20.887 2909 2933 W Resources: Converting to int: TypedValue{t=0x3/d=0x19 "4" a=-1}
04-23 18:41:20.887 2909 2933 W Resources: Converting to int: TypedValue{t=0x3/d=0x11 "1" a=-1}
04-23 18:41:20.887 2909 2933 W Resources: Converting to int: TypedValue{t=0x3/d=0x12 "0" a=-1}
04-23 18:41:20.887 2909 2933 W Resources: Converting to int: TypedValue{t=0x3/d=0x2b "2" a=-1}
04-23 18:41:20.889 2034 2816 W OMXNodeInstance: [f:google.h263.decoder] component does not support metadata mode; using fallback
04-23 18:41:20.890 2737 2980 I LatinIME:LogUtils: Dictionary info: dictionary = PersonalizationDictionary.en_US ; version = 1429814480 ; date = ?
04-23 18:41:20.890 2737 2979 I LatinIME:LogUtils: Dictionary info: dictionary = UserHistoryDictionary.en_US ; version = 1429814480 ; date = ?
04-23 18:41:20.891 2737 2984 I LatinIME:LogUtils: Dictionary info: dictionary = userunigram.en_US ; version = 1429814480 ; date = ?
04-23 18:41:20.892 2737 2987 I LatinIME:LogUtils: Dictionary info: dictionary = contacts.en_US ; version = 1429814480 ; date = ?
04-23 18:41:20.892 2737 2989 I LatinIME:LogUtils: Dictionary info: dictionary = ContextualDictionary.en_US ; version = 1429814480 ; date = ?
04-23 18:41:20.893 2034 2816 W OMXNodeInstance: [10:google.h264.decoder] component does not support metadata mode; using fallback
04-23 18:41:20.897 2909 2933 W Resources: Converting to int: TypedValue{t=0x3/d=0x19 "4" a=-1}
04-23 18:41:20.897 2909 2933 W Resources: Converting to int: TypedValue{t=0x3/d=0x11 "1" a=-1}
04-23 18:41:20.897 2909 2933 W Resources: Converting to int: TypedValue{t=0x3/d=0x2b "2" a=-1}
04-23 18:41:20.897 2909 2933 W Resources: Converting to int: TypedValue{t=0x3/d=0x12 "0" a=-1}
04-23 18:41:20.897 2909 2933 W Resources: Converting to int: TypedValue{t=0x3/d=0x2b "2" a=-1}
04-23 18:41:20.898 2909 2933 W Resources: Converting to int: TypedValue{t=0x3/d=0x35 "5" a=-1}
04-23 18:41:20.898 2909 2933 W Resources: Converting to int: TypedValue{t=0x3/d=0x12 "0" a=-1}
04-23 18:41:20.898 2909 2933 W Resources: Converting to int: TypedValue{t=0x3/d=0x35 "5" a=-1}
04-23 18:41:20.900 2909 2933 W Launcher.LauncherProvider: Unable to add favorite: com.google.android.talk/com.google.android.talk.SigningInActivity
04-23 18:41:20.900 2909 2933 W Launcher.LauncherProvider: android.content.pm.PackageManager$NameNotFoundException: ComponentInfo{com.google.android.talk/com.google.android.talk.SigningInActivity}
04-23 18:41:20.900 2909 2933 W Launcher.LauncherProvider: at android.app.ApplicationPackageManager.getActivityInfo(ApplicationPackageManager.java:314)
04-23 18:41:20.900 2909 2933 W Launcher.LauncherProvider: at com.android.launcher3.LauncherProvider$DatabaseHelper.addAppShortcut(LauncherProvider.java:1308)
04-23 18:41:20.900 2909 2933 W Launcher.LauncherProvider: at com.android.launcher3.LauncherProvider$DatabaseHelper.loadFavorites(LauncherProvider.java:1185)
04-23 18:41:20.900 2909 2933 W Launcher.LauncherProvider: at com.android.launcher3.LauncherProvider$DatabaseHelper.access$000(LauncherProvider.java:298)
04-23 18:41:20.900 2909 2933 W Launcher.LauncherProvider: at com.android.launcher3.LauncherProvider.loadDefaultFavoritesIfNecessary(LauncherProvider.java:288)
04-23 18:41:20.900 2909 2933 W Launcher.LauncherProvider: at com.android.launcher3.LauncherModel$LoaderTask.loadWorkspace(LauncherModel.java:1681)
04-23 18:41:20.900 2909 2933 W Launcher.LauncherProvider: at com.android.launcher3.LauncherModel$LoaderTask.loadAndBindWorkspace(LauncherModel.java:1425)
04-23 18:41:20.900 2909 2933 W Launcher.LauncherProvider: at com.android.launcher3.LauncherModel$LoaderTask.run(LauncherModel.java:1530)
04-23 18:41:20.900 2909 2933 W Launcher.LauncherProvider: at android.os.Handler.handleCallback(Handler.java:739)
04-23 18:41:20.900 2909 2933 W Launcher.LauncherProvider: at android.os.Handler.dispatchMessage(Handler.java:95)
04-23 18:41:20.900 2909 2933 W Launcher.LauncherProvider: at android.os.Looper.loop(Looper.java:135)
04-23 18:41:20.900 2909 2933 W Launcher.LauncherProvider: at android.os.HandlerThread.run(HandlerThread.java:61)
04-23 18:41:20.900 2909 2933 W Resources: Converting to int: TypedValue{t=0x3/d=0x35 "5" a=-1}
04-23 18:41:20.900 2909 2933 W Resources: Converting to int: TypedValue{t=0x3/d=0x12 "0" a=-1}
04-23 18:41:20.900 2909 2933 W Resources: Converting to int: TypedValue{t=0x3/d=0x35 "5" a=-1}
04-23 18:41:20.902 2909 2933 W Resources: Converting to int: TypedValue{t=0x3/d=0x13 "6" a=-1}
04-23 18:41:20.902 2909 2933 W Resources: Converting to int: TypedValue{t=0x3/d=0x12 "0" a=-1}
04-23 18:41:20.902 2909 2933 W Resources: Converting to int: TypedValue{t=0x3/d=0x13 "6" a=-1}
04-23 18:41:20.903 2909 2933 W Launcher.LauncherProvider: Unable to add favorite: com.android.chrome/com.google.android.apps.chrome.Main
04-23 18:41:20.903 2909 2933 W Launcher.LauncherProvider: android.content.pm.PackageManager$NameNotFoundException: ComponentInfo{com.android.chrome/com.google.android.apps.chrome.Main}
04-23 18:41:20.903 2909 2933 W Launcher.LauncherProvider: at android.app.ApplicationPackageManager.getActivityInfo(ApplicationPackageManager.java:314)
04-23 18:41:20.903 2909 2933 W Launcher.LauncherProvider: at com.android.launcher3.LauncherProvider$DatabaseHelper.addAppShortcut(LauncherProvider.java:1308)
04-23 18:41:20.903 2909 2933 W Launcher.LauncherProvider: at com.android.launcher3.LauncherProvider$DatabaseHelper.loadFavorites(LauncherProvider.java:1185)
04-23 18:41:20.903 2909 2933 W Launcher.LauncherProvider: at com.android.launcher3.LauncherProvider$DatabaseHelper.access$000(LauncherProvider.java:298)
04-23 18:41:20.903 2909 2933 W Launcher.LauncherProvider: at com.android.launcher3.LauncherProvider.loadDefaultFavoritesIfNecessary(LauncherProvider.java:288)
04-23 18:41:20.903 2909 2933 W Launcher.LauncherProvider: at com.android.launcher3.LauncherModel$LoaderTask.loadWorkspace(LauncherModel.java:1681)
04-23 18:41:20.903 2909 2933 W Launcher.LauncherProvider: at com.android.launcher3.LauncherModel$LoaderTask.loadAndBindWorkspace(LauncherModel.java:1425)
04-23 18:41:20.903 2909 2933 W Launcher.LauncherProvider: at com.android.launcher3.LauncherModel$LoaderTask.run(LauncherModel.java:1530)
04-23 18:41:20.903 2909 2933 W Launcher.LauncherProvider: at android.os.Handler.handleCallback(Handler.java:739)
04-23 18:41:20.903 2909 2933 W Launcher.LauncherProvider: at android.os.Handler.dispatchMessage(Handler.java:95)
04-23 18:41:20.903 2909 2933 W Launcher.LauncherProvider: at android.os.Looper.loop(Looper.java:135)
04-23 18:41:20.903 2909 2933 W Launcher.LauncherProvider: at android.os.HandlerThread.run(HandlerThread.java:61)
04-23 18:41:20.903 2909 2933 W Resources: Converting to int: TypedValue{t=0x3/d=0x13 "6" a=-1}
04-23 18:41:20.903 2909 2933 W Resources: Converting to int: TypedValue{t=0x3/d=0x12 "0" a=-1}
04-23 18:41:20.903 2909 2933 W Resources: Converting to int: TypedValue{t=0x3/d=0x13 "6" a=-1}
04-23 18:41:20.906 2909 2933 W Resources: Converting to int: TypedValue{t=0x3/d=0x14 "3" a=-1}
04-23 18:41:20.906 2909 2933 W Resources: Converting to int: TypedValue{t=0x3/d=0x12 "0" a=-1}
04-23 18:41:20.906 2909 2933 W Resources: Converting to int: TypedValue{t=0x3/d=0x14 "3" a=-1}
04-23 18:41:20.908 2909 2933 W Launcher.LauncherProvider: Unable to add favorite: com.google.android.music/com.android.music.activitymanagement.TopLevelActivity
04-23 18:41:20.908 2909 2933 W Launcher.LauncherProvider: android.content.pm.PackageManager$NameNotFoundException: ComponentInfo{com.google.android.music/com.android.music.activitymanagement.TopLevelActivity}
04-23 18:41:20.908 2909 2933 W Launcher.LauncherProvider: at android.app.ApplicationPackageManager.getActivityInfo(ApplicationPackageManager.java:314)
04-23 18:41:20.908 2909 2933 W Launcher.LauncherProvider: at com.android.launcher3.LauncherProvider$DatabaseHelper.addAppShortcut(LauncherProvider.java:1308)
04-23 18:41:20.908 2909 2933 W Launcher.LauncherProvider: at com.android.launcher3.LauncherProvider$DatabaseHelper.loadFavorites(LauncherProvider.java:1185)
04-23 18:41:20.908 2909 2933 W Launcher.LauncherProvider: at com.android.launcher3.LauncherProvider$DatabaseHelper.access$000(LauncherProvider.java:298)
04-23 18:41:20.908 2909 2933 W Launcher.LauncherProvider: at com.android.launcher3.LauncherProvider.loadDefaultFavoritesIfNecessary(LauncherProvider.java:288)
04-23 18:41:20.908 2909 2933 W Launcher.LauncherProvider: at com.android.launcher3.LauncherModel$LoaderTask.loadWorkspace(LauncherModel.java:1681)
04-23 18:41:20.908 2909 2933 W Launcher.LauncherProvider: at com.android.launcher3.LauncherModel$LoaderTask.loadAndBindWorkspace(LauncherModel.java:1425)
04-23 18:41:20.908 2909 2933 W Launcher.LauncherProvider: at com.android.launcher3.LauncherModel$LoaderTask.run(LauncherModel.java:1530)
04-23 18:41:20.908 2909 2933 W Launcher.LauncherProvider: at android.os.Handler.handleCallback(Handler.java:739)
04-23 18:41:20.908 2909 2933 W Launcher.LauncherProvider: at android.os.Handler.dispatchMessage(Handler.java:95)
04-23 18:41:20.908 2909 2933 W Launcher.LauncherProvider: at android.os.Looper.loop(Looper.java:135)
04-23 18:41:20.908 2909 2933 W Launcher.LauncherProvider: at android.os.HandlerThread.run(HandlerThread.java:61)
04-23 18:41:20.908 2909 2933 W Resources: Converting to int: TypedValue{t=0x3/d=0x14 "3" a=-1}
04-23 18:41:20.908 2909 2933 W Resources: Converting to int: TypedValue{t=0x3/d=0x12 "0" a=-1}
04-23 18:41:20.908 2909 2933 W Resources: Converting to int: TypedValue{t=0x3/d=0x14 "3" a=-1}
04-23 18:41:20.910 2909 2933 W Resources: Converting to int: TypedValue{t=0x3/d=0x2b "2" a=-1}
04-23 18:41:20.910 2909 2933 W Resources: Converting to int: TypedValue{t=0x3/d=0x12 "0" a=-1}
04-23 18:41:20.910 2909 2933 W Resources: Converting to int: TypedValue{t=0x3/d=0x2b "2" a=-1}
04-23 18:41:20.911 2909 2933 W Launcher.LauncherProvider: Unable to add favorite: com.google.android.youtube/com.google.android.youtube.app.honeycomb.Shell$HomeActivity
04-23 18:41:20.911 2909 2933 W Launcher.LauncherProvider: android.content.pm.PackageManager$NameNotFoundException: ComponentInfo{com.google.android.youtube/com.google.android.youtube.app.honeycomb.Shell$HomeActivity}
04-23 18:41:20.911 2909 2933 W Launcher.LauncherProvider: at android.app.ApplicationPackageManager.getActivityInfo(ApplicationPackageManager.java:314)
04-23 18:41:20.911 2909 2933 W Launcher.LauncherProvider: at com.android.launcher3.LauncherProvider$DatabaseHelper.addAppShortcut(LauncherProvider.java:1308)
04-23 18:41:20.911 2909 2933 W Launcher.LauncherProvider: at com.android.launcher3.LauncherProvider$DatabaseHelper.loadFavorites(LauncherProvider.java:1185)
04-23 18:41:20.911 2909 2933 W Launcher.LauncherProvider: at com.android.launcher3.LauncherProvider$DatabaseHelper.access$000(LauncherProvider.java:298)
04-23 18:41:20.911 2909 2933 W Launcher.LauncherProvider: at com.android.launcher3.LauncherProvider.loadDefaultFavoritesIfNecessary(LauncherProvider.java:288)
04-23 18:41:20.911 2909 2933 W Launcher.LauncherProvider: at com.android.launcher3.LauncherModel$LoaderTask.loadWorkspace(LauncherModel.java:1681)
04-23 18:41:20.911 2909 2933 W Launcher.LauncherProvider: at com.android.launcher3.LauncherModel$LoaderTask.loadAndBindWorkspace(LauncherModel.java:1425)
04-23 18:41:20.911 2909 2933 W Launcher.LauncherProvider: at com.android.launcher3.LauncherModel$LoaderTask.run(LauncherModel.java:1530)
04-23 18:41:20.911 2909 2933 W Launcher.LauncherProvider: at android.os.Handler.handleCallback(Handler.java:739)
04-23 18:41:20.911 2909 2933 W Launcher.LauncherProvider: at android.os.Handler.dispatchMessage(Handler.java:95)
04-23 18:41:20.911 2909 2933 W Launcher.LauncherProvider: at android.os.Looper.loop(Looper.java:135)
04-23 18:41:20.911 2909 2933 W Launcher.LauncherProvider: at android.os.HandlerThread.run(HandlerThread.java:61)
04-23 18:41:20.911 2909 2933 W Resources: Converting to int: TypedValue{t=0x3/d=0x2b "2" a=-1}
04-23 18:41:20.911 2909 2933 W Resources: Converting to int: TypedValue{t=0x3/d=0x12 "0" a=-1}
04-23 18:41:20.911 2909 2933 W Resources: Converting to int: TypedValue{t=0x3/d=0x2b "2" a=-1}
04-23 18:41:20.916 2675 2719 D ContactDirectoryManager: Found com.android.exchange.directory.provider
04-23 18:41:20.933 2325 2345 I ActivityManager: Start proc 2997:com.android.gallery3d/u0a32 for broadcast com.android.gallery3d/.app.PackagesMonitor
04-23 18:41:20.935 2034 2816 D SoftHEVC: Number of CPU cores: 4
04-23 18:41:20.936 2034 2816 D SoftHEVC: Initializing decoder
04-23 18:41:20.936 2034 2816 D SoftHEVC: Set number of cores to 4
04-23 18:41:20.936 2034 2816 D SoftHEVC: Ittiam decoder version number: @(#)Id:HEVCDEC_production Ver:04.01 Released by ITTIAM Build: Apr 21 2015 @ 02:59:24
04-23 18:41:20.936 2034 2816 W OMXNodeInstance: [11:google.hevc.decoder] component does not support metadata mode; using fallback
04-23 18:41:20.936 2034 2816 D SoftHEVC: Freeing codec memory
04-23 18:41:20.936 2034 2816 D SoftHEVC: Number of CPU cores: 4
04-23 18:41:20.936 2034 2816 D SoftHEVC: Initializing decoder
04-23 18:41:20.936 2034 2816 D SoftHEVC: Set number of cores to 4
04-23 18:41:20.937 2034 2816 D SoftHEVC: Ittiam decoder version number: @(#)Id:HEVCDEC_production Ver:04.01 Released by ITTIAM Build: Apr 21 2015 @ 02:59:24
04-23 18:41:20.937 2034 2816 D SoftHEVC: In SoftHEVC::~SoftHEVC
04-23 18:41:20.937 2034 2816 D SoftHEVC: Freeing codec memory
04-23 18:41:20.973 2325 2633 I ActivityManager: Start proc 3016:com.android.exchange/u0a30 for content provider com.android.exchange/.provider.ExchangeDirectoryProvider
04-23 18:41:20.978 2034 2816 W OMXNodeInstance: [12:google.vp8.decoder] component does not support metadata mode; using fallback
04-23 18:41:20.979 2737 2980 I LatinIME:LogUtils: Dictionary info: dictionary = PersonalizationDictionary.en_US ; version = 1429814480 ; date = ?
04-23 18:41:20.980 2737 2980 I LatinIME:LogUtils: Dictionary info: dictionary = PersonalizationDictionary.en_US ; version = 1429814480 ; date = ?
04-23 18:41:20.981 2034 2816 W OMXNodeInstance: [13:google.vp9.decoder] component does not support metadata mode; using fallback
04-23 18:41:21.002 2034 2816 I SoftMPEG4Encoder: Construct SoftMPEG4Encoder
04-23 18:41:21.002 2034 2816 W ACodec : do not know color format 0x7f000789 = 2130708361
04-23 18:41:21.015 2737 3025 I LatinIME:LogUtils: Dictionary info: dictionary = main:de ; version = 44 ; date = 1393228134
04-23 18:41:21.019 2034 2816 I SoftAVCEncoder: Construct SoftAVCEncoder
04-23 18:41:21.019 2034 2816 W ACodec : do not know color format 0x7f000789 = 2130708361
04-23 18:41:21.019 2737 3025 I LatinIME:LogUtils: Dictionary info: dictionary = main:fr ; version = 45 ; date = 1400639634
04-23 18:41:21.021 2034 2816 I SoftMPEG4Encoder: Construct SoftMPEG4Encoder
