04-23 18:42:33.909 3572 3572 D wpa_supplicant: netlink: Operstate: ifindex=4 linkmode=1 (userspace-control), operstate=5 (IF_OPER_DORMANT)
04-23 18:42:33.909 3572 3572 D wpa_supplicant: nl80211: driver param='(null)'
04-23 18:42:33.909 3572 3572 D wpa_supplicant: Add interface wlan0 to a new radio phy0
04-23 18:42:33.910 3572 3572 D wpa_supplicant: nl80211: Regulatory information - country=00
04-23 18:42:33.910 3572 3572 D wpa_supplicant: nl80211: 2402-2472 @ 40 MHz 20 mBm
04-23 18:42:33.910 3572 3572 D wpa_supplicant: nl80211: 2457-2482 @ 40 MHz 20 mBm (no IR)
04-23 18:42:33.910 3572 3572 D wpa_supplicant: nl80211: 2474-2494 @ 20 MHz 20 mBm (no OFDM) (no IR)
04-23 18:42:33.910 3572 3572 D wpa_supplicant: nl80211: 5170-5250 @ 160 MHz 20 mBm (no IR)
04-23 18:42:33.910 3572 3572 D wpa_supplicant: nl80211: 5250-5330 @ 160 MHz 20 mBm (DFS) (no IR)
04-23 18:42:33.910 3572 3572 D wpa_supplicant: nl80211: 5490-5730 @ 160 MHz 20 mBm (DFS) (no IR)
04-23 18:42:33.910 3572 3572 D wpa_supplicant: nl80211: 5735-5835 @ 80 MHz 20 mBm (no IR)
04-23 18:42:33.910 3572 3572 D wpa_supplicant: nl80211: 57240-63720 @ 2160 MHz 0 mBm
04-23 18:42:33.910 3572 3572 D wpa_supplicant: nl80211: Added 802.11b mode based on 802.11g information
04-23 18:42:33.912 2034 2307 E audio_hw_primary: no pcm card found!
04-23 18:42:33.913 3572 3572 D wpa_supplicant: wlan0: Own MAC address: 54:e4:bd:58:36:c9
04-23 18:42:33.913 3572 3572 D wpa_supplicant: wpa_driver_nl80211_set_key: ifindex=4 (wlan0) alg=0 addr=0x0 key_idx=0 set_tx=0 seq_len=0 key_len=0
04-23 18:42:33.913 3572 3572 D wpa_supplicant: wpa_driver_nl80211_set_key: ifindex=4 (wlan0) alg=0 addr=0x0 key_idx=1 set_tx=0 seq_len=0 key_len=0
04-23 18:42:33.913 3572 3572 D wpa_supplicant: wpa_driver_nl80211_set_key: ifindex=4 (wlan0) alg=0 addr=0x0 key_idx=2 set_tx=0 seq_len=0 key_len=0
04-23 18:42:33.913 3572 3572 D wpa_supplicant: wpa_driver_nl80211_set_key: ifindex=4 (wlan0) alg=0 addr=0x0 key_idx=3 set_tx=0 seq_len=0 key_len=0
04-23 18:42:33.913 3572 3572 D wpa_supplicant: wpa_driver_nl80211_set_key: ifindex=4 (wlan0) alg=0 addr=0x0 key_idx=4 set_tx=0 seq_len=0 key_len=0
04-23 18:42:33.914 3572 3572 D wpa_supplicant: wpa_driver_nl80211_set_key: ifindex=4 (wlan0) alg=0 addr=0x0 key_idx=5 set_tx=0 seq_len=0 key_len=0
04-23 18:42:33.914 3572 3572 D wpa_supplicant: wlan0: RSN: flushing PMKID list in the driver
04-23 18:42:33.914 3572 3572 D wpa_supplicant: nl80211: Flush PMKIDs
04-23 18:42:33.914 3572 3572 D wpa_supplicant: wlan0: State: DISCONNECTED -> INACTIVE
04-23 18:42:33.919 3572 3572 D wpa_supplicant: TDLS: TDLS operation not supported by driver
04-23 18:42:33.919 3572 3572 D wpa_supplicant: TDLS: Driver uses internal link setup
04-23 18:42:33.919 3572 3572 D wpa_supplicant: wlan0: WPS: UUID based on MAC address: b09430c6-ecb1-5864-89ae-4f8ff320f861
04-23 18:42:33.923 2034 2307 E audio_hw_primary: no pcm card found!
04-23 18:42:33.933 3572 3572 D wpa_supplicant: EAPOL: SUPP_PAE entering state DISCONNECTED
04-23 18:42:33.933 3572 3572 D wpa_supplicant: EAPOL: Supplicant port status: Unauthorized
04-23 18:42:33.933 3572 3572 D wpa_supplicant: nl80211: Skip set_supp_port(unauthorized) while not associated
04-23 18:42:33.933 3572 3572 D wpa_supplicant: EAPOL: KEY_RX entering state NO_KEY_RECEIVE
04-23 18:42:33.933 3572 3572 D wpa_supplicant: EAPOL: SUPP_BE entering state INITIALIZE
04-23 18:42:33.933 3572 3572 D wpa_supplicant: EAP: EAP entering state DISABLED
04-23 18:42:33.933 3572 3572 D wpa_supplicant: Using existing control interface directory.
04-23 18:42:33.933 3572 3572 D wpa_supplicant: wlan0: Added interface wlan0
04-23 18:42:33.933 3572 3572 D wpa_supplicant: wlan0: State: INACTIVE -> DISCONNECTED
04-23 18:42:33.933 3572 3572 D wpa_supplicant: nl80211: Set wlan0 operstate 0->0 (DORMANT)
04-23 18:42:33.933 3572 3572 D wpa_supplicant: netlink: Operstate: ifindex=4 linkmode=-1 (no change), operstate=5 (IF_OPER_DORMANT)
04-23 18:42:33.933 3572 3572 D wpa_supplicant: random: Got 20/20 bytes from /dev/random
04-23 18:42:33.933 3572 3572 D wpa_supplicant: Get randomness: len=20 entropy=0
04-23 18:42:33.934 2034 2307 E audio_hw_primary: no pcm card found!
04-23 18:42:33.937 3572 3572 D wpa_supplicant: random from os_get_random - hexdump(len=20): [REMOVED]
04-23 18:42:33.937 3572 3572 D wpa_supplicant: random_mix_pool - hexdump(len=20): [REMOVED]
04-23 18:42:33.937 3572 3572 D wpa_supplicant: random from internal pool - hexdump(len=16): [REMOVED]
04-23 18:42:33.937 3572 3572 D wpa_supplicant: random_mix_pool - hexdump(len=20): [REMOVED]
04-23 18:42:33.937 3572 3572 D wpa_supplicant: random from internal pool - hexdump(len=16): [REMOVED]
04-23 18:42:33.937 3572 3572 D wpa_supplicant: mixed random - hexdump(len=20): [REMOVED]
04-23 18:42:33.937 3572 3572 D wpa_supplicant: random: Updated entropy file /data/misc/wifi/entropy.bin (own_pool_ready=2)
04-23 18:42:33.937 3572 3572 D wpa_supplicant: CTRL_IFACE monitor attached /data/misc/wifi/sockets/wpa_ctrl_2325-2\x00
04-23 18:42:33.937 3572 3572 D wpa_supplicant: RTM_NEWLINK: ifi_index=4 ifname=wlan0 operstate=2 linkmode=0 ifi_family=0 ifi_flags=0x1003 ([UP])
04-23 18:42:33.938 3572 3572 D wpa_supplicant: RTM_NEWLINK: ifi_index=4 ifname=wlan0 operstate=2 linkmode=1 ifi_family=0 ifi_flags=0x1003 ([UP])
04-23 18:42:33.942 3572 3572 D wpa_supplicant: wlan0: Control interface command 'DRIVER MACADDR'
04-23 18:42:33.943 3572 3572 D wpa_supplicant: wlan0: Control interface command 'SET update_config 1'
04-23 18:42:33.943 3572 3572 D wpa_supplicant: CTRL_IFACE SET 'update_config'='1'
04-23 18:42:33.943 3572 3572 D wpa_supplicant: update_config=1
04-23 18:42:33.944 2325 2509 D WifiConfigStore: Loading config and enabling all networks
04-23 18:42:33.944 3572 3572 D wpa_supplicant: wlan0: Control interface command 'LIST_NETWORKS LAST_ID=-1'
04-23 18:42:33.945 2034 2307 E audio_hw_primary: no pcm card found!
04-23 18:42:33.945 2325 2509 E WifiConfigStore: Error parsing configuration: java.io.FileNotFoundException: /data/misc/wifi/ipconfig.txt: open failed: ENOENT (No such file or directory)
04-23 18:42:33.946 2325 2509 E WifiConfigStore: readNetworkHistory: No config file, revert to defaultjava.io.FileNotFoundException: /data/misc/wifi/networkHistory.txt: open failed: ENOENT (No such file or directory)
04-23 18:42:33.947 2325 2509 E WifiConfigStore: --- Begin wpa_supplicant.conf Contents ---
04-23 18:42:33.948 2325 2509 E WifiConfigStore: ctrl_interface=wlan0
04-23 18:42:33.948 2325 2509 E WifiConfigStore: update_config=1
04-23 18:42:33.948 2325 2509 E WifiConfigStore: eapol_version=1
04-23 18:42:33.948 2325 2509 E WifiConfigStore: ap_scan=1
04-23 18:42:33.949 2325 2509 E WifiConfigStore: fast_reauth=1
04-23 18:42:33.949 2325 2509 E WifiConfigStore: --- End wpa_supplicant.conf Contents ---
04-23 18:42:33.949 3572 3572 D wpa_supplicant: wlan0: Control interface command 'SET device_name android_x86_64'
04-23 18:42:33.950 3572 3572 D wpa_supplicant: CTRL_IFACE SET 'device_name'='android_x86_64'
04-23 18:42:33.950 3572 3572 D wpa_supplicant: device_name='android_x86_64'
04-23 18:42:33.950 3572 3572 D wpa_supplicant: wlan0: Control interface command 'SET manufacturer Notion Ink'
04-23 18:42:33.950 3572 3572 D wpa_supplicant: CTRL_IFACE SET 'manufacturer'='Notion Ink'
04-23 18:42:33.950 3572 3572 D wpa_supplicant: manufacturer='Notion Ink'
04-23 18:42:33.951 3572 3572 D wpa_supplicant: wlan0: Control interface command 'SET model_name CN89553G'
04-23 18:42:33.951 3572 3572 D wpa_supplicant: CTRL_IFACE SET 'model_name'='CN89553G'
04-23 18:42:33.951 3572 3572 D wpa_supplicant: model_name='CN89553G'
04-23 18:42:33.952 3572 3572 D wpa_supplicant: wlan0: Control interface command 'SET model_number CN89553G'
04-23 18:42:33.952 3572 3572 D wpa_supplicant: CTRL_IFACE SET 'model_number'='CN89553G'
04-23 18:42:33.952 3572 3572 D wpa_supplicant: model_number='CN89553G'
04-23 18:42:33.952 3572 3572 D wpa_supplicant: wlan0: Control interface command 'SET serial_number '
04-23 18:42:33.952 3572 3572 D wpa_supplicant: CTRL_IFACE SET 'serial_number'=''
04-23 18:42:33.953 3572 3572 D wpa_supplicant: serial_number=''
04-23 18:42:33.953 3572 3572 D wpa_supplicant: wlan0: Control interface command 'SET config_methods physical_display virtual_push_button'
04-23 18:42:33.953 3572 3572 D wpa_supplicant: CTRL_IFACE SET 'config_methods'='physical_display virtual_push_button'
04-23 18:42:33.953 3572 3572 D wpa_supplicant: config_methods='physical_display virtual_push_button'
04-23 18:42:33.954 3572 3572 D wpa_supplicant: wlan0: Control interface command 'SET device_type 10-0050F204-5'
04-23 18:42:33.954 3572 3572 D wpa_supplicant: CTRL_IFACE SET 'device_type'='10-0050F204-5'
04-23 18:42:33.955 3572 3572 D wpa_supplicant: wlan0: Control interface command 'SCAN_INTERVAL 15'
04-23 18:42:33.955 3572 3572 D wpa_supplicant: wlan0: Setting scan interval: 15 sec
04-23 18:42:33.955 2325 2509 D WifiNative-HAL: Setting external_sim to 1
04-23 18:42:33.955 3572 3572 D wpa_supplicant: wlan0: Control interface command 'SET external_sim 1'
04-23 18:42:33.955 3572 3572 D wpa_supplicant: CTRL_IFACE SET 'external_sim'='1'
04-23 18:42:33.955 3572 3572 D wpa_supplicant: external_sim=1
04-23 18:42:33.956 2034 2307 E audio_hw_primary: no pcm card found!
04-23 18:42:33.956 2325 2509 D WifiStateMachine: Setting OUI to DA-A1-19
04-23 18:42:33.956 2325 2509 I WifiNative-HAL: startHal
04-23 18:42:33.956 2325 2509 E wifi : getStaticLongField sWifiHalHandle 0x7f14badd8430
04-23 18:42:33.956 2325 2509 D wifi : halHandle = 0x0, mVM = 0x7f14cf47c300, mCls = 0x101486
04-23 18:42:33.956 2325 2509 I WifiNative-HAL: Could not start hal
04-23 18:42:33.956 3572 3572 D wpa_supplicant: wlan0: Control interface command 'STA_AUTOCONNECT 0'
04-23 18:42:33.957 3572 3572 D wpa_supplicant: wlan0: Control interface command 'DRIVER BTCOEXSCAN-STOP'
04-23 18:42:33.958 3572 3572 D wpa_supplicant: wlan0: Control interface command 'DRIVER RXFILTER-STOP'
04-23 18:42:33.959 3572 3572 D wpa_supplicant: wlan0: Control interface command 'DRIVER RXFILTER-ADD 3'
04-23 18:42:33.960 3572 3572 D wpa_supplicant: wlan0: Control interface command 'DRIVER RXFILTER-START'
04-23 18:42:33.960 3572 3572 D wpa_supplicant: wlan0: Control interface command 'DRIVER RXFILTER-STOP'
04-23 18:42:33.961 3572 3572 D wpa_supplicant: wlan0: Control interface command 'DRIVER RXFILTER-REMOVE 2'
04-23 18:42:33.961 3572 3572 D wpa_supplicant: wlan0: Control interface command 'DRIVER RXFILTER-START'
04-23 18:42:33.962 3572 3572 D wpa_supplicant: wlan0: Control interface command 'STATUS'
04-23 18:42:33.962 3572 3572 D wpa_supplicant: CTRL_IFACE monitor sent successfully to /data/misc/wifi/sockets/wpa_ctrl_2325-2\x00
04-23 18:42:33.962 2325 2509 I WifiNative-HAL: startHal
04-23 18:42:33.963 2325 2509 E WifiStateMachine: cancelDelayedScan -> 1
04-23 18:42:33.963 3572 3572 D wpa_supplicant: wlan0: Control interface command 'SET ps 1'
04-23 18:42:33.963 3572 3572 D wpa_supplicant: CTRL_IFACE SET 'ps'='1'
04-23 18:42:33.963 3572 3572 D wpa_supplicant: nl80211: set_p2p_powersave (legacy_ps=1 opp_ps=-1 ctwindow=-1)
04-23 18:42:33.964 2325 2325 D WifiScanningService: SCAN_AVAILABLE : 3
04-23 18:42:33.965 2325 2325 D RttService: SCAN_AVAILABLE : 3
04-23 18:42:33.965 2325 2528 D WifiScanningService: DefaultState got{ when=0 what=160006 target=com.android.internal.util.StateMachine$SmHandler }
04-23 18:42:33.965 2325 2528 I WifiNative-HAL: startHal
04-23 18:42:33.965 2325 2528 E WifiScanningService: could not start HAL
04-23 18:42:33.965 2325 2529 D RttService: DefaultState got{ when=0 what=160512 target=com.android.internal.util.StateMachine$SmHandler }
04-23 18:42:33.967 2034 2307 E audio_hw_primary: no pcm card found!
04-23 18:42:33.969 3572 3572 D wpa_supplicant: wlan0: Control interface command 'DRIVER SETBAND 0'
04-23 18:42:33.969 3572 3572 D wpa_supplicant: wlan0: Control interface command 'BSS_FLUSH 0'
04-23 18:42:33.970 3572 3572 D wpa_supplicant: wlan0: Control interface command 'SCAN TYPE=ONLY'
04-23 18:42:33.970 3572 3572 D wpa_supplicant: wlan0: Setting scan request: 0.000000 sec
04-23 18:42:33.970 3572 3572 D wpa_supplicant: wlan0: State: DISCONNECTED -> SCANNING
04-23 18:42:33.970 3572 3572 D wpa_supplicant: CTRL_IFACE monitor sent successfully to /data/misc/wifi/sockets/wpa_ctrl_2325-2\x00
04-23 18:42:33.970 3572 3572 D wpa_supplicant: wlan0: Starting AP scan for wildcard SSID
04-23 18:42:33.970 3572 3572 D wpa_supplicant: wlan0: Add radio work 'scan'@0x7ff9c801c3d0
04-23 18:42:33.970 3572 3572 D wpa_supplicant: wlan0: First radio work item in the queue - schedule start immediately
04-23 18:42:33.970 3572 3572 D wpa_supplicant: wlan0: Starting radio work 'scan'@0x7ff9c801c3d0 after 0.000073 second wait
04-23 18:42:33.970 3572 3572 D wpa_supplicant: wlan0: nl80211: scan request
04-23 18:42:33.970 3572 3572 D wpa_supplicant: nl80211: Scan SSID - hexdump(len=0): [NULL]
04-23 18:42:33.970 3572 3572 D wpa_supplicant: nl80211: Add NL80211_SCAN_FLAG_FLUSH
04-23 18:42:33.971 3572 3572 D wpa_supplicant: Scan requested (ret=0) - scan timeout 10 seconds
04-23 18:42:33.971 3572 3572 D wpa_supplicant: nl80211: Event message available
04-23 18:42:33.971 3572 3572 D wpa_supplicant: nl80211: Drv Event 33 (NL80211_CMD_TRIGGER_SCAN) received for wlan0
04-23 18:42:33.971 3572 3572 D wpa_supplicant: wlan0: nl80211: Scan trigger
04-23 18:42:33.971 3572 3572 D wpa_supplicant: wlan0: Event SCAN_STARTED (49) received
04-23 18:42:33.971 3572 3572 D wpa_supplicant: wlan0: Own scan request started a scan in 0.000208 seconds
04-23 18:42:33.971 3572 3572 D wpa_supplicant: CTRL_IFACE monitor sent successfully to /data/misc/wifi/sockets/wpa_ctrl_2325-2\x00
04-23 18:42:33.976 2325 2509 E native : do suspend false
04-23 18:42:33.976 3572 3572 D wpa_supplicant: wlan0: Control interface command 'DRIVER SETSUSPENDMODE 0'
04-23 18:42:33.978 3572 3572 D wpa_supplicant: wlan0: Control interface command 'BLACKLIST clear'
04-23 18:42:33.978 2034 2307 E audio_hw_primary: no pcm card found!
04-23 18:42:33.989 2034 2307 E audio_hw_primary: no pcm card found!
04-23 18:42:34.000 2034 2307 E audio_hw_primary: no pcm card found!
04-23 18:42:34.011 2034 2307 E audio_hw_primary: no pcm card found!
04-23 18:42:34.023 2034 2307 E audio_hw_primary: no pcm card found!
04-23 18:42:34.034 2034 2307 E audio_hw_primary: no pcm card found!
04-23 18:42:34.045 2034 2307 E audio_hw_primary: no pcm card found!
04-23 18:42:34.057 2034 2307 E audio_hw_primary: no pcm card found!
04-23 18:42:34.068 2034 2307 E audio_hw_primary: no pcm card found!
04-23 18:42:34.079 2034 2307 E audio_hw_primary: no pcm card found!
04-23 18:42:34.090 2034 2307 E audio_hw_primary: no pcm card found!
04-23 18:42:34.101 2034 2307 E audio_hw_primary: no pcm card found!
04-23 18:42:34.113 2034 2307 E audio_hw_primary: no pcm card found!
04-23 18:42:34.124 2034 2307 E audio_hw_primary: no pcm card found!
04-23 18:42:34.135 2034 2307 E audio_hw_primary: no pcm card found!
04-23 18:42:34.147 2034 2307 E audio_hw_primary: no pcm card found!
04-23 18:42:34.158 2034 2307 E audio_hw_primary: no pcm card found!
04-23 18:42:34.169 2034 2307 E audio_hw_primary: no pcm card found!
04-23 18:42:34.181 2034 2307 E audio_hw_primary: no pcm card found!
04-23 18:42:34.192 2034 2307 E audio_hw_primary: no pcm card found!
04-23 18:42:34.203 2034 2307 E audio_hw_primary: no pcm card found!
04-23 18:42:34.214 2034 2307 E audio_hw_primary: no pcm card found!
04-23 18:42:34.226 2034 2307 E audio_hw_primary: no pcm card found!
04-23 18:42:34.237 2034 2307 E audio_hw_primary: no pcm card found!
04-23 18:42:34.248 2034 2307 E audio_hw_primary: no pcm card found!
04-23 18:42:34.260 2034 2307 E audio_hw_primary: no pcm card found!
04-23 18:42:34.271 2034 2307 E audio_hw_primary: no pcm card found!
04-23 18:42:34.282 2034 2307 E audio_hw_primary: no pcm card found!
04-23 18:42:34.293 2034 2307 E audio_hw_primary: no pcm card found!
04-23 18:42:34.305 2034 2307 E audio_hw_primary: no pcm card found!
04-23 18:42:34.316 2034 2307 E audio_hw_primary: no pcm card found!
04-23 18:42:34.327 2034 2307 E audio_hw_primary: no pcm card found!
04-23 18:42:34.339 2034 2307 E audio_hw_primary: no pcm card found!
04-23 18:42:34.350 2034 2307 E audio_hw_primary: no pcm card found!
04-23 18:42:34.361 2034 2307 E audio_hw_primary: no pcm card found!
04-23 18:42:34.372 2034 2307 E audio_hw_primary: no pcm card found!
04-23 18:42:34.383 2034 2307 E audio_hw_primary: no pcm card found!
04-23 18:42:34.394 2034 2307 E audio_hw_primary: no pcm card found!
04-23 18:42:34.405 2034 2307 E audio_hw_primary: no pcm card found!
04-23 18:42:34.417 2034 2307 E audio_hw_primary: no pcm card found!
04-23 18:42:34.428 2034 2307 E audio_hw_primary: no pcm card found!
04-23 18:42:34.440 2034 2307 E audio_hw_primary: no pcm card found!
04-23 18:42:34.451 2034 2307 E audio_hw_primary: no pcm card found!
04-23 18:42:34.462 2034 2307 E audio_hw_primary: no pcm card found!
04-23 18:42:34.474 2034 2307 E audio_hw_primary: no pcm card found!
04-23 18:42:34.485 2034 2307 E audio_hw_primary: no pcm card found!
04-23 18:42:34.497 2034 2307 E audio_hw_primary: no pcm card found!
04-23 18:42:34.508 2034 2307 E audio_hw_primary: no pcm card found!
04-23 18:42:34.519 2034 2307 E audio_hw_primary: no pcm card found!
04-23 18:42:34.530 2034 2307 E audio_hw_primary: no pcm card found!
04-23 18:42:34.541 2034 2307 E audio_hw_primary: no pcm card found!
04-23 18:42:34.553 2034 2307 E audio_hw_primary: no pcm card found!
04-23 18:42:34.564 2034 2307 E audio_hw_primary: no pcm card found!
04-23 18:42:34.576 2034 2307 E audio_hw_primary: no pcm card found!
04-23 18:42:34.587 2034 2307 E audio_hw_primary: no pcm card found!
04-23 18:42:34.598 2034 2307 E audio_hw_primary: no pcm card found!
04-23 18:42:34.609 2034 2307 E audio_hw_primary: no pcm card found!
04-23 18:42:34.621 2034 2307 E audio_hw_primary: no pcm card found!
04-23 18:42:34.632 2034 2307 E audio_hw_primary: no pcm card found!
04-23 18:42:34.643 2034 2307 E audio_hw_primary: no pcm card found!
04-23 18:42:34.655 2034 2307 E audio_hw_primary: no pcm card found!
04-23 18:42:34.666 2034 2307 E audio_hw_primary: no pcm card found!
04-23 18:42:34.677 2034 2307 E audio_hw_primary: no pcm card found!
04-23 18:42:34.689 2034 2307 E audio_hw_primary: no pcm card found!
04-23 18:42:34.700 2034 2307 E audio_hw_primary: no pcm card found!
04-23 18:42:34.711 2034 2307 E audio_hw_primary: no pcm card found!
04-23 18:42:34.722 2034 2307 E audio_hw_primary: no pcm card found!
04-23 18:42:34.733 2034 2307 E audio_hw_primary: no pcm card found!
04-23 18:42:34.745 2034 2307 E audio_hw_primary: no pcm card found!
04-23 18:42:34.756 2034 2307 E audio_hw_primary: no pcm card found!
04-23 18:42:34.767 2034 2307 E audio_hw_primary: no pcm card found!
04-23 18:42:34.779 2034 2307 E audio_hw_primary: no pcm card found!
04-23 18:42:34.790 2034 2307 E audio_hw_primary: no pcm card found!
04-23 18:42:34.802 2034 2307 E audio_hw_primary: no pcm card found!
04-23 18:42:34.813 2034 2307 E audio_hw_primary: no pcm card found!
04-23 18:42:34.824 2034 2307 E audio_hw_primary: no pcm card found!
04-23 18:42:34.835 2034 2307 E audio_hw_primary: no pcm card found!
04-23 18:42:34.846 2034 2307 E audio_hw_primary: no pcm card found!
04-23 18:42:34.858 2034 2307 E audio_hw_primary: no pcm card found!
04-23 18:42:34.869 2034 2307 E audio_hw_primary: no pcm card found!
04-23 18:42:34.880 2034 2307 E audio_hw_primary: no pcm card found!
04-23 18:42:34.892 2034 2307 E audio_hw_primary: no pcm card found!
04-23 18:42:34.903 2034 2307 E audio_hw_primary: no pcm card found!
04-23 18:42:34.915 2034 2307 E audio_hw_primary: no pcm card found!
04-23 18:42:34.926 2034 2307 E audio_hw_primary: no pcm card found!
04-23 18:42:34.934 3572 3572 D wpa_supplicant: EAPOL: disable timer tick
04-23 18:42:34.937 2034 2307 E audio_hw_primary: no pcm card found!
04-23 18:42:34.948 2034 2307 E audio_hw_primary: no pcm card found!
04-23 18:42:34.959 2034 2307 E audio_hw_primary: no pcm card found!
04-23 18:42:34.971 2034 2307 E audio_hw_primary: no pcm card found!
04-23 18:42:34.982 2034 2307 E audio_hw_primary: no pcm card found!
04-23 18:42:34.993 2034 2307 E audio_hw_primary: no pcm card found!
04-23 18:42:35.005 2034 2307 E audio_hw_primary: no pcm card found!
04-23 18:42:35.016 2034 2307 E audio_hw_primary: no pcm card found!
04-23 18:42:35.027 2034 2307 E audio_hw_primary: no pcm card found!
04-23 18:42:35.038 2034 2307 E audio_hw_primary: no pcm card found!
04-23 18:42:35.049 2034 2307 E audio_hw_primary: no pcm card found!
04-23 18:42:35.060 2034 2307 E audio_hw_primary: no pcm card found!
04-23 18:42:35.071 2034 2307 E audio_hw_primary: no pcm card found!
04-23 18:42:35.082 2034 2307 E audio_hw_primary: no pcm card found!
04-23 18:42:35.093 2034 2307 E audio_hw_primary: no pcm card found!
04-23 18:42:35.104 2034 2307 E audio_hw_primary: no pcm card found!
04-23 18:42:35.115 2034 2307 E audio_hw_primary: no pcm card found!
04-23 18:42:35.126 2034 2307 E audio_hw_primary: no pcm card found!
04-23 18:42:35.137 2034 2307 E audio_hw_primary: no pcm card found!
04-23 18:42:35.148 2034 2307 E audio_hw_primary: no pcm card found!
04-23 18:42:35.159 2034 2307 E audio_hw_primary: no pcm card found!
04-23 18:42:35.170 2034 2307 E audio_hw_primary: no pcm card found!
04-23 18:42:35.181 2034 2307 E audio_hw_primary: no pcm card found!
04-23 18:42:35.192 2034 2307 E audio_hw_primary: no pcm card found!
04-23 18:42:35.203 2034 2307 E audio_hw_primary: no pcm card found!
04-23 18:42:35.214 2034 2307 E audio_hw_primary: no pcm card found!
04-23 18:42:35.225 2034 2307 E audio_hw_primary: no pcm card found!
04-23 18:42:35.236 2034 2307 E audio_hw_primary: no pcm card found!
04-23 18:42:35.247 2034 2307 E audio_hw_primary: no pcm card found!
04-23 18:42:35.258 2034 2307 E audio_hw_primary: no pcm card found!
04-23 18:42:35.269 2034 2307 E audio_hw_primary: no pcm card found!
04-23 18:42:35.280 2034 2307 E audio_hw_primary: no pcm card found!
04-23 18:42:35.291 2034 2307 E audio_hw_primary: no pcm card found!
04-23 18:42:35.302 2034 2307 E audio_hw_primary: no pcm card found!
04-23 18:42:35.313 2034 2307 E audio_hw_primary: no pcm card found!
04-23 18:42:35.324 2034 2307 E audio_hw_primary: no pcm card found!
04-23 18:42:35.335 2034 2307 E audio_hw_primary: no pcm card found!
04-23 18:42:35.343 3572 3572 D wpa_supplicant: RTM_NEWLINK: ifi_index=4 ifname=wlan0 wext ifi_family=0 ifi_flags=0x1003 ([UP])
04-23 18:42:35.343 3572 3572 D wpa_supplicant: nl80211: Event message available
04-23 18:42:35.343 3572 3572 D wpa_supplicant: nl80211: Drv Event 34 (NL80211_CMD_NEW_SCAN_RESULTS) received for wlan0
04-23 18:42:35.343 3572 3572 D wpa_supplicant: wlan0: nl80211: New scan results available
04-23 18:42:35.343 3572 3572 D wpa_supplicant: nl80211: Scan probed for SSID ''
04-23 18:42:35.343 3572 3572 D wpa_supplicant: nl80211: Scan included frequencies: 2412 2417 2422 2427 2432 2437 2442 2447 2452 2457 2462 2467 2472
04-23 18:42:35.343 3572 3572 D wpa_supplicant: wlan0: Event SCAN_RESULTS (3) received
04-23 18:42:35.343 3572 3572 D wpa_supplicant: wlan0: Scan completed in 1.372600 seconds
04-23 18:42:35.344 3572 3572 D wpa_supplicant: nl80211: Received scan results (3 BSSes)
04-23 18:42:35.344 3572 3572 D wpa_supplicant: Sorted scan results
04-23 18:42:35.344 3572 3572 D wpa_supplicant: 90:00:4e:82:36:1d freq=2462 qual=0 noise=0 level=-58 flags=0xb age=1
04-23 18:42:35.344 3572 3572 D wpa_supplicant: IEs - hexdump(len=220): 00 0e 53 48 49 4e 4f 53 41 4d 55 45 4c 2d 4c 50 01 08 82 84 8b 96 12 24 48 6c 03 01 0b 2a 01 04 ...
04-23 18:42:35.344 3572 3572 D wpa_supplicant: 00:1b:da:33:7a:9f freq=2462 qual=0 noise=0 level=-62 flags=0xb age=1
04-23 18:42:35.344 3572 3572 D wpa_supplicant: IEs - hexdump(len=68): 00 0b 54 65 63 68 6e 6f 62 75 72 73 74 01 08 82 84 8b 96 24 30 48 6c 03 01 0b 2a 01 04 2f 01 04 ...
04-23 18:42:35.344 3572 3572 D wpa_supplicant: 20:25:64:4e:f3:67 freq=2437 qual=0 noise=0 level=-72 flags=0xb age=1
04-23 18:42:35.344 3572 3572 D wpa_supplicant: IEs - hexdump(len=301): 00 06 38 61 30 65 63 31 01 08 82 84 8b 96 24 30 48 6c 03 01 06 2a 01 00 2f 01 00 30 18 01 00 00 ...
04-23 18:42:35.344 3572 3572 D wpa_supplicant: wlan0: BSS: Start scan result update 1
04-23 18:42:35.344 3572 3572 D wpa_supplicant: wlan0: BSS: Add new id 0 BSSID 90:00:4e:82:36:1d SSID 'SHINOSAMUEL-LP'
04-23 18:42:35.344 3572 3572 D wpa_supplicant: CTRL_IFACE monitor sent successfully to /data/misc/wifi/sockets/wpa_ctrl_2325-2\x00
04-23 18:42:35.344 3572 3572 D wpa_supplicant: wlan0: BSS: Add new id 1 BSSID 00:1b:da:33:7a:9f SSID 'Technoburst'
04-23 18:42:35.345 3572 3572 D wpa_supplicant: CTRL_IFACE monitor sent successfully to /data/misc/wifi/sockets/wpa_ctrl_2325-2\x00
04-23 18:42:35.345 3572 3572 D wpa_supplicant: wlan0: BSS: Add new id 2 BSSID 20:25:64:4e:f3:67 SSID '8a0ec1'
04-23 18:42:35.345 3572 3572 D wpa_supplicant: CTRL_IFACE monitor sent successfully to /data/misc/wifi/sockets/wpa_ctrl_2325-2\x00
04-23 18:42:35.345 3572 3572 D wpa_supplicant: BSS: last_scan_res_used=3/32
04-23 18:42:35.345 3572 3572 D wpa_supplicant: Add randomness: count=2 entropy=0
04-23 18:42:35.345 3572 3572 D wpa_supplicant: random pool - hexdump(len=128): [REMOVED]
04-23 18:42:35.345 3572 3572 D wpa_supplicant: random_mix_pool - hexdump(len=16): [REMOVED]
04-23 18:42:35.345 3572 3572 D wpa_supplicant: random_mix_pool - hexdump(len=5): [REMOVED]
04-23 18:42:35.345 3572 3572 D wpa_supplicant: random pool - hexdump(len=128): [REMOVED]
04-23 18:42:35.345 3572 3572 D wpa_supplicant: Add randomness: count=3 entropy=1
04-23 18:42:35.345 3572 3572 D wpa_supplicant: random pool - hexdump(len=128): [REMOVED]
04-23 18:42:35.345 3572 3572 D wpa_supplicant: random_mix_pool - hexdump(len=16): [REMOVED]
04-23 18:42:35.345 3572 3572 D wpa_supplicant: random_mix_pool - hexdump(len=5): [REMOVED]
04-23 18:42:35.345 3572 3572 D wpa_supplicant: random pool - hexdump(len=128): [REMOVED]
04-23 18:42:35.345 3572 3572 D wpa_supplicant: Add randomness: count=4 entropy=2
04-23 18:42:35.345 3572 3572 D wpa_supplicant: random pool - hexdump(len=128): [REMOVED]
04-23 18:42:35.345 3572 3572 D wpa_supplicant: random_mix_pool - hexdump(len=16): [REMOVED]
04-23 18:42:35.345 3572 3572 D wpa_supplicant: random_mix_pool - hexdump(len=5): [REMOVED]
04-23 18:42:35.345 3572 3572 D wpa_supplicant: random pool - hexdump(len=128): [REMOVED]
04-23 18:42:35.345 3572 3572 D wpa_supplicant: wlan0: Scan-only results received
04-23 18:42:35.345 3572 3572 D wpa_supplicant: CTRL_IFACE monitor sent successfully to /data/misc/wifi/sockets/wpa_ctrl_2325-2\x00
04-23 18:42:35.345 3572 3572 D wpa_supplicant: WPS: attr type=0x104a len=1
04-23 18:42:35.346 2034 2307 E audio_hw_primary: no pcm card found!
04-23 18:42:35.346 3572 3572 D wpa_supplicant: WPS: attr type=0x1044 len=1
04-23 18:42:35.346 3572 3572 D wpa_supplicant: WPS: attr type=0x103b len=1
04-23 18:42:35.346 3572 3572 D wpa_supplicant: WPS: attr type=0x1047 len=16
04-23 18:42:35.346 3572 3572 D wpa_supplicant: WPS: attr type=0x1021 len=5
04-23 18:42:35.346 3572 3572 D wpa_supplicant: WPS: attr type=0x1023 len=5
04-23 18:42:35.346 3572 3572 D wpa_supplicant: WPS: attr type=0x1024 len=6
04-23 18:42:35.346 3572 3572 D wpa_supplicant: WPS: attr type=0x1042 len=7
04-23 18:42:35.346 3572 3572 D wpa_supplicant: WPS: attr type=0x1054 len=8
04-23 18:42:35.346 3572 3572 D wpa_supplicant: WPS: attr type=0x1011 len=6
04-23 18:42:35.346 3572 3572 D wpa_supplicant: WPS: attr type=0x1008 len=2
04-23 18:42:35.346 3572 3572 D wpa_supplicant: WPS: attr type=0x103c len=1
04-23 18:42:35.346 3572 3572 D wpa_supplicant: WPS: attr type=0x1049 len=6
04-23 18:42:35.346 3572 3572 D wpa_supplicant: WPS: WFA subelement id=0 len=1
04-23 18:42:35.346 3572 3572 D wpa_supplicant: WPS: attr type=0x104a len=1
04-23 18:42:35.346 3572 3572 D wpa_supplicant: WPS: attr type=0x1044 len=1
04-23 18:42:35.346 3572 3572 D wpa_supplicant: WPS: attr type=0x103b len=1
04-23 18:42:35.346 3572 3572 D wpa_supplicant: WPS: attr type=0x1047 len=16
04-23 18:42:35.346 3572 3572 D wpa_supplicant: WPS: attr type=0x1021 len=5
04-23 18:42:35.346 3572 3572 D wpa_supplicant: WPS: attr type=0x1023 len=5
04-23 18:42:35.346 3572 3572 D wpa_supplicant: WPS: attr type=0x1024 len=6
04-23 18:42:35.346 3572 3572 D wpa_supplicant: WPS: attr type=0x1042 len=7
04-23 18:42:35.346 3572 3572 D wpa_supplicant: WPS: attr type=0x1054 len=8
04-23 18:42:35.346 3572 3572 D wpa_supplicant: WPS: attr type=0x1011 len=6
04-23 18:42:35.346 3572 3572 D wpa_supplicant: WPS: attr type=0x1008 len=2
04-23 18:42:35.346 3572 3572 D wpa_supplicant: WPS: attr type=0x103c len=1
04-23 18:42:35.346 3572 3572 D wpa_supplicant: WPS: attr type=0x1049 len=6
04-23 18:42:35.346 3572 3572 D wpa_supplicant: WPS: WFA subelement id=0 len=1
04-23 18:42:35.346 3572 3572 D wpa_supplicant: WPS: attr type=0x104a len=1
04-23 18:42:35.346 3572 3572 D wpa_supplicant: WPS: attr type=0x1044 len=1
04-23 18:42:35.346 3572 3572 D wpa_supplicant: WPS: attr type=0x103b len=1
04-23 18:42:35.346 3572 3572 D wpa_supplicant: WPS: attr type=0x1047 len=16
04-23 18:42:35.347 3572 3572 D wpa_supplicant: WPS: attr type=0x1021 len=5
04-23 18:42:35.347 3572 3572 D wpa_supplicant: WPS: attr type=0x1023 len=5
04-23 18:42:35.347 3572 3572 D wpa_supplicant: WPS: attr type=0x1024 len=6
04-23 18:42:35.347 3572 3572 D wpa_supplicant: WPS: attr type=0x1042 len=7
04-23 18:42:35.347 3572 3572 D wpa_supplicant: WPS: attr type=0x1054 len=8
04-23 18:42:35.347 3572 3572 D wpa_supplicant: WPS: attr type=0x1011 len=6
04-23 18:42:35.347 3572 3572 D wpa_supplicant: WPS: attr type=0x1008 len=2
04-23 18:42:35.347 3572 3572 D wpa_supplicant: WPS: attr type=0x103c len=1
04-23 18:42:35.347 3572 3572 D wpa_supplicant: WPS: attr type=0x1049 len=6
04-23 18:42:35.347 3572 3572 D wpa_supplicant: WPS: WFA subelement id=0 len=1
04-23 18:42:35.347 3572 3572 D wpa_supplicant: CTRL_IFACE monitor sent successfully to /data/misc/wifi/sockets/wpa_ctrl_2325-2\x00
04-23 18:42:35.347 3572 3572 D wpa_supplicant: wlan0: Radio work 'scan'@0x7ff9c801c3d0 done in 1.376552 seconds
04-23 18:42:35.347 2325 2509 I WifiNative-HAL: startHal
04-23 18:42:35.347 3572 3572 D wpa_supplicant: wlan0: Control interface command 'BSS RANGE=0- MASK=0x21987'
04-23 18:42:35.348 3572 3572 D wpa_supplicant: WPS: attr type=0x104a len=1
04-23 18:42:35.348 3572 3572 D wpa_supplicant: WPS: attr type=0x1044 len=1
04-23 18:42:35.348 3572 3572 D wpa_supplicant: WPS: attr type=0x103b len=1
04-23 18:42:35.348 3572 3572 D wpa_supplicant: WPS: attr type=0x1047 len=16
04-23 18:42:35.348 3572 3572 D wpa_supplicant: WPS: attr type=0x1021 len=5
04-23 18:42:35.348 3572 3572 D wpa_supplicant: WPS: attr type=0x1023 len=5
04-23 18:42:35.348 3572 3572 D wpa_supplicant: WPS: attr type=0x1024 len=6
04-23 18:42:35.348 3572 3572 D wpa_supplicant: WPS: attr type=0x1042 len=7
04-23 18:42:35.348 3572 3572 D wpa_supplicant: WPS: attr type=0x1054 len=8
04-23 18:42:35.348 3572 3572 D wpa_supplicant: WPS: attr type=0x1011 len=6
04-23 18:42:35.348 3572 3572 D wpa_supplicant: WPS: attr type=0x1008 len=2
04-23 18:42:35.348 3572 3572 D wpa_supplicant: WPS: attr type=0x103c len=1
04-23 18:42:35.348 3572 3572 D wpa_supplicant: WPS: attr type=0x1049 len=6
04-23 18:42:35.348 3572 3572 D wpa_supplicant: WPS: WFA subelement id=0 len=1
04-23 18:42:35.348 3572 3572 D wpa_supplicant: WPS: attr type=0x104a len=1
04-23 18:42:35.348 3572 3572 D wpa_supplicant: WPS: attr type=0x1044 len=1
04-23 18:42:35.348 3572 3572 D wpa_supplicant: WPS: attr type=0x103b len=1
04-23 18:42:35.348 3572 3572 D wpa_supplicant: WPS: attr type=0x1047 len=16
04-23 18:42:35.348 3572 3572 D wpa_supplicant: WPS: attr type=0x1021 len=5
04-23 18:42:35.348 3572 3572 D wpa_supplicant: WPS: attr type=0x1023 len=5
04-23 18:42:35.348 3572 3572 D wpa_supplicant: WPS: attr type=0x1024 len=6
04-23 18:42:35.348 3572 3572 D wpa_supplicant: WPS: attr type=0x1042 len=7
04-23 18:42:35.348 3572 3572 D wpa_supplicant: WPS: attr type=0x1054 len=8
04-23 18:42:35.348 3572 3572 D wpa_supplicant: WPS: attr type=0x1011 len=6
04-23 18:42:35.348 3572 3572 D wpa_supplicant: WPS: attr type=0x1008 len=2
04-23 18:42:35.348 3572 3572 D wpa_supplicant: WPS: attr type=0x103c len=1
04-23 18:42:35.348 3572 3572 D wpa_supplicant: WPS: attr type=0x1049 len=6
04-23 18:42:35.348 3572 3572 D wpa_supplicant: WPS: WFA subelement id=0 len=1
04-23 18:42:35.348 3572 3572 D wpa_supplicant: WPS: attr type=0x104a len=1
04-23 18:42:35.348 3572 3572 D wpa_supplicant: WPS: attr type=0x1044 len=1
04-23 18:42:35.348 3572 3572 D wpa_supplicant: WPS: attr type=0x103b len=1
04-23 18:42:35.348 3572 3572 D wpa_supplicant: WPS: attr type=0x1047 len=16
04-23 18:42:35.348 3572 3572 D wpa_supplicant: WPS: attr type=0x1021 len=5
04-23 18:42:35.348 3572 3572 D wpa_supplicant: WPS: attr type=0x1023 len=5
04-23 18:42:35.348 3572 3572 D wpa_supplicant: WPS: attr type=0x1024 len=6
04-23 18:42:35.348 3572 3572 D wpa_supplicant: WPS: attr type=0x1042 len=7
04-23 18:42:35.348 3572 3572 D wpa_supplicant: WPS: attr type=0x1054 len=8
04-23 18:42:35.348 3572 3572 D wpa_supplicant: WPS: attr type=0x1011 len=6
04-23 18:42:35.348 3572 3572 D wpa_supplicant: WPS: attr type=0x1008 len=2
04-23 18:42:35.348 3572 3572 D wpa_supplicant: WPS: attr type=0x103c len=1
04-23 18:42:35.348 3572 3572 D wpa_supplicant: WPS: attr type=0x1049 len=6
04-23 18:42:35.348 3572 3572 D wpa_supplicant: WPS: WFA subelement id=0 len=1
04-23 18:42:35.357 2034 2307 E audio_hw_primary: no pcm card found!
04-23 18:42:35.358 3572 3572 D wpa_supplicant: wlan0: Control interface command 'STATUS-NO_EVENTS'
04-23 18:42:35.367 2034 2307 E audio_hw_primary: no pcm card found!
04-23 18:42:35.378 2034 2307 E audio_hw_primary: no pcm card found!
04-23 18:42:35.389 2034 2307 E audio_hw_primary: no pcm card found!
04-23 18:42:35.400 2034 2307 E audio_hw_primary: no pcm card found!
04-23 18:42:35.411 2034 2307 E audio_hw_primary: no pcm card found!
04-23 18:42:35.422 2034 2307 E audio_hw_primary: no pcm card found!
04-23 18:42:35.433 2034 2307 E audio_hw_primary: no pcm card found!
04-23 18:42:36.215 2325 2515 W AudioTrack: AUDIO_OUTPUT_FLAG_FAST denied by client
04-23 18:42:36.215 2325 2516 D WifiService: setWifiEnabled: false pid=2693, uid=10013
04-23 18:42:36.215 2325 2516 E WifiService: Invoking mWifiStateMachine.setWifiEnabled
04-23 18:42:36.217 2325 2351 D SettingsProvider: User 0 external modification to /data/data/com.android.providers.settings/databases/settings.db; event=2
04-23 18:42:36.217 2325 2351 D SettingsProvider: User 0 updating our caches for /data/data/com.android.providers.settings/databases/settings.db
04-23 18:42:36.222 3572 3572 D wpa_supplicant: wlan0: Control interface command 'DRIVER WLS_BATCHING GET'
04-23 18:42:36.223 2325 2509 E WifiStateMachine: Unexpected BatchedScanResults :OK
04-23 18:42:36.223 3572 3572 D wpa_supplicant: wlan0: Control interface command 'DRIVER WLS_BATCHING STOP'
04-23 18:42:36.224 2325 2325 D WifiScanningService: SCAN_AVAILABLE : 1
04-23 18:42:36.224 2325 2325 D RttService: SCAN_AVAILABLE : 1
04-23 18:42:36.224 2325 2528 D WifiScanningService: DefaultState got{ when=0 what=160007 target=com.android.internal.util.StateMachine$SmHandler }
04-23 18:42:36.225 2325 2529 D RttService: EnabledState got{ when=-1ms what=160513 target=com.android.internal.util.StateMachine$SmHandler }
04-23 18:42:36.225 2029 2293 D CommandListener: Clearing all IP addresses on wlan0
04-23 18:42:36.230 2325 2509 E WifiStateMachine: SupplicantStoppingState: stopSupplicant init.svc.wpa_supplicant=unknown init.svc.p2p_supplicant=unknown
04-23 18:42:36.231 3572 3572 D wpa_supplicant: RX global ctrl_iface - hexdump(len=9): 54 45 52 4d 49 4e 41 54 45
04-23 18:42:36.231 3572 3572 D wpa_supplicant: wlan0: Removing interface wlan0
04-23 18:42:36.231 3572 3572 D wpa_supplicant: wlan0: Request to deauthenticate - bssid=00:00:00:00:00:00 pending_bssid=00:00:00:00:00:00 reason=3 state=SCANNING
04-23 18:42:36.231 3572 3572 D wpa_supplicant: TDLS: Tear down peers
04-23 18:42:36.231 3572 3572 D wpa_supplicant: wlan0: State: SCANNING -> DISCONNECTED
04-23 18:42:36.231 3572 3572 D wpa_supplicant: nl80211: Set wlan0 operstate 0->0 (DORMANT)
04-23 18:42:36.231 3572 3572 D wpa_supplicant: netlink: Operstate: ifindex=4 linkmode=-1 (no change), operstate=5 (IF_OPER_DORMANT)
04-23 18:42:36.231 3572 3572 D wpa_supplicant: CTRL_IFACE monitor sent successfully to /data/misc/wifi/sockets/wpa_ctrl_2325-2\x00
04-23 18:42:36.231 3572 3572 D wpa_supplicant: EAPOL: External notification - portEnabled=0
04-23 18:42:36.231 3572 3572 D wpa_supplicant: EAPOL: External notification - portValid=0
04-23 18:42:36.232 2034 2307 E audio_hw_primary: no pcm card found!
04-23 18:42:36.243 2034 2307 E audio_hw_primary: no pcm card found!
04-23 18:42:36.252 3572 3572 D wpa_supplicant: wlan0: BSS: Remove id 0 BSSID 90:00:4e:82:36:1d SSID 'SHINOSAMUEL-LP' due to wpa_bss_flush
04-23 18:42:36.252 3572 3572 D wpa_supplicant: CTRL_IFACE monitor sent successfully to /data/misc/wifi/sockets/wpa_ctrl_2325-2\x00
04-23 18:42:36.252 3572 3572 D wpa_supplicant: wlan0: BSS: Remove id 1 BSSID 00:1b:da:33:7a:9f SSID 'Technoburst' due to wpa_bss_flush
04-23 18:42:36.252 3572 3572 D wpa_supplicant: CTRL_IFACE monitor sent successfully to /data/misc/wifi/sockets/wpa_ctrl_2325-2\x00
04-23 18:42:36.253 3572 3572 D wpa_supplicant: wlan0: BSS: Remove id 2 BSSID 20:25:64:4e:f3:67 SSID '8a0ec1' due to wpa_bss_flush
04-23 18:42:36.253 3572 3572 D wpa_supplicant: CTRL_IFACE monitor sent successfully to /data/misc/wifi/sockets/wpa_ctrl_2325-2\x00
04-23 18:42:36.253 3572 3572 D wpa_supplicant: wlan0: Cancelling scan request
04-23 18:42:36.253 3572 3572 D wpa_supplicant: wlan0: Cancelling authentication timeout
04-23 18:42:36.253 3572 3572 D wpa_supplicant: Remove interface wlan0 from radio phy0
04-23 18:42:36.253 3572 3572 D wpa_supplicant: Remove radio phy0
04-23 18:42:36.254 2034 2307 E audio_hw_primary: no pcm card found!
04-23 18:42:36.258 3572 3572 D wpa_supplicant: nl80211: Remove monitor interface: refcount=0
04-23 18:42:36.258 3572 3572 D wpa_supplicant: netlink: Operstate: ifindex=4 linkmode=0 (kernel-control), operstate=6 (IF_OPER_UP)
04-23 18:42:36.264 3572 3572 D wpa_supplicant: nl80211: Set mode ifindex 4 iftype 2 (STATION)
04-23 18:42:36.264 3572 3572 D wpa_supplicant: nl80211: Unsubscribe mgmt frames handle 0x8888f771408a8e49 (mode change)
04-23 18:42:36.265 3572 3572 I wpa_supplicant: wlan0: CTRL-EVENT-TERMINATING
04-23 18:42:36.265 3572 3572 D wpa_supplicant: CTRL_IFACE monitor sent successfully to /data/misc/wifi/sockets/wpa_ctrl_2325-2\x00
04-23 18:42:36.265 2034 2307 E audio_hw_primary: no pcm card found!
04-23 18:42:36.266 2325 2509 E WifiMonitor: killSupplicant p2pfalse init.svc.wpa_supplicant=unknown init.svc.p2p_supplicant=unknown
04-23 18:42:36.266 3572 3572 D wpa_supplicant: Control interface directory not empty - leaving it behind
04-23 18:42:36.276 2034 2307 E audio_hw_primary: no pcm card found!
04-23 18:42:36.287 2034 2307 E audio_hw_primary: no pcm card found!
04-23 18:42:36.299 2034 2307 E audio_hw_primary: no pcm card found!
04-23 18:42:36.310 2034 2307 E audio_hw_primary: no pcm card found!
04-23 18:42:36.321 2034 2307 E audio_hw_primary: no pcm card found!
04-23 18:42:36.333 2034 2307 E audio_hw_primary: no pcm card found!
04-23 18:42:36.344 2034 2307 E audio_hw_primary: no pcm card found!
04-23 18:42:36.355 2034 2307 E audio_hw_primary: no pcm card found!
04-23 18:42:36.366 2034 2307 E audio_hw_primary: no pcm card found!
04-23 18:42:36.377 2034 2307 E audio_hw_primary: no pcm card found!
04-23 18:42:36.388 2034 2307 E audio_hw_primary: no pcm card found!
04-23 18:42:36.400 2034 2307 E audio_hw_primary: no pcm card found!
04-23 18:42:36.411 2034 2307 E audio_hw_primary: no pcm card found!
04-23 18:42:36.422 2034 2307 E audio_hw_primary: no pcm card found!
04-23 18:42:36.433 2034 2307 E audio_hw_primary: no pcm card found!
04-23 18:42:36.444 2034 2307 E audio_hw_primary: no pcm card found!
04-23 18:42:36.456 2034 2307 E audio_hw_primary: no pcm card found!
04-23 18:42:36.467 2034 2307 E audio_hw_primary: no pcm card found!
04-23 18:42:36.478 2034 2307 E audio_hw_primary: no pcm card found!
04-23 18:42:36.490 2034 2307 E audio_hw_primary: no pcm card found!
04-23 18:42:36.501 2034 2307 E audio_hw_primary: no pcm card found!
04-23 18:42:36.512 2034 2307 E audio_hw_primary: no pcm card found!
04-23 18:42:36.524 2034 2307 E audio_hw_primary: no pcm card found!
04-23 18:42:36.535 2034 2307 E audio_hw_primary: no pcm card found!
04-23 18:42:36.547 2034 2307 E audio_hw_primary: no pcm card found!
04-23 18:42:36.558 2034 2307 E audio_hw_primary: no pcm card found!
04-23 18:42:36.570 2034 2307 E audio_hw_primary: no pcm card found!
04-23 18:42:36.581 2034 2307 E audio_hw_primary: no pcm card found!
04-23 18:42:36.593 2034 2307 E audio_hw_primary: no pcm card found!
04-23 18:42:36.604 2034 2307 E audio_hw_primary: no pcm card found!
04-23 18:42:36.616 2034 2307 E audio_hw_primary: no pcm card found!
04-23 18:42:36.627 2034 2307 E audio_hw_primary: no pcm card found!
04-23 18:42:36.638 2034 2307 E audio_hw_primary: no pcm card found!
04-23 18:42:36.650 2034 2307 E audio_hw_primary: no pcm card found!
04-23 18:42:36.661 2034 2307 E audio_hw_primary: no pcm card found!
04-23 18:42:36.673 2034 2307 E audio_hw_primary: no pcm card found!
04-23 18:42:36.684 2034 2307 E audio_hw_primary: no pcm card found!
04-23 18:42:36.695 2034 2307 E audio_hw_primary: no pcm card found!
04-23 18:42:36.707 2034 2307 E audio_hw_primary: no pcm card found!
04-23 18:42:36.718 2034 2307 E audio_hw_primary: no pcm card found!
04-23 18:42:36.730 2034 2307 E audio_hw_primary: no pcm card found!
04-23 18:42:36.741 2034 2307 E audio_hw_primary: no pcm card found!
04-23 18:42:36.752 2034 2307 E audio_hw_primary: no pcm card found!
04-23 18:42:36.764 2034 2307 E audio_hw_primary: no pcm card found!
04-23 18:42:36.775 2034 2307 E audio_hw_primary: no pcm card found!
04-23 18:42:36.786 2034 2307 E audio_hw_primary: no pcm card found!
04-23 18:42:36.798 2034 2307 E audio_hw_primary: no pcm card found!
04-23 18:42:36.809 2034 2307 E audio_hw_primary: no pcm card found!
04-23 18:42:36.820 2034 2307 E audio_hw_primary: no pcm card found!
04-23 18:42:36.832 2034 2307 E audio_hw_primary: no pcm card found!
04-23 18:42:36.843 2034 2307 E audio_hw_primary: no pcm card found!
04-23 18:42:36.854 2034 2307 E audio_hw_primary: no pcm card found!
04-23 18:42:36.866 2034 2307 E audio_hw_primary: no pcm card found!
04-23 18:42:36.877 2034 2307 E audio_hw_primary: no pcm card found!
04-23 18:42:36.889 2034 2307 E audio_hw_primary: no pcm card found!
04-23 18:42:36.900 2034 2307 E audio_hw_primary: no pcm card found!
04-23 18:42:36.911 2034 2307 E audio_hw_primary: no pcm card found!
04-23 18:42:36.923 2034 2307 E audio_hw_primary: no pcm card found!
04-23 18:42:36.934 2034 2307 E audio_hw_primary: no pcm card found!
04-23 18:42:36.945 2034 2307 E audio_hw_primary: no pcm card found!
04-23 18:42:36.957 2034 2307 E audio_hw_primary: no pcm card found!
04-23 18:42:36.968 2034 2307 E audio_hw_primary: no pcm card found!
04-23 18:42:36.980 2034 2307 E audio_hw_primary: no pcm card found!
04-23 18:42:36.991 2034 2307 E audio_hw_primary: no pcm card found!
04-23 18:42:37.002 2034 2307 E audio_hw_primary: no pcm card found!
04-23 18:42:37.014 2034 2307 E audio_hw_primary: no pcm card found!
04-23 18:42:37.025 2034 2307 E audio_hw_primary: no pcm card found!
04-23 18:42:37.037 2034 2307 E audio_hw_primary: no pcm card found!
04-23 18:42:37.048 2034 2307 E audio_hw_primary: no pcm card found!
04-23 18:42:37.059 2034 2307 E audio_hw_primary: no pcm card found!
04-23 18:42:37.071 2034 2307 E audio_hw_primary: no pcm card found!
04-23 18:42:37.082 2034 2307 E audio_hw_primary: no pcm card found!
04-23 18:42:37.093 2034 2307 E audio_hw_primary: no pcm card found!
04-23 18:42:37.104 2034 2307 E audio_hw_primary: no pcm card found!
04-23 18:42:37.115 2034 2307 E audio_hw_primary: no pcm card found!
04-23 18:42:37.126 2034 2307 E audio_hw_primary: no pcm card found!
04-23 18:42:37.137 2034 2307 E audio_hw_primary: no pcm card found!
04-23 18:42:37.148 2034 2307 E audio_hw_primary: no pcm card found!
04-23 18:42:37.159 2034 2307 E audio_hw_primary: no pcm card found!
04-23 18:42:37.170 2034 2307 E audio_hw_primary: no pcm card found!
04-23 18:42:37.181 2034 2307 E audio_hw_primary: no pcm card found!
04-23 18:42:37.192 2034 2307 E audio_hw_primary: no pcm card found!
04-23 18:42:37.203 2034 2307 E audio_hw_primary: no pcm card found!
04-23 18:42:37.215 2034 2307 E audio_hw_primary: no pcm card found!
04-23 18:42:37.226 2034 2307 E audio_hw_primary: no pcm card found!
04-23 18:42:37.238 2034 2307 E audio_hw_primary: no pcm card found!
04-23 18:42:37.249 2034 2307 E audio_hw_primary: no pcm card found!
04-23 18:42:37.260 2034 2307 E audio_hw_primary: no pcm card found!
04-23 18:42:37.272 2034 2307 E audio_hw_primary: no pcm card found!
04-23 18:42:37.283 2034 2307 E audio_hw_primary: no pcm card found!
04-23 18:42:37.294 2034 2307 E audio_hw_primary: no pcm card found!
04-23 18:42:37.306 2034 2307 E audio_hw_primary: no pcm card found!
04-23 18:42:37.317 2034 2307 E audio_hw_primary: no pcm card found!
04-23 18:42:37.328 2034 2307 E audio_hw_primary: no pcm card found!
04-23 18:42:37.340 2034 2307 E audio_hw_primary: no pcm card found!
04-23 18:42:37.351 2034 2307 E audio_hw_primary: no pcm card found!
04-23 18:42:37.363 2034 2307 E audio_hw_primary: no pcm card found!
04-23 18:42:37.374 2034 2307 E audio_hw_primary: no pcm card found!
04-23 18:42:37.385 2034 2307 E audio_hw_primary: no pcm card found!
04-23 18:42:37.397 2034 2307 E audio_hw_primary: no pcm card found!
04-23 18:42:37.408 2034 2307 E audio_hw_primary: no pcm card found!
04-23 18:42:37.420 2034 2307 E audio_hw_primary: no pcm card found!
04-23 18:42:37.431 2034 2307 E audio_hw_primary: no pcm card found!
04-23 18:42:37.442 2034 2307 E audio_hw_primary: no pcm card found!
04-23 18:42:37.454 2034 2307 E audio_hw_primary: no pcm card found!
04-23 18:42:37.465 2034 2307 E audio_hw_primary: no pcm card found!
04-23 18:42:37.477 2034 2307 E audio_hw_primary: no pcm card found!
04-23 18:42:37.488 2034 2307 E audio_hw_primary: no pcm card found!
04-23 18:42:37.500 2034 2307 E audio_hw_primary: no pcm card found!
04-23 18:42:37.511 2034 2307 E audio_hw_primary: no pcm card found!
04-23 18:42:37.522 2034 2307 E audio_hw_primary: no pcm card found!
04-23 18:42:37.534 2034 2307 E audio_hw_primary: no pcm card found!
04-23 18:42:37.545 2034 2307 E audio_hw_primary: no pcm card found!
04-23 18:42:37.557 2034 2307 E audio_hw_primary: no pcm card found!
04-23 18:42:37.568 2034 2307 E audio_hw_primary: no pcm card found!
04-23 18:42:37.579 2034 2307 E audio_hw_primary: no pcm card found!
04-23 18:42:37.591 2034 2307 E audio_hw_primary: no pcm card found!
04-23 18:42:37.602 2034 2307 E audio_hw_primary: no pcm card found!
04-23 18:42:37.613 2034 2307 E audio_hw_primary: no pcm card found!
04-23 18:42:37.625 2034 2307 E audio_hw_primary: no pcm card found!
04-23 18:42:37.636 2034 2307 E audio_hw_primary: no pcm card found!
04-23 18:42:37.648 2034 2307 E audio_hw_primary: no pcm card found!
04-23 18:42:37.659 2034 2307 E audio_hw_primary: no pcm card found!
04-23 18:42:37.670 2034 2307 E audio_hw_primary: no pcm card found!
04-23 18:42:37.682 2034 2307 E audio_hw_primary: no pcm card found!
04-23 18:42:37.693 2034 2307 E audio_hw_primary: no pcm card found!
04-23 18:42:37.705 2034 2307 E audio_hw_primary: no pcm card found!
04-23 18:42:37.716 2034 2307 E audio_hw_primary: no pcm card found!
04-23 18:42:37.727 2034 2307 E audio_hw_primary: no pcm card found!
04-23 18:42:37.739 2034 2307 E audio_hw_primary: no pcm card found!
04-23 18:42:37.750 2034 2307 E audio_hw_primary: no pcm card found!
04-23 18:42:37.761 2034 2307 E audio_hw_primary: no pcm card found!
04-23 18:42:37.773 2034 2307 E audio_hw_primary: no pcm card found!
04-23 18:42:37.784 2034 2307 E audio_hw_primary: no pcm card found!
04-23 18:42:37.795 2034 2307 E audio_hw_primary: no pcm card found!
04-23 18:42:37.806 2034 2307 E audio_hw_primary: no pcm card found!
04-23 18:42:37.817 2034 2307 E audio_hw_primary: no pcm card found!
04-23 18:42:37.828 2034 2307 E audio_hw_primary: no pcm card found!
04-23 18:42:37.839 2034 2307 E audio_hw_primary: no pcm card found!
04-23 18:42:37.850 2034 2307 E audio_hw_primary: no pcm card found!
04-23 18:42:37.861 2034 2307 E audio_hw_primary: no pcm card found!
04-23 18:42:37.872 2034 2307 E audio_hw_primary: no pcm card found!
04-23 18:42:37.883 2034 2307 E audio_hw_primary: no pcm card found!
04-23 18:42:37.895 2034 2307 E audio_hw_primary: no pcm card found!
04-23 18:42:37.906 2034 2307 E audio_hw_primary: no pcm card found!
04-23 18:42:37.918 2034 2307 E audio_hw_primary: no pcm card found!
04-23 18:42:37.929 2034 2307 E audio_hw_primary: no pcm card found!
04-23 18:42:37.940 2034 2307 E audio_hw_primary: no pcm card found!
04-23 18:42:37.952 2034 2307 E audio_hw_primary: no pcm card found!
04-23 18:42:37.963 2034 2307 E audio_hw_primary: no pcm card found!
04-23 18:42:37.975 2034 2307 E audio_hw_primary: no pcm card found!
04-23 18:42:37.986 2034 2307 E audio_hw_primary: no pcm card found!
04-23 18:42:37.997 2034 2307 E audio_hw_primary: no pcm card found!
04-23 18:42:38.009 2034 2307 E audio_hw_primary: no pcm card found!
04-23 18:42:38.020 2034 2307 E audio_hw_primary: no pcm card found!
04-23 18:42:38.031 2034 2307 E audio_hw_primary: no pcm card found!
04-23 18:42:38.043 2034 2307 E audio_hw_primary: no pcm card found!
04-23 18:42:38.054 2034 2307 E audio_hw_primary: no pcm card found!
04-23 18:42:38.065 2034 2307 E audio_hw_primary: no pcm card found!
04-23 18:42:38.077 2034 2307 E audio_hw_primary: no pcm card found!
04-23 18:42:38.088 2034 2307 E audio_hw_primary: no pcm card found!
04-23 18:42:38.100 2034 2307 E audio_hw_primary: no pcm card found!
04-23 18:42:38.111 2034 2307 E audio_hw_primary: no pcm card found!
04-23 18:42:38.122 2034 2307 E audio_hw_primary: no pcm card found!
