04-23 19:07:53.939 2034 2307 E audio_hw_primary: no pcm card found!
04-23 19:07:53.951 2034 2307 E audio_hw_primary: no pcm card found!
04-23 19:07:53.962 2034 2307 E audio_hw_primary: no pcm card found!
04-23 19:07:53.973 2034 2307 E audio_hw_primary: no pcm card found!
04-23 19:07:53.985 2034 2307 E audio_hw_primary: no pcm card found!
04-23 19:07:53.996 2034 2307 E audio_hw_primary: no pcm card found!
04-23 19:07:54.007 2034 2307 E audio_hw_primary: no pcm card found!
04-23 19:07:54.019 2034 2307 E audio_hw_primary: no pcm card found!
04-23 19:07:54.030 2034 2307 E audio_hw_primary: no pcm card found!
04-23 19:07:54.042 2034 2307 E audio_hw_primary: no pcm card found!
04-23 19:07:54.053 2034 2307 E audio_hw_primary: no pcm card found!
04-23 19:07:54.064 2034 2307 E audio_hw_primary: no pcm card found!
04-23 19:07:54.076 2034 2307 E audio_hw_primary: no pcm card found!
04-23 19:07:54.087 2034 2307 E audio_hw_primary: no pcm card found!
04-23 19:07:54.098 2034 2307 E audio_hw_primary: no pcm card found!
04-23 19:07:54.110 2034 2307 E audio_hw_primary: no pcm card found!
04-23 19:07:54.121 2034 2307 E audio_hw_primary: no pcm card found!
04-23 19:07:54.132 2034 2307 E audio_hw_primary: no pcm card found!
04-23 19:07:54.144 2034 2307 E audio_hw_primary: no pcm card found!
04-23 19:07:54.155 2034 2307 E audio_hw_primary: no pcm card found!
04-23 19:07:54.166 2034 2307 E audio_hw_primary: no pcm card found!
04-23 19:07:54.177 2034 2307 E audio_hw_primary: no pcm card found!
04-23 19:07:54.188 2034 2307 E audio_hw_primary: no pcm card found!
04-23 19:07:54.199 2034 2307 E audio_hw_primary: no pcm card found!
04-23 19:07:54.210 2034 2307 E audio_hw_primary: no pcm card found!
04-23 19:07:54.221 2034 2307 E audio_hw_primary: no pcm card found!
04-23 19:07:54.232 2034 2307 E audio_hw_primary: no pcm card found!
04-23 19:07:54.243 2034 2307 E audio_hw_primary: no pcm card found!
04-23 19:07:54.254 2034 2307 E audio_hw_primary: no pcm card found!
04-23 19:07:54.265 2034 2307 E audio_hw_primary: no pcm card found!
04-23 19:07:54.276 2034 2307 E audio_hw_primary: no pcm card found!
04-23 19:07:54.287 2034 2307 E audio_hw_primary: no pcm card found!
04-23 19:07:54.298 2034 2307 E audio_hw_primary: no pcm card found!
04-23 19:07:54.309 2034 2307 E audio_hw_primary: no pcm card found!
04-23 19:07:54.320 2034 2307 E audio_hw_primary: no pcm card found!
04-23 19:07:54.331 2034 2307 E audio_hw_primary: no pcm card found!
04-23 19:07:54.332 2693 3102 W OpenGLRenderer: Failed to wait for the fence 0x300c
04-23 19:07:54.342 2034 2307 E audio_hw_primary: no pcm card found!
04-23 19:07:54.353 2034 2307 E audio_hw_primary: no pcm card found!
04-23 19:07:54.364 2034 2307 E audio_hw_primary: no pcm card found!
04-23 19:07:54.375 2034 2307 E audio_hw_primary: no pcm card found!
04-23 19:07:54.386 2034 2307 E audio_hw_primary: no pcm card found!
04-23 19:07:54.397 2034 2307 E audio_hw_primary: no pcm card found!
04-23 19:07:54.408 2034 2307 E audio_hw_primary: no pcm card found!
04-23 19:07:54.419 2034 2307 E audio_hw_primary: no pcm card found!
04-23 19:07:54.430 2034 2307 E audio_hw_primary: no pcm card found!
04-23 19:07:54.441 2034 2307 E audio_hw_primary: no pcm card found!
04-23 19:07:54.452 2034 2307 E audio_hw_primary: no pcm card found!
04-23 19:07:54.463 2034 2307 E audio_hw_primary: no pcm card found!
04-23 19:07:54.474 2034 2307 E audio_hw_primary: no pcm card found!
04-23 19:07:54.485 2034 2307 E audio_hw_primary: no pcm card found!
04-23 19:07:54.496 2034 2307 E audio_hw_primary: no pcm card found!
04-23 19:07:54.507 2034 2307 E audio_hw_primary: no pcm card found!
04-23 19:07:54.518 2034 2307 E audio_hw_primary: no pcm card found!
04-23 19:07:54.529 2034 2307 E audio_hw_primary: no pcm card found!
04-23 19:07:54.540 2034 2307 E audio_hw_primary: no pcm card found!
04-23 19:07:54.551 2034 2307 E audio_hw_primary: no pcm card found!
04-23 19:07:54.562 2034 2307 E audio_hw_primary: no pcm card found!
04-23 19:07:54.573 2034 2307 E audio_hw_primary: no pcm card found!
04-23 19:07:54.584 2034 2307 E audio_hw_primary: no pcm card found!
04-23 19:07:54.595 2034 2307 E audio_hw_primary: no pcm card found!
04-23 19:07:54.606 2034 2307 E audio_hw_primary: no pcm card found!
04-23 19:07:54.617 2034 2307 E audio_hw_primary: no pcm card found!
04-23 19:07:54.628 2034 2307 E audio_hw_primary: no pcm card found!
04-23 19:07:54.639 2034 2307 E audio_hw_primary: no pcm card found!
04-23 19:07:54.651 2034 2307 E audio_hw_primary: no pcm card found!
04-23 19:07:54.662 2034 2307 E audio_hw_primary: no pcm card found!
04-23 19:07:54.673 2034 2307 E audio_hw_primary: no pcm card found!
04-23 19:07:54.684 2034 2307 E audio_hw_primary: no pcm card found!
04-23 19:07:54.695 2034 2307 E audio_hw_primary: no pcm card found!
04-23 19:07:54.706 2034 2307 E audio_hw_primary: no pcm card found!
04-23 19:07:57.020 2325 2351 D SettingsProvider: User 0 external modification to /data/data/com.android.providers.settings/databases/settings.db; event=2
04-23 19:07:57.020 2325 2351 D SettingsProvider: User 0 updating our caches for /data/data/com.android.providers.settings/databases/settings.db
04-23 19:07:57.021 2325 4574 W BackupManagerService: dataChanged but no participant pkg='com.android.providers.settings' uid=10013
04-23 19:07:57.037 2693 3102 W OpenGLRenderer: Failed to wait for the fence 0x300c
04-23 19:07:58.991 2325 2515 W AudioTrack: AUDIO_OUTPUT_FLAG_FAST denied by client
04-23 19:07:58.991 2325 4623 I ActivityManager: START u0 {act=android.settings.SETTINGS flg=0x14000000 cmp=com.android.settings/.Settings} from uid 10013 on display 0
04-23 19:07:58.992 2325 4623 V WindowManager: addAppToken: AppWindowToken{3e8a7465 token=Token{4ed495c ActivityRecord{be90bcf u0 com.android.settings/.Settings t9}}} to stack=1 task=9 at 0
04-23 19:07:59.008 2325 2355 V WindowManager: Adding window Window{1b0767f4 u0 Starting com.android.settings} at 3 of 8 (after Window{15d61d70 u0 com.cyanogenmod.trebuchet/com.android.launcher3.Launcher})
04-23 19:07:59.019 2034 2307 E audio_hw_primary: no pcm card found!
04-23 19:07:59.030 2034 2307 E audio_hw_primary: no pcm card found!
04-23 19:07:59.041 2034 2307 E audio_hw_primary: no pcm card found!
04-23 19:07:59.052 2034 2307 E audio_hw_primary: no pcm card found!
04-23 19:07:59.063 2034 2307 E audio_hw_primary: no pcm card found!
04-23 19:07:59.074 2034 2307 E audio_hw_primary: no pcm card found!
04-23 19:07:59.085 2034 2307 E audio_hw_primary: no pcm card found!
04-23 19:07:59.086 3819 4688 I IndexDatabaseHelper: Using schema version: 115
04-23 19:07:59.087 3819 4688 I IndexDatabaseHelper: Index is fine
04-23 19:07:59.091 3819 4688 D Index : Locale 'en_US' is already indexed
04-23 19:07:59.096 2034 2307 E audio_hw_primary: no pcm card found!
04-23 19:07:59.107 2034 2307 E audio_hw_primary: no pcm card found!
04-23 19:07:59.109 2325 3791 V WindowManager: Adding window Window{f316a78 u0 com.android.settings/com.android.settings.Settings} at 3 of 9 (before Window{1b0767f4 u0 Starting com.android.settings})
04-23 19:07:59.118 2034 2307 E audio_hw_primary: no pcm card found!
04-23 19:07:59.129 2034 2307 E audio_hw_primary: no pcm card found!
04-23 19:07:59.140 2034 2307 E audio_hw_primary: no pcm card found!
04-23 19:07:59.151 2034 2307 E audio_hw_primary: no pcm card found!
04-23 19:07:59.162 2034 2307 E audio_hw_primary: no pcm card found!
04-23 19:07:59.173 2034 2307 E audio_hw_primary: no pcm card found!
04-23 19:07:59.184 2034 2307 E audio_hw_primary: no pcm card found!
04-23 19:07:59.195 2034 2307 E audio_hw_primary: no pcm card found!
04-23 19:07:59.203 3819 3819 D DashboardSummary: rebuildUI took: 91 ms
04-23 19:07:59.206 2034 2307 E audio_hw_primary: no pcm card found!
04-23 19:07:59.216 2034 2307 E audio_hw_primary: no pcm card found!
04-23 19:07:59.227 2034 2307 E audio_hw_primary: no pcm card found!
04-23 19:07:59.238 2034 2307 E audio_hw_primary: no pcm card found!
04-23 19:07:59.249 2034 2307 E audio_hw_primary: no pcm card found!
04-23 19:07:59.260 2034 2307 E audio_hw_primary: no pcm card found!
04-23 19:07:59.271 2034 2307 E audio_hw_primary: no pcm card found!
04-23 19:07:59.282 2034 2307 E audio_hw_primary: no pcm card found!
04-23 19:07:59.293 2034 2307 E audio_hw_primary: no pcm card found!
04-23 19:07:59.304 2034 2307 E audio_hw_primary: no pcm card found!
04-23 19:07:59.315 2034 2307 E audio_hw_primary: no pcm card found!
04-23 19:07:59.326 2034 2307 E audio_hw_primary: no pcm card found!
04-23 19:07:59.337 2034 2307 E audio_hw_primary: no pcm card found!
04-23 19:07:59.339 2325 2355 I ActivityManager: Displayed com.android.settings/.Settings: +343ms
04-23 19:07:59.348 2034 2307 E audio_hw_primary: no pcm card found!
04-23 19:07:59.359 2034 2307 E audio_hw_primary: no pcm card found!
04-23 19:07:59.370 2034 2307 E audio_hw_primary: no pcm card found!
04-23 19:07:59.381 2034 2307 E audio_hw_primary: no pcm card found!
04-23 19:07:59.392 2034 2307 E audio_hw_primary: no pcm card found!
04-23 19:07:59.403 2034 2307 E audio_hw_primary: no pcm card found!
04-23 19:07:59.414 2034 2307 E audio_hw_primary: no pcm card found!
04-23 19:07:59.425 2034 2307 E audio_hw_primary: no pcm card found!
04-23 19:07:59.437 2034 2307 E audio_hw_primary: no pcm card found!
04-23 19:07:59.448 2034 2307 E audio_hw_primary: no pcm card found!
04-23 19:07:59.460 2034 2307 E audio_hw_primary: no pcm card found!
04-23 19:07:59.471 2034 2307 E audio_hw_primary: no pcm card found!
04-23 19:07:59.482 2034 2307 E audio_hw_primary: no pcm card found!
04-23 19:07:59.493 2034 2307 E audio_hw_primary: no pcm card found!
04-23 19:07:59.504 2034 2307 E audio_hw_primary: no pcm card found!
04-23 19:07:59.516 2034 2307 E audio_hw_primary: no pcm card found!
04-23 19:07:59.527 2034 2307 E audio_hw_primary: no pcm card found!
04-23 19:07:59.538 2034 2307 E audio_hw_primary: no pcm card found!
04-23 19:07:59.540 2693 2693 D PhoneStatusBar: disable: < expand icons* alerts system_info* back home recent clock search
> 04-23 19:07:59.549 2034 2307 E audio_hw_primary: no pcm card found!
04-23 19:07:59.560 2034 2307 E audio_hw_primary: no pcm card found!
04-23 19:07:59.571 2034 2307 E audio_hw_primary: no pcm card found!
04-23 19:07:59.582 2034 2307 E audio_hw_primary: no pcm card found!
04-23 19:07:59.594 2034 2307 E audio_hw_primary: no pcm card found!
04-23 19:07:59.605 2034 2307 E audio_hw_primary: no pcm card found!
04-23 19:07:59.616 2034 2307 E audio_hw_primary: no pcm card found!
04-23 19:07:59.627 2034 2307 E audio_hw_primary: no pcm card found!
04-23 19:07:59.638 2034 2307 E audio_hw_primary: no pcm card found!
04-23 19:07:59.650 2034 2307 E audio_hw_primary: no pcm card found!
04-23 19:07:59.661 2034 2307 E audio_hw_primary: no pcm card found!
04-23 19:07:59.672 2034 2307 E audio_hw_primary: no pcm card found!
04-23 19:07:59.683 2034 2307 E audio_hw_primary: no pcm card found!
04-23 19:07:59.694 2034 2307 E audio_hw_primary: no pcm card found!
04-23 19:07:59.705 2034 2307 E audio_hw_primary: no pcm card found!
04-23 19:07:59.716 2034 2307 E audio_hw_primary: no pcm card found!
04-23 19:07:59.727 2034 2307 E audio_hw_primary: no pcm card found!
04-23 19:07:59.738 2034 2307 E audio_hw_primary: no pcm card found!
04-23 19:07:59.750 2034 2307 E audio_hw_primary: no pcm card found!
04-23 19:07:59.761 2034 2307 E audio_hw_primary: no pcm card found!
04-23 19:07:59.772 2034 2307 E audio_hw_primary: no pcm card found!
04-23 19:07:59.783 2034 2307 E audio_hw_primary: no pcm card found!
04-23 19:07:59.794 2034 2307 E audio_hw_primary: no pcm card found!
04-23 19:07:59.805 2034 2307 E audio_hw_primary: no pcm card found!
04-23 19:07:59.817 2034 2307 E audio_hw_primary: no pcm card found!
04-23 19:07:59.828 2034 2307 E audio_hw_primary: no pcm card found!
04-23 19:07:59.839 2034 2307 E audio_hw_primary: no pcm card found!
04-23 19:07:59.850 2034 2307 E audio_hw_primary: no pcm card found!
04-23 19:07:59.861 2034 2307 E audio_hw_primary: no pcm card found!
04-23 19:07:59.872 2034 2307 E audio_hw_primary: no pcm card found!
04-23 19:07:59.883 2034 2307 E audio_hw_primary: no pcm card found!
04-23 19:07:59.895 2034 2307 E audio_hw_primary: no pcm card found!
04-23 19:07:59.906 2034 2307 E audio_hw_primary: no pcm card found!
04-23 19:07:59.917 2034 2307 E audio_hw_primary: no pcm card found!
04-23 19:07:59.928 2034 2307 E audio_hw_primary: no pcm card found!
04-23 19:07:59.939 2034 2307 E audio_hw_primary: no pcm card found!
04-23 19:07:59.951 2034 2307 E audio_hw_primary: no pcm card found!
04-23 19:07:59.962 2034 2307 E audio_hw_primary: no pcm card found!
04-23 19:07:59.973 2034 2307 E audio_hw_primary: no pcm card found!
04-23 19:07:59.984 2034 2307 E audio_hw_primary: no pcm card found!
04-23 19:07:59.995 2034 2307 E audio_hw_primary: no pcm card found!
04-23 19:08:00.006 2034 2307 E audio_hw_primary: no pcm card found!
04-23 19:08:00.017 2034 2307 E audio_hw_primary: no pcm card found!
04-23 19:08:00.028 2034 2307 E audio_hw_primary: no pcm card found!
04-23 19:08:00.040 2034 2307 E audio_hw_primary: no pcm card found!
04-23 19:08:00.051 2034 2307 E audio_hw_primary: no pcm card found!
04-23 19:08:00.062 2034 2307 E audio_hw_primary: no pcm card found!
04-23 19:08:00.073 2034 2307 E audio_hw_primary: no pcm card found!
04-23 19:08:00.085 2034 2307 E audio_hw_primary: no pcm card found!
04-23 19:08:00.096 2034 2307 E audio_hw_primary: no pcm card found!
04-23 19:08:00.107 2034 2307 E audio_hw_primary: no pcm card found!
04-23 19:08:00.119 2034 2307 E audio_hw_primary: no pcm card found!
04-23 19:08:00.130 2034 2307 E audio_hw_primary: no pcm card found!
04-23 19:08:00.141 2034 2307 E audio_hw_primary: no pcm card found!
04-23 19:08:00.153 2034 2307 E audio_hw_primary: no pcm card found!
04-23 19:08:00.164 2034 2307 E audio_hw_primary: no pcm card found!
04-23 19:08:00.176 2034 2307 E audio_hw_primary: no pcm card found!
04-23 19:08:00.187 2034 2307 E audio_hw_primary: no pcm card found!
04-23 19:08:00.198 2034 2307 E audio_hw_primary: no pcm card found!
04-23 19:08:00.210 2034 2307 E audio_hw_primary: no pcm card found!
04-23 19:08:00.221 2034 2307 E audio_hw_primary: no pcm card found!
04-23 19:08:00.233 2034 2307 E audio_hw_primary: no pcm card found!
04-23 19:08:00.244 2034 2307 E audio_hw_primary: no pcm card found!
04-23 19:08:00.255 2034 2307 E audio_hw_primary: no pcm card found!
04-23 19:08:00.267 2034 2307 E audio_hw_primary: no pcm card found!
04-23 19:08:00.278 2034 2307 E audio_hw_primary: no pcm card found!
04-23 19:08:00.289 2034 2307 E audio_hw_primary: no pcm card found!
04-23 19:08:00.301 2034 2307 E audio_hw_primary: no pcm card found!
04-23 19:08:00.312 2034 2307 E audio_hw_primary: no pcm card found!
04-23 19:08:00.323 2034 2307 E audio_hw_primary: no pcm card found!
04-23 19:08:00.335 2034 2307 E audio_hw_primary: no pcm card found!
04-23 19:08:00.346 2034 2307 E audio_hw_primary: no pcm card found!
04-23 19:08:00.357 2034 2307 E audio_hw_primary: no pcm card found!
04-23 19:08:00.369 2034 2307 E audio_hw_primary: no pcm card found!
04-23 19:08:00.380 2034 2307 E audio_hw_primary: no pcm card found!
04-23 19:08:00.392 2034 2307 E audio_hw_primary: no pcm card found!
04-23 19:08:00.403 2034 2307 E audio_hw_primary: no pcm card found!
04-23 19:08:00.414 2034 2307 E audio_hw_primary: no pcm card found!
04-23 19:08:00.426 2034 2307 E audio_hw_primary: no pcm card found!
04-23 19:08:00.437 2034 2307 E audio_hw_primary: no pcm card found!
04-23 19:08:00.448 2034 2307 E audio_hw_primary: no pcm card found!
04-23 19:08:00.460 2034 2307 E audio_hw_primary: no pcm card found!
04-23 19:08:00.471 2034 2307 E audio_hw_primary: no pcm card found!
04-23 19:08:00.482 2034 2307 E audio_hw_primary: no pcm card found!
04-23 19:08:00.494 2034 2307 E audio_hw_primary: no pcm card found!
04-23 19:08:00.505 2034 2307 E audio_hw_primary: no pcm card found!
04-23 19:08:00.516 2034 2307 E audio_hw_primary: no pcm card found!
04-23 19:08:00.527 2034 2307 E audio_hw_primary: no pcm card found!
04-23 19:08:00.538 2034 2307 E audio_hw_primary: no pcm card found!
04-23 19:08:00.550 2034 2307 E audio_hw_primary: no pcm card found!
04-23 19:08:00.561 2034 2307 E audio_hw_primary: no pcm card found!
04-23 19:08:00.572 2034 2307 E audio_hw_primary: no pcm card found!
04-23 19:08:00.583 2034 2307 E audio_hw_primary: no pcm card found!
04-23 19:08:00.594 2034 2307 E audio_hw_primary: no pcm card found!
04-23 19:08:00.606 2034 2307 E audio_hw_primary: no pcm card found!
04-23 19:08:00.617 2034 2307 E audio_hw_primary: no pcm card found!
04-23 19:08:00.628 2034 2307 E audio_hw_primary: no pcm card found!
04-23 19:08:00.639 2034 2307 E audio_hw_primary: no pcm card found!
04-23 19:08:00.651 2034 2307 E audio_hw_primary: no pcm card found!
04-23 19:08:00.662 2034 2307 E audio_hw_primary: no pcm card found!
04-23 19:08:00.673 2034 2307 E audio_hw_primary: no pcm card found!
04-23 19:08:00.684 2034 2307 E audio_hw_primary: no pcm card found!
04-23 19:08:00.695 2034 2307 E audio_hw_primary: no pcm card found!
04-23 19:08:00.706 2034 2307 E audio_hw_primary: no pcm card found!
04-23 19:08:00.718 2034 2307 E audio_hw_primary: no pcm card found!
04-23 19:08:00.729 2034 2307 E audio_hw_primary: no pcm card found!
04-23 19:08:00.740 2034 2307 E audio_hw_primary: no pcm card found!
04-23 19:08:00.752 2034 2307 E audio_hw_primary: no pcm card found!
04-23 19:08:00.763 2034 2307 E audio_hw_primary: no pcm card found!
04-23 19:08:00.774 2034 2307 E audio_hw_primary: no pcm card found!
04-23 19:08:00.786 2034 2307 E audio_hw_primary: no pcm card found!
04-23 19:08:00.797 2034 2307 E audio_hw_primary: no pcm card found!
04-23 19:08:00.808 2034 2307 E audio_hw_primary: no pcm card found!
04-23 19:08:00.820 2034 2307 E audio_hw_primary: no pcm card found!
04-23 19:08:00.831 2034 2307 E audio_hw_primary: no pcm card found!
04-23 19:08:00.842 2034 2307 E audio_hw_primary: no pcm card found!
04-23 19:08:00.854 2034 2307 E audio_hw_primary: no pcm card found!
04-23 19:08:00.865 2034 2307 E audio_hw_primary: no pcm card found!
04-23 19:08:00.876 2034 2307 E audio_hw_primary: no pcm card found!
04-23 19:08:00.888 2034 2307 E audio_hw_primary: no pcm card found!
04-23 19:08:00.899 2034 2307 E audio_hw_primary: no pcm card found!
04-23 19:08:00.910 2034 2307 E audio_hw_primary: no pcm card found!
04-23 19:08:00.921 2034 2307 E audio_hw_primary: no pcm card found!
04-23 19:08:00.932 2034 2307 E audio_hw_primary: no pcm card found!
04-23 19:08:00.944 2034 2307 E audio_hw_primary: no pcm card found!
04-23 19:08:00.955 2034 2307 E audio_hw_primary: no pcm card found!
04-23 19:08:00.966 2034 2307 E audio_hw_primary: no pcm card found!
04-23 19:08:00.977 2034 2307 E audio_hw_primary: no pcm card found!
04-23 19:08:00.988 2034 2307 E audio_hw_primary: no pcm card found!
04-23 19:08:00.999 2034 2307 E audio_hw_primary: no pcm card found!
04-23 19:08:01.010 2034 2307 E audio_hw_primary: no pcm card found!
04-23 19:08:01.021 2034 2307 E audio_hw_primary: no pcm card found!
04-23 19:08:01.032 2034 2307 E audio_hw_primary: no pcm card found!
04-23 19:08:01.043 2034 2307 E audio_hw_primary: no pcm card found!
04-23 19:08:01.054 2034 2307 E audio_hw_primary: no pcm card found!
04-23 19:08:01.065 2034 2307 E audio_hw_primary: no pcm card found!
04-23 19:08:01.077 2034 2307 E audio_hw_primary: no pcm card found!
04-23 19:08:01.088 2034 2307 E audio_hw_primary: no pcm card found!
04-23 19:08:01.099 2034 2307 E audio_hw_primary: no pcm card found!
04-23 19:08:01.111 2034 2307 E audio_hw_primary: no pcm card found!
04-23 19:08:01.122 2034 2307 E audio_hw_primary: no pcm card found!
04-23 19:08:01.134 2034 2307 E audio_hw_primary: no pcm card found!
04-23 19:08:01.145 2034 2307 E audio_hw_primary: no pcm card found!
04-23 19:08:01.156 2034 2307 E audio_hw_primary: no pcm card found!
04-23 19:08:01.167 2034 2307 E audio_hw_primary: no pcm card found!
04-23 19:08:01.179 2034 2307 E audio_hw_primary: no pcm card found!
04-23 19:08:01.190 2034 2307 E audio_hw_primary: no pcm card found!
04-23 19:08:01.201 2034 2307 E audio_hw_primary: no pcm card found!
04-23 19:08:01.212 2034 2307 E audio_hw_primary: no pcm card found!
04-23 19:08:01.224 2034 2307 E audio_hw_primary: no pcm card found!
04-23 19:08:01.235 2034 2307 E audio_hw_primary: no pcm card found!
04-23 19:08:01.246 2034 2307 E audio_hw_primary: no pcm card found!
04-23 19:08:01.257 2034 2307 E audio_hw_primary: no pcm card found!
04-23 19:08:01.268 2034 2307 E audio_hw_primary: no pcm card found!
04-23 19:08:01.280 2034 2307 E audio_hw_primary: no pcm card found!
04-23 19:08:01.291 2034 2307 E audio_hw_primary: no pcm card found!
04-23 19:08:01.302 2034 2307 E audio_hw_primary: no pcm card found!
04-23 19:08:01.313 2034 2307 E audio_hw_primary: no pcm card found!
04-23 19:08:01.325 2034 2307 E audio_hw_primary: no pcm card found!
04-23 19:08:01.336 2034 2307 E audio_hw_primary: no pcm card found!
04-23 19:08:01.348 2034 2307 E audio_hw_primary: no pcm card found!
04-23 19:08:01.359 2034 2307 E audio_hw_primary: no pcm card found!
04-23 19:08:01.370 2034 2307 E audio_hw_primary: no pcm card found!
04-23 19:08:01.382 2034 2307 E audio_hw_primary: no pcm card found!
04-23 19:08:01.393 2034 2307 E audio_hw_primary: no pcm card found!
04-23 19:08:01.404 2034 2307 E audio_hw_primary: no pcm card found!
04-23 19:08:01.415 2034 2307 E audio_hw_primary: no pcm card found!
04-23 19:08:01.426 2034 2307 E audio_hw_primary: no pcm card found!
04-23 19:08:01.437 2034 2307 E audio_hw_primary: no pcm card found!
04-23 19:08:01.448 2034 2307 E audio_hw_primary: no pcm card found!
04-23 19:08:01.460 2034 2307 E audio_hw_primary: no pcm card found!
04-23 19:08:01.471 2034 2307 E audio_hw_primary: no pcm card found!
04-23 19:08:01.482 2034 2307 E audio_hw_primary: no pcm card found!
04-23 19:08:01.493 2034 2307 E audio_hw_primary: no pcm card found!
04-23 19:08:01.504 2034 2307 E audio_hw_primary: no pcm card found!
04-23 19:08:01.515 2034 2307 E audio_hw_primary: no pcm card found!
04-23 19:08:01.526 2034 2307 E audio_hw_primary: no pcm card found!
04-23 19:08:01.537 2034 2307 E audio_hw_primary: no pcm card found!
04-23 19:08:01.549 2034 2307 E audio_hw_primary: no pcm card found!
04-23 19:08:01.560 2034 2307 E audio_hw_primary: no pcm card found!
04-23 19:08:01.571 2034 2307 E audio_hw_primary: no pcm card found!
04-23 19:08:01.582 2034 2307 E audio_hw_primary: no pcm card found!
04-23 19:08:01.593 2034 2307 E audio_hw_primary: no pcm card found!
04-23 19:08:01.604 2034 2307 E audio_hw_primary: no pcm card found!
04-23 19:08:01.615 2034 2307 E audio_hw_primary: no pcm card found!
04-23 19:08:01.626 2034 2307 E audio_hw_primary: no pcm card found!
04-23 19:08:01.637 2034 2307 E audio_hw_primary: no pcm card found!
04-23 19:08:01.648 2034 2307 E audio_hw_primary: no pcm card found!
04-23 19:08:01.659 2034 2307 E audio_hw_primary: no pcm card found!
04-23 19:08:01.670 2034 2307 E audio_hw_primary: no pcm card found!
04-23 19:08:01.682 2034 2307 E audio_hw_primary: no pcm card found!
04-23 19:08:01.693 2034 2307 E audio_hw_primary: no pcm card found!
04-23 19:08:01.704 2034 2307 E audio_hw_primary: no pcm card found!
04-23 19:08:01.715 2034 2307 E audio_hw_primary: no pcm card found!
04-23 19:08:01.727 2034 2307 E audio_hw_primary: no pcm card found!
04-23 19:08:01.738 2034 2307 E audio_hw_primary: no pcm card found!
04-23 19:08:01.749 2034 2307 E audio_hw_primary: no pcm card found!
04-23 19:08:01.760 2034 2307 E audio_hw_primary: no pcm card found!
04-23 19:08:01.772 2034 2307 E audio_hw_primary: no pcm card found!
04-23 19:08:01.783 2034 2307 E audio_hw_primary: no pcm card found!
04-23 19:08:01.795 2034 2307 E audio_hw_primary: no pcm card found!
04-23 19:08:01.806 2034 2307 E audio_hw_primary: no pcm card found!
04-23 19:08:01.817 2034 2307 E audio_hw_primary: no pcm card found!
04-23 19:08:01.829 2034 2307 E audio_hw_primary: no pcm card found!
04-23 19:08:01.840 2034 2307 E audio_hw_primary: no pcm card found!
04-23 19:08:01.851 2034 2307 E audio_hw_primary: no pcm card found!
04-23 19:08:01.863 2034 2307 E audio_hw_primary: no pcm card found!
04-23 19:08:01.874 2034 2307 E audio_hw_primary: no pcm card found!
04-23 19:08:01.885 2034 2307 E audio_hw_primary: no pcm card found!
04-23 19:08:01.897 2034 2307 E audio_hw_primary: no pcm card found!
04-23 19:08:01.908 2034 2307 E audio_hw_primary: no pcm card found!
04-23 19:08:01.919 2034 2307 E audio_hw_primary: no pcm card found!
04-23 19:08:01.930 2034 2307 E audio_hw_primary: no pcm card found!
04-23 19:08:01.941 2034 2307 E audio_hw_primary: no pcm card found!
04-23 19:08:01.952 2034 2307 E audio_hw_primary: no pcm card found!
04-23 19:08:01.963 2034 2307 E audio_hw_primary: no pcm card found!
04-23 19:08:01.975 2034 2307 E audio_hw_primary: no pcm card found!
04-23 19:08:01.986 2034 2307 E audio_hw_primary: no pcm card found!
04-23 19:08:01.997 2034 2307 E audio_hw_primary: no pcm card found!
04-23 19:08:02.008 2034 2307 E audio_hw_primary: no pcm card found!
04-23 19:08:02.019 2034 2307 E audio_hw_primary: no pcm card found!
04-23 19:08:02.022 2325 2516 I ActivityManager: START u0 {act=android.intent.action.MAIN cmp=com.android.settings/.SubSettings (has extras)} from uid 1000 on display 0
04-23 19:08:02.027 2325 2516 V WindowManager: addAppToken: AppWindowToken{1484818e token=Token{1b4a1d89 ActivityRecord{3fd31090 u0 com.android.settings/.SubSettings t9}}} to stack=1 task=9 at 1
04-23 19:08:02.027 2325 2515 W AudioTrack: AUDIO_OUTPUT_FLAG_FAST denied by client
04-23 19:08:02.030 2034 2307 E audio_hw_primary: no pcm card found!
04-23 19:08:02.041 2034 2307 E audio_hw_primary: no pcm card found!
04-23 19:08:02.054 2034 2307 E audio_hw_primary: no pcm card found!
04-23 19:08:02.076 2034 2307 E audio_hw_primary: no pcm card found!
04-23 19:08:02.086 2034 2307 E audio_hw_primary: no pcm card found!
04-23 19:08:02.090 3819 3819 D SubSettings: Launching fragment com.android.settings.DeviceInfoSettings
04-23 19:08:02.094 3819 3819 E libEGL : call to OpenGL ES API with no current context (logged once per thread)
04-23 19:08:02.097 3819 3819 D DeviceInfoSettings: Property 'ro.url.safetylegal' missing and no 'safetylegal' preference
04-23 19:08:02.097 2034 2307 E audio_hw_primary: no pcm card found!
04-23 19:08:02.108 2034 2307 E audio_hw_primary: no pcm card found!
04-23 19:08:02.119 2034 2307 E audio_hw_primary: no pcm card found!
04-23 19:08:02.131 2034 2307 E audio_hw_primary: no pcm card found!
04-23 19:08:02.138 2325 4574 V WindowManager: Adding window Window{145893a7 u0 com.android.settings/com.android.settings.SubSettings} at 4 of 9 (after Window{f316a78 u0 com.android.settings/com.android.settings.Settings})
04-23 19:08:02.142 2034 2307 E audio_hw_primary: no pcm card found!
04-23 19:08:02.153 2034 2307 E audio_hw_primary: no pcm card found!
04-23 19:08:02.164 2034 2307 E audio_hw_primary: no pcm card found!
04-23 19:08:02.175 2034 2307 E audio_hw_primary: no pcm card found!
04-23 19:08:02.186 2034 2307 E audio_hw_primary: no pcm card found!
04-23 19:08:02.197 2034 2307 E audio_hw_primary: no pcm card found!
04-23 19:08:02.208 2034 2307 E audio_hw_primary: no pcm card found!
04-23 19:08:02.220 2034 2307 E audio_hw_primary: no pcm card found!
04-23 19:08:02.231 2034 2307 E audio_hw_primary: no pcm card found!
04-23 19:08:02.242 2034 2307 E audio_hw_primary: no pcm card found!
04-23 19:08:02.253 2034 2307 E audio_hw_primary: no pcm card found!
04-23 19:08:02.264 2034 2307 E audio_hw_primary: no pcm card found!
04-23 19:08:02.275 2034 2307 E audio_hw_primary: no pcm card found!
04-23 19:08:02.286 2034 2307 E audio_hw_primary: no pcm card found!
04-23 19:08:02.297 2034 2307 E audio_hw_primary: no pcm card found!
04-23 19:08:02.308 2034 2307 E audio_hw_primary: no pcm card found!
04-23 19:08:02.319 2034 2307 E audio_hw_primary: no pcm card found!
04-23 19:08:02.331 2034 2307 E audio_hw_primary: no pcm card found!
04-23 19:08:02.342 2034 2307 E audio_hw_primary: no pcm card found!
04-23 19:08:02.353 2034 2307 E audio_hw_primary: no pcm card found!
04-23 19:08:02.364 2034 2307 E audio_hw_primary: no pcm card found!
04-23 19:08:02.375 2034 2307 E audio_hw_primary: no pcm card found!
04-23 19:08:02.385 2325 2355 I ActivityManager: Displayed com.android.settings/.SubSettings: +344ms
04-23 19:08:02.386 2034 2307 E audio_hw_primary: no pcm card found!
04-23 19:08:02.397 2034 2307 E audio_hw_primary: no pcm card found!
04-23 19:08:02.408 2034 2307 E audio_hw_primary: no pcm card found!
04-23 19:08:02.419 2034 2307 E audio_hw_primary: no pcm card found!
04-23 19:08:02.430 2034 2307 E audio_hw_primary: no pcm card found!
04-23 19:08:02.441 2034 2307 E audio_hw_primary: no pcm card found!
04-23 19:08:02.452 2034 2307 E audio_hw_primary: no pcm card found!
04-23 19:08:02.463 2034 2307 E audio_hw_primary: no pcm card found!
04-23 19:08:02.475 2034 2307 E audio_hw_primary: no pcm card found!
04-23 19:08:02.486 2034 2307 E audio_hw_primary: no pcm card found!
04-23 19:08:02.497 2034 2307 E audio_hw_primary: no pcm card found!
04-23 19:08:02.508 2034 2307 E audio_hw_primary: no pcm card found!
04-23 19:08:02.519 2034 2307 E audio_hw_primary: no pcm card found!
04-23 19:08:02.530 2034 2307 E audio_hw_primary: no pcm card found!
04-23 19:08:02.541 2034 2307 E audio_hw_primary: no pcm card found!
04-23 19:08:02.553 2034 2307 E audio_hw_primary: no pcm card found!
04-23 19:08:02.564 2034 2307 E audio_hw_primary: no pcm card found!
04-23 19:08:02.575 2034 2307 E audio_hw_primary: no pcm card found!
04-23 19:08:02.586 2034 2307 E audio_hw_primary: no pcm card found!
04-23 19:08:02.597 2034 2307 E audio_hw_primary: no pcm card found!
04-23 19:08:02.608 2034 2307 E audio_hw_primary: no pcm card found!
04-23 19:08:02.619 2034 2307 E audio_hw_primary: no pcm card found!
04-23 19:08:02.630 2034 2307 E audio_hw_primary: no pcm card found!
04-23 19:08:02.642 2034 2307 E audio_hw_primary: no pcm card found!
04-23 19:08:02.653 2034 2307 E audio_hw_primary: no pcm card found!
04-23 19:08:02.664 2034 2307 E audio_hw_primary: no pcm card found!
04-23 19:08:02.675 2034 2307 E audio_hw_primary: no pcm card found!
04-23 19:08:02.686 2034 2307 E audio_hw_primary: no pcm card found!
04-23 19:08:02.698 2034 2307 E audio_hw_primary: no pcm card found!
04-23 19:08:02.709 2034 2307 E audio_hw_primary: no pcm card found!
04-23 19:08:02.720 2034 2307 E audio_hw_primary: no pcm card found!
04-23 19:08:02.731 2034 2307 E audio_hw_primary: no pcm card found!
04-23 19:08:02.742 2034 2307 E audio_hw_primary: no pcm card found!
04-23 19:08:02.754 2034 2307 E audio_hw_primary: no pcm card found!
04-23 19:08:02.765 2034 2307 E audio_hw_primary: no pcm card found!
04-23 19:08:02.776 2034 2307 E audio_hw_primary: no pcm card found!
04-23 19:08:02.787 2034 2307 E audio_hw_primary: no pcm card found!
04-23 19:08:02.799 2034 2307 E audio_hw_primary: no pcm card found!
04-23 19:08:02.810 2034 2307 E audio_hw_primary: no pcm card found!
04-23 19:08:02.821 2034 2307 E audio_hw_primary: no pcm card found!
04-23 19:08:02.832 2034 2307 E audio_hw_primary: no pcm card found!
04-23 19:08:02.844 2034 2307 E audio_hw_primary: no pcm card found!
04-23 19:08:02.855 2034 2307 E audio_hw_primary: no pcm card found!
04-23 19:08:02.866 2034 2307 E audio_hw_primary: no pcm card found!
04-23 19:08:02.877 2034 2307 E audio_hw_primary: no pcm card found!
04-23 19:08:02.889 2034 2307 E audio_hw_primary: no pcm card found!
04-23 19:08:02.900 2034 2307 E audio_hw_primary: no pcm card found!
04-23 19:08:02.911 2034 2307 E audio_hw_primary: no pcm card found!
04-23 19:08:02.923 2034 2307 E audio_hw_primary: no pcm card found!
04-23 19:08:02.934 2034 2307 E audio_hw_primary: no pcm card found!
04-23 19:08:02.945 2034 2307 E audio_hw_primary: no pcm card found!
04-23 19:08:02.957 2034 2307 E audio_hw_primary: no pcm card found!
04-23 19:08:02.968 2034 2307 E audio_hw_primary: no pcm card found!
04-23 19:08:02.979 2034 2307 E audio_hw_primary: no pcm card found!
04-23 19:08:02.990 2034 2307 E audio_hw_primary: no pcm card found!
04-23 19:08:02.997 2325 2532 D TaskPersister: removeObsoleteFile: deleting file=8_task.xml
04-23 19:08:02.997 2325 2532 D TaskPersister: removeObsoleteFile: deleting file=8_task_thumbnail.png
04-23 19:08:03.002 2034 2307 E audio_hw_primary: no pcm card found!
04-23 19:08:03.013 2034 2307 E audio_hw_primary: no pcm card found!
04-23 19:08:03.024 2034 2307 E audio_hw_primary: no pcm card found!
04-23 19:08:03.036 2034 2307 E audio_hw_primary: no pcm card found!
04-23 19:08:03.047 2034 2307 E audio_hw_primary: no pcm card found!
04-23 19:08:03.058 2034 2307 E audio_hw_primary: no pcm card found!
04-23 19:08:03.069 2034 2307 E audio_hw_primary: no pcm card found!
04-23 19:08:03.081 2034 2307 E audio_hw_primary: no pcm card found!
04-23 19:08:03.092 2034 2307 E audio_hw_primary: no pcm card found!
04-23 19:08:03.103 2034 2307 E audio_hw_primary: no pcm card found!
04-23 19:08:03.115 2034 2307 E audio_hw_primary: no pcm card found!
04-23 19:08:03.126 2034 2307 E audio_hw_primary: no pcm card found!
04-23 19:08:03.137 2034 2307 E audio_hw_primary: no pcm card found!
04-23 19:08:03.149 2034 2307 E audio_hw_primary: no pcm card found!
04-23 19:08:03.160 2034 2307 E audio_hw_primary: no pcm card found!
04-23 19:08:03.171 2034 2307 E audio_hw_primary: no pcm card found!
04-23 19:08:03.182 2034 2307 E audio_hw_primary: no pcm card found!
04-23 19:08:03.193 2034 2307 E audio_hw_primary: no pcm card found!
04-23 19:08:03.205 2034 2307 E audio_hw_primary: no pcm card found!
04-23 19:08:03.216 2034 2307 E audio_hw_primary: no pcm card found!
04-23 19:08:03.227 2034 2307 E audio_hw_primary: no pcm card found!
04-23 19:08:03.238 2034 2307 E audio_hw_primary: no pcm card found!
04-23 19:08:03.250 2034 2307 E audio_hw_primary: no pcm card found!
04-23 19:08:03.261 2034 2307 E audio_hw_primary: no pcm card found!
04-23 19:08:03.272 2034 2307 E audio_hw_primary: no pcm card found!
04-23 19:08:03.284 2034 2307 E audio_hw_primary: no pcm card found!
04-23 19:08:03.295 2034 2307 E audio_hw_primary: no pcm card found!
04-23 19:08:03.306 2034 2307 E audio_hw_primary: no pcm card found!
04-23 19:08:03.318 2034 2307 E audio_hw_primary: no pcm card found!
04-23 19:08:03.329 2034 2307 E audio_hw_primary: no pcm card found!
04-23 19:08:03.340 2034 2307 E audio_hw_primary: no pcm card found!
04-23 19:08:03.352 2034 2307 E audio_hw_primary: no pcm card found!
04-23 19:08:03.363 2034 2307 E audio_hw_primary: no pcm card found!
04-23 19:08:03.374 2034 2307 E audio_hw_primary: no pcm card found!
04-23 19:08:03.385 2034 2307 E audio_hw_primary: no pcm card found!
04-23 19:08:03.396 2034 2307 E audio_hw_primary: no pcm card found!
04-23 19:08:03.408 2034 2307 E audio_hw_primary: no pcm card found!
04-23 19:08:03.419 2034 2307 E audio_hw_primary: no pcm card found!
04-23 19:08:03.430 2034 2307 E audio_hw_primary: no pcm card found!
04-23 19:08:03.441 2034 2307 E audio_hw_primary: no pcm card found!
04-23 19:08:03.452 2034 2307 E audio_hw_primary: no pcm card found!
04-23 19:08:03.464 2034 2307 E audio_hw_primary: no pcm card found!
04-23 19:08:03.475 2034 2307 E audio_hw_primary: no pcm card found!
04-23 19:08:03.486 2034 2307 E audio_hw_primary: no pcm card found!
04-23 19:08:03.498 2034 2307 E audio_hw_primary: no pcm card found!
04-23 19:08:03.509 2034 2307 E audio_hw_primary: no pcm card found!
04-23 19:08:03.520 2034 2307 E audio_hw_primary: no pcm card found!
04-23 19:08:03.531 2034 2307 E audio_hw_primary: no pcm card found!
04-23 19:08:03.542 2034 2307 E audio_hw_primary: no pcm card found!
04-23 19:08:03.553 2034 2307 E audio_hw_primary: no pcm card found!
04-23 19:08:03.564 2034 2307 E audio_hw_primary: no pcm card found!
04-23 19:08:03.576 2034 2307 E audio_hw_primary: no pcm card found!
04-23 19:08:03.587 2034 2307 E audio_hw_primary: no pcm card found!
04-23 19:08:03.598 2034 2307 E audio_hw_primary: no pcm card found!
04-23 19:08:03.610 2034 2307 E audio_hw_primary: no pcm card found!
04-23 19:08:03.621 2034 2307 E audio_hw_primary: no pcm card found!
04-23 19:08:03.633 2034 2307 E audio_hw_primary: no pcm card found!
04-23 19:08:03.644 2034 2307 E audio_hw_primary: no pcm card found!
04-23 19:08:03.655 2034 2307 E audio_hw_primary: no pcm card found!
04-23 19:08:03.667 2034 2307 E audio_hw_primary: no pcm card found!
04-23 19:08:03.678 2034 2307 E audio_hw_primary: no pcm card found!
04-23 19:08:03.689 2034 2307 E audio_hw_primary: no pcm card found!
04-23 19:08:03.701 2034 2307 E audio_hw_primary: no pcm card found!
04-23 19:08:03.712 2034 2307 E audio_hw_primary: no pcm card found!
04-23 19:08:03.723 2034 2307 E audio_hw_primary: no pcm card found!
04-23 19:08:03.735 2034 2307 E audio_hw_primary: no pcm card found!
04-23 19:08:03.746 2034 2307 E audio_hw_primary: no pcm card found!
04-23 19:08:03.758 2034 2307 E audio_hw_primary: no pcm card found!
04-23 19:08:03.769 2034 2307 E audio_hw_primary: no pcm card found!
04-23 19:08:03.780 2034 2307 E audio_hw_primary: no pcm card found!
04-23 19:08:03.791 2034 2307 E audio_hw_primary: no pcm card found!
04-23 19:08:03.802 2034 2307 E audio_hw_primary: no pcm card found!
04-23 19:08:03.813 2034 2307 E audio_hw_primary: no pcm card found!
04-23 19:08:03.824 2034 2307 E audio_hw_primary: no pcm card found!
04-23 19:08:03.835 2034 2307 E audio_hw_primary: no pcm card found!
04-23 19:08:03.846 2034 2307 E audio_hw_primary: no pcm card found!
04-23 19:08:03.857 2034 2307 E audio_hw_primary: no pcm card found!
04-23 19:08:03.868 2034 2307 E audio_hw_primary: no pcm card found!
04-23 19:08:03.879 2034 2307 E audio_hw_primary: no pcm card found!
04-23 19:08:03.890 2034 2307 E audio_hw_primary: no pcm card found!
04-23 19:08:03.901 2034 2307 E audio_hw_primary: no pcm card found!
04-23 19:08:03.912 2034 2307 E audio_hw_primary: no pcm card found!
04-23 19:08:03.923 2034 2307 E audio_hw_primary: no pcm card found!
04-23 19:08:03.934 2034 2307 E audio_hw_primary: no pcm card found!
04-23 19:08:03.945 2034 2307 E audio_hw_primary: no pcm card found!
04-23 19:08:03.956 2034 2307 E audio_hw_primary: no pcm card found!
04-23 19:08:03.967 2034 2307 E audio_hw_primary: no pcm card found!
04-23 19:08:03.979 2034 2307 E audio_hw_primary: no pcm card found!
04-23 19:08:03.990 2034 2307 E audio_hw_primary: no pcm card found!
04-23 19:08:04.000 2034 2307 E audio_hw_primary: no pcm card found!
04-23 19:08:04.011 2034 2307 E audio_hw_primary: no pcm card found!
04-23 19:08:04.022 2034 2307 E audio_hw_primary: no pcm card found!
04-23 19:08:04.033 2034 2307 E audio_hw_primary: no pcm card found!
04-23 19:08:04.044 2034 2307 E audio_hw_primary: no pcm card found!
04-23 19:08:04.055 2034 2307 E audio_hw_primary: no pcm card found!
04-23 19:08:04.066 2034 2307 E audio_hw_primary: no pcm card found!
04-23 19:08:04.077 2034 2307 E audio_hw_primary: no pcm card found!
04-23 19:08:04.088 2034 2307 E audio_hw_primary: no pcm card found!
04-23 19:08:04.099 2034 2307 E audio_hw_primary: no pcm card found!
04-23 19:08:04.110 2034 2307 E audio_hw_primary: no pcm card found!
04-23 19:08:04.121 2034 2307 E audio_hw_primary: no pcm card found!
04-23 19:08:04.132 2034 2307 E audio_hw_primary: no pcm card found!
04-23 19:08:04.143 2034 2307 E audio_hw_primary: no pcm card found!
04-23 19:08:04.154 2034 2307 E audio_hw_primary: no pcm card found!
04-23 19:08:04.166 2034 2307 E audio_hw_primary: no pcm card found!
04-23 19:08:04.177 2034 2307 E audio_hw_primary: no pcm card found!
04-23 19:08:04.188 2034 2307 E audio_hw_primary: no pcm card found!
04-23 19:08:04.199 2034 2307 E audio_hw_primary: no pcm card found!
04-23 19:08:04.211 2034 2307 E audio_hw_primary: no pcm card found!
04-23 19:08:04.222 2034 2307 E audio_hw_primary: no pcm card found!
04-23 19:08:04.233 2034 2307 E audio_hw_primary: no pcm card found!
04-23 19:08:04.245 2034 2307 E audio_hw_primary: no pcm card found!
04-23 19:08:04.256 2034 2307 E audio_hw_primary: no pcm card found!
04-23 19:08:04.267 2034 2307 E audio_hw_primary: no pcm card found!
04-23 19:08:04.278 2034 2307 E audio_hw_primary: no pcm card found!
04-23 19:08:04.290 2034 2307 E audio_hw_primary: no pcm card found!
04-23 19:08:04.301 2034 2307 E audio_hw_primary: no pcm card found!
04-23 19:08:04.312 2034 2307 E audio_hw_primary: no pcm card found!
04-23 19:08:04.324 2034 2307 E audio_hw_primary: no pcm card found!
04-23 19:08:04.335 2034 2307 E audio_hw_primary: no pcm card found!
04-23 19:08:04.347 2034 2307 E audio_hw_primary: no pcm card found!
04-23 19:08:04.358 2034 2307 E audio_hw_primary: no pcm card found!
04-23 19:08:04.369 2034 2307 E audio_hw_primary: no pcm card found!
04-23 19:08:04.380 2034 2307 E audio_hw_primary: no pcm card found!
04-23 19:08:04.391 2034 2307 E audio_hw_primary: no pcm card found!
04-23 19:08:04.403 2034 2307 E audio_hw_primary: no pcm card found!
04-23 19:08:04.414 2034 2307 E audio_hw_primary: no pcm card found!
04-23 19:08:04.425 2034 2307 E audio_hw_primary: no pcm card found!
04-23 19:08:04.436 2034 2307 E audio_hw_primary: no pcm card found!
04-23 19:08:04.447 2034 2307 E audio_hw_primary: no pcm card found!
04-23 19:08:04.459 2034 2307 E audio_hw_primary: no pcm card found!
04-23 19:08:04.470 2034 2307 E audio_hw_primary: no pcm card found!
04-23 19:08:04.481 2034 2307 E audio_hw_primary: no pcm card found!
04-23 19:08:04.493 2034 2307 E audio_hw_primary: no pcm card found!
04-23 19:08:04.504 2034 2307 E audio_hw_primary: no pcm card found!
04-23 19:08:04.515 2034 2307 E audio_hw_primary: no pcm card found!
04-23 19:08:04.527 2034 2307 E audio_hw_primary: no pcm card found!
04-23 19:08:04.538 2034 2307 E audio_hw_primary: no pcm card found!
04-23 19:08:04.549 2034 2307 E audio_hw_primary: no pcm card found!
04-23 19:08:04.561 2034 2307 E audio_hw_primary: no pcm card found!
04-23 19:08:04.572 2034 2307 E audio_hw_primary: no pcm card found!
04-23 19:08:04.583 2034 2307 E audio_hw_primary: no pcm card found!
04-23 19:08:04.594 2034 2307 E audio_hw_primary: no pcm card found!
04-23 19:08:04.605 2034 2307 E audio_hw_primary: no pcm card found!
04-23 19:08:04.617 2034 2307 E audio_hw_primary: no pcm card found!
04-23 19:08:04.628 2034 2307 E audio_hw_primary: no pcm card found!
04-23 19:08:04.639 2034 2307 E audio_hw_primary: no pcm card found!
04-23 19:08:04.651 2034 2307 E audio_hw_primary: no pcm card found!
04-23 19:08:04.662 2034 2307 E audio_hw_primary: no pcm card found!
04-23 19:08:04.674 2034 2307 E audio_hw_primary: no pcm card found!
04-23 19:08:04.685 2034 2307 E audio_hw_primary: no pcm card found!
04-23 19:08:04.696 2034 2307 E audio_hw_primary: no pcm card found!
04-23 19:08:04.707 2034 2307 E audio_hw_primary: no pcm card found!
04-23 19:08:04.719 2034 2307 E audio_hw_primary: no pcm card found!
04-23 19:08:04.730 2034 2307 E audio_hw_primary: no pcm card found!
04-23 19:08:04.741 2034 2307 E audio_hw_primary: no pcm card found!
04-23 19:08:04.753 2034 2307 E audio_hw_primary: no pcm card found!
04-23 19:08:04.764 2034 2307 E audio_hw_primary: no pcm card found!
04-23 19:08:04.776 2034 2307 E audio_hw_primary: no pcm card found!
04-23 19:08:04.787 2034 2307 E audio_hw_primary: no pcm card found!
04-23 19:08:04.799 2034 2307 E audio_hw_primary: no pcm card found!
04-23 19:08:04.810 2034 2307 E audio_hw_primary: no pcm card found!
04-23 19:08:04.821 2034 2307 E audio_hw_primary: no pcm card found!
04-23 19:08:04.832 2034 2307 E audio_hw_primary: no pcm card found!
04-23 19:08:04.843 2034 2307 E audio_hw_primary: no pcm card found!
04-23 19:08:04.855 2034 2307 E audio_hw_primary: no pcm card found!
04-23 19:08:04.866 2034 2307 E audio_hw_primary: no pcm card found!
04-23 19:08:04.877 2034 2307 E audio_hw_primary: no pcm card found!
04-23 19:08:04.888 2034 2307 E audio_hw_primary: no pcm card found!
04-23 19:08:04.899 2034 2307 E audio_hw_primary: no pcm card found!
04-23 19:08:04.911 2034 2307 E audio_hw_primary: no pcm card found!
04-23 19:08:04.922 2034 2307 E audio_hw_primary: no pcm card found!
04-23 19:08:04.932 2034 2307 E audio_hw_primary: no pcm card found!
04-23 19:08:04.943 2034 2307 E audio_hw_primary: no pcm card found!
04-23 19:08:04.954 2034 2307 E audio_hw_primary: no pcm card found!
04-23 19:08:04.965 2034 2307 E audio_hw_primary: no pcm card found!
04-23 19:08:04.976 2034 2307 E audio_hw_primary: no pcm card found!
04-23 19:08:04.987 2034 2307 E audio_hw_primary: no pcm card found!
04-23 19:08:04.998 2034 2307 E audio_hw_primary: no pcm card found!
04-23 19:08:05.009 2034 2307 E audio_hw_primary: no pcm card found!
04-23 19:08:05.020 2034 2307 E audio_hw_primary: no pcm card found!
04-23 19:08:05.031 2034 2307 E audio_hw_primary: no pcm card found!
04-23 19:08:05.042 2034 2307 E audio_hw_primary: no pcm card found!
04-23 19:08:05.053 2034 2307 E audio_hw_primary: no pcm card found!
04-23 19:08:05.065 2034 2307 E audio_hw_primary: no pcm card found!
04-23 19:08:05.076 2034 2307 E audio_hw_primary: no pcm card found!
04-23 19:08:05.087 2034 2307 E audio_hw_primary: no pcm card found!
04-23 19:08:05.098 2034 2307 E audio_hw_primary: no pcm card found!
04-23 19:08:05.110 2034 2307 E audio_hw_primary: no pcm card found!
04-23 19:08:05.121 2034 2307 E audio_hw_primary: no pcm card found!
04-23 19:08:05.132 2034 2307 E audio_hw_primary: no pcm card found!
04-23 19:08:05.144 2034 2307 E audio_hw_primary: no pcm card found!
04-23 19:08:05.155 2034 2307 E audio_hw_primary: no pcm card found!
04-23 19:08:07.497 2325 2633 I ActivityManager: START u0 {act=android.intent.action.MAIN cmp=com.android.settings/.deviceinfo.Status} from uid 1000 on display 0
04-23 19:08:07.499 2325 2515 W AudioTrack: AUDIO_OUTPUT_FLAG_FAST denied by client
04-23 19:08:07.505 2325 2633 V WindowManager: addAppToken: AppWindowToken{1552509f token=Token{ada6a3e ActivityRecord{2ef87af9 u0 com.android.settings/.deviceinfo.Status t9}}} to stack=1 task=9 at 2
04-23 19:08:07.525 2034 2307 E audio_hw_primary: no pcm card found!
04-23 19:08:07.536 2034 2307 E audio_hw_primary: no pcm card found!
04-23 19:08:07.547 2034 2307 E audio_hw_primary: no pcm card found!
04-23 19:08:07.558 2034 2307 E audio_hw_primary: no pcm card found!
04-23 19:08:07.569 2034 2307 E audio_hw_primary: no pcm card found!
04-23 19:08:07.580 2034 2307 E audio_hw_primary: no pcm card found!
04-23 19:08:07.591 2034 2307 E audio_hw_primary: no pcm card found!
04-23 19:08:07.598 2325 2350 W BroadcastQueue: Permission Denial: broadcasting Intent { act=android.net.wifi.STATE_CHANGE flg=0x4000010 (has extras) } from null (pid=-1, uid=-1) requires android.permission.CHANGE_NETWORK_STATE due to registered receiver BroadcastFilter{c9557bb u0 ReceiverList{b0eec4a 2756 com.android.phone/1001/u0 remote:19bccdb5}}
04-23 19:08:07.602 2034 2307 E audio_hw_primary: no pcm card found!
04-23 19:08:07.607 2756 4699 D OpenGLRenderer: Use EGL_SWAP_BEHAVIOR_PRESERVED: true
04-23 19:08:07.612 2325 2516 V WindowManager: Adding window Window{bc0baa2 u0 com.android.settings/com.android.settings.deviceinfo.Status} at 5 of 10 (after Window{145893a7 u0 com.android.settings/com.android.settings.SubSettings})
04-23 19:08:07.613 2034 2307 E audio_hw_primary: no pcm card found!
04-23 19:08:07.624 2034 2307 E audio_hw_primary: no pcm card found!
04-23 19:08:07.635 2034 2307 E audio_hw_primary: no pcm card found!
04-23 19:08:07.646 2034 2307 E audio_hw_primary: no pcm card found!
04-23 19:08:07.657 2034 2307 E audio_hw_primary: no pcm card found!
04-23 19:08:07.668 2034 2307 E audio_hw_primary: no pcm card found!
04-23 19:08:07.679 2034 2307 E audio_hw_primary: no pcm card found!
04-23 19:08:07.690 2034 2307 E audio_hw_primary: no pcm card found!
04-23 19:08:07.693 2756 4699 I GRALLOC-DRM: create intel for driver i915
04-23 19:08:07.701 2034 2307 E audio_hw_primary: no pcm card found!
04-23 19:08:07.712 2034 2307 E audio_hw_primary: no pcm card found!
04-23 19:08:07.723 2034 2307 E audio_hw_primary: no pcm card found!
04-23 19:08:07.734 2034 2307 E audio_hw_primary: no pcm card found!
04-23 19:08:07.746 2034 2307 E audio_hw_primary: no pcm card found!
04-23 19:08:07.757 2034 2307 E audio_hw_primary: no pcm card found!
04-23 19:08:07.768 2034 2307 E audio_hw_primary: no pcm card found!
04-23 19:08:07.779 2034 2307 E audio_hw_primary: no pcm card found!
04-23 19:08:07.790 2034 2307 E audio_hw_primary: no pcm card found!
04-23 19:08:07.801 2034 2307 E audio_hw_primary: no pcm card found!
04-23 19:08:07.812 2034 2307 E audio_hw_primary: no pcm card found!
04-23 19:08:07.823 2034 2307 E audio_hw_primary: no pcm card found!
04-23 19:08:07.834 2034 2307 E audio_hw_primary: no pcm card found!
04-23 19:08:07.845 2034 2307 E audio_hw_primary: no pcm card found!
04-23 19:08:07.856 2034 2307 E audio_hw_primary: no pcm card found!
04-23 19:08:07.867 2034 2307 E audio_hw_primary: no pcm card found!
04-23 19:08:07.878 2034 2307 E audio_hw_primary: no pcm card found!
04-23 19:08:07.886 2756 4699 I OpenGLRenderer: Initialized EGL, version 1.4
04-23 19:08:07.886 2756 4699 W OpenGLRenderer: Failed to choose config with EGL_SWAP_BEHAVIOR_PRESERVED, retrying without...
04-23 19:08:07.889 2034 2307 E audio_hw_primary: no pcm card found!
04-23 19:08:07.890 2756 4699 D OpenGLRenderer: Enabling debug mode 0
04-23 19:08:07.900 2034 2307 E audio_hw_primary: no pcm card found!
04-23 19:08:07.911 2034 2307 E audio_hw_primary: no pcm card found!
04-23 19:08:07.922 2034 2307 E audio_hw_primary: no pcm card found!
04-23 19:08:07.932 2034 2307 E audio_hw_primary: no pcm card found!
04-23 19:08:07.943 2034 2307 E audio_hw_primary: no pcm card found!
04-23 19:08:07.954 2034 2307 E audio_hw_primary: no pcm card found!
04-23 19:08:07.965 2034 2307 E audio_hw_primary: no pcm card found!
04-23 19:08:07.976 2034 2307 E audio_hw_primary: no pcm card found!
04-23 19:08:07.986 2034 2307 E audio_hw_primary: no pcm card found!
04-23 19:08:07.997 2034 2307 E audio_hw_primary: no pcm card found!
04-23 19:08:08.001 2325 2355 I ActivityManager: Displayed com.android.settings/.deviceinfo.Status: +482ms
04-23 19:08:08.008 2034 2307 E audio_hw_primary: no pcm card found!
04-23 19:08:08.020 2034 2307 E audio_hw_primary: no pcm card found!
