--------- beginning of main
E/cutils ( 0): Failed to read /data/.layout_version: No such file or directory
E/sdcard ( 0): installd fs upgrade not yet complete. Waiting...
I/installd( 0): installd firing up
E/cutils ( 0): Failed to read /data/.layout_version: No such file or directory
D/installd( 0): Upgrading /data/media for multi-user
D/installd( 0): Upgrading to shared /data/media/obb
D/installd( 0): Upgrading to /data/misc/user directories
I/ ( 0): debuggerd: May 6 2015 01:08:09
I/lowmemorykiller( 2139): Using in-kernel low memory killer interface
I/Netd ( 2145): Netd 1.0 starting
E/Netd ( 2145): Failed to open /proc/sys/net/ipv6/conf/default/accept_ra_rt_table: No such file or directory
E/Netd ( 2145): Failed to open /proc/sys/net/ipv6/conf/ip6tnl0/accept_ra_rt_table: No such file or directory
E/Netd ( 2145): Failed to open /proc/sys/net/ipv6/conf/lo/accept_ra_rt_table: No such file or directory
E/Netd ( 2145): Failed to open /proc/sys/net/ipv6/conf/sit0/accept_ra_rt_table: No such file or directory
E/Netd ( 2145): Failed to open /proc/sys/net/ipv6/conf/wlan0/accept_ra_rt_table: No such file or directory --------- beginning of system
I/Vold ( 2141): Vold 2.1 (the revenge) firing up
E/DirectVolume( 2141): Vold managed volumes must have auto mount point; ignoring /storage/usb0
D/Vold ( 2141): Volume usb0 state changing -1 (Initializing) -> 0 (No-Media)
E/DirectVolume( 2141): Vold managed volumes must have auto mount point; ignoring /storage/usb1
D/Vold ( 2141): Volume usb1 state changing -1 (Initializing) -> 0 (No-Media)
E/DirectVolume( 2141): Vold managed volumes must have auto mount point; ignoring /storage/usb2
D/Vold ( 2141): Volume usb2 state changing -1 (Initializing) -> 0 (No-Media)
E/DirectVolume( 2141): Vold managed volumes must have auto mount point; ignoring /storage/usb3
D/Vold ( 2141): Volume usb3 state changing -1 (Initializing) -> 0 (No-Media)
D/Vold ( 2141): Volume usb0 state changing 0 (No-Media) -> 2 (Pending)
D/Vold ( 2141): Volume usb0 state changing 2 (Pending) -> 1 (Idle-Unmounted)
D/Vold ( 2141): Volume usb1 state changing 0 (No-Media) -> 1 (Idle-Unmounted)
D/Vold ( 2141): Volume usb2 state changing 0 (No-Media) -> 1 (Idle-Unmounted)
D/Vold ( 2141): Volume usb3 state changing 0 (No-Media) -> 1 (Idle-Unmounted)
W/Vold ( 2141): Duplicate state (1)
W/Vold ( 2141): Duplicate state (1)
W/Vold ( 2141): Duplicate state (1)
E/sdcard ( 2158): missing packages.list; retrying
I/keystore( 2153): SELinux: Keystore SELinux is disabled.
I/SurfaceFlinger( 2142): SurfaceFlinger is starting
I/SurfaceFlinger( 2142): SurfaceFlinger's main thread ready to run. Initializing graphics H/W...
D/libEGL ( 2142): loaded /system/lib64/egl/libGLES_mesa.so
I/GRALLOC-DRM( 2142): create intel for driver i915
I/ ( 2146): debuggerd: May 6 2015 01:08:09
V/NatController( 2145): runCmd(/system/bin/iptables -F natctrl_FORWARD) res=0
V/NatController( 2145): runCmd(/system/bin/iptables -A natctrl_FORWARD -j DROP) res=0
V/NatController( 2145): runCmd(/system/bin/iptables -t nat -F natctrl_nat_POSTROUTING) res=0
V/NatController( 2145): runCmd(/system/bin/iptables -F natctrl_tether_counters) res=1
V/NatController( 2145): runCmd(/system/bin/iptables -X natctrl_tether_counters) res=1
V/NatController( 2145): runCmd(/system/bin/iptables -N natctrl_tether_counters) res=0
V/NatController( 2145): runCmd(/system/bin/iptables -t mangle -A natctrl_mangle_FORWARD -p tcp --tcp-flags SYN SYN -j TCPMSS --clamp-mss-to-pmtu) res=0
I/iptables( 2145): iptables: No chain/target/match by that name.
I/iptables( 2145): iptables terminated by exit(1)
E/BandwidthController( 2145): runIptablesCmd(): res=1 status=256 failed /system/bin/iptables -A bw_INPUT -m owner --socket-exists
D/GRALLOC-KMS( 2142): supported drm planes and formats
D/GRALLOC-KMS( 2142): plane id 21
D/GRALLOC-KMS( 2142): format RG16
D/GRALLOC-KMS( 2142): format AB24
D/GRALLOC-KMS( 2142): format AR24
D/GRALLOC-KMS( 2142): format XB24
D/GRALLOC-KMS( 2142): format XR24
D/GRALLOC-KMS( 2142): format XB30
D/GRALLOC-KMS( 2142): format AB30
D/GRALLOC-KMS( 2142): format YUYV
D/GRALLOC-KMS( 2142): format YVYU
D/GRALLOC-KMS( 2142): format UYVY
D/GRALLOC-KMS( 2142): format VYUY
D/GRALLOC-KMS( 2142): plane id 22
D/GRALLOC-KMS( 2142): format RG16
D/GRALLOC-KMS( 2142): format AB24
D/GRALLOC-KMS( 2142): format AR24
D/GRALLOC-KMS( 2142): format XB24
D/GRALLOC-KMS( 2142): format XR24
D/GRALLOC-KMS( 2142): format XB30
D/GRALLOC-KMS( 2142): format AB30
D/GRALLOC-KMS( 2142): format YUYV
D/GRALLOC-KMS( 2142): format YVYU
D/GRALLOC-KMS( 2142): format UYVY
D/GRALLOC-KMS( 2142): format VYUY
D/GRALLOC-KMS( 2142): plane id 26
D/GRALLOC-KMS( 2142): format RG16
D/GRALLOC-KMS( 2142): format AB24
D/GRALLOC-KMS( 2142): format AR24
D/GRALLOC-KMS( 2142): format XB24
D/GRALLOC-KMS( 2142): format XR24
D/GRALLOC-KMS( 2142): format XB30
D/GRALLOC-KMS( 2142): format AB30
D/GRALLOC-KMS( 2142): format YUYV
D/GRALLOC-KMS( 2142): format YVYU
D/GRALLOC-KMS( 2142): format UYVY
D/GRALLOC-KMS( 2142): format VYUY
D/GRALLOC-KMS( 2142): plane id 27
D/GRALLOC-KMS( 2142): format RG16
D/GRALLOC-KMS( 2142): format AB24
D/GRALLOC-KMS( 2142): format AR24
D/GRALLOC-KMS( 2142): format XB24
D/GRALLOC-KMS( 2142): format XR24
D/GRALLOC-KMS( 2142): format XB30
D/GRALLOC-KMS( 2142): format AB30
D/GRALLOC-KMS( 2142): format YUYV
D/GRALLOC-KMS( 2142): format YVYU
D/GRALLOC-KMS( 2142): format UYVY
D/GRALLOC-KMS( 2142): format VYUY
I/GRALLOC-KMS( 2142): there is one mode on connector 0x36: 1280x800
I/GRALLOC-KMS( 2142): Established mode:
I/GRALLOC-KMS( 2142): clock: 71110, hdisplay: 1280, hsync_start: 1328, hsync_end: 1360, htotal: 1440, hskew: 0
I/GRALLOC-KMS( 2142): vdisplay: 800, vsync_start: 803, vsync_end: 809, vtotal: 823, vscan: 0, vrefresh: 60
I/GRALLOC-KMS( 2142): flags: 10, type: 8, name 1280x800
I/GRALLOC-KMS( 2142): the best mode is 1280x800
D/GRALLOC-KMS( 2142): will use flip for fb posting
I/GRALLOC-MOD( 2142): mode.hdisplay 1280
I/GRALLOC-MOD( 2142): mode.vdisplay 800
I/GRALLOC-MOD( 2142): mode.vrefresh 60.000000
I/GRALLOC-MOD( 2142): format 0x5
I/GRALLOC-MOD( 2142): xdpi 75.000000
I/GRALLOC-MOD( 2142): ydpi 75.000000
I/GRALLOC-MOD( 2142): mode.hdisplay 1280
I/GRALLOC-MOD( 2142): mode.vdisplay 800
I/GRALLOC-MOD( 2142): mode.vrefresh 60.000000
I/GRALLOC-MOD( 2142): format 0x5
I/GRALLOC-MOD( 2142): xdpi 75.000000
I/GRALLOC-MOD( 2142): ydpi 75.000000
W/hwcomposer( 2142): getting VSYNC period from fb HAL: 16666667
D/hwcomposer( 2142): Intel hwcomposer module
I/SurfaceFlinger( 2142): Using composer version 1.0
W/SurfaceFlinger( 2142): no suitable EGLConfig found, trying a simpler query
I/SurfaceFlinger( 2142): EGL information:
I/SurfaceFlinger( 2142): vendor : Android
I/SurfaceFlinger( 2142): version : 1.4 Android META-EGL
I/SurfaceFlinger( 2142): extensions: EGL_KHR_get_all_proc_addresses EGL_ANDROID_presentation_time EGL_KHR_image_base EGL_KHR_gl_texture_2D_image EGL_KHR_gl_texture_cubemap_image EGL_KHR_gl_renderbuffer_image EGL_KHR_create_context EGL_EXT_create_context_robustness EGL_ANDROID_image_native_buffer
I/SurfaceFlinger( 2142): Client API: OpenGL_ES
I/SurfaceFlinger( 2142): EGLSurface: 8-8-8-8, config=0x7f28ea0577a0
I/ip6tables( 2145): ip6tables: No chain/target/match by that name.
I/ip6tables( 2145): ip6tables terminated by exit(1)
E/BandwidthController( 2145): runIptablesCmd(): res=1 status=256 failed /system/bin/ip6tables -A bw_INPUT -m owner --socket-exists
E/Netd ( 2145): Unable to create netlink socket: Protocol not supported
E/Netd ( 2145): Unable to open quota2 logging socket
D/MDnsDS ( 2145): MDnsSdListener::Hander starting up
D/MDnsDS ( 2145): MDnsSdListener starting to monitor
D/MDnsDS ( 2145): Going to poll with pollCount 1
I/mediaserver( 2150): ServiceManager: 0xf58356a0
I/AudioFlinger( 2150): Using default 3000 mSec as standby time.
I/ServiceManager( 2150): Waiting for service batterystats...
I/SurfaceFlinger( 2142): OpenGL ES informations:
I/SurfaceFlinger( 2142): vendor : Intel Open Source Technology Center
I/SurfaceFlinger( 2142): renderer : Mesa DRI Intel(R) Bay Trail
I/SurfaceFlinger( 2142): version : OpenGL ES 3.0 Mesa 10.6.0-devel (git-b14d6a0)
I/SurfaceFlinger( 2142): extensions: GL_EXT_debug_marker GL_EXT_blend_minmax GL_EXT_multi_draw_arrays GL_EXT_texture_filter_anisotropic GL_EXT_texture_compression_dxt1 GL_EXT_texture_format_BGRA8888 GL_OES_compressed_ETC1_RGB8_texture GL_OES_depth24 GL_OES_element_index_uint GL_OES_fbo_render_mipmap GL_OES_mapbuffer GL_OES_rgb8_rgba8 GL_OES_standard_derivatives GL_OES_stencil8 GL_OES_texture_3D GL_OES_texture_float GL_OES_texture_float_linear GL_OES_texture_half_float GL_OES_texture_half_float_linear GL_OES_texture_npot GL_OES_EGL_image GL_OES_depth_texture GL_OES_packed_depth_stencil GL_EXT_texture_type_2_10_10_10_REV GL_OES_get_program_binary GL_APPLE_texture_max_level GL_EXT_discard_framebuffer GL_EXT_read_format_bgra GL_NV_fbo_color_attachments GL_OES_EGL_image_external GL_OES_vertex_array_object GL_ANGLE_texture_compression_dxt3 GL_ANGLE_texture_compression_dxt5 GL_EXT_texture_rg GL_EXT_unpack_subimage GL_NV_draw_buffers GL_NV_read_buffer GL_EXT_draw_buffers GL_EXT_map_buffer_range GL_OES_depth_texture_cube_map GL_OES_surfacele
I/SurfaceFlinger( 2142): GL_MAX_TEXTURE_SIZE = 8192
I/SurfaceFlinger( 2142): GL_MAX_VIEWPORT_DIMS = 16384
D/SurfaceFlinger( 2142): Open /dev/tty0 OK
D/SurfaceFlinger( 2142): Set power mode=2, type=0 flinger=0x7f28ea062000
D/SurfaceFlinger( 2142): shader cache generated - 24 shaders in 150.972580 ms
I/SurfaceFlinger( 2142): auto set density to 160
D/libEGL ( 2413): loaded /system/lib64/egl/libGLES_mesa.so
I/GRALLOC-DRM( 2413): create intel for driver i915
I/ServiceManager( 2150): Waiting for service batterystats...
D/AndroidRuntime( 2155): >>>>>> START com.android.internal.os.ZygoteInit uid 0 <<<<<<
D/AndroidRuntime( 2156): >>>>>> START com.android.internal.os.ZygoteInit uid 0 <<<<<<
D/AndroidRuntime( 2155): CheckJNI is OFF
D/AndroidRuntime( 2156): CheckJNI is OFF
E/sdcard ( 2158): missing packages.list; retrying
I/art ( 2155): option[0]=-Xzygote
I/art ( 2155): option[1]=-Xstacktracefile:/data/anr/traces.txt
I/art ( 2155): option[2]=exit
I/art ( 2155): option[3]=vfprintf
I/art ( 2155): option[4]=sensitiveThread
I/art ( 2155): option[5]=-verbose:gc
I/art ( 2155): option[6]=-Xms16m
I/art ( 2155): option[7]=-Xmx512m
I/art ( 2155): option[8]=-XX:mainThreadStackSize=24K
I/art ( 2155): option[9]=-XX:HeapGrowthLimit=192m
I/art ( 2155): option[10]=-XX:HeapMinFree=512k
I/art ( 2155): option[11]=-XX:HeapMaxFree=8m
I/art ( 2155): option[12]=-XX:HeapTargetUtilization=0.75
I/art ( 2155): option[13]=-Xgenregmap
I/art ( 2155): option[14]=-Xgc:precise
I/art ( 2155): option[15]=-agentlib:jdwp=transport=dt_android_adb,suspend=n,server=y
I/art ( 2155): option[16]=-Xlockprofthreshold:500
I/art ( 2155): option[17]=-Ximage-compiler-option
I/art ( 2155): option[18]=--runtime-arg
I/art ( 2155): option[19]=-Ximage-compiler-option
I/art ( 2155): option[20]=-Xms64m
I/art ( 2155): option[21]=-Ximage-compiler-option
I/art ( 2155): option[22]=--runtime-arg
I/art ( 2155): option[23]=-Ximage-compiler-option
I/art ( 2155): option[24]=-Xmx64m
I/art ( 2155): option[25]=-Ximage-compiler-option
I/art ( 2155): option[26]=--image-classes=/system/etc/preloaded-classes
I/art ( 2155): option[27]=-Xcompiler-option
I/art ( 2155): option[28]=--runtime-arg
I/art ( 2155): option[29]=-Xcompiler-option
I/art ( 2155): option[30]=-Xms64m
I/art ( 2155): option[31]=-Xcompiler-option
I/art ( 2155): option[32]=--runtime-arg
I/art ( 2155): option[33]=-Xcompiler-option
I/art ( 2155): option[34]=-Xmx512m
I/art ( 2155): option[35]=-Duser.language=en
I/art ( 2155): option[36]=-Duser.region=US
I/art ( 2156): option[0]=-Xzygote
I/art ( 2156): option[1]=-Xstacktracefile:/data/anr/traces.txt
I/art ( 2156): option[2]=exit
I/art ( 2156): option[3]=vfprintf
I/art ( 2156): option[4]=sensitiveThread
I/art ( 2156): option[5]=-verbose:gc
I/art ( 2156): option[6]=-Xms16m
I/art ( 2156): option[7]=-Xmx512m
I/art ( 2156): option[8]=-XX:mainThreadStackSize=24K
I/art ( 2156): option[9]=-XX:HeapGrowthLimit=192m
I/art ( 2156): option[10]=-XX:HeapMinFree=512k
I/art ( 2156): option[11]=-XX:HeapMaxFree=8m
I/art ( 2156): option[12]=-XX:HeapTargetUtilization=0.75
I/art ( 2156): option[13]=-Xgenregmap
I/art ( 2156): option[14]=-Xgc:precise
I/art ( 2156): option[15]=-agentlib:jdwp=transport=dt_android_adb,suspend=n,server=y
I/art ( 2156): option[16]=-Xlockprofthreshold:500
I/art ( 2156): option[17]=-Ximage-compiler-option
I/art ( 2156): option[18]=--runtime-arg
I/art ( 2156): option[19]=-Ximage-compiler-option
I/art ( 2156): option[20]=-Xms64m
I/art ( 2156): option[21]=-Ximage-compiler-option
I/art ( 2156): option[22]=--runtime-arg
I/art ( 2156): option[23]=-Ximage-compiler-option
I/art ( 2156): option[24]=-Xmx64m
I/art ( 2156): option[25]=-Ximage-compiler-option
I/art ( 2156): option[26]=--image-classes=/system/etc/preloaded-classes
I/art ( 2156): option[27]=-Xcompiler-option
I/art ( 2156): option[28]=--runtime-arg
I/art ( 2156): option[29]=-Xcompiler-option
I/art ( 2156): option[30]=-Xms64m
I/art ( 2156): option[31]=-Xcompiler-option
I/art ( 2156): option[32]=--runtime-arg
I/art ( 2156): option[33]=-Xcompiler-option
I/art ( 2156): option[34]=-Xmx512m
I/art ( 2156): option[35]=-Duser.language=en
I/art ( 2156): option[36]=-Duser.region=US
I/ServiceManager( 2150): Waiting for service batterystats...
I/art ( 2155): Pruning dalvik-cache since we are relocating an image and will need to recompile
I/art ( 2155): RelocateImage: /system/bin/patchoat --input-image-location=/system/framework/boot.art --output-image-file=/data/dalvik-cache/x86_64/system@framework@boot.art --input-oat-location=/system/framework/boot.oat --output-oat-file=/data/dalvik-cache/x86_64/system@framework@boot.oat --instruction-set=x86_64 --base-offset-delta=3571712
I/art ( 2156): Pruning dalvik-cache since we are relocating an image and will need to recompile
I/art ( 2156): RelocateImage: /system/bin/patchoat --input-image-location=/system/framework/boot.art --output-image-file=/data/dalvik-cache/x86/system@framework@boot.art --input-oat-location=/system/framework/boot.oat --output-oat-file=/data/dalvik-cache/x86/system@framework@boot.oat --instruction-set=x86 --base-offset-delta=16687104
I/ServiceManager( 2150): Waiting for service batterystats...
I/ServiceManager( 2150): Waiting for service batterystats...
E/sdcard ( 2158): missing packages.list; retrying
I/CameraService( 2150): CameraService started (pid=2150)
D/Camera_Factory( 2150): CameraFactory::CameraFactory
D/Camera_Factory( 2150): CameraFactory::parseConfig: configFile = /etc/camera.cfg
D/Camera_Factory( 2150): /etc/camera.cfg not found, using camera configuration defaults
I/CameraService( 2150): Loaded "Camera Module" camera module
D/Camera_Factory( 2150): CameraFactory::get_number_of_cameras
D/Camera_Factory( 2150): CameraFactory::getCameraNum: 0
I/AudioPolicyService( 2150): AudioPolicyService CSTOR in new mode
I/AudioPolicyManager( 2150): loadAudioPolicyConfig() loaded /system/etc/audio_policy.conf
E/audio_hw_primary( 2150): Unable to open the mixer, aborting.
I/AudioFlinger( 2150): loadHwModule() Loaded primary audio interface from Grouper audio HW HAL (audio) handle 1
I/AudioFlinger( 2150): HAL output buffer size 512 frames, normal sink buffer size 1024 frames
I/AudioMixer( 2150): found effect "Multichannel Downmix To Stereo" from The Android Open Source Project
E/MonoPipe( 2150): Failed to fetch local time frequency when constructing a MonoPipe (res = -32). getNextWriteTimestamp calls will be non-functional
E/sdcard ( 2158): missing packages.list; retrying
E/sdcard ( 2158): missing packages.list; retrying
E/memtrack( 2156): Couldn't load memtrack module (No such file or directory)
E/android.os.Debug( 2156): failed to load memtrack module: -2
I/SamplingProfilerIntegration( 2156): Profiling disabled.
D/Zygote ( 2156): begin preload
I/Zygote ( 2156): Preloading classes...
I/art ( 2156): Explicit concurrent mark sweep GC freed 795(36KB) AllocSpace objects, 0(0B) LOS objects, 95% free, 44KB/1068KB, paused 121us total 4.481ms
I/art ( 2156): Counter: 1
I/art ( 2156): Explicit concurrent mark sweep GC freed 561(34KB) AllocSpace objects, 0(0B) LOS objects, 94% free, 64KB/1088KB, paused 93us total 3.515ms
I/art ( 2156): Explicit concurrent mark sweep GC freed 652(41KB) AllocSpace objects, 0(0B) LOS objects, 93% free, 72KB/1096KB, paused 111us total 4.867ms
E/memtrack( 2155): Couldn't load memtrack module (No such file or directory)
E/android.os.Debug( 2155): failed to load memtrack module: -2
I/SamplingProfilerIntegration( 2155): Profiling disabled.
D/Zygote ( 2155): begin preload
I/Zygote ( 2155): Preloading classes...
I/art ( 2155): Explicit concurrent mark sweep GC freed 795(36KB) AllocSpace objects, 0(0B) LOS objects, 95% free, 46KB/1070KB, paused 250us total 4.366ms
I/art ( 2155): Counter: 1
I/art ( 2155): Explicit concurrent mark sweep GC freed 555(33KB) AllocSpace objects, 0(0B) LOS objects, 93% free, 67KB/1091KB, paused 87us total 3.031ms
I/art ( 2155): Explicit concurrent mark sweep GC freed 647(41KB) AllocSpace objects, 0(0B) LOS objects, 93% free, 75KB/1099KB, paused 72us total 4.536ms
I/art ( 2156): Explicit concurrent mark sweep GC freed 381(22KB) AllocSpace objects, 0(0B) LOS objects, 90% free, 102KB/1126KB, paused 183us total 5.704ms
I/art ( 2155): Explicit concurrent mark sweep GC freed 392(23KB) AllocSpace objects, 0(0B) LOS objects, 90% free, 105KB/1129KB, paused 157us total 6.371ms
E/Minikin ( 2155): addFont failed to create font /system/fonts/NotoSansGujarati-Regular.ttf
E/Minikin ( 2155): addFont failed to create font /system/fonts/NotoSansGujarati-Bold.ttf
E/Minikin ( 2155): addFont failed to create font /system/fonts/NotoSansGujaratiUI-Regular.ttf
E/Minikin ( 2155): addFont failed to create font /system/fonts/NotoSansGujaratiUI-Bold.ttf
E/Minikin ( 2156): addFont failed to create font /system/fonts/NotoSansGujarati-Regular.ttf
E/Minikin ( 2155): addFont failed to create font /system/fonts/NotoSansGurmukhi-Regular.ttf
E/Minikin ( 2156): addFont failed to create font /system/fonts/NotoSansGujarati-Bold.ttf
E/Minikin ( 2155): addFont failed to create font /system/fonts/NotoSansGurmukhi-Bold.ttf
E/Minikin ( 2156): addFont failed to create font /system/fonts/NotoSansGujaratiUI-Regular.ttf
E/Minikin ( 2155): addFont failed to create font /system/fonts/NotoSansGurmukhiUI-Regular.ttf
E/Minikin ( 2156): addFont failed to create font /system/fonts/NotoSansGujaratiUI-Bold.ttf
E/Minikin ( 2155): addFont failed to create font /system/fonts/NotoSansGurmukhiUI-Bold.ttf
E/Minikin ( 2156): addFont failed to create font /system/fonts/NotoSansGurmukhi-Regular.ttf
E/Minikin ( 2156): addFont failed to create font /system/fonts/NotoSansGurmukhi-Bold.ttf
E/Minikin ( 2156): addFont failed to create font /system/fonts/NotoSansGurmukhiUI-Regular.ttf
E/Minikin ( 2156): addFont failed to create font /system/fonts/NotoSansGurmukhiUI-Bold.ttf
E/sdcard ( 2158): missing packages.list; retrying
E/Minikin ( 2155): addFont failed to create font /system/fonts/NotoSansSinhala-Regular.ttf
E/Minikin ( 2156): addFont failed to create font /system/fonts/NotoSansSinhala-Regular.ttf
E/Minikin ( 2155): addFont failed to create font /system/fonts/NotoSansSinhala-Bold.ttf
E/Minikin ( 2156): addFont failed to create font /system/fonts/NotoSansSinhala-Bold.ttf
E/Minikin ( 2156): addFont failed to create font /system/fonts/NotoSansThaana-Regular.ttf
E/Minikin ( 2155): addFont failed to create font /system/fonts/NotoSansThaana-Regular.ttf
E/Minikin ( 2155): addFont failed to create font /system/fonts/NotoSansThaana-Bold.ttf
E/Minikin ( 2156): addFont failed to create font /system/fonts/NotoSansThaana-Bold.ttf
E/Minikin ( 2155): addFont failed to create font /system/fonts/NotoSansCham-Regular.ttf
E/Minikin ( 2156): addFont failed to create font /system/fonts/NotoSansCham-Regular.ttf
E/Minikin ( 2155): addFont failed to create font /system/fonts/NotoSansCham-Bold.ttf
E/Minikin ( 2156): addFont failed to create font /system/fonts/NotoSansCham-Bold.ttf
E/Minikin ( 2155): addFont failed to create font /system/fonts/NotoSansBalinese-Regular.ttf
E/Minikin ( 2156): addFont failed to create font /system/fonts/NotoSansBalinese-Regular.ttf
E/Minikin ( 2155): addFont failed to create font /system/fonts/NotoSansBatak-Regular.ttf
E/Minikin ( 2156): addFont failed to create font /system/fonts/NotoSansBatak-Regular.ttf
E/Minikin ( 2155): addFont failed to create font /system/fonts/NotoSansBuginese-Regular.ttf
E/Minikin ( 2156): addFont failed to create font /system/fonts/NotoSansBuginese-Regular.ttf
E/Minikin ( 2155): addFont failed to create font /system/fonts/NotoSansBuhid-Regular.ttf
E/Minikin ( 2156): addFont failed to create font /system/fonts/NotoSansBuhid-Regular.ttf
E/Minikin ( 2155): addFont failed to create font /system/fonts/NotoSansCanadianAboriginal-Regular.ttf
E/Minikin ( 2156): addFont failed to create font /system/fonts/NotoSansCanadianAboriginal-Regular.ttf
E/Minikin ( 2155): addFont failed to create font /system/fonts/NotoSansCherokee-Regular.ttf
E/Minikin ( 2156): addFont failed to create font /system/fonts/NotoSansCherokee-Regular.ttf
E/Minikin ( 2155): addFont failed to create font /system/fonts/NotoSansCoptic-Regular.ttf
E/Minikin ( 2156): addFont failed to create font /system/fonts/NotoSansCoptic-Regular.ttf
E/Minikin ( 2155): addFont failed to create font /system/fonts/NotoSansGlagolitic-Regular.ttf
E/Minikin ( 2156): addFont failed to create font /system/fonts/NotoSansGlagolitic-Regular.ttf
E/Minikin ( 2155): addFont failed to create font /system/fonts/NotoSansHanunoo-Regular.ttf
E/Minikin ( 2156): addFont failed to create font /system/fonts/NotoSansHanunoo-Regular.ttf
E/Minikin ( 2155): addFont failed to create font /system/fonts/NotoSansJavanese-Regular.ttf
E/Minikin ( 2156): addFont failed to create font /system/fonts/NotoSansJavanese-Regular.ttf
E/Minikin ( 2155): addFont failed to create font /system/fonts/NotoSansKayahLi-Regular.ttf
E/Minikin ( 2156): addFont failed to create font /system/fonts/NotoSansKayahLi-Regular.ttf
E/Minikin ( 2155): addFont failed to create font /system/fonts/NotoSansLepcha-Regular.ttf
E/Minikin ( 2156): addFont failed to create font /system/fonts/NotoSansLepcha-Regular.ttf
E/Minikin ( 2155): addFont failed to create font /system/fonts/NotoSansLimbu-Regular.ttf
E/Minikin ( 2156): addFont failed to create font /system/fonts/NotoSansLimbu-Regular.ttf
E/Minikin ( 2155): addFont failed to create font /system/fonts/NotoSansMeeteiMayek-Regular.ttf
E/Minikin ( 2156): addFont failed to create font /system/fonts/NotoSansMeeteiMayek-Regular.ttf
E/Minikin ( 2155): addFont failed to create font /system/fonts/NotoSansOlChiki-Regular.ttf
E/Minikin ( 2156): addFont failed to create font /system/fonts/NotoSansOlChiki-Regular.ttf
E/Minikin ( 2155): addFont failed to create font /system/fonts/NotoSansRejang-Regular.ttf
E/Minikin ( 2156): addFont failed to create font /system/fonts/NotoSansRejang-Regular.ttf
E/Minikin ( 2155): addFont failed to create font /system/fonts/NotoSansSaurashtra-Regular.ttf
E/Minikin ( 2156): addFont failed to create font /system/fonts/NotoSansSaurashtra-Regular.ttf
E/Minikin ( 2155): addFont failed to create font /system/fonts/NotoSansSundanese-Regular.ttf
E/Minikin ( 2156): addFont failed to create font /system/fonts/NotoSansSundanese-Regular.ttf
E/Minikin ( 2155): addFont failed to create font /system/fonts/NotoSansSylotiNagri-Regular.ttf
E/Minikin ( 2156): addFont failed to create font /system/fonts/NotoSansSylotiNagri-Regular.ttf
E/Minikin ( 2155): addFont failed to create font /system/fonts/NotoSansTagbanwa-Regular.ttf
E/Minikin ( 2156): addFont failed to create font /system/fonts/NotoSansTagbanwa-Regular.ttf
E/Minikin ( 2155): addFont failed to create font /system/fonts/NotoSansTaiTham-Regular.ttf
E/Minikin ( 2156): addFont failed to create font /system/fonts/NotoSansTaiTham-Regular.ttf
E/Minikin ( 2155): addFont failed to create font /system/fonts/NotoSansTaiViet-Regular.ttf
E/Minikin ( 2156): addFont failed to create font /system/fonts/NotoSansTaiViet-Regular.ttf
E/Minikin ( 2155): addFont failed to create font /system/fonts/NotoSansTifinagh-Regular.ttf
E/Minikin ( 2156): addFont failed to create font /system/fonts/NotoSansTifinagh-Regular.ttf
E/Minikin ( 2155): addFont failed to create font /system/fonts/NotoSansYi-Regular.ttf
E/Minikin ( 2156): addFont failed to create font /system/fonts/NotoSansYi-Regular.ttf
E/Minikin ( 2155): addFont failed to create font /system/fonts/Lohit-Odia.ttf
E/Minikin ( 2156): addFont failed to create font /system/fonts/Lohit-Odia.ttf
E/Minikin ( 2155): addFont failed to create font /system/fonts/NotoSansHans-Regular.otf
E/Minikin ( 2156): addFont failed to create font /system/fonts/NotoSansHans-Regular.otf
E/Minikin ( 2155): addFont failed to create font /system/fonts/NotoSansHant-Regular.otf
E/Minikin ( 2156): addFont failed to create font /system/fonts/NotoSansHant-Regular.otf
E/Minikin ( 2155): addFont failed to create font /system/fonts/NotoSansJP-Regular.otf
E/Minikin ( 2156): addFont failed to create font /system/fonts/NotoSansJP-Regular.otf
E/Minikin ( 2155): addFont failed to create font /system/fonts/NotoSansKR-Regular.otf
E/Minikin ( 2156): addFont failed to create font /system/fonts/NotoSansKR-Regular.otf
E/Minikin ( 2155): addFont failed to create font /system/fonts/NotoSansTaiLe-Regular.ttf
E/Minikin ( 2156): addFont failed to create font /system/fonts/NotoSansTaiLe-Regular.ttf
I/art ( 2155): Explicit concurrent mark sweep GC freed 1798(129KB) AllocSpace objects, 0(0B) LOS objects, 89% free, 116KB/1140KB, paused 76us total 3.032ms
I/art ( 2156): Explicit concurrent mark sweep GC freed 1798(129KB) AllocSpace objects, 0(0B) LOS objects, 90% free, 113KB/1137KB, paused 170us total 6.228ms
I/art ( 2155): Explicit concurrent mark sweep GC freed 1933(92KB) AllocSpace objects, 0(0B) LOS objects, 86% free, 161KB/1185KB, paused 97us total 6.306ms
I/art ( 2156): Explicit concurrent mark sweep GC freed 1933(92KB) AllocSpace objects, 0(0B) LOS objects, 86% free, 154KB/1178KB, paused 126us total 6.227ms
I/art ( 2155): Explicit concurrent mark sweep GC freed 664(29KB) AllocSpace objects, 0(0B) LOS objects, 84% free, 181KB/1205KB, paused 98us total 5.855ms
I/art ( 2156): Explicit concurrent mark sweep GC freed 1986(88KB) AllocSpace objects, 0(0B) LOS objects, 84% free, 189KB/1213KB, paused 145us total 6.906ms
I/art ( 2155): Explicit concurrent mark sweep GC freed 1327(58KB) AllocSpace objects, 0(0B) LOS objects, 83% free, 199KB/1223KB, paused 93us total 5.354ms
I/art ( 2155): Explicit concurrent mark sweep GC freed 371(19KB) AllocSpace objects, 0(0B) LOS objects, 81% free, 235KB/1259KB, paused 93us total 5.734ms
I/art ( 2156): Explicit concurrent mark sweep GC freed 371(19KB) AllocSpace objects, 0(0B) LOS objects, 82% free, 222KB/1246KB, paused 146us total 6.932ms
I/art ( 2156): Thread[1,tid=2156,WaitingForJniOnLoad,Thread*=0xf3c25800,peer=0x12c31100,"main"] recursive attempt to load library "/system/lib/libmedia_jni.so"
D/MtpDeviceJNI( 2156): register_android_mtp_MtpDevice
I/art ( 2156): Thread[1,tid=2156,WaitingForJniOnLoad,Thread*=0xf3c25800,peer=0x12c31100,"main"] recursive attempt to load library "/system/lib/libmedia_jni.so"
I/art ( 2156): Thread[1,tid=2156,WaitingForJniOnLoad,Thread*=0xf3c25800,peer=0x12c31100,"main"] recursive attempt to load library "/system/lib/libmedia_jni.so"
I/art ( 2156): Explicit concurrent mark sweep GC freed 661(37KB) AllocSpace objects, 0(0B) LOS objects, 80% free, 245KB/1269KB, paused 120us total 6.370ms
I/art ( 2156): Explicit concurrent mark sweep GC freed 578(29KB) AllocSpace objects, 0(0B) LOS objects, 79% free, 265KB/1289KB, paused 110us total 5.422ms
I/art ( 2156): Explicit concurrent mark sweep GC freed 470(27KB) AllocSpace objects, 0(0B) LOS objects, 77% free, 304KB/1328KB, paused 111us total 3.894ms
I/art ( 2156): Explicit concurrent mark sweep GC freed 1788(104KB) AllocSpace objects, 0(0B) LOS objects, 69% free, 453KB/1477KB, paused 99us total 5.078ms
E/EmojiFactory_jni( 2156): Failed to load libemoji.so: dlopen failed: library "libemoji.so" not found
I/art ( 2155): Thread[1,tid=2155,WaitingForJniOnLoad,Thread*=0x7f8f09c95000,peer=0x12c310a0,"main"] recursive attempt to load library "/system/lib64/libmedia_jni.so"
D/MtpDeviceJNI( 2155): register_android_mtp_MtpDevice
I/art ( 2155): Thread[1,tid=2155,WaitingForJniOnLoad,Thread*=0x7f8f09c95000,peer=0x12c310a0,"main"] recursive attempt to load library "/system/lib64/libmedia_jni.so"
I/art ( 2155): Thread[1,tid=2155,WaitingForJniOnLoad,Thread*=0x7f8f09c95000,peer=0x12c310a0,"main"] recursive attempt to load library "/system/lib64/libmedia_jni.so"
I/art ( 2156): Explicit concurrent mark sweep GC freed 350(45KB) AllocSpace objects, 0(0B) LOS objects, 57% free, 750KB/1774KB, paused 130us total 8.025ms
I/art ( 2155): Explicit concurrent mark sweep GC freed 641(36KB) AllocSpace objects, 0(0B) LOS objects, 80% free, 247KB/1271KB, paused 72us total 4.730ms
I/art ( 2156): Explicit concurrent mark sweep GC freed 438(30KB) AllocSpace objects, 0(0B) LOS objects, 57% free, 769KB/1793KB, paused 114us total 6.491ms
I/art ( 2156): Explicit concurrent mark sweep GC freed 780(49KB) AllocSpace objects, 0(0B) LOS objects, 57% free, 769KB/1793KB, paused 117us total 6.094ms
I/art ( 2155): Explicit concurrent mark sweep GC freed 429(20KB) AllocSpace objects, 0(0B) LOS objects, 78% free, 275KB/1299KB, paused 85us total 4.820ms
I/art ( 2156): Explicit concurrent mark sweep GC freed 956(105KB) AllocSpace objects, 0(0B) LOS objects, 55% free, 812KB/1836KB, paused 105us total 8.032ms
I/art ( 2155): Explicit concurrent mark sweep GC freed 579(32KB) AllocSpace objects, 0(0B) LOS objects, 77% free, 303KB/1327KB, paused 215us total 13.247ms
I/art ( 2156): Explicit concurrent mark sweep GC freed 597(42KB) AllocSpace objects, 0(0B) LOS objects, 55% free, 819KB/1843KB, paused 113us total 5.525ms
I/art ( 2156): Explicit concurrent mark sweep GC freed 265(20KB) AllocSpace objects, 0(0B) LOS objects, 54% free, 847KB/1871KB, paused 118us total 5.496ms
I/art ( 2156): WaitForGcToComplete blocked for 10.482ms for cause Explicit
I/art ( 2155): Explicit concurrent mark sweep GC freed 1848(108KB) AllocSpace objects, 0(0B) LOS objects, 68% free, 468KB/1492KB, paused 108us total 7.802ms
E/EmojiFactory_jni( 2155): Failed to load libemoji.so: dlopen failed: library "libemoji.so" not found
I/art ( 2156): Explicit concurrent mark sweep GC freed 14(640B) AllocSpace objects, 0(0B) LOS objects, 45% free, 1226KB/2MB, paused 132us total 7.394ms
I/art ( 2156): Explicit concurrent mark sweep GC freed 572(33KB) AllocSpace objects, 0(0B) LOS objects, 45% free, 1242KB/2MB, paused 133us total 7.679ms
I/art ( 2155): Explicit concurrent mark sweep GC freed 350(45KB) AllocSpace objects, 0(0B) LOS objects, 57% free, 766KB/1790KB, paused 81us total 7.271ms
I/art ( 2156): Explicit concurrent mark sweep GC freed 741(45KB) AllocSpace objects, 0(0B) LOS objects, 45% free, 1246KB/2MB, paused 135us total 7.370ms
I/art ( 2155): Explicit concurrent mark sweep GC freed 438(30KB) AllocSpace objects, 0(0B) LOS objects, 56% free, 785KB/1809KB, paused 70us total 5.001ms
I/art ( 2155): Explicit concurrent mark sweep GC freed 780(49KB) AllocSpace objects, 0(0B) LOS objects, 56% free, 785KB/1809KB, paused 69us total 5.087ms
I/art ( 2155): Explicit concurrent mark sweep GC freed 956(105KB) AllocSpace objects, 0(0B) LOS objects, 55% free, 830KB/1854KB, paused 71us total 7.011ms
I/art ( 2155): Explicit concurrent mark sweep GC freed 597(42KB) AllocSpace objects, 0(0B) LOS objects, 55% free, 837KB/1861KB, paused 64us total 4.230ms
I/System ( 2156): Loaded time zone names for "" in 68ms (66ms in ICU)
I/art ( 2155): Explicit concurrent mark sweep GC freed 265(20KB) AllocSpace objects, 0(0B) LOS objects, 54% free, 865KB/1889KB, paused 120us total 7.745ms
I/art ( 2155): Explicit concurrent mark sweep GC freed 81(3KB) AllocSpace objects, 0(0B) LOS objects, 45% free, 1244KB/2MB, paused 121us total 5.816ms
I/System ( 2156): Loaded time zone names for "en_US" in 40ms (38ms in ICU)
I/art ( 2155): Explicit concurrent mark sweep GC freed 564(32KB) AllocSpace objects, 0(0B) LOS objects, 44% free, 1260KB/2MB, paused 81us total 5.508ms
I/art ( 2155): Explicit concurrent mark sweep GC freed 734(45KB) AllocSpace objects, 0(0B) LOS objects, 44% free, 1264KB/2MB, paused 67us total 5.534ms
I/art ( 2156): Explicit concurrent mark sweep GC freed 2345(178KB) AllocSpace objects, 0(0B) LOS objects, 42% free, 1404KB/2MB, paused 250us total 15.261ms
I/art ( 2156): Explicit concurrent mark sweep GC freed 136(12KB) AllocSpace objects, 0(0B) LOS objects, 41% free, 1469KB/2MB, paused 202us total 11.984ms
I/System ( 2155): Loaded time zone names for "" in 32ms (31ms in ICU)
I/art ( 2156): Explicit concurrent mark sweep GC freed 288(24KB) AllocSpace objects, 0(0B) LOS objects, 40% free, 1515KB/2MB, paused 172us total 11.701ms
I/System ( 2155): Loaded time zone names for "en_US" in 22ms (21ms in ICU)
I/art ( 2156): Explicit concurrent mark sweep GC freed 679(47KB) AllocSpace objects, 0(0B) LOS objects, 40% free, 1517KB/2MB, paused 155us total 9.693ms
I/Zygote ( 2156): ...preloaded 3005 classes in 1814ms.
I/art ( 2156): VMRuntime.preloadDexCaches starting
I/art ( 2155): Explicit concurrent mark sweep GC freed 2359(179KB) AllocSpace objects, 0(0B) LOS objects, 41% free, 1423KB/2MB, paused 66us total 5.950ms
I/art ( 2155): Explicit concurrent mark sweep GC freed 136(12KB) AllocSpace objects, 0(0B) LOS objects, 40% free, 1488KB/2MB, paused 67us total 5.564ms
I/art ( 2155): Explicit concurrent mark sweep GC freed 288(24KB) AllocSpace objects, 0(0B) LOS objects, 39% free, 1540KB/2MB, paused 66us total 6.103ms
I/art ( 2155): Explicit concurrent mark sweep GC freed 679(47KB) AllocSpace objects, 0(0B) LOS objects, 39% free, 1542KB/2MB, paused 82us total 7.317ms
I/Zygote ( 2155): ...preloaded 3005 classes in 1735ms.
I/art ( 2155): VMRuntime.preloadDexCaches starting
I/art ( 2156): VMRuntime.preloadDexCaches strings total=214528 before=39070 after=39070
I/art ( 2156): VMRuntime.preloadDexCaches types total=18384 before=6368 after=6406
I/art ( 2156): VMRuntime.preloadDexCaches fields total=85566 before=32300 after=32634
I/art ( 2156): VMRuntime.preloadDexCaches methods total=151647 before=66751 after=67652
I/art ( 2156): VMRuntime.preloadDexCaches finished
I/art ( 2156): Counter: 0
I/art ( 2156): Counter: 1
I/art ( 2156): Explicit concurrent mark sweep GC freed 61(15KB) AllocSpace objects, 0(0B) LOS objects, 40% free, 1502KB/2MB, paused 108us total 9.403ms
D/idmap ( 2451): error: no read access to /vendor/overlay: No such file or directory
I/art ( 2155): VMRuntime.preloadDexCaches strings total=214528 before=39070 after=39070
I/art ( 2155): VMRuntime.preloadDexCaches types total=18384 before=6368 after=6406
I/art ( 2155): VMRuntime.preloadDexCaches fields total=85566 before=32300 after=32634
I/art ( 2155): VMRuntime.preloadDexCaches methods total=151647 before=66751 after=67652
I/art ( 2155): VMRuntime.preloadDexCaches finished
I/art ( 2155): Counter: 0
I/art ( 2155): Counter: 1
I/art ( 2155): Explicit concurrent mark sweep GC freed 61(15KB) AllocSpace objects, 0(0B) LOS objects, 40% free, 1528KB/2MB, paused 64us total 8.507ms
D/idmap ( 2452): error: no read access to /vendor/overlay: No such file or directory
I/Zygote ( 2155): Preloading resources...
I/Zygote ( 2156): Preloading resources...
I/art ( 2155): Explicit concurrent mark sweep GC freed 86(3KB) AllocSpace objects, 0(0B) LOS objects, 40% free, 1576KB/2MB, paused 130us total 10.759ms
I/art ( 2155): Explicit concurrent mark sweep GC freed 89(4KB) AllocSpace objects, 0(0B) LOS objects, 39% free, 1623KB/2MB, paused 114us total 8.842ms
I/art ( 2156): Explicit concurrent mark sweep GC freed 86(3KB) AllocSpace objects, 0(0B) LOS objects, 39% free, 1551KB/2MB, paused 429us total 25.816ms
I/art ( 2156): Explicit concurrent mark sweep GC freed 89(4KB) AllocSpace objects, 0(0B) LOS objects, 40% free, 1597KB/2MB, paused 183us total 11.789ms
I/art ( 2155): Explicit concurrent mark sweep GC freed 115(5KB) AllocSpace objects, 0(0B) LOS objects, 39% free, 1667KB/2MB, paused 129us total 9.398ms
I/art ( 2156): Explicit concurrent mark sweep GC freed 122(5KB) AllocSpace objects, 0(0B) LOS objects, 39% free, 1646KB/2MB, paused 159us total 9.588ms
I/art ( 2155): Explicit concurrent mark sweep GC freed 99(4KB) AllocSpace objects, 0(0B) LOS objects, 39% free, 1712KB/2MB, paused 238us total 14.175ms
I/art ( 2156): Explicit concurrent mark sweep GC freed 101(4KB) AllocSpace objects, 0(0B) LOS objects, 39% free, 1691KB/2MB, paused 145us total 8.631ms
I/art ( 2156): Explicit concurrent mark sweep GC freed 93(4KB) AllocSpace objects, 0(0B) LOS objects, 40% free, 1735KB/2MB, paused 137us total 7.999ms
I/art ( 2155): Explicit concurrent mark sweep GC freed 94(4KB) AllocSpace objects, 0(0B) LOS objects, 39% free, 1757KB/2MB, paused 209us total 19.315ms
I/art ( 2156): Explicit concurrent mark sweep GC freed 103(4KB) AllocSpace objects, 0(0B) LOS objects, 39% free, 1782KB/2MB, paused 143us total 13.006ms
I/art ( 2155): Explicit concurrent mark sweep GC freed 102(4KB) AllocSpace objects, 0(0B) LOS objects, 39% free, 1803KB/2MB, paused 179us total 14.290ms
I/art ( 2156): Explicit concurrent mark sweep GC freed 112(5KB) AllocSpace objects, 0(0B) LOS objects, 39% free, 1826KB/2MB, paused 122us total 7.215ms
I/art ( 2156): Explicit concurrent mark sweep GC freed 117(5KB) AllocSpace objects, 0(0B) LOS objects, 39% free, 1873KB/3MB, paused 134us total 8.027ms
I/art ( 2155): Explicit concurrent mark sweep GC freed 112(5KB) AllocSpace objects, 0(0B) LOS objects, 39% free, 1848KB/3MB, paused 141us total 11.841ms
I/art ( 2156): Explicit concurrent mark sweep GC freed 108(5KB) AllocSpace objects, 0(0B) LOS objects, 39% free, 1921KB/3MB, paused 118us total 6.984ms
I/art ( 2155): Explicit concurrent mark sweep GC freed 118(5KB) AllocSpace objects, 0(0B) LOS objects, 39% free, 1896KB/3MB, paused 117us total 10.285ms
I/art ( 2156): Explicit concurrent mark sweep GC freed 147(6KB) AllocSpace objects, 0(0B) LOS objects, 40% free, 1992KB/3MB, paused 129us total 7.939ms
I/art ( 2155): Explicit concurrent mark sweep GC freed 108(5KB) AllocSpace objects, 0(0B) LOS objects, 39% free, 1944KB/3MB, paused 102us total 8.736ms
I/art ( 2156): Explicit concurrent mark sweep GC freed 136(5KB) AllocSpace objects, 0(0B) LOS objects, 39% free, 2036KB/3MB, paused 139us total 8.064ms
I/art ( 2155): Explicit concurrent mark sweep GC freed 153(6KB) AllocSpace objects, 0(0B) LOS objects, 40% free, 2019KB/3MB, paused 127us total 7.575ms
I/art ( 2155): Explicit concurrent mark sweep GC freed 138(6KB) AllocSpace objects, 0(0B) LOS objects, 39% free, 2MB/3MB, paused 77us total 6.799ms
I/art ( 2156): Explicit concurrent mark sweep GC freed 84(7KB) AllocSpace objects, 0(0B) LOS objects, 40% free, 2MB/3MB, paused 144us total 7.955ms
I/art ( 2155): Explicit concurrent mark sweep GC freed 84(7KB) AllocSpace objects, 0(0B) LOS objects, 39% free, 2MB/3MB, paused 85us total 6.773ms
I/art ( 2155): Explicit concurrent mark sweep GC freed 112(4KB) AllocSpace objects, 0(0B) LOS objects, 40% free, 2MB/3MB, paused 83us total 6.966ms
I/art ( 2156): Explicit concurrent mark sweep GC freed 112(4KB) AllocSpace objects, 0(0B) LOS objects, 39% free, 2MB/3MB, paused 132us total 7.992ms
I/art ( 2155): Explicit concurrent mark sweep GC freed 135(5KB) AllocSpace objects, 0(0B) LOS objects, 39% free, 2MB/3MB, paused 96us total 6.163ms
I/art ( 2156): Explicit concurrent mark sweep GC freed 135(5KB) AllocSpace objects, 0(0B) LOS objects, 40% free, 2MB/3MB, paused 127us total 7.542ms
I/art ( 2155): Explicit concurrent mark sweep GC freed 62(2752B) AllocSpace objects, 0(0B) LOS objects, 39% free, 2MB/3MB, paused 73us total 6.720ms
I/art ( 2156): Explicit concurrent mark sweep GC freed 62(2752B) AllocSpace objects, 0(0B) LOS objects, 39% free, 2MB/3MB, paused 134us total 7.489ms
I/art ( 2155): Explicit concurrent mark sweep GC freed 111(4KB) AllocSpace objects, 0(0B) LOS objects, 40% free, 2MB/4MB, paused 78us total 6.150ms
I/art ( 2156): Explicit concurrent mark sweep GC freed 111(4KB) AllocSpace objects, 0(0B) LOS objects, 39% free, 2MB/4MB, paused 130us total 7.359ms
I/art ( 2155): Explicit concurrent mark sweep GC freed 206(9KB) AllocSpace objects, 0(0B) LOS objects, 40% free, 2MB/4MB, paused 75us total 6.343ms
I/art ( 2156): Explicit concurrent mark sweep GC freed 206(9KB) AllocSpace objects, 0(0B) LOS objects, 40% free, 2MB/4MB, paused 120us total 7.135ms
I/art ( 2155): Explicit concurrent mark sweep GC freed 370(16KB) AllocSpace objects, 0(0B) LOS objects, 40% free, 2MB/4MB, paused 76us total 6.303ms
I/art ( 2156): Explicit concurrent mark sweep GC freed 370(16KB) AllocSpace objects, 0(0B) LOS objects, 39% free, 2MB/4MB, paused 150us total 7.468ms
I/art ( 2155): Explicit concurrent mark sweep GC freed 214(9KB) AllocSpace objects, 0(0B) LOS objects, 39% free, 2MB/4MB, paused 81us total 6.729ms
I/art ( 2156): Explicit concurrent mark sweep GC freed 214(9KB) AllocSpace objects, 0(0B) LOS objects, 40% free, 2MB/4MB, paused 132us total 7.157ms
I/art ( 2155): Explicit concurrent mark sweep GC freed 112(6KB) AllocSpace objects, 0(0B) LOS objects, 39% free, 2MB/4MB, paused 80us total 6.456ms
I/art ( 2156): Explicit concurrent mark sweep GC freed 112(6KB) AllocSpace objects, 0(0B) LOS objects, 40% free, 2MB/4MB, paused 129us total 7.082ms
I/art ( 2155): Explicit concurrent mark sweep GC freed 113(5KB) AllocSpace objects, 0(0B) LOS objects, 39% free, 2MB/4MB, paused 95us total 7.091ms
I/art ( 2156): Explicit concurrent mark sweep GC freed 113(5KB) AllocSpace objects, 0(0B) LOS objects, 39% free, 2MB/4MB, paused 126us total 7.229ms
I/art ( 2155): Explicit concurrent mark sweep GC freed 49(8KB) AllocSpace objects, 0(0B) LOS objects, 40% free, 2MB/4MB, paused 87us total 7.223ms
I/art ( 2156): Explicit concurrent mark sweep GC freed 49(8KB) AllocSpace objects, 0(0B) LOS objects, 39% free, 2MB/4MB, paused 129us total 7.188ms
I/art ( 2155): Explicit concurrent mark sweep GC freed 101(4KB) AllocSpace objects, 0(0B) LOS objects, 39% free, 2MB/4MB, paused 107us total 6.878ms
I/art ( 2156): Explicit concurrent mark sweep GC freed 101(4KB) AllocSpace objects, 0(0B) LOS objects, 39% free, 2MB/4MB, paused 126us total 7.007ms
I/art ( 2155): Explicit concurrent mark sweep GC freed 105(4KB) AllocSpace objects, 0(0B) LOS objects, 39% free, 2MB/4MB, paused 83us total 6.790ms
I/art ( 2156): Explicit concurrent mark sweep GC freed 105(4KB) AllocSpace objects, 0(0B) LOS objects, 40% free, 2MB/4MB, paused 128us total 7.040ms
I/art ( 2155): Explicit concurrent mark sweep GC freed 99(4KB) AllocSpace objects, 0(0B) LOS objects, 40% free, 2MB/4MB, paused 81us total 6.661ms
I/art ( 2156): Explicit concurrent mark sweep GC freed 99(4KB) AllocSpace objects, 0(0B) LOS objects, 39% free, 2MB/4MB, paused 143us total 7.157ms
I/art ( 2155): Explicit concurrent mark sweep GC freed 172(7KB) AllocSpace objects, 0(0B) LOS objects, 40% free, 2MB/4MB, paused 78us total 6.584ms
I/art ( 2156): Explicit concurrent mark sweep GC freed 172(7KB) AllocSpace objects, 0(0B) LOS objects, 39% free, 2MB/4MB, paused 124us total 7.342ms
I/art ( 2155): Explicit concurrent mark sweep GC freed 417(18KB) AllocSpace objects, 0(0B) LOS objects, 39% free, 3MB/5MB, paused 82us total 6.897ms
I/art ( 2156): Explicit concurrent mark sweep GC freed 417(18KB) AllocSpace objects, 0(0B) LOS objects, 40% free, 3MB/5MB, paused 149us total 7.968ms
I/art ( 2155): Explicit concurrent mark sweep GC freed 363(16KB) AllocSpace objects, 0(0B) LOS objects, 39% free, 3MB/5MB, paused 91us total 7.099ms
I/art ( 2155): Explicit concurrent mark sweep GC freed 174(8KB) AllocSpace objects, 0(0B) LOS objects, 40% free, 3MB/5MB, paused 87us total 6.791ms
I/art ( 2156): Explicit concurrent mark sweep GC freed 363(16KB) AllocSpace objects, 0(0B) LOS objects, 40% free, 3MB/5MB, paused 173us total 10.002ms
I/art ( 2155): Explicit concurrent mark sweep GC freed 515(19KB) AllocSpace objects, 0(0B) LOS objects, 40% free, 3MB/5MB, paused 86us total 6.852ms
I/art ( 2156): Explicit concurrent mark sweep GC freed 174(8KB) AllocSpace objects, 0(0B) LOS objects, 39% free, 3MB/5MB, paused 159us total 9.164ms
I/art ( 2155): Explicit concurrent mark sweep GC freed 353(14KB) AllocSpace objects, 0(0B) LOS objects, 39% free, 3MB/5MB, paused 87us total 6.843ms
I/art ( 2156): Explicit concurrent mark sweep GC freed 515(19KB) AllocSpace objects, 0(0B) LOS objects, 39% free, 3MB/5MB, paused 143us total 8.512ms
I/art ( 2155): Explicit concurrent mark sweep GC freed 1153(40KB) AllocSpace objects, 0(0B) LOS objects, 39% free, 3MB/5MB, paused 85us total 6.974ms
I/art ( 2155): Explicit concurrent mark sweep GC freed 1499(50KB) AllocSpace objects, 0(0B) LOS objects, 39% free, 3MB/5MB, paused 87us total 7.015ms
I/art ( 2156): Explicit concurrent mark sweep GC freed 353(14KB) AllocSpace objects, 0(0B) LOS objects, 39% free, 3MB/5MB, paused 140us total 7.989ms
I/art ( 2155): Explicit concurrent mark sweep GC freed 1381(49KB) AllocSpace objects, 0(0B) LOS objects, 39% free, 3MB/5MB, paused 87us total 7.104ms
I/art ( 2156): Explicit concurrent mark sweep GC freed 1153(40KB) AllocSpace objects, 0(0B) LOS objects, 39% free, 3MB/5MB, paused 132us total 7.758ms
I/art ( 2156): Explicit concurrent mark sweep GC freed 1499(50KB) AllocSpace objects, 0(0B) LOS objects, 39% free, 3MB/5MB, paused 133us total 7.815ms
I/art ( 2155): Explicit concurrent mark sweep GC freed 1453(56KB) AllocSpace objects, 0(0B) LOS objects, 39% free, 3MB/5MB, paused 84us total 8.367ms
I/art ( 2156): Explicit concurrent mark sweep GC freed 1381(49KB) AllocSpace objects, 0(0B) LOS objects, 39% free, 3MB/5MB, paused 135us total 7.784ms
I/art ( 2155): Explicit concurrent mark sweep GC freed 603(27KB) AllocSpace objects, 0(0B) LOS objects, 39% free, 3MB/5MB, paused 86us total 7.268ms
I/art ( 2155): Explicit concurrent mark sweep GC freed 344(20KB) AllocSpace objects, 0(0B) LOS objects, 39% free, 3MB/6MB, paused 86us total 7.260ms
I/art ( 2156): Explicit concurrent mark sweep GC freed 1453(56KB) AllocSpace objects, 0(0B) LOS objects, 39% free, 3MB/5MB, paused 135us total 9.259ms
I/art ( 2156): Explicit concurrent mark sweep GC freed 603(27KB) AllocSpace objects, 0(0B) LOS objects, 39% free, 3MB/5MB, paused 135us total 7.886ms
I/art ( 2155): Explicit concurrent mark sweep GC freed 384(17KB) AllocSpace objects, 0(0B) LOS objects, 39% free, 3MB/6MB, paused 89us total 7.400ms
I/Zygote ( 2155): ...preloaded 343 resources in 614ms.
I/art ( 2156): Explicit concurrent mark sweep GC freed 344(20KB) AllocSpace objects, 0(0B) LOS objects, 39% free, 3MB/6MB, paused 137us total 7.912ms
I/art ( 2155): Explicit concurrent mark sweep GC freed 639(39KB) AllocSpace objects, 0(0B) LOS objects, 39% free, 3MB/6MB, paused 88us total 7.556ms
I/Zygote ( 2155): ...preloaded 41 resources in 13ms.
I/art ( 2155): Counter: 0
D/libEGL ( 2155): loaded /system/lib64/egl/libGLES_mesa.so
I/art ( 2156): Explicit concurrent mark sweep GC freed 384(17KB) AllocSpace objects, 0(0B) LOS objects, 39% free, 3MB/6MB, paused 163us total 8.631ms
I/Zygote ( 2156): ...preloaded 343 resources in 646ms.
I/Zygote ( 2155): Preloading shared libraries...
I/art ( 2156): Explicit concurrent mark sweep GC freed 639(39KB) AllocSpace objects, 0(0B) LOS objects, 39% free, 3MB/6MB, paused 135us total 8.208ms
I/Zygote ( 2156): ...preloaded 41 resources in 15ms.
I/art ( 2156): Counter: 0
D/Zygote ( 2155): end preload
I/art ( 2155): Explicit concurrent mark sweep GC freed 450(20KB) AllocSpace objects, 0(0B) LOS objects, 39% free, 3MB/6MB, paused 100us total 7.826ms
W/linker ( 2156): libglapi.so has text relocations. This is wasting memory and prevents security hardening. Please fix.
D/libEGL ( 2156): loaded /system/lib/egl/libGLES_mesa.so
I/art ( 2155): Explicit concurrent mark sweep GC freed 389(16KB) AllocSpace objects, 0(0B) LOS objects, 39% free, 3MB/6MB, paused 99us total 8.240ms
I/art ( 2155): Explicit concurrent mark sweep GC freed 5(160B) AllocSpace objects, 0(0B) LOS objects, 39% free, 3MB/6MB, paused 85us total 7.251ms
I/Zygote ( 2156): Preloading shared libraries...
D/Zygote ( 2156): end preload
I/art ( 2156): Explicit concurrent mark sweep GC freed 450(20KB) AllocSpace objects, 0(0B) LOS objects, 39% free, 3MB/6MB, paused 144us total 9.042ms
I/Zygote ( 2155): System server process 2453 has been created
I/Zygote ( 2155): Accepting command socket connections
I/art ( 2156): Explicit concurrent mark sweep GC freed 389(16KB) AllocSpace objects, 0(0B) LOS objects, 39% free, 3MB/6MB, paused 172us total 8.913ms
I/art ( 2156): Explicit concurrent mark sweep GC freed 5(160B) AllocSpace objects, 0(0B) LOS objects, 39% free, 3MB/6MB, paused 158us total 8.887ms
I/Zygote ( 2156): Accepting command socket connections
I/Zygote ( 2453): Process: zygote socket opened, supported ABIS: x86
I/art ( 2453): DexFile_isDexOptNeeded file /system/framework/x86_64/services.odex needs to be relocated for /system/framework/services.jar
I/InstallerConnection( 2453): connecting...
I/installd( 2151): new connection
E/installd( 2469): Running /system/bin/patchoat isa=x86_64 in-fd=5 (/system/framework/x86_64/services.odex) out-fd=6 (/data/dalvik-cache/x86_64/system@framework@services.jar@classes.dex)
I/art ( 2453): DexFile_isDexOptNeeded file /system/framework/x86_64/ethernet-service.odex needs to be relocated for /system/framework/ethernet-service.jar
E/installd( 2470): Running /system/bin/patchoat isa=x86_64 in-fd=5 (/system/framework/x86_64/ethernet-service.odex) out-fd=6 (/data/dalvik-cache/x86_64/system@framework@ethernet-service.jar@classes.dex)
I/art ( 2453): DexFile_isDexOptNeeded file /system/framework/x86_64/wifi-service.odex needs to be relocated for /system/framework/wifi-service.jar
E/installd( 2471): Running /system/bin/patchoat isa=x86_64 in-fd=5 (/system/framework/x86_64/wifi-service.odex) out-fd=6 (/data/dalvik-cache/x86_64/system@framework@wifi-service.jar@classes.dex)
