E/Vold ( 2141): Failed to find mounted volume for /storage/usb1/Android/data/com.android.camera2/files/
W/Vold ( 2141): Returning OperationFailed - no handler for errno 0
W/ContextImpl( 3585): Failed to ensure directory: /storage/usb1/Android/data/com.android.camera2/files
E/Vold ( 2141): Failed to find mounted volume for /storage/usb2/Android/data/com.android.camera2/files/
W/Vold ( 2141): Returning OperationFailed - no handler for errno 0
W/ContextImpl( 3585): Failed to ensure directory: /storage/usb2/Android/data/com.android.camera2/files
E/Vold ( 2141): Failed to find mounted volume for /storage/usb3/Android/data/com.android.camera2/files/
W/Vold ( 2141): Returning OperationFailed - no handler for errno 0
W/ContextImpl( 3585): Failed to ensure directory: /storage/usb3/Android/data/com.android.camera2/files
E/Vold ( 2141): Failed to find mounted volume for /storage/sdcard1/Android/data/com.android.camera2/files/
W/Vold ( 2141): Returning OperationFailed - no handler for errno 0
W/ContextImpl( 3585): Failed to ensure directory: /storage/sdcard1/Android/data/com.android.camera2/files
D/CAM_MemoryManagerImpl( 3585): Max native memory: 358 MB
I/CAM_DisableCamRcver( 3585): no back camera
I/CAM_DisableCamRcver( 3585): disable all camera activities
I/ActivityManager( 2453): Start proc 3605:com.android.deskclock/u0a26 for broadcast com.android.deskclock/.AlarmInitReceiver
V/AlarmClock( 3605): AlarmInitReceiver android.intent.action.BOOT_COMPLETED
I/art ( 2453): Explicit concurrent mark sweep GC freed 20510(1250KB) AllocSpace objects, 7(112KB) LOS objects, 33% free, 8MB/12MB, paused 841us total 81.299ms
V/AlarmClock( 3605): AlarmInitReceiver - Reset timers and clear stopwatch data
V/AlarmClock( 3605): AlarmInitReceiver - resetting volume button default
I/AlarmClock( 3605): Alarms Table created
I/AlarmClock( 3605): Instance table created
I/AlarmClock( 3605): Cities table created
I/AlarmClock( 3605): Inserting default alarms
V/AlarmClock( 3605): AlarmInitReceiver finished
I/G:DisableCameraReceiver( 3283): no back camera
I/G:DisableCameraReceiver( 3283): disable all camera activities
I/SystemBroadcastReceiver( 2899): Boot has been completed
I/LauncherIconVisibilityManager( 2899): Disable activity: ComponentInfo{com.android.inputmethod.latin/com.android.inputmethod.latin.setup.SetupActivity}
I/Email ( 3158): Onetime initialization: 1
I/Email ( 3158): Onetime initialization: 2
I/Email ( 3158): Onetime initialization: completed.
D/SIP ( 2921): [SipSharedPreferences] isReceivingCallsEnabled, option not set; use default value, exception: android.provider.Settings$SettingNotFoundException: sip_receive_calls
I/Exchange( 3049): EasService.onCreate
I/Exchange( 3049): RestartPingTask
V/Mms ( 3529): onStart: #1 mResultCode: -1 = Activity.RESULT_OK
I/Exchange( 3049): RestartPingsTask did not start any pings.
I/Exchange( 3049): PSS stopIfIdle
I/Exchange( 3049): PSS has no active accounts; stopping service.
I/Exchange( 3049): onDestroy
I/CalendarProvider2( 3486): Sending notification intent: Intent { act=android.intent.action.PROVIDER_CHANGED dat=content://com.android.calendar }
W/ContentResolver( 3486): Failed to get type for: content://com.android.calendar (Unknown URL content://com.android.calendar)
D/AlertReceiver( 3458): onReceive: a=android.intent.action.PROVIDER_CHANGED Intent { act=android.intent.action.PROVIDER_CHANGED dat=content://com.android.calendar flg=0x10 cmp=com.android.calendar/.alerts.AlertReceiver }
D/AlertService( 3458): 0 Action = android.intent.action.PROVIDER_CHANGED
E/MetadataRetrieverClient( 2150): failed to extract an album art
W/BackupManagerService( 2453): dataChanged but no participant pkg='com.android.providers.settings' uid=10005
E/MetadataRetrieverClient( 2150): failed to extract an album art
E/MetadataRetrieverClient( 2150): failed to extract an album art
W/MediaScanner( 3079): Error opening directory '/oem/media/', skipping: No such file or directory.
E/MetadataRetrieverClient( 2150): failed to extract an album art
W/MediaScanner( 3079): Error opening directory '/storage/sdcard1/', skipping: Permission denied.
W/MediaScanner( 3079): Error opening directory '/storage/usb0/', skipping: Permission denied.
W/MediaScanner( 3079): Error opening directory '/storage/usb1/', skipping: Permission denied.
W/MediaScanner( 3079): Error opening directory '/storage/usb2/', skipping: Permission denied.
W/MediaScanner( 3079): Error opening directory '/storage/usb3/', skipping: Permission denied.
V/MediaScanner( 3079): pruneDeadThumbnailFiles... android.database.sqlite.SQLiteCursor@2c73eea2
V/MediaScanner( 3079): /pruneDeadThumbnailFiles... android.database.sqlite.SQLiteCursor@2c73eea2
I/ActivityManager( 2453): Killing 2996:com.android.externalstorage/u0a6 (adj 15): empty #17
E/BluetoothManagerService( 2453): waitForOnOff time out
D/BluetoothManagerService( 2453): Stored Bluetooth name: Android-x86
D/SettingsProvider( 2453): User 0 external modification to /data/data/com.android.providers.settings/databases/settings.db; event=2
D/SettingsProvider( 2453): User 0 updating our caches for /data/data/com.android.providers.settings/databases/settings.db
D/BluetoothManagerService( 2453): Stored Bluetoothaddress: 22:22:91:76:F0:21
D/BluetoothAdapterState( 3371): CURRENT_STATE=PENDING, MESSAGE = USER_TURN_ON, isTurningOn=true, isTurningOff=false
I/BluetoothAdapterState( 3371): CURRENT_STATE=PENDING: Deferring request USER_TURN_OFF
D/SettingsProvider( 2453): User 0 external modification to /data/data/com.android.providers.settings/databases/settings.db; event=2
D/SettingsProvider( 2453): User 0 updating our caches for /data/data/com.android.providers.settings/databases/settings.db
E/bt-btif ( 3371): ...preload_wait_timeout (retried:0/max-retry:0)...
W/bt-btu ( 3371): btu_task start abort!
I/GKI_LINUX( 3371): gki_task task_id=0 [BTU] terminating
I/GKI_LINUX( 3371): GKI_exit_task 0 done
I/GKI_LINUX( 3371): GKI_shutdown(): task [BTU] terminated
I/GKI_LINUX( 3371): GKI_exit_task 1 done
I/GKI_LINUX( 3371): gki_task task_id=2 [A2DP-MEDIA] terminating
I/GKI_LINUX( 3371): GKI_exit_task 2 done
D/BluetoothAdapterState( 3371): CURRENT_STATE=PENDING, MESSAGE = DISABLED, isTurningOn=true, isTurningOff=false
E/BluetoothAdapterState( 3371): Error enabling Bluetooth - hardware init failed
I/GKI_LINUX( 3371): gki_task task_id=1 [BTIF] terminating
D/HeadsetService( 3371): Received stop request...Stopping profile...
D/HeadsetStateMachine( 3371): Exit Disconnected: -1
D/A2dpService( 3371): Received stop request...Stopping profile...
D/A2dpStateMachine( 3371): Exit Disconnected: -1
D/BluetoothAdapterProperties( 3371): Setting state to 10
I/BluetoothAdapterState( 3371): Bluetooth adapter state changed: 11-> 10
I/BluetoothAdapterState( 3371): Entering OffState
D/BluetoothA2dp( 2453): Proxy object disconnected
D/BluetoothAdapterState( 3371): CURRENT_STATE=OFF, MESSAGE = USER_TURN_OFF
D/HidService( 3371): Received stop request...Stopping profile...
D/BluetoothA2dp( 2842): Proxy object disconnected
D/HealthService( 3371): Received stop request...Stopping profile...
D/HeadsetStateMachine( 3371): Unbinding service...
D/BluetoothInputDevice( 2842): Proxy object disconnected
W/BluetoothHeadsetServiceJni( 3371): Cleaning up Bluetooth Handsfree Interface...
W/BluetoothHeadsetServiceJni( 3371): Cleaning up Bluetooth Handsfree callback object
D/PanService( 3371): Received stop request...Stopping profile...
D/BluetoothPan( 2842): BluetoothPAN Proxy object disconnected
D/BtGatt.DebugUtils( 3371): handleDebugAction() action=null
D/BtGatt.GattService( 3371): Received stop request...Stopping profile...
D/BtGatt.GattService( 3371): stop()
D/BtGatt.AdvertiseManager( 3371): advertise clients cleared
D/BluetoothMapService( 3371): Received stop request...Stopping profile...
D/BluetoothMapService( 3371): stop()
D/BluetoothMapEmailAppObserver( 3371): deinitObservers()
D/BluetoothMapEmailAppObserver( 3371): removeReceiver()
D/BluetoothMap( 2842): Proxy object disconnected
W/BluetoothHidServiceJni( 3371): Cleaning up Bluetooth HID Interface...
W/bt-btif ( 3371): cleanup: HH disabling or disabled already, status = 0
W/BluetoothHidServiceJni( 3371): Cleaning up Bluetooth GID callback object
W/BluetoothHealthServiceJni( 3371): Cleaning up Bluetooth Health Interface...
W/BluetoothHealthServiceJni( 3371): Cleaning up Bluetooth Health object
W/BluetoothPanServiceJni( 3371): Cleaning up Bluetooth PAN Interface...
W/BluetoothPanServiceJni( 3371): Cleaning up Bluetooth PAN callback object
D/BtGatt.GattService( 3371): cleanup()
W/bt-btif ( 3371): GATTC Module not enabled/already disabled
W/bt-btif ( 3371): GATTS Module not enabled/already disabled
D/BtGatt.AdvertiseManager( 3371): advertise clients cleared
D/BluetoothMapService( 3371): MAP Service closeService in
D/BluetoothMapMasInstance( 3371): MAP Service shutdown
D/BluetoothMapService( 3371): cleanup()
D/BluetoothMapService( 3371): MAP Service closeService in
D/BluetoothManagerService( 2453): unbindAndFinish(): android.bluetooth.IBluetooth$Stub$Proxy@1e022806 mBinding = false
D/BluetoothManagerService( 2453): Sending unbind request.
I/BluetoothServiceJni( 3371): cleanupNative: return from cleanup
I/art ( 3371): System.exit called, status: 0
I/AndroidRuntime( 3371): VM exiting with result code 0, cleanup skipped.
I/ActivityManager( 2453): Process com.android.bluetooth (pid 3371) has died
I/ActivityManager( 2453): Waited long enough for: ServiceRecord{d011926 u0 com.android.music/.MediaPlaybackService}
E/SQLiteLog( 3486): (284) automatic index on view_events(_id)
I/GlobalDismissManager( 3458): no sender configured
D/AlertService( 3458): Beginning updateAlertNotification
D/AlertService( 3458): No fired or scheduled alerts
D/AlertService( 3458): Scheduling next alarm with AlarmScheduler. sEventReminderReceived: null
D/AlarmScheduler( 3458): No events found starting within 1 week.
W/AudioTrack( 2453): AUDIO_OUTPUT_FLAG_FAST denied by client
D/audio_hw_primary( 2150): found out /dev/snd/pcmC0D0p
W/AudioTrack( 2453): AUDIO_OUTPUT_FLAG_FAST denied by client
V/RenderScript( 3221): 0x7f8ef4f46000 Launching thread(s), CPUs 4
E/audio_hw_primary( 2150): pcm_open(out) failed: cannot open device '/dev/snd/pcmC0D0p': Device or resource busy
D/audio_hw_primary( 2150): found out /dev/snd/pcmC0D0p
E/audio_hw_primary( 2150): pcm_open(out) failed: cannot open device '/dev/snd/pcmC0D0p': Invalid argument
D/audio_hw_primary( 2150): found out /dev/snd/pcmC0D0p
E/audio_hw_primary( 2150): pcm_open(out) failed: cannot open device '/dev/snd/pcmC0D0p': Invalid argument
D/audio_hw_primary( 2150): found out /dev/snd/pcmC0D0p
E/audio_hw_primary( 2150): pcm_open(out) failed: cannot open device '/dev/snd/pcmC0D0p': Invalid argument
D/audio_hw_primary( 2150): found out /dev/snd/pcmC0D0p
E/audio_hw_primary( 2150): pcm_open(out) failed: cannot open device '/dev/snd/pcmC0D0p': Invalid argument
D/audio_hw_primary( 2150): found out /dev/snd/pcmC0D0p
E/audio_hw_primary( 2150): pcm_open(out) failed: cannot open device '/dev/snd/pcmC0D0p': Invalid argument
D/audio_hw_primary( 2150): found out /dev/snd/pcmC0D0p
E/audio_hw_primary( 2150): pcm_open(out) failed: cannot open device '/dev/snd/pcmC0D0p': Invalid argument
D/audio_hw_primary( 2150): found out /dev/snd/pcmC0D0p
E/audio_hw_primary( 2150): pcm_open(out) failed: cannot open device '/dev/snd/pcmC0D0p': Invalid argument
W/AudioFlinger( 2150): write blocked for 1102 msecs, 1 delayed writes, thread 0xf58a4000
D/audio_hw_primary( 2150): found out /dev/snd/pcmC0D0p
E/audio_hw_primary( 2150): pcm_open(out) failed: cannot open device '/dev/snd/pcmC0D0p': Invalid argument
W/AudioTrack( 2453): AUDIO_OUTPUT_FLAG_FAST denied by client
D/audio_hw_primary( 2150): found out /dev/snd/pcmC0D0p
E/audio_hw_primary( 2150): pcm_open(out) failed: cannot open device '/dev/snd/pcmC0D0p': Invalid argument
D/audio_hw_primary( 2150): found out /dev/snd/pcmC0D0p
E/audio_hw_primary( 2150): pcm_open(out) failed: cannot open device '/dev/snd/pcmC0D0p': Invalid argument
D/audio_hw_primary( 2150): found out /dev/snd/pcmC0D0p
E/audio_hw_primary( 2150): pcm_open(out) failed: cannot open device '/dev/snd/pcmC0D0p': Invalid argument
D/audio_hw_primary( 2150): found out /dev/snd/pcmC0D0p
E/audio_hw_primary( 2150): pcm_open(out) failed: cannot open device '/dev/snd/pcmC0D0p': Invalid argument
D/audio_hw_primary( 2150): found out /dev/snd/pcmC0D0p
E/audio_hw_primary( 2150): pcm_open(out) failed: cannot open device '/dev/snd/pcmC0D0p': Invalid argument
D/audio_hw_primary( 2150): found out /dev/snd/pcmC0D0p
E/audio_hw_primary( 2150): pcm_open(out) failed: cannot open device '/dev/snd/pcmC0D0p': Invalid argument
D/audio_hw_primary( 2150): found out /dev/snd/pcmC0D0p
E/audio_hw_primary( 2150): pcm_open(out) failed: cannot open device '/dev/snd/pcmC0D0p': Invalid argument
D/audio_hw_primary( 2150): found out /dev/snd/pcmC0D0p
E/audio_hw_primary( 2150): pcm_open(out) failed: cannot open device '/dev/snd/pcmC0D0p': Invalid argument
D/audio_hw_primary( 2150): found out /dev/snd/pcmC0D0p
E/audio_hw_primary( 2150): pcm_open(out) failed: cannot open device '/dev/snd/pcmC0D0p': Invalid argument
D/audio_hw_primary( 2150): found out /dev/snd/pcmC0D0p
E/audio_hw_primary( 2150): pcm_open(out) failed: cannot open device '/dev/snd/pcmC0D0p': Invalid argument
D/audio_hw_primary( 2150): found out /dev/snd/pcmC0D0p
E/audio_hw_primary( 2150): pcm_open(out) failed: cannot open device '/dev/snd/pcmC0D0p': Invalid argument
D/audio_hw_primary( 2150): found out /dev/snd/pcmC0D0p
E/audio_hw_primary( 2150): pcm_open(out) failed: cannot open device '/dev/snd/pcmC0D0p': Invalid argument
D/audio_hw_primary( 2150): found out /dev/snd/pcmC0D0p
E/audio_hw_primary( 2150): pcm_open(out) failed: cannot open device '/dev/snd/pcmC0D0p': Invalid argument
D/audio_hw_primary( 2150): found out /dev/snd/pcmC0D0p
E/audio_hw_primary( 2150): pcm_open(out) failed: cannot open device '/dev/snd/pcmC0D0p': Invalid argument
D/audio_hw_primary( 2150): found out /dev/snd/pcmC0D0p
E/audio_hw_primary( 2150): pcm_open(out) failed: cannot open device '/dev/snd/pcmC0D0p': Invalid argument
D/audio_hw_primary( 2150): found out /dev/snd/pcmC0D0p
E/audio_hw_primary( 2150): pcm_open(out) failed: cannot open device '/dev/snd/pcmC0D0p': Invalid argument
D/audio_hw_primary( 2150): found out /dev/snd/pcmC0D0p
E/audio_hw_primary( 2150): pcm_open(out) failed: cannot open device '/dev/snd/pcmC0D0p': Invalid argument
D/audio_hw_primary( 2150): found out /dev/snd/pcmC0D0p
E/audio_hw_primary( 2150): pcm_open(out) failed: cannot open device '/dev/snd/pcmC0D0p': Invalid argument
D/audio_hw_primary( 2150): found out /dev/snd/pcmC0D0p
E/audio_hw_primary( 2150): pcm_open(out) failed: cannot open device '/dev/snd/pcmC0D0p': Invalid argument
D/audio_hw_primary( 2150): found out /dev/snd/pcmC0D0p
E/audio_hw_primary( 2150): pcm_open(out) failed: cannot open device '/dev/snd/pcmC0D0p': Invalid argument
D/audio_hw_primary( 2150): found out /dev/snd/pcmC0D0p
E/audio_hw_primary( 2150): pcm_open(out) failed: cannot open device '/dev/snd/pcmC0D0p': Invalid argument
D/audio_hw_primary( 2150): found out /dev/snd/pcmC0D0p
E/audio_hw_primary( 2150): pcm_open(out) failed: cannot open device '/dev/snd/pcmC0D0p': Invalid argument
D/audio_hw_primary( 2150): found out /dev/snd/pcmC0D0p
E/audio_hw_primary( 2150): pcm_open(out) failed: cannot open device '/dev/snd/pcmC0D0p': Invalid argument
D/audio_hw_primary( 2150): found out /dev/snd/pcmC0D0p
E/audio_hw_primary( 2150): pcm_open(out) failed: cannot open device '/dev/snd/pcmC0D0p': Invalid argument
D/audio_hw_primary( 2150): found out /dev/snd/pcmC0D0p
E/audio_hw_primary( 2150): pcm_open(out) failed: cannot open device '/dev/snd/pcmC0D0p': Invalid argument
D/audio_hw_primary( 2150): found out /dev/snd/pcmC0D0p
E/audio_hw_primary( 2150): pcm_open(out) failed: cannot open device '/dev/snd/pcmC0D0p': Invalid argument
D/audio_hw_primary( 2150): found out /dev/snd/pcmC0D0p
E/audio_hw_primary( 2150): pcm_open(out) failed: cannot open device '/dev/snd/pcmC0D0p': Invalid argument
D/audio_hw_primary( 2150): found out /dev/snd/pcmC0D0p
E/audio_hw_primary( 2150): pcm_open(out) failed: cannot open device '/dev/snd/pcmC0D0p': Invalid argument
D/audio_hw_primary( 2150): found out /dev/snd/pcmC0D0p
E/audio_hw_primary( 2150): pcm_open(out) failed: cannot open device '/dev/snd/pcmC0D0p': Invalid argument
D/audio_hw_primary( 2150): found out /dev/snd/pcmC0D0p
E/audio_hw_primary( 2150): pcm_open(out) failed: cannot open device '/dev/snd/pcmC0D0p': Invalid argument
D/audio_hw_primary( 2150): found out /dev/snd/pcmC0D0p
E/audio_hw_primary( 2150): pcm_open(out) failed: cannot open device '/dev/snd/pcmC0D0p': Invalid argument
D/audio_hw_primary( 2150): found out /dev/snd/pcmC0D0p
E/audio_hw_primary( 2150): pcm_open(out) failed: cannot open device '/dev/snd/pcmC0D0p': Invalid argument
D/audio_hw_primary( 2150): found out /dev/snd/pcmC0D0p
E/audio_hw_primary( 2150): pcm_open(out) failed: cannot open device '/dev/snd/pcmC0D0p': Invalid argument
D/audio_hw_primary( 2150): found out /dev/snd/pcmC0D0p
E/audio_hw_primary( 2150): pcm_open(out) failed: cannot open device '/dev/snd/pcmC0D0p': Invalid argument
D/audio_hw_primary( 2150): found out /dev/snd/pcmC0D0p
E/audio_hw_primary( 2150): pcm_open(out) failed: cannot open device '/dev/snd/pcmC0D0p': Invalid argument
D/audio_hw_primary( 2150): found out /dev/snd/pcmC0D0p
E/audio_hw_primary( 2150): pcm_open(out) failed: cannot open device '/dev/snd/pcmC0D0p': Invalid argument
D/audio_hw_primary( 2150): found out /dev/snd/pcmC0D0p
E/audio_hw_primary( 2150): pcm_open(out) failed: cannot open device '/dev/snd/pcmC0D0p': Invalid argument
D/audio_hw_primary( 2150): found out /dev/snd/pcmC0D0p
E/audio_hw_primary( 2150): pcm_open(out) failed: cannot open device '/dev/snd/pcmC0D0p': Invalid argument
D/audio_hw_primary( 2150): found out /dev/snd/pcmC0D0p
E/audio_hw_primary( 2150): pcm_open(out) failed: cannot open device '/dev/snd/pcmC0D0p': Invalid argument
D/audio_hw_primary( 2150): found out /dev/snd/pcmC0D0p
E/audio_hw_primary( 2150): pcm_open(out) failed: cannot open device '/dev/snd/pcmC0D0p': Invalid argument
D/audio_hw_primary( 2150): found out /dev/snd/pcmC0D0p
E/audio_hw_primary( 2150): pcm_open(out) failed: cannot open device '/dev/snd/pcmC0D0p': Invalid argument
D/audio_hw_primary( 2150): found out /dev/snd/pcmC0D0p
E/audio_hw_primary( 2150): pcm_open(out) failed: cannot open device '/dev/snd/pcmC0D0p': Invalid argument
D/audio_hw_primary( 2150): found out /dev/snd/pcmC0D0p
E/audio_hw_primary( 2150): pcm_open(out) failed: cannot open device '/dev/snd/pcmC0D0p': Invalid argument
D/audio_hw_primary( 2150): found out /dev/snd/pcmC0D0p
E/audio_hw_primary( 2150): pcm_open(out) failed: cannot open device '/dev/snd/pcmC0D0p': Invalid argument
D/audio_hw_primary( 2150): found out /dev/snd/pcmC0D0p
E/audio_hw_primary( 2150): pcm_open(out) failed: cannot open device '/dev/snd/pcmC0D0p': Invalid argument
D/audio_hw_primary( 2150): found out /dev/snd/pcmC0D0p
E/audio_hw_primary( 2150): pcm_open(out) failed: cannot open device '/dev/snd/pcmC0D0p': Invalid argument
D/audio_hw_primary( 2150): found out /dev/snd/pcmC0D0p
E/audio_hw_primary( 2150): pcm_open(out) failed: cannot open device '/dev/snd/pcmC0D0p': Invalid argument
D/audio_hw_primary( 2150): found out /dev/snd/pcmC0D0p
E/audio_hw_primary( 2150): pcm_open(out) failed: cannot open device '/dev/snd/pcmC0D0p': Invalid argument
D/audio_hw_primary( 2150): found out /dev/snd/pcmC0D0p
E/audio_hw_primary( 2150): pcm_open(out) failed: cannot open device '/dev/snd/pcmC0D0p': Invalid argument
D/audio_hw_primary( 2150): found out /dev/snd/pcmC0D0p
E/audio_hw_primary( 2150): pcm_open(out) failed: cannot open device '/dev/snd/pcmC0D0p': Invalid argument
D/audio_hw_primary( 2150): found out /dev/snd/pcmC0D0p
E/audio_hw_primary( 2150): pcm_open(out) failed: cannot open device '/dev/snd/pcmC0D0p': Invalid argument
D/audio_hw_primary( 2150): found out /dev/snd/pcmC0D0p
E/audio_hw_primary( 2150): pcm_open(out) failed: cannot open device '/dev/snd/pcmC0D0p': Invalid argument
D/audio_hw_primary( 2150): found out /dev/snd/pcmC0D0p
E/audio_hw_primary( 2150): pcm_open(out) failed: cannot open device '/dev/snd/pcmC0D0p': Invalid argument
D/audio_hw_primary( 2150): found out /dev/snd/pcmC0D0p
E/audio_hw_primary( 2150): pcm_open(out) failed: cannot open device '/dev/snd/pcmC0D0p': Invalid argument
D/audio_hw_primary( 2150): found out /dev/snd/pcmC0D0p
E/audio_hw_primary( 2150): pcm_open(out) failed: cannot open device '/dev/snd/pcmC0D0p': Invalid argument
D/audio_hw_primary( 2150): found out /dev/snd/pcmC0D0p
E/audio_hw_primary( 2150): pcm_open(out) failed: cannot open device '/dev/snd/pcmC0D0p': Invalid argument
D/audio_hw_primary( 2150): found out /dev/snd/pcmC0D0p
E/audio_hw_primary( 2150): pcm_open(out) failed: cannot open device '/dev/snd/pcmC0D0p': Invalid argument
D/audio_hw_primary( 2150): found out /dev/snd/pcmC0D0p
E/audio_hw_primary( 2150): pcm_open(out) failed: cannot open device '/dev/snd/pcmC0D0p': Invalid argument
D/audio_hw_primary( 2150): found out /dev/snd/pcmC0D0p
E/audio_hw_primary( 2150): pcm_open(out) failed: cannot open device '/dev/snd/pcmC0D0p': Invalid argument
D/audio_hw_primary( 2150): found out /dev/snd/pcmC0D0p
E/audio_hw_primary( 2150): pcm_open(out) failed: cannot open device '/dev/snd/pcmC0D0p': Invalid argument
D/audio_hw_primary( 2150): found out /dev/snd/pcmC0D0p
E/audio_hw_primary( 2150): pcm_open(out) failed: cannot open device '/dev/snd/pcmC0D0p': Invalid argument
D/audio_hw_primary( 2150): found out /dev/snd/pcmC0D0p
E/audio_hw_primary( 2150): pcm_open(out) failed: cannot open device '/dev/snd/pcmC0D0p': Invalid argument
D/audio_hw_primary( 2150): found out /dev/snd/pcmC0D0p
E/audio_hw_primary( 2150): pcm_open(out) failed: cannot open device '/dev/snd/pcmC0D0p': Invalid argument
D/audio_hw_primary( 2150): found out /dev/snd/pcmC0D0p
E/audio_hw_primary( 2150): pcm_open(out) failed: cannot open device '/dev/snd/pcmC0D0p': Invalid argument
D/audio_hw_primary( 2150): found out /dev/snd/pcmC0D0p
E/audio_hw_primary( 2150): pcm_open(out) failed: cannot open device '/dev/snd/pcmC0D0p': Invalid argument
D/audio_hw_primary( 2150): found out /dev/snd/pcmC0D0p
E/audio_hw_primary( 2150): pcm_open(out) failed: cannot open device '/dev/snd/pcmC0D0p': Invalid argument
D/audio_hw_primary( 2150): found out /dev/snd/pcmC0D0p
E/audio_hw_primary( 2150): pcm_open(out) failed: cannot open device '/dev/snd/pcmC0D0p': Invalid argument
D/audio_hw_primary( 2150): found out /dev/snd/pcmC0D0p
E/audio_hw_primary( 2150): pcm_open(out) failed: cannot open device '/dev/snd/pcmC0D0p': Invalid argument
D/audio_hw_primary( 2150): found out /dev/snd/pcmC0D0p
E/audio_hw_primary( 2150): pcm_open(out) failed: cannot open device '/dev/snd/pcmC0D0p': Invalid argument
D/audio_hw_primary( 2150): found out /dev/snd/pcmC0D0p
E/audio_hw_primary( 2150): pcm_open(out) failed: cannot open device '/dev/snd/pcmC0D0p': Invalid argument
D/audio_hw_primary( 2150): found out /dev/snd/pcmC0D0p
E/audio_hw_primary( 2150): pcm_open(out) failed: cannot open device '/dev/snd/pcmC0D0p': Invalid argument
D/audio_hw_primary( 2150): found out /dev/snd/pcmC0D0p
E/audio_hw_primary( 2150): pcm_open(out) failed: cannot open device '/dev/snd/pcmC0D0p': Invalid argument
D/audio_hw_primary( 2150): found out /dev/snd/pcmC0D0p
E/audio_hw_primary( 2150): pcm_open(out) failed: cannot open device '/dev/snd/pcmC0D0p': Invalid argument
D/audio_hw_primary( 2150): found out /dev/snd/pcmC0D0p
E/audio_hw_primary( 2150): pcm_open(out) failed: cannot open device '/dev/snd/pcmC0D0p': Invalid argument
D/audio_hw_primary( 2150): found out /dev/snd/pcmC0D0p
E/audio_hw_primary( 2150): pcm_open(out) failed: cannot open device '/dev/snd/pcmC0D0p': Invalid argument
D/audio_hw_primary( 2150): found out /dev/snd/pcmC0D0p
E/audio_hw_primary( 2150): pcm_open(out) failed: cannot open device '/dev/snd/pcmC0D0p': Invalid argument
D/audio_hw_primary( 2150): found out /dev/snd/pcmC0D0p
E/audio_hw_primary( 2150): pcm_open(out) failed: cannot open device '/dev/snd/pcmC0D0p': Invalid argument
I/InputReader( 2453): Reconfiguring input devices. changes=0x00000010
W/BackupManagerService( 2453): dataChanged but no participant pkg='com.cyanogenmod.trebuchet' uid=10014
D/audio_hw_primary( 2150): found out /dev/snd/pcmC0D0p
E/audio_hw_primary( 2150): pcm_open(out) failed: cannot open device '/dev/snd/pcmC0D0p': Invalid argument
I/InputReader( 2453): Reconfiguring input devices. changes=0x00000010
D/BackupManagerService( 2453): Received broadcast Intent { act=android.intent.action.PACKAGE_CHANGED dat=package:com.android.camera2 flg=0x4000010 (has extras) }
I/InputReader( 2453): Reconfiguring input devices. changes=0x00000010
I/InputReader( 2453): Reconfiguring input devices. changes=0x00000010
I/InputReader( 2453): Reconfiguring input devices. changes=0x00000010
D/audio_hw_primary( 2150): found out /dev/snd/pcmC0D0p
E/audio_hw_primary( 2150): pcm_open(out) failed: cannot open device '/dev/snd/pcmC0D0p': Invalid argument
D/BackupManagerService( 2453): Received broadcast Intent { act=android.intent.action.PACKAGE_CHANGED dat=package:com.android.calendar flg=0x4000010 (has extras) }
W/Launcher( 3221): setApplicationContext called twice! old=com.android.launcher3.LauncherApplication@1844e743 new=com.android.launcher3.LauncherApplication@1844e743
D/audio_hw_primary( 2150): found out /dev/snd/pcmC0D0p
E/audio_hw_primary( 2150): pcm_open(out) failed: cannot open device '/dev/snd/pcmC0D0p': Invalid argument
D/BackupManagerService( 2453): Received broadcast Intent { act=android.intent.action.PACKAGE_CHANGED dat=package:com.android.gallery3d flg=0x4000010 (has extras) }
D/audio_hw_primary( 2150): found out /dev/snd/pcmC0D0p
E/audio_hw_primary( 2150): pcm_open(out) failed: cannot open device '/dev/snd/pcmC0D0p': Invalid argument
D/BackupManagerService( 2453): Received broadcast Intent { act=android.intent.action.PACKAGE_CHANGED dat=package:com.android.inputmethod.latin flg=0x4000010 (has extras) }
W/Launcher( 3221): setApplicationContext called twice! old=com.android.launcher3.LauncherApplication@1844e743 new=com.android.launcher3.LauncherApplication@1844e743
D/BackupManagerService( 2453): Received broadcast Intent { act=android.intent.action.PACKAGE_CHANGED dat=package:com.android.email flg=0x4000010 (has extras) }
D/audio_hw_primary( 2150): found out /dev/snd/pcmC0D0p
E/audio_hw_primary( 2150): pcm_open(out) failed: cannot open device '/dev/snd/pcmC0D0p': Invalid argument
D/audio_hw_primary( 2150): found out /dev/snd/pcmC0D0p
E/audio_hw_primary( 2150): pcm_open(out) failed: cannot open device '/dev/snd/pcmC0D0p': Invalid argument
D/audio_hw_primary( 2150): found out /dev/snd/pcmC0D0p
E/audio_hw_primary( 2150): pcm_open(out) failed: cannot open device '/dev/snd/pcmC0D0p': Invalid argument
D/audio_hw_primary( 2150): found out /dev/snd/pcmC0D0p
E/audio_hw_primary( 2150): pcm_open(out) failed: cannot open device '/dev/snd/pcmC0D0p': Invalid argument
D/audio_hw_primary( 2150): found out /dev/snd/pcmC0D0p
E/audio_hw_primary( 2150): pcm_open(out) failed: cannot open device '/dev/snd/pcmC0D0p': Invalid argument
W/BackupManagerService( 2453): dataChanged but no participant pkg='com.cyanogenmod.trebuchet' uid=10014
D/audio_hw_primary( 2150): found out /dev/snd/pcmC0D0p
E/audio_hw_primary( 2150): pcm_open(out) failed: cannot open device '/dev/snd/pcmC0D0p': Invalid argument
W/Launcher( 3221): setApplicationContext called twice! old=com.android.launcher3.LauncherApplication@1844e743 new=com.android.launcher3.LauncherApplication@1844e743
D/audio_hw_primary( 2150): found out /dev/snd/pcmC0D0p
E/audio_hw_primary( 2150): pcm_open(out) failed: cannot open device '/dev/snd/pcmC0D0p': Invalid argument
D/audio_hw_primary( 2150): found out /dev/snd/pcmC0D0p
E/audio_hw_primary( 2150): pcm_open(out) failed: cannot open device '/dev/snd/pcmC0D0p': Invalid argument
D/audio_hw_primary( 2150): found out /dev/snd/pcmC0D0p
E/audio_hw_primary( 2150): pcm_open(out) failed: cannot open device '/dev/snd/pcmC0D0p': Invalid argument
D/audio_hw_primary( 2150): found out /dev/snd/pcmC0D0p
E/audio_hw_primary( 2150): pcm_open(out) failed: cannot open device '/dev/snd/pcmC0D0p': Invalid argument
D/audio_hw_primary( 2150): found out /dev/snd/pcmC0D0p
E/audio_hw_primary( 2150): pcm_open(out) failed: cannot open device '/dev/snd/pcmC0D0p': Invalid argument
D/audio_hw_primary( 2150): found out /dev/snd/pcmC0D0p
E/audio_hw_primary( 2150): pcm_open(out) failed: cannot open device '/dev/snd/pcmC0D0p': Invalid argument
W/Launcher( 3221): setApplicationContext called twice! old=com.android.launcher3.LauncherApplication@1844e743 new=com.android.launcher3.LauncherApplication@1844e743
D/audio_hw_primary( 2150): found out /dev/snd/pcmC0D0p
E/audio_hw_primary( 2150): pcm_open(out) failed: cannot open device '/dev/snd/pcmC0D0p': Invalid argument
D/audio_hw_primary( 2150): found out /dev/snd/pcmC0D0p
E/audio_hw_primary( 2150): pcm_open(out) failed: cannot open device '/dev/snd/pcmC0D0p': Invalid argument
D/audio_hw_primary( 2150): found out /dev/snd/pcmC0D0p
E/audio_hw_primary( 2150): pcm_open(out) failed: cannot open device '/dev/snd/pcmC0D0p': Invalid argument
D/audio_hw_primary( 2150): found out /dev/snd/pcmC0D0p
E/audio_hw_primary( 2150): pcm_open(out) failed: cannot open device '/dev/snd/pcmC0D0p': Invalid argument
W/Launcher( 3221): setApplicationContext called twice! old=com.android.launcher3.LauncherApplication@1844e743 new=com.android.launcher3.LauncherApplication@1844e743
D/audio_hw_primary( 2150): found out /dev/snd/pcmC0D0p
E/audio_hw_primary( 2150): pcm_open(out) failed: cannot open device '/dev/snd/pcmC0D0p': Invalid argument
D/audio_hw_primary( 2150): found out /dev/snd/pcmC0D0p
E/audio_hw_primary( 2150): pcm_open(out) failed: cannot open device '/dev/snd/pcmC0D0p': Invalid argument
D/audio_hw_primary( 2150): found out /dev/snd/pcmC0D0p
E/audio_hw_primary( 2150): pcm_open(out) failed: cannot open device '/dev/snd/pcmC0D0p': Invalid argument
D/audio_hw_primary( 2150): found out /dev/snd/pcmC0D0p
E/audio_hw_primary( 2150): pcm_open(out) failed: cannot open device '/dev/snd/pcmC0D0p': Invalid argument
D/audio_hw_primary( 2150): found out /dev/snd/pcmC0D0p
E/audio_hw_primary( 2150): pcm_open(out) failed: cannot open device '/dev/snd/pcmC0D0p': Invalid argument
D/audio_hw_primary( 2150): found out /dev/snd/pcmC0D0p
E/audio_hw_primary( 2150): pcm_open(out) failed: cannot open device '/dev/snd/pcmC0D0p': Invalid argument
D/audio_hw_primary( 2150): found out /dev/snd/pcmC0D0p
E/audio_hw_primary( 2150): pcm_open(out) failed: cannot open device '/dev/snd/pcmC0D0p': Invalid argument
D/audio_hw_primary( 2150): found out /dev/snd/pcmC0D0p
E/audio_hw_primary( 2150): pcm_open(out) failed: cannot open device '/dev/snd/pcmC0D0p': Invalid argument
D/audio_hw_primary( 2150): found out /dev/snd/pcmC0D0p
E/audio_hw_primary( 2150): pcm_open(out) failed: cannot open device '/dev/snd/pcmC0D0p': Invalid argument
D/audio_hw_primary( 2150): found out /dev/snd/pcmC0D0p
E/audio_hw_primary( 2150): pcm_open(out) failed: cannot open device '/dev/snd/pcmC0D0p': Invalid argument
D/audio_hw_primary( 2150): found out /dev/snd/pcmC0D0p
E/audio_hw_primary( 2150): pcm_open(out) failed: cannot open device '/dev/snd/pcmC0D0p': Invalid argument
D/audio_hw_primary( 2150): found out /dev/snd/pcmC0D0p
E/audio_hw_primary( 2150): pcm_open(out) failed: cannot open device '/dev/snd/pcmC0D0p': Invalid argument
D/audio_hw_primary( 2150): found out /dev/snd/pcmC0D0p
E/audio_hw_primary( 2150): pcm_open(out) failed: cannot open device '/dev/snd/pcmC0D0p': Invalid argument
D/audio_hw_primary( 2150): found out /dev/snd/pcmC0D0p
E/audio_hw_primary( 2150): pcm_open(out) failed: cannot open device '/dev/snd/pcmC0D0p': Invalid argument
D/audio_hw_primary( 2150): found out /dev/snd/pcmC0D0p
E/audio_hw_primary( 2150): pcm_open(out) failed: cannot open device '/dev/snd/pcmC0D0p': Invalid argument
D/audio_hw_primary( 2150): found out /dev/snd/pcmC0D0p
E/audio_hw_primary( 2150): pcm_open(out) failed: cannot open device '/dev/snd/pcmC0D0p': Invalid argument
D/audio_hw_primary( 2150): found out /dev/snd/pcmC0D0p
E/audio_hw_primary( 2150): pcm_open(out) failed: cannot open device '/dev/snd/pcmC0D0p': Invalid argument
D/audio_hw_primary( 2150): found out /dev/snd/pcmC0D0p
E/audio_hw_primary( 2150): pcm_open(out) failed: cannot open device '/dev/snd/pcmC0D0p': Invalid argument
D/audio_hw_primary( 2150): found out /dev/snd/pcmC0D0p
E/audio_hw_primary( 2150): pcm_open(out) failed: cannot open device '/dev/snd/pcmC0D0p': Invalid argument
D/audio_hw_primary( 2150): found out /dev/snd/pcmC0D0p
E/audio_hw_primary( 2150): pcm_open(out) failed: cannot open device '/dev/snd/pcmC0D0p': Invalid argument
D/audio_hw_primary( 2150): found out /dev/snd/pcmC0D0p
E/audio_hw_primary( 2150): pcm_open(out) failed: cannot open device '/dev/snd/pcmC0D0p': Invalid argument
D/audio_hw_primary( 2150): found out /dev/snd/pcmC0D0p
E/audio_hw_primary( 2150): pcm_open(out) failed: cannot open device '/dev/snd/pcmC0D0p': Invalid argument
D/audio_hw_primary( 2150): found out /dev/snd/pcmC0D0p
E/audio_hw_primary( 2150): pcm_open(out) failed: cannot open device '/dev/snd/pcmC0D0p': Invalid argument
D/audio_hw_primary( 2150): found out /dev/snd/pcmC0D0p
E/audio_hw_primary( 2150): pcm_open(out) failed: cannot open device '/dev/snd/pcmC0D0p': Invalid argument
D/audio_hw_primary( 2150): found out /dev/snd/pcmC0D0p
E/audio_hw_primary( 2150): pcm_open(out) failed: cannot open device '/dev/snd/pcmC0D0p': Invalid argument
D/audio_hw_primary( 2150): found out /dev/snd/pcmC0D0p
E/audio_hw_primary( 2150): pcm_open(out) failed: cannot open device '/dev/snd/pcmC0D0p': Invalid argument
D/audio_hw_primary( 2150): found out /dev/snd/pcmC0D0p
E/audio_hw_primary( 2150): pcm_open(out) failed: cannot open device '/dev/snd/pcmC0D0p': Invalid argument
D/audio_hw_primary( 2150): found out /dev/snd/pcmC0D0p
E/audio_hw_primary( 2150): pcm_open(out) failed: cannot open device '/dev/snd/pcmC0D0p': Invalid argument
D/audio_hw_primary( 2150): found out /dev/snd/pcmC0D0p
E/audio_hw_primary( 2150): pcm_open(out) failed: cannot open device '/dev/snd/pcmC0D0p': Invalid argument
D/audio_hw_primary( 2150): found out /dev/snd/pcmC0D0p
E/audio_hw_primary( 2150): pcm_open(out) failed: cannot open device '/dev/snd/pcmC0D0p': Invalid argument
D/audio_hw_primary( 2150): found out /dev/snd/pcmC0D0p
E/audio_hw_primary( 2150): pcm_open(out) failed: cannot open device '/dev/snd/pcmC0D0p': Invalid argument
D/audio_hw_primary( 2150): found out /dev/snd/pcmC0D0p
E/audio_hw_primary( 2150): pcm_open(out) failed: cannot open device '/dev/snd/pcmC0D0p': Invalid argument
D/audio_hw_primary( 2150): found out /dev/snd/pcmC0D0p
E/audio_hw_primary( 2150): pcm_open(out) failed: cannot open device '/dev/snd/pcmC0D0p': Invalid argument
D/audio_hw_primary( 2150): found out /dev/snd/pcmC0D0p
E/audio_hw_primary( 2150): pcm_open(out) failed: cannot open device '/dev/snd/pcmC0D0p': Invalid argument
D/audio_hw_primary( 2150): found out /dev/snd/pcmC0D0p
E/audio_hw_primary( 2150): pcm_open(out) failed: cannot open device '/dev/snd/pcmC0D0p': Invalid argument
D/audio_hw_primary( 2150): found out /dev/snd/pcmC0D0p
E/audio_hw_primary( 2150): pcm_open(out) failed: cannot open device '/dev/snd/pcmC0D0p': Invalid argument
D/audio_hw_primary( 2150): found out /dev/snd/pcmC0D0p
E/audio_hw_primary( 2150): pcm_open(out) failed: cannot open device '/dev/snd/pcmC0D0p': Invalid argument
D/audio_hw_primary( 2150): found out /dev/snd/pcmC0D0p
E/audio_hw_primary( 2150): pcm_open(out) failed: cannot open device '/dev/snd/pcmC0D0p': Invalid argument
D/audio_hw_primary( 2150): found out /dev/snd/pcmC0D0p
E/audio_hw_primary( 2150): pcm_open(out) failed: cannot open device '/dev/snd/pcmC0D0p': Invalid argument
D/audio_hw_primary( 2150): found out /dev/snd/pcmC0D0p
E/audio_hw_primary( 2150): pcm_open(out) failed: cannot open device '/dev/snd/pcmC0D0p': Invalid argument
D/audio_hw_primary( 2150): found out /dev/snd/pcmC0D0p
E/audio_hw_primary( 2150): pcm_open(out) failed: cannot open device '/dev/snd/pcmC0D0p': Invalid argument
D/audio_hw_primary( 2150): found out /dev/snd/pcmC0D0p
E/audio_hw_primary( 2150): pcm_open(out) failed: cannot open device '/dev/snd/pcmC0D0p': Invalid argument
D/audio_hw_primary( 2150): found out /dev/snd/pcmC0D0p
E/audio_hw_primary( 2150): pcm_open(out) failed: cannot open device '/dev/snd/pcmC0D0p': Invalid argument
D/audio_hw_primary( 2150): found out /dev/snd/pcmC0D0p
E/audio_hw_primary( 2150): pcm_open(out) failed: cannot open device '/dev/snd/pcmC0D0p': Invalid argument
D/audio_hw_primary( 2150): found out /dev/snd/pcmC0D0p
E/audio_hw_primary( 2150): pcm_open(out) failed: cannot open device '/dev/snd/pcmC0D0p': Invalid argument
D/audio_hw_primary( 2150): found out /dev/snd/pcmC0D0p
E/audio_hw_primary( 2150): pcm_open(out) failed: cannot open device '/dev/snd/pcmC0D0p': Invalid argument
D/audio_hw_primary( 2150): found out /dev/snd/pcmC0D0p
E/audio_hw_primary( 2150): pcm_open(out) failed: cannot open device '/dev/snd/pcmC0D0p': Invalid argument
D/audio_hw_primary( 2150): found out /dev/snd/pcmC0D0p
E/audio_hw_primary( 2150): pcm_open(out) failed: cannot open device '/dev/snd/pcmC0D0p': Invalid argument
D/audio_hw_primary( 2150): found out /dev/snd/pcmC0D0p
E/audio_hw_primary( 2150): pcm_open(out) failed: cannot open device '/dev/snd/pcmC0D0p': Invalid argument
D/audio_hw_primary( 2150): found out /dev/snd/pcmC0D0p
E/audio_hw_primary( 2150): pcm_open(out) failed: cannot open device '/dev/snd/pcmC0D0p': Invalid argument
D/audio_hw_primary( 2150): found out /dev/snd/pcmC0D0p
E/audio_hw_primary( 2150): pcm_open(out) failed: cannot open device '/dev/snd/pcmC0D0p': Invalid argument
D/audio_hw_primary( 2150): found out /dev/snd/pcmC0D0p
E/audio_hw_primary( 2150): pcm_open(out) failed: cannot open device '/dev/snd/pcmC0D0p': Invalid argument
D/audio_hw_primary( 2150): found out /dev/snd/pcmC0D0p
E/audio_hw_primary( 2150): pcm_open(out) failed: cannot open device '/dev/snd/pcmC0D0p': Invalid argument
D/audio_hw_primary( 2150): found out /dev/snd/pcmC0D0p
E/audio_hw_primary( 2150): pcm_open(out) failed: cannot open device '/dev/snd/pcmC0D0p': Invalid argument
D/audio_hw_primary( 2150): found out /dev/snd/pcmC0D0p
E/audio_hw_primary( 2150): pcm_open(out) failed: cannot open device '/dev/snd/pcmC0D0p': Invalid argument
D/audio_hw_primary( 2150): found out /dev/snd/pcmC0D0p
E/audio_hw_primary( 2150): pcm_open(out) failed: cannot open device '/dev/snd/pcmC0D0p': Invalid argument
D/audio_hw_primary( 2150): found out /dev/snd/pcmC0D0p
E/audio_hw_primary( 2150): pcm_open(out) failed: cannot open device '/dev/snd/pcmC0D0p': Invalid argument
D/audio_hw_primary( 2150): found out /dev/snd/pcmC0D0p
E/audio_hw_primary( 2150): pcm_open(out) failed: cannot open device '/dev/snd/pcmC0D0p': Invalid argument
D/audio_hw_primary( 2150): found out /dev/snd/pcmC0D0p
E/audio_hw_primary( 2150): pcm_open(out) failed: cannot open device '/dev/snd/pcmC0D0p': Invalid argument
D/audio_hw_primary( 2150): found out /dev/snd/pcmC0D0p
E/audio_hw_primary( 2150): pcm_open(out) failed: cannot open device '/dev/snd/pcmC0D0p': Invalid argument
D/audio_hw_primary( 2150): found out /dev/snd/pcmC0D0p
E/audio_hw_primary( 2150): pcm_open(out) failed: cannot open device '/dev/snd/pcmC0D0p': Invalid argument
D/audio_hw_primary( 2150): found out /dev/snd/pcmC0D0p
E/audio_hw_primary( 2150): pcm_open(out) failed: cannot open device '/dev/snd/pcmC0D0p': Invalid argument
D/audio_hw_primary( 2150): found out /dev/snd/pcmC0D0p
E/audio_hw_primary( 2150): pcm_open(out) failed: cannot open device '/dev/snd/pcmC0D0p': Invalid argument
D/audio_hw_primary( 2150): found out /dev/snd/pcmC0D0p
E/audio_hw_primary( 2150): pcm_open(out) failed: cannot open device '/dev/snd/pcmC0D0p': Invalid argument
D/audio_hw_primary( 2150): found out /dev/snd/pcmC0D0p
E/audio_hw_primary( 2150): pcm_open(out) failed: cannot open device '/dev/snd/pcmC0D0p': Invalid argument
D/audio_hw_primary( 2150): found out /dev/snd/pcmC0D0p
E/audio_hw_primary( 2150): pcm_open(out) failed: cannot open device '/dev/snd/pcmC0D0p': Invalid argument
D/audio_hw_primary( 2150): found out /dev/snd/pcmC0D0p
E/audio_hw_primary( 2150): pcm_open(out) failed: cannot open device '/dev/snd/pcmC0D0p': Invalid argument
D/audio_hw_primary( 2150): found out /dev/snd/pcmC0D0p
E/audio_hw_primary( 2150): pcm_open(out) failed: cannot open device '/dev/snd/pcmC0D0p': Invalid argument
D/audio_hw_primary( 2150): found out /dev/snd/pcmC0D0p
E/audio_hw_primary( 2150): pcm_open(out) failed: cannot open device '/dev/snd/pcmC0D0p': Invalid argument
D/audio_hw_primary( 2150): found out /dev/snd/pcmC0D0p
E/audio_hw_primary( 2150): pcm_open(out) failed: cannot open device '/dev/snd/pcmC0D0p': Invalid argument
D/audio_hw_primary( 2150): found out /dev/snd/pcmC0D0p
E/audio_hw_primary( 2150): pcm_open(out) failed: cannot open device '/dev/snd/pcmC0D0p': Invalid argument
D/audio_hw_primary( 2150): found out /dev/snd/pcmC0D0p
E/audio_hw_primary( 2150): pcm_open(out) failed: cannot open device '/dev/snd/pcmC0D0p': Invalid argument
D/audio_hw_primary( 2150): found out /dev/snd/pcmC0D0p
E/audio_hw_primary( 2150): pcm_open(out) failed: cannot open device '/dev/snd/pcmC0D0p': Invalid argument
D/audio_hw_primary( 2150): found out /dev/snd/pcmC0D0p
E/audio_hw_primary( 2150): pcm_open(out) failed: cannot open device '/dev/snd/pcmC0D0p': Invalid argument
D/audio_hw_primary( 2150): found out /dev/snd/pcmC0D0p
E/audio_hw_primary( 2150): pcm_open(out) failed: cannot open device '/dev/snd/pcmC0D0p': Invalid argument
D/audio_hw_primary( 2150): found out /dev/snd/pcmC0D0p
E/audio_hw_primary( 2150): pcm_open(out) failed: cannot open device '/dev/snd/pcmC0D0p': Invalid argument
D/audio_hw_primary( 2150): found out /dev/snd/pcmC0D0p
E/audio_hw_primary( 2150): pcm_open(out) failed: cannot open device '/dev/snd/pcmC0D0p': Invalid argument
D/audio_hw_primary( 2150): found out /dev/snd/pcmC0D0p
E/audio_hw_primary( 2150): pcm_open(out) failed: cannot open device '/dev/snd/pcmC0D0p': Invalid argument
D/audio_hw_primary( 2150): found out /dev/snd/pcmC0D0p
E/audio_hw_primary( 2150): pcm_open(out) failed: cannot open device '/dev/snd/pcmC0D0p': Invalid argument
D/audio_hw_primary( 2150): found out /dev/snd/pcmC0D0p
E/audio_hw_primary( 2150): pcm_open(out) failed: cannot open device '/dev/snd/pcmC0D0p': Invalid argument
D/audio_hw_primary( 2150): found out /dev/snd/pcmC0D0p
E/audio_hw_primary( 2150): pcm_open(out) failed: cannot open device '/dev/snd/pcmC0D0p': Invalid argument
D/audio_hw_primary( 2150): found out /dev/snd/pcmC0D0p
E/audio_hw_primary( 2150): pcm_open(out) failed: cannot open device '/dev/snd/pcmC0D0p': Invalid argument
D/audio_hw_primary( 2150): found out /dev/snd/pcmC0D0p
E/audio_hw_primary( 2150): pcm_open(out) failed: cannot open device '/dev/snd/pcmC0D0p': Invalid argument
D/audio_hw_primary( 2150): found out /dev/snd/pcmC0D0p
E/audio_hw_primary( 2150): pcm_open(out) failed: cannot open device '/dev/snd/pcmC0D0p': Invalid argument
D/audio_hw_primary( 2150): found out /dev/snd/pcmC0D0p
E/audio_hw_primary( 2150): pcm_open(out) failed: cannot open device '/dev/snd/pcmC0D0p': Invalid argument
D/audio_hw_primary( 2150): found out /dev/snd/pcmC0D0p
E/audio_hw_primary( 2150): pcm_open(out) failed: cannot open device '/dev/snd/pcmC0D0p': Invalid argument
D/audio_hw_primary( 2150): found out /dev/snd/pcmC0D0p
E/audio_hw_primary( 2150): pcm_open(out) failed: cannot open device '/dev/snd/pcmC0D0p': Invalid argument
D/audio_hw_primary( 2150): found out /dev/snd/pcmC0D0p
E/audio_hw_primary( 2150): pcm_open(out) failed: cannot open device '/dev/snd/pcmC0D0p': Invalid argument
D/audio_hw_primary( 2150): found out /dev/snd/pcmC0D0p
E/audio_hw_primary( 2150): pcm_open(out) failed: cannot open device '/dev/snd/pcmC0D0p': Invalid argument
D/audio_hw_primary( 2150): found out /dev/snd/pcmC0D0p
E/audio_hw_primary( 2150): pcm_open(out) failed: cannot open device '/dev/snd/pcmC0D0p': Invalid argument
D/audio_hw_primary( 2150): found out /dev/snd/pcmC0D0p
E/audio_hw_primary( 2150): pcm_open(out) failed: cannot open device '/dev/snd/pcmC0D0p': Invalid argument
D/audio_hw_primary( 2150): found out /dev/snd/pcmC0D0p
E/audio_hw_primary( 2150): pcm_open(out) failed: cannot open device '/dev/snd/pcmC0D0p': Invalid argument
D/audio_hw_primary( 2150): found out /dev/snd/pcmC0D0p
E/audio_hw_primary( 2150): pcm_open(out) failed: cannot open device '/dev/snd/pcmC0D0p': Invalid argument
D/audio_hw_primary( 2150): found out /dev/snd/pcmC0D0p
E/audio_hw_primary( 2150): pcm_open(out) failed: cannot open device '/dev/snd/pcmC0D0p': Invalid argument
D/audio_hw_primary( 2150): found out /dev/snd/pcmC0D0p
E/audio_hw_primary( 2150): pcm_open(out) failed: cannot open device '/dev/snd/pcmC0D0p': Invalid argument
D/audio_hw_primary( 2150): found out /dev/snd/pcmC0D0p
E/audio_hw_primary( 2150): pcm_open(out) failed: cannot open device '/dev/snd/pcmC0D0p': Invalid argument
D/audio_hw_primary( 2150): found out /dev/snd/pcmC0D0p
E/audio_hw_primary( 2150): pcm_open(out) failed: cannot open device '/dev/snd/pcmC0D0p': Invalid argument
D/audio_hw_primary( 2150): found out /dev/snd/pcmC0D0p
E/audio_hw_primary( 2150): pcm_open(out) failed: cannot open device '/dev/snd/pcmC0D0p': Invalid argument
D/audio_hw_primary( 2150): found out /dev/snd/pcmC0D0p
E/audio_hw_primary( 2150): pcm_open(out) failed: cannot open device '/dev/snd/pcmC0D0p': Invalid argument
D/audio_hw_primary( 2150): found out /dev/snd/pcmC0D0p
E/audio_hw_primary( 2150): pcm_open(out) failed: cannot open device '/dev/snd/pcmC0D0p': Invalid argument
D/audio_hw_primary( 2150): found out /dev/snd/pcmC0D0p
E/audio_hw_primary( 2150): pcm_open(out) failed: cannot open device '/dev/snd/pcmC0D0p': Invalid argument
D/audio_hw_primary( 2150): found out /dev/snd/pcmC0D0p
E/audio_hw_primary( 2150): pcm_open(out) failed: cannot open device '/dev/snd/pcmC0D0p': Invalid argument
D/audio_hw_primary( 2150): found out /dev/snd/pcmC0D0p
E/audio_hw_primary( 2150): pcm_open(out) failed: cannot open device '/dev/snd/pcmC0D0p': Invalid argument
D/audio_hw_primary( 2150): found out /dev/snd/pcmC0D0p
E/audio_hw_primary( 2150): pcm_open(out) failed: cannot open device '/dev/snd/pcmC0D0p': Invalid argument
D/audio_hw_primary( 2150): found out /dev/snd/pcmC0D0p
E/audio_hw_primary( 2150): pcm_open(out) failed: cannot open device '/dev/snd/pcmC0D0p': Invalid argument
D/audio_hw_primary( 2150): found out /dev/snd/pcmC0D0p
E/audio_hw_primary( 2150): pcm_open(out) failed: cannot open device '/dev/snd/pcmC0D0p': Invalid argument
D/audio_hw_primary( 2150): found out /dev/snd/pcmC0D0p
E/audio_hw_primary( 2150): pcm_open(out) failed: cannot open device '/dev/snd/pcmC0D0p': Invalid argument
D/audio_hw_primary( 2150): found out /dev/snd/pcmC0D0p
E/audio_hw_primary( 2150): pcm_open(out) failed: cannot open device '/dev/snd/pcmC0D0p': Invalid argument
D/audio_hw_primary( 2150): found out /dev/snd/pcmC0D0p
E/audio_hw_primary( 2150): pcm_open(out) failed: cannot open device '/dev/snd/pcmC0D0p': Invalid argument
D/audio_hw_primary( 2150): found out /dev/snd/pcmC0D0p
E/audio_hw_primary( 2150): pcm_open(out) failed: cannot open device '/dev/snd/pcmC0D0p': Invalid argument
D/audio_hw_primary( 2150): found out /dev/snd/pcmC0D0p
E/audio_hw_primary( 2150): pcm_open(out) failed: cannot open device '/dev/snd/pcmC0D0p': Invalid argument
D/audio_hw_primary( 2150): found out /dev/snd/pcmC0D0p
E/audio_hw_primary( 2150): pcm_open(out) failed: cannot open device '/dev/snd/pcmC0D0p': Invalid argument
D/audio_hw_primary( 2150): found out /dev/snd/pcmC0D0p
E/audio_hw_primary( 2150): pcm_open(out) failed: cannot open device '/dev/snd/pcmC0D0p': Invalid argument
D/audio_hw_primary( 2150): found out /dev/snd/pcmC0D0p
E/audio_hw_primary( 2150): pcm_open(out) failed: cannot open device '/dev/snd/pcmC0D0p': Invalid argument
D/audio_hw_primary( 2150): found out /dev/snd/pcmC0D0p
E/audio_hw_primary( 2150): pcm_open(out) failed: cannot open device '/dev/snd/pcmC0D0p': Invalid argument
D/audio_hw_primary( 2150): found out /dev/snd/pcmC0D0p
E/audio_hw_primary( 2150): pcm_open(out) failed: cannot open device '/dev/snd/pcmC0D0p': Invalid argument
D/audio_hw_primary( 2150): found out /dev/snd/pcmC0D0p
E/audio_hw_primary( 2150): pcm_open(out) failed: cannot open device '/dev/snd/pcmC0D0p': Invalid argument
D/audio_hw_primary( 2150): found out /dev/snd/pcmC0D0p
E/audio_hw_primary( 2150): pcm_open(out) failed: cannot open device '/dev/snd/pcmC0D0p': Invalid argument
D/audio_hw_primary( 2150): found out /dev/snd/pcmC0D0p
E/audio_hw_primary( 2150): pcm_open(out) failed: cannot open device '/dev/snd/pcmC0D0p': Invalid argument
D/audio_hw_primary( 2150): found out /dev/snd/pcmC0D0p
E/audio_hw_primary( 2150): pcm_open(out) failed: cannot open device '/dev/snd/pcmC0D0p': Invalid argument
D/audio_hw_primary( 2150): found out /dev/snd/pcmC0D0p
E/audio_hw_primary( 2150): pcm_open(out) failed: cannot open device '/dev/snd/pcmC0D0p': Invalid argument
D/audio_hw_primary( 2150): found out /dev/snd/pcmC0D0p
E/audio_hw_primary( 2150): pcm_open(out) failed: cannot open device '/dev/snd/pcmC0D0p': Invalid argument
D/audio_hw_primary( 2150): found out /dev/snd/pcmC0D0p
E/audio_hw_primary( 2150): pcm_open(out) failed: cannot open device '/dev/snd/pcmC0D0p': Invalid argument
D/audio_hw_primary( 2150): found out /dev/snd/pcmC0D0p
E/audio_hw_primary( 2150): pcm_open(out) failed: cannot open device '/dev/snd/pcmC0D0p': Invalid argument
D/audio_hw_primary( 2150): found out /dev/snd/pcmC0D0p
E/audio_hw_primary( 2150): pcm_open(out) failed: cannot open device '/dev/snd/pcmC0D0p': Invalid argument
D/audio_hw_primary( 2150): found out /dev/snd/pcmC0D0p
E/audio_hw_primary( 2150): pcm_open(out) failed: cannot open device '/dev/snd/pcmC0D0p': Invalid argument
D/audio_hw_primary( 2150): found out /dev/snd/pcmC0D0p
E/audio_hw_primary( 2150): pcm_open(out) failed: cannot open device '/dev/snd/pcmC0D0p': Invalid argument
D/audio_hw_primary( 2150): found out /dev/snd/pcmC0D0p
