I/ActivityManager( 2453): Sending system update to ComponentInfo{com.android.providers.contacts/com.android.providers.contacts.ContactsUpgradeReceiver} for user 0
I/ActivityManager( 2453): Sending system update to ComponentInfo{com.android.managedprovisioning/com.android.managedprovisioning.PreBootListener} for user 0
I/ActivityManager( 2453): Sending system update to ComponentInfo{com.android.providers.media/com.android.providers.media.MediaUpgradeReceiver} for user 0
I/ActivityManager( 2453): Sending system update to ComponentInfo{com.android.settings/com.android.settings.ManagedProfileSetup} for user 0
I/DisplayManagerService( 2453): Display device changed: DisplayDeviceInfo{"Built-in Screen": uniqueId="local:0", 1280 x 800, 60.000004 fps, supportedRefreshRates [60.000004], density 160, 75.0 x 75.0 dpi, appVsyncOff 0, presDeadline 17666666, touch INTERNAL, rotation 0, type BUILT_IN, state ON, FLAG_DEFAULT_DISPLAY, FLAG_ROTATES_WITH_CONTENT, FLAG_SECURE, FLAG_SUPPORTS_PROTECTED_BUFFERS}
D/SurfaceFlinger( 2142): Set power mode=2, type=0 flinger=0x7f28ea062000
D/SurfaceFlinger( 2142): Screen type=0 is already mode=2
I/Zygote ( 2453): Process: zygote socket opened, supported ABIS: x86_64
I/ActivityManager( 2453): Start proc 2682:com.android.providers.calendar/u0a1 for broadcast com.android.providers.calendar/.CalendarUpgradeReceiver
V/ActivityManager( 2453): Display changed displayId=0
V/ActivityManager( 2453): Display changed displayId=0
D/WifiScanningService( 2453): SCAN_AVAILABLE : 1
D/RttService( 2453): SCAN_AVAILABLE : 1
D/RttService( 2453): DefaultState got{ when=-1ms what=160513 target=com.android.internal.util.StateMachine$SmHandler }
D/WifiScanningService( 2453): DefaultState got{ when=-1ms what=160007 target=com.android.internal.util.StateMachine$SmHandler }
I/ActivityManager( 2453): Launching preboot mode app: ProcessRecord{3f207f0a 2682:com.android.providers.calendar/u0a1}
V/ActivityManager( 2453): Display changed displayId=0
V/BackupManagerService( 2453): Connected to transport ComponentInfo{android/com.android.internal.backup.LocalTransportService}
W/ResourcesManager( 2682): Asset path '/system/framework/android.test.runner.jar' does not exist or contains no resources.
V/BackupManagerService( 2453): Registering transport android/com.android.internal.backup.LocalTransportService::android/com.android.internal.backup.LocalTransport = android.app.backup.BackupTransport$TransportImpl@1347537b
W/AssetAtlasService( 2453): Could not create sync fence 0x3000
D/AssetAtlas( 2453): Rendered atlas in 137.44ms (10.90+126.54ms)
I/ActivityManager( 2453): Start proc 2702:android.process.acore/u0a2 for broadcast com.android.providers.contacts/.ContactsUpgradeReceiver
I/ActivityManager( 2453): Launching preboot mode app: ProcessRecord{3cf03598 2702:android.process.acore/u0a2}
I/ContactsUpgradeReceiver( 2702): Creating or opening contacts database
I/ContactsDatabaseHelper( 2702): Bootstrapping database version: 910
I/ContactsProviderV1( 2702): Bootstrapping database legacy support
I/ContactsDatabaseHelper( 2702): Bootstrapping database version: 910
I/ContactsProviderV1( 2702): Bootstrapping database legacy support
I/ContactsProvider( 2702): Locale has changed from null to en-US
I/ContactsDatabaseHelper( 2702): Switching to locale en-US (ICU v53.1.0.1)
I/ContactsDatabaseHelper( 2702): Locale change completed in 118ms
I/ContactsDatabaseHelper( 2702): Switching to locale en-US (ICU v53.1.0.1)
I/ContactsDatabaseHelper( 2702): Locale change completed in 49ms
I/ActivityManager( 2453): Start proc 2723:com.android.managedprovisioning/u0a7 for broadcast com.android.managedprovisioning/.PreBootListener
I/ActivityManager( 2453): Launching preboot mode app: ProcessRecord{2e2b51f1 2723:com.android.managedprovisioning/u0a7}
I/ActivityManager( 2453): Start proc 2741:android.process.media/u0a5 for broadcast com.android.providers.media/.MediaUpgradeReceiver
I/ActivityManager( 2453): Launching preboot mode app: ProcessRecord{2ccf81d6 2741:android.process.media/u0a5}
I/ActivityManager( 2453): Start proc 2760:com.android.settings/1000 for broadcast com.android.settings/.ManagedProfileSetup
I/ActivityManager( 2453): Launching preboot mode app: ProcessRecord{f6dac57 2760:com.android.settings/1000}
I/ActivityManager( 2453): Removing system update proc: ProcessRecord{3f207f0a 2682:com.android.providers.calendar/u0a1}
I/ActivityManager( 2453): Killing 2682:com.android.providers.calendar/u0a1 (adj 15): system update done
I/ActivityManager( 2453): Removing system update proc: ProcessRecord{3cf03598 2702:android.process.acore/u0a2}
I/ActivityManager( 2453): Killing 2702:android.process.acore/u0a2 (adj 15): system update done
I/ActivityManager( 2453): Removing system update proc: ProcessRecord{2e2b51f1 2723:com.android.managedprovisioning/u0a7}
I/ActivityManager( 2453): Killing 2723:com.android.managedprovisioning/u0a7 (adj 13): system update done
I/ActivityManager( 2453): Removing system update proc: ProcessRecord{2ccf81d6 2741:android.process.media/u0a5}
I/ActivityManager( 2453): Killing 2741:android.process.media/u0a5 (adj 11): system update done
I/ActivityManager( 2453): Removing system update proc: ProcessRecord{f6dac57 2760:com.android.settings/1000}
I/ActivityManager( 2453): Killing 2760:com.android.settings/1000 (adj 9): system update done
W/ActivityManager( 2453): Spurious death for ProcessRecord{3f207f0a 2682:com.android.providers.calendar/u0a1}, curProc for 2682: null
I/ActivityManager( 2453): System now ready
W/ActivityManager( 2453): Spurious death for ProcessRecord{3cf03598 2702:android.process.acore/u0a2}, curProc for 2702: null
W/ActivityManager( 2453): Spurious death for ProcessRecord{2e2b51f1 2723:com.android.managedprovisioning/u0a7}, curProc for 2723: null
W/ActivityManager( 2453): Spurious death for ProcessRecord{f6dac57 2760:com.android.settings/1000}, curProc for 2760: null
W/ActivityManager( 2453): Spurious death for ProcessRecord{2ccf81d6 2741:android.process.media/u0a5}, curProc for 2741: null
I/SystemServer( 2453): Making services ready
I/SystemServiceManager( 2453): Starting phase 550
I/SystemServer( 2453): WebViewFactory preparation
I/Zygote ( 2453): Process: zygote socket opened, supported ABIS: x86
D/UsbHostManager( 2453): Added device UsbDevice[mName=/dev/bus/usb/001/004,mVendorId=1008,mProductId=44551,mClass=0,mSubclass=0,mProtocol=0,mManufacturerName=HP,mProductName=v250w,mSerialNumber=000000000000AA231112004B,mConfigurations=[
D/UsbHostManager( 2453): UsbConfiguration[mId=1,mName=null,mAttributes=128,mMaxPower=150,mInterfaces=[
D/UsbHostManager( 2453): UsbInterface[mId=0,mAlternateSetting=0,mName=null,mClass=8,mSubclass=6,mProtocol=80,mEndpoints=[
D/UsbHostManager( 2453): UsbEndpoint[mAddress=129,mAttributes=2,mMaxPacketSize=512,mInterval=0]
D/UsbHostManager( 2453): UsbEndpoint[mAddress=2,mAttributes=2,mMaxPacketSize=512,mInterval=0]]]]
W/ContextImpl( 2453): Calling a method in the system process without a qualified user: android.app.ContextImpl.sendBroadcast:1327 com.android.server.usb.UsbSettingsManager.deviceAttached:741 com.android.server.usb.UsbHostManager.endUsbDeviceAdded:224 com.android.server.usb.UsbHostManager.monitorUsbHostBus:-2 com.android.server.usb.UsbHostManager.access$000:42
I/Telecom ( 2453): TelecomGlobals: TelecomGlobals initializing
I/ActivityManager( 2453): Start proc 2788:WebViewLoader-x86/1037 [android.webkit.WebViewFactory$RelroFileCreator] for
V/WebViewFactory( 2788): RelroFileCreator (64bit = false), 32-bit lib: /system/app/webview/lib/x86/libwebviewchromium.so, 64-bit lib: /system/app/webview/lib/x86_64/libwebviewchromium.so
I/ActivityManager( 2453): Start proc 2806:WebViewLoader-x86_64/1037 [android.webkit.WebViewFactory$RelroFileCreator] for
V/WebViewFactory( 2806): RelroFileCreator (64bit = true), 32-bit lib: /system/app/webview/lib/x86/libwebviewchromium.so, 64-bit lib: /system/app/webview/lib/x86_64/libwebviewchromium.so
I/ActivityManager( 2453): Start proc 2824:android.process.acore/u0a2 for content provider com.android.providers.contacts/.CallLogProvider
W/art ( 2453): Long monitor contention event with owner method=int com.android.server.am.ActivityManagerService.startIsolatedProcess(java.lang.String, java.lang.String[], java.lang.String, java.lang.String, int, java.lang.Runnable) from ActivityManagerService.java:2741 waiters=2 for 116ms
D/UsbHostManager( 2453): Added device UsbDevice[mName=/dev/bus/usb/001/003,mVendorId=4119,mProductId=4102,mClass=0,mSubclass=0,mProtocol=0,mManufacturerName=null,mProductName=null,mSerialNumber=null,mConfigurations=[
D/UsbHostManager( 2453): UsbConfiguration[mId=1,mName=null,mAttributes=160,mMaxPower=50,mInterfaces=[
D/UsbHostManager( 2453): UsbInterface[mId=0,mAlternateSetting=0,mName=null,mClass=3,mSubclass=1,mProtocol=1,mEndpoints=[
D/UsbHostManager( 2453): UsbEndpoint[mAddress=129,mAttributes=3,mMaxPacketSize=8,mInterval=10]]
D/UsbHostManager( 2453): UsbInterface[mId=1,mAlternateSetting=0,mName=null,mClass=3,mSubclass=0,mProtocol=0,mEndpoints=[
D/UsbHostManager( 2453): UsbEndpoint[mAddress=130,mAttributes=3,mMaxPacketSize=5,mInterval=10]]]]
W/ContextImpl( 2453): Calling a method in the system process without a qualified user: android.app.ContextImpl.sendBroadcast:1327 com.android.server.usb.UsbSettingsManager.deviceAttached:741 com.android.server.usb.UsbHostManager.endUsbDeviceAdded:224 com.android.server.usb.UsbHostManager.monitorUsbHostBus:-2 com.android.server.usb.UsbHostManager.access$000:42
D/BluetoothManagerService( 2453): Message: 20
D/BluetoothManagerService( 2453): Added callback: android.bluetooth.BluetoothAdapter$1@3b50116b:true
D/BluetoothManagerService( 2453): Message: 30
D/BluetoothManagerService( 2453): Trying to bind to profile: 1, while Bluetooth was disabled
I/ActivityManager( 2453): Start proc 2842:com.android.systemui/u0a13 for service com.android.systemui/.SystemUIService
D/NetworkManagementService( 2453): not enabling bandwidth control
I/Vold ( 2141): /dev/block/vold/179:16 being considered for volume usb3
D/Vold ( 2141): Volume usb3 state changing 1 (Idle-Unmounted) -> 3 (Checking)
D/MountService( 2453): volume state changed for /storage/usb3 (unmounted -> checking)
D/MountService( 2453): sendStorageIntent Intent { act=android.intent.action.MEDIA_CHECKING dat=file:///storage/usb3 flg=0x4000000 (has extras) } to UserHandle{-1}
I/art ( 2155): Explicit concurrent mark sweep GC freed 706(30KB) AllocSpace objects, 0(0B) LOS objects, 39% free, 1950KB/3MB, paused 137us total 14.055ms
I/fsck_msdos( 2141): ** /dev/block/vold/179:16
I/fsck_msdos( 2141): Invalid signature in boot block: 0000
I/fsck_msdos( 2141): fsck_msdos terminated by exit(2)
E/Vold ( 2141): Filesystem check failed (not a FAT filesystem)
W/Vold ( 2141): /dev/block/vold/179:16 does not contain a FAT filesystem
E/Vold ( 2141): Volume usb3 found no suitable devices for mounting :(
D/Vold ( 2141): Volume usb3 state changing 3 (Checking) -> 1 (Idle-Unmounted)
W/Vold ( 2141): Returning OperationFailed - no handler for errno 0
D/MountService( 2453): volume state changed for /storage/usb3 (checking -> unmounted)
D/MountService( 2453): sendStorageIntent Intent { act=android.intent.action.MEDIA_UNMOUNTED dat=file:///storage/usb3 flg=0x4000000 (has extras) } to UserHandle{-1}
E/MountService( 2453): Boot-time mount failed (-1)
I/Vold ( 2141): /dev/block/vold/179:24 being considered for volume usb1
D/Vold ( 2141): Volume usb1 state changing 1 (Idle-Unmounted) -> 3 (Checking)
D/MountService( 2453): volume state changed for /storage/usb1 (unmounted -> checking)
D/MountService( 2453): sendStorageIntent Intent { act=android.intent.action.MEDIA_CHECKING dat=file:///storage/usb1 flg=0x4000000 (has extras) } to UserHandle{-1}
I/art ( 2155): Explicit concurrent mark sweep GC freed 5(160B) AllocSpace objects, 0(0B) LOS objects, 39% free, 1950KB/3MB, paused 128us total 13.135ms
I/fsck_msdos( 2141): ** /dev/block/vold/179:24
I/fsck_msdos( 2141): Invalid signature in boot block: 0000
I/fsck_msdos( 2141): fsck_msdos terminated by exit(2)
E/Vold ( 2141): Filesystem check failed (not a FAT filesystem)
W/Vold ( 2141): /dev/block/vold/179:24 does not contain a FAT filesystem
E/Vold ( 2141): Volume usb1 found no suitable devices for mounting :(
D/Vold ( 2141): Volume usb1 state changing 3 (Checking) -> 1 (Idle-Unmounted)
I/Telecom ( 2453): TelecomGlobals: CallsManager initialized
D/MountService( 2453): volume state changed for /storage/usb1 (checking -> unmounted)
D/MountService( 2453): sendStorageIntent Intent { act=android.intent.action.MEDIA_UNMOUNTED dat=file:///storage/usb1 flg=0x4000000 (has extras) } to UserHandle{-1}
W/Vold ( 2141): Returning OperationFailed - no handler for errno 0
W/ContextImpl( 2453): Calling a method in the system process without a qualified user: android.app.ContextImpl.startService:1692 android.content.ContextWrapper.startService:516 com.android.server.telecom.BluetoothPhoneService.start:440 com.android.server.telecom.TelecomGlobals.initialize:93 com.android.server.telecom.TelecomService.onCreate:164
E/MountService( 2453): Boot-time mount failed (-1)
I/Vold ( 2141): /dev/block/vold/8:1 being considered for volume usb0
D/Vold ( 2141): Volume usb0 state changing 1 (Idle-Unmounted) -> 3 (Checking)
D/MountService( 2453): volume state changed for /storage/usb0 (unmounted -> checking)
D/MountService( 2453): sendStorageIntent Intent { act=android.intent.action.MEDIA_CHECKING dat=file:///storage/usb0 flg=0x4000000 (has extras) } to UserHandle{-1}
D/BluetoothManagerService( 2453): Trying to bind to profile: 1, while Bluetooth was disabled
D/BluetoothManagerService( 2453): Message: 30
I/art ( 2155): Explicit concurrent mark sweep GC freed 5(160B) AllocSpace objects, 0(0B) LOS objects, 39% free, 1950KB/3MB, paused 1.325ms total 13.504ms
I/fsck_msdos( 2141): ** /dev/block/vold/8:1
I/fsck_msdos( 2141): ** Phase 1 - Read and Compare FATs
I/fsck_msdos( 2141): Attempting to allocate 88 KB for FAT
V/SystemUIService( 2842): Starting SystemUI services.
W/NetworkStats( 2453): bandwidth controls disabled, unable to track stats
W/NetworkPolicy( 2453): bandwidth controls disabled, unable to enforce policy
I/fsck_msdos( 2141): Attempting to allocate 88 KB for FAT
I/fsck_msdos( 2141): ** Phase 2 - Check Cluster Chains
I/fsck_msdos( 2141): ** Phase 3 - Checking Directories
I/fsck_msdos( 2141): ** Phase 4 - Checking for Lost Files
I/fsck_msdos( 2141): 13 files, 3296 free (412 clusters)
I/Vold ( 2141): Filesystem check completed OK
E/Vold ( 2141): /dev/block/vold/8:1 failed to mount via VFAT (Device or resource busy)
E/Vold ( 2141): Volume usb0 found no suitable devices for mounting :(
D/Vold ( 2141): Volume usb0 state changing 3 (Checking) -> 1 (Idle-Unmounted)
W/Vold ( 2141): Returning OperationFailed - no handler for errno 0
D/MountService( 2453): volume state changed for /storage/usb0 (checking -> unmounted)
D/MountService( 2453): sendStorageIntent Intent { act=android.intent.action.MEDIA_UNMOUNTED dat=file:///storage/usb0 flg=0x4000000 (has extras) } to UserHandle{-1}
E/MountService( 2453): Boot-time mount failed (-1)
E/MountService( 2453): Boot-time mount failed (-1)
I/Vold ( 2141): /dev/block/vold/179:8 being considered for volume usb2
D/Vold ( 2141): Volume usb2 state changing 1 (Idle-Unmounted) -> 3 (Checking)
D/MountService( 2453): volume state changed for /storage/usb2 (unmounted -> checking)
D/MountService( 2453): sendStorageIntent Intent { act=android.intent.action.MEDIA_CHECKING dat=file:///storage/usb2 flg=0x4000000 (has extras) } to UserHandle{-1}
V/FingerprintService( 2453): startListening(android.service.fingerprint.IFingerprintServiceReceiver$Stub$Proxy@3eb8e30f)
I/fsck_msdos( 2141): ** /dev/block/vold/179:8
I/fsck_msdos( 2141): Invalid signature in boot block: 0000
I/fsck_msdos( 2141): fsck_msdos terminated by exit(2)
E/Vold ( 2141): Filesystem check failed (not a FAT filesystem)
W/Vold ( 2141): /dev/block/vold/179:8 does not contain a FAT filesystem
E/Vold ( 2141): Volume usb2 found no suitable devices for mounting :(
D/Vold ( 2141): Volume usb2 state changing 3 (Checking) -> 1 (Idle-Unmounted)
W/Vold ( 2141): Returning OperationFailed - no handler for errno 0
D/MountService( 2453): volume state changed for /storage/usb2 (checking -> unmounted)
D/MountService( 2453): sendStorageIntent Intent { act=android.intent.action.MEDIA_UNMOUNTED dat=file:///storage/usb2 flg=0x4000000 (has extras) } to UserHandle{-1}
E/MountService( 2453): Boot-time mount failed (-1)
W/MountService( 2453): Duplicate state transition (mounted -> mounted) for /storage/emulated/0
D/PermissionMonitor( 2453): Monitoring
D/PermissionMonitor( 2453): Users: 1, Apps: 55
I/SystemServiceManager( 2453): Starting phase 600
D/BluetoothManagerService( 2453): Trying to bind to profile: 1, while Bluetooth was disabled
D/BluetoothManagerService( 2453): Message: 30
D/BluetoothManagerService( 2453): Message: 30
I/BackupManagerService( 2453): Backup enabled => false
I/BackupManagerService( 2453): Opting out of backup
D/ZenLog ( 2453): downtime: Autotrigger skipped: not in downtime
E/InputMethodManagerService( 2453): Ignoring setImeWindowStatus due to an invalid token. uid:1000 token:null
E/WVMExtractor( 2150): Failed to open libwvm.so: dlopen failed: library "libwvm.so" not found
W/InputMethodManagerService( 2453): Reset the default IME as "Resource" is ready here.
D/NuPlayerDriver( 2150): start(0xf584eca0)
I/GenericSource( 2150): start
I/InputMethodManagerService( 2453): Selected default: com.android.inputmethod.latin/.LatinIME
D/NuPlayerDriver( 2150): start(0xf502f1c0)
I/GenericSource( 2150): start
I/ActivityManager( 2453): Start proc 2899:com.android.inputmethod.latin/u0a35 for service com.android.inputmethod.latin/.LatinIME
V/InputMethodManagerService( 2453): Adding window token: android.os.Binder@3fda23d7
W/InputMethodManagerService( 2453): Illegal subtype state: old subtype = null, new subtype = android.view.inputmethod.InputMethodSubtype@c9194f98
V/ActivityManager( 2453): Display changed displayId=0
D/gps_serial( 2453): gps dev open_gps
D/gps_serial( 2453): gps dev get_hardware_interface
D/GpsLocationProvider( 2453): Reset GPS properties, previous size = 0
D/GpsLocationProvider( 2453): GpsParamsResource: SUPL_HOST=supl.google.com
D/GpsLocationProvider( 2453): GpsParamsResource: SUPL_PORT=7275
D/GpsLocationProvider( 2453): GpsParamsResource: NTP_SERVER=north-america.pool.ntp.org
D/GpsLocationProvider( 2453): GpsParamsResource: SUPL_VER=0x20000
D/GpsLocationProvider( 2453): GpsParamsResource: SUPL_MODE=1
I/art ( 2788): System.exit called, status: 0
I/AndroidRuntime( 2788): VM exiting with result code 0, cleanup skipped.
D/GpsLocationProvider( 2453): GPS properties reloaded, size = 8
E/GpsLocationProvider( 2453): no AGPS interface in set_agps_server
E/GpsLocationProvider( 2453): no GPS configuration interface in configuraiton_update
D/GpsLocationProvider( 2453): final config = #Tue May 19 20:12:46 GMT+00:00 2015
D/GpsLocationProvider( 2453): SUPL_VER=0x20000
D/GpsLocationProvider( 2453): SUPL_HOST=supl.google.com
D/GpsLocationProvider( 2453): XTRA_SERVER_3=http\://xtra3.gpsonextra.net/xtra.bin
D/GpsLocationProvider( 2453): XTRA_SERVER_1=http\://xtra1.gpsonextra.net/xtra.bin
D/GpsLocationProvider( 2453): SUPL_PORT=7275
D/GpsLocationProvider( 2453): XTRA_SERVER_2=http\://xtra2.gpsonextra.net/xtra.bin
D/GpsLocationProvider( 2453): NTP_SERVER=north-america.pool.ntp.org
D/GpsLocationProvider( 2453): SUPL_MODE=1
W/LocationManagerService( 2453): no network location provider found
E/LocationManagerService( 2453): no geocoder provider found
E/FlpHardwareProvider( 2453): Error hw_get_module 'flp': -2
E/LocationManagerService( 2453): FLP HAL not supported
W/ResourcesManager( 2453): Asset path '/system/framework/com.android.location.provider.jar' does not exist or contains no resources.
E/LocationManagerService( 2453): Unable to bind FLP Geofence proxy.
E/ActivityRecognitionHardware( 2453): Error hw_get_module: -2
E/LocationManagerService( 2453): Hardware Activity-Recognition not supported.
I/CommonTimeManagementService( 2453): No common time service detected on this platform. Common time services will be unavailable.
I/InputReader( 2453): Reconfiguring input devices. changes=0x00000020
I/MmsServiceBroker( 2453): Delay connecting to MmsService until an API is called
V/WiredAccessoryManager( 2453): notifyWiredAccessoryChanged: when=0 bits= mask=54
V/WiredAccessoryManager( 2453): newName=h2w newState=0 headsetState=0 prev headsetState=0
E/WiredAccessoryManager( 2453): No state change.
V/WiredAccessoryManager( 2453): init()
W/VoiceInteractionManagerService( 2453): no available voice interaction services found for user 0
W/VoiceInteractionManagerService( 2453): no available voice recognition services found for user 0
D/VolumeUI( 2842): Registering volume controller
I/InputReader( 2453): Reconfiguring input devices. changes=0x00000010
D/gps_serial( 2453): serial_gps_init
D/gps_serial( 2453): gps_state_init
D/gps_serial( 2453): no kernel-provided gps device name
W/GpsLocationProvider( 2453): Failed to enable location provider
I/ActivityManager( 2453): Start proc 2921:com.android.phone/1001 for added application com.android.phone
I/ActivityManager( 2453): START u0 {act=android.intent.action.MAIN cat=[android.intent.category.HOME] flg=0x10000000 cmp=org.zeroxlab.util.tscal/.TSCalibrationStartup} from uid 0 on display 0
V/WindowManager( 2453): addAppToken: AppWindowToken{1d81169e token=Token{1c569cd9 ActivityRecord{36fbb20 u0 org.zeroxlab.util.tscal/.TSCalibrationStartup t1}}} to stack=0 task=1 at 0
I/ActivityManager( 2453): Start proc 2945:org.zeroxlab.util.tscal/1000 for activity org.zeroxlab.util.tscal/.TSCalibrationStartup
I/ContactLocale( 2824): AddressBook Labels [en-US]: [, A, B, C, D, E, F, G, H, I, J, K, L, M, N, O, P, Q, R, S, T, U, V, W, X, Y, Z, Α, Β, Γ, Δ, Ε, Ζ, Η, Θ, Ι, Κ, Λ, Μ, Ν, Ξ, Ο, Π, Ρ, Σ, Τ, Υ, Φ, Χ, Ψ, Ω, , А, Б, В, Г, Д, Ђ, Е, Є, Ж, З, И, І, Ї, Й, Ј, К, Л, Љ, М, Н, Њ, О, П, Р, С, Т, Ћ, У, Ф, Х, Ц, Ч, Џ, Ш, Щ, Ю, Я, , א, ב, ג, ד, ה, ו, ז, ח, ט, י, כ, ל, מ, נ, ס, ע, פ, צ, ק, ר, ש, ת, , ا, ب, ت, ث, ج, ح, خ, د, ذ, ر, ز, س, ش, ص, ض, ط, ظ, ع, غ, ف, ق, ك, ل, م, ن, ه, و, ي, , ก, ข, ฃ, ค, ฅ, ฆ, ง, จ, ฉ, ช, ซ, ฌ, ญ, ฎ, ฏ, ฐ, ฑ, ฒ, ณ, ด, ต, ถ, ท, ธ, น, บ, ป, ผ, ฝ, พ, ฟ, ภ, ม, ย, ร, ฤ, ล, ฦ, ว, ศ, ษ, ส, ห, ฬ, อ, ฮ, , ㄱ, ㄴ, ㄷ, ㄹ, ㅁ, ㅂ, ㅅ, ㅇ, ㅈ, ㅊ, ㅋ, ㅌ, ㅍ, ㅎ, , あ, か, さ, た, な, は, ま, や, ら, わ, #, ]
I/ActivityManager( 2453): Start proc 2970:com.android.printspooler/u0a44 for service com.android.printspooler/.model.PrintSpoolerService
I/FusedLocation( 2453): engine started (com.android.location.fused)
D/GpsNetInitiatedHandler( 2453): location enabled :true
I/ActivityManager( 2453): Start proc 2996:com.android.externalstorage/u0a6 for broadcast com.android.externalstorage/.MountReceiver
W/OMXNodeInstance( 2150): [e:google.mpeg4.decoder] component does not support metadata mode; using fallback
W/OMXNodeInstance( 2150): [f:google.h263.decoder] component does not support metadata mode; using fallback
W/AppWidgetServiceImpl( 2453): Failed to read state: java.io.FileNotFoundException: /data/system/users/0/appwidgets.xml: open failed: ENOENT (No such file or directory)
V/AppWidgetServiceImpl( 2453): Upgrading widget database from 0 to 1
D/BluetoothManagerService( 2453): Message: 300
D/BluetoothManagerService( 2453): MESSAGE_USER_SWITCHED
D/PermissionCache( 2142): checking android.permission.HARDWARE_TEST for uid=1000 => granted (118 us)
W/OMXNodeInstance( 2150): [10:google.h264.decoder] component does not support metadata mode; using fallback
I/PrintSpoolerService( 2970): No existing print spooler state.
I/ActivityManager( 2453): Force stopping org.zeroxlab.util.tscal appid=1000 user=0: pkg changed
I/ActivityManager( 2453): Killing 2945:org.zeroxlab.util.tscal/1000 (adj 0): stop org.zeroxlab.util.tscal
I/StatusBarManagerService( 2453): registerStatusBar bar=com.android.internal.statusbar.IStatusBar$Stub$Proxy@1e64c898
D/ExternalStorage( 2996): After updating volumes, found 1 active roots
D/SoftHEVC( 2150): Number of CPU cores: 4
D/SoftHEVC( 2150): Initializing decoder
D/SoftHEVC( 2150): Set number of cores to 4
D/SoftHEVC( 2150): Ittiam decoder version number: @(#)Id:HEVCDEC_production Ver:04.01 Released by ITTIAM Build: May 6 2015 @ 01:16:07
W/OMXNodeInstance( 2150): [11:google.hevc.decoder] component does not support metadata mode; using fallback
D/SoftHEVC( 2150): Freeing codec memory
D/SoftHEVC( 2150): Number of CPU cores: 4
D/SoftHEVC( 2150): Initializing decoder
D/SoftHEVC( 2150): Set number of cores to 4
D/SoftHEVC( 2150): Ittiam decoder version number: @(#)Id:HEVCDEC_production Ver:04.01 Released by ITTIAM Build: May 6 2015 @ 01:16:07
D/SoftHEVC( 2150): In SoftHEVC::~SoftHEVC
D/SoftHEVC( 2150): Freeing codec memory
I/ActivityManager( 2453): Force finishing activity 3 ActivityRecord{36fbb20 u0 org.zeroxlab.util.tscal/.TSCalibrationStartup t1}
D/ContactDirectoryManager( 2824): Found com.android.exchange.directory.provider
I/ActivityManager( 2453): START u0 {act=android.intent.action.MAIN cat=[android.intent.category.HOME] flg=0x10000000 cmp=com.android.settings/.CryptKeeper} from uid 0 on display 0
V/WindowManager( 2453): addAppToken: AppWindowToken{19cd9b57 token=Token{c0dccd6 ActivityRecord{2397e8f1 u0 com.android.settings/.CryptKeeper t2}}} to stack=0 task=2 at 0
W/ActivityManager( 2453): Spurious death for ProcessRecord{13b1232d 2945:org.zeroxlab.util.tscal/1000}, curProc for 2945: null
D/ExternalStorage( 2996): After updating volumes, found 1 active roots
I/art ( 2842): Background partial concurrent mark sweep GC freed 1368(108KB) AllocSpace objects, 0(0B) LOS objects, 40% free, 2MB/4MB, paused 11.367ms total 33.696ms
W/OMXNodeInstance( 2150): [12:google.vp8.decoder] component does not support metadata mode; using fallback
W/OMXNodeInstance( 2150): [13:google.vp9.decoder] component does not support metadata mode; using fallback
I/LatinIME( 2899): Hardware accelerated drawing: true
I/InputReader( 2453): Reconfiguring input devices. changes=0x00000010
I/SoftMPEG4Encoder( 2150): Construct SoftMPEG4Encoder
W/ACodec ( 2150): do not know color format 0x7f000789 = 2130708361
D/BackupManagerService( 2453): Received broadcast Intent { act=android.intent.action.PACKAGE_CHANGED dat=package:org.zeroxlab.util.tscal flg=0x4000010 (has extras) }
I/SoftAVCEncoder( 2150): Construct SoftAVCEncoder
W/ACodec ( 2150): do not know color format 0x7f000789 = 2130708361
I/SoftMPEG4Encoder( 2150): Construct SoftMPEG4Encoder
W/ACodec ( 2150): do not know color format 0x7f000789 = 2130708361
W/ACodec ( 2150): do not know color format 0x7f000789 = 2130708361
I/art ( 2806): System.exit called, status: 0
I/AndroidRuntime( 2806): VM exiting with result code 0, cleanup skipped.
D/NuPlayerDriver( 2150): reset(0xf502f1c0)
D/NuPlayerDriver( 2150): notifyResetComplete(0xf502f1c0)
I/ActivityManager( 2453): Start proc 3049:com.android.exchange/u0a30 for content provider com.android.exchange/.provider.ExchangeDirectoryProvider
D/NuPlayerDriver( 2150): reset(0xf584eca0)
D/NuPlayerDriver( 2150): start(0xf502f640)
I/GenericSource( 2150): start
D/NuPlayerDriver( 2150): notifyResetComplete(0xf584eca0)
D/NuPlayerDriver( 2150): start(0xf584edc0)
I/GenericSource( 2150): start
D/NuPlayerDriver( 2150): reset(0xf502f640)
D/NuPlayerDriver( 2150): notifyResetComplete(0xf502f640)
I/ActivityManager( 2453): Start proc 3079:android.process.media/u0a5 for broadcast com.android.providers.media/.MediaScannerReceiver
W/InputAttributes( 2899): No editor info for this field. Bug?
D/NuPlayerDriver( 2150): start(0xf502f340)
I/GenericSource( 2150): start
D/NuPlayerDriver( 2150): reset(0xf584edc0)
D/NuPlayerDriver( 2150): notifyResetComplete(0xf584edc0)
I/LatinIME:LogUtils( 2899): Dictionary info: dictionary = userunigram.en_US ; version = 1432066366 ; date = ?
D/NuPlayerDriver( 2150): start(0xf5960400)
I/GenericSource( 2150): start
I/LatinIME:LogUtils( 2899): Dictionary info: dictionary = UserHistoryDictionary.en_US ; version = 1432066366 ; date = ?
D/NuPlayerDriver( 2150): reset(0xf502f340)
I/LatinIME:LogUtils( 2899): Dictionary info: dictionary = contacts.en_US ; version = 1432066366 ; date = ?
I/LatinIME:LogUtils( 2899): Dictionary info: dictionary = ContextualDictionary.en_US ; version = 1432066366 ; date = ?
D/NuPlayerDriver( 2150): notifyResetComplete(0xf502f340)
I/LatinIME:LogUtils( 2899): Dictionary info: dictionary = PersonalizationDictionary.en_US ; version = 1432066366 ; date = ?
I/ActivityManager( 2453): Start proc 3118:com.android.settings/1000 for activity com.android.settings/.CryptKeeper
D/NuPlayerDriver( 2150): reset(0xf5960400)
D/NuPlayerDriver( 2150): start(0xf502f1c0)
D/NuPlayerDriver( 2150): notifyResetComplete(0xf5960400)
I/GenericSource( 2150): start
I/LatinIME:LogUtils( 2899): Dictionary info: dictionary = PersonalizationDictionary.en_US ; version = 1432066366 ; date = ?
I/LatinIME:LogUtils( 2899): Dictionary info: dictionary = PersonalizationDictionary.en_US ; version = 1432066366 ; date = ?
D/NuPlayerDriver( 2150): reset(0xf502f1c0)
D/NuPlayerDriver( 2150): notifyResetComplete(0xf502f1c0)
D/NuPlayerDriver( 2150): start(0xf584eca0)
I/GenericSource( 2150): start
I/LatinIME:LogUtils( 2899): Dictionary info: dictionary = main:de ; version = 44 ; date = 1393228134
I/LatinIME:LogUtils( 2899): Dictionary info: dictionary = main:fr ; version = 45 ; date = 1400639634
I/LatinIME:LogUtils( 2899): Dictionary info: dictionary = main:es ; version = 49 ; date = 1404131686
D/NuPlayerDriver( 2150): reset(0xf584eca0)
D/NuPlayerDriver( 2150): notifyResetComplete(0xf584eca0)
I/LatinIME:LogUtils( 2899): Dictionary info: dictionary = main:it ; version = 44 ; date = 1393228135
I/LatinIME:LogUtils( 2899): Dictionary info: dictionary = main:ru ; version = 50 ; date = 1406597821
I/ActivityManager( 2453): Start proc 3158:com.android.email/u0a29 for content provider com.android.email/.provider.EmailProvider
D/NuPlayerDriver( 2150): start(0xf502f640)
I/GenericSource( 2150): start
I/LatinIME:LogUtils( 2899): Dictionary info: dictionary = main:en ; version = 47 ; date = 1402373178
D/NuPlayerDriver( 2150): reset(0xf502f640)
D/NuPlayerDriver( 2150): notifyResetComplete(0xf502f640)
I/ActivityManager( 2453): START u0 {act=android.intent.action.MAIN cat=[android.intent.category.HOME] flg=0x10000000 cmp=com.android.provision/.DefaultActivity} from uid 0 on display 0
V/WindowManager( 2453): addAppToken: AppWindowToken{2838b3d1 token=Token{27f072f8 ActivityRecord{1d16aa5b u0 com.android.provision/.DefaultActivity t3}}} to stack=0 task=3 at 0
I/ActivityManager( 2453): Start proc 3184:com.android.provision/u0a45 for activity com.android.provision/.DefaultActivity
D/ActivityThread( 3158): Loading provider com.android.email.provider;com.android.email.notifier: com.android.email.provider.EmailProvider
I/LatinIME:LogUtils( 2899): Dictionary info: dictionary = main:en ; version = 47 ; date = 1402373178
I/MediaProvider( 3079): Upgrading media database from version 0 to 800, which will destroy all old data
I/LatinIME:LogUtils( 2899): Dictionary info: dictionary = main:en ; version = 47 ; date = 1402373178
I/LatinIME:LogUtils( 2899): Dictionary info: dictionary = main:en ; version = 47 ; date = 1402373178
I/LatinIME:LogUtils( 2899): Dictionary info: dictionary = main:en ; version = 47 ; date = 1402373178
I/ContactDirectoryManager( 2824): deleted 0 stale rows which don't have any relevant directory
I/ContactDirectoryManager( 2824): Discovered 0 contact directories in 523ms
I/LatinIME:LogUtils( 2899): Dictionary info: dictionary = main:en ; version = 47 ; date = 1402373178
I/LatinIME:LogUtils( 2899): Dictionary info: dictionary = main:en ; version = 47 ; date = 1402373178
I/LatinIME:LogUtils( 2899): Dictionary info: dictionary = main:en ; version = 47 ; date = 1402373178
D/ActivityThread( 3158): Loading provider com.android.email.provider;com.android.email.notifier: com.android.email.provider.EmailProvider
D/SettingsProvider( 2453): User 0 external modification to /data/data/com.android.providers.settings/databases/settings.db; event=2
D/SettingsProvider( 2453): User 0 updating our caches for /data/data/com.android.providers.settings/databases/settings.db
W/BackupManagerService( 2453): dataChanged but no participant pkg='com.android.providers.settings' uid=10045
I/ValidateNoPeople( 2453): mEvictionCount: 0
D/SettingsProvider( 2453): User 0 external modification to /data/data/com.android.providers.settings/databases/settings.db; event=2
D/SettingsProvider( 2453): User 0 updating our caches for /data/data/com.android.providers.settings/databases/settings.db
W/BackupManagerService( 2453): dataChanged but no participant pkg='com.android.providers.settings' uid=10045
I/ActivityManager( 2453): START u0 {act=android.intent.action.MAIN cat=[android.intent.category.HOME] flg=0x10000000 cmp=com.cyanogenmod.trebuchet/com.android.launcher3.Launcher} from uid 0 on display 0
V/WindowManager( 2453): addAppToken: AppWindowToken{1740723b token=Token{3863e0ca ActivityRecord{2932c435 u0 com.cyanogenmod.trebuchet/com.android.launcher3.Launcher t4}}} to stack=0 task=4 at 0
I/ContactsProvider( 2824): Upgrading aggregation algorithm
D/MediaProvider( 3079): Adjusting external storage paths to: /storage/emulated/0
I/ActivityManager( 2453): Start proc 3221:com.cyanogenmod.trebuchet/u0a14 for activity com.cyanogenmod.trebuchet/com.android.launcher3.Launcher
D/WifiService( 2453): New client listening to asynchronous messages
I/art ( 2155): Explicit concurrent mark sweep GC freed 706(30KB) AllocSpace objects, 0(0B) LOS objects, 39% free, 1950KB/3MB, paused 123us total 14.595ms
I/art ( 2453): Explicit concurrent mark sweep GC freed 27788(1798KB) AllocSpace objects, 14(218KB) LOS objects, 33% free, 8MB/12MB, paused 2.997ms total 64.006ms
I/art ( 2155): Explicit concurrent mark sweep GC freed 5(160B) AllocSpace objects, 0(0B) LOS objects, 39% free, 1950KB/3MB, paused 115us total 10.582ms
E/SQLiteLog( 3079): (1) no such table: album_info
I/art ( 2155): Explicit concurrent mark sweep GC freed 5(160B) AllocSpace objects, 0(0B) LOS objects, 39% free, 1950KB/3MB, paused 115us total 10.406ms
D/BluetoothManagerService( 2453): Message: 20
D/BluetoothManagerService( 2453): Added callback: android.bluetooth.IBluetoothManagerCallback$Stub$Proxy@20aa34d2:true
W/ActivityManager( 2453): Unable to start service Intent { act=com.android.mail.action.BACKUP_DATA_CHANGED pkg=com.android.email } U=0: not found
D/BluetoothAdapter( 2842): 568468256: getState() : mService = null. Returning STATE_OFF
D/BluetoothAdapter( 2842): 568468256: getState() : mService = null. Returning STATE_OFF
D/BluetoothManagerService( 2453): Message: 30
D/MediaScannerReceiver( 3079): action: android.intent.action.MEDIA_UNMOUNTED path: /storage/usb3
W/ActivityManager( 2453): Unable to start service Intent { act=com.android.mail.action.BACKUP_DATA_CHANGED pkg=com.android.email } U=0: not found
D/ExternalStorage( 2996): After updating volumes, found 1 active roots
W/ActivityManager( 2453): Unable to start service Intent { act=com.android.mail.action.BACKUP_DATA_CHANGED pkg=com.android.email } U=0: not found
D/BluetoothManagerService( 2453): Message: 30
E/BluetoothA2dpSink( 2842): Could not bind to Bluetooth A2DP Service with Intent { act=android.bluetooth.IBluetoothA2dpSink }
D/BluetoothManagerService( 2453): Message: 30
W/ActivityManager( 2453): Unable to start service Intent { act=com.android.mail.action.BACKUP_DATA_CHANGED pkg=com.android.email } U=0: not found
E/BluetoothAvrcpController( 2842): Could not bind to Bluetooth AVRCP Controller Service with Intent { act=android.bluetooth.IBluetoothAvrcpController }
W/ActivityManager( 2453): Unable to start service Intent { act=com.android.mail.action.BACKUP_DATA_CHANGED pkg=com.android.email } U=0: not found
D/BluetoothManagerService( 2453): Message: 30
D/BluetoothManagerService( 2453): Trying to bind to profile: 1, while Bluetooth was disabled
W/ActivityManager( 2453): Unable to start service Intent { act=com.android.mail.action.BACKUP_DATA_CHANGED pkg=com.android.email } U=0: not found
D/BluetoothManagerService( 2453): Message: 30
D/TelephonyProvider( 2921): dbh.onCreate:+ db=SQLiteDatabase: /data/data/com.android.providers.telephony/databases/telephony.db
D/TelephonyProvider( 2921): dbh.createSimInfoTable:+
D/TelephonyProvider( 2921): dbh.createSimInfoTable:-
D/TelephonyProvider( 2921): dbh.createCarriersTable:+
D/TelephonyProvider( 2921): dbh.createCarriersTable:-
D/TelephonyProvider( 2921): No APNs in OEM image = /oem/telephony/apns-conf.xml Load APNs from system image
D/TelephonyProvider( 2921): confFile = /system/etc/apns-conf.xml
E/BluetoothHeadsetClient( 2842): Could not bind to Bluetooth Headset Client Service with Intent { act=android.bluetooth.IBluetoothHeadsetClient }
W/ActivityManager( 2453): Unable to start service Intent { act=com.android.mail.action.BACKUP_DATA_CHANGED pkg=com.android.email } U=0: not found
D/BluetoothManagerService( 2453): Message: 30
D/MediaScannerReceiver( 3079): action: android.intent.action.MEDIA_UNMOUNTED path: /storage/usb1
D/BluetoothMap( 2842): Create BluetoothMap proxy object
I/DownloadManager( 3079): Upgrading downloads database from version 0 to version 109, which will destroy all old data
D/BluetoothManagerService( 2453): Message: 30
D/ExternalStorage( 2996): After updating volumes, found 1 active roots
D/BluetoothManagerService( 2453): Message: 30
D/MediaScannerReceiver( 3079): action: android.intent.action.MEDIA_UNMOUNTED path: /storage/usb0
I/Exchange( 3049): EasService.onCreate
D/ExternalStorage( 2996): After updating volumes, found 1 active roots
I/Exchange( 3049): RestartPingTask
D/ConnectivityService( 2453): listenForNetwork for NetworkRequest [ id=2, legacyType=-1, [] ]
D/MediaScannerReceiver( 3079): action: android.intent.action.MEDIA_UNMOUNTED path: /storage/usb2
E/ActivityThread( 3221): Failed to find provider info for com.android.launcher2.settings
I/ContactAggregator( 2824): Marked all visible contacts for aggregation: 0 raw contacts, 5 ms
I/ContactsProvider( 2824): Aggregation algorithm upgraded for 0 raw contacts in 229ms
V/Launcher( 3221): LauncherAppState inited
W/ActivityManager( 2453): Unable to start service Intent { cmp=com.android.email/.service.AttachmentService } U=0: not found
W/ActivityManager( 2453): Unable to start service Intent { cmp=com.android.email/.service.AttachmentService } U=0: not found
I/CameraManagerGlobal( 2842): getCameraService: Reconnecting to camera service
W/Launcher( 3221): setApplicationContext called twice! old=com.android.launcher3.LauncherApplication@1844e743 new=com.android.launcher3.LauncherApplication@1844e743
W/ActivityManager( 2453): Unable to start service Intent { cmp=com.android.email/.service.AttachmentService } U=0: not found
I/Email ( 3158): Observing account changes for notifications
W/art ( 3158): Long monitor contention event with owner method=boolean android.os.BinderProxy.transactNative(int, android.os.Parcel, android.os.Parcel, int) from Binder.java:4294967294 waiters=0 for 394ms
I/ContactsFTS( 2824): Rebuild contact search index in 36ms, 0 contacts
D/BluetoothAdapter( 2842): 568468256: getState() : mService = null. Returning STATE_OFF
D/BluetoothAdapter( 2842): 568468256: getState() : mService = null. Returning STATE_OFF
D/BluetoothAdapter( 2842): 568468256: getState() : mService = null. Returning STATE_OFF
D/BluetoothAdapter( 2842): 568468256: getState() : mService = null. Returning STATE_OFF
I/Exchange( 3049): RestartPingsTask did not start any pings.
I/Exchange( 3049): PSS stopIfIdle
I/Exchange( 3049): PSS has no active accounts; stopping service.
D/OpenGLRenderer( 2842): Use EGL_SWAP_BEHAVIOR_PRESERVED: true
D/PhoneStatusBar( 2842): disable: < EXPAND* icons alerts system_info BACK* HOME* RECENT* clock SEARCH* > I/Exchange( 3049): onDestroy
I/Exchange( 3049): EasService.onCreate
I/Exchange( 3049): RestartPingTask
D/BluetoothAdapter( 2842): 568468256: getState() : mService = null. Returning STATE_OFF
D/BluetoothAdapter( 2842): 568468256: getState() : mService = null. Returning STATE_OFF
D/PhoneStatusBar( 2842): heads up is enabled
D/StatusBar( 2842): user hasn't seen notification about hidden notifications
D/StatusBar( 2842): insecure lockscreen, skipping notification
W/BackupManagerService( 2453): dataChanged but no participant pkg='com.android.providers.settings' uid=10013
I/Choreographer( 2842): Skipped 61 frames! The application may be doing too much work on its main thread.
D/ViewRootImpl( 2842): changeCanvasOpacity: opaque=true
I/Exchange( 3049): RestartPingsTask did not start any pings.
I/Exchange( 3049): PSS stopIfIdle
I/Exchange( 3049): PSS has no active accounts; stopping service.
I/Exchange( 3049): onDestroy
W/Resources( 3221): Converting to int: TypedValue{t=0x3/d=0x13 "6" a=-1}
W/Resources( 3221): Converting to int: TypedValue{t=0x3/d=0x14 "3" a=-1}
W/Resources( 3221): Converting to int: TypedValue{t=0x3/d=0x11 "1" a=-1}
W/Resources( 3221): Converting to int: TypedValue{t=0x3/d=0x12 "0" a=-1}
W/Resources( 3221): Converting to int: TypedValue{t=0x3/d=0x11 "1" a=-1}
W/Resources( 3221): Converting to int: TypedValue{t=0x3/d=0x18 "7" a=-1}
W/Resources( 3221): Converting to int: TypedValue{t=0x3/d=0x19 "4" a=-1}
W/Resources( 3221): Converting to int: TypedValue{t=0x3/d=0x11 "1" a=-1}
W/Launcher.LauncherProvider( 3221): Unable to add favorite: com.android.vending/com.android.vending.AssetBrowserActivity
W/Launcher.LauncherProvider( 3221): android.content.pm.PackageManager$NameNotFoundException: ComponentInfo{com.android.vending/com.android.vending.AssetBrowserActivity}
W/Launcher.LauncherProvider( 3221): at android.app.ApplicationPackageManager.getActivityInfo(ApplicationPackageManager.java:314)
W/Launcher.LauncherProvider( 3221): at com.android.launcher3.LauncherProvider$DatabaseHelper.addAppShortcut(LauncherProvider.java:1308)
W/Launcher.LauncherProvider( 3221): at com.android.launcher3.LauncherProvider$DatabaseHelper.loadFavorites(LauncherProvider.java:1185)
W/Launcher.LauncherProvider( 3221): at com.android.launcher3.LauncherProvider$DatabaseHelper.access$000(LauncherProvider.java:298)
W/Launcher.LauncherProvider( 3221): at com.android.launcher3.LauncherProvider.loadDefaultFavoritesIfNecessary(LauncherProvider.java:288)
W/Launcher.LauncherProvider( 3221): at com.android.launcher3.LauncherModel$LoaderTask.loadWorkspace(LauncherModel.java:1681)
W/Launcher.LauncherProvider( 3221): at com.android.launcher3.LauncherModel$LoaderTask.loadAndBindWorkspace(LauncherModel.java:1425)
W/Launcher.LauncherProvider( 3221): at com.android.launcher3.LauncherModel$LoaderTask.run(LauncherModel.java:1530)
W/Launcher.LauncherProvider( 3221): at android.os.Handler.handleCallback(Handler.java:739)
W/Launcher.LauncherProvider( 3221): at android.os.Handler.dispatchMessage(Handler.java:95)
W/Launcher.LauncherProvider( 3221): at android.os.Looper.loop(Looper.java:135)
W/Launcher.LauncherProvider( 3221): at android.os.HandlerThread.run(HandlerThread.java:61)
W/Resources( 3221): Converting to int: TypedValue{t=0x3/d=0x12 "0" a=-1}
W/Resources( 3221): Converting to int: TypedValue{t=0x3/d=0x19 "4" a=-1}
W/Resources( 3221): Converting to int: TypedValue{t=0x3/d=0x11 "1" a=-1}
W/Launcher.LauncherProvider( 3221): Unable to add favorite: com.google.android.apps.maps/com.google.android.maps.MapsActivity
W/Launcher.LauncherProvider( 3221): android.content.pm.PackageManager$NameNotFoundException: ComponentInfo{com.google.android.apps.maps/com.google.android.maps.MapsActivity}
W/Launcher.LauncherProvider( 3221): at android.app.ApplicationPackageManager.getActivityInfo(ApplicationPackageManager.java:314)
W/Launcher.LauncherProvider( 3221): at com.android.launcher3.LauncherProvider$DatabaseHelper.addAppShortcut(LauncherProvider.java:1308)
W/Launcher.LauncherProvider( 3221): at com.android.launcher3.LauncherProvider$DatabaseHelper.loadFavorites(LauncherProvider.java:1231)
W/Launcher.LauncherProvider( 3221): at com.android.launcher3.LauncherProvider$DatabaseHelper.access$000(LauncherProvider.java:298)
W/Launcher.LauncherProvider( 3221): at com.android.launcher3.LauncherProvider.loadDefaultFavoritesIfNecessary(LauncherProvider.java:288)
W/Launcher.LauncherProvider( 3221): at com.android.launcher3.LauncherModel$LoaderTask.loadWorkspace(LauncherModel.java:1681)
W/Launcher.LauncherProvider( 3221): at com.android.launcher3.LauncherModel$LoaderTask.loadAndBindWorkspace(LauncherModel.java:1425)
W/Launcher.LauncherProvider( 3221): at com.android.launcher3.LauncherModel$LoaderTask.run(LauncherModel.java:1530)
W/Launcher.LauncherProvider( 3221): at android.os.Handler.handleCallback(Handler.java:739)
W/Launcher.LauncherProvider( 3221): at android.os.Handler.dispatchMessage(Handler.java:95)
W/Launcher.LauncherProvider( 3221): at android.os.Looper.loop(Looper.java:135)
W/Launcher.LauncherProvider( 3221): at android.os.HandlerThread.run(HandlerThread.java:61)
W/Launcher.LauncherProvider( 3221): Unable to add favorite: com.google.android.gm/com.google.android.gm.GmailActivity
W/Launcher.LauncherProvider( 3221): android.content.pm.PackageManager$NameNotFoundException: ComponentInfo{com.google.android.gm/com.google.android.gm.GmailActivity}
W/Launcher.LauncherProvider( 3221): at android.app.ApplicationPackageManager.getActivityInfo(ApplicationPackageManager.java:314)
W/Launcher.LauncherProvider( 3221): at com.android.launcher3.LauncherProvider$DatabaseHelper.addAppShortcut(LauncherProvider.java:1308)
W/Launcher.LauncherProvider( 3221): at com.android.launcher3.LauncherProvider$DatabaseHelper.loadFavorites(LauncherProvider.java:1231)
W/Launcher.LauncherProvider( 3221): at com.android.launcher3.LauncherProvider$DatabaseHelper.access$000(LauncherProvider.java:298)
W/Launcher.LauncherProvider( 3221): at com.android.launcher3.LauncherProvider.loadDefaultFavoritesIfNecessary(LauncherProvider.java:288)
W/Launcher.LauncherProvider( 3221): at com.android.launcher3.LauncherModel$LoaderTask.loadWorkspace(LauncherModel.java:1681)
W/Launcher.LauncherProvider( 3221): at com.android.launcher3.LauncherModel$LoaderTask.loadAndBindWorkspace(LauncherModel.java:1425)
W/Launcher.LauncherProvider( 3221): at com.android.launcher3.LauncherModel$LoaderTask.run(LauncherModel.java:1530)
W/Launcher.LauncherProvider( 3221): at android.os.Handler.handleCallback(Handler.java:739)
W/Launcher.LauncherProvider( 3221): at android.os.Handler.dispatchMessage(Handler.java:95)
W/Launcher.LauncherProvider( 3221): at android.os.Looper.loop(Looper.java:135)
W/Launcher.LauncherProvider( 3221): at android.os.HandlerThread.run(HandlerThread.java:61)
W/Launcher.LauncherProvider( 3221): Unable to add favorite: com.google.android.apps.plus/com.google.android.apps.plus.phone.HomeActivity
W/Launcher.LauncherProvider( 3221): android.content.pm.PackageManager$NameNotFoundException: ComponentInfo{com.google.android.apps.plus/com.google.android.apps.plus.phone.HomeActivity}
W/Launcher.LauncherProvider( 3221): at android.app.ApplicationPackageManager.getActivityInfo(ApplicationPackageManager.java:314)
W/Launcher.LauncherProvider( 3221): at com.android.launcher3.LauncherProvider$DatabaseHelper.addAppShortcut(LauncherProvider.java:1308)
W/Launcher.LauncherProvider( 3221): at com.android.launcher3.LauncherProvider$DatabaseHelper.loadFavorites(LauncherProvider.java:1231)
W/Launcher.LauncherProvider( 3221): at com.android.launcher3.LauncherProvider$DatabaseHelper.access$000(LauncherProvider.java:298)
W/Launcher.LauncherProvider( 3221): at com.android.launcher3.LauncherProvider.loadDefaultFavoritesIfNecessary(LauncherProvider.java:288)
W/Launcher.LauncherProvider( 3221): at com.android.launcher3.LauncherModel$LoaderTask.loadWorkspace(LauncherModel.java:1681)
W/Launcher.LauncherProvider( 3221): at com.android.launcher3.LauncherModel$LoaderTask.loadAndBindWorkspace(LauncherModel.java:1425)
W/Launcher.LauncherProvider( 3221): at com.android.launcher3.LauncherModel$LoaderTask.run(LauncherModel.java:1530)
W/Launcher.LauncherProvider( 3221): at android.os.Handler.handleCallback(Handler.java:739)
W/Launcher.LauncherProvider( 3221): at android.os.Handler.dispatchMessage(Handler.java:95)
W/Launcher.LauncherProvider( 3221): at android.os.Looper.loop(Looper.java:135)
W/Launcher.LauncherProvider( 3221): at android.os.HandlerThread.run(HandlerThread.java:61)
W/Launcher.LauncherProvider( 3221): Unable to add favorite: com.google.android.calendar/com.android.calendar.AllInOneActivity
W/Launcher.LauncherProvider( 3221): android.content.pm.PackageManager$NameNotFoundException: ComponentInfo{com.google.android.calendar/com.android.calendar.AllInOneActivity}
W/Launcher.LauncherProvider( 3221): at android.app.ApplicationPackageManager.getActivityInfo(ApplicationPackageManager.java:314)
W/Launcher.LauncherProvider( 3221): at com.android.launcher3.LauncherProvider$DatabaseHelper.addAppShortcut(LauncherProvider.java:1308)
W/Launcher.LauncherProvider( 3221): at com.android.launcher3.LauncherProvider$DatabaseHelper.loadFavorites(LauncherProvider.java:1231)
W/Launcher.LauncherProvider( 3221): at com.android.launcher3.LauncherProvider$DatabaseHelper.access$000(LauncherProvider.java:298)
W/Launcher.LauncherProvider( 3221): at com.android.launcher3.LauncherProvider.loadDefaultFavoritesIfNecessary(LauncherProvider.java:288)
W/Launcher.LauncherProvider( 3221): at com.android.launcher3.LauncherModel$LoaderTask.loadWorkspace(LauncherModel.java:1681)
W/Launcher.LauncherProvider( 3221): at com.android.launcher3.LauncherModel$LoaderTask.loadAndBindWorkspace(LauncherModel.java:1425)
W/Launcher.LauncherProvider( 3221): at com.android.launcher3.LauncherModel$LoaderTask.run(LauncherModel.java:1530)
W/Launcher.LauncherProvider( 3221): at android.os.Handler.handleCallback(Handler.java:739)
W/Launcher.LauncherProvider( 3221): at android.os.Handler.dispatchMessage(Handler.java:95)
W/Launcher.LauncherProvider( 3221): at android.os.Looper.loop(Looper.java:135)
W/Launcher.LauncherProvider( 3221): at android.os.HandlerThread.run(HandlerThread.java:61)
