W/Launcher.LauncherProvider( 3221): Unable to add favorite: com.google.android.apps.maps/com.google.android.maps.driveabout.app.DestinationActivity
W/Launcher.LauncherProvider( 3221): android.content.pm.PackageManager$NameNotFoundException: ComponentInfo{com.google.android.apps.maps/com.google.android.maps.driveabout.app.DestinationActivity}
W/Launcher.LauncherProvider( 3221): at android.app.ApplicationPackageManager.getActivityInfo(ApplicationPackageManager.java:314)
W/Launcher.LauncherProvider( 3221): at com.android.launcher3.LauncherProvider$DatabaseHelper.addAppShortcut(LauncherProvider.java:1308)
W/Launcher.LauncherProvider( 3221): at com.android.launcher3.LauncherProvider$DatabaseHelper.loadFavorites(LauncherProvider.java:1231)
W/Launcher.LauncherProvider( 3221): at com.android.launcher3.LauncherProvider$DatabaseHelper.access$000(LauncherProvider.java:298)
W/Launcher.LauncherProvider( 3221): at com.android.launcher3.LauncherProvider.loadDefaultFavoritesIfNecessary(LauncherProvider.java:288)
W/Launcher.LauncherProvider( 3221): at com.android.launcher3.LauncherModel$LoaderTask.loadWorkspace(LauncherModel.java:1681)
W/Launcher.LauncherProvider( 3221): at com.android.launcher3.LauncherModel$LoaderTask.loadAndBindWorkspace(LauncherModel.java:1425)
W/Launcher.LauncherProvider( 3221): at com.android.launcher3.LauncherModel$LoaderTask.run(LauncherModel.java:1530)
W/Launcher.LauncherProvider( 3221): at android.os.Handler.handleCallback(Handler.java:739)
W/Launcher.LauncherProvider( 3221): at android.os.Handler.dispatchMessage(Handler.java:95)
W/Launcher.LauncherProvider( 3221): at android.os.Looper.loop(Looper.java:135)
W/Launcher.LauncherProvider( 3221): at android.os.HandlerThread.run(HandlerThread.java:61)
W/Launcher.LauncherProvider( 3221): Unable to add favorite: com.google.android.apps.plus/com.google.android.apps.plus.phone.ConversationListActivity
W/Launcher.LauncherProvider( 3221): android.content.pm.PackageManager$NameNotFoundException: ComponentInfo{com.google.android.apps.plus/com.google.android.apps.plus.phone.ConversationListActivity}
W/Launcher.LauncherProvider( 3221): at android.app.ApplicationPackageManager.getActivityInfo(ApplicationPackageManager.java:314)
W/Launcher.LauncherProvider( 3221): at com.android.launcher3.LauncherProvider$DatabaseHelper.addAppShortcut(LauncherProvider.java:1308)
W/Launcher.LauncherProvider( 3221): at com.android.launcher3.LauncherProvider$DatabaseHelper.loadFavorites(LauncherProvider.java:1231)
W/Launcher.LauncherProvider( 3221): at com.android.launcher3.LauncherProvider$DatabaseHelper.access$000(LauncherProvider.java:298)
W/Launcher.LauncherProvider( 3221): at com.android.launcher3.LauncherProvider.loadDefaultFavoritesIfNecessary(LauncherProvider.java:288)
W/Launcher.LauncherProvider( 3221): at com.android.launcher3.LauncherModel$LoaderTask.loadWorkspace(LauncherModel.java:1681)
W/Launcher.LauncherProvider( 3221): at com.android.launcher3.LauncherModel$LoaderTask.loadAndBindWorkspace(LauncherModel.java:1425)
W/Launcher.LauncherProvider( 3221): at com.android.launcher3.LauncherModel$LoaderTask.run(LauncherModel.java:1530)
W/Launcher.LauncherProvider( 3221): at android.os.Handler.handleCallback(Handler.java:739)
W/Launcher.LauncherProvider( 3221): at android.os.Handler.dispatchMessage(Handler.java:95)
W/Launcher.LauncherProvider( 3221): at android.os.Looper.loop(Looper.java:135)
W/Launcher.LauncherProvider( 3221): at android.os.HandlerThread.run(HandlerThread.java:61)
W/Resources( 3221): Converting to int: TypedValue{t=0x3/d=0x18 "7" a=-1}
W/Resources( 3221): Converting to int: TypedValue{t=0x3/d=0x19 "4" a=-1}
W/Resources( 3221): Converting to int: TypedValue{t=0x3/d=0x11 "1" a=-1}
W/Launcher.LauncherProvider( 3221): Unable to add favorite: com.bel.android.dspmanager/com.bel.android.dspmanager.activity.DSPManager
W/Launcher.LauncherProvider( 3221): android.content.pm.PackageManager$NameNotFoundException: ComponentInfo{com.bel.android.dspmanager/com.bel.android.dspmanager.activity.DSPManager}
W/Launcher.LauncherProvider( 3221): at android.app.ApplicationPackageManager.getActivityInfo(ApplicationPackageManager.java:314)
W/Launcher.LauncherProvider( 3221): at com.android.launcher3.LauncherProvider$DatabaseHelper.addAppShortcut(LauncherProvider.java:1308)
W/Launcher.LauncherProvider( 3221): at com.android.launcher3.LauncherProvider$DatabaseHelper.loadFavorites(LauncherProvider.java:1185)
W/Launcher.LauncherProvider( 3221): at com.android.launcher3.LauncherProvider$DatabaseHelper.access$000(LauncherProvider.java:298)
W/Launcher.LauncherProvider( 3221): at com.android.launcher3.LauncherProvider.loadDefaultFavoritesIfNecessary(LauncherProvider.java:288)
W/Launcher.LauncherProvider( 3221): at com.android.launcher3.LauncherModel$LoaderTask.loadWorkspace(LauncherModel.java:1681)
W/Launcher.LauncherProvider( 3221): at com.android.launcher3.LauncherModel$LoaderTask.loadAndBindWorkspace(LauncherModel.java:1425)
W/Launcher.LauncherProvider( 3221): at com.android.launcher3.LauncherModel$LoaderTask.run(LauncherModel.java:1530)
W/Launcher.LauncherProvider( 3221): at android.os.Handler.handleCallback(Handler.java:739)
W/Launcher.LauncherProvider( 3221): at android.os.Handler.dispatchMessage(Handler.java:95)
W/Launcher.LauncherProvider( 3221): at android.os.Looper.loop(Looper.java:135)
W/Launcher.LauncherProvider( 3221): at android.os.HandlerThread.run(HandlerThread.java:61)
W/Resources( 3221): Converting to int: TypedValue{t=0x3/d=0x12 "0" a=-1}
W/Resources( 3221): Converting to int: TypedValue{t=0x3/d=0x19 "4" a=-1}
W/Resources( 3221): Converting to int: TypedValue{t=0x3/d=0x11 "1" a=-1}
W/Launcher.LauncherProvider( 3221): Unable to add favorite: com.andrew.apollo/com.andrew.apollo.ui.activities.HomeActivity
W/Launcher.LauncherProvider( 3221): android.content.pm.PackageManager$NameNotFoundException: ComponentInfo{com.andrew.apollo/com.andrew.apollo.ui.activities.HomeActivity}
W/Launcher.LauncherProvider( 3221): at android.app.ApplicationPackageManager.getActivityInfo(ApplicationPackageManager.java:314)
W/Launcher.LauncherProvider( 3221): at com.android.launcher3.LauncherProvider$DatabaseHelper.addAppShortcut(LauncherProvider.java:1308)
W/Launcher.LauncherProvider( 3221): at com.android.launcher3.LauncherProvider$DatabaseHelper.loadFavorites(LauncherProvider.java:1185)
W/Launcher.LauncherProvider( 3221): at com.android.launcher3.LauncherProvider$DatabaseHelper.access$000(LauncherProvider.java:298)
W/Launcher.LauncherProvider( 3221): at com.android.launcher3.LauncherProvider.loadDefaultFavoritesIfNecessary(LauncherProvider.java:288)
W/Launcher.LauncherProvider( 3221): at com.android.launcher3.LauncherModel$LoaderTask.loadWorkspace(LauncherModel.java:1681)
W/Launcher.LauncherProvider( 3221): at com.android.launcher3.LauncherModel$LoaderTask.loadAndBindWorkspace(LauncherModel.java:1425)
W/Launcher.LauncherProvider( 3221): at com.android.launcher3.LauncherModel$LoaderTask.run(LauncherModel.java:1530)
W/Launcher.LauncherProvider( 3221): at android.os.Handler.handleCallback(Handler.java:739)
W/Launcher.LauncherProvider( 3221): at android.os.Handler.dispatchMessage(Handler.java:95)
W/Launcher.LauncherProvider( 3221): at android.os.Looper.loop(Looper.java:135)
W/Launcher.LauncherProvider( 3221): at android.os.HandlerThread.run(HandlerThread.java:61)
W/Resources( 3221): Converting to int: TypedValue{t=0x3/d=0x12 "0" a=-1}
W/Resources( 3221): Converting to int: TypedValue{t=0x3/d=0x19 "4" a=-1}
W/Resources( 3221): Converting to int: TypedValue{t=0x3/d=0x2b "2" a=-1}
W/Launcher.LauncherProvider( 3221): Unable to add favorite: com.cyanogenmod.gallerynext/com.cyanogenmod.gallerynext.app.GalleryActivity
W/Launcher.LauncherProvider( 3221): android.content.pm.PackageManager$NameNotFoundException: ComponentInfo{com.cyanogenmod.gallerynext/com.cyanogenmod.gallerynext.app.GalleryActivity}
W/Launcher.LauncherProvider( 3221): at android.app.ApplicationPackageManager.getActivityInfo(ApplicationPackageManager.java:314)
W/Launcher.LauncherProvider( 3221): at com.android.launcher3.LauncherProvider$DatabaseHelper.addAppShortcut(LauncherProvider.java:1308)
W/Launcher.LauncherProvider( 3221): at com.android.launcher3.LauncherProvider$DatabaseHelper.loadFavorites(LauncherProvider.java:1185)
W/Launcher.LauncherProvider( 3221): at com.android.launcher3.LauncherProvider$DatabaseHelper.access$000(LauncherProvider.java:298)
W/Launcher.LauncherProvider( 3221): at com.android.launcher3.LauncherProvider.loadDefaultFavoritesIfNecessary(LauncherProvider.java:288)
W/Launcher.LauncherProvider( 3221): at com.android.launcher3.LauncherModel$LoaderTask.loadWorkspace(LauncherModel.java:1681)
W/Launcher.LauncherProvider( 3221): at com.android.launcher3.LauncherModel$LoaderTask.loadAndBindWorkspace(LauncherModel.java:1425)
W/Launcher.LauncherProvider( 3221): at com.android.launcher3.LauncherModel$LoaderTask.run(LauncherModel.java:1530)
W/Launcher.LauncherProvider( 3221): at android.os.Handler.handleCallback(Handler.java:739)
W/Launcher.LauncherProvider( 3221): at android.os.Handler.dispatchMessage(Handler.java:95)
W/Launcher.LauncherProvider( 3221): at android.os.Looper.loop(Looper.java:135)
W/Launcher.LauncherProvider( 3221): at android.os.HandlerThread.run(HandlerThread.java:61)
W/Resources( 3221): Converting to int: TypedValue{t=0x3/d=0x12 "0" a=-1}
W/Resources( 3221): Converting to int: TypedValue{t=0x3/d=0x19 "4" a=-1}
W/Resources( 3221): Converting to int: TypedValue{t=0x3/d=0x2b "2" a=-1}
W/Resources( 3221): Converting to int: TypedValue{t=0x3/d=0x18 "7" a=-1}
W/Resources( 3221): Converting to int: TypedValue{t=0x3/d=0x19 "4" a=-1}
W/Resources( 3221): Converting to int: TypedValue{t=0x3/d=0x2b "2" a=-1}
W/Resources( 3221): Converting to int: TypedValue{t=0x3/d=0x13 "6" a=-1}
W/Resources( 3221): Converting to int: TypedValue{t=0x3/d=0x19 "4" a=-1}
W/Resources( 3221): Converting to int: TypedValue{t=0x3/d=0x11 "1" a=-1}
W/Resources( 3221): Converting to int: TypedValue{t=0x3/d=0x12 "0" a=-1}
W/Resources( 3221): Converting to int: TypedValue{t=0x3/d=0x2b "2" a=-1}
W/Resources( 3221): Converting to int: TypedValue{t=0x3/d=0x19 "4" a=-1}
W/Resources( 3221): Converting to int: TypedValue{t=0x3/d=0x11 "1" a=-1}
W/Resources( 3221): Converting to int: TypedValue{t=0x3/d=0x2b "2" a=-1}
W/Resources( 3221): Converting to int: TypedValue{t=0x3/d=0x12 "0" a=-1}
W/Resources( 3221): Converting to int: TypedValue{t=0x3/d=0x2b "2" a=-1}
W/Resources( 3221): Converting to int: TypedValue{t=0x3/d=0x35 "5" a=-1}
W/Resources( 3221): Converting to int: TypedValue{t=0x3/d=0x12 "0" a=-1}
W/Resources( 3221): Converting to int: TypedValue{t=0x3/d=0x35 "5" a=-1}
W/Launcher.LauncherProvider( 3221): Unable to add favorite: com.google.android.talk/com.google.android.talk.SigningInActivity
W/Launcher.LauncherProvider( 3221): android.content.pm.PackageManager$NameNotFoundException: ComponentInfo{com.google.android.talk/com.google.android.talk.SigningInActivity}
W/Launcher.LauncherProvider( 3221): at android.app.ApplicationPackageManager.getActivityInfo(ApplicationPackageManager.java:314)
W/Launcher.LauncherProvider( 3221): at com.android.launcher3.LauncherProvider$DatabaseHelper.addAppShortcut(LauncherProvider.java:1308)
W/Launcher.LauncherProvider( 3221): at com.android.launcher3.LauncherProvider$DatabaseHelper.loadFavorites(LauncherProvider.java:1185)
W/Launcher.LauncherProvider( 3221): at com.android.launcher3.LauncherProvider$DatabaseHelper.access$000(LauncherProvider.java:298)
W/Launcher.LauncherProvider( 3221): at com.android.launcher3.LauncherProvider.loadDefaultFavoritesIfNecessary(LauncherProvider.java:288)
W/Launcher.LauncherProvider( 3221): at com.android.launcher3.LauncherModel$LoaderTask.loadWorkspace(LauncherModel.java:1681)
W/Launcher.LauncherProvider( 3221): at com.android.launcher3.LauncherModel$LoaderTask.loadAndBindWorkspace(LauncherModel.java:1425)
W/Launcher.LauncherProvider( 3221): at com.android.launcher3.LauncherModel$LoaderTask.run(LauncherModel.java:1530)
W/Launcher.LauncherProvider( 3221): at android.os.Handler.handleCallback(Handler.java:739)
W/Launcher.LauncherProvider( 3221): at android.os.Handler.dispatchMessage(Handler.java:95)
W/Launcher.LauncherProvider( 3221): at android.os.Looper.loop(Looper.java:135)
W/Launcher.LauncherProvider( 3221): at android.os.HandlerThread.run(HandlerThread.java:61)
W/Resources( 3221): Converting to int: TypedValue{t=0x3/d=0x35 "5" a=-1}
W/Resources( 3221): Converting to int: TypedValue{t=0x3/d=0x12 "0" a=-1}
W/Resources( 3221): Converting to int: TypedValue{t=0x3/d=0x35 "5" a=-1}
W/Resources( 3221): Converting to int: TypedValue{t=0x3/d=0x13 "6" a=-1}
W/Resources( 3221): Converting to int: TypedValue{t=0x3/d=0x12 "0" a=-1}
W/Resources( 3221): Converting to int: TypedValue{t=0x3/d=0x13 "6" a=-1}
I/GRALLOC-DRM( 2842): create intel for driver i915
W/Launcher.LauncherProvider( 3221): Unable to add favorite: com.android.chrome/com.google.android.apps.chrome.Main
W/Launcher.LauncherProvider( 3221): android.content.pm.PackageManager$NameNotFoundException: ComponentInfo{com.android.chrome/com.google.android.apps.chrome.Main}
W/Launcher.LauncherProvider( 3221): at android.app.ApplicationPackageManager.getActivityInfo(ApplicationPackageManager.java:314)
W/Launcher.LauncherProvider( 3221): at com.android.launcher3.LauncherProvider$DatabaseHelper.addAppShortcut(LauncherProvider.java:1308)
W/Launcher.LauncherProvider( 3221): at com.android.launcher3.LauncherProvider$DatabaseHelper.loadFavorites(LauncherProvider.java:1185)
W/Launcher.LauncherProvider( 3221): at com.android.launcher3.LauncherProvider$DatabaseHelper.access$000(LauncherProvider.java:298)
W/Launcher.LauncherProvider( 3221): at com.android.launcher3.LauncherProvider.loadDefaultFavoritesIfNecessary(LauncherProvider.java:288)
W/Launcher.LauncherProvider( 3221): at com.android.launcher3.LauncherModel$LoaderTask.loadWorkspace(LauncherModel.java:1681)
W/Launcher.LauncherProvider( 3221): at com.android.launcher3.LauncherModel$LoaderTask.loadAndBindWorkspace(LauncherModel.java:1425)
W/Launcher.LauncherProvider( 3221): at com.android.launcher3.LauncherModel$LoaderTask.run(LauncherModel.java:1530)
W/Launcher.LauncherProvider( 3221): at android.os.Handler.handleCallback(Handler.java:739)
W/Launcher.LauncherProvider( 3221): at android.os.Handler.dispatchMessage(Handler.java:95)
W/Launcher.LauncherProvider( 3221): at android.os.Looper.loop(Looper.java:135)
W/Launcher.LauncherProvider( 3221): at android.os.HandlerThread.run(HandlerThread.java:61)
W/Resources( 3221): Converting to int: TypedValue{t=0x3/d=0x13 "6" a=-1}
W/Resources( 3221): Converting to int: TypedValue{t=0x3/d=0x12 "0" a=-1}
W/Resources( 3221): Converting to int: TypedValue{t=0x3/d=0x13 "6" a=-1}
W/Resources( 3221): Converting to int: TypedValue{t=0x3/d=0x14 "3" a=-1}
W/Resources( 3221): Converting to int: TypedValue{t=0x3/d=0x12 "0" a=-1}
W/Resources( 3221): Converting to int: TypedValue{t=0x3/d=0x14 "3" a=-1}
W/Launcher.LauncherProvider( 3221): Unable to add favorite: com.google.android.music/com.android.music.activitymanagement.TopLevelActivity
W/Launcher.LauncherProvider( 3221): android.content.pm.PackageManager$NameNotFoundException: ComponentInfo{com.google.android.music/com.android.music.activitymanagement.TopLevelActivity}
W/Launcher.LauncherProvider( 3221): at android.app.ApplicationPackageManager.getActivityInfo(ApplicationPackageManager.java:314)
W/Launcher.LauncherProvider( 3221): at com.android.launcher3.LauncherProvider$DatabaseHelper.addAppShortcut(LauncherProvider.java:1308)
W/Launcher.LauncherProvider( 3221): at com.android.launcher3.LauncherProvider$DatabaseHelper.loadFavorites(LauncherProvider.java:1185)
W/Launcher.LauncherProvider( 3221): at com.android.launcher3.LauncherProvider$DatabaseHelper.access$000(LauncherProvider.java:298)
W/Launcher.LauncherProvider( 3221): at com.android.launcher3.LauncherProvider.loadDefaultFavoritesIfNecessary(LauncherProvider.java:288)
W/Launcher.LauncherProvider( 3221): at com.android.launcher3.LauncherModel$LoaderTask.loadWorkspace(LauncherModel.java:1681)
W/Launcher.LauncherProvider( 3221): at com.android.launcher3.LauncherModel$LoaderTask.loadAndBindWorkspace(LauncherModel.java:1425)
W/Launcher.LauncherProvider( 3221): at com.android.launcher3.LauncherModel$LoaderTask.run(LauncherModel.java:1530)
W/Launcher.LauncherProvider( 3221): at android.os.Handler.handleCallback(Handler.java:739)
W/Launcher.LauncherProvider( 3221): at android.os.Handler.dispatchMessage(Handler.java:95)
W/Launcher.LauncherProvider( 3221): at android.os.Looper.loop(Looper.java:135)
W/Launcher.LauncherProvider( 3221): at android.os.HandlerThread.run(HandlerThread.java:61)
W/Resources( 3221): Converting to int: TypedValue{t=0x3/d=0x14 "3" a=-1}
W/Resources( 3221): Converting to int: TypedValue{t=0x3/d=0x12 "0" a=-1}
W/Resources( 3221): Converting to int: TypedValue{t=0x3/d=0x14 "3" a=-1}
W/Resources( 3221): Converting to int: TypedValue{t=0x3/d=0x2b "2" a=-1}
W/Resources( 3221): Converting to int: TypedValue{t=0x3/d=0x12 "0" a=-1}
W/Resources( 3221): Converting to int: TypedValue{t=0x3/d=0x2b "2" a=-1}
W/Launcher.LauncherProvider( 3221): Unable to add favorite: com.google.android.youtube/com.google.android.youtube.app.honeycomb.Shell$HomeActivity
W/Launcher.LauncherProvider( 3221): android.content.pm.PackageManager$NameNotFoundException: ComponentInfo{com.google.android.youtube/com.google.android.youtube.app.honeycomb.Shell$HomeActivity}
W/Launcher.LauncherProvider( 3221): at android.app.ApplicationPackageManager.getActivityInfo(ApplicationPackageManager.java:314)
W/Launcher.LauncherProvider( 3221): at com.android.launcher3.LauncherProvider$DatabaseHelper.addAppShortcut(LauncherProvider.java:1308)
W/Launcher.LauncherProvider( 3221): at com.android.launcher3.LauncherProvider$DatabaseHelper.loadFavorites(LauncherProvider.java:1185)
W/Launcher.LauncherProvider( 3221): at com.android.launcher3.LauncherProvider$DatabaseHelper.access$000(LauncherProvider.java:298)
W/Launcher.LauncherProvider( 3221): at com.android.launcher3.LauncherProvider.loadDefaultFavoritesIfNecessary(LauncherProvider.java:288)
W/Launcher.LauncherProvider( 3221): at com.android.launcher3.LauncherModel$LoaderTask.loadWorkspace(LauncherModel.java:1681)
W/Launcher.LauncherProvider( 3221): at com.android.launcher3.LauncherModel$LoaderTask.loadAndBindWorkspace(LauncherModel.java:1425)
W/Launcher.LauncherProvider( 3221): at com.android.launcher3.LauncherModel$LoaderTask.run(LauncherModel.java:1530)
W/Launcher.LauncherProvider( 3221): at android.os.Handler.handleCallback(Handler.java:739)
W/Launcher.LauncherProvider( 3221): at android.os.Handler.dispatchMessage(Handler.java:95)
W/Launcher.LauncherProvider( 3221): at android.os.Looper.loop(Looper.java:135)
W/Launcher.LauncherProvider( 3221): at android.os.HandlerThread.run(HandlerThread.java:61)
W/Resources( 3221): Converting to int: TypedValue{t=0x3/d=0x2b "2" a=-1}
W/Resources( 3221): Converting to int: TypedValue{t=0x3/d=0x12 "0" a=-1}
W/Resources( 3221): Converting to int: TypedValue{t=0x3/d=0x2b "2" a=-1}
D/OpenGLRenderer( 3221): Use EGL_SWAP_BEHAVIOR_PRESERVED: true
V/WindowManager( 2453): Based on layer: Adding window Window{32fa607c u0 com.cyanogenmod.trebuchet/com.android.launcher3.Launcher} at 0 of 5
W/Launcher( 3221): setApplicationContext called twice! old=com.android.launcher3.LauncherApplication@1844e743 new=com.android.launcher3.LauncherApplication@1844e743
I/ActivityManager( 2453): Start proc 3283:com.android.gallery3d/u0a32 for broadcast com.android.gallery3d/.app.PackagesMonitor
W/BackupManagerService( 2453): dataChanged but no participant pkg='com.cyanogenmod.trebuchet' uid=10014
W/BackupManagerService( 2453): dataChanged but no participant pkg='com.cyanogenmod.trebuchet' uid=10014
I/OpenGLRenderer( 2842): Initialized EGL, version 1.4
W/OpenGLRenderer( 2842): Failed to choose config with EGL_SWAP_BEHAVIOR_PRESERVED, retrying without...
D/OpenGLRenderer( 2842): Enabling debug mode 0
I/GRALLOC-DRM( 3221): create intel for driver i915
I/ActivityManager( 2453): Start proc 3310:com.android.music/u0a38 for broadcast com.android.music/.MediaButtonIntentReceiver
I/OpenGLRenderer( 3221): Initialized EGL, version 1.4
W/OpenGLRenderer( 3221): Failed to choose config with EGL_SWAP_BEHAVIOR_PRESERVED, retrying without...
D/OpenGLRenderer( 3221): Enabling debug mode 0
I/ActivityManager( 2453): Displayed com.cyanogenmod.trebuchet/com.android.launcher3.Launcher: +846ms (total +1s613ms)
V/KeyguardServiceDelegate( 2453): *** Keyguard started
W/KeyguardServiceDelegate( 2453): onScreenTurnedOn(): no keyguard service!
D/Sensors ( 2453): int sensors_poll_context_t::activate(int, int): enable sensor 0
D/Sensors ( 2453): >>accel_3d enabled: 1
D/Sensors ( 2453): >>discover accel_3d
E/Sensors ( 2453): Failed to find device accel_3d
E/Sensors ( 2453): accel_3d not found, retry left: 10
D/WifiService( 2453): New client listening to asynchronous messages
I/Choreographer( 2842): Skipped 48 frames! The application may be doing too much work on its main thread.
D/OpenGLRenderer( 2842): setting property extraRasterBucket to 0.95
D/OpenGLRenderer( 2842): failed
D/OpenGLRenderer( 2842): setting property extraRasterBucket to 0.0
D/OpenGLRenderer( 2842): failed
W/WindowManager( 2453): Keyguard drawn timeout. Setting mKeyguardDrawComplete
E/Sensors ( 2453): Failed to find device accel_3d
E/Sensors ( 2453): accel_3d not found, retry left: 9
D/TelephonyProvider( 2921): dbh.onCreate:- db=SQLiteDatabase: /data/data/com.android.providers.telephony/databases/telephony.db
D/TelephonyProvider( 2921): dbh.onOpen: ok, queried table=siminfo
D/TelephonyProvider( 2921): dbh.onOpen: ok, queried table=carriers
I/art ( 2453): Explicit concurrent mark sweep GC freed 8179(490KB) AllocSpace objects, 5(80KB) LOS objects, 33% free, 8MB/12MB, paused 1.551ms total 107.412ms
E/Sensors ( 2453): Failed to find device accel_3d
E/Sensors ( 2453): accel_3d not found, retry left: 8
E/DcSwitchStateMachine-0( 2921): DctController is not ready
E/ConnectivityService( 2453): Failed to find Messenger in unregisterNetworkFactory
D/ConnectivityService( 2453): Got NetworkFactory Messenger for Telephony
W/BackupManagerService( 2453): dataChanged but no participant pkg='com.android.providers.settings' uid=1001
I/PackageManager( 2453): Replacing preferred activity com.android.mms/.ui.ComposeMessageActivity for user 0:
I/PackageManager( 2453): Action: "android.intent.action.SENDTO"
I/PackageManager( 2453): Category: "android.intent.category.DEFAULT"
I/PackageManager( 2453): Scheme: "sms"
I/PackageManager( 2453): Replacing preferred activity com.android.mms/.ui.ComposeMessageActivity for user 0:
I/PackageManager( 2453): Action: "android.intent.action.SENDTO"
I/PackageManager( 2453): Category: "android.intent.category.DEFAULT"
I/PackageManager( 2453): Scheme: "smsto"
I/PackageManager( 2453): Replacing preferred activity com.android.mms/.ui.ComposeMessageActivity for user 0:
I/PackageManager( 2453): Action: "android.intent.action.SENDTO"
I/PackageManager( 2453): Category: "android.intent.category.DEFAULT"
I/PackageManager( 2453): Scheme: "mms"
I/PackageManager( 2453): Replacing preferred activity com.android.mms/.ui.ComposeMessageActivity for user 0:
I/PackageManager( 2453): Action: "android.intent.action.SENDTO"
I/PackageManager( 2453): Category: "android.intent.category.DEFAULT"
I/PackageManager( 2453): Scheme: "mmsto"
E/Sensors ( 2453): Failed to find device accel_3d
E/Sensors ( 2453): accel_3d not found, retry left: 7
E/Sensors ( 2453): Failed to find device accel_3d
E/Sensors ( 2453): accel_3d not found, retry left: 6
E/Sensors ( 2453): Failed to find device accel_3d
E/Sensors ( 2453): accel_3d not found, retry left: 5
E/Sensors ( 2453): Failed to find device accel_3d
E/Sensors ( 2453): accel_3d not found, retry left: 4
E/Sensors ( 2453): Failed to find device accel_3d
E/Sensors ( 2453): accel_3d not found, retry left: 3
E/Sensors ( 2453): Failed to find device accel_3d
E/Sensors ( 2453): accel_3d not found, retry left: 2
E/Sensors ( 2453): Failed to find device accel_3d
E/Sensors ( 2453): accel_3d not found, retry left: 1
E/Sensors ( 2453): discover failed: accel_3d
E/SensorService( 2453): Error activating sensor 0 (Operation not permitted)
W/art ( 2453): Long monitor contention event with owner method=int android.hardware.SystemSensorManager$BaseEventQueue.nativeEnableSensor(long, int, int, int, int) from SystemSensorManager.java:4294967294 waiters=0 for 9.640s
I/Choreographer( 2453): Skipped 578 frames! The application may be doing too much work on its main thread.
W/art ( 2453): Long monitor contention event with owner method=int android.hardware.SystemSensorManager$BaseEventQueue.nativeEnableSensor(long, int, int, int, int) from SystemSensorManager.java:4294967294 waiters=1 for 9.015s
W/art ( 2453): Long monitor contention event with owner method=void com.android.server.wm.WindowManagerService.performEnableScreen() from WindowManagerService.java:5765 waiters=0 for 9.635s
W/art ( 2453): Long monitor contention event with owner method=void com.android.server.wm.WindowManagerService.performEnableScreen() from WindowManagerService.java:5765 waiters=1 for 7.901s
W/WindowManager( 2453): Window freeze timeout expired.
W/WindowManager( 2453): Force clearing orientation change: Window{191f9ec1 u0 NavigationBar}
D/BluetoothManagerService( 2453): Message: 20
D/BluetoothManagerService( 2453): Added callback: android.bluetooth.IBluetoothManagerCallback$Stub$Proxy@29204761:true
D/BluetoothManagerService( 2453): Message: 30
D/BluetoothManagerService( 2453): Trying to bind to profile: 1, while Bluetooth was disabled
V/KeyguardServiceDelegate( 2453): *** Keyguard connected (yay!)
I/InputReader( 2453): Reconfiguring input devices. changes=0x00000010
I/InputReader( 2453): Reconfiguring input devices. changes=0x00000010
I/InputReader( 2453): Reconfiguring input devices. changes=0x00000010
D/BackupManagerService( 2453): Received broadcast Intent { act=android.intent.action.PACKAGE_CHANGED dat=package:com.android.provision flg=0x4000010 (has extras) }
I/Choreographer( 2842): Skipped 586 frames! The application may be doing too much work on its main thread.
D/BackupManagerService( 2453): Received broadcast Intent { act=android.intent.action.PACKAGE_CHANGED dat=package:com.android.settings flg=0x4000010 (has extras) }
I/art ( 2921): Background sticky concurrent mark sweep GC freed 3048(185KB) AllocSpace objects, 0(0B) LOS objects, 5% free, 3MB/3MB, paused 6.292ms total 64.411ms
D/BackupManagerService( 2453): Received broadcast Intent { act=android.intent.action.PACKAGE_CHANGED dat=package:com.android.email flg=0x4000010 (has extras) }
D/GpsLocationProvider( 2453): received SIM realted action:
I/SurfaceFlinger( 2142): Boot is finished (51525 ms)
W/Launcher( 3221): setApplicationContext called twice! old=com.android.launcher3.LauncherApplication@1844e743 new=com.android.launcher3.LauncherApplication@1844e743
I/Telephony( 2921): TtyManager: updateUiTtyMode -1 -> 0
W/BackupManagerService( 2453): dataChanged but no participant pkg='com.cyanogenmod.trebuchet' uid=10014
V/KeyguardUpdateMonitor( 2842): action android.intent.action.SIM_STATE_CHANGED state: NOT_READY slotId: 0 subid: -2
W/BackupManagerService( 2453): dataChanged but no participant pkg='com.cyanogenmod.trebuchet' uid=10014
D/GpsLocationProvider( 2453): received SIM realted action:
D/GpsLocationProvider( 2453): SIM MCC/MNC is still not available
D/KeyguardUpdateMonitor( 2842): handleSimStateChange(subId=-2, slotId=0, state=UNKNOWN)
W/KeyguardUpdateMonitor( 2842): invalid subId in handleSimStateChange()
V/KeyguardServiceDelegate( 2453): **** SHOWN CALLED ****
V/KeyguardUpdateMonitor( 2842): onSubscriptionInfoChanged()
E/installd( 2151): Unable to unlink boot marker at /data/dalvik-cache/x86_64/.booting, error=No such file or directory
E/ActivityManager( 2453): Unable to mark boot complete for abi: x86_64
E/installd( 2151): Unable to unlink boot marker at /data/dalvik-cache/x86/.booting, error=No such file or directory
E/ActivityManager( 2453): Unable to mark boot complete for abi: x86
I/SystemServiceManager( 2453): Starting phase 1000
V/KeyguardUpdateMonitor( 2842): onSubscriptionInfoChanged: list is null
D/GpsLocationProvider( 2453): SIM MCC/MNC is still not available
W/Launcher( 3221): setApplicationContext called twice! old=com.android.launcher3.LauncherApplication@1844e743 new=com.android.launcher3.LauncherApplication@1844e743
I/sh ( 3352): /system/etc/init.sh: sdhci.debug_quirks=0x8000: not found
I/sh ( 3352): + hw_sh=/vendor/etc/init.sh
I/sh ( 3352): + '[' -e /vendor/etc/init.sh ']'
I/sh ( 3352): + do_bootcomplete
I/sh ( 3352): + init_cpu_governor
I/sh ( 3352): + getprop cpu.governor
I/sh ( 3352): + governor=
I/sh ( 3352): + '[' ']'
I/sh ( 3352): + getprop persist.sys.root_access
I/sh ( 3352): + '[' -z ']'
I/sh ( 3352): + setprop persist.sys.root_access 3
W/art ( 2453): Long monitor contention event with owner method=void com.android.server.am.ActivityManagerService.finishBooting() from ActivityManagerService.java:6194 waiters=2 for 240ms
W/art ( 2453): Long monitor contention event with owner method=void com.android.server.am.ActivityManagerService.finishBooting() from ActivityManagerService.java:6194 waiters=3 for 236ms
W/art ( 2453): Long monitor contention event with owner method=void com.android.server.am.ActivityManagerService.finishBooting() from ActivityManagerService.java:6194 waiters=4 for 219ms
D/PhoneStatusBar( 2842): disable: < expand* icons alerts system_info back* home* recent* clock search* > I/sh ( 3352): + getprop debug.mesa.driver
I/sh ( 3352): + '[' '=' i965 ']'
I/sh ( 3352): + lsmod
I/sh ( 3352): + grep -e brcmfmac
W/Launcher( 3221): setApplicationContext called twice! old=com.android.launcher3.LauncherApplication@1844e743 new=com.android.launcher3.LauncherApplication@1844e743
D/BluetoothManagerService( 2453): Retrieving Bluetooth Adapter name and address...
D/BluetoothManagerService( 2453): getNameAndAddress(): mBluetooth = null mBinding = false
D/BluetoothManagerService( 2453): Message: 200
D/BluetoothManagerService( 2453): MESSAGE_GET_NAME_AND_ADDRESS
D/BluetoothManagerService( 2453): Binding to service to get name and address
I/sh ( 3352): + awk ' /Class:.E0/ { print $9 } '
I/sh ( 3352): + lsusb -v
I/sh ( 3352): + grep '\[.*\]' /proc/asound/cards
I/sh ( 3352): + awk '{print $1}'
I/ActivityManager( 2453): Start proc 3371:com.android.bluetooth/1002 for service com.android.bluetooth/.btservice.AdapterService
I/sh ( 3352): + cat /proc/asound/card0/id
I/sh ( 3352): + f=/system/etc/alsa/baytrailcraudio.state
I/sh ( 3352): + '[' -e /system/etc/alsa/baytrailcraudio.state ']'
I/sh ( 3352): + alsa_ctl init 0
I/ActivityManager( 2453): Start proc 3392:com.android.keychain/1000 for service com.android.keychain/.KeyChainService
I/RecoverySystem( 2453): No recovery log file
I/sh ( 3352): ALSA lib external/alsa-lib/src/conf.c:3311:(snd_config_hooks_call) Cannot open shared library (null)
I/sh ( 3352): ALSA lib external/alsa-lib/src/conf.c:3712:(snd_config_update_r) hooks failed, removing configuration
I/sh ( 3352): + alsa_amixer -c 0 set Master on
W/ResourcesManager( 3371): Asset path '/system/framework/javax.obex.jar' does not exist or contains no resources.
I/sh ( 3352): ALSA lib external/alsa-lib/src/conf.c:3311:(snd_config_hooks_call) Cannot open shared library (null)
I/sh ( 3352): ALSA lib external/alsa-lib/src/conf.c:3712:(snd_config_update_r) hooks failed, removing configuration
I/sh ( 3352): amixer: Mixer attach hw:0 error: No such file or directory
I/sh ( 3352): + alsa_amixer -c 0 set Master 100%
I/sh ( 3352): ALSA lib external/alsa-lib/src/conf.c:3311:(snd_config_hooks_call) Cannot open shared library (null)
I/sh ( 3352): ALSA lib external/alsa-lib/src/conf.c:3712:(snd_config_update_r) hooks failed, removing configuration
I/sh ( 3352): amixer: Mixer attach hw:0 error: No such file or directory
I/sh ( 3352): + alsa_amixer -c 0 set Headphone on
I/sh ( 3352): ALSA lib external/alsa-lib/src/conf.c:3311:(snd_config_hooks_call) Cannot open shared library (null)
I/sh ( 3352): ALSA lib external/alsa-lib/src/conf.c:3712:(snd_config_update_r) hooks failed, removing configuration
I/sh ( 3352): amixer: Mixer attach hw:0 error: No such file or directory
I/sh ( 3352): + alsa_amixer -c 0 set Headphone 100%
I/ActivityManager( 2453): Start proc 3416:com.android.dialer/u0a4 for broadcast com.android.dialer/.calllog.CallLogReceiver
I/sh ( 3352): ALSA lib external/alsa-lib/src/conf.c:3311:(snd_config_hooks_call) Cannot open shared library (null)
I/sh ( 3352): ALSA lib external/alsa-lib/src/conf.c:3712:(snd_config_update_r) hooks failed, removing configuration
D/AdapterServiceConfig( 3371): Adding HeadsetService
D/AdapterServiceConfig( 3371): Adding A2dpService
D/AdapterServiceConfig( 3371): Adding HidService
D/AdapterServiceConfig( 3371): Adding HealthService
D/AdapterServiceConfig( 3371): Adding PanService
D/AdapterServiceConfig( 3371): Adding GattService
D/AdapterServiceConfig( 3371): Adding BluetoothMapService
I/sh ( 3352): amixer: Mixer attach hw:0 error: No such file or directory
I/sh ( 3352): + alsa_amixer -c 0 set Speaker 100%
I/sh ( 3352): ALSA lib external/alsa-lib/src/conf.c:3311:(snd_config_hooks_call) Cannot open shared library (null)
I/sh ( 3352): ALSA lib external/alsa-lib/src/conf.c:3712:(snd_config_update_r) hooks failed, removing configuration
I/sh ( 3352): amixer: Mixer attach hw:0 error: No such file or directory
I/sh ( 3352): + alsa_amixer -c 0 set Capture 100%
I/sh ( 3352): ALSA lib external/alsa-lib/src/conf.c:3311:(snd_config_hooks_call) Cannot open shared library (null)
I/sh ( 3352): ALSA lib external/alsa-lib/src/conf.c:3712:(snd_config_update_r) hooks failed, removing configuration
I/sh ( 3352): amixer: Mixer attach hw:0 error: No such file or directory
I/sh ( 3352): + alsa_amixer -c 0 set Capture cap
I/sh ( 3352): ALSA lib external/alsa-lib/src/conf.c:3311:(snd_config_hooks_call) Cannot open shared library (null)
I/sh ( 3352): ALSA lib external/alsa-lib/src/conf.c:3712:(snd_config_update_r) hooks failed, removing configuration
I/sh ( 3352): amixer: Mixer attach hw:0 error: No such file or directory
I/sh ( 3352): + alsa_amixer -c 0 set PCM 100 unmute
D/ExtensionsFactory( 3416): No custom extensions.
D/TelephonyDebugService( 2921): TelephonyDebugService()
I/sh ( 3352): ALSA lib external/alsa-lib/src/conf.c:3311:(snd_config_hooks_call) Cannot open shared library (null)
I/sh ( 3352): ALSA lib external/alsa-lib/src/conf.c:3712:(snd_config_update_r) hooks failed, removing configuration
I/sh ( 3352): amixer: Mixer attach hw:0 error: No such file or directory
I/sh ( 3352): + alsa_amixer -c 0 set 'Mic Boost' 3
D/WifiService( 2453): New client listening to asynchronous messages
I/sh ( 3352): ALSA lib external/alsa-lib/src/conf.c:3311:(snd_config_hooks_call) Cannot open shared library (null)
I/sh ( 3352): ALSA lib external/alsa-lib/src/conf.c:3712:(snd_config_update_r) hooks failed, removing configuration
I/sh ( 3352): amixer: Mixer attach hw:0 error: No such file or directory
I/sh ( 3352): + alsa_amixer -c 0 set 'Internal Mic Boost' 3
D/BluetoothManagerService( 2453): Message: 20
D/BluetoothManagerService( 2453): Added callback: android.bluetooth.IBluetoothManagerCallback$Stub$Proxy@359cbd21:true
D/BluetoothAdapterState( 3371): make
I/sh ( 3352): ALSA lib external/alsa-lib/src/conf.c:3311:(snd_config_hooks_call) Cannot open shared library (null)
I/sh ( 3352): ALSA lib external/alsa-lib/src/conf.c:3712:(snd_config_update_r) hooks failed, removing configuration
I/sh ( 3352): amixer: Mixer attach hw:0 error: No such file or directory
I/bluedroid( 3371): init
I/sh ( 3352): + return 0
I/BluetoothAdapterState( 3371): Entering OffState
I/BootReceiver( 2453): Copying audit failures to DropBox
I/BootReceiver( 2453): Checking for fsck errors
E/bt-btif ( 3371): btif_config_get(L190): assert failed: section && *section && key && *key && name && *name && bytes && type
I/bte_conf( 3371): bte_load_conf attempt to load stack conf from /etc/bluetooth/bt_stack.conf
I/bte_conf( 3371): bte_load_ble_conf attempt to load ble stack conf from /etc/bluetooth/ble_stack.conf
E/bt_osi_config( 3371): config_new unable to open file '/etc/bluetooth/ble_stack.conf': No such file or directory
I/bte_conf( 3371): bte_load_ble_conf file >/etc/bluetooth/ble_stack.conf< not found
I/bluedroid( 3371): get_profile_interface socket
I/bluedroid( 3371): get_profile_interface map_client
I/GKI_LINUX( 3371): gki_task_entry task_id=1 [BTIF] starting
D/BluetoothManagerService( 2453): BluetoothServiceConnection: com.android.bluetooth.btservice.AdapterService
D/BluetoothManagerService( 2453): Message: 40
D/BluetoothManagerService( 2453): MESSAGE_BLUETOOTH_SERVICE_CONNECTED: 1
D/BluetoothAdapterProperties( 3371): Address is:22:22:91:76:F0:21
I/bluedroid( 3371): config_hci_snoop_log
D/BluetoothAdapterProperties( 3371): Name is: Android-x86
D/BluetoothManagerService( 2453): Bluetooth Adapter name changed to Android-x86
D/BluetoothManagerService( 2453): Message: 200
D/BluetoothManagerService( 2453): MESSAGE_GET_NAME_AND_ADDRESS
D/BluetoothManagerService( 2453): Message: 201
D/BluetoothManagerService( 2453): MESSAGE_SAVE_NAME_AND_ADDRESS
D/BluetoothManagerService( 2453): Stored Bluetooth name: Android-x86
D/BluetoothAdapterState( 3371): CURRENT_STATE=OFF, MESSAGE = USER_TURN_ON
D/BluetoothAdapterProperties( 3371): Setting state to 11
I/BluetoothAdapterState( 3371): Bluetooth adapter state changed: 10-> 11
D/BluetoothBondStateMachine( 3371): make
I/BluetoothBondStateMachine( 3371): StableState(): Entering Off State
D/BluetoothAdapterService( 3371): getAdapterService() - returning com.android.bluetooth.btservice.AdapterService@349f11c0
D/HeadsetService( 3371): Received start request. Starting profile...
I/BluetoothHeadsetServiceJni( 3371): classInitNative: succeeds
D/HeadsetStateMachine( 3371): make
I/Telephony( 2921): PstnIncomingCallNotifier: Registering: Handler (com.android.internal.telephony.gsm.GSMPhone) {16550f03}
I/BluetoothAdapterState( 3371): Entering PendingCommandState State: isTurningOn()=true, isTurningOff()=false
D/HeadsetStateMachine( 3371): max_hf_connections = 1
I/bluedroid( 3371): get_profile_interface handsfree
D/HeadsetStateMachine( 3371): Enter Disconnected: -2, size: 0
D/BluetoothAdapterService( 3371): getAdapterService() - returning com.android.bluetooth.btservice.AdapterService@349f11c0
D/BluetoothA2dp( 2453): Proxy object connected
D/BluetoothA2dp( 2842): Proxy object connected
D/BluetoothAdapter( 2453): 91615618: getState() : mService = null. Returning STATE_OFF
D/A2dpService( 3371): Received start request. Starting profile...
I/BluetoothAvrcpServiceJni( 3371): classInitNative: succeeds
D/WIFI ( 2453): Registering NetworkFactory
D/WIFI_UT ( 2453): Registering NetworkFactory
D/ConnectivityService( 2453): Got NetworkFactory Messenger for WIFI
D/ConnectivityService( 2453): Got NetworkFactory Messenger for WIFI_UT
D/WIFI ( 2453): got request NetworkRequest [ id=1, legacyType=-1, [ Capabilities: INTERNET&NOT_RESTRICTED&TRUSTED&NOT_VPN] ] with score 0
D/WIFI_UT ( 2453): got request NetworkRequest [ id=1, legacyType=-1, [ Capabilities: INTERNET&NOT_RESTRICTED&TRUSTED&NOT_VPN] ] with score 0
I/bluedroid( 3371): get_profile_interface avrcp
E/RemoteController( 3371): Cannot set synchronization mode on an unregistered RemoteController
I/BluetoothA2dpServiceJni( 3371): classInitNative: succeeds
D/A2dpStateMachine( 3371): make
I/bluedroid( 3371): get_profile_interface a2dp
I/GKI_LINUX( 3371): gki_task_entry task_id=2 [A2DP-MEDIA] starting
D/A2dpStateMachine( 3371): Enter Disconnected: -2
I/BluetoothHidServiceJni( 3371): classInitNative: succeeds
D/BluetoothAdapterService( 3371): getAdapterService() - returning com.android.bluetooth.btservice.AdapterService@349f11c0
I/ActivityManager( 2453): Start proc 3458:com.android.calendar/u0a22 for broadcast com.android.calendar/.UpgradeReceiver
D/BluetoothInputDevice( 2842): Proxy object connected
D/HidService( 3371): Received start request. Starting profile...
I/bluedroid( 3371): get_profile_interface hidhost
I/BluetoothHealthServiceJni( 3371): classInitNative: succeeds
D/BluetoothAdapterService( 3371): getAdapterService() - returning com.android.bluetooth.btservice.AdapterService@349f11c0
D/HealthService( 3371): Received start request. Starting profile...
I/bluedroid( 3371): get_profile_interface health
I/BluetoothPanServiceJni( 3371): classInitNative(L105): succeeds
D/BluetoothAdapterService( 3371): getAdapterService() - returning com.android.bluetooth.btservice.AdapterService@349f11c0
D/BluetoothPan( 2842): BluetoothPAN Proxy object connected
D/PanService( 3371): Received start request. Starting profile...
D/BluetoothPanServiceJni( 3371): initializeNative(L110): pan
I/bluedroid( 3371): get_profile_interface pan
I/BtGatt.JNI( 3371): classInitNative(L873): classInitNative: Success!
D/BluetoothAdapterService( 3371): getAdapterService() - returning com.android.bluetooth.btservice.AdapterService@349f11c0
D/BtGatt.DebugUtils( 3371): handleDebugAction() action=null
D/BtGatt.GattService( 3371): Received start request. Starting profile...
D/BtGatt.GattService( 3371): start()
I/bluedroid( 3371): get_profile_interface gatt
D/BluetoothAdapterService( 3371): getAdapterService() - returning com.android.bluetooth.btservice.AdapterService@349f11c0
D/BtGatt.AdvertiseManager( 3371): advertise manager created
D/BluetoothAdapterService( 3371): getAdapterService() - returning com.android.bluetooth.btservice.AdapterService@349f11c0
D/BluetoothMap( 2842): Proxy object connected
D/BluetoothMapService( 3371): Received start request. Starting profile...
D/BluetoothMapService( 3371): start()
D/BluetoothMapEmailSettingsLoader( 3371): Found 0 applications
D/BluetoothMapEmailAppObserver( 3371): createReceiver()
D/BluetoothMapEmailAppObserver( 3371): initObservers()
D/BluetoothMapEmailAppObserver( 3371): getEnabledAccountItems()
D/ExtensionsFactory( 3458): No custom extensions.
D/HeadsetStateMachine( 3371): Proxy object connected
D/HeadsetStateMachine( 3371): Disconnected process message: 10, size: 0
D/HeadsetPhoneState( 3371): sendDeviceStateChanged. mService=0 mSignal=0 mRoam=0 mBatteryCharge=5
D/HeadsetStateMachine( 3371): Disconnected process message: 11, size: 0
D/BluetoothAdapterState( 3371): CURRENT_STATE=PENDING, MESSAGE = STARTED, isTurningOn=true, isTurningOff=false
I/bluedroid( 3371): enable
I/bt_hci_bdroid( 3371): init
I/GKI_LINUX( 3371): gki_task_entry task_id=0 [BTU] starting
I/bt-btu ( 3371): btu_task pending for preload complete event
I/bt_vendor( 3371): init
I/bt_vnd_conf( 3371): Attempt to load conf from /etc/bluetooth/bt_vendor.conf
I/bt_vnd_conf( 3371): vnd_load_conf file >/etc/bluetooth/bt_vendor.conf< not found
D/bt_userial( 3371): userial_init
I/bt_userial_vendor( 3371): userial vendor open: opening /dev/ttyO1
E/bt_userial_vendor( 3371): userial vendor open: unable to open /dev/ttyO1
E/bt_userial( 3371): userial_open opened wrong number of ports: got 0, expected 1.
E/bt_userial( 3371): userial_write error writing to serial port: Bad file number
I/ActivityManager( 2453): Start proc 3486:com.android.providers.calendar/u0a1 for broadcast com.android.providers.calendar/.CalendarReceiver
W/ResourcesManager( 3486): Asset path '/system/framework/android.test.runner.jar' does not exist or contains no resources.
I/CalendarDatabaseHelper( 3486): Bootstrapping database
I/CalendarProvider2( 3486): Created com.android.providers.calendar.CalendarAlarmManager@395c64f2(com.android.providers.calendar.CalendarProvider2@1844e743)
I/ActivityManager( 2453): Start proc 3508:com.android.managedprovisioning/u0a7 for broadcast com.android.managedprovisioning/.BootReminder
I/ActivityManager( 2453): Start proc 3529:com.android.mms/u0a8 for broadcast com.android.mms/.transaction.MmsSystemEventReceiver
I/MediaProvider( 3079): Upgrading media database from version 0 to 800, which will destroy all old data
D/CountryDetector( 2453): The first listener is added
V/Mms ( 3529): mnc/mcc:
V/Mms ( 3529): tag: bool value: enabledMMS - true
V/Mms ( 3529): tag: int value: maxMessageSize - 307200
V/Mms ( 3529): tag: int value: maxImageHeight - 480
V/Mms ( 3529): tag: int value: maxImageWidth - 640
V/Mms ( 3529): tag: int value: defaultSMSMessagesPerThread - 10000
V/Mms ( 3529): tag: int value: defaultMMSMessagesPerThread - 1000
V/Mms ( 3529): tag: int value: minMessageCountPerThread - 10
V/Mms ( 3529): tag: int value: maxMessageCountPerThread - 5000
V/Mms ( 3529): tag: string value: uaProfUrl - http://www.google.com/oha/rdf/ua-profile-kila.xml
V/Mms ( 3529): tag: int value: recipientLimit - -1
V/Mms ( 3529): tag: bool value: enableMultipartSMS - true
V/Mms ( 3529): tag: int value: smsToMmsTextThreshold - -1
V/Mms ( 3529): tag: bool value: enableSlideDuration - true
V/Mms ( 3529): tag: int value: maxMessageTextSize - -1
D/ConnectivityManager( 3529): getMobileDataEnabled()+ subId=-1
D/PhoneInterfaceManager( 2921): [PhoneIntfMgr] getDataEnabled: subId=-1 phoneId=-1
E/PhoneInterfaceManager( 2921): [PhoneIntfMgr] getDataEnabled: no phone subId=-1 retVal=false
D/ConnectivityManager( 3529): getMobileDataEnabled()- subId=-1 retVal=false
I/ActivityManager( 2453): Start proc 3562:com.android.onetimeinitializer/u0a10 for broadcast com.android.onetimeinitializer/.OneTimeInitializerReceiver
D/ConnectivityManager( 3529): getMobileDataEnabled()+ subId=-1
D/PhoneInterfaceManager( 2921): [PhoneIntfMgr] getDataEnabled: subId=-1 phoneId=-1
E/PhoneInterfaceManager( 2921): [PhoneIntfMgr] getDataEnabled: no phone subId=-1 retVal=false
D/ConnectivityManager( 3529): getMobileDataEnabled()- subId=-1 retVal=false
D/MmsSmsDatabaseHelper( 2921): [MmsSmsDb] tableName: threads hasAutoIncrement: CREATE TABLE threads (_id INTEGER PRIMARY KEY AUTOINCREMENT,date INTEGER DEFAULT 0,message_count INTEGER DEFAULT 0,recipient_ids TEXT,snippet TEXT,snippet_cs INTEGER DEFAULT 0,read INTEGER DEFAULT 1,archived INTEGER DEFAULT 0,type INTEGER DEFAULT 0,error INTEGER DEFAULT 0,has_attachment INTEGER DEFAULT 0) result: true
D/MediaProvider( 3079): Adjusting external storage paths to: /storage/emulated/0
D/MmsSmsDatabaseHelper( 2921): [MmsSmsDb] tableName: canonical_addresses hasAutoIncrement: CREATE TABLE canonical_addresses (_id INTEGER PRIMARY KEY AUTOINCREMENT,address TEXT) result: true
D/MmsSmsDatabaseHelper( 2921): [MmsSmsDb] tableName: part hasAutoIncrement: CREATE TABLE part (_id INTEGER PRIMARY KEY AUTOINCREMENT,mid INTEGER,seq INTEGER DEFAULT 0,ct TEXT,name TEXT,chset INTEGER,cd TEXT,fn TEXT,cid TEXT,cl TEXT,ctt_s INTEGER,ctt_t TEXT,_data TEXT,text TEXT) result: true
D/MmsSmsDatabaseHelper( 2921): [MmsSmsDb] tableName: pdu hasAutoIncrement: CREATE TABLE pdu (_id INTEGER PRIMARY KEY AUTOINCREMENT,thread_id INTEGER,date INTEGER,date_sent INTEGER DEFAULT 0,msg_box INTEGER,read INTEGER DEFAULT 0,m_id TEXT,sub TEXT,sub_cs INTEGER,ct_t TEXT,ct_l TEXT,exp INTEGER,m_cls TEXT,m_type INTEGER,v INTEGER,m_size INTEGER,pri INTEGER,rr INTEGER,rpt_a INTEGER,resp_st INTEGER,st INTEGER,tr_id TEXT,retr_st INTEGER,retr_txt TEXT,retr_txt_cs INTEGER,read_status INTEGER,ct_cls INTEGER,resp_txt TEXT,d_tm INTEGER,d_rpt INTEGER,locked INTEGER DEFAULT 0,sub_id INTEGER DEFAULT -1, seen INTEGER DEFAULT 0,creator TEXT,text_only INTEGER DEFAULT 0) result: true
D/MmsSmsDatabaseHelper( 2921): [getWritableDatabase] hasAutoIncrementThreads: true hasAutoIncrementAddresses: true hasAutoIncrementPart: true hasAutoIncrementPdu: true
D/Mms ( 3529): cancelNotification
E/SQLiteLog( 3079): (1) no such table: files
V/OneTimeInitializerRece( 3562): OneTimeInitializerReceiver.onReceive
I/OneTimeInitializerServ( 3562): Updating to version 1.
E/ActivityThread( 3562): Failed to find provider info for com.android.launcher2.settings
D/AlertReceiver( 3458): onReceive: a=android.intent.action.BOOT_COMPLETED Intent { act=android.intent.action.BOOT_COMPLETED flg=0x8000010 cmp=com.android.calendar/.alerts.AlertReceiver (has extras) }
D/AlertUtils( 3458): Flushing old alerts from shared prefs table
D/AlertService( 3458): 0 Action = android.intent.action.BOOT_COMPLETED
I/ActivityManager( 2453): Start proc 3585:com.android.camera2/u0a23 for broadcast com.android.camera2/com.android.camera.DisableCameraReceiver
D/AlertService( 3458): Scheduling next alarm with AlarmScheduler. sEventReminderReceived: null
D/Mms ( 3529): cancelNotification
D/AlarmScheduler( 3458): No events found starting within 1 week.
E/Vold ( 2141): Failed to find mounted volume for /storage/usb0/Android/data/com.android.camera2/cache/
W/Vold ( 2141): Returning OperationFailed - no handler for errno 0
W/ContextImpl( 3585): Failed to ensure directory: /storage/usb0/Android/data/com.android.camera2/cache
E/Vold ( 2141): Failed to find mounted volume for /storage/usb1/Android/data/com.android.camera2/cache/
W/Vold ( 2141): Returning OperationFailed - no handler for errno 0
W/ContextImpl( 3585): Failed to ensure directory: /storage/usb1/Android/data/com.android.camera2/cache
E/Vold ( 2141): Failed to find mounted volume for /storage/usb2/Android/data/com.android.camera2/cache/
W/Vold ( 2141): Returning OperationFailed - no handler for errno 0
W/ContextImpl( 3585): Failed to ensure directory: /storage/usb2/Android/data/com.android.camera2/cache
E/Vold ( 2141): Failed to find mounted volume for /storage/usb3/Android/data/com.android.camera2/cache/
W/Vold ( 2141): Returning OperationFailed - no handler for errno 0
W/ContextImpl( 3585): Failed to ensure directory: /storage/usb3/Android/data/com.android.camera2/cache
E/Vold ( 2141): Failed to find mounted volume for /storage/sdcard1/Android/data/com.android.camera2/cache/
W/Vold ( 2141): Returning OperationFailed - no handler for errno 0
W/ContextImpl( 3585): Failed to ensure directory: /storage/sdcard1/Android/data/com.android.camera2/cache
E/Vold ( 2141): Failed to find mounted volume for /storage/usb0/Android/data/com.android.camera2/files/
W/Vold ( 2141): Returning OperationFailed - no handler for errno 0
W/ContextImpl( 3585): Failed to ensure directory: /storage/usb0/Android/data/com.android.camera2/files
