D/MountService( 2453): got storage path: /storage/sdcard1 description: SD card primary: false removable: true emulated: false mtpReserve: 0 allowMassStorage: false maxFileSize: 4294967296
D/MountService( 2453): addVolumeLocked() StorageVolume:
D/MountService( 2453): mStorageId=0 mPath=/storage/sdcard1 mDescriptionId=17040806 mPrimary=false
D/MountService( 2453): mRemovable=true mEmulated=false mMtpReserveSpace=0 mAllowMassStorage=false
D/MountService( 2453): mMaxFileSize=4294967296 mOwner=null mUuid=null mUserLabel=null mState=null
D/MountService( 2453): got storage path: /storage/usb0 description: USB storage primary: false removable: true emulated: false mtpReserve: 0 allowMassStorage: false maxFileSize: 4294967296
D/MountService( 2453): addVolumeLocked() StorageVolume:
D/MountService( 2453): mStorageId=0 mPath=/storage/usb0 mDescriptionId=17040807 mPrimary=false
D/MountService( 2453): mRemovable=true mEmulated=false mMtpReserveSpace=0 mAllowMassStorage=false
D/MountService( 2453): mMaxFileSize=4294967296 mOwner=null mUuid=null mUserLabel=null mState=null
D/MountService( 2453): got storage path: /storage/usb1 description: USB storage primary: false removable: true emulated: false mtpReserve: 0 allowMassStorage: false maxFileSize: 4294967296
D/MountService( 2453): addVolumeLocked() StorageVolume:
D/MountService( 2453): mStorageId=0 mPath=/storage/usb1 mDescriptionId=17040807 mPrimary=false
D/MountService( 2453): mRemovable=true mEmulated=false mMtpReserveSpace=0 mAllowMassStorage=false
D/MountService( 2453): mMaxFileSize=4294967296 mOwner=null mUuid=null mUserLabel=null mState=null
D/MountService( 2453): got storage path: /storage/usb2 description: USB storage primary: false removable: true emulated: false mtpReserve: 0 allowMassStorage: false maxFileSize: 4294967296
D/MountService( 2453): addVolumeLocked() StorageVolume:
D/MountService( 2453): mStorageId=0 mPath=/storage/usb2 mDescriptionId=17040807 mPrimary=false
D/MountService( 2453): mRemovable=true mEmulated=false mMtpReserveSpace=0 mAllowMassStorage=false
D/MountService( 2453): mMaxFileSize=4294967296 mOwner=null mUuid=null mUserLabel=null mState=null
D/MountService( 2453): got storage path: /storage/usb3 description: USB storage primary: false removable: true emulated: false mtpReserve: 0 allowMassStorage: false maxFileSize: 4294967296
D/MountService( 2453): addVolumeLocked() StorageVolume:
D/MountService( 2453): mStorageId=0 mPath=/storage/usb3 mDescriptionId=17040807 mPrimary=false
D/MountService( 2453): mRemovable=true mEmulated=false mMtpReserveSpace=0 mAllowMassStorage=false
D/MountService( 2453): mMaxFileSize=4294967296 mOwner=null mUuid=null mUserLabel=null mState=null
W/PackageManager( 2453): No disk maintenance in 1432066354925; running immediately
I/art ( 2453): DexFile_isDexOptNeeded file /system/priv-app/TelephonyProvider/x86_64/TelephonyProvider.odex needs to be relocated for /system/priv-app/TelephonyProvider/TelephonyProvider.apk
I/PackageManager( 2453): Running patchoat on: com.android.providers.telephony
E/installd( 2574): Running /system/bin/patchoat isa=x86_64 in-fd=5 (/system/priv-app/TelephonyProvider/x86_64/TelephonyProvider.odex) out-fd=6 (/data/dalvik-cache/x86_64/system@priv-app@TelephonyProvider@TelephonyProvider.apk@classes.dex)
W/MountService( 2453): Duplicate state transition (unmounted -> unmounted) for /storage/usb0
W/MountService( 2453): Duplicate state transition (unmounted -> unmounted) for /storage/usb1
W/MountService( 2453): Duplicate state transition (unmounted -> unmounted) for /storage/usb2
W/MountService( 2453): Duplicate state transition (unmounted -> unmounted) for /storage/usb3
I/MountService( 2453): Running fstrim idle maintenance
I/fstrim ( 2141): Starting fstrim work...
I/fstrim ( 2141): Invoking FITRIM ioctl on /cache
E/fstrim ( 2141): FITRIM ioctl failed on /cache (error 25/Not a typewriter)
I/fstrim ( 2141): Finished fstrim work.
D/EventHub( 2453): No input device configuration file found for device 'FTSC1000:00 2808:5059'.
I/EventHub( 2453): New device: id=2, fd=80, path='/dev/input/event7', name='FTSC1000:00 2808:5059', classes=0x14, configuration='', keyLayout='', keyCharacterMap='', builtinKeyboard=false, wakeMechanism=EPOLLWAKEUP, usingClockIoctl=true
E/EventHub( 2453): could not get driver version for /dev/input/mouse1, Not a typewriter
I/PackageManager( 2453): No secure containers found
W/PackageManager( 2453): Unknown permission com.google.android.googleapps.permission.GOOGLE_AUTH in package com.android.providers.calendar
W/PackageManager( 2453): Unknown permission com.google.android.googleapps.permission.GOOGLE_AUTH.cl in package com.android.providers.calendar
W/PackageManager( 2453): Not granting permission android.permission.GLOBAL_SEARCH to package com.android.quicksearchbox (protectionLevel=18 flags=0x8be45)
W/PackageManager( 2453): Not granting permission android.permission.ACCESS_DOWNLOAD_MANAGER to package com.android.browser (protectionLevel=18 flags=0x9be45)
W/PackageManager( 2453): Not granting permission android.permission.SEND_DOWNLOAD_COMPLETED_INTENTS to package com.android.browser (protectionLevel=2 flags=0x9be45)
W/PackageManager( 2453): Not granting permission android.permission.BIND_WALLPAPER to package com.android.camera2 (protectionLevel=18 flags=0x58bc45)
W/PackageManager( 2453): Unknown permission android.permission.INSTALL_DRM in package com.android.mms
W/PackageManager( 2453): Unknown permission com.google.android.googleapps.permission.GOOGLE_AUTH.mail in package com.android.calendar
W/PackageManager( 2453): Unknown permission com.android.launcher.permission.READ_SETTINGS in package com.android.onetimeinitializer
W/PackageManager( 2453): Unknown permission com.android.launcher.permission.WRITE_SETTINGS in package com.android.onetimeinitializer
W/PackageManager( 2453): Unknown permission com.android.launcher.permission.READ_SETTINGS in package com.cyanogenmod.trebuchet
W/PackageManager( 2453): Unknown permission com.android.launcher.permission.WRITE_SETTINGS in package com.cyanogenmod.trebuchet
W/PackageManager( 2453): Not granting permission android.permission.DELETE_PACKAGES to package com.svox.pico (protectionLevel=18 flags=0x8be45)
W/PackageManager( 2453): Unknown permission com.cyanogenmod.filemanager.permissions.READ_THEME in package com.cyanogenmod.filemanager
W/PackageManager( 2453): Unknown permission com.google.android.googleapps.permission.GOOGLE_AUTH in package com.android.settings
W/PackageManager( 2453): Unknown permission com.android.launcher.permission.READ_SETTINGS in package com.android.settings
W/PackageManager( 2453): Unknown permission com.android.launcher.permission.WRITE_SETTINGS in package com.android.settings
W/PackageManager( 2453): Unknown permission com.android.smspush.WAPPUSH_MANAGER_BIND in package com.android.phone
W/PackageManager( 2453): Not granting permission android.permission.DEVICE_POWER to package com.android.deskclock (protectionLevel=2 flags=0x48be45)
W/PackageManager( 2453): Unknown permission com.google.android.gallery3d.permission.GALLERY_PROVIDER in package com.android.bluetooth
W/PackageManager( 2453): Unknown permission com.google.android.googleapps.permission.ACCESS_GOOGLE_PASSWORD in package com.android.development
W/PackageManager( 2453): Unknown permission com.google.android.googleapps.permission.GOOGLE_AUTH in package com.android.development
W/PackageManager( 2453): Unknown permission com.google.android.googleapps.permission.GOOGLE_AUTH.ALL_SERVICES in package com.android.development
W/PackageManager( 2453): Unknown permission com.google.android.googleapps.permission.GOOGLE_AUTH.YouTubeUser in package com.android.development
D/EventHub( 2453): No input device configuration file found for device 'Lid Switch'.
I/EventHub( 2453): New device: id=3, fd=86, path='/dev/input/event2', name='Lid Switch', classes=0x80, configuration='', keyLayout='', keyCharacterMap='', builtinKeyboard=false, wakeMechanism=EPOLLWAKEUP, usingClockIoctl=true
D/EventHub( 2453): No input device configuration file found for device 'Video Bus'.
I/art ( 2453): DexFile_isDexOptNeeded file /system/priv-app/DefaultContainerService/x86_64/DefaultContainerService.odex needs to be relocated for /system/priv-app/DefaultContainerService/DefaultContainerService.apk
I/PackageManager( 2453): Running patchoat on: com.android.defcontainer
E/installd( 2576): Running /system/bin/patchoat isa=x86_64 in-fd=5 (/system/priv-app/DefaultContainerService/x86_64/DefaultContainerService.odex) out-fd=6 (/data/dalvik-cache/x86_64/system@priv-app@DefaultContainerService@DefaultContainerService.apk@classes.dex)
W/EventHub( 2453): Unable to disable kernel key repeat for /dev/input/event3: Function not implemented
I/EventHub( 2453): New device: id=4, fd=85, path='/dev/input/event3', name='Video Bus', classes=0x1, configuration='', keyLayout='/system/usr/keylayout/Generic.kl', keyCharacterMap='/system/usr/keychars/Generic.kcm', builtinKeyboard=false, wakeMechanism=EPOLLWAKEUP, usingClockIoctl=true
D/EventHub( 2453): No input device configuration file found for device 'gpio-keys'.
W/EventHub( 2453): Unable to disable kernel key repeat for /dev/input/event6: Function not implemented
I/EventHub( 2453): New device: id=5, fd=87, path='/dev/input/event6', name='gpio-keys', classes=0x81, configuration='', keyLayout='/system/usr/keylayout/Generic.kl', keyCharacterMap='/system/usr/keychars/Generic.kcm', builtinKeyboard=false, wakeMechanism=EPOLLWAKEUP, usingClockIoctl=true
D/EventHub( 2453): No input device configuration file found for device 'gpio-keys'.
I/AudioFlinger( 2150): Using module 1 has the primary audio interface
I/AudioFlinger( 2150): AudioFlinger's thread 0xf58a4000 ready to run
I/AudioFlinger( 2150): AudioFlinger's thread 0xf593a000 ready to run
I/audio_a2dp_hw( 2150): adev_open: adev_open in A2dp_hw module
I/AudioFlinger( 2150): loadHwModule() Loaded a2dp audio interface from A2DP Audio HW HAL (audio) handle 4
I/EventHub( 2453): New device: id=6, fd=88, path='/dev/input/event5', name='gpio-keys', classes=0x1, configuration='', keyLayout='/system/usr/keylayout/Generic.kl', keyCharacterMap='/system/usr/keychars/Generic.kcm', builtinKeyboard=false, wakeMechanism=EPOLLWAKEUP, usingClockIoctl=true
D/EventHub( 2453): No input device configuration file found for device 'PC Speaker'.
I/art ( 2453): DexFile_isDexOptNeeded file /system/priv-app/MmsService/x86_64/MmsService.odex needs to be relocated for /system/priv-app/MmsService/MmsService.apk
I/PackageManager( 2453): Running patchoat on: com.android.mms.service
E/installd( 2579): Running /system/bin/patchoat isa=x86_64 in-fd=5 (/system/priv-app/MmsService/x86_64/MmsService.odex) out-fd=6 (/data/dalvik-cache/x86_64/system@priv-app@MmsService@MmsService.apk@classes.dex)
I/AudioFlinger( 2150): loadHwModule() Loaded usb audio interface from USB audio HW HAL (audio) handle 5
E/SoundTriggerHwService( 2150): couldn't load sound trigger module sound_trigger.primary (No such file or directory)
E/EventHub( 2453): could not get driver version for /dev/input/mice, Not a typewriter
E/EventHub( 2453): could not get driver version for /dev/input/mouse0, Not a typewriter
I/art ( 2453): DexFile_isDexOptNeeded file /system/priv-app/TeleService/x86_64/TeleService.odex needs to be relocated for /system/priv-app/TeleService/TeleService.apk
I/PackageManager( 2453): Running patchoat on: com.android.phone
E/installd( 2581): Running /system/bin/patchoat isa=x86_64 in-fd=5 (/system/priv-app/TeleService/x86_64/TeleService.odex) out-fd=6 (/data/dalvik-cache/x86_64/system@priv-app@TeleService@TeleService.apk@classes.dex)
D/EventHub( 2453): No input device configuration file found for device 'HID 1017:1006'.
W/EventHub( 2453): Unable to disable kernel key repeat for /dev/input/event1: Function not implemented
I/EventHub( 2453): New device: id=8, fd=89, path='/dev/input/event1', name='HID 1017:1006', classes=0x80000129, configuration='', keyLayout='/system/usr/keylayout/Generic.kl', keyCharacterMap='/system/usr/keychars/Generic.kcm', builtinKeyboard=false, wakeMechanism=EPOLLWAKEUP, usingClockIoctl=true
D/EventHub( 2453): No input device configuration file found for device 'HID 1017:1006'.
I/EventHub( 2453): New device: id=9, fd=90, path='/dev/input/event0', name='HID 1017:1006', classes=0x80000003, configuration='', keyLayout='/system/usr/keylayout/Generic.kl', keyCharacterMap='/system/usr/keychars/Generic.kcm', builtinKeyboard=false, wakeMechanism=EPOLLWAKEUP, usingClockIoctl=true
I/InputReader( 2453): Device added: id=-1, name='Virtual', sources=0x00000301
I/InputReader( 2453): Device added: id=9, name='HID 1017:1006', sources=0x00000101
I/InputReader( 2453): Device added: id=8, name='HID 1017:1006', sources=0x01002313
I/InputReader( 2453): Device added: id=6, name='gpio-keys', sources=0x00000101
I/InputReader( 2453): Device added: id=5, name='gpio-keys', sources=0x80000101
I/InputReader( 2453): Device added: id=4, name='Video Bus', sources=0x00000101
I/InputReader( 2453): Device added: id=3, name='Lid Switch', sources=0x80000000
I/InputReader( 2453): Touch device 'FTSC1000:00 2808:5059' could not query the properties of its associated display. The device will be inoperable until the display size becomes available.
I/InputReader( 2453): Device added: id=2, name='FTSC1000:00 2808:5059', sources=0x00001002
I/InputReader( 2453): Device added: id=1, name='Android Power Button', sources=0x00000101
I/InputReader( 2453): Reconfiguring input devices. changes=0x00000004
I/InputReader( 2453): Device reconfigured: id=2, name='FTSC1000:00 2808:5059', size 1280x800, orientation 0, mode 1, display id 0
I/ActivityManager( 2453): Config changes=78 {1.0 ?mcc?mnc en_US ?layoutDir sw800dp w1280dp h727dp 160dpi xlrg land ?uimode ?night finger qwerty/v/v dpad/v s.4}
I/art ( 2453): DexFile_isDexOptNeeded file /system/priv-app/Dialer/x86_64/Dialer.odex needs to be relocated for /system/priv-app/Dialer/Dialer.apk
I/PackageManager( 2453): Running patchoat on: com.android.dialer
E/installd( 2582): Running /system/bin/patchoat isa=x86_64 in-fd=5 (/system/priv-app/Dialer/x86_64/Dialer.odex) out-fd=6 (/data/dalvik-cache/x86_64/system@priv-app@Dialer@Dialer.apk@classes.dex)
I/art ( 2453): DexFile_isDexOptNeeded file /system/priv-app/SystemUI/x86_64/SystemUI.odex needs to be relocated for /system/priv-app/SystemUI/SystemUI.apk
I/PackageManager( 2453): Running patchoat on: com.android.systemui
E/installd( 2583): Running /system/bin/patchoat isa=x86_64 in-fd=5 (/system/priv-app/SystemUI/x86_64/SystemUI.odex) out-fd=6 (/data/dalvik-cache/x86_64/system@priv-app@SystemUI@SystemUI.apk@classes.dex)
I/art ( 2453): DexFile_isDexOptNeeded file /system/priv-app/ProxyHandler/x86_64/ProxyHandler.odex needs to be relocated for /system/priv-app/ProxyHandler/ProxyHandler.apk
I/PackageManager( 2453): Running patchoat on: com.android.proxyhandler
E/installd( 2584): Running /system/bin/patchoat isa=x86_64 in-fd=5 (/system/priv-app/ProxyHandler/x86_64/ProxyHandler.odex) out-fd=6 (/data/dalvik-cache/x86_64/system@priv-app@ProxyHandler@ProxyHandler.apk@classes.dex)
I/art ( 2453): DexFile_isDexOptNeeded file /system/app/LatinIME/x86_64/LatinIME.odex needs to be relocated for /system/app/LatinIME/LatinIME.apk
I/PackageManager( 2453): Running patchoat on: com.android.inputmethod.latin
E/installd( 2585): Running /system/bin/patchoat isa=x86_64 in-fd=5 (/system/app/LatinIME/x86_64/LatinIME.odex) out-fd=6 (/data/dalvik-cache/x86_64/system@app@LatinIME@LatinIME.apk@classes.dex)
I/art ( 2453): DexFile_isDexOptNeeded file /system/priv-app/Shell/x86_64/Shell.odex needs to be relocated for /system/priv-app/Shell/Shell.apk
I/PackageManager( 2453): Running patchoat on: com.android.shell
E/installd( 2588): Running /system/bin/patchoat isa=x86_64 in-fd=5 (/system/priv-app/Shell/x86_64/Shell.odex) out-fd=6 (/data/dalvik-cache/x86_64/system@priv-app@Shell@Shell.apk@classes.dex)
I/art ( 2453): DexFile_isDexOptNeeded file /system/priv-app/ManagedProvisioning/x86_64/ManagedProvisioning.odex needs to be relocated for /system/priv-app/ManagedProvisioning/ManagedProvisioning.apk
I/PackageManager( 2453): Running patchoat on: com.android.managedprovisioning
E/installd( 2589): Running /system/bin/patchoat isa=x86_64 in-fd=5 (/system/priv-app/ManagedProvisioning/x86_64/ManagedProvisioning.odex) out-fd=6 (/data/dalvik-cache/x86_64/system@priv-app@ManagedProvisioning@ManagedProvisioning.apk@classes.dex)
I/art ( 2453): DexFile_isDexOptNeeded file /system/priv-app/MediaProvider/x86_64/MediaProvider.odex needs to be relocated for /system/priv-app/MediaProvider/MediaProvider.apk
I/PackageManager( 2453): Running patchoat on: com.android.providers.media
E/installd( 2590): Running /system/bin/patchoat isa=x86_64 in-fd=5 (/system/priv-app/MediaProvider/x86_64/MediaProvider.odex) out-fd=6 (/data/dalvik-cache/x86_64/system@priv-app@MediaProvider@MediaProvider.apk@classes.dex)
I/art ( 2453): DexFile_isDexOptNeeded file /system/priv-app/ContactsProvider/x86_64/ContactsProvider.odex needs to be relocated for /system/priv-app/ContactsProvider/ContactsProvider.apk
I/PackageManager( 2453): Running patchoat on: com.android.providers.contacts
E/installd( 2591): Running /system/bin/patchoat isa=x86_64 in-fd=5 (/system/priv-app/ContactsProvider/x86_64/ContactsProvider.odex) out-fd=6 (/data/dalvik-cache/x86_64/system@priv-app@ContactsProvider@ContactsProvider.apk@classes.dex)
I/art ( 2453): DexFile_isDexOptNeeded file /system/priv-app/CalendarProvider/x86_64/CalendarProvider.odex needs to be relocated for /system/priv-app/CalendarProvider/CalendarProvider.apk
I/PackageManager( 2453): Running patchoat on: com.android.providers.calendar
E/installd( 2592): Running /system/bin/patchoat isa=x86_64 in-fd=5 (/system/priv-app/CalendarProvider/x86_64/CalendarProvider.odex) out-fd=6 (/data/dalvik-cache/x86_64/system@priv-app@CalendarProvider@CalendarProvider.apk@classes.dex)
I/art ( 2453): DexFile_isDexOptNeeded file /system/priv-app/Mms/x86_64/Mms.odex needs to be relocated for /system/priv-app/Mms/Mms.apk
I/PackageManager( 2453): Running patchoat on: com.android.mms
E/installd( 2593): Running /system/bin/patchoat isa=x86_64 in-fd=5 (/system/priv-app/Mms/x86_64/Mms.odex) out-fd=6 (/data/dalvik-cache/x86_64/system@priv-app@Mms@Mms.apk@classes.dex)
I/art ( 2453): DexFile_isDexOptNeeded file /system/app/BasicDreams/x86_64/BasicDreams.odex needs to be relocated for /system/app/BasicDreams/BasicDreams.apk
I/PackageManager( 2453): Running patchoat on: com.android.dreams.basic
E/installd( 2594): Running /system/bin/patchoat isa=x86_64 in-fd=5 (/system/app/BasicDreams/x86_64/BasicDreams.odex) out-fd=6 (/data/dalvik-cache/x86_64/system@app@BasicDreams@BasicDreams.apk@classes.dex)
I/art ( 2453): DexFile_isDexOptNeeded file /system/app/LiveWallpapersPicker/x86_64/LiveWallpapersPicker.odex needs to be relocated for /system/app/LiveWallpapersPicker/LiveWallpapersPicker.apk
I/PackageManager( 2453): Running patchoat on: com.android.wallpaper.livepicker
E/installd( 2595): Running /system/bin/patchoat isa=x86_64 in-fd=5 (/system/app/LiveWallpapersPicker/x86_64/LiveWallpapersPicker.odex) out-fd=6 (/data/dalvik-cache/x86_64/system@app@LiveWallpapersPicker@LiveWallpapersPicker.apk@classes.dex)
I/art ( 2453): DexFile_isDexOptNeeded file /system/app/NotePad/x86_64/NotePad.odex needs to be relocated for /system/app/NotePad/NotePad.apk
I/PackageManager( 2453): Running patchoat on: com.example.android.notepad
E/installd( 2596): Running /system/bin/patchoat isa=x86_64 in-fd=5 (/system/app/NotePad/x86_64/NotePad.odex) out-fd=6 (/data/dalvik-cache/x86_64/system@app@NotePad@NotePad.apk@classes.dex)
I/art ( 2453): DexFile_isDexOptNeeded file /system/priv-app/MusicFX/x86_64/MusicFX.odex needs to be relocated for /system/priv-app/MusicFX/MusicFX.apk
I/PackageManager( 2453): Running patchoat on: com.android.musicfx
E/installd( 2597): Running /system/bin/patchoat isa=x86_64 in-fd=5 (/system/priv-app/MusicFX/x86_64/MusicFX.odex) out-fd=6 (/data/dalvik-cache/x86_64/system@priv-app@MusicFX@MusicFX.apk@classes.dex)
I/PackageManager( 2453): Running dexopt on: /system/app/PhaseBeam/PhaseBeam.apk pkg=com.android.phasebeam isa=x86 vmSafeMode=false
I/dex2oat ( 2598): /system/bin/dex2oat --zip-fd=5 --zip-location=/system/app/PhaseBeam/PhaseBeam.apk --oat-fd=6 --oat-location=/data/dalvik-cache/x86/system@app@PhaseBeam@PhaseBeam.apk@classes.dex --instruction-set=x86 --instruction-set-features=default --runtime-arg -Xms64m --runtime-arg -Xmx512m --swap-fd=7
E/dex2oat ( 2598): Failed to open dex from file descriptor for zip file '/system/app/PhaseBeam/PhaseBeam.apk': Entry not found
E/installd( 2151): DexInv: --- END '/system/app/PhaseBeam/PhaseBeam.apk' --- status=0x0100, process failed
I/art ( 2453): DexFile_isDexOptNeeded file /system/app/DeskClock/x86_64/DeskClock.odex needs to be relocated for /system/app/DeskClock/DeskClock.apk
I/PackageManager( 2453): Running patchoat on: com.android.deskclock
E/installd( 2600): Running /system/bin/patchoat isa=x86_64 in-fd=5 (/system/app/DeskClock/x86_64/DeskClock.odex) out-fd=6 (/data/dalvik-cache/x86_64/system@app@DeskClock@DeskClock.apk@classes.dex)
I/art ( 2453): DexFile_isDexOptNeeded file /system/app/Browser/x86_64/Browser.odex needs to be relocated for /system/app/Browser/Browser.apk
I/PackageManager( 2453): Running patchoat on: com.android.browser
E/installd( 2601): Running /system/bin/patchoat isa=x86_64 in-fd=5 (/system/app/Browser/x86_64/Browser.odex) out-fd=6 (/data/dalvik-cache/x86_64/system@app@Browser@Browser.apk@classes.dex)
I/art ( 2453): DexFile_isDexOptNeeded file /system/app/Provision/x86_64/Provision.odex needs to be relocated for /system/app/Provision/Provision.apk
I/PackageManager( 2453): Running patchoat on: com.android.provision
E/installd( 2602): Running /system/bin/patchoat isa=x86_64 in-fd=5 (/system/app/Provision/x86_64/Provision.odex) out-fd=6 (/data/dalvik-cache/x86_64/system@app@Provision@Provision.apk@classes.dex)
I/art ( 2453): DexFile_isDexOptNeeded file /system/app/LiveWallpapers/x86_64/LiveWallpapers.odex needs to be relocated for /system/app/LiveWallpapers/LiveWallpapers.apk
I/PackageManager( 2453): Running patchoat on: com.android.wallpaper
E/installd( 2603): Running /system/bin/patchoat isa=x86_64 in-fd=5 (/system/app/LiveWallpapers/x86_64/LiveWallpapers.odex) out-fd=6 (/data/dalvik-cache/x86_64/system@app@LiveWallpapers@LiveWallpapers.apk@classes.dex)
I/art ( 2453): DexFile_isDexOptNeeded file /system/app/RSSReader/x86_64/RSSReader.odex needs to be relocated for /system/app/RSSReader/RSSReader.apk
I/PackageManager( 2453): Running patchoat on: com.example.android.rssreader
E/installd( 2604): Running /system/bin/patchoat isa=x86_64 in-fd=5 (/system/app/RSSReader/x86_64/RSSReader.odex) out-fd=6 (/data/dalvik-cache/x86_64/system@app@RSSReader@RSSReader.apk@classes.dex)
I/art ( 2453): DexFile_isDexOptNeeded file /system/app/CMFileManager/x86_64/CMFileManager.odex needs to be relocated for /system/app/CMFileManager/CMFileManager.apk
I/PackageManager( 2453): Running patchoat on: com.cyanogenmod.filemanager
E/installd( 2605): Running /system/bin/patchoat isa=x86_64 in-fd=5 (/system/app/CMFileManager/x86_64/CMFileManager.odex) out-fd=6 (/data/dalvik-cache/x86_64/system@app@CMFileManager@CMFileManager.apk@classes.dex)
I/art ( 2453): DexFile_isDexOptNeeded file /system/app/Development/x86_64/Development.odex needs to be relocated for /system/app/Development/Development.apk
I/PackageManager( 2453): Running patchoat on: com.android.development
E/installd( 2606): Running /system/bin/patchoat isa=x86_64 in-fd=5 (/system/app/Development/x86_64/Development.odex) out-fd=6 (/data/dalvik-cache/x86_64/system@app@Development@Development.apk@classes.dex)
I/art ( 2453): DexFile_isDexOptNeeded file /system/app/Email/x86_64/Email.odex needs to be relocated for /system/app/Email/Email.apk
I/PackageManager( 2453): Running patchoat on: com.android.email
E/installd( 2607): Running /system/bin/patchoat isa=x86_64 in-fd=5 (/system/app/Email/x86_64/Email.odex) out-fd=6 (/data/dalvik-cache/x86_64/system@app@Email@Email.apk@classes.dex)
I/art ( 2453): DexFile_isDexOptNeeded file /system/app/PacProcessor/x86_64/PacProcessor.odex needs to be relocated for /system/app/PacProcessor/PacProcessor.apk
I/PackageManager( 2453): Running patchoat on: com.android.pacprocessor
E/installd( 2608): Running /system/bin/patchoat isa=x86_64 in-fd=5 (/system/app/PacProcessor/x86_64/PacProcessor.odex) out-fd=6 (/data/dalvik-cache/x86_64/system@app@PacProcessor@PacProcessor.apk@classes.dex)
I/art ( 2453): DexFile_isDexOptNeeded file /system/priv-app/ExternalStorageProvider/x86_64/ExternalStorageProvider.odex needs to be relocated for /system/priv-app/ExternalStorageProvider/ExternalStorageProvider.apk
I/PackageManager( 2453): Running patchoat on: com.android.externalstorage
E/installd( 2609): Running /system/bin/patchoat isa=x86_64 in-fd=5 (/system/priv-app/ExternalStorageProvider/x86_64/ExternalStorageProvider.odex) out-fd=6 (/data/dalvik-cache/x86_64/system@priv-app@ExternalStorageProvider@ExternalStorageProvider.apk@classes.dex)
I/art ( 2453): DexFile_isDexOptNeeded file /system/priv-app/BackupRestoreConfirmation/x86_64/BackupRestoreConfirmation.odex needs to be relocated for /system/priv-app/BackupRestoreConfirmation/BackupRestoreConfirmation.apk
I/PackageManager( 2453): Running patchoat on: com.android.backupconfirm
E/installd( 2610): Running /system/bin/patchoat isa=x86_64 in-fd=5 (/system/priv-app/BackupRestoreConfirmation/x86_64/BackupRestoreConfirmation.odex) out-fd=6 (/data/dalvik-cache/x86_64/system@priv-app@BackupRestoreConfirmation@BackupRestoreConfirmation.apk@classes.dex)
I/PackageManager( 2453): Running dexopt on: /system/app/webview/webview.apk pkg=com.android.webview isa=x86_64 vmSafeMode=false
I/dex2oat ( 2611): /system/bin/dex2oat --zip-fd=5 --zip-location=/system/app/webview/webview.apk --oat-fd=6 --oat-location=/data/dalvik-cache/x86_64/system@app@webview@webview.apk@classes.dex --instruction-set=x86_64 --instruction-set-features=default --runtime-arg -Xms64m --runtime-arg -Xmx512m --swap-fd=10
I/dex2oat ( 2611): Decided to run without swap.
I/dex2oat ( 2611): dex2oat took 885.850ms (threads: 4) arena alloc=86KB java alloc=1475KB native alloc=3MB free=4MB
I/PackageManager( 2453): Running dexopt on: /system/app/webview/webview.apk pkg=com.android.webview isa=x86 vmSafeMode=false
I/dex2oat ( 2616): /system/bin/dex2oat --zip-fd=5 --zip-location=/system/app/webview/webview.apk --oat-fd=6 --oat-location=/data/dalvik-cache/x86/system@app@webview@webview.apk@classes.dex --instruction-set=x86 --instruction-set-features=default --runtime-arg -Xms64m --runtime-arg -Xmx512m --swap-fd=10
I/dex2oat ( 2616): Decided to run without swap.
I/dex2oat ( 2616): dex2oat took 636.745ms (threads: 4) arena alloc=62KB java alloc=1373KB native alloc=3MB free=4MB
I/art ( 2453): DexFile_isDexOptNeeded file /system/priv-app/DownloadProvider/x86_64/DownloadProvider.odex needs to be relocated for /system/priv-app/DownloadProvider/DownloadProvider.apk
I/PackageManager( 2453): Running patchoat on: com.android.providers.downloads
E/installd( 2621): Running /system/bin/patchoat isa=x86_64 in-fd=5 (/system/priv-app/DownloadProvider/x86_64/DownloadProvider.odex) out-fd=6 (/data/dalvik-cache/x86_64/system@priv-app@DownloadProvider@DownloadProvider.apk@classes.dex)
I/art ( 2453): DexFile_isDexOptNeeded file /system/app/Bluetooth/x86/Bluetooth.odex needs to be relocated for /system/app/Bluetooth/Bluetooth.apk
I/PackageManager( 2453): Running patchoat on: com.android.bluetooth
E/installd( 2622): Running /system/bin/patchoat isa=x86 in-fd=5 (/system/app/Bluetooth/x86/Bluetooth.odex) out-fd=6 (/data/dalvik-cache/x86/system@app@Bluetooth@Bluetooth.apk@classes.dex)
I/art ( 2453): DexFile_isDexOptNeeded file /system/app/SoundRecorder/x86_64/SoundRecorder.odex needs to be relocated for /system/app/SoundRecorder/SoundRecorder.apk
I/PackageManager( 2453): Running patchoat on: com.android.soundrecorder
E/installd( 2623): Running /system/bin/patchoat isa=x86_64 in-fd=5 (/system/app/SoundRecorder/x86_64/SoundRecorder.odex) out-fd=6 (/data/dalvik-cache/x86_64/system@app@SoundRecorder@SoundRecorder.apk@classes.dex)
I/art ( 2453): DexFile_isDexOptNeeded file /system/priv-app/OneTimeInitializer/x86_64/OneTimeInitializer.odex needs to be relocated for /system/priv-app/OneTimeInitializer/OneTimeInitializer.apk
I/PackageManager( 2453): Running patchoat on: com.android.onetimeinitializer
E/installd( 2624): Running /system/bin/patchoat isa=x86_64 in-fd=5 (/system/priv-app/OneTimeInitializer/x86_64/OneTimeInitializer.odex) out-fd=6 (/data/dalvik-cache/x86_64/system@priv-app@OneTimeInitializer@OneTimeInitializer.apk@classes.dex)
I/art ( 2453): DexFile_isDexOptNeeded file /system/app/DocumentsUI/x86_64/DocumentsUI.odex needs to be relocated for /system/app/DocumentsUI/DocumentsUI.apk
I/PackageManager( 2453): Running patchoat on: com.android.documentsui
E/installd( 2625): Running /system/bin/patchoat isa=x86_64 in-fd=5 (/system/app/DocumentsUI/x86_64/DocumentsUI.odex) out-fd=6 (/data/dalvik-cache/x86_64/system@app@DocumentsUI@DocumentsUI.apk@classes.dex)
I/art ( 2453): DexFile_isDexOptNeeded file /system/app/BasicSmsReceiver/x86_64/BasicSmsReceiver.odex needs to be relocated for /system/app/BasicSmsReceiver/BasicSmsReceiver.apk
I/PackageManager( 2453): Running patchoat on: com.android.basicsmsreceiver
E/installd( 2626): Running /system/bin/patchoat isa=x86_64 in-fd=5 (/system/app/BasicSmsReceiver/x86_64/BasicSmsReceiver.odex) out-fd=6 (/data/dalvik-cache/x86_64/system@app@BasicSmsReceiver@BasicSmsReceiver.apk@classes.dex)
I/art ( 2453): DexFile_isDexOptNeeded file /system/app/CaptivePortalLogin/x86_64/CaptivePortalLogin.odex needs to be relocated for /system/app/CaptivePortalLogin/CaptivePortalLogin.apk
I/PackageManager( 2453): Running patchoat on: com.android.captiveportallogin
E/installd( 2627): Running /system/bin/patchoat isa=x86_64 in-fd=5 (/system/app/CaptivePortalLogin/x86_64/CaptivePortalLogin.odex) out-fd=6 (/data/dalvik-cache/x86_64/system@app@CaptivePortalLogin@CaptivePortalLogin.apk@classes.dex)
I/art ( 2453): DexFile_isDexOptNeeded file /system/app/Calendar/x86_64/Calendar.odex needs to be relocated for /system/app/Calendar/Calendar.apk
I/PackageManager( 2453): Running patchoat on: com.android.calendar
E/installd( 2628): Running /system/bin/patchoat isa=x86_64 in-fd=5 (/system/app/Calendar/x86_64/Calendar.odex) out-fd=6 (/data/dalvik-cache/x86_64/system@app@Calendar@Calendar.apk@classes.dex)
I/art ( 2453): DexFile_isDexOptNeeded file /system/app/Exchange2/x86_64/Exchange2.odex needs to be relocated for /system/app/Exchange2/Exchange2.apk
I/PackageManager( 2453): Running patchoat on: com.android.exchange
E/installd( 2629): Running /system/bin/patchoat isa=x86_64 in-fd=5 (/system/app/Exchange2/x86_64/Exchange2.odex) out-fd=6 (/data/dalvik-cache/x86_64/system@app@Exchange2@Exchange2.apk@classes.dex)
I/art ( 2453): DexFile_isDexOptNeeded file /system/app/QuickSearchBox/x86_64/QuickSearchBox.odex needs to be relocated for /system/app/QuickSearchBox/QuickSearchBox.apk
I/PackageManager( 2453): Running patchoat on: com.android.quicksearchbox
E/installd( 2631): Running /system/bin/patchoat isa=x86_64 in-fd=5 (/system/app/QuickSearchBox/x86_64/QuickSearchBox.odex) out-fd=6 (/data/dalvik-cache/x86_64/system@app@QuickSearchBox@QuickSearchBox.apk@classes.dex)
I/art ( 2453): DexFile_isDexOptNeeded file /system/priv-app/WallpaperCropper/x86_64/WallpaperCropper.odex needs to be relocated for /system/priv-app/WallpaperCropper/WallpaperCropper.apk
I/PackageManager( 2453): Running patchoat on: com.android.wallpapercropper
E/installd( 2632): Running /system/bin/patchoat isa=x86_64 in-fd=5 (/system/priv-app/WallpaperCropper/x86_64/WallpaperCropper.odex) out-fd=6 (/data/dalvik-cache/x86_64/system@priv-app@WallpaperCropper@WallpaperCropper.apk@classes.dex)
I/art ( 2453): DexFile_isDexOptNeeded file /system/app/Camera2/x86_64/Camera2.odex needs to be relocated for /system/app/Camera2/Camera2.apk
I/PackageManager( 2453): Running patchoat on: com.android.camera2
E/installd( 2633): Running /system/bin/patchoat isa=x86_64 in-fd=5 (/system/app/Camera2/x86_64/Camera2.odex) out-fd=6 (/data/dalvik-cache/x86_64/system@app@Camera2@Camera2.apk@classes.dex)
I/art ( 2453): DexFile_isDexOptNeeded file /system/app/PrintSpooler/x86_64/PrintSpooler.odex needs to be relocated for /system/app/PrintSpooler/PrintSpooler.apk
I/PackageManager( 2453): Running patchoat on: com.android.printspooler
E/installd( 2634): Running /system/bin/patchoat isa=x86_64 in-fd=5 (/system/app/PrintSpooler/x86_64/PrintSpooler.odex) out-fd=6 (/data/dalvik-cache/x86_64/system@app@PrintSpooler@PrintSpooler.apk@classes.dex)
I/PackageManager( 2453): Running dexopt on: /system/app/HoloSpiralWallpaper/HoloSpiralWallpaper.apk pkg=com.android.wallpaper.holospiral isa=x86 vmSafeMode=false
I/dex2oat ( 2635): /system/bin/dex2oat --zip-fd=5 --zip-location=/system/app/HoloSpiralWallpaper/HoloSpiralWallpaper.apk --oat-fd=6 --oat-location=/data/dalvik-cache/x86/system@app@HoloSpiralWallpaper@HoloSpiralWallpaper.apk@classes.dex --instruction-set=x86 --instruction-set-features=default --runtime-arg -Xms64m --runtime-arg -Xmx512m --swap-fd=10
E/dex2oat ( 2635): Failed to open dex from file descriptor for zip file '/system/app/HoloSpiralWallpaper/HoloSpiralWallpaper.apk': Entry not found
E/installd( 2151): DexInv: --- END '/system/app/HoloSpiralWallpaper/HoloSpiralWallpaper.apk' --- status=0x0100, process failed
I/art ( 2453): DexFile_isDexOptNeeded file /system/app/DownloadProviderUi/x86_64/DownloadProviderUi.odex needs to be relocated for /system/app/DownloadProviderUi/DownloadProviderUi.apk
I/PackageManager( 2453): Running patchoat on: com.android.providers.downloads.ui
E/installd( 2637): Running /system/bin/patchoat isa=x86_64 in-fd=5 (/system/app/DownloadProviderUi/x86_64/DownloadProviderUi.odex) out-fd=6 (/data/dalvik-cache/x86_64/system@app@DownloadProviderUi@DownloadProviderUi.apk@classes.dex)
I/art ( 2453): DexFile_isDexOptNeeded file /system/app/Calculator/x86_64/Calculator.odex needs to be relocated for /system/app/Calculator/Calculator.apk
I/PackageManager( 2453): Running patchoat on: com.android.calculator2
E/installd( 2638): Running /system/bin/patchoat isa=x86_64 in-fd=5 (/system/app/Calculator/x86_64/Calculator.odex) out-fd=6 (/data/dalvik-cache/x86_64/system@app@Calculator@Calculator.apk@classes.dex)
I/art ( 2453): DexFile_isDexOptNeeded file /system/app/PicoTts/x86_64/PicoTts.odex needs to be relocated for /system/app/PicoTts/PicoTts.apk
I/PackageManager( 2453): Running patchoat on: com.svox.pico
E/installd( 2639): Running /system/bin/patchoat isa=x86_64 in-fd=5 (/system/app/PicoTts/x86_64/PicoTts.odex) out-fd=6 (/data/dalvik-cache/x86_64/system@app@PicoTts@PicoTts.apk@classes.dex)
I/art ( 2453): DexFile_isDexOptNeeded file /system/priv-app/SharedStorageBackup/x86_64/SharedStorageBackup.odex needs to be relocated for /system/priv-app/SharedStorageBackup/SharedStorageBackup.apk
I/PackageManager( 2453): Running patchoat on: com.android.sharedstoragebackup
E/installd( 2640): Running /system/bin/patchoat isa=x86_64 in-fd=5 (/system/priv-app/SharedStorageBackup/x86_64/SharedStorageBackup.odex) out-fd=6 (/data/dalvik-cache/x86_64/system@priv-app@SharedStorageBackup@SharedStorageBackup.apk@classes.dex)
I/art ( 2453): DexFile_isDexOptNeeded file /system/priv-app/Contacts/x86_64/Contacts.odex needs to be relocated for /system/priv-app/Contacts/Contacts.apk
I/PackageManager( 2453): Running patchoat on: com.android.contacts
E/installd( 2641): Running /system/bin/patchoat isa=x86_64 in-fd=5 (/system/priv-app/Contacts/x86_64/Contacts.odex) out-fd=6 (/data/dalvik-cache/x86_64/system@priv-app@Contacts@Contacts.apk@classes.dex)
I/art ( 2453): DexFile_isDexOptNeeded file /system/app/Music/x86_64/Music.odex needs to be relocated for /system/app/Music/Music.apk
I/PackageManager( 2453): Running patchoat on: com.android.music
E/installd( 2642): Running /system/bin/patchoat isa=x86_64 in-fd=5 (/system/app/Music/x86_64/Music.odex) out-fd=6 (/data/dalvik-cache/x86_64/system@app@Music@Music.apk@classes.dex)
I/art ( 2453): DexFile_isDexOptNeeded file /system/app/HTMLViewer/x86_64/HTMLViewer.odex needs to be relocated for /system/app/HTMLViewer/HTMLViewer.apk
I/PackageManager( 2453): Running patchoat on: com.android.htmlviewer
E/installd( 2643): Running /system/bin/patchoat isa=x86_64 in-fd=5 (/system/app/HTMLViewer/x86_64/HTMLViewer.odex) out-fd=6 (/data/dalvik-cache/x86_64/system@app@HTMLViewer@HTMLViewer.apk@classes.dex)
I/art ( 2453): DexFile_isDexOptNeeded file /system/app/CertInstaller/x86_64/CertInstaller.odex needs to be relocated for /system/app/CertInstaller/CertInstaller.apk
I/PackageManager( 2453): Running patchoat on: com.android.certinstaller
E/installd( 2644): Running /system/bin/patchoat isa=x86_64 in-fd=5 (/system/app/CertInstaller/x86_64/CertInstaller.odex) out-fd=6 (/data/dalvik-cache/x86_64/system@app@CertInstaller@CertInstaller.apk@classes.dex)
I/art ( 2453): DexFile_isDexOptNeeded file /system/app/PackageInstaller/x86_64/PackageInstaller.odex needs to be relocated for /system/app/PackageInstaller/PackageInstaller.apk
I/PackageManager( 2453): Running patchoat on: com.android.packageinstaller
E/installd( 2645): Running /system/bin/patchoat isa=x86_64 in-fd=5 (/system/app/PackageInstaller/x86_64/PackageInstaller.odex) out-fd=6 (/data/dalvik-cache/x86_64/system@app@PackageInstaller@PackageInstaller.apk@classes.dex)
I/PackageManager( 2453): Running dexopt on: /system/app/VisualizationWallpapers/VisualizationWallpapers.apk pkg=com.android.musicvis isa=x86 vmSafeMode=false
I/dex2oat ( 2646): /system/bin/dex2oat --zip-fd=5 --zip-location=/system/app/VisualizationWallpapers/VisualizationWallpapers.apk --oat-fd=6 --oat-location=/data/dalvik-cache/x86/system@app@VisualizationWallpapers@VisualizationWallpapers.apk@classes.dex --instruction-set=x86 --instruction-set-features=default --runtime-arg -Xms64m --runtime-arg -Xmx512m --swap-fd=11
E/dex2oat ( 2646): Failed to open dex from file descriptor for zip file '/system/app/VisualizationWallpapers/VisualizationWallpapers.apk': Entry not found
E/installd( 2151): DexInv: --- END '/system/app/VisualizationWallpapers/VisualizationWallpapers.apk' --- status=0x0100, process failed
I/PackageManager( 2453): Running dexopt on: /system/app/Galaxy4/Galaxy4.apk pkg=com.android.galaxy4 isa=x86 vmSafeMode=false
I/dex2oat ( 2648): /system/bin/dex2oat --zip-fd=5 --zip-location=/system/app/Galaxy4/Galaxy4.apk --oat-fd=6 --oat-location=/data/dalvik-cache/x86/system@app@Galaxy4@Galaxy4.apk@classes.dex --instruction-set=x86 --instruction-set-features=default --runtime-arg -Xms64m --runtime-arg -Xmx512m --swap-fd=12
E/dex2oat ( 2648): Failed to open dex from file descriptor for zip file '/system/app/Galaxy4/Galaxy4.apk': Entry not found
E/installd( 2151): DexInv: --- END '/system/app/Galaxy4/Galaxy4.apk' --- status=0x0100, process failed
I/art ( 2453): DexFile_isDexOptNeeded file /system/priv-app/VpnDialogs/x86_64/VpnDialogs.odex needs to be relocated for /system/priv-app/VpnDialogs/VpnDialogs.apk
I/PackageManager( 2453): Running patchoat on: com.android.vpndialogs
E/installd( 2650): Running /system/bin/patchoat isa=x86_64 in-fd=5 (/system/priv-app/VpnDialogs/x86_64/VpnDialogs.odex) out-fd=6 (/data/dalvik-cache/x86_64/system@priv-app@VpnDialogs@VpnDialogs.apk@classes.dex)
I/art ( 2453): DexFile_isDexOptNeeded file /system/app/UserDictionaryProvider/x86_64/UserDictionaryProvider.odex needs to be relocated for /system/app/UserDictionaryProvider/UserDictionaryProvider.apk
I/PackageManager( 2453): Running patchoat on: com.android.providers.userdictionary
E/installd( 2651): Running /system/bin/patchoat isa=x86_64 in-fd=5 (/system/app/UserDictionaryProvider/x86_64/UserDictionaryProvider.odex) out-fd=6 (/data/dalvik-cache/x86_64/system@app@UserDictionaryProvider@UserDictionaryProvider.apk@classes.dex)
I/art ( 2453): DexFile_isDexOptNeeded file /system/priv-app/Trebuchet/x86_64/Trebuchet.odex needs to be relocated for /system/priv-app/Trebuchet/Trebuchet.apk
I/PackageManager( 2453): Running patchoat on: com.cyanogenmod.trebuchet
E/installd( 2652): Running /system/bin/patchoat isa=x86_64 in-fd=5 (/system/priv-app/Trebuchet/x86_64/Trebuchet.odex) out-fd=6 (/data/dalvik-cache/x86_64/system@priv-app@Trebuchet@Trebuchet.apk@classes.dex)
I/art ( 2453): DexFile_isDexOptNeeded file /system/app/Gallery2/x86/Gallery2.odex needs to be relocated for /system/app/Gallery2/Gallery2.apk
I/PackageManager( 2453): Running patchoat on: com.android.gallery3d
E/installd( 2653): Running /system/bin/patchoat isa=x86 in-fd=5 (/system/app/Gallery2/x86/Gallery2.odex) out-fd=6 (/data/dalvik-cache/x86/system@app@Gallery2@Gallery2.apk@classes.dex)
I/SystemServer( 2453): LockSettingsService
I/SystemServiceManager( 2453): Starting com.android.server.devicepolicy.DevicePolicyManagerService$Lifecycle
I/SystemServer( 2453): Status Bar
I/SystemServer( 2453): Clipboard Service
I/SystemServer( 2453): NetworkManagement Service
I/SystemServer( 2453): Text Service Manager Service
D/SettingsProvider( 2453): User 0 external modification to /data/data/com.android.providers.settings/databases/settings.db; event=2
D/SettingsProvider( 2453): User 0 updating our caches for /data/data/com.android.providers.settings/databases/settings.db
I/SystemServer( 2453): Network Score Service
I/SystemServer( 2453): NetworkStats Service
D/SettingsProvider( 2453): User 0 external modification to /data/data/com.android.providers.settings/databases/settings.db; event=2
D/SettingsProvider( 2453): User 0 updating our caches for /data/data/com.android.providers.settings/databases/settings.db
I/SystemServer( 2453): NetworkPolicy Service
I/SystemServiceManager( 2453): Starting com.android.server.wifi.p2p.WifiP2pService
I/WifiP2pService( 2453): Registering wifip2p
I/SystemServiceManager( 2453): Starting com.android.server.wifi.WifiService
E/WifiConfigStore( 2453): associatedPartialScanPeriodMilli set to 20000
D/WifiController( 2453): isAirplaneModeOn = false, isWifiEnabled = false, isScanningAvailable = false
I/WifiService( 2453): Registering wifi
I/SystemServiceManager( 2453): Starting com.android.server.wifi.WifiScanningService
I/WifiScanningService( 2453): Creating wifiscanner
I/WifiScanningService( 2453): Starting wifiscanner
I/SystemServiceManager( 2453): Starting com.android.server.wifi.RttService
I/RttService( 2453): Creating rttmanager
I/RttService( 2453): Starting rttmanager
I/SystemServiceManager( 2453): Starting com.android.server.ethernet.EthernetService
I/EthernetServiceImpl( 2453): Creating EthernetConfigStore
E/IpConfigStore( 2453): Error parsing configuration: java.io.FileNotFoundException: /data/misc/ethernet/ipconfig.txt: open failed: ENOENT (No such file or directory)
W/EthernetConfigStore( 2453): No Ethernet configuration found. Using default.
I/EthernetServiceImpl( 2453): Read stored IP configuration: IP assignment: DHCP
I/EthernetServiceImpl( 2453): Proxy settings: NONE
I/EthernetService( 2453): Registering service ethernet
I/SystemServer( 2453): Connectivity Service
D/ConnectivityService( 2453): ConnectivityService starting up
D/ConnectivityService( 2453): wifiOnly=false
E/ConnectivityService( 2453): Ignoring protectedNetwork 14
E/ConnectivityService( 2453): Ignoring protectedNetwork 15
I/SystemServer( 2453): Network Service Discovery Service
D/NsdService( 2453): Network service discovery enabled true
I/SystemServer( 2453): UpdateLock Service
I/SystemServiceManager( 2453): Starting com.android.server.notification.NotificationManagerService
D/ZenLog ( 2453): set_zen_mode: off,setting
I/SystemServiceManager( 2453): Starting com.android.server.storage.DeviceStorageMonitorService
I/SystemServer( 2453): Location Manager
I/SystemServer( 2453): Country Detector
I/SystemServer( 2453): Search Service
I/SystemServer( 2453): DropBox Service
I/SystemServer( 2453): Wallpaper Service
W/WallpaperManagerService( 2453): no current wallpaper -- first boot?
I/SystemServer( 2453): Audio Service
W/TelecomManager( 2453): Telecom Service not found.
D/SettingsProvider( 2453): User 0 external modification to /data/data/com.android.providers.settings/databases/settings.db; event=2
D/SettingsProvider( 2453): User 0 updating our caches for /data/data/com.android.providers.settings/databases/settings.db
I/SystemServiceManager( 2453): Starting com.android.server.DockObserver
W/DockObserver( 2453): This kernel does not have dock station support
I/SystemServer( 2453): Wired Accessory Manager
W/WiredAccessoryManager( 2453): This kernel does not have usb audio support
W/WiredAccessoryManager( 2453): This kernel does not have HDMI audio support
I/SystemServiceManager( 2453): Starting com.android.server.usb.UsbService$Lifecycle
I/SystemServer( 2453): Serial Service
I/SystemServiceManager( 2453): Starting com.android.server.twilight.TwilightService
I/SystemServiceManager( 2453): Starting com.android.server.UiModeManagerService
I/SystemServiceManager( 2453): Starting com.android.server.job.JobSchedulerService
I/SystemServiceManager( 2453): Starting com.android.server.backup.BackupManagerService$Lifecycle
I/SystemServiceManager( 2453): Starting com.android.server.appwidget.AppWidgetService
I/SystemServiceManager( 2453): Starting com.android.server.voiceinteraction.VoiceInteractionManagerService
W/SoundTriggerHelper( 2453): listModules status=0, # of modules=0
I/SystemServer( 2453): DiskStats Service
I/SystemServer( 2453): SamplingProfiler Service
I/SystemServer( 2453): NetworkTimeUpdateService
I/SystemServer( 2453): CommonTimeManagementService
I/SystemServer( 2453): CertBlacklister
I/SystemServiceManager( 2453): Starting com.android.server.dreams.DreamManagerService
I/SystemServer( 2453): Assets Atlas Service
I/SystemServiceManager( 2453): Starting com.android.server.print.PrintManagerService
D/AssetAtlas( 2453): Computing best atlas configuration...
D/AssetAtlas( 2453): Running Atlas Worker #1
D/AssetAtlas( 2453): Running Atlas Worker #3
I/SystemServiceManager( 2453): Starting com.android.server.restrictions.RestrictionsManagerService
D/AssetAtlas( 2453): Running Atlas Worker #2
I/SystemServiceManager( 2453): Starting com.android.server.media.MediaSessionService
D/AssetAtlas( 2453): Running Atlas Worker #4
I/SystemServer( 2453): Media Router Service
I/SystemServiceManager( 2453): Starting com.android.server.trust.TrustManagerService
I/SystemServiceManager( 2453): Starting com.android.server.fingerprint.FingerprintService
V/Fingerprint-JNI( 2453): nativeInit()
V/Fingerprint-JNI( 2453): nativeOpenHal()
E/Fingerprint-JNI( 2453): Can't open fingerprint HW Module, error: -2
I/SystemServer( 2453): BackgroundDexOptService
I/SystemServiceManager( 2453): Starting com.android.server.pm.LauncherAppsService
I/SystemServiceManager( 2453): Starting com.android.server.media.projection.MediaProjectionManagerService
I/WindowManager( 2453): SAFE MODE not enabled
I/SystemServiceManager( 2453): Starting com.android.server.MmsServiceBroker
E/SQLiteLog( 2453): (1) no such table: locksettings
I/LockSettingsService( 2453): Migrated lock settings to new location
I/LockSettingsService( 2453): Migrated per-user lock settings to new location
E/LockSettingsStorage( 2453): Cannot read file java.io.FileNotFoundException: /data/system/password.key: open failed: ENOENT (No such file or directory)
E/LockSettingsStorage( 2453): Cannot read file java.io.FileNotFoundException: /data/system/gesture.key: open failed: ENOENT (No such file or directory)
I/SystemServiceManager( 2453): Starting phase 480
I/SystemServiceManager( 2453): Starting phase 500
I/WifiService( 2453): WifiService starting up with Wi-Fi disabled
D/AssetAtlas( 2453): Found best atlas configuration in 0.08s
D/WifiService( 2453): New client listening to asynchronous messages
I/WifiScanningService( 2453): Registering wifiscanner
D/AssetAtlas( 2453): Loaded configuration: SliceMinArea (768x768) flags=0x2 count=446
I/GRALLOC-DRM( 2453): create intel for driver i915
D/WifiScanningService( 2453): New client, channel: null messenger: null
I/RttService( 2453): Registering rttmanager
D/WifiChangeStateMachine( 2453): Entering IdleState
D/WifiScanningService( 2453): DefaultState
I/EthernetServiceImpl( 2453): Starting Ethernet service
D/Ethernet( 2453): Registering NetworkFactory
D/ConnectivityService( 2453): Got NetworkFactory Messenger for Ethernet
D/Ethernet( 2453): got request NetworkRequest [ id=1, legacyType=-1, [ Capabilities: INTERNET&NOT_RESTRICTED&TRUSTED&NOT_VPN] ] with score 0
I/ActivityManager( 2453): Config changes=200 {1.0 ?mcc?mnc en_US ?layoutDir sw800dp w1280dp h727dp 160dpi xlrg land finger qwerty/v/v dpad/v s.5}
V/BackupManagerService( 2453): No ancestral data
I/art ( 2453): Background sticky concurrent mark sweep GC freed 95854(3MB) AllocSpace objects, 1(16KB) LOS objects, 14% free, 7MB/8MB, paused 7.353ms total 114.086ms
D/BackupManagerService( 2453): Now staging backup of com.android.browser
D/BackupManagerService( 2453): Now staging backup of android
D/BackupManagerService( 2453): Now staging backup of com.android.calendar
D/BackupManagerService( 2453): Now staging backup of com.android.providers.settings
D/BackupManagerService( 2453): Now staging backup of com.android.sharedstoragebackup
D/BackupManagerService( 2453): Now staging backup of com.android.dialer
D/BackupManagerService( 2453): Now staging backup of com.android.providers.userdictionary
V/BackupManagerService( 2453): Starting with transport android/com.android.internal.backup.LocalTransport
V/BackupManagerService( 2453): Found transports: 1
I/BackupManagerService( 2453): Binding to transport host ComponentInfo{android/com.android.internal.backup.LocalTransportService}
I/ActivityManager( 2453): Sending system update to ComponentInfo{com.android.providers.calendar/com.android.providers.calendar.CalendarUpgradeReceiver} for user 0
