E/audio_hw_primary( 2150): pcm_open(out) failed: cannot open device '/dev/snd/pcmC0D0p': Invalid argument
D/audio_hw_primary( 2150): found out /dev/snd/pcmC0D0p
E/audio_hw_primary( 2150): pcm_open(out) failed: cannot open device '/dev/snd/pcmC0D0p': Invalid argument
D/audio_hw_primary( 2150): found out /dev/snd/pcmC0D0p
E/audio_hw_primary( 2150): pcm_open(out) failed: cannot open device '/dev/snd/pcmC0D0p': Invalid argument
D/audio_hw_primary( 2150): found out /dev/snd/pcmC0D0p
E/audio_hw_primary( 2150): pcm_open(out) failed: cannot open device '/dev/snd/pcmC0D0p': Invalid argument
D/audio_hw_primary( 2150): found out /dev/snd/pcmC0D0p
E/audio_hw_primary( 2150): pcm_open(out) failed: cannot open device '/dev/snd/pcmC0D0p': Invalid argument
D/audio_hw_primary( 2150): found out /dev/snd/pcmC0D0p
E/audio_hw_primary( 2150): pcm_open(out) failed: cannot open device '/dev/snd/pcmC0D0p': Invalid argument
D/audio_hw_primary( 2150): found out /dev/snd/pcmC0D0p
E/audio_hw_primary( 2150): pcm_open(out) failed: cannot open device '/dev/snd/pcmC0D0p': Invalid argument
D/audio_hw_primary( 2150): found out /dev/snd/pcmC0D0p
E/audio_hw_primary( 2150): pcm_open(out) failed: cannot open device '/dev/snd/pcmC0D0p': Invalid argument
D/audio_hw_primary( 2150): found out /dev/snd/pcmC0D0p
E/audio_hw_primary( 2150): pcm_open(out) failed: cannot open device '/dev/snd/pcmC0D0p': Invalid argument
D/audio_hw_primary( 2150): found out /dev/snd/pcmC0D0p
E/audio_hw_primary( 2150): pcm_open(out) failed: cannot open device '/dev/snd/pcmC0D0p': Invalid argument
D/audio_hw_primary( 2150): found out /dev/snd/pcmC0D0p
E/audio_hw_primary( 2150): pcm_open(out) failed: cannot open device '/dev/snd/pcmC0D0p': Invalid argument
D/audio_hw_primary( 2150): found out /dev/snd/pcmC0D0p
E/audio_hw_primary( 2150): pcm_open(out) failed: cannot open device '/dev/snd/pcmC0D0p': Invalid argument
D/audio_hw_primary( 2150): found out /dev/snd/pcmC0D0p
E/audio_hw_primary( 2150): pcm_open(out) failed: cannot open device '/dev/snd/pcmC0D0p': Invalid argument
D/audio_hw_primary( 2150): found out /dev/snd/pcmC0D0p
E/audio_hw_primary( 2150): pcm_open(out) failed: cannot open device '/dev/snd/pcmC0D0p': Invalid argument
D/audio_hw_primary( 2150): found out /dev/snd/pcmC0D0p
E/audio_hw_primary( 2150): pcm_open(out) failed: cannot open device '/dev/snd/pcmC0D0p': Invalid argument
D/audio_hw_primary( 2150): found out /dev/snd/pcmC0D0p
E/audio_hw_primary( 2150): pcm_open(out) failed: cannot open device '/dev/snd/pcmC0D0p': Invalid argument
D/audio_hw_primary( 2150): found out /dev/snd/pcmC0D0p
E/audio_hw_primary( 2150): pcm_open(out) failed: cannot open device '/dev/snd/pcmC0D0p': Invalid argument
D/audio_hw_primary( 2150): found out /dev/snd/pcmC0D0p
E/audio_hw_primary( 2150): pcm_open(out) failed: cannot open device '/dev/snd/pcmC0D0p': Invalid argument
D/audio_hw_primary( 2150): found out /dev/snd/pcmC0D0p
E/audio_hw_primary( 2150): pcm_open(out) failed: cannot open device '/dev/snd/pcmC0D0p': Invalid argument
D/audio_hw_primary( 2150): found out /dev/snd/pcmC0D0p
E/audio_hw_primary( 2150): pcm_open(out) failed: cannot open device '/dev/snd/pcmC0D0p': Invalid argument
D/audio_hw_primary( 2150): found out /dev/snd/pcmC0D0p
E/audio_hw_primary( 2150): pcm_open(out) failed: cannot open device '/dev/snd/pcmC0D0p': Invalid argument
D/audio_hw_primary( 2150): found out /dev/snd/pcmC0D0p
E/audio_hw_primary( 2150): pcm_open(out) failed: cannot open device '/dev/snd/pcmC0D0p': Invalid argument
D/audio_hw_primary( 2150): found out /dev/snd/pcmC0D0p
E/audio_hw_primary( 2150): pcm_open(out) failed: cannot open device '/dev/snd/pcmC0D0p': Invalid argument
D/audio_hw_primary( 2150): found out /dev/snd/pcmC0D0p
E/audio_hw_primary( 2150): pcm_open(out) failed: cannot open device '/dev/snd/pcmC0D0p': Invalid argument
D/audio_hw_primary( 2150): found out /dev/snd/pcmC0D0p
E/audio_hw_primary( 2150): pcm_open(out) failed: cannot open device '/dev/snd/pcmC0D0p': Invalid argument
D/audio_hw_primary( 2150): found out /dev/snd/pcmC0D0p
E/audio_hw_primary( 2150): pcm_open(out) failed: cannot open device '/dev/snd/pcmC0D0p': Invalid argument
D/audio_hw_primary( 2150): found out /dev/snd/pcmC0D0p
E/audio_hw_primary( 2150): pcm_open(out) failed: cannot open device '/dev/snd/pcmC0D0p': Invalid argument
D/audio_hw_primary( 2150): found out /dev/snd/pcmC0D0p
E/audio_hw_primary( 2150): pcm_open(out) failed: cannot open device '/dev/snd/pcmC0D0p': Invalid argument
D/audio_hw_primary( 2150): found out /dev/snd/pcmC0D0p
E/audio_hw_primary( 2150): pcm_open(out) failed: cannot open device '/dev/snd/pcmC0D0p': Invalid argument
D/audio_hw_primary( 2150): found out /dev/snd/pcmC0D0p
E/audio_hw_primary( 2150): pcm_open(out) failed: cannot open device '/dev/snd/pcmC0D0p': Invalid argument
D/audio_hw_primary( 2150): found out /dev/snd/pcmC0D0p
E/audio_hw_primary( 2150): pcm_open(out) failed: cannot open device '/dev/snd/pcmC0D0p': Invalid argument
D/audio_hw_primary( 2150): found out /dev/snd/pcmC0D0p
E/audio_hw_primary( 2150): pcm_open(out) failed: cannot open device '/dev/snd/pcmC0D0p': Invalid argument
D/audio_hw_primary( 2150): found out /dev/snd/pcmC0D0p
E/audio_hw_primary( 2150): pcm_open(out) failed: cannot open device '/dev/snd/pcmC0D0p': Invalid argument
D/audio_hw_primary( 2150): found out /dev/snd/pcmC0D0p
E/audio_hw_primary( 2150): pcm_open(out) failed: cannot open device '/dev/snd/pcmC0D0p': Invalid argument
D/audio_hw_primary( 2150): found out /dev/snd/pcmC0D0p
E/audio_hw_primary( 2150): pcm_open(out) failed: cannot open device '/dev/snd/pcmC0D0p': Invalid argument
D/audio_hw_primary( 2150): found out /dev/snd/pcmC0D0p
E/audio_hw_primary( 2150): pcm_open(out) failed: cannot open device '/dev/snd/pcmC0D0p': Invalid argument
D/audio_hw_primary( 2150): found out /dev/snd/pcmC0D0p
E/audio_hw_primary( 2150): pcm_open(out) failed: cannot open device '/dev/snd/pcmC0D0p': Invalid argument
D/audio_hw_primary( 2150): found out /dev/snd/pcmC0D0p
E/audio_hw_primary( 2150): pcm_open(out) failed: cannot open device '/dev/snd/pcmC0D0p': Invalid argument
D/audio_hw_primary( 2150): found out /dev/snd/pcmC0D0p
E/audio_hw_primary( 2150): pcm_open(out) failed: cannot open device '/dev/snd/pcmC0D0p': Invalid argument
D/audio_hw_primary( 2150): found out /dev/snd/pcmC0D0p
E/audio_hw_primary( 2150): pcm_open(out) failed: cannot open device '/dev/snd/pcmC0D0p': Invalid argument
D/audio_hw_primary( 2150): found out /dev/snd/pcmC0D0p
E/audio_hw_primary( 2150): pcm_open(out) failed: cannot open device '/dev/snd/pcmC0D0p': Invalid argument
D/audio_hw_primary( 2150): found out /dev/snd/pcmC0D0p
E/audio_hw_primary( 2150): pcm_open(out) failed: cannot open device '/dev/snd/pcmC0D0p': Invalid argument
D/audio_hw_primary( 2150): found out /dev/snd/pcmC0D0p
E/audio_hw_primary( 2150): pcm_open(out) failed: cannot open device '/dev/snd/pcmC0D0p': Invalid argument
D/audio_hw_primary( 2150): found out /dev/snd/pcmC0D0p
E/audio_hw_primary( 2150): pcm_open(out) failed: cannot open device '/dev/snd/pcmC0D0p': Invalid argument
D/audio_hw_primary( 2150): found out /dev/snd/pcmC0D0p
E/audio_hw_primary( 2150): pcm_open(out) failed: cannot open device '/dev/snd/pcmC0D0p': Invalid argument
D/audio_hw_primary( 2150): found out /dev/snd/pcmC0D0p
E/audio_hw_primary( 2150): pcm_open(out) failed: cannot open device '/dev/snd/pcmC0D0p': Invalid argument
D/audio_hw_primary( 2150): found out /dev/snd/pcmC0D0p
E/audio_hw_primary( 2150): pcm_open(out) failed: cannot open device '/dev/snd/pcmC0D0p': Invalid argument
D/audio_hw_primary( 2150): found out /dev/snd/pcmC0D0p
E/audio_hw_primary( 2150): pcm_open(out) failed: cannot open device '/dev/snd/pcmC0D0p': Invalid argument
D/SurfaceFlinger( 2142): Set power mode=0, type=0 flinger=0x7f28ea062000
I/ActivityManager( 2453): Waited long enough for: ServiceRecord{23e3212e u0 com.android.calendar/.alerts.InitAlarmsService}
D/SettingsProvider( 2453): User 0 external modification to /data/data/com.android.providers.settings/databases/settings.db; event=2
D/SettingsProvider( 2453): User 0 updating our caches for /data/data/com.android.providers.settings/databases/settings.db
D/SettingsProvider( 2453): User 0 external modification to /data/data/com.android.providers.settings/databases/settings.db; event=2
D/SettingsProvider( 2453): User 0 updating our caches for /data/data/com.android.providers.settings/databases/settings.db
D/SettingsProvider( 2453): User 0 external modification to /data/data/com.android.providers.settings/databases/settings.db; event=2
D/SettingsProvider( 2453): User 0 updating our caches for /data/data/com.android.providers.settings/databases/settings.db
D/InitAlarmsService( 3458): Clearing and rescheduling alarms.
I/ActivityManager( 2453): Killing 3184:com.android.provision/u0a45 (adj 15): empty #17
I/MediaFocusControl( 2453): AudioFocus abandonAudioFocus() from android.media.AudioManager@19a33ef9com.android.music.MediaPlaybackService$3@1547de3e
I/ActivityManager( 2453): Start proc 3680:com.android.musicfx/u0a9 for broadcast com.android.musicfx/.ControlPanelReceiver
I/ActivityManager( 2453): Killing 3310:com.android.music/u0a38 (adj 15): empty #17
W/MediaSessionRecord( 2453): Removing dead callback in pushEvent.
W/MediaSessionRecord( 2453): android.os.DeadObjectException
W/MediaSessionRecord( 2453): at android.os.BinderProxy.transactNative(Native Method)
W/MediaSessionRecord( 2453): at android.os.BinderProxy.transact(Binder.java:496)
W/MediaSessionRecord( 2453): at android.media.session.ISessionControllerCallback$Stub$Proxy.onSessionDestroyed(ISessionControllerCallback.java:189)
W/MediaSessionRecord( 2453): at com.android.server.media.MediaSessionRecord.pushSessionDestroyed(MediaSessionRecord.java:667)
W/MediaSessionRecord( 2453): at com.android.server.media.MediaSessionRecord.access$3800(MediaSessionRecord.java:67)
W/MediaSessionRecord( 2453): at com.android.server.media.MediaSessionRecord$MessageHandler.handleMessage(MediaSessionRecord.java:1286)
W/MediaSessionRecord( 2453): at android.os.Handler.dispatchMessage(Handler.java:102)
W/MediaSessionRecord( 2453): at android.os.Looper.loop(Looper.java:135)
W/MediaSessionRecord( 2453): at com.android.server.SystemServer.run(SystemServer.java:269)
W/MediaSessionRecord( 2453): at com.android.server.SystemServer.main(SystemServer.java:170)
W/MediaSessionRecord( 2453): at java.lang.reflect.Method.invoke(Native Method)
W/MediaSessionRecord( 2453): at java.lang.reflect.Method.invoke(Method.java:372)
W/MediaSessionRecord( 2453): at com.android.internal.os.ZygoteInit$MethodAndArgsCaller.run(ZygoteInit.java:903)
W/MediaSessionRecord( 2453): at com.android.internal.os.ZygoteInit.main(ZygoteInit.java:698)
I/art ( 2155): Explicit concurrent mark sweep GC freed 706(30KB) AllocSpace objects, 0(0B) LOS objects, 39% free, 1950KB/3MB, paused 385us total 32.608ms
V/MusicFXControlPanelReceiver( 3680): onReceive
V/MusicFXControlPanelReceiver( 3680): Action: android.media.action.CLOSE_AUDIO_EFFECT_CONTROL_SESSION
V/MusicFXControlPanelReceiver( 3680): Package name: com.android.music
V/MusicFXControlPanelReceiver( 3680): Audio session: 6
V/MusicFXControlPanelEffect( 3680): closeSession(android.app.ReceiverRestrictedContext@2c262866, com.android.music, 6)
I/ActivityManager( 2453): Killing 2970:com.android.printspooler/u0a44 (adj 15): empty #17
I/art ( 2155): Explicit concurrent mark sweep GC freed 5(160B) AllocSpace objects, 0(0B) LOS objects, 39% free, 1950KB/3MB, paused 308us total 34.111ms
I/art ( 2155): Explicit concurrent mark sweep GC freed 5(160B) AllocSpace objects, 0(0B) LOS objects, 39% free, 1950KB/3MB, paused 225us total 23.425ms
I/dumpstate( 3733): begin
D/OpenGLRenderer( 3680): Use EGL_SWAP_BEHAVIOR_PRESERVED: true
D/OpenGLRenderer( 3486): Use EGL_SWAP_BEHAVIOR_PRESERVED: true
D/OpenGLRenderer( 3283): Use EGL_SWAP_BEHAVIOR_PRESERVED: true
D/OpenGLRenderer( 2824): Use EGL_SWAP_BEHAVIOR_PRESERVED: true
D/OpenGLRenderer( 3458): Use EGL_SWAP_BEHAVIOR_PRESERVED: true
D/OpenGLRenderer( 3049): Use EGL_SWAP_BEHAVIOR_PRESERVED: true
D/OpenGLRenderer( 3158): Use EGL_SWAP_BEHAVIOR_PRESERVED: true
D/OpenGLRenderer( 3529): Use EGL_SWAP_BEHAVIOR_PRESERVED: true
D/OpenGLRenderer( 2899): Use EGL_SWAP_BEHAVIOR_PRESERVED: true
D/OpenGLRenderer( 3605): Use EGL_SWAP_BEHAVIOR_PRESERVED: true
D/OpenGLRenderer( 3585): Use EGL_SWAP_BEHAVIOR_PRESERVED: true
D/OpenGLRenderer( 3118): Use EGL_SWAP_BEHAVIOR_PRESERVED: true
D/OpenGLRenderer( 3562): Use EGL_SWAP_BEHAVIOR_PRESERVED: true
D/OpenGLRenderer( 3079): Use EGL_SWAP_BEHAVIOR_PRESERVED: true
D/OpenGLRenderer( 3508): Use EGL_SWAP_BEHAVIOR_PRESERVED: true
D/OpenGLRenderer( 3416): Use EGL_SWAP_BEHAVIOR_PRESERVED: true
D/OpenGLRenderer( 3392): Use EGL_SWAP_BEHAVIOR_PRESERVED: true
D/OpenGLRenderer( 2921): Use EGL_SWAP_BEHAVIOR_PRESERVED: true
D/OpenGLRenderer( 2453): Use EGL_SWAP_BEHAVIOR_PRESERVED: true
I/art ( 3680): Explicit concurrent mark sweep GC freed 76(40KB) AllocSpace objects, 2(32KB) LOS objects, 24% free, 2033KB/2MB, paused 341us total 29.140ms
I/art ( 3680): Explicit concurrent mark sweep GC freed 41(1440B) AllocSpace objects, 0(0B) LOS objects, 24% free, 2032KB/2MB, paused 251us total 22.930ms
I/art ( 3680): Explicit concurrent mark sweep GC freed 3(96B) AllocSpace objects, 0(0B) LOS objects, 24% free, 2032KB/2MB, paused 173us total 14.115ms
I/art ( 3680): Explicit concurrent mark sweep GC freed 3(96B) AllocSpace objects, 0(0B) LOS objects, 24% free, 2032KB/2MB, paused 132us total 11.031ms
I/art ( 3680): Explicit concurrent mark sweep GC freed 3(96B) AllocSpace objects, 0(0B) LOS objects, 24% free, 2032KB/2MB, paused 107us total 8.650ms
I/art ( 3486): Explicit concurrent mark sweep GC freed 2624(238KB) AllocSpace objects, 2(32KB) LOS objects, 24% free, 2MB/2MB, paused 377us total 34.286ms
I/art ( 3486): Explicit concurrent mark sweep GC freed 465(17KB) AllocSpace objects, 0(0B) LOS objects, 24% free, 2MB/2MB, paused 386us total 32.837ms
I/art ( 3486): Explicit concurrent mark sweep GC freed 3(96B) AllocSpace objects, 0(0B) LOS objects, 24% free, 2MB/2MB, paused 194us total 16.897ms
I/art ( 3486): Explicit concurrent mark sweep GC freed 3(96B) AllocSpace objects, 0(0B) LOS objects, 24% free, 2MB/2MB, paused 154us total 12.706ms
I/art ( 3486): Explicit concurrent mark sweep GC freed 3(96B) AllocSpace objects, 0(0B) LOS objects, 24% free, 2MB/2MB, paused 141us total 10.014ms
I/art ( 3283): Explicit concurrent mark sweep GC freed 1567(209KB) AllocSpace objects, 10(160KB) LOS objects, 25% free, 2MB/2MB, paused 435us total 31.318ms
I/art ( 3283): Explicit concurrent mark sweep GC freed 179(6KB) AllocSpace objects, 0(0B) LOS objects, 24% free, 2MB/2MB, paused 333us total 25.446ms
I/art ( 3283): Explicit concurrent mark sweep GC freed 3(96B) AllocSpace objects, 0(0B) LOS objects, 24% free, 2MB/2MB, paused 208us total 13.939ms
I/art ( 3283): Explicit concurrent mark sweep GC freed 3(96B) AllocSpace objects, 0(0B) LOS objects, 24% free, 2MB/2MB, paused 160us total 10.276ms
I/art ( 3283): Explicit concurrent mark sweep GC freed 3(96B) AllocSpace objects, 0(0B) LOS objects, 24% free, 2MB/2MB, paused 171us total 9.824ms
I/art ( 2824): Explicit concurrent mark sweep GC freed 4263(249KB) AllocSpace objects, 2(32KB) LOS objects, 24% free, 2MB/3MB, paused 445us total 42.462ms
I/art ( 2824): Explicit concurrent mark sweep GC freed 235(10KB) AllocSpace objects, 0(0B) LOS objects, 25% free, 2MB/3MB, paused 229us total 22.557ms
I/art ( 2824): Explicit concurrent mark sweep GC freed 3(96B) AllocSpace objects, 0(0B) LOS objects, 25% free, 2MB/3MB, paused 168us total 14.645ms
I/art ( 2824): Explicit concurrent mark sweep GC freed 3(96B) AllocSpace objects, 0(0B) LOS objects, 25% free, 2MB/3MB, paused 138us total 11.827ms
I/art ( 2824): Explicit concurrent mark sweep GC freed 3(96B) AllocSpace objects, 0(0B) LOS objects, 25% free, 2MB/3MB, paused 114us total 9.418ms
I/art ( 3458): Explicit concurrent mark sweep GC freed 613(68KB) AllocSpace objects, 2(32KB) LOS objects, 24% free, 2MB/2MB, paused 483us total 38.074ms
I/art ( 3458): Explicit concurrent mark sweep GC freed 211(7KB) AllocSpace objects, 0(0B) LOS objects, 24% free, 2MB/2MB, paused 549us total 32.155ms
I/art ( 3458): Explicit concurrent mark sweep GC freed 3(96B) AllocSpace objects, 0(0B) LOS objects, 24% free, 2MB/2MB, paused 245us total 17.027ms
I/art ( 3458): Explicit concurrent mark sweep GC freed 3(96B) AllocSpace objects, 0(0B) LOS objects, 24% free, 2MB/2MB, paused 195us total 12.788ms
I/art ( 3458): Explicit concurrent mark sweep GC freed 3(96B) AllocSpace objects, 0(0B) LOS objects, 24% free, 2MB/2MB, paused 148us total 9.799ms
I/art ( 3049): Explicit concurrent mark sweep GC freed 409(54KB) AllocSpace objects, 2(32KB) LOS objects, 24% free, 2MB/3MB, paused 265us total 15.609ms
I/art ( 3049): Explicit concurrent mark sweep GC freed 164(6KB) AllocSpace objects, 0(0B) LOS objects, 25% free, 2MB/3MB, paused 281us total 15.063ms
I/art ( 3049): Explicit concurrent mark sweep GC freed 3(96B) AllocSpace objects, 0(0B) LOS objects, 25% free, 2MB/3MB, paused 208us total 14.195ms
I/art ( 3049): Explicit concurrent mark sweep GC freed 3(96B) AllocSpace objects, 0(0B) LOS objects, 25% free, 2MB/3MB, paused 191us total 11.531ms
I/art ( 3049): Explicit concurrent mark sweep GC freed 3(96B) AllocSpace objects, 0(0B) LOS objects, 25% free, 2MB/3MB, paused 148us total 9.931ms
I/art ( 3158): Explicit concurrent mark sweep GC freed 3279(253KB) AllocSpace objects, 3(48KB) LOS objects, 24% free, 2MB/3MB, paused 582us total 45.422ms
I/art ( 3158): Explicit concurrent mark sweep GC freed 423(17KB) AllocSpace objects, 0(0B) LOS objects, 24% free, 2MB/3MB, paused 424us total 31.389ms
I/art ( 3158): Explicit concurrent mark sweep GC freed 3(96B) AllocSpace objects, 0(0B) LOS objects, 24% free, 2MB/3MB, paused 281us total 16.965ms
I/art ( 3158): Explicit concurrent mark sweep GC freed 3(96B) AllocSpace objects, 0(0B) LOS objects, 24% free, 2MB/3MB, paused 191us total 12.632ms
I/art ( 3158): Explicit concurrent mark sweep GC freed 3(96B) AllocSpace objects, 0(0B) LOS objects, 24% free, 2MB/3MB, paused 156us total 9.953ms
I/art ( 3529): Explicit concurrent mark sweep GC freed 540(58KB) AllocSpace objects, 2(32KB) LOS objects, 24% free, 2MB/3MB, paused 463us total 35.944ms
I/art ( 3529): Explicit concurrent mark sweep GC freed 41(1456B) AllocSpace objects, 0(0B) LOS objects, 25% free, 2MB/3MB, paused 383us total 31.405ms
I/art ( 3529): Explicit concurrent mark sweep GC freed 3(96B) AllocSpace objects, 0(0B) LOS objects, 25% free, 2MB/3MB, paused 223us total 16.590ms
I/art ( 3529): Explicit concurrent mark sweep GC freed 3(96B) AllocSpace objects, 0(0B) LOS objects, 25% free, 2MB/3MB, paused 166us total 12.586ms
I/art ( 3529): Explicit concurrent mark sweep GC freed 3(96B) AllocSpace objects, 0(0B) LOS objects, 25% free, 2MB/3MB, paused 127us total 10.060ms
I/art ( 2899): Explicit concurrent mark sweep GC freed 1708(142KB) AllocSpace objects, 3(48KB) LOS objects, 24% free, 2MB/3MB, paused 629us total 45.809ms
I/art ( 2899): Explicit concurrent mark sweep GC freed 89(3KB) AllocSpace objects, 0(0B) LOS objects, 24% free, 2MB/3MB, paused 322us total 20.024ms
I/art ( 2899): Explicit concurrent mark sweep GC freed 3(96B) AllocSpace objects, 0(0B) LOS objects, 24% free, 2MB/3MB, paused 209us total 14.093ms
I/art ( 2899): Explicit concurrent mark sweep GC freed 4(176B) AllocSpace objects, 0(0B) LOS objects, 24% free, 2MB/3MB, paused 162us total 10.750ms
I/art ( 2899): Explicit concurrent mark sweep GC freed 3(96B) AllocSpace objects, 0(0B) LOS objects, 24% free, 2MB/3MB, paused 161us total 9.947ms
I/art ( 3605): Explicit concurrent mark sweep GC freed 1289(132KB) AllocSpace objects, 2(32KB) LOS objects, 24% free, 2MB/2MB, paused 415us total 33.179ms
I/art ( 3605): Explicit concurrent mark sweep GC freed 105(4KB) AllocSpace objects, 0(0B) LOS objects, 24% free, 2MB/2MB, paused 455us total 31.181ms
I/art ( 3605): Explicit concurrent mark sweep GC freed 3(96B) AllocSpace objects, 0(0B) LOS objects, 24% free, 2MB/2MB, paused 233us total 16.657ms
I/art ( 3605): Explicit concurrent mark sweep GC freed 3(96B) AllocSpace objects, 0(0B) LOS objects, 24% free, 2MB/2MB, paused 167us total 12.385ms
I/art ( 3605): Explicit concurrent mark sweep GC freed 3(96B) AllocSpace objects, 0(0B) LOS objects, 24% free, 2MB/2MB, paused 134us total 9.873ms
I/art ( 3585): Explicit concurrent mark sweep GC freed 81(40KB) AllocSpace objects, 2(32KB) LOS objects, 25% free, 2MB/2MB, paused 224us total 19.805ms
I/art ( 3585): Explicit concurrent mark sweep GC freed 41(1440B) AllocSpace objects, 0(0B) LOS objects, 25% free, 2MB/2MB, paused 256us total 20.802ms
I/art ( 3585): Explicit concurrent mark sweep GC freed 3(96B) AllocSpace objects, 0(0B) LOS objects, 25% free, 2MB/2MB, paused 217us total 16.420ms
I/art ( 3585): Explicit concurrent mark sweep GC freed 3(96B) AllocSpace objects, 0(0B) LOS objects, 25% free, 2MB/2MB, paused 154us total 12.426ms
I/art ( 3585): Explicit concurrent mark sweep GC freed 3(96B) AllocSpace objects, 0(0B) LOS objects, 25% free, 2MB/2MB, paused 128us total 10.326ms
I/art ( 3118): Explicit concurrent mark sweep GC freed 124(43KB) AllocSpace objects, 2(32KB) LOS objects, 25% free, 2MB/2MB, paused 411us total 40.113ms
I/art ( 3118): Explicit concurrent mark sweep GC freed 41(1440B) AllocSpace objects, 0(0B) LOS objects, 25% free, 2MB/2MB, paused 274us total 23.878ms
I/art ( 3118): Explicit concurrent mark sweep GC freed 3(96B) AllocSpace objects, 0(0B) LOS objects, 25% free, 2MB/2MB, paused 171us total 14.485ms
I/art ( 3118): Explicit concurrent mark sweep GC freed 3(96B) AllocSpace objects, 0(0B) LOS objects, 25% free, 2MB/2MB, paused 124us total 10.894ms
I/art ( 3118): Explicit concurrent mark sweep GC freed 3(96B) AllocSpace objects, 0(0B) LOS objects, 25% free, 2MB/2MB, paused 102us total 8.724ms
I/art ( 3562): Explicit concurrent mark sweep GC freed 94(40KB) AllocSpace objects, 2(32KB) LOS objects, 25% free, 2016KB/2MB, paused 423us total 33.588ms
I/art ( 3562): Explicit concurrent mark sweep GC freed 41(1440B) AllocSpace objects, 0(0B) LOS objects, 25% free, 2015KB/2MB, paused 460us total 30.424ms
I/art ( 3562): Explicit concurrent mark sweep GC freed 3(96B) AllocSpace objects, 0(0B) LOS objects, 25% free, 2015KB/2MB, paused 251us total 16.673ms
I/art ( 3562): Explicit concurrent mark sweep GC freed 3(96B) AllocSpace objects, 0(0B) LOS objects, 25% free, 2015KB/2MB, paused 190us total 12.286ms
I/art ( 3562): Explicit concurrent mark sweep GC freed 3(96B) AllocSpace objects, 0(0B) LOS objects, 25% free, 2015KB/2MB, paused 149us total 9.584ms
I/art ( 3079): Explicit concurrent mark sweep GC freed 6778(438KB) AllocSpace objects, 2(32KB) LOS objects, 25% free, 2MB/3MB, paused 401us total 37.252ms
I/art ( 3079): Explicit concurrent mark sweep GC freed 351(15KB) AllocSpace objects, 0(0B) LOS objects, 24% free, 2MB/3MB, paused 376us total 33.318ms
I/art ( 3079): Explicit concurrent mark sweep GC freed 3(96B) AllocSpace objects, 0(0B) LOS objects, 24% free, 2MB/3MB, paused 226us total 17.468ms
I/art ( 3079): Explicit concurrent mark sweep GC freed 3(96B) AllocSpace objects, 0(0B) LOS objects, 24% free, 2MB/3MB, paused 151us total 13.137ms
I/art ( 3079): Explicit concurrent mark sweep GC freed 3(96B) AllocSpace objects, 0(0B) LOS objects, 24% free, 2MB/3MB, paused 117us total 10.421ms
I/art ( 3508): Explicit concurrent mark sweep GC freed 78(40KB) AllocSpace objects, 2(32KB) LOS objects, 24% free, 2MB/2MB, paused 371us total 33.618ms
I/art ( 3508): Explicit concurrent mark sweep GC freed 41(1440B) AllocSpace objects, 0(0B) LOS objects, 24% free, 2MB/2MB, paused 320us total 30.325ms
I/art ( 3508): Explicit concurrent mark sweep GC freed 3(96B) AllocSpace objects, 0(0B) LOS objects, 24% free, 2MB/2MB, paused 185us total 15.955ms
I/art ( 3508): Explicit concurrent mark sweep GC freed 3(96B) AllocSpace objects, 0(0B) LOS objects, 24% free, 2MB/2MB, paused 147us total 12.172ms
I/art ( 3508): Explicit concurrent mark sweep GC freed 3(96B) AllocSpace objects, 0(0B) LOS objects, 24% free, 2MB/2MB, paused 112us total 9.306ms
I/art ( 3416): Explicit concurrent mark sweep GC freed 115(41KB) AllocSpace objects, 2(32KB) LOS objects, 24% free, 2MB/2MB, paused 416us total 34.488ms
I/art ( 3416): Explicit concurrent mark sweep GC freed 46(1600B) AllocSpace objects, 0(0B) LOS objects, 24% free, 2MB/2MB, paused 394us total 31.149ms
I/art ( 3416): Explicit concurrent mark sweep GC freed 3(96B) AllocSpace objects, 0(0B) LOS objects, 24% free, 2MB/2MB, paused 194us total 16.891ms
I/art ( 3416): Explicit concurrent mark sweep GC freed 3(96B) AllocSpace objects, 0(0B) LOS objects, 24% free, 2MB/2MB, paused 157us total 12.503ms
I/art ( 3416): Explicit concurrent mark sweep GC freed 3(96B) AllocSpace objects, 0(0B) LOS objects, 24% free, 2MB/2MB, paused 118us total 9.678ms
I/art ( 3392): Explicit concurrent mark sweep GC freed 110(41KB) AllocSpace objects, 2(32KB) LOS objects, 24% free, 2039KB/2MB, paused 371us total 34.079ms
I/art ( 3392): Explicit concurrent mark sweep GC freed 41(1440B) AllocSpace objects, 0(0B) LOS objects, 24% free, 2038KB/2MB, paused 405us total 30.616ms
I/art ( 3392): Explicit concurrent mark sweep GC freed 3(96B) AllocSpace objects, 0(0B) LOS objects, 24% free, 2038KB/2MB, paused 205us total 16.655ms
I/art ( 3392): Explicit concurrent mark sweep GC freed 3(96B) AllocSpace objects, 0(0B) LOS objects, 24% free, 2038KB/2MB, paused 151us total 12.267ms
I/art ( 3392): Explicit concurrent mark sweep GC freed 3(96B) AllocSpace objects, 0(0B) LOS objects, 24% free, 2038KB/2MB, paused 115us total 9.529ms
I/art ( 3221): Explicit concurrent mark sweep GC freed 22294(1407KB) AllocSpace objects, 7(7MB) LOS objects, 39% free, 11MB/19MB, paused 2.910ms total 64.073ms
I/art ( 3221): Explicit concurrent mark sweep GC freed 610(31KB) AllocSpace objects, 17(8MB) LOS objects, 39% free, 3MB/6MB, paused 1.675ms total 46.370ms
I/art ( 3221): Explicit concurrent mark sweep GC freed 4(176B) AllocSpace objects, 0(0B) LOS objects, 39% free, 3MB/6MB, paused 986us total 22.243ms
I/art ( 3221): Explicit concurrent mark sweep GC freed 4(176B) AllocSpace objects, 0(0B) LOS objects, 39% free, 3MB/6MB, paused 2.566ms total 18.020ms
I/art ( 3221): Explicit concurrent mark sweep GC freed 4(176B) AllocSpace objects, 0(0B) LOS objects, 39% free, 3MB/6MB, paused 548us total 12.060ms
I/art ( 2921): Explicit concurrent mark sweep GC freed 19694(1248KB) AllocSpace objects, 5(80KB) LOS objects, 39% free, 3MB/5MB, paused 1.387ms total 64.313ms
I/art ( 2921): Explicit concurrent mark sweep GC freed 1233(45KB) AllocSpace objects, 0(0B) LOS objects, 39% free, 3MB/5MB, paused 1.286ms total 34.481ms
I/art ( 2921): Explicit concurrent mark sweep GC freed 3(96B) AllocSpace objects, 0(0B) LOS objects, 39% free, 3MB/5MB, paused 299us total 16.120ms
I/art ( 2921): Explicit concurrent mark sweep GC freed 3(96B) AllocSpace objects, 0(0B) LOS objects, 39% free, 3MB/5MB, paused 247us total 12.706ms
I/art ( 2921): Explicit concurrent mark sweep GC freed 3(96B) AllocSpace objects, 0(0B) LOS objects, 39% free, 3MB/5MB, paused 259us total 12.668ms
I/art ( 2842): Explicit concurrent mark sweep GC freed 32353(1294KB) AllocSpace objects, 2(32KB) LOS objects, 40% free, 14MB/24MB, paused 1.080ms total 75.666ms
I/art ( 2842): Explicit concurrent mark sweep GC freed 1656(130KB) AllocSpace objects, 0(0B) LOS objects, 39% free, 14MB/23MB, paused 1.022ms total 37.547ms
I/art ( 2842): Explicit concurrent mark sweep GC freed 3(96B) AllocSpace objects, 0(0B) LOS objects, 39% free, 14MB/23MB, paused 277us total 17.386ms
I/art ( 2842): Explicit concurrent mark sweep GC freed 3(96B) AllocSpace objects, 0(0B) LOS objects, 39% free, 14MB/23MB, paused 334us total 16.702ms
I/art ( 2842): Explicit concurrent mark sweep GC freed 3(96B) AllocSpace objects, 0(0B) LOS objects, 39% free, 14MB/23MB, paused 228us total 16.574ms
I/art ( 2453): Explicit concurrent mark sweep GC freed 22063(1790KB) AllocSpace objects, 44(725KB) LOS objects, 33% free, 8MB/13MB, paused 1.911ms total 68.853ms
I/art ( 2453): Explicit concurrent mark sweep GC freed 2566(112KB) AllocSpace objects, 0(0B) LOS objects, 33% free, 8MB/13MB, paused 545us total 31.662ms
I/art ( 2453): Explicit concurrent mark sweep GC freed 6(256B) AllocSpace objects, 0(0B) LOS objects, 33% free, 8MB/13MB, paused 507us total 28.771ms
I/art ( 2453): Explicit concurrent mark sweep GC freed 4(176B) AllocSpace objects, 0(0B) LOS objects, 33% free, 8MB/13MB, paused 546us total 28.806ms
I/art ( 2453): Explicit concurrent mark sweep GC freed 4(176B) AllocSpace objects, 0(0B) LOS objects, 33% free, 8MB/13MB, paused 795us total 29.372ms
I/ActivityManager( 2453): Start proc 3900:com.android.printspooler/u0a44 for service com.android.printspooler/.model.PrintSpoolerService
I/PrintSpoolerService( 3900): No existing print spooler state.
I/Sensors ( 2453): IIO sensor hub detected previously; assuming it is still attached.
I/ActivityManager( 2453): Killing 3392:com.android.keychain/1000 (adj 15): empty #17