01-01 00:00:59.268 2452 2502 W PackageSettings: Skipping PackageSetting{863ea56 com.android.chrome/10232} due to missing metadata
01-01 00:00:59.269 2452 2502 W PackageSettings: Skipping PackageSetting{8752ad7 com.baidu.tieba/10017} due to missing metadata
01-01 00:00:59.270 2452 2502 W PackageSettings: Skipping PackageSetting{63aefc4 com.android.vending.billing.InAppBillingService.LACK/10127} due to missing metadata
01-01 00:00:59.272 2452 2502 W PackageSettings: Skipping PackageSetting{1bdfead cn.ibuka.manga.ui/10063} due to missing metadata
01-01 00:00:59.272 2452 2502 W PackageSettings: Skipping PackageSetting{84c55e2 com.coolapk.market/10217} due to missing metadata
01-01 00:00:59.272 2452 2502 W PackageSettings: Skipping PackageSetting{9779d73 cn.cntv/10157} due to missing metadata
01-01 00:00:59.272 2452 2502 W PackageSettings: Skipping PackageSetting{3d94430 com.alibaba.mobileim/10207} due to missing metadata
01-01 00:00:59.272 2452 2502 W PackageSettings: Skipping PackageSetting{368d8a9 eu.thedarken.sdm/10176} due to missing metadata
01-01 00:00:59.273 2452 2502 W PackageSettings: Skipping PackageSetting{f2eaccd com.termux/10098} due to missing metadata
01-01 00:00:59.273 2452 2502 W PackageSettings: Skipping PackageSetting{15dee2e cn.kidstone.cartoon/10191} due to missing metadata
01-01 00:00:59.273 2452 2502 W PackageSettings: Skipping PackageSetting{5ae4893 org.mozilla.firefox_beta/10178} due to missing metadata
01-01 00:00:59.274 2452 2502 W PackageSettings: Skipping PackageSetting{9249dcf com.alensw.PicFolder/10189} due to missing metadata
01-01 00:00:59.275 2452 2502 W PackageSettings: Skipping PackageSetting{9c6735c com.taobao.taobao/10235} due to missing metadata
01-01 00:00:59.275 2452 2502 W PackageSettings: Skipping PackageSetting{5cd5665 com.estrongs.android.pop.pro/10117} due to missing metadata
01-01 00:00:59.276 2452 2502 W PackageSettings: Skipping PackageSetting{fdebf3a com.eg.android.AlipayGphone/10229} due to missing metadata
01-01 00:00:59.287 2452 2502 W MountService: No primary storage mounted!
01-01 00:00:59.287 2452 2502 D VoldConnector: SND -> {2 asec list}
01-01 00:00:59.288 2452 2503 D VoldConnector: RCV <- {200 2 asec operation succeeded}
01-01 00:00:59.922 2505 2509 F libc : Fatal signal 11 (SIGSEGV), code 1, fault addr 0x14 in tid 2509 (Compiler driver)
01-01 00:01:00.023 2088 2088 F DEBUG : *** *** *** *** *** *** *** *** *** *** *** *** *** *** *** ***
01-01 00:01:00.023 2088 2088 F DEBUG : Build fingerprint: 'Android-x86/android_x86/x86:6.0.1/MOB30Z/cwhuang08152200:userdebug/test-keys'
01-01 00:01:00.023 2088 2088 F DEBUG : Revision: '0'
01-01 00:01:00.023 2088 2088 F DEBUG : ABI: 'x86'
01-01 00:01:00.023 2088 2088 F DEBUG : pid: 2505, tid: 2509, name: Compiler driver >>> /system/bin/dex2oat <<<
01-01 00:01:00.023 2088 2088 F DEBUG : signal 11 (SIGSEGV), code 1 (SEGV_MAPERR), fault addr 0x14
01-01 00:01:00.025 2088 2088 F DEBUG : eax 00000000 ebx b77176a8 ecx b1604190 edx b7665c00
01-01 00:01:00.025 2088 2088 F DEBUG : esi fff4e558 edi 00000000
01-01 00:01:00.025 2088 2088 F DEBUG : xcs 00000073 xds 0000007b xes 0000007b xfs 00000017 xss 0000007b
01-01 00:01:00.025 2088 2088 F DEBUG : eip b73c2aaf ebp b16ca1a8 esp b1fff3b0 flags 00010246
01-01 00:01:00.047 2088 2088 F DEBUG :
01-01 00:01:00.047 2088 2088 F DEBUG : backtrace:
01-01 00:01:00.047 2088 2088 F DEBUG : #00 pc 0023aaaf /system/lib/libart-compiler.so (_ZN3art8MIRGraph15SkipCompilationEPNSt3__112basic_stringIcNS1_11char_traitsIcEENS1_9allocatorIcEEEE+3535)
01-01 00:01:00.047 2088 2088 F DEBUG : #01 pc 001e3a0e /system/lib/libart-compiler.so (_ZNK3art13QuickCompiler7CompileEPKNS_7DexFile8CodeItemEjNS_10InvokeTypeEtjP8_jobjectRKS1_+2446)
01-01 00:01:00.047 2088 2088 F DEBUG : #02 pc 003a5bb4 /system/lib/libart-compiler.so (_ZNK3art18OptimizingCompiler7CompileEPKNS_7DexFile8CodeItemEjNS_10InvokeTypeEtjP8_jobjectRKS1_+148)
01-01 00:01:00.047 2088 2088 F DEBUG : #03 pc 00282def /system/lib/libart-compiler.so (_ZN3art14CompilerDriver13CompileMethodEPNS_6ThreadEPKNS_7DexFile8CodeItemEjNS_10InvokeTypeEtjP8_jobjectRKS3_NS_24DexToDexCompilationLevelEb+3055)
01-01 00:01:00.047 2088 2088 F DEBUG : #04 pc 0028409f /system/lib/libart-compiler.so (_ZN3art14CompilerDriver12CompileClassEPKNS_26ParallelCompilationManagerEj+3007)
01-01 00:01:00.047 2088 2088 F DEBUG : #05 pc 00272921 /system/lib/libart-compiler.so (_ZN3art26ParallelCompilationManager13ForAllClosure3RunEPNS_6ThreadE+39)
01-01 00:01:00.047 2088 2088 F DEBUG : #06 pc 005663d6 /system/lib/libart.so (_ZN3art16ThreadPoolWorker3RunEv+410)
01-01 00:01:00.047 2088 2088 F DEBUG : #07 pc 00567542 /system/lib/libart.so (_ZN3art16ThreadPoolWorker8CallbackEPv+86)
01-01 00:01:00.047 2088 2088 F DEBUG : #08 pc 00080723 /system/lib/libc.so (_ZL15__pthread_startPv+56)
01-01 00:01:00.047 2088 2088 F DEBUG : #09 pc 000219b2 /system/lib/libc.so (__start_thread+25)
01-01 00:01:00.047 2088 2088 F DEBUG : #10 pc 00017116 /system/lib/libc.so (__bionic_clone+70)
01-01 00:01:00.105 2088 2088 F DEBUG :
01-01 00:01:00.105 2088 2088 F DEBUG : Tombstone written to: /data/tombstones/tombstone_00
01-01 00:01:00.108 2452 2452 I SystemServer: LockSettingsService
01-01 00:01:00.110 2452 2452 I SystemServiceManager: Starting com.android.server.DeviceIdleController
01-01 00:01:00.116 2452 2452 I SystemServiceManager: Starting com.android.server.devicepolicy.DevicePolicyManagerService$Lifecycle
01-01 00:01:00.120 2452 2452 I SystemServer: Status Bar
01-01 00:01:00.122 2452 2452 I SystemServer: Clipboard Service
01-01 00:01:00.123 2452 2452 I SystemServer: NetworkManagement Service
01-01 00:01:00.127 2452 2452 I SystemServer: Text Service Manager Service
01-01 00:01:00.134 2452 2452 I SystemServer: Network Score Service
01-01 00:01:00.135 2452 2452 I SystemServer: NetworkStats Service
01-01 00:01:00.144 2452 2452 I SystemServer: NetworkPolicy Service
01-01 00:01:00.159 2452 2452 I SystemServiceManager: Starting com.android.server.wifi.p2p.WifiP2pService
01-01 00:01:00.191 2452 2452 I SystemServiceManager: Starting com.android.server.wifi.WifiService
01-01 00:01:00.340 2452 2452 I SystemServiceManager: Starting com.android.server.wifi.WifiScanningService
01-01 00:01:00.341 2452 2452 I SystemServiceManager: Starting com.android.server.wifi.RttService
01-01 00:01:00.342 2452 2452 I SystemServiceManager: Starting com.android.server.ethernet.EthernetService
01-01 00:01:00.346 2452 2452 I SystemServer: Connectivity Service
01-01 00:01:00.348 2452 2452 D ConnectivityService: ConnectivityService starting up
01-01 00:01:00.352 2452 2452 D ConnectivityService: wifiOnly=true
01-01 00:01:00.353 2452 2452 D ConnectivityService: networkAttributes - ignoring mobile as this dev is wifiOnly 0
01-01 00:01:00.353 2452 2452 D ConnectivityService: networkAttributes - ignoring mobile as this dev is wifiOnly 2
01-01 00:01:00.353 2452 2452 D ConnectivityService: networkAttributes - ignoring mobile as this dev is wifiOnly 3
01-01 00:01:00.353 2452 2452 D ConnectivityService: networkAttributes - ignoring mobile as this dev is wifiOnly 5
01-01 00:01:00.353 2452 2452 D ConnectivityService: networkAttributes - ignoring mobile as this dev is wifiOnly 10
01-01 00:01:00.353 2452 2452 D ConnectivityService: networkAttributes - ignoring mobile as this dev is wifiOnly 11
01-01 00:01:00.353 2452 2452 D ConnectivityService: networkAttributes - ignoring mobile as this dev is wifiOnly 12
01-01 00:01:00.353 2452 2452 E ConnectivityService: Ignoring protectedNetwork 10
01-01 00:01:00.353 2452 2452 E ConnectivityService: Ignoring protectedNetwork 11
01-01 00:01:00.353 2452 2452 E ConnectivityService: Ignoring protectedNetwork 12
01-01 00:01:00.353 2452 2452 E ConnectivityService: Ignoring protectedNetwork 14
01-01 00:01:00.353 2452 2452 E ConnectivityService: Ignoring protectedNetwork 15
01-01 00:01:00.363 2452 2523 D WifiService: New client listening to asynchronous messages
01-01 00:01:00.364 2452 2452 I SystemServer: Network Service Discovery Service
01-01 00:01:00.366 2452 2452 D NsdService: Network service discovery enabled true
01-01 00:01:00.368 2452 2452 I SystemServer: UpdateLock Service
01-01 00:01:00.369 2452 2452 I SystemServiceManager: Starting com.android.server.notification.NotificationManagerService
01-01 00:01:00.394 2452 2452 D ZenLog : config: readXml,ZenModeConfig[user=0,allowCalls=true,allowRepeatCallers=false,allowMessages=true,allowCallsFrom=stars,allowMessagesFrom=stars,allowReminders=true,allowEvents=true,automaticRules={1c2882ed85f5414e95ef7f8529d3c5d5=ZenRule[enabled=false,snoozing=false,name=周末,zenMode=ZEN_MODE_ALARMS,conditionId=condition://android/schedule?days=6.7&start=23.30&end=10.0,condition=Condition[id=condition://android/schedule?days=6.7&start=23.30&end=10.0,summary=...,line1=...,line2=...,icon=0,state=STATE_FALSE,flags=2],component=ComponentInfo{android/com.android.server.notification.ScheduleConditionProvider}], 8031d6357a314d24a0de70ce4751779c=ZenRule[enabled=false,snoozing=false,name=周一至周五夜间,zenMode=ZEN_MODE_ALARMS,conditionId=condition://android/schedule?days=1.2.3.4.5&start=22.0&end=7.0,condition=Condition[id=condition://android/schedule?days=1.2.3.4.5&start=22.0&end=7.0,summary=...,line1=...,line2=...,icon=0,state=STATE_FALSE,flags=2],component=ComponentInfo{android/com.android.server.notification.ScheduleConditionProvider}], 628f136b91624aa49f06c5485669e672=ZenRule[enabled=false,snoozing=false,name=活动,zenMode=ZEN_MODE_ALARMS,conditionId=condition://android/event?userId=-10000&calendar=&reply=1,condition=Condition[id=condition://android/event?userId=-10000&calendar=&reply=1,summary=...,line1=...,line2=...,icon=0,state=STATE_FALSE,flags=2],component=ComponentInfo{android/com.android.server.notification.EventConditionProvider}]},manualRule=null],Diff[allowMessages:false->true,allowCallsFrom:1->2,allowMessagesFrom:1->2,automaticRule[a7ca75dfb4e34665bc6fa42a778772f5]:delete,automaticRule[575d3426f264496dbea8c3b1992d02f7]:delete,automaticRule[d22c45c267a84fd8b352ea15bc121f83]:delete,automaticRule[1c2882ed85f5414e95ef7f8529d3c5d5]:insert,automaticRule[8031d6357a314d24a0de70ce4751779c]:insert,automaticRule[628f136b91624aa49f06c5485669e672]:insert]
01-01 00:01:00.394 2452 2452 D ConditionProviders: Subscribing to condition://android/schedule?days=6.7&start=23.30&end=10.0 with ComponentInfo{android/com.android.server.notification.ScheduleConditionProvider}
01-01 00:01:00.394 2452 2452 D ZenLog : subscribe: condition://android/schedule?days=6.7&start=23.30&end=10.0,ok
01-01 00:01:00.395 2452 2452 D ConditionProviders: Subscribing to condition://android/schedule?days=1.2.3.4.5&start=22.0&end=7.0 with ComponentInfo{android/com.android.server.notification.ScheduleConditionProvider}
01-01 00:01:00.395 2452 2452 D ZenLog : subscribe: condition://android/schedule?days=1.2.3.4.5&start=22.0&end=7.0,ok
01-01 00:01:00.395 2452 2452 D ConditionProviders: Subscribing to condition://android/event?userId=-10000&calendar=&reply=1 with ComponentInfo{android/com.android.server.notification.EventConditionProvider}
01-01 00:01:00.395 2452 2452 D ZenLog : subscribe: condition://android/event?userId=-10000&calendar=&reply=1,ok
01-01 00:01:00.399 2452 2452 I SystemServiceManager: Starting com.android.server.storage.DeviceStorageMonitorService
01-01 00:01:00.402 2452 2452 I SystemServer: Location Manager
01-01 00:01:00.405 2452 2452 I SystemServer: Country Detector
01-01 00:01:00.406 2452 2452 I SystemServer: Search Service
01-01 00:01:00.407 2452 2452 I SystemServer: DropBox Service
01-01 00:01:00.409 2452 2452 I SystemServer: Wallpaper Service
01-01 00:01:00.412 2452 2452 I SystemServer: Audio Service
01-01 00:01:00.439 2452 2452 I SystemServiceManager: Starting com.android.server.DockObserver
01-01 00:01:00.440 2452 2452 W DockObserver: This kernel does not have dock station support
01-01 00:01:00.441 2452 2452 I SystemServer: Wired Accessory Manager
01-01 00:01:00.442 2452 2452 W WiredAccessoryManager: This kernel does not have usb audio support
01-01 00:01:00.443 2452 2452 W WiredAccessoryManager: This kernel does not have HDMI audio support
01-01 00:01:00.443 2452 2452 I SystemServiceManager: Starting com.android.server.usb.UsbService$Lifecycle
01-01 00:01:00.453 2452 2452 I SystemServer: Serial Service
01-01 00:01:00.454 2452 2452 I SystemServiceManager: Starting com.android.server.twilight.TwilightService
01-01 00:01:00.456 2452 2452 I SystemServiceManager: Starting com.android.server.job.JobSchedulerService
01-01 00:01:00.462 2452 2452 D JobStore: job-info
01-01 00:01:00.464 2452 2452 W JobStore: Periodic job for uid='10078' persisted run-time is too big [23515:50:07, 23635:50:07]. Clamping to [120:00:50,240:00:50]
01-01 00:01:00.465 2452 2452 W JobStore: Periodic job for uid='10009' persisted run-time is too big [23395:50:15, 23419:50:15]. Clamping to [24:00:50,48:00:50]
01-01 00:01:00.466 2452 2452 W JobStore: Periodic job for uid='10004' persisted run-time is too big [23395:50:07, 23419:50:07]. Clamping to [24:00:50,48:00:50]
01-01 00:01:00.466 2452 2452 W JobStore: Periodic job for uid='10078' persisted run-time is too big [23417:50:07, 23439:50:07]. Clamping to [22:00:50,44:00:50]
01-01 00:01:00.467 2452 2452 I SystemServiceManager: Starting com.android.server.backup.BackupManagerService$Lifecycle
01-01 00:01:00.468 2452 2452 I SystemServiceManager: Starting com.android.server.appwidget.AppWidgetService
01-01 00:01:00.472 2452 2452 I SystemServiceManager: Starting com.android.server.voiceinteraction.VoiceInteractionManagerService
01-01 00:01:00.473 2452 2452 W SoundTriggerHelper: listModules status=0, # of modules=0
01-01 00:01:00.475 2452 2452 I SystemServer: Gesture Launcher Service
01-01 00:01:00.475 2452 2452 I SystemServiceManager: Starting com.android.server.GestureLauncherService
01-01 00:01:00.476 2452 2452 I SystemServer: DiskStats Service
01-01 00:01:00.476 2452 2452 I SystemServer: SamplingProfiler Service
01-01 00:01:00.478 2452 2452 I SystemServer: NetworkTimeUpdateService
01-01 00:01:00.479 2452 2452 I SystemServer: CommonTimeManagementService
01-01 00:01:00.480 2452 2452 I SystemServer: CertBlacklister
01-01 00:01:00.481 2452 2452 I SystemServiceManager: Starting com.android.server.dreams.DreamManagerService
01-01 00:01:00.483 2452 2452 I SystemServer: Assets Atlas Service
01-01 00:01:00.488 2452 2452 I SystemServiceManager: Starting com.android.server.print.PrintManagerService
01-01 00:01:00.490 2452 2452 I SystemServiceManager: Starting com.android.server.restrictions.RestrictionsManagerService
01-01 00:01:00.491 2452 2452 I SystemServiceManager: Starting com.android.server.media.MediaSessionService
01-01 00:01:00.501 2452 2452 I SystemServer: Media Router Service
01-01 00:01:00.504 2452 2452 I SystemServiceManager: Starting com.android.server.trust.TrustManagerService
01-01 00:01:00.507 2452 2452 I SystemServiceManager: Starting com.android.server.fingerprint.FingerprintService
01-01 00:01:00.511 2452 2452 W FingerprintService: fingerprint service not available
01-01 00:01:00.511 2452 2452 V FingerprintService: Fingerprint HAL id: 0
01-01 00:01:00.511 2452 2452 I SystemServer: BackgroundDexOptService
01-01 00:01:00.515 2452 2452 I SystemServiceManager: Starting com.android.server.pm.LauncherAppsService
01-01 00:01:00.520 2452 2452 I SystemServiceManager: Starting com.android.server.media.projection.MediaProjectionManagerService
01-01 00:01:00.531 2452 2452 I SystemServiceManager: Starting com.android.server.MmsServiceBroker
01-01 00:01:00.564 2452 2452 E LockSettingsStorage: Cannot read file java.io.FileNotFoundException: /data/system/password.key: open failed: ENOENT (No such file or directory)
01-01 00:01:00.565 2452 2452 E LockSettingsStorage: Cannot read file java.io.FileNotFoundException: /data/system/gatekeeper.gesture.key: open failed: ENOENT (No such file or directory)
01-01 00:01:00.565 2452 2452 E LockSettingsStorage: Cannot read file java.io.FileNotFoundException: /data/system/gesture.key: open failed: ENOENT (No such file or directory)
01-01 00:01:00.565 2452 2452 I SystemServiceManager: Starting phase 480
01-01 00:01:00.571 2452 2452 I SystemServiceManager: Starting phase 500
01-01 00:01:00.594 2452 2452 I WifiService: WifiService starting up with Wi-Fi disabled
01-01 00:01:00.620 2452 2524 D ConnectivityService: Got NetworkFactory Messenger for Ethernet
01-01 00:01:02.394 2452 2452 E NetdConnector: NDC Command {11 interface getcfg eth0} took too long (1449ms)
01-01 00:01:02.400 2452 2452 V BackupManagerService: No ancestral data
01-01 00:01:02.414 2452 2483 E KernelCpuSpeedReader: Failed to read cpu-freq: /sys/devices/system/cpu/cpu0/cpufreq/stats/time_in_state: open failed: ENOENT (No such file or directory)
01-01 00:01:02.471 2452 2452 I BackupManagerService: Package com.antutu.ABenchMark not installed; dropping from full backup
01-01 00:01:02.472 2452 2452 I BackupManagerService: Package bos.consoar.imagestitch not installed; dropping from full backup
01-01 00:01:02.472 2452 2452 I BackupManagerService: Package com.keramidas.TitaniumBackup not installed; dropping from full backup
01-01 00:01:02.473 2452 2452 I BackupManagerService: Package com.antutu.benchmark.full not installed; dropping from full backup
01-01 00:01:02.473 2452 2452 I BackupManagerService: Package com.baidu.tieba not installed; dropping from full backup
01-01 00:01:02.473 2452 2452 I BackupManagerService: Package cn.ibuka.manga.ui not installed; dropping from full backup
01-01 00:01:02.474 2452 2452 I BackupManagerService: Package com.coolapk.market not installed; dropping from full backup
01-01 00:01:02.474 2452 2452 I BackupManagerService: Package eu.thedarken.sdm not installed; dropping from full backup
01-01 00:01:02.475 2452 2452 I BackupManagerService: Package cn.kidstone.cartoon not installed; dropping from full backup
01-01 00:01:02.475 2452 2452 I BackupManagerService: Package com.alensw.PicFolder not installed; dropping from full backup
01-01 00:01:02.475 2452 2452 I BackupManagerService: Package com.estrongs.android.pop.pro not installed; dropping from full backup
01-01 00:01:02.500 2452 2452 V KeyValueBackupJob: Scheduling k/v pass in 246 minutes
01-01 00:01:02.602 2452 2452 V BackupManagerService: Starting with transport android/com.android.internal.backup.LocalTransport
01-01 00:01:02.603 2452 2452 V BackupManagerService: Found transports: 2
01-01 00:01:02.604 2452 2452 W BackupManagerService: Proposed transport ComponentInfo{android/com.android.internal.backup.LocalTransportService} not whitelisted; ignoring
01-01 00:01:02.605 2452 2452 W BackupManagerService: Proposed transport ComponentInfo{com.google.android.gms/com.google.android.gms.backup.BackupTransportService} not whitelisted; ignoring
01-01 00:01:02.605 2452 2452 I BackupManagerService: Found stale backup journal, scheduling
01-01 00:01:02.627 2452 2490 E KernelCpuSpeedReader: Failed to read cpu-freq: /sys/devices/system/cpu/cpu0/cpufreq/stats/time_in_state: open failed: ENOENT (No such file or directory)
01-01 00:01:02.629 2452 2490 W KeyguardServiceDelegate: onScreenTurningOn(): no keyguard service!
01-01 00:01:02.648 2452 2452 I ActivityManager: System now ready
01-01 00:01:02.652 2452 2452 I SystemServer: Making services ready
01-01 00:01:02.652 2452 2452 I SystemServiceManager: Starting phase 550
01-01 00:01:02.655 2452 2452 W ActivityManager: Unable to start service Intent { act=com.android.ITelecomService cmp=com.android.server.telecom/.components.TelecomService } U=0: not found
01-01 00:01:02.655 2452 2502 D MountService: Thinking about reset, mSystemReady=true, mDaemonConnected=true
01-01 00:01:02.655 2452 2502 D VoldConnector: SND -> {3 volume reset}
01-01 00:01:02.655 2452 2483 I ActivityManager: Force stopping com.android.providers.media appid=10004 user=-1: vold reset
01-01 00:01:02.656 1695 1717 W vold : Unsupported block major type1
01-01 00:01:02.656 1695 1717 E vold : Unsupported block major type 1
01-01 00:01:02.656 2452 2503 D VoldConnector: RCV <- {651 emulated 7}
01-01 00:01:02.656 1695 1717 W vold : Unsupported block major type1
01-01 00:01:02.656 1695 1717 E vold : Unsupported block major type 1
01-01 00:01:02.656 2452 2503 D VoldConnector: RCV <- {659 emulated}
01-01 00:01:02.656 1695 1717 W vold : Unsupported block major type1
01-01 00:01:02.656 1695 1717 E vold : Unsupported block major type 1
01-01 00:01:02.656 2452 2503 D VoldConnector: RCV <- {650 emulated 2 "" ""}
01-01 00:01:02.656 1695 1717 W vold : Unsupported block major type1
01-01 00:01:02.656 1695 1717 E vold : Unsupported block major type 1
01-01 00:01:02.656 1695 1717 W vold : Unsupported block major type1
01-01 00:01:02.656 1695 1717 E vold : Unsupported block major type 1
01-01 00:01:02.656 1695 1717 W vold : Unsupported block major type1
01-01 00:01:02.656 1695 1717 E vold : Unsupported block major type 1
01-01 00:01:02.656 1695 1717 W vold : Unsupported block major type1
01-01 00:01:02.656 1695 1717 E vold : Unsupported block major type 1
01-01 00:01:02.656 1695 1717 W vold : Unsupported block major type1
01-01 00:01:02.656 1695 1717 E vold : Unsupported block major type 1
01-01 00:01:02.656 1695 1717 W vold : Unsupported block major type1
01-01 00:01:02.656 1695 1717 E vold : Unsupported block major type 1
01-01 00:01:02.656 1695 1717 W vold : Unsupported block major type1
01-01 00:01:02.656 1695 1717 E vold : Unsupported block major type 1
01-01 00:01:02.657 1695 1717 W vold : Unsupported block major type7
01-01 00:01:02.657 1695 1717 E vold : Unsupported block major type 7
01-01 00:01:02.657 1695 1717 W vold : Unsupported block major type7
01-01 00:01:02.657 1695 1717 E vold : Unsupported block major type 7
01-01 00:01:02.657 1695 1717 W vold : Unsupported block major type7
01-01 00:01:02.657 1695 1717 E vold : Unsupported block major type 7
01-01 00:01:02.657 2452 2503 D VoldConnector: RCV <- {654 emulated emulated}
01-01 00:01:02.657 2452 2503 D VoldConnector: RCV <- {651 emulated 0}
01-01 00:01:02.657 2452 2503 D VoldConnector: RCV <- {649 disk:1_0}
01-01 00:01:02.657 2452 2503 D VoldConnector: RCV <- {640 disk:1_0 9}
01-01 00:01:02.658 2452 2452 D UsbAlsaManager: Adding ALSA device AlsaDevice: [card: 0, device: 1, type: 1]
01-01 00:01:02.658 2452 2452 D UsbAlsaManager: Adding ALSA device AlsaDevice: [card: 0, device: 0, type: 2]
01-01 00:01:02.658 2452 2452 D UsbAlsaManager: Adding ALSA device AlsaDevice: [card: 0, device: 0, type: 1]
01-01 00:01:02.658 2452 2503 D VoldConnector: RCV <- {649 disk:1_1}
01-01 00:01:02.658 2452 2503 D VoldConnector: RCV <- {640 disk:1_1 9}
01-01 00:01:02.658 2452 2503 D VoldConnector: RCV <- {649 disk:1_2}
01-01 00:01:02.659 2452 2452 I SystemServer: WebViewFactory preparation
01-01 00:01:02.661 1695 1717 W vold : Unsupported block major type7
01-01 00:01:02.661 1695 1717 E vold : Unsupported block major type 7
01-01 00:01:02.662 2452 2503 D VoldConnector: RCV <- {640 disk:1_2 9}
01-01 00:01:02.662 2452 2503 D VoldConnector: RCV <- {649 disk:1_3}
01-01 00:01:02.662 2452 2503 D VoldConnector: RCV <- {640 disk:1_3 9}
01-01 00:01:02.662 2452 2503 D VoldConnector: RCV <- {649 disk:1_4}
01-01 00:01:02.662 2452 2503 D VoldConnector: RCV <- {640 disk:1_4 9}
01-01 00:01:02.662 2452 2503 D VoldConnector: RCV <- {649 disk:1_5}
01-01 00:01:02.662 2452 2503 D VoldConnector: RCV <- {640 disk:1_5 9}
01-01 00:01:02.662 2452 2503 D VoldConnector: RCV <- {649 disk:1_6}
01-01 00:01:02.662 2452 2503 D VoldConnector: RCV <- {640 disk:1_6 9}
01-01 00:01:02.662 2452 2503 D VoldConnector: RCV <- {649 disk:1_7}
01-01 00:01:02.662 2452 2503 D VoldConnector: RCV <- {640 disk:1_7 9}
01-01 00:01:02.662 2452 2503 D VoldConnector: RCV <- {649 disk:1_8}
01-01 00:01:02.663 2452 2503 D VoldConnector: RCV <- {640 disk:1_8 9}
01-01 00:01:02.663 2452 2503 D VoldConnector: RCV <- {649 disk:1_9}
01-01 00:01:02.663 2452 2503 D VoldConnector: RCV <- {640 disk:1_9 9}
01-01 00:01:02.663 2452 2503 D VoldConnector: RCV <- {649 disk:7_0}
01-01 00:01:02.663 2452 2503 D VoldConnector: RCV <- {640 disk:7_0 9}
01-01 00:01:02.663 2452 2503 D VoldConnector: RCV <- {649 disk:7_1}
01-01 00:01:02.663 2452 2503 D VoldConnector: RCV <- {640 disk:7_1 9}
01-01 00:01:02.663 2452 2503 D VoldConnector: RCV <- {649 disk:7_2}
01-01 00:01:02.663 2452 2503 D VoldConnector: RCV <- {640 disk:7_2 9}
01-01 00:01:02.663 2452 2503 D VoldConnector: RCV <- {649 disk:7_3}
01-01 00:01:02.664 2452 2503 D VoldConnector: RCV <- {640 disk:7_3 9}
01-01 00:01:02.664 2452 2503 D VoldConnector: RCV <- {649 disk:7_4}
01-01 00:01:02.664 2452 2503 D VoldConnector: RCV <- {640 disk:7_4 9}
01-01 00:01:02.667 1695 1717 W vold : Unsupported block major type7
01-01 00:01:02.667 1695 1717 E vold : Unsupported block major type 7
01-01 00:01:02.667 2452 2503 D VoldConnector: RCV <- {649 disk:7_5}
01-01 00:01:02.667 2452 2503 D VoldConnector: RCV <- {640 disk:7_5 9}
01-01 00:01:02.671 1695 1717 W vold : Unsupported block major type7
01-01 00:01:02.671 1695 1717 E vold : Unsupported block major type 7
01-01 00:01:02.672 2452 2503 D VoldConnector: RCV <- {649 disk:7_6}
01-01 00:01:02.672 2452 2503 D VoldConnector: RCV <- {640 disk:7_6 9}
01-01 00:01:02.675 1695 1717 W vold : Unsupported block major type7
01-01 00:01:02.675 1695 1717 E vold : Unsupported block major type 7
01-01 00:01:02.676 2452 2552 D UsbHostManager: Added device UsbDevice[mName=/dev/bus/usb/001/004,mVendorId=6700,mProductId=3105,mClass=0,mSubclass=0,mProtocol=0,mManufacturerName=null,mProductName=USB Keyboard,mVersion=1.16,mSerialNumber=null,mConfigurations=[
01-01 00:01:02.676 2452 2552 D UsbHostManager: UsbConfiguration[mId=1,mName=null,mAttributes=160,mMaxPower=50,mInterfaces=[
01-01 00:01:02.676 2452 2552 D UsbHostManager: UsbInterface[mId=0,mAlternateSetting=0,mName=null,mClass=3,mSubclass=1,mProtocol=1,mEndpoints=[
01-01 00:01:02.676 2452 2552 D UsbHostManager: UsbEndpoint[mAddress=129,mAttributes=3,mMaxPacketSize=8,mInterval=10]]
01-01 00:01:02.676 2452 2552 D UsbHostManager: UsbInterface[mId=1,mAlternateSetting=0,mName=null,mClass=3,mSubclass=1,mProtocol=2,mEndpoints=[
01-01 00:01:02.676 2452 2552 D UsbHostManager: UsbEndpoint[mAddress=130,mAttributes=3,mMaxPacketSize=5,mInterval=10]]]]
01-01 00:01:02.678 2452 2503 D VoldConnector: RCV <- {649 disk:7_7}
01-01 00:01:02.678 2452 2503 D VoldConnector: RCV <- {640 disk:7_7 9}
01-01 00:01:02.681 1695 1717 W vold : Unsupported block major type7
01-01 00:01:02.681 2452 2552 W ContextImpl: Calling a method in the system process without a qualified user: android.app.ContextImpl.sendBroadcast:763 com.android.server.usb.UsbSettingsManager.deviceAttached:742 com.android.server.usb.UsbHostManager.endUsbDeviceAdded:225 com.android.server.usb.UsbHostManager.monitorUsbHostBus:-2 com.android.server.usb.UsbHostManager.-wrap0:-1
01-01 00:01:02.681 1695 1717 E vold : Unsupported block major type 7
01-01 00:01:02.681 1695 1717 W vold : Unsupported block major type1
01-01 00:01:02.681 2452 2503 D VoldConnector: RCV <- {649 disk:1_10}
01-01 00:01:02.681 1695 1717 E vold : Unsupported block major type 1
01-01 00:01:02.681 1695 1717 W vold : Unsupported block major type1
01-01 00:01:02.681 1695 1717 E vold : Unsupported block major type 1
01-01 00:01:02.682 2452 2503 D VoldConnector: RCV <- {640 disk:1_10 9}
01-01 00:01:02.682 1695 1717 W vold : Unsupported block major type1
01-01 00:01:02.682 1695 1717 E vold : Unsupported block major type 1
01-01 00:01:02.682 1695 1717 W vold : Unsupported block major type1
01-01 00:01:02.682 2452 2503 D VoldConnector: RCV <- {649 disk:1_11}
01-01 00:01:02.682 1695 1717 E vold : Unsupported block major type 1
01-01 00:01:02.682 1695 1717 W vold : Unsupported block major type1
01-01 00:01:02.682 2452 2503 D VoldConnector: RCV <- {640 disk:1_11 9}
01-01 00:01:02.682 1695 1717 E vold : Unsupported block major type 1
01-01 00:01:02.682 2452 2503 D VoldConnector: RCV <- {649 disk:1_12}
01-01 00:01:02.682 2452 2503 D VoldConnector: RCV <- {640 disk:1_12 9}
01-01 00:01:02.682 2452 2503 D VoldConnector: RCV <- {649 disk:1_13}
01-01 00:01:02.682 2452 2503 D VoldConnector: RCV <- {640 disk:1_13 9}
01-01 00:01:02.682 2452 2503 D VoldConnector: RCV <- {649 disk:1_14}
01-01 00:01:02.682 2452 2503 D VoldConnector: RCV <- {640 disk:1_14 9}
01-01 00:01:02.682 2452 2503 D VoldConnector: RCV <- {649 disk:1_15}
01-01 00:01:02.682 2452 2503 D VoldConnector: RCV <- {640 disk:1_15 9}
01-01 00:01:02.683 1695 1717 W vold : Unsupported block major type1
01-01 00:01:02.683 1695 1717 E vold : Unsupported block major type 1
01-01 00:01:02.683 2452 2503 D VoldConnector: RCV <- {649 disk:179_24}
01-01 00:01:02.683 1695 1717 W vold : Failed to read manufacturer from /sys//devices/platform/80860F14:00/mmc_host/mmc0/mmc0:0001/block/mmcblk0/mmcblk0rpmb/device/manfid: No such file or directory
01-01 00:01:02.683 1695 1717 V vold : /system/bin/sgdisk
01-01 00:01:02.683 2452 2503 D VoldConnector: RCV <- {640 disk:179_24 5}
01-01 00:01:02.683 1695 1717 V vold : --android-dump
01-01 00:01:02.683 1695 1717 V vold : /dev/block/vold/disk:179_24
01-01 00:01:02.683 1695 1717 E vold : Failed to setexeccon
01-01 00:01:02.684 1695 1717 E vold : Failed to setexeccon
01-01 00:01:02.695 2452 2452 I ActivityManager: Start proc 2555:WebViewLoader-x86/1037 [android.webkit.WebViewFactory$RelroFileCreator] for
01-01 00:01:02.702 1695 1717 E vold : Failed to pclose /system/bin/sgdisk --android-dump /dev/block/vold/disk:179_24 : Invalid argument
01-01 00:01:02.702 1695 1717 W vold : sgdisk failed to scan /dev/block/vold/disk:179_24
01-01 00:01:02.703 1695 1717 W vold : Failed to read manufacturer from /sys//devices/platform/80860F14:00/mmc_host/mmc0/mmc0:0001/block/mmcblk0/mmcblk0boot0/device/manfid: No such file or directory
01-01 00:01:02.703 1695 1717 V vold : /system/bin/sgdisk
01-01 00:01:02.703 1695 1717 V vold : --android-dump
01-01 00:01:02.703 1695 1717 V vold : /dev/block/vold/disk:179_8
01-01 00:01:02.703 1695 1717 E vold : Failed to setexeccon
01-01 00:01:02.703 2452 2503 D VoldConnector: RCV <- {643 disk:179_24}
01-01 00:01:02.703 2452 2503 D VoldConnector: RCV <- {649 disk:179_8}
01-01 00:01:02.703 2452 2503 D VoldConnector: RCV <- {640 disk:179_8 5}
01-01 00:01:02.706 1695 1717 E vold : Failed to setexeccon
01-01 00:01:02.723 1695 1717 E vold : Failed to pclose /system/bin/sgdisk --android-dump /dev/block/vold/disk:179_8 : Invalid argument
01-01 00:01:02.723 1695 1717 W vold : sgdisk failed to scan /dev/block/vold/disk:179_8
01-01 00:01:02.723 1695 1717 W vold : Failed to read manufacturer from /sys//devices/platform/80860F14:00/mmc_host/mmc0/mmc0:0001/block/mmcblk0/mmcblk0boot1/device/manfid: No such file or directory
01-01 00:01:02.723 1695 1717 V vold : /system/bin/sgdisk
01-01 00:01:02.723 1695 1717 V vold : --android-dump
01-01 00:01:02.723 1695 1717 V vold : /dev/block/vold/disk:179_16
01-01 00:01:02.723 1695 1717 E vold : Failed to setexeccon
01-01 00:01:02.724 2452 2503 D VoldConnector: RCV <- {643 disk:179_8}
01-01 00:01:02.724 2452 2503 D VoldConnector: RCV <- {649 disk:179_16}
01-01 00:01:02.724 2452 2503 D VoldConnector: RCV <- {640 disk:179_16 5}
01-01 00:01:02.724 1695 1717 E vold : Failed to setexeccon
01-01 00:01:02.729 2452 2452 I ActivityManager: Start proc 2562:com.android.systemui/u0a9 for service com.android.systemui/.SystemUIService
01-01 00:01:02.730 2452 2452 D NetworkManagement: not enabling bandwidth control
01-01 00:01:02.737 2452 2552 D UsbHostManager: Added device UsbDevice[mName=/dev/bus/usb/001/005,mVendorId=2965,mProductId=6032,mClass=255,mSubclass=255,mProtocol=0,mManufacturerName=ASIX Elec. Corp.,mProductName=AX88179,mVersion=2.16,mSerialNumber=000000000000@3,mConfigurations=[
01-01 00:01:02.737 2452 2552 D UsbHostManager: UsbConfiguration[mId=1,mName=null,mAttributes=160,mMaxPower=124,mInterfaces=[
01-01 00:01:02.737 2452 2552 D UsbHostManager: UsbInterface[mId=0,mAlternateSetting=0,mName=Network_Interface,mClass=255,mSubclass=255,mProtocol=0,mEndpoints=[
01-01 00:01:02.737 2452 2552 D UsbHostManager: UsbEndpoint[mAddress=129,mAttributes=3,mMaxPacketSize=8,mInterval=11]
01-01 00:01:02.737 2452 2552 D UsbHostManager: UsbEndpoint[mAddress=130,mAttributes=2,mMaxPacketSize=512,mInterval=0]
01-01 00:01:02.737 2452 2552 D UsbHostManager: UsbEndpoint[mAddress=3,mAttributes=2,mMaxPacketSize=512,mInterval=0]]]]
01-01 00:01:02.739 2452 2552 W ContextImpl: Calling a method in the system process without a qualified user: android.app.ContextImpl.sendBroadcast:763 com.android.server.usb.UsbSettingsManager.deviceAttached:742 com.android.server.usb.UsbHostManager.endUsbDeviceAdded:225 com.android.server.usb.UsbHostManager.monitorUsbHostBus:-2 com.android.server.usb.UsbHostManager.-wrap0:-1
01-01 00:01:02.760 1695 1717 E vold : Failed to pclose /system/bin/sgdisk --android-dump /dev/block/vold/disk:179_16 : Invalid argument
01-01 00:01:02.760 1695 1717 W vold : sgdisk failed to scan /dev/block/vold/disk:179_16
01-01 00:01:02.761 1695 1717 V vold : /system/bin/sgdisk
01-01 00:01:02.761 1695 1717 V vold : --android-dump
01-01 00:01:02.761 1695 1717 V vold : /dev/block/vold/disk:179_0
01-01 00:01:02.761 1695 1717 E vold : Failed to setexeccon
01-01 00:01:02.761 2452 2503 D VoldConnector: RCV <- {643 disk:179_16}
01-01 00:01:02.761 2452 2503 D VoldConnector: RCV <- {651 public:179_1 7}
01-01 00:01:02.761 2452 2503 D VoldConnector: RCV <- {659 public:179_1}
01-01 00:01:02.761 2452 2503 D VoldConnector: RCV <- {651 public:179_2 7}
01-01 00:01:02.761 2452 2503 D VoldConnector: RCV <- {659 public:179_2}
01-01 00:01:02.762 2452 2503 D VoldConnector: RCV <- {651 public:179_3 7}
01-01 00:01:02.762 2452 2503 D VoldConnector: RCV <- {659 public:179_3}
01-01 00:01:02.762 2452 2503 D VoldConnector: RCV <- {649 disk:179_0}
01-01 00:01:02.762 2452 2503 D VoldConnector: RCV <- {640 disk:179_0 5}
01-01 00:01:02.762 2452 2503 D VoldConnector: RCV <- {641 disk:179_0 31272730624}
01-01 00:01:02.762 2452 2503 D VoldConnector: RCV <- {642 disk:179_0 }
01-01 00:01:02.762 2452 2503 D VoldConnector: RCV <- {644 disk:179_0 /sys//devices/platform/80860F14:00/mmc_host/mmc0/mmc0:0001/block/mmcblk0}
01-01 00:01:02.767 1695 1717 E vold : Failed to setexeccon
01-01 00:01:02.787 1695 1717 V vold : DISK gpt 7AB3D2B7-3B78-4C9F-8212-FEF8C46E93B4
01-01 00:01:02.787 1695 1717 V vold : PART 1 EBD0A0A2-B9E5-4433-87C0-68B6B72699C7 05F21C6C-9F48-48C2-BE45-142A92E36EBD Basic data partition
01-01 00:01:02.787 1695 1717 V vold : PART 2 EBD0A0A2-B9E5-4433-87C0-68B6B72699C7 6B8A2F79-08AB-45DB-A97D-B34B93A6852B Basic data partition
01-01 00:01:02.787 1695 1717 V vold : PART 3 EBD0A0A2-B9E5-4433-87C0-68B6B72699C7 330F8DB9-D42C-11E5-97E5-005056C00008 Basic data partition
01-01 00:01:02.793 1695 1717 W vold : Failed to read manufacturer from /sys//devices/platform/80860F14:00/mmc_host/mmc0/mmc0:0001/block/mmcblk0/mmcblk0rpmb/device/manfid: No such file or directory
01-01 00:01:02.793 1695 1717 V vold : /system/bin/sgdisk
01-01 00:01:02.793 1695 1717 V vold : --android-dump
01-01 00:01:02.793 1695 1717 V vold : /dev/block/vold/disk:179_24
01-01 00:01:02.793 1695 1717 E vold : Failed to setexeccon
01-01 00:01:02.793 2452 2503 D VoldConnector: RCV <- {650 public:179_1 0 "disk:179_0" ""}
01-01 00:01:02.793 2452 2503 D VoldConnector: RCV <- {654 public:179_1 sdcard1}
01-01 00:01:02.793 2452 2503 D VoldConnector: RCV <- {651 public:179_1 0}
01-01 00:01:02.793 2452 2503 D VoldConnector: RCV <- {650 public:179_2 0 "disk:179_0" ""}
01-01 00:01:02.794 2452 2503 D VoldConnector: RCV <- {654 public:179_2 sdcard1}
01-01 00:01:02.794 2452 2503 D VoldConnector: RCV <- {651 public:179_2 0}
01-01 00:01:02.794 2452 2503 D VoldConnector: RCV <- {650 public:179_3 0 "disk:179_0" ""}
01-01 00:01:02.794 2452 2503 D VoldConnector: RCV <- {654 public:179_3 sdcard1}
01-01 00:01:02.794 2452 2503 D VoldConnector: RCV <- {651 public:179_3 0}
01-01 00:01:02.794 2452 2503 D VoldConnector: RCV <- {643 disk:179_0}
01-01 00:01:02.794 2452 2503 D VoldConnector: RCV <- {649 disk:179_24}
01-01 00:01:02.794 2452 2503 D VoldConnector: RCV <- {640 disk:179_24 5}
01-01 00:01:02.795 1695 1717 E vold : Failed to setexeccon
01-01 00:01:02.816 1695 1717 E vold : Failed to pclose /system/bin/sgdisk --android-dump /dev/block/vold/disk:179_24 : Invalid argument
01-01 00:01:02.816 1695 1717 W vold : sgdisk failed to scan /dev/block/vold/disk:179_24
01-01 00:01:02.816 1695 1717 W vold : Failed to read manufacturer from /sys//devices/platform/80860F14:00/mmc_host/mmc0/mmc0:0001/block/mmcblk0/mmcblk0boot0/device/manfid: No such file or directory
01-01 00:01:02.816 1695 1717 V vold : /system/bin/sgdisk
01-01 00:01:02.816 1695 1717 V vold : --android-dump
01-01 00:01:02.816 1695 1717 V vold : /dev/block/vold/disk:179_8
01-01 00:01:02.816 1695 1717 E vold : Failed to setexeccon
01-01 00:01:02.816 2452 2503 D VoldConnector: RCV <- {643 disk:179_24}
01-01 00:01:02.817 2452 2503 D VoldConnector: RCV <- {649 disk:179_8}
01-01 00:01:02.817 2452 2503 D VoldConnector: RCV <- {640 disk:179_8 5}
01-01 00:01:02.817 1695 1717 E vold : Failed to setexeccon
01-01 00:01:02.873 1695 1717 E vold : Failed to pclose /system/bin/sgdisk --android-dump /dev/block/vold/disk:179_8 : Invalid argument
01-01 00:01:02.873 1695 1717 W vold : sgdisk failed to scan /dev/block/vold/disk:179_8
01-01 00:01:02.873 2452 2503 D VoldConnector: RCV <- {643 disk:179_8}
01-01 00:01:02.873 1695 1717 W vold : Failed to read manufacturer from /sys//devices/platform/80860F14:00/mmc_host/mmc0/mmc0:0001/block/mmcblk0/mmcblk0boot1/device/manfid: No such file or directory
01-01 00:01:02.873 1695 1717 V vold : /system/bin/sgdisk
01-01 00:01:02.873 1695 1717 V vold : --android-dump
01-01 00:01:02.873 1695 1717 V vold : /dev/block/vold/disk:179_16
01-01 00:01:02.873 1695 1717 E vold : Failed to setexeccon
01-01 00:01:02.873 2452 2503 D VoldConnector: RCV <- {649 disk:179_16}
01-01 00:01:02.873 2452 2503 D VoldConnector: RCV <- {640 disk:179_16 5}
01-01 00:01:02.876 1695 1717 E vold : Failed to setexeccon
01-01 00:01:02.898 1695 1717 E vold : Failed to pclose /system/bin/sgdisk --android-dump /dev/block/vold/disk:179_16 : Invalid argument
01-01 00:01:02.898 1695 1717 W vold : sgdisk failed to scan /dev/block/vold/disk:179_16
01-01 00:01:02.898 2452 2503 D VoldConnector: RCV <- {643 disk:179_16}
01-01 00:01:02.899 2452 2503 D VoldConnector: RCV <- {651 public:179_33 7}
01-01 00:01:02.899 2452 2503 D VoldConnector: RCV <- {659 public:179_33}
01-01 00:01:02.899 2452 2503 D VoldConnector: RCV <- {651 public:179_34 7}
01-01 00:01:02.899 2452 2503 D VoldConnector: RCV <- {659 public:179_34}
01-01 00:01:02.899 2452 2503 D VoldConnector: RCV <- {651 public:179_35 7}
01-01 00:01:02.899 2452 2503 D VoldConnector: RCV <- {659 public:179_35}
01-01 00:01:02.899 2452 2503 D VoldConnector: RCV <- {651 private:179_37 7}
01-01 00:01:02.899 2452 2503 D VoldConnector: RCV <- {659 private:179_37}
01-01 00:01:02.904 1695 1717 V vold : /system/bin/sgdisk
01-01 00:01:02.904 1695 1717 V vold : --android-dump
01-01 00:01:02.904 1695 1717 V vold : /dev/block/vold/disk:179_32
01-01 00:01:02.904 1695 1717 E vold : Failed to setexeccon
01-01 00:01:02.904 2452 2503 D VoldConnector: RCV <- {649 disk:179_32}
01-01 00:01:02.905 2452 2503 D VoldConnector: RCV <- {640 disk:179_32 5}
01-01 00:01:02.905 2452 2503 D VoldConnector: RCV <- {641 disk:179_32 31674335232}
01-01 00:01:02.905 2452 2503 D VoldConnector: RCV <- {642 disk:179_32 }
01-01 00:01:02.905 2452 2503 D VoldConnector: RCV <- {644 disk:179_32 /sys//devices/platform/80860F14:02/mmc_host/mmc2/mmc2:59b4/block/mmcblk1}
01-01 00:01:02.909 1695 1717 E vold : Failed to setexeccon
01-01 00:01:02.939 1695 1717 V vold : DISK gpt E65CB348-2105-42F4-9890-21AAE98394C0
01-01 00:01:02.939 1695 1717 V vold : PART 1 EBD0A0A2-B9E5-4433-87C0-68B6B72699C7 E7B454E7-549D-4664-A387-2DF6EE94EF38 shared
01-01 00:01:02.939 1695 1717 V vold : PART 2 EBD0A0A2-B9E5-4433-87C0-68B6B72699C7 CCF85DF2-D0C0-45ED-A2F4-CEE7DF930FA3 Basic data partition
01-01 00:01:02.939 1695 1717 V vold : PART 3 EBD0A0A2-B9E5-4433-87C0-68B6B72699C7 6BE36A47-507B-418A-A153-B1993F4B0450 Basic data partition
01-01 00:01:02.939 1695 1717 V vold : PART 4 19A710A2-B3CA-11E4-B026-10604B889DCF BBDDA84F-4EF8-45A2-93B1-BD0796E3BE47 android_meta
01-01 00:01:02.939 1695 1717 V vold : PART 5 193D1EA4-B3CA-11E4-B075-10604B889DCF E4CC89A1-208D-FA8C-7E2F-3C36D2000F32 android_expand
01-01 00:01:02.939 2452 2503 D VoldConnector: RCV <- {650 public:179_33 0 "disk:179_32" ""}
01-01 00:01:02.939 2452 2503 D VoldConnector: RCV <- {654 public:179_33 sdcard1}
01-01 00:01:02.939 2452 2503 D VoldConnector: RCV <- {651 public:179_33 0}
01-01 00:01:02.939 1695 1717 D vold : Found key for GUID e4cc89a1208dfa8c7e2f3c36d2000f32
01-01 00:01:02.940 2452 2503 D VoldConnector: RCV <- {650 public:179_34 0 "disk:179_32" ""}
01-01 00:01:02.940 2452 2503 D VoldConnector: RCV <- {654 public:179_34 sdcard1}
01-01 00:01:02.940 1695 1717 E Cryptfs : Cannot remove dm-crypt device
01-01 00:01:02.940 2452 2503 D VoldConnector: RCV <- {651 public:179_34 0}
01-01 00:01:02.940 2452 2503 D VoldConnector: RCV <- {650 public:179_35 0 "disk:179_32" ""}
01-01 00:01:02.940 2452 2503 D VoldConnector: RCV <- {654 public:179_35 sdcard1}
01-01 00:01:02.940 2452 2503 D VoldConnector: RCV <- {651 public:179_35 0}
01-01 00:01:02.940 2452 2503 D VoldConnector: RCV <- {650 private:179_37 1 "disk:179_32" "E4CC89A1-208D-FA8C-7E2F-3C36D2000F32"}
01-01 00:01:02.950 1695 1717 I Cryptfs : Enabling support for allow_discards in dmcrypt.
01-01 00:01:02.950 1695 1717 I Cryptfs : target_type = crypt
01-01 00:01:02.950 1695 1717 I Cryptfs : real_blk_name = /dev/block/vold/private:179_37, extra_params = 1 allow_discards
01-01 00:01:02.968 2452 2503 D VoldConnector: RCV <- {651 private:179_37 0}
01-01 00:01:02.968 1695 1717 W vold : Unsupported block major type253
01-01 00:01:02.968 1695 1717 E vold : Unsupported block major type 253
01-01 00:01:02.968 2452 2503 D VoldConnector: RCV <- {643 disk:179_32}
01-01 00:01:02.968 2452 2503 D VoldConnector: RCV <- {649 disk:253_0}
01-01 00:01:02.969 2452 2503 D VoldConnector: RCV <- {640 disk:253_0 9}
01-01 00:01:02.969 2452 2503 D VoldConnector: RCV <- {200 3 Command succeeded}
01-01 00:01:02.969 1695 1715 W vold : Unsupported block major type253
01-01 00:01:02.969 2452 2503 D VoldConnector: RCV <- {649 disk:253_0}
01-01 00:01:02.969 1695 1715 E vold : Unsupported block major type 253
01-01 00:01:02.969 1695 1715 D vold : Disk at 253:0 changed
01-01 00:01:02.969 1695 1715 W vold : Unsupported block major type253
01-01 00:01:02.969 1695 1715 E vold : Unsupported block major type 253
01-01 00:01:02.969 2452 2503 D VoldConnector: RCV <- {640 disk:253_0 9}
01-01 00:01:02.970 2452 2502 D VoldConnector: SND -> {4 volume user_added 0 0}
01-01 00:01:02.971 2452 2503 D VoldConnector: RCV <- {200 4 Command succeeded}
01-01 00:01:02.974 2452 2485 V MountService: Found primary storage at VolumeInfo{emulated}:
01-01 00:01:02.974 2452 2485 V MountService: type=EMULATED diskId=null partGuid=null mountFlags=0 mountUserId=-1
01-01 00:01:02.974 2452 2485 V MountService: state=UNMOUNTED
01-01 00:01:02.974 2452 2485 V MountService: fsType=null fsUuid=null fsLabel=null
01-01 00:01:02.974 2452 2485 V MountService: path=null internalPath=null
01-01 00:01:02.977 2452 2502 D VoldConnector: SND -> {5 volume mount emulated 3 -1}
01-01 00:01:02.978 2452 2503 D VoldConnector: RCV <- {651 emulated 1}
01-01 00:01:02.978 2452 2503 D VoldConnector: RCV <- {656 emulated /data/media}
01-01 00:01:02.978 2452 2503 D VoldConnector: RCV <- {655 emulated /storage/emulated}
01-01 00:01:02.978 1695 1717 V vold : Waiting for FUSE to spin up...
01-01 00:01:03.029 2452 2503 D VoldConnector: RCV <- {651 emulated 2}
01-01 00:01:03.029 2452 2503 D VoldConnector: RCV <- {200 5 Command succeeded}
01-01 00:01:03.048 2452 2483 I ActivityManager: Start proc 2633:com.android.externalstorage/u0a10 for broadcast com.android.externalstorage/.MountReceiver
01-01 00:01:03.049 2452 2502 D VoldConnector: SND -> {6 volume mount public:179_1 2 0}
01-01 00:01:03.052 1695 1717 V vold : /system/bin/blkid
01-01 00:01:03.052 1695 1717 V vold : -c
01-01 00:01:03.052 1695 1717 V vold : /dev/null
01-01 00:01:03.052 1695 1717 V vold : -s
01-01 00:01:03.052 2452 2503 D VoldConnector: RCV <- {651 public:179_1 1}
01-01 00:01:03.052 1695 1717 V vold : TYPE
01-01 00:01:03.052 1695 1717 V vold : -s
01-01 00:01:03.052 1695 1717 V vold : UUID
01-01 00:01:03.052 1695 1717 V vold : -s
01-01 00:01:03.052 1695 1717 V vold : LABEL
01-01 00:01:03.052 1695 1717 V vold : /dev/block/vold/public:179_1
01-01 00:01:03.052 1695 1717 E vold : Failed to setexeccon
01-01 00:01:03.056 1695 1717 E vold : Failed to setexeccon
01-01 00:01:03.090 1695 1717 V vold : /dev/block/vold/public:179_1: LABEL="ESP" UUID="9E35-2475" TYPE="vfat"
01-01 00:01:03.090 2452 2503 D VoldConnector: RCV <- {652 public:179_1 vfat}
01-01 00:01:03.090 2452 2503 D VoldConnector: RCV <- {653 public:179_1 9E35-2475}
01-01 00:01:03.091 2452 2503 D VoldConnector: RCV <- {654 public:179_1 ESP}
01-01 00:01:03.091 1695 1717 V vold : /system/bin/fsck_msdos
01-01 00:01:03.091 1695 1717 V vold : -p
01-01 00:01:03.091 1695 1717 V vold : -f
01-01 00:01:03.091 1695 1717 V vold : /dev/block/vold/public:179_1
01-01 00:01:03.091 2452 2503 D VoldConnector: RCV <- {656 public:179_1 /mnt/media_rw/9E35-2475}
01-01 00:01:03.091 1695 1717 E vold : Failed to setexeccon
01-01 00:01:03.091 2452 2503 D VoldConnector: RCV <- {655 public:179_1 /storage/9E35-2475}
01-01 00:01:03.148 1695 1717 E vold : Failed to setexeccon
01-01 00:01:03.148 1695 1717 I Vold : Filesystem check completed OK
01-01 00:01:03.158 1695 1717 V vold : Waiting for FUSE to spin up...
01-01 00:01:03.208 2452 2503 D VoldConnector: RCV <- {651 public:179_1 2}
01-01 00:01:03.209 2452 2503 D VoldConnector: RCV <- {200 6 Command succeeded}
01-01 00:01:03.210 2452 2502 D VoldConnector: SND -> {7 volume mount public:179_2 2 0}
01-01 00:01:03.210 1695 1717 V vold : /system/bin/blkid
01-01 00:01:03.210 1695 1717 V vold : -c
01-01 00:01:03.210 1695 1717 V vold : /dev/null
01-01 00:01:03.210 1695 1717 V vold : -s
01-01 00:01:03.210 1695 1717 V vold : TYPE
01-01 00:01:03.210 1695 1717 V vold : -s
01-01 00:01:03.210 1695 1717 V vold : UUID
01-01 00:01:03.210 1695 1717 V vold : -s
01-01 00:01:03.210 1695 1717 V vold : LABEL
01-01 00:01:03.210 1695 1717 V vold : /dev/block/vold/public:179_2
01-01 00:01:03.211 1695 1717 E vold : Failed to setexeccon
01-01 00:01:03.211 2452 2503 D VoldConnector: RCV <- {651 public:179_2 1}
01-01 00:01:03.220 1695 1717 E vold : Failed to setexeccon
01-01 00:01:03.242 1695 1717 V vold : /dev/block/vold/public:179_2: UUID="A4AE40E7AE40B398" LABEL="WINDOW" TYPE="ntfs"
01-01 00:01:03.242 1695 1717 V vold : /system/bin/fsck.ntfs
01-01 00:01:03.242 1695 1717 V vold : -n
01-01 00:01:03.242 1695 1717 V vold : /dev/block/vold/public:179_2
01-01 00:01:03.242 1695 1717 E vold : Failed to setexeccon
01-01 00:01:03.243 2452 2503 D VoldConnector: RCV <- {652 public:179_2 ntfs}
01-01 00:01:03.243 2452 2503 D VoldConnector: RCV <- {653 public:179_2 A4AE40E7AE40B398}
01-01 00:01:03.243 2452 2503 D VoldConnector: RCV <- {654 public:179_2 WINDOW}
01-01 00:01:03.243 2452 2503 D VoldConnector: RCV <- {656 public:179_2 /mnt/media_rw/A4AE40E7AE40B398}
01-01 00:01:03.243 2452 2503 D VoldConnector: RCV <- {655 public:179_2 /storage/A4AE40E7AE40B398}
01-01 00:01:03.278 1695 1717 E vold : Failed to setexeccon
01-01 00:01:03.278 1695 1717 V vold : /system/bin/mount.ntfs
01-01 00:01:03.278 1695 1717 V vold : -o
01-01 00:01:03.278 1695 1717 V vold : utf8,uid=1023,gid=1023,fmask=7,dmask=7,shortname=mixed,nodev,nosuid,dirsync,noexec
01-01 00:01:03.278 1695 1717 V vold : /dev/block/vold/public:179_2
01-01 00:01:03.278 1695 1717 V vold : /mnt/media_rw/A4AE40E7AE40B398
01-01 00:01:03.278 1695 1717 E vold : Failed to setexeccon
01-01 00:01:03.333 1695 1717 E vold : Failed to setexeccon
01-01 00:01:03.334 1695 1717 V vold : Waiting for FUSE to spin up...
01-01 00:01:03.387 2452 2503 D VoldConnector: RCV <- {651 public:179_2 2}
01-01 00:01:03.388 2452 2503 D VoldConnector: RCV <- {200 7 Command succeeded}
01-01 00:01:03.390 2452 2502 D VoldConnector: SND -> {8 volume mount public:179_3 2 0}
01-01 00:01:03.391 1695 1717 V vold : /system/bin/blkid
01-01 00:01:03.391 2452 2503 D VoldConnector: RCV <- {651 public:179_3 1}
01-01 00:01:03.391 1695 1717 V vold : -c
01-01 00:01:03.391 1695 1717 V vold : /dev/null
01-01 00:01:03.391 1695 1717 V vold : -s
01-01 00:01:03.391 1695 1717 V vold : TYPE
01-01 00:01:03.391 1695 1717 V vold : -s
01-01 00:01:03.391 1695 1717 V vold : UUID
01-01 00:01:03.391 1695 1717 V vold : -s
01-01 00:01:03.391 1695 1717 V vold : LABEL
01-01 00:01:03.391 1695 1717 V vold : /dev/block/vold/public:179_3
01-01 00:01:03.391 1695 1717 E vold : Failed to setexeccon
01-01 00:01:03.397 1695 1717 E vold : Failed to setexeccon
01-01 00:01:03.419 1695 1717 V vold : /dev/block/vold/public:179_3: UUID="ad6d9604-20c4-4814-9b04-00ad27fd8256" TYPE="f2fs"
01-01 00:01:03.420 2452 2503 D VoldConnector: RCV <- {652 public:179_3 f2fs}
01-01 00:01:03.420 1695 1717 V vold : /system/bin/fsck.f2fs
01-01 00:01:03.420 1695 1717 V vold : -a
01-01 00:01:03.420 1695 1717 V vold : /dev/block/vold/public:179_3
01-01 00:01:03.420 2452 2503 D VoldConnector: RCV <- {653 public:179_3 ad6d9604-20c4-4814-9b04-00ad27fd8256}
01-01 00:01:03.420 1695 1717 E vold : Failed to setexeccon
01-01 00:01:03.420 2452 2503 D VoldConnector: RCV <- {654 public:179_3 sdcard1}
01-01 00:01:03.420 2452 2503 D VoldConnector: RCV <- {656 public:179_3 /mnt/media_rw/ad6d9604-20c4-4814-9b04-00ad27fd8256}
01-01 00:01:03.420 2452 2503 D VoldConnector: RCV <- {655 public:179_3 /storage/ad6d9604-20c4-4814-9b04-00ad27fd8256}
01-01 00:01:03.442 1695 1717 E vold : Failed to setexeccon
01-01 00:01:03.442 1695 1717 E vold : public:179_3 failed filesystem check
01-01 00:01:03.442 2452 2503 D VoldConnector: RCV <- {651 public:179_3 6}
01-01 00:01:03.442 2452 2503 D VoldConnector: RCV <- {400 8 Command failed}
01-01 00:01:03.444 2452 2502 D VoldConnector: SND -> {9 volume mount public:179_33 2 0}
01-01 00:01:03.445 1695 1717 V vold : /system/bin/blkid
