09-01 19:54:40.291 2452 2492 W PackageManager: Not granting permission android.permission.WAKE_LOCK to package us.screen.record because it was previously installed without
09-01 19:54:40.291 2452 2492 W PackageManager: Not granting permission android.permission.ACCESS_NETWORK_STATE to package us.screen.record because it was previously installed without
09-01 19:54:40.291 2452 2492 W PackageManager: Not granting permission android.permission.ACCESS_WIFI_STATE to package us.screen.record because it was previously installed without
09-01 19:54:40.292 2452 2492 W PackageManager: Not granting permission android.permission.READ_PHONE_STATE to package us.screen.record because it was previously installed without
09-01 19:54:40.292 2452 2492 W PackageManager: Not granting permission android.permission.WRITE_EXTERNAL_STORAGE to package us.screen.record because it was previously installed without
09-01 19:54:40.292 2452 2492 W PackageManager: Not granting permission android.permission.READ_EXTERNAL_STORAGE to package us.screen.record because it was previously installed without
09-01 19:54:40.292 2452 2492 W PackageManager: Unknown permission android.permission.WRITE_INTERNAL_STORAGE in package us.screen.record
09-01 19:54:40.292 2452 2492 W PackageManager: Unknown permission android.permission.READ_INTERNAL_STORAGE in package us.screen.record
09-01 19:54:40.294 2452 2492 W PackageManager: Not granting permission android.permission.MOUNT_UNMOUNT_FILESYSTEMS to package us.screen.record (protectionLevel=18 flags=0x3808be44)
09-01 19:54:40.294 2452 2492 W PackageManager: Not granting permission android.permission.RECORD_AUDIO to package us.screen.record because it was previously installed without
09-01 19:54:40.294 2452 2492 W PackageManager: Not granting permission android.permission.READ_CALL_LOG to package us.screen.record because it was previously installed without
09-01 19:54:40.294 2452 2492 W PackageManager: Not granting permission android.permission.READ_CONTACTS to package us.screen.record because it was previously installed without
09-01 19:54:40.294 2452 2492 W PackageManager: Not granting permission android.permission.WRITE_CONTACTS to package us.screen.record because it was previously installed without
09-01 19:54:40.294 2452 2492 W PackageManager: Not granting permission android.permission.ACCESS_COARSE_LOCATION to package us.screen.record because it was previously installed without
09-01 19:54:40.294 2452 2492 W PackageManager: Not granting permission android.permission.ACCESS_FINE_LOCATION to package us.screen.record because it was previously installed without
09-01 19:54:40.294 2452 2492 W PackageManager: Not granting permission android.permission.PROCESS_OUTGOING_CALLS to package us.screen.record because it was previously installed without
09-01 19:54:40.294 2452 2492 W PackageManager: Not granting permission android.permission.GET_ACCOUNTS to package us.screen.record because it was previously installed without
09-01 19:54:40.294 2452 2492 W PackageManager: Not granting permission com.android.vending.BILLING to package us.screen.record because it was previously installed without
09-01 19:54:40.294 2452 2492 W PackageManager: Not granting permission android.permission.CALL_PHONE to package us.screen.record because it was previously installed without
09-01 19:54:40.317 2452 2492 W PackageManager: Unknown permission com.android.launcher.permission.READ_SETTINGS in package com.android.settings
09-01 19:54:40.317 2452 2492 W PackageManager: Unknown permission com.android.launcher.permission.WRITE_SETTINGS in package com.android.settings
09-01 19:54:40.357 2452 2492 W PackageManager: Not granting permission android.permission.REAL_GET_TASKS to package com.cyanogenmod.eleven (protectionLevel=18 flags=0x3818be65)
09-01 19:54:40.357 2452 2492 W PackageManager: Unknown permission cyanogenmod.permission.ACCESS_WEATHER_MANAGER in package suda.myweatherprovider
09-01 19:54:40.358 2452 2492 W PackageManager: Not granting permission android.permission.VIBRATE to package ccc71.at because it was previously installed without
09-01 19:54:40.358 2452 2492 W PackageManager: Not granting permission android.permission.ACCESS_SUPERUSER to package ccc71.at because it was previously installed without
09-01 19:54:40.361 2452 2492 W PackageManager: Not granting permission android.permission.BATTERY_STATS to package ccc71.at (protectionLevel=50 flags=0x38c83e44)
09-01 19:54:40.363 2452 2492 W PackageManager: Not granting permission android.permission.GET_TASKS to package ccc71.at because it was previously installed without
09-01 19:54:40.363 2452 2492 W PackageManager: Not granting permission android.permission.RECEIVE_BOOT_COMPLETED to package ccc71.at because it was previously installed without
09-01 19:54:40.363 2452 2492 W PackageManager: Not granting permission android.permission.KILL_BACKGROUND_PROCESSES to package ccc71.at because it was previously installed without
09-01 19:54:40.365 2452 2492 W PackageManager: Not granting permission android.permission.READ_EXTERNAL_STORAGE to package ccc71.at because it was previously installed without
09-01 19:54:40.365 2452 2492 W PackageManager: Not granting permission android.permission.WRITE_EXTERNAL_STORAGE to package ccc71.at because it was previously installed without
09-01 19:54:40.365 2452 2492 W PackageManager: Not granting permission android.permission.ACCESS_FINE_LOCATION to package ccc71.at because it was previously installed without
09-01 19:54:40.365 2452 2492 W PackageManager: Not granting permission android.permission.ACCESS_COARSE_LOCATION to package ccc71.at because it was previously installed without
09-01 19:54:40.365 2452 2492 W PackageManager: Not granting permission android.permission.ACCESS_WIFI_STATE to package ccc71.at because it was previously installed without
09-01 19:54:40.365 2452 2492 W PackageManager: Not granting permission android.permission.CHANGE_WIFI_STATE to package ccc71.at because it was previously installed without
09-01 19:54:40.368 2452 2492 W PackageManager: Not granting permission android.permission.READ_SYNC_SETTINGS to package ccc71.at because it was previously installed without
09-01 19:54:40.368 2452 2492 W PackageManager: Not granting permission android.permission.WRITE_SYNC_SETTINGS to package ccc71.at because it was previously installed without
09-01 19:54:40.368 2452 2492 W PackageManager: Not granting permission android.permission.ACCESS_NETWORK_STATE to package ccc71.at because it was previously installed without
09-01 19:54:40.368 2452 2492 W PackageManager: Not granting permission android.permission.CHANGE_NETWORK_STATE to package ccc71.at because it was previously installed without
09-01 19:54:40.368 2452 2492 W PackageManager: Not granting permission android.permission.READ_PHONE_STATE to package ccc71.at because it was previously installed without
09-01 19:54:40.368 2452 2492 W PackageManager: Not granting permission android.permission.FLASHLIGHT to package ccc71.at because it was previously installed without
09-01 19:54:40.368 2452 2492 W PackageManager: Not granting permission android.permission.CAMERA to package ccc71.at because it was previously installed without
09-01 19:54:40.368 2452 2492 W PackageManager: Not granting permission android.permission.WAKE_LOCK to package ccc71.at because it was previously installed without
09-01 19:54:40.368 2452 2492 W PackageManager: Not granting permission android.permission.READ_CALL_LOG to package ccc71.at because it was previously installed without
09-01 19:54:40.368 2452 2492 W PackageManager: Not granting permission android.permission.WRITE_CALL_LOG to package ccc71.at because it was previously installed without
09-01 19:54:40.368 2452 2492 W PackageManager: Not granting permission android.permission.READ_SMS to package ccc71.at because it was previously installed without
09-01 19:54:40.368 2452 2492 W PackageManager: Not granting permission android.permission.WRITE_SMS to package ccc71.at because it was previously installed without
09-01 19:54:40.368 2452 2492 W PackageManager: Not granting permission android.permission.GET_PACKAGE_SIZE to package ccc71.at because it was previously installed without
09-01 19:54:40.371 2452 2492 W PackageManager: Not granting permission android.permission.READ_SYNC_STATS to package ccc71.at because it was previously installed without
09-01 19:54:40.373 2452 2492 W PackageManager: Not granting permission android.permission.CLEAR_APP_CACHE to package ccc71.at (protectionLevel=18 flags=0x38c83e44)
09-01 19:54:40.373 2452 2492 W PackageManager: Not granting permission android.permission.GET_ACCOUNTS to package ccc71.at because it was previously installed without
09-01 19:54:40.373 2452 2492 W PackageManager: Not granting permission com.android.vending.CHECK_LICENSE to package ccc71.at because it was previously installed without
09-01 19:54:40.375 2452 2492 W PackageManager: Not granting permission android.permission.MOUNT_UNMOUNT_FILESYSTEMS to package cn.kidstone.cartoon (protectionLevel=18 flags=0x381cbe44)
09-01 19:54:40.383 2452 2492 W PackageManager: Not granting permission android.permission.SET_DEBUG_APP to package cn.kidstone.cartoon (protectionLevel=50 flags=0x381cbe44)
09-01 19:54:40.383 2452 2492 W PackageManager: Unknown permission android.permission.BROADCAST_PACKAGE_ADDED in package cn.kidstone.cartoon
09-01 19:54:40.383 2452 2492 W PackageManager: Unknown permission android.permission.BROADCAST_PACKAGE_CHANGED in package cn.kidstone.cartoon
09-01 19:54:40.383 2452 2492 W PackageManager: Unknown permission android.permission.BROADCAST_PACKAGE_INSTALL in package cn.kidstone.cartoon
09-01 19:54:40.383 2452 2492 W PackageManager: Unknown permission android.permission.BROADCAST_PACKAGE_REPLACED in package cn.kidstone.cartoon
09-01 19:54:40.385 2452 2492 W PackageManager: Not granting permission android.permission.READ_LOGS to package cn.kidstone.cartoon (protectionLevel=50 flags=0x381cbe44)
09-01 19:54:40.385 2452 2492 W PackageManager: Not granting permission android.permission.WRITE_EXTERNAL_STORAGE to package com.milone.xposed because it was previously installed without
09-01 19:54:40.385 2452 2492 W PackageManager: Not granting permission android.permission.READ_EXTERNAL_STORAGE to package com.milone.xposed because it was previously installed without
09-01 19:54:40.393 2452 2492 W PackageManager: Not granting permission android.permission.BIND_ACCESSIBILITY_SERVICE to package nl.fameit.rotate (protectionLevel=2 flags=0x38cbbe44)
09-01 19:54:40.393 2452 2492 W PackageManager: Not granting permission android.permission.ACCESS_SUPERUSER to package com.luconisimone.easyrebootmd because it was previously installed without
09-01 19:54:40.393 2452 2492 W PackageManager: Not granting permission android.permission.RECEIVE_BOOT_COMPLETED to package com.luconisimone.easyrebootmd because it was previously installed without
09-01 19:54:40.393 2452 2492 W PackageManager: Not granting permission android.permission.VIBRATE to package com.luconisimone.easyrebootmd because it was previously installed without
09-01 19:54:40.394 2452 2492 W PackageManager: Not granting permission android.permission.GET_ACCOUNTS to package org.mozilla.firefox_beta because it was previously installed without
09-01 19:54:40.397 2452 2492 W PackageManager: Not granting permission android.permission.ACCESS_FINE_LOCATION to package org.mozilla.firefox_beta because it was previously installed without
09-01 19:54:40.398 2452 2492 W PackageManager: Not granting permission android.permission.READ_EXTERNAL_STORAGE to package org.mozilla.firefox_beta because it was previously installed without
09-01 19:54:40.398 2452 2492 W PackageManager: Not granting permission android.permission.WRITE_EXTERNAL_STORAGE to package org.mozilla.firefox_beta because it was previously installed without
09-01 19:54:40.400 2452 2492 W PackageManager: Not granting permission android.permission.RECORD_AUDIO to package org.mozilla.firefox_beta because it was previously installed without
09-01 19:54:40.400 2452 2492 W PackageManager: Not granting permission android.permission.CAMERA to package org.mozilla.firefox_beta because it was previously installed without
09-01 19:54:40.404 2452 2492 W PackageManager: Not granting permission android.permission.READ_EXTERNAL_STORAGE to package com.google.android.apps.wallpaper because it was previously installed without
09-01 19:54:40.404 2452 2492 W PackageManager: Not granting permission android.permission.SET_WALLPAPER to package com.google.android.apps.wallpaper because it was previously installed without
09-01 19:54:40.404 2452 2492 W PackageManager: Not granting permission android.permission.RECEIVE_BOOT_COMPLETED to package com.google.android.apps.wallpaper because it was previously installed without
09-01 19:54:40.407 2452 2492 W PackageManager: Not granting permission android.permission.CAMERA to package com.wilco375.recentsfloatingappspro because it was previously installed without
09-01 19:54:40.407 2452 2492 W PackageManager: Not granting permission android.permission.WRITE_EXTERNAL_STORAGE to package com.wilco375.recentsfloatingappspro because it was previously installed without
09-01 19:54:40.407 2452 2492 W PackageManager: Not granting permission android.permission.READ_EXTERNAL_STORAGE to package com.wilco375.recentsfloatingappspro because it was previously installed without
09-01 19:54:40.416 2452 2492 W PackageManager: Not granting permission android.permission.REBOOT to package eu.chainfire.supersu (protectionLevel=18 flags=0x38883e04)
09-01 19:54:40.444 2452 2492 W PackageManager: Unknown permission com.android.smspush.WAPPUSH_MANAGER_BIND in package com.android.phone
09-01 19:54:40.536 2452 2492 W PackageManager: Not granting permission android.permission.ACCESS_NETWORK_STATE to package com.alensw.PicFolder because it was previously installed without
09-01 19:54:40.536 2452 2492 W PackageManager: Not granting permission android.permission.ACCESS_WIFI_STATE to package com.alensw.PicFolder because it was previously installed without
09-01 19:54:40.536 2452 2492 W PackageManager: Not granting permission android.permission.CHANGE_WIFI_MULTICAST_STATE to package com.alensw.PicFolder because it was previously installed without
09-01 19:54:40.536 2452 2492 W PackageManager: Not granting permission android.permission.NFC to package com.alensw.PicFolder because it was previously installed without
09-01 19:54:40.536 2452 2492 W PackageManager: Not granting permission android.permission.SET_WALLPAPER to package com.alensw.PicFolder because it was previously installed without
09-01 19:54:40.536 2452 2492 W PackageManager: Not granting permission android.permission.SET_WALLPAPER_HINTS to package com.alensw.PicFolder because it was previously installed without
09-01 19:54:40.536 2452 2492 W PackageManager: Not granting permission android.permission.WAKE_LOCK to package com.alensw.PicFolder because it was previously installed without
09-01 19:54:40.536 2452 2492 W PackageManager: Not granting permission android.permission.WRITE_EXTERNAL_STORAGE to package com.alensw.PicFolder because it was previously installed without
09-01 19:54:40.536 2452 2492 W PackageManager: Not granting permission android.permission.WRITE_SYNC_SETTINGS to package com.alensw.PicFolder because it was previously installed without
09-01 19:54:40.536 2452 2492 W PackageManager: Not granting permission android.permission.AUTHENTICATE_ACCOUNTS to package com.alensw.PicFolder because it was previously installed without
09-01 19:54:40.536 2452 2492 W PackageManager: Not granting permission com.google.android.c2dm.permission.RECEIVE to package com.alensw.PicFolder because it was previously installed without
09-01 19:54:40.539 2452 2492 W PackageManager: Not granting permission android.permission.GET_TASKS to package com.alensw.PicFolder because it was previously installed without
09-01 19:54:40.541 2452 2492 W PackageManager: Not granting permission android.permission.RECEIVE_BOOT_COMPLETED to package com.alensw.PicFolder because it was previously installed without
09-01 19:54:40.541 2452 2492 W PackageManager: Not granting permission android.permission.RESTART_PACKAGES to package com.alensw.PicFolder because it was previously installed without
09-01 19:54:40.541 2452 2492 W PackageManager: Not granting permission android.permission.READ_EXTERNAL_STORAGE to package com.alensw.PicFolder because it was previously installed without
09-01 19:54:40.545 2452 2492 W PackageManager: Not granting permission android.permission.WRITE_EXTERNAL_STORAGE to package stericson.busybox.donate because it was previously installed without
09-01 19:54:40.545 2452 2492 W PackageManager: Not granting permission android.permission.RECEIVE_BOOT_COMPLETED to package stericson.busybox.donate because it was previously installed without
09-01 19:54:40.545 2452 2492 W PackageManager: Not granting permission android.permission.READ_EXTERNAL_STORAGE to package stericson.busybox.donate because it was previously installed without
09-01 19:54:40.622 2452 2492 W PackageManager: Not granting permission android.permission.WRITE_EXTERNAL_STORAGE to package tw.fatminmin.xposed.minminguard because it was previously installed without
09-01 19:54:40.622 2452 2492 W PackageManager: Not granting permission android.permission.KILL_BACKGROUND_PROCESSES to package tw.fatminmin.xposed.minminguard because it was previously installed without
09-01 19:54:40.622 2452 2492 W PackageManager: Not granting permission android.permission.ACCESS_SUPERUSER to package tw.fatminmin.xposed.minminguard because it was previously installed without
09-01 19:54:40.622 2452 2492 W PackageManager: Not granting permission android.permission.READ_EXTERNAL_STORAGE to package tw.fatminmin.xposed.minminguard because it was previously installed without
09-01 19:54:40.622 2452 2492 W PackageManager: Not granting permission android.permission.WRITE_EXTERNAL_STORAGE to package cm.aptoide.pt because it was previously installed without
09-01 19:54:40.627 2452 2492 W PackageManager: Not granting permission android.permission.READ_PHONE_STATE to package cm.aptoide.pt because it was previously installed without
09-01 19:54:40.627 2452 2492 W PackageManager: Not granting permission android.permission.READ_EXTERNAL_STORAGE to package cm.aptoide.pt because it was previously installed without
09-01 19:54:40.628 2452 2492 W PackageManager: Not granting permission android.permission.GET_ACCOUNTS to package cm.aptoide.pt because it was previously installed without
09-01 19:54:40.629 2452 2492 W PackageManager: Not granting permission android.permission.READ_CONTACTS to package com.taobao.taobao because it was previously installed without
09-01 19:54:40.629 2452 2492 W PackageManager: Not granting permission android.permission.CAMERA to package com.taobao.taobao because it was previously installed without
09-01 19:54:40.629 2452 2492 W PackageManager: Not granting permission android.permission.READ_PHONE_STATE to package com.taobao.taobao because it was previously installed without
09-01 19:54:40.629 2452 2492 W PackageManager: Not granting permission android.permission.WRITE_EXTERNAL_STORAGE to package com.taobao.taobao because it was previously installed without
09-01 19:54:40.629 2452 2492 W PackageManager: Unknown permission com.android.launcher.permission.READ_SETTINGS in package com.taobao.taobao
09-01 19:54:40.629 2452 2492 W PackageManager: Unknown permission com.android.launcher2.permission.READ_SETTINGS in package com.taobao.taobao
09-01 19:54:40.631 2452 2492 W PackageManager: Not granting permission android.permission.ACCESS_COARSE_LOCATION to package com.taobao.taobao because it was previously installed without
09-01 19:54:40.631 2452 2492 W PackageManager: Not granting permission android.permission.ACCESS_FINE_LOCATION to package com.taobao.taobao because it was previously installed without
09-01 19:54:40.634 2452 2492 W PackageManager: Not granting permission android.permission.RECORD_AUDIO to package com.taobao.taobao because it was previously installed without
09-01 19:54:40.634 2452 2492 W PackageManager: Unknown permission com.taobao.appcenter.permission.DOWNLOAD_STATUS_CHANGE in package com.taobao.taobao
09-01 19:54:40.634 2452 2492 W PackageManager: Unknown permission com.setaobao.bbox.permission.APP_STATE in package com.taobao.taobao
09-01 19:54:40.634 2452 2492 W PackageManager: Unknown permission android.permission.RECORD_VIDEO in package com.taobao.taobao
09-01 19:54:40.635 2452 2492 W PackageManager: Not granting permission android.permission.PROCESS_OUTGOING_CALLS to package com.taobao.taobao because it was previously installed without
09-01 19:54:40.635 2452 2492 W PackageManager: Unknown permission android.permission.WRITE_INTERNAL_STORAGE in package com.taobao.taobao
09-01 19:54:40.635 2452 2492 W PackageManager: Unknown permission android.permission.PREVENT_POWER_KEY in package com.taobao.taobao
09-01 19:54:40.635 2452 2492 W PackageManager: Unknown permission com.taobao.taobao.permission.C2D_MESSAGE in package com.taobao.taobao
09-01 19:54:40.635 2452 2492 W PackageManager: Not granting permission android.permission.GET_ACCOUNTS to package com.taobao.taobao because it was previously installed without
09-01 19:54:40.635 2452 2492 W PackageManager: Unknown permission com.taobao.permission.USE_CREDENTIALS in package com.taobao.taobao
09-01 19:54:40.635 2452 2492 W PackageManager: Unknown permission com.taobao.permission.UPDATE_CREDENTIALS in package com.taobao.taobao
09-01 19:54:40.637 2452 2492 I PackageManager: Un-granting permission android.permission.WRITE_MEDIA_STORAGE from package com.taobao.taobao (protectionLevel=18 flags=0x381c3e44)
09-01 19:54:40.639 2452 2492 W PackageManager: Not granting permission android.permission.BATTERY_STATS to package com.taobao.taobao (protectionLevel=50 flags=0x381c3e44)
09-01 19:54:40.641 2452 2492 W PackageManager: Not granting permission android.permission.READ_LOGS to package com.taobao.taobao (protectionLevel=50 flags=0x381c3e44)
09-01 19:54:40.641 2452 2492 W PackageManager: Unknown permission com.samsung.android.authservice.permission.READ_CONTENT_PROVIDER in package com.taobao.taobao
09-01 19:54:40.641 2452 2492 W PackageManager: Unknown permission cn.org.ifaa.permission.USE_IFAA_MANAGER in package com.taobao.taobao
09-01 19:54:40.644 2452 2492 W PackageManager: Not granting permission android.permission.MANAGE_FINGERPRINT to package com.taobao.taobao (protectionLevel=18 flags=0x381c3e44)
09-01 19:54:40.644 2452 2492 W PackageManager: Not granting permission android.permission.READ_EXTERNAL_STORAGE to package com.taobao.taobao because it was previously installed without
09-01 19:54:40.649 2452 2492 I PackageManager: Un-granting permission android.permission.WRITE_MEDIA_STORAGE from package com.estrongs.android.pop.pro (protectionLevel=18 flags=0x384cbe44)
09-01 19:54:40.649 2452 2492 W PackageManager: Unknown permission .PERMISSION in package com.estrongs.android.pop.pro
09-01 19:54:40.654 2452 2492 W PackageManager: Not granting permission android.permission.RECEIVE_BOOT_COMPLETED to package org.narcotek.cputemp because it was previously installed without
09-01 19:54:40.655 2452 2492 W PackageManager: Not granting permission android.permission.ACCESS_COARSE_LOCATION to package com.chrome.dev because it was previously installed without
09-01 19:54:40.655 2452 2492 W PackageManager: Not granting permission android.permission.ACCESS_FINE_LOCATION to package com.chrome.dev because it was previously installed without
09-01 19:54:40.655 2452 2492 W PackageManager: Not granting permission android.permission.CAMERA to package com.chrome.dev because it was previously installed without
09-01 19:54:40.655 2452 2492 W PackageManager: Not granting permission android.permission.GET_ACCOUNTS to package com.chrome.dev because it was previously installed without
09-01 19:54:40.655 2452 2492 W PackageManager: Not granting permission android.permission.RECORD_AUDIO to package com.chrome.dev because it was previously installed without
09-01 19:54:40.655 2452 2492 W PackageManager: Not granting permission android.permission.WRITE_EXTERNAL_STORAGE to package com.chrome.dev because it was previously installed without
09-01 19:54:40.659 2452 2492 W PackageManager: Unknown permission com.chrome.permission.DEVICE_EXTRAS in package com.chrome.dev
09-01 19:54:40.659 2452 2492 W PackageManager: Unknown permission com.sec.enterprise.knox.MDM_CONTENT_PROVIDER in package com.chrome.dev
09-01 19:54:40.659 2452 2492 W PackageManager: Not granting permission android.permission.READ_EXTERNAL_STORAGE to package com.chrome.dev because it was previously installed without
09-01 19:54:40.660 2452 2492 W PackageManager: Not granting permission android.permission.READ_PHONE_STATE to package flar2.devcheck because it was previously installed without
09-01 19:54:40.660 2452 2492 W PackageManager: Not granting permission android.permission.ACCESS_NETWORK_STATE to package flar2.devcheck because it was previously installed without
09-01 19:54:40.660 2452 2492 W PackageManager: Not granting permission android.permission.ACCESS_WIFI_STATE to package flar2.devcheck because it was previously installed without
09-01 19:54:40.660 2452 2492 W PackageManager: Not granting permission android.permission.WRITE_EXTERNAL_STORAGE to package flar2.devcheck because it was previously installed without
09-01 19:54:40.660 2452 2492 W PackageManager: Not granting permission android.permission.RECEIVE_BOOT_COMPLETED to package flar2.devcheck because it was previously installed without
09-01 19:54:40.660 2452 2492 W PackageManager: Not granting permission android.permission.CAMERA to package flar2.devcheck because it was previously installed without
09-01 19:54:40.660 2452 2492 W PackageManager: Not granting permission android.permission.WAKE_LOCK to package flar2.devcheck because it was previously installed without
09-01 19:54:40.662 2452 2492 W PackageManager: Not granting permission android.permission.GET_ACCOUNTS to package flar2.devcheck because it was previously installed without
09-01 19:54:40.662 2452 2492 W PackageManager: Not granting permission android.permission.USE_CREDENTIALS to package flar2.devcheck because it was previously installed without
09-01 19:54:40.662 2452 2492 W PackageManager: Not granting permission android.permission.READ_EXTERNAL_STORAGE to package flar2.devcheck because it was previously installed without
09-01 19:54:40.683 2452 2492 W PackageManager: Unknown permission com.google.android.gallery3d.permission.GALLERY_PROVIDER in package com.android.bluetooth
09-01 19:54:40.734 2452 2492 W PackageManager: Not granting permission android.permission.ACCESS_SUPERUSER to package com.skvalex.alsamixer because it was previously installed without
09-01 19:54:40.825 2452 2492 W PackageSettings: Skipping PackageSetting{260c71 com.taobao.fleamarket/10011} due to missing metadata
09-01 19:54:40.832 2452 2492 W PackageSettings: Skipping PackageSetting{63aefc4 com.android.vending.billing.InAppBillingService.LACK/10127} due to missing metadata
09-01 19:54:40.833 2452 2492 W PackageSettings: Skipping PackageSetting{9779d73 cn.cntv/10157} due to missing metadata
09-01 19:54:40.834 2452 2492 W PackageSettings: Skipping PackageSetting{f2eaccd com.termux/10098} due to missing metadata
09-01 19:54:40.837 2452 2492 W PackageSettings: Skipping PackageSetting{fdebf3a com.eg.android.AlipayGphone/10229} due to missing metadata
09-01 19:54:40.846 2452 3026 I ActivityManager: Killing 3396:com.google.android.partnersetup/u0a21 (adj 15): empty #17
09-01 19:54:40.862 2452 2483 I chatty : uid=1000(system) ActivityManager expire 1 line
09-01 19:54:40.871 4355 4436 I GAV2 : Thread[GAThread,5,main]: No campaign data found.
09-01 19:54:40.892 2764 4353 E Parcel : Reading a NULL string not supported here.
09-01 19:54:40.896 2764 4353 E Parcel : Reading a NULL string not supported here.
09-01 19:54:40.903 2764 4353 E Parcel : Reading a NULL string not supported here.
09-01 19:54:40.905 2764 2764 D EasyUnlockReceiver: Received Bluetooth event: Intent { act=android.bluetooth.adapter.action.STATE_CHANGED flg=0x4000010 cmp=com.google.android.gms/.auth.easyunlock.authorization.BluetoothStateChangeReceiver (has extras) }.
09-01 19:54:40.909 2764 4353 E Parcel : Reading a NULL string not supported here.
09-01 19:54:40.916 2764 2764 D BtServices: Received Bluetooth event: Intent { act=android.bluetooth.adapter.action.STATE_CHANGED flg=0x4000010 cmp=com.google.android.gms/.auth.proximity.BluetoothServicesAdapterStateChangeReceiver (has extras) }.
09-01 19:54:40.931 4691 4691 W ContextImpl: Calling a method in the system process without a qualified user: android.app.ContextImpl.startService:1221 android.content.ContextWrapper.startService:581 android.content.ContextWrapper.startService:581 com.android.settings.bluetooth.DockEventReceiver.beginStartingService:134 com.android.settings.bluetooth.DockEventReceiver.onReceive:115
09-01 19:54:40.942 2562 2562 D PhoneStatusBar: disable: < expand ICONS* alerts SYSTEM_INFO* back home recent clock search quick_settings
> 09-01 19:54:40.950 2764 2764 D EasyUnlockReceiver: Received Bluetooth event: Intent { act=android.bluetooth.adapter.action.STATE_CHANGED flg=0x4000010 cmp=com.google.android.gms/.auth.easyunlock.authorization.BluetoothStateChangeReceiver (has extras) }.
09-01 19:54:40.965 2764 4719 D EasyUnlockInitService: Handling intent for initializer IntentService.
09-01 19:54:40.966 2764 2764 D BtServices: Received Bluetooth event: Intent { act=android.bluetooth.adapter.action.STATE_CHANGED flg=0x4000010 cmp=com.google.android.gms/.auth.proximity.BluetoothServicesAdapterStateChangeReceiver (has extras) }.
09-01 19:54:40.980 2562 2562 I Choreographer: Skipped 69 frames! The application may be doing too much work on its main thread.
09-01 19:54:41.000 3225 4720 W BluetoothAdapter: getBluetoothService() called with no BluetoothManagerCallback
09-01 19:54:41.026 3225 4720 D BlueZ : external/bluetooth/bluez/android/hal-socket.c:socket_listen() uuid 0000112f chan -1 sock 0x9a09142c type 1 service_name OBEX Phonebook Access Server flags 0x01
09-01 19:54:41.050 2764 4719 D EasyUnlockInitService: Not initializing EasyUnlock: remote_devices=0, bluetooth_on=true
09-01 19:54:41.069 3225 4726 W BluetoothAdapter: getBluetoothService() called with no BluetoothManagerCallback
09-01 19:54:41.069 4691 4702 I chatty : uid=1000(system) Binder_1 expire 1 line
09-01 19:54:41.077 3225 4726 D BlueZ : external/bluetooth/bluez/android/hal-socket.c:socket_listen() uuid 00001105 chan -1 sock 0x99549e9c type 1 service_name OBEX Object Push flags 0x00
09-01 19:54:41.077 3225 4726 I BtOppRfcommListener: Accept thread started.
09-01 19:54:41.079 2562 3414 V NoVpnMonitor: In QSFooter#handleRefreshState()
09-01 19:54:41.108 2562 2562 D BluetoothPbap: Proxy object connected
09-01 19:54:41.109 2562 2562 D PbapServerProfile: Bluetooth service connected
09-01 19:54:41.125 2562 2562 D PhoneStatusBar: disable: < expand icons* alerts system_info* back home recent clock search quick_settings
> 09-01 19:54:41.127 4691 4691 I chatty : uid=1000(system) com.android.settings expire 6 lines
09-01 19:54:41.162 2452 3438 I ActivityManager: Start proc 4733:com.android.providers.calendar/u0a0 for broadcast com.android.providers.calendar/.CalendarProviderBroadcastReceiver
09-01 19:54:41.166 4733 4733 D houdini : [4733] Initialize library(version: 6.1.1a_x.48413 RELEASE)... successfully.
09-01 19:54:41.194 2452 2482 I chatty : uid=1000(system) android.bg expire 26 lines
09-01 19:54:41.199 2764 4746 D BluetoothAdapter: startLeScan(): null
09-01 19:54:41.204 4733 4733 W System : ClassLoader referenced unknown path: /system/priv-app/CalendarProvider/lib/x86
09-01 19:54:41.206 4733 4733 W XPrivacy: Hooking package=com.android.providers.calendar
09-01 19:54:41.213 2764 4746 D BluetoothAdapter: STATE_ON
09-01 19:54:41.220 3225 3237 D BtGatt.GattService: registerClient() - UUID=83dc8ddf-c10f-4ae1-b519-b6acf0af5532
09-01 19:54:41.220 3225 3321 D BtGatt.GattService: onClientRegistered() - UUID=83dc8ddf-c10f-4ae1-b519-b6acf0af5532, clientIf=1
09-01 19:54:41.221 2764 3608 D BluetoothLeScanner: onClientRegistered() - status=0 clientIf=1
09-01 19:54:41.223 3225 3454 D BtGatt.GattService: start scan with filters
09-01 19:54:41.236 3225 3380 D BtGatt.ScanManager: handling starting scan
09-01 19:54:41.240 3225 3380 D BtGatt.ScanManager: configureRegularScanParams() - queue=1
09-01 19:54:41.241 3225 3380 D BtGatt.ScanManager: configureRegularScanParams() - ScanSetting Scan mode=2 mLastConfiguredScanSetting=-2147483648
09-01 19:54:41.241 3225 3380 D BtGatt.ScanManager: configureRegularScanParams - scanInterval = 8000configureRegularScanParams - scanWindow = 8000
09-01 19:54:41.246 4733 4733 I Xposed : XHFW3 load package com.android.providers.calendar
09-01 19:54:41.278 3225 3321 D BlueZ : external/bluetooth/bluez/android/hal-bluetooth.c:handle_adapter_props_changed()
09-01 19:54:41.278 3225 3321 D BlueZ : external/bluetooth/bluez/android/hal-bluetooth.c:adapter_props_to_hal() prop[0]: type=BT_PROPERTY_CLASS_OF_DEVICE len=4 val=1a010c
09-01 19:54:41.278 3225 3321 D BluetoothAdapterProperties: BT Class:1704204
09-01 19:54:41.282 3225 3321 D BlueZ : external/bluetooth/bluez/android/hal-bluetooth.c:handle_adapter_props_changed()
09-01 19:54:41.282 3225 3321 D BlueZ : external/bluetooth/bluez/android/hal-bluetooth.c:adapter_props_to_hal() prop[0]: type=BT_PROPERTY_UUIDS len=208 val={00001105, 0000112f, 00001115, 00001116, 0000110a, 0000110e, 0000110c, 00001112, 00001801, 0000180a, 00001800, 0000113b, 00001200}
09-01 19:54:41.285 3225 3321 D BlueZ : external/bluetooth/bluez/android/hal-bluetooth.c:handle_adapter_props_changed()
09-01 19:54:41.285 3225 3321 D BlueZ : external/bluetooth/bluez/android/hal-bluetooth.c:adapter_props_to_hal() prop[0]: type=BT_PROPERTY_UUIDS len=208 val={00001105, 0000112f, 00001115, 00001116, 0000110a, 0000110e, 0000110c, 00001112, 00001801, 0000180a, 00001800, 0000113b, 00001200}
09-01 19:54:41.288 2452 2482 I ActivityManager: Start proc 4751:com.chrome.beta/u0a228 for service com.chrome.beta/org.chromium.chrome.browser.invalidation.ChromeBrowserSyncAdapterService
09-01 19:54:41.335 4751 4751 W XPrivacy: Hooking package=com.chrome.beta
09-01 19:54:41.355 2452 2482 I ActivityManager: Start proc 4765:com.android.chrome/u0a232 for service com.android.chrome/org.chromium.chrome.browser.sync.ChromeBrowserSyncAdapterService
09-01 19:54:41.386 4765 4765 W XPrivacy: Hooking package=com.android.chrome
09-01 19:54:41.529 4733 4733 W ActivityThread: ClassLoader.loadClass: The class loader returned by Thread.getContextClassLoader() may fail for processes that host multiple applications. You should explicitly specify a context class loader. For example: Thread.setContextClassLoader(getClass().getClassLoader());
09-01 19:54:41.531 4733 4733 I CalendarProvider2: Created com.android.providers.calendar.CalendarAlarmManager@53b1ab9(com.android.providers.calendar.CalendarProvider2@64eefe)
09-01 19:54:41.554 2452 3104 W BroadcastQueue: Permission Denial: broadcasting Intent { act=com.android.launcher3.action.LAUNCH flg=0x10 pkg=com.google.android.gms (has extras) } from com.google.android.apps.nexuslauncher (pid=2882, uid=10019) requires com.google.android.launcher.permission.RECEIVE_LAUNCH_BROADCASTS due to receiver com.google.android.gms/.icing.proxy.ApplicationLauncherReceiver
09-01 19:54:41.555 4751 4751 I Xposed : XHFW3 load package com.chrome.beta
09-01 19:54:41.555 2452 2483 I chatty : uid=1000(system) ActivityManager expire 4 lines
09-01 19:54:41.572 2452 2483 I ActivityManager: Start proc 4789:com.luconisimone.easyrebootmd/u0a149 for broadcast com.luconisimone.easyrebootmd/.widgetactivity
09-01 19:54:41.589 4789 4789 D houdini : [4789] Initialize library(version: 6.1.1a_x.48413 RELEASE)... successfully.
09-01 19:54:41.610 4765 4765 I Xposed : XHFW3 load package com.android.chrome
09-01 19:54:41.639 4789 4789 W System : ClassLoader referenced unknown path: /data/app/com.luconisimone.easyrebootmd-2/lib/x86
09-01 19:54:41.642 4789 4789 W XPrivacy: Hooking package=com.luconisimone.easyrebootmd
09-01 19:54:41.667 4789 4789 I Xposed : XHFW3 load package com.luconisimone.easyrebootmd
09-01 19:54:41.940 4765 4765 E Xposed : java.lang.NoSuchMethodError: org.chromium.chrome.browser.media.remote.RemoteMediaPlayerBridge(long,java.lang.String,java.lang.String,java.lang.String)#exact
09-01 19:54:41.940 4765 4765 E Xposed : at de.robv.android.xposed.XposedHelpers.findConstructorExact(XposedHelpers.java:601)
09-01 19:54:41.940 4765 4765 E Xposed : at de.robv.android.xposed.XposedHelpers.findAndHookConstructor(XposedHelpers.java:614)
09-01 19:54:41.940 4765 4765 E Xposed : at com.phantom.onetapvideodownload.hooks.ChromeHook.handleLoadPackage(ChromeHook.java:40)
09-01 19:54:41.940 4765 4765 E Xposed : at de.robv.android.xposed.IXposedHookLoadPackage$Wrapper.handleLoadPackage(IXposedHookLoadPackage.java:34)
09-01 19:54:41.940 4765 4765 E Xposed : at de.robv.android.xposed.callbacks.XC_LoadPackage.call(XC_LoadPackage.java:61)
09-01 19:54:41.940 4765 4765 E Xposed : at de.robv.android.xposed.callbacks.XCallback.callAll(XCallback.java:106)
09-01 19:54:41.940 4765 4765 E Xposed : at de.robv.android.xposed.XposedInit$1.beforeHookedMethod(XposedInit.java:93)
09-01 19:54:41.940 4765 4765 E Xposed : at de.robv.android.xposed.XposedBridge.handleHookedMethod(XposedBridge.java:314)
09-01 19:54:41.940 4765 4765 E Xposed : at android.app.ActivityThread.handleBindApplication()
09-01 19:54:41.940 4765 4765 E Xposed : at android.app.ActivityThread.-wrap1(ActivityThread.java)
09-01 19:54:41.940 4765 4765 E Xposed : at android.app.ActivityThread$H.handleMessage(ActivityThread.java:1405)
09-01 19:54:41.940 4765 4765 E Xposed : at android.os.Handler.dispatchMessage(Handler.java:102)
09-01 19:54:41.940 4765 4765 E Xposed : at android.os.Looper.loop(Looper.java:148)
09-01 19:54:41.940 4765 4765 E Xposed : at android.app.ActivityThread.main(ActivityThread.java:5415)
09-01 19:54:41.940 4765 4765 E Xposed : at java.lang.reflect.Method.invoke(Native Method)
09-01 19:54:41.940 4765 4765 E Xposed : at com.android.internal.os.ZygoteInit$MethodAndArgsCaller.run(ZygoteInit.java:744)
09-01 19:54:41.940 4765 4765 E Xposed : at com.android.internal.os.ZygoteInit.main(ZygoteInit.java:634)
09-01 19:54:41.940 4765 4765 E Xposed : at de.robv.android.xposed.XposedBridge.main(XposedBridge.java:102)
09-01 19:54:41.999 2452 3463 I ActivityManager: Killing 4075:org.android_x86.hardwarecollector/u0a193 (adj 15): empty #17
09-01 19:54:42.220 2452 2587 I chatty : uid=1000(system) Binder_4 expire 3 lines
09-01 19:54:42.240 2452 3463 I chatty : uid=1000(system) Binder_D expire 1 line
09-01 19:54:42.243 2851 3175 D LogHelper: Google Analytics log entry: {&t=appview, &cd3=x86, &cd1=userdebug, &cd5=6.0.1-eng.cwhuang.20160815.215954, &an=com.lonelycatgames.Xplore, &cd=com.lonelycatgames.Xplore.Browser, &cd4=ONDA Tablet, &cd13=240, &cd12=1920 * 1200 60Hz}
09-01 19:54:42.289 2764 2764 I Auth : [AuthDelegateWrapper] Service intent: Intent { cmp=com.google.android.gms/.auth.account.authenticator.DefaultAuthDelegateService }.
09-01 19:54:42.291 2764 2764 I Auth : [AuthDelegateWrapper] Service intent: Intent { cmp=com.google.android.gms/.auth.account.authenticator.DefaultAuthDelegateService }.
09-01 19:54:42.590 4733 4733 I CalendarProvider2: Sending notification intent: Intent { act=android.intent.action.PROVIDER_CHANGED dat=content://com.android.calendar flg=0x20000000 }
09-01 19:54:42.590 4733 4733 W ContentResolver: Failed to get type for: content://com.android.calendar (Unknown URL content://com.android.calendar)
09-01 19:54:42.629 2452 2492 I chatty : uid=1000(system) PackageManager expire 4 lines
09-01 19:54:42.651 4765 4838 D DelayedSyncController: Delaying sync.
09-01 19:54:42.675 2452 2464 I chatty : uid=1000(system) Binder_2 expire 2 lines
09-01 19:54:42.676 2452 2463 I chatty : uid=1000(system) Binder_1 expire 1 line
09-01 19:54:42.681 2452 3105 I chatty : uid=1000(system) Binder_9 expire 2 lines
09-01 19:54:42.695 2452 2946 I PackageManager: Replacing preferred activity ccc71.at/.backup.dummies.DummyActivity for user 0:
09-01 19:54:42.695 2452 2946 I chatty : uid=1000(system) Binder_6 expire 4 lines
09-01 19:54:42.696 2764 4746 D BluetoothAdapter: stopLeScan()
09-01 19:54:42.697 2452 2501 I chatty : uid=1000(system) InputReader expire 1 line
09-01 19:54:42.702 2764 4746 D BluetoothAdapter: STATE_ON
09-01 19:54:42.704 2452 2587 I PackageManager: Replacing preferred activity ccc71.at/.backup.dummies.DummyActivity for user 0:
09-01 19:54:42.704 2452 2587 I chatty : uid=1000(system) Binder_4 expire 4 lines
09-01 19:54:42.705 3225 3237 D BtGatt.GattService: stopScan() - queue size =1
09-01 19:54:42.706 3225 3380 D BtGatt.ScanManager: stop scan
09-01 19:54:42.706 3225 3380 D BtGatt.ScanManager: configureRegularScanParams() - queue=0
09-01 19:54:42.706 3225 3380 D BtGatt.ScanManager: configureRegularScanParams() - ScanSetting Scan mode=-2147483648 mLastConfiguredScanSetting=2
09-01 19:54:42.706 3225 3380 D BtGatt.ScanManager: configureRegularScanParams() - queue emtpy, scan stopped
09-01 19:54:42.707 3225 3238 D BtGatt.GattService: unregisterClient() - clientIf=1
09-01 19:54:42.708 2452 2463 I PackageManager: Replacing preferred activity ccc71.at/.backup.dummies.DummyActivity for user 0:
09-01 19:54:42.708 2452 2463 I chatty : uid=1000(system) Binder_1 expire 4 lines
09-01 19:54:42.712 2452 2464 I PackageManager: Replacing preferred activity ccc71.at/.backup.dummies.DummyActivity for user 0:
09-01 19:54:42.712 2452 2464 I chatty : uid=1000(system) Binder_2 expire 4 lines
09-01 19:54:42.736 2452 3104 I ActivityManager: Killing 4099:com.android.launcher3/u0a160 (adj 15): empty #17
09-01 19:54:42.789 2452 2452 W BackupManagerService: Proposed transport ComponentInfo{com.google.android.gms/com.google.android.gms.backup.BackupTransportService} not whitelisted; ignoring
09-01 19:54:42.790 2452 2586 I ActivityManager: Killing 4144:com.android.managedprovisioning/u0a12 (adj 15): empty #17
09-01 19:54:42.796 3870 3870 D AndroidRuntime: Shutting down VM
09-01 19:54:42.811 2452 2482 I chatty : uid=1000(system) android.bg expire 6 lines
09-01 19:54:42.847 4660 4842 D OpenGLRenderer: Use EGL_SWAP_BEHAVIOR_PRESERVED: true
09-01 19:54:42.859 4660 4660 I GRALLOC-DRM: create intel for driver i915
09-01 19:54:42.884 4660 4660 E Xposed : java.lang.ClassCastException: android.widget.LinearLayout cannot be cast to android.widget.RelativeLayout
09-01 19:54:42.884 4660 4660 E Xposed : at com.smartmadsoft.xposed.aio.tweaks.NoToastIcons$1.beforeHookedMethod(NoToastIcons.java:20)
09-01 19:54:42.884 4660 4660 E Xposed : at de.robv.android.xposed.XposedBridge.handleHookedMethod(XposedBridge.java:314)
09-01 19:54:42.884 4660 4660 E Xposed : at android.widget.Toast$TN.trySendAccessibilityEvent()
09-01 19:54:42.884 4660 4660 E Xposed : at android.widget.Toast$TN.handleShow(Toast.java:426)
09-01 19:54:42.884 4660 4660 E Xposed : at de.robv.android.xposed.XposedBridge.invokeOriginalMethodNative(Native Method)
09-01 19:54:42.884 4660 4660 E Xposed : at de.robv.android.xposed.XposedBridge.handleHookedMethod(XposedBridge.java:334)
09-01 19:54:42.884 4660 4660 E Xposed : at android.widget.Toast$TN.handleShow()
09-01 19:54:42.884 4660 4660 E Xposed : at android.widget.Toast$TN$1.run(Toast.java:331)
09-01 19:54:42.884 4660 4660 E Xposed : at android.os.Handler.handleCallback(Handler.java:739)
09-01 19:54:42.884 4660 4660 E Xposed : at android.os.Handler.dispatchMessage(Handler.java:95)
09-01 19:54:42.884 4660 4660 E Xposed : at android.os.Looper.loop(Looper.java:148)
09-01 19:54:42.884 4660 4660 E Xposed : at android.app.ActivityThread.main(ActivityThread.java:5415)
09-01 19:54:42.884 4660 4660 E Xposed : at java.lang.reflect.Method.invoke(Native Method)
09-01 19:54:42.884 4660 4660 E Xposed : at com.android.internal.os.ZygoteInit$MethodAndArgsCaller.run(ZygoteInit.java:744)
09-01 19:54:42.884 4660 4660 E Xposed : at com.android.internal.os.ZygoteInit.main(ZygoteInit.java:634)
09-01 19:54:42.884 4660 4660 E Xposed : at de.robv.android.xposed.XposedBridge.main(XposedBridge.java:102)
09-01 19:54:42.884 3466 4829 D UdcContextInitService: registered all accounts: true
09-01 19:54:42.975 3466 3475 W SQLiteConnectionPool: A SQLiteConnection object for database '/data/user/0/com.google.android.gms/databases/networkstatistics.sqlite' was leaked! Please fix your application to end transactions in progress properly and to close the database when it is no longer needed.
09-01 19:54:43.018 2452 2483 I chatty : uid=1000(system) ActivityManager expire 1 line
09-01 19:54:43.018 4660 4842 I EGL-DRI2: found extension DRI_Core version 1
09-01 19:54:43.018 4660 4842 I EGL-DRI2: found extension DRI_DRI2 version 4
09-01 19:54:43.039 4660 4842 I EGL-DRI2: found extension DRI_TexBuffer version 3
09-01 19:54:43.039 4660 4842 I EGL-DRI2: found extension DRI2_Flush version 4
09-01 19:54:43.039 4660 4842 I EGL-DRI2: found extension DRI_IMAGE version 11
09-01 19:54:43.040 4660 4842 I OpenGLRenderer: Initialized EGL, version 1.4
09-01 19:54:43.040 4660 4842 W OpenGLRenderer: Failed to choose config with EGL_SWAP_BEHAVIOR_PRESERVED, retrying without...
09-01 19:54:43.055 2452 2464 W WindowManager: Force-removing child win Window{ed69140 u0 Panel:com.lonelycatgames.Xplore/com.lonelycatgames.Xplore.TextViewer EXITING} from container Window{9a347f8 u0 com.lonelycatgames.Xplore/com.lonelycatgames.Xplore.TextViewer}
09-01 19:54:43.579 2764 2764 W GLSUser : [DeviceKeyStore] Cannot load key: Device key file not found.
09-01 19:54:43.735 2452 2587 I ActivityManager: Start proc 4850:com.google.android.gms.unstable/u0a16 for service com.google.android.gms/.droidguard.DroidGuardService
09-01 19:54:43.776 4850 4850 W XPrivacy: Hooking package=com.google.android.gms
09-01 19:54:43.810 2764 4864 D GCM : GcmService start Intent { act=com.google.android.checkin.CHECKIN_COMPLETE flg=0x10 cmp=com.google.android.gms/.gcm.GcmService (has extras) } com.google.android.checkin.CHECKIN_COMPLETE
09-01 19:54:43.824 4850 4850 I Xposed : XHFW3 load package com.google.android.gms
09-01 19:54:44.098 3466 3466 I CmaSystemUpdateService: receiver: Intent { act=com.google.android.gms.update.BOOT_START_SERVICE flg=0x10 pkg=com.google.android.gms cmp=com.google.android.gms/.update.SystemUpdateServiceReceiver }
09-01 19:54:44.099 3466 3466 I CmaSystemUpdateService: receiver: Intent { act=com.google.android.gms.update.BOOT_START_SERVICE flg=0x10 pkg=com.google.android.gms cmp=com.google.android.gms/.update.SystemUpdateServiceReceiver }
09-01 19:54:44.128 3466 3466 D CmaSystemUpdateService: onCreate
09-01 19:54:44.128 3466 3466 D CmaSystemUpdateService: Device uses A/B OTA: false
09-01 19:54:44.128 3466 3466 D CmaSystemUpdateService: mProcessPackageEnabled: false, mAutomaticUpdateEnabled: false
09-01 19:54:44.138 3466 3466 D CmaSystemUpdateService: onStartCommand: intent: Intent { act=com.google.android.gms.update.START_SERVICE pkg=com.google.android.gms (has extras) }
09-01 19:54:44.156 3466 3466 I CmaSystemUpdateService: connectivity change: Intent { act=android.net.conn.CONNECTIVITY_CHANGE flg=0x4000010 (has extras) }
09-01 19:54:44.156 3466 3466 I CmaSystemUpdateService: receiver: Intent { act=android.net.conn.CONNECTIVITY_CHANGE flg=0x4000010 (has extras) }
09-01 19:54:44.162 4850 4850 W ActivityThread: ClassLoader.loadClass: The class loader returned by Thread.getContextClassLoader() may fail for processes that host multiple applications. You should explicitly specify a context class loader. For example: Thread.setContextClassLoader(getClass().getClassLoader());
09-01 19:54:44.168 4850 4850 I MultiDex: VM with version 2.1.0 has multidex support
09-01 19:54:44.168 4850 4850 I MultiDex: install
09-01 19:54:44.168 4850 4850 I MultiDex: VM has multidex support, MultiDex support library is disabled.
09-01 19:54:44.190 3466 3466 D CmaSystemUpdateService: onStartCommand: intent: Intent { act=com.google.android.gms.update.START_SERVICE pkg=com.google.android.gms (has extras) }
09-01 19:54:44.206 4850 4850 W linker : /system/priv-app/GmsCore/lib/x86/libgmscore.so: unused DT entry: type 0x7ffffffd arg 0xa0a
09-01 19:54:44.216 3466 4876 I SystemUpdateTask: cancelUpdate (empty URL)
09-01 19:54:44.216 3466 4876 I CmaSystemUpdateService: active receiver: disabled
09-01 19:54:44.230 4850 4850 W linker : /system/priv-app/GmsCore/lib/x86/libconscrypt_gmscore_jni.so: unused DT entry: type 0x1d arg 0x91
09-01 19:54:44.230 4850 4850 W linker : /system/priv-app/GmsCore/lib/x86/libconscrypt_gmscore_jni.so: unused DT entry: type 0x7ffffffd arg 0x174
09-01 19:54:44.239 4850 4850 V JNIHelp : Registering com/google/android/gms/org/conscrypt/NativeCrypto's 255 native methods...
09-01 19:54:44.247 3466 4876 D ChimeraResource: Successfully parsed resource with package name: com.google.android.gms and resource name drawable/notification_system_update_available
09-01 19:54:44.267 4850 4850 I ProviderInstaller: Installed default security provider GmsCore_OpenSSL
09-01 19:54:44.282 2764 4884 D GCM : GcmService start Intent { act=com.google.android.checkin.CHECKIN_COMPLETE flg=0x10 cmp=com.google.android.gms/.gcm.GcmService (has extras) } com.google.android.checkin.CHECKIN_COMPLETE
09-01 19:54:44.291 3466 4876 D ChimeraResource: Successfully parsed resource with package name: com.google.android.gms and resource name drawable/notification_system_update_download_failure
09-01 19:54:44.293 2764 2779 E DataBuffer: Internal data leak within a DataBuffer object detected! Be sure to explicitly call release() on all DataBuffer extending objects when you are done with them. (internal object: com.google.android.gms.common.data.DataHolder@d97ca6e)
