09-01 19:54:44.293 2764 2779 E DataBuffer: Internal data leak within a DataBuffer object detected! Be sure to explicitly call release() on all DataBuffer extending objects when you are done with them. (internal object: com.google.android.gms.common.data.DataHolder@862e50f)
09-01 19:54:44.334 3466 4885 I SystemUpdateTask: cancelUpdate (empty URL)
09-01 19:54:44.334 3466 4885 I CmaSystemUpdateService: active receiver: disabled
09-01 19:54:44.337 3466 4885 D ChimeraResource: Successfully parsed resource with package name: com.google.android.gms and resource name drawable/notification_system_update_available
09-01 19:54:44.340 3466 4885 D ChimeraResource: Successfully parsed resource with package name: com.google.android.gms and resource name drawable/notification_system_update_download_failure
09-01 19:54:44.341 4850 4850 D ChimeraCfgMgr: Reading stored module config
09-01 19:54:44.363 3466 3466 D CmaSystemUpdateService: onDestroy
09-01 19:54:44.403 2452 2888 I chatty : uid=1000(system) Binder_5 expire 1 line
09-01 19:54:44.438 2092 2411 I chatty : uid=1013(media) AudioOut_2 expire 2 lines
09-01 19:54:44.478 4850 4886 D NativeLibraryUtils: Install completed successfully. count=12 extracted=0
09-01 19:54:44.499 2092 2531 I chatty : uid=1013(media) Binder_2 expire 1 line
09-01 19:54:44.499 4850 4890 W DG.WV : Widevine DRM not supported on this device
09-01 19:54:44.499 4850 4890 W DG.WV : android.media.UnsupportedSchemeException: Failed to instantiate drm object.
09-01 19:54:44.499 4850 4890 W DG.WV : at android.media.MediaDrm.native_setup(Native Method)
09-01 19:54:44.499 4850 4890 W DG.WV : at android.media.MediaDrm.(MediaDrm.java:215)
09-01 19:54:44.499 4850 4890 W DG.WV : at luu.a(:com.google.android.gms:121)
09-01 19:54:44.499 4850 4890 W DG.WV : at lrp.run(:com.google.android.gms:1094)
09-01 19:54:44.499 4850 4890 W DG.WV : at ixu.run(:com.google.android.gms:453)
09-01 19:54:44.499 4850 4890 W DG.WV : at java.util.concurrent.ThreadPoolExecutor.runWorker(ThreadPoolExecutor.java:1113)
09-01 19:54:44.499 4850 4890 W DG.WV : at java.util.concurrent.ThreadPoolExecutor$Worker.run(ThreadPoolExecutor.java:588)
09-01 19:54:44.499 4850 4890 W DG.WV : at jch.run(:com.google.android.gms:17)
09-01 19:54:44.499 4850 4890 W DG.WV : at java.lang.Thread.run(Thread.java:818)
09-01 19:54:44.519 2092 2410 I chatty : uid=1013(media) FastMixer expire 684 lines
09-01 19:54:44.595 4265 4265 D AndroidRuntime: Shutting down VM
09-01 19:54:44.824 2452 2452 I ActivityManager: Killing 3109:android.process.acore/u0a3 (adj 15): empty #17
09-01 19:54:45.134 2452 3105 I chatty : uid=1000(system) Binder_9 expire 6 lines
09-01 19:54:45.255 4355 4897 I NotifUtils: Validating Notification, mapSize: 0 getAttention: true ignoreUnobtrusive: false
09-01 19:54:45.263 4355 4897 I NotifUtils: validateNotifications - cancelling 1111038044 for 1808012496 / -502274049
09-01 19:54:45.294 4355 4897 I NotifUtils: Validating Notification, mapSize: 0 getAttention: true ignoreUnobtrusive: false
09-01 19:54:45.302 4355 4897 I NotifUtils: validateNotifications - cancelling 1591471994 for 1808012496 / 1131233
09-01 19:54:45.329 4355 4897 I NotifUtils: Validating Notification, mapSize: 0 getAttention: true ignoreUnobtrusive: false
09-01 19:54:45.332 4355 4897 I NotifUtils: validateNotifications - cancelling 1818476366 for 1808012496 / 2897027
09-01 19:54:45.383 3761 3761 I System.out: load LP
09-01 19:54:45.384 3761 3761 I System.out: LuckyPatcher: ACTION_EXTERNAL_APPLICATIONS_AVAILABLE
09-01 19:54:45.397 4355 4897 I NotifUtils: Validating Notification, mapSize: 0 getAttention: true ignoreUnobtrusive: false
09-01 19:54:45.401 4355 4897 I NotifUtils: validateNotifications - cancelling -587551575 for 1808012496 / -317575340
09-01 19:54:45.414 4917 4917 D houdini : [4917] Initialize library(version: 6.1.1a_x.48413 RELEASE)... successfully.
09-01 19:54:45.416 2452 3603 I ActivityManager: Start proc 4917:android.process.acore/u0a3 for broadcast com.android.providers.contacts/.PackageIntentReceiver
09-01 19:54:45.433 4355 4897 I NotifUtils: Validating Notification, mapSize: 0 getAttention: true ignoreUnobtrusive: false
09-01 19:54:45.437 4355 4897 I NotifUtils: validateNotifications - cancelling 64917110 for 1808012496 / 2067244523
09-01 19:54:45.443 4917 4917 W System : ClassLoader referenced unknown path: /system/priv-app/ContactsProvider/lib/x86
09-01 19:54:45.446 4917 4917 W XPrivacy: Hooking package=com.android.providers.contacts
09-01 19:54:45.477 4917 4917 I Xposed : XHFW3 load package com.android.providers.contacts
09-01 19:54:45.485 4355 4897 I NotifUtils: Validating Notification, mapSize: 0 getAttention: true ignoreUnobtrusive: false
09-01 19:54:45.488 4355 4897 I NotifUtils: validateNotifications - cancelling 6091065 for 953012230 / -317575340
09-01 19:54:45.523 4355 4897 I NotifUtils: Validating Notification, mapSize: 0 getAttention: true ignoreUnobtrusive: false
09-01 19:54:45.526 4355 4897 I NotifUtils: validateNotifications - cancelling -1379996988 for 953012230 / -502274049
09-01 19:54:45.547 4355 4897 I NotifUtils: Validating Notification, mapSize: 0 getAttention: true ignoreUnobtrusive: false
09-01 19:54:45.552 4355 4897 I NotifUtils: validateNotifications - cancelling -1817048666 for 953012230 / 2067244523
09-01 19:54:45.797 4917 4917 W System : ClassLoader referenced unknown path: /system/app/UserDictionaryProvider/lib/x86
09-01 19:54:45.797 4917 4917 W XPrivacy: Hooking package=com.android.providers.userdictionary
09-01 19:54:45.808 4917 4917 I Xposed : XHFW3 load package com.android.providers.userdictionary
09-01 19:54:45.865 4917 4954 I ContactLocale: AddressBook Labels [zh-CN]: [, A, B, C, D, E, F, G, H, I, J, K, L, M, N, O, P, Q, R, S, T, U, V, W, X, Y, Z, Α, Β, Γ, Δ, Ε, Ζ, Η, Θ, Ι, Κ, Λ, Μ, Ν, Ξ, Ο, Π, Ρ, Σ, Τ, Υ, Φ, Χ, Ψ, Ω, , А, Б, В, Г, Д, Ђ, Е, Є, Ж, З, И, І, Й, Ј, К, Л, Љ, М, Н, Њ, О, П, Р, С, Т, Ћ, У, Ф, Х, Ц, Ч, Џ, Ш, Щ, Ю, Я, , א, ב, ג, ד, ה, ו, ז, ח, ט, י, כ, ל, מ, נ, ס, ע, פ, צ, ק, ר, ש, ת, , ا, ب, ت, ث, ج, ح, خ, د, ذ, ر, ز, س, ش, ص, ض, ط, ظ, ع, غ, ف, ق, ك, ل, م, ن, ه, و, ي, , ก, ข, ฃ, ค, ฅ, ฆ, ง, จ, ฉ, ช, ซ, ฌ, ญ, ฎ, ฏ, ฐ, ฑ, ฒ, ณ, ด, ต, ถ, ท, ธ, น, บ, ป, ผ, ฝ, พ, ฟ, ภ, ม, ย, ร, ฤ, ล, ฦ, ว, ศ, ษ, ส, ห, ฬ, อ, ฮ, , ㄱ, ㄴ, ㄷ, ㄹ, ㅁ, ㅂ, ㅅ, ㅇ, ㅈ, ㅊ, ㅋ, ㅌ, ㅍ, ㅎ, , あ, か, さ, た, な, は, ま, や, ら, わ, #, ]
09-01 19:54:45.867 4917 4954 W ActivityThread: ClassLoader.loadClass: The class loader returned by Thread.getContextClassLoader() may fail for processes that host multiple applications. You should explicitly specify a context class loader. For example: Thread.setContextClassLoader(getClass().getClassLoader());
09-01 19:54:45.885 4917 4917 D StrictMode: StrictMode policy violation; ~duration=109 ms: android.os.StrictMode$StrictModeDiskReadViolation: policy=65567 violation=2
09-01 19:54:45.885 4917 4917 D StrictMode: at android.os.StrictMode$AndroidBlockGuardPolicy.onReadFromDisk(StrictMode.java:1263)
09-01 19:54:45.885 4917 4917 D StrictMode: at libcore.io.BlockGuardOs.stat(BlockGuardOs.java:292)
09-01 19:54:45.885 4917 4917 D StrictMode: at java.io.File.lastModified(File.java:569)
09-01 19:54:45.885 4917 4917 D StrictMode: at com.chelpus.XSupport.loadPrefs(XSupport.java:1220)
09-01 19:54:45.885 4917 4917 D StrictMode: at com.chelpus.XSupport$34.afterHookedMethod(XSupport.java:1026)
09-01 19:54:45.885 4917 4917 D StrictMode: at de.robv.android.xposed.XposedBridge.handleHookedMethod(XposedBridge.java:348)
09-01 19:54:45.885 4917 4917 D StrictMode: at android.app.ApplicationPackageManager.()
09-01 19:54:45.885 4917 4917 D StrictMode: at android.app.ContextImpl.getPackageManager(ContextImpl.java:216)
09-01 19:54:45.885 4917 4917 D StrictMode: at de.robv.android.xposed.XposedBridge.invokeOriginalMethodNative(Native Method)
09-01 19:54:45.885 4917 4917 D StrictMode: at de.robv.android.xposed.XposedBridge.handleHookedMethod(XposedBridge.java:334)
09-01 19:54:45.885 4917 4917 D StrictMode: at android.app.ContextImpl.getPackageManager()
09-01 19:54:45.885 4917 4917 D StrictMode: at android.content.ContextWrapper.getPackageManager(ContextWrapper.java:92)
09-01 19:54:45.885 4917 4917 D StrictMode: at com.android.providers.contacts.ContactDirectoryManager.(ContactDirectoryManager.java:107)
09-01 19:54:45.885 4917 4917 D StrictMode: at com.android.providers.contacts.ContactsProvider2.initialize(ContactsProvider2.java:1503)
09-01 19:54:45.885 4917 4917 D StrictMode: at com.android.providers.contacts.ContactsProvider2.onCreate(ContactsProvider2.java:1470)
09-01 19:54:45.885 4917 4917 D StrictMode: at android.content.ContentProvider.attachInfo(ContentProvider.java:1748)
09-01 19:54:45.885 4917 4917 D StrictMode: at android.content.ContentProvider.attachInfo(ContentProvider.java:1723)
09-01 19:54:45.885 4917 4917 D StrictMode: at android.app.ActivityThread.installProvider(ActivityThread.java:5151)
09-01 19:54:45.885 4917 4917 D StrictMode: at android.app.ActivityThread.installContentProviders(ActivityThread.java:4746)
09-01 19:54:45.885 4917 4917 D StrictMode: at android.app.ActivityThread.handleBindApplication(ActivityThread.java:4686)
09-01 19:54:45.885 4917 4917 D StrictMode: at de.robv.android.xposed.XposedBridge.invokeOriginalMethodNative(Native Method)
09-01 19:54:45.885 4917 4917 D StrictMode: at de.robv.android.xposed.XposedBridge.handleHookedMethod(XposedBridge.java:334)
09-01 19:54:45.885 4917 4917 D StrictMode: at android.app.ActivityThread.handleBindApplication()
09-01 19:54:45.885 4917 4917 D StrictMode: at android.app.ActivityThread.-wrap1(ActivityThread.java)
09-01 19:54:45.885 4917 4917 D StrictMode: at android.app.ActivityThread$H.handleMessage(ActivityThread.java:1405)
09-01 19:54:45.885 4917 4917 D StrictMode: at android.os.Handler.dispatchMessage(Handler.java:102)
09-01 19:54:45.885 4917 4917 D StrictMode: at android.os.Looper.loop(Looper.java:148)
09-01 19:54:45.885 4917 4917 D StrictMode: at android.app.ActivityThread.main(ActivityThread.java:5415)
09-01 19:54:45.885 4917 4917 D StrictMode: at java.lang.reflect.Method.invoke(Native Method)
09-01 19:54:45.885 4917 4917 D StrictMode: at com.android.internal.os.ZygoteInit$MethodAndArgsCaller.run(ZygoteInit.java:744)
09-01 19:54:45.885 4917 4917 D StrictMode: at com.android.internal.os.ZygoteInit.main(ZygoteInit.java:634)
09-01 19:54:45.885 4917 4917 D StrictMode: at de.robv.android.xposed.XposedBridge.main(XposedBridge.java:102)
09-01 19:54:45.885 4917 4917 D StrictMode: StrictMode policy violation; ~duration=97 ms: android.os.StrictMode$StrictModeDiskReadViolation: policy=4259871 violation=2
09-01 19:54:45.885 4917 4917 D StrictMode: at android.os.StrictMode$AndroidBlockGuardPolicy.onReadFromDisk(StrictMode.java:1263)
09-01 19:54:45.885 4917 4917 D StrictMode: at libcore.io.BlockGuardOs.stat(BlockGuardOs.java:292)
09-01 19:54:45.885 4917 4917 D StrictMode: at java.io.File.lastModified(File.java:569)
09-01 19:54:45.885 4917 4917 D StrictMode: at com.chelpus.XSupport.loadPrefs(XSupport.java:1220)
09-01 19:54:45.885 4917 4917 D StrictMode: at com.chelpus.XSupport$19.beforeHookedMethod(XSupport.java:611)
09-01 19:54:45.885 4917 4917 D StrictMode: at de.robv.android.xposed.XposedBridge.handleHookedMethod(XposedBridge.java:314)
09-01 19:54:45.885 4917 4917 D StrictMode: at com.android.server.pm.PackageManagerService.getApplicationInfo()
09-01 19:54:45.885 4917 4917 D StrictMode: at android.content.pm.IPackageManager$Stub.onTransact(IPackageManager.java:232)
09-01 19:54:45.885 4917 4917 D StrictMode: at com.android.server.pm.PackageManagerService.onTransact(PackageManagerService.java:2605)
09-01 19:54:45.885 4917 4917 D StrictMode: at android.os.Binder.execTransact(Binder.java:453)
09-01 19:54:45.885 4917 4917 D StrictMode: at de.robv.android.xposed.XposedBridge.invokeOriginalMethodNative(Native Method)
09-01 19:54:45.885 4917 4917 D StrictMode: at de.robv.android.xposed.XposedBridge.handleHookedMethod(XposedBridge.java:334)
09-01 19:54:45.885 4917 4917 D StrictMode: at android.os.Binder.execTransact()
09-01 19:54:45.885 4917 4917 D StrictMode: # via Binder call with stack:
09-01 19:54:45.885 4917 4917 D StrictMode: android.os.StrictMode$LogStackTrace
09-01 19:54:45.885 4917 4917 D StrictMode: at android.os.StrictMode.readAndHandleBinderCallViolations(StrictMode.java:1911)
09-01 19:54:45.885 4917 4917 D StrictMode: at android.os.Parcel.readExceptionCode(Parcel.java:1601)
09-01 19:54:45.885 4917 4917 D StrictMode: at android.os.Parcel.readException(Parcel.java:1570)
09-01 19:54:45.885 4917 4917 D StrictMode: at android.content.pm.IPackageManager$Stub$Proxy.getApplicationInfo(IPackageManager.java:2388)
09-01 19:54:45.885 4917 4917 D StrictMode: at android.app.ActivityThread.getPackageInfo(ActivityThread.java:1748)
09-01 19:54:45.885 4917 4917 D StrictMode: at android.app.ContextImpl.createPackageContextAsUser(ContextImpl.java:1692)
09-01 19:54:45.885 4917 4917 D StrictMode: at android.app.ContextImpl.createPackageContext(ContextImpl.java:1679)
09-01 19:54:45.885 4917 4917 D StrictMode: at android.content.ContextWrapper.createPackageContext(ContextWrapper.java:746)
09-01 19:54:45.885 4917 4917 D StrictMode: at android.app.ActivityThread.installProvider(ActivityThread.java:5124)
09-01 19:54:45.885 4917 4917 D StrictMode: at android.app.ActivityThread.installContentProviders(ActivityThread.java:4746)
09-01 19:54:45.885 4917 4917 D StrictMode: at android.app.ActivityThread.handleBindApplication(ActivityThread.java:4686)
09-01 19:54:45.885 4917 4917 D StrictMode: at de.robv.android.xposed.XposedBridge.invokeOriginalMethodNative(Native Method)
09-01 19:54:45.885 4917 4917 D StrictMode: at de.robv.android.xposed.XposedBridge.handleHookedMethod(XposedBridge.java:334)
09-01 19:54:45.885 4917 4917 D StrictMode: at android.app.ActivityThread.handleBindApplication()
09-01 19:54:45.885 4917 4917 D StrictMode: at android.app.ActivityThread.-wrap1(ActivityThread.java)
09-01 19:54:45.885 4917 4917 D StrictMode: at android.app.ActivityThread$H.handleMessage(ActivityThread.java:1405)
09-01 19:54:45.885 4917 4917 D StrictMode: at android.os.Handler.dispatchMessage(Handler.java:102)
09-01 19:54:45.885 4917 4917 D StrictMode: at android.os.Looper.loop(Looper.java:148)
09-01 19:54:45.885 4917 4917 D StrictMode: at android.app.ActivityThread.main(ActivityThread.java:5415)
09-01 19:54:45.885 4917 4917 D StrictMode: at java.lang.reflect.Method.invoke(Native Method)
09-01 19:54:45.885 4917 4917 D StrictMode: at com.android.internal.os.ZygoteInit$MethodAndArgsCaller.run(ZygoteInit.java:744)
09-01 19:54:45.885 4917 4917 D StrictMode: at com.android.internal.os.ZygoteInit.main(ZygoteInit.java:634)
09-01 19:54:45.885 4917 4917 D StrictMode: at de.robv.android.xposed.XposedBridge.main(XposedBridge.java:102)
09-01 19:54:45.885 4917 4917 D StrictMode: StrictMode policy violation; ~duration=83 ms: android.os.StrictMode$StrictModeDiskReadViolation: policy=65567 violation=2
09-01 19:54:45.885 4917 4917 D StrictMode: at android.os.StrictMode$AndroidBlockGuardPolicy.onReadFromDisk(StrictMode.java:1263)
09-01 19:54:45.885 4917 4917 D StrictMode: at libcore.io.BlockGuardOs.access(BlockGuardOs.java:67)
09-01 19:54:45.885 4917 4917 D StrictMode: at java.io.File.doAccess(File.java:281)
09-01 19:54:45.885 4917 4917 D StrictMode: at java.io.File.exists(File.java:361)
09-01 19:54:45.885 4917 4917 D StrictMode: at de.robv.android.xposed.XSharedPreferences.makeWorldReadable(XSharedPreferences.java:84)
09-01 19:54:45.885 4917 4917 D StrictMode: at android.sollyu.com.appenv.hook.AppEnv.handleLoadPackage(AppEnv.java:40)
09-01 19:54:45.885 4917 4917 D StrictMode: at de.robv.android.xposed.IXposedHookLoadPackage$Wrapper.handleLoadPackage(IXposedHookLoadPackage.java:34)
09-01 19:54:45.885 4917 4917 D StrictMode: at de.robv.android.xposed.callbacks.XC_LoadPackage.call(XC_LoadPackage.java:61)
09-01 19:54:45.885 4917 4917 D StrictMode: at de.robv.android.xposed.callbacks.XCallback.callAll(XCallback.java:106)
09-01 19:54:45.885 4917 4917 D StrictMode: at de.robv.android.xposed.XposedInit$4.afterHookedMethod(XposedInit.java:172)
09-01 19:54:45.885 4917 4917 D StrictMode: at de.robv.android.xposed.XposedBridge.handleHookedMethod(XposedBridge.java:348)
09-01 19:54:45.885 4917 4917 D StrictMode: at android.app.LoadedApk.()
09-01 19:54:45.885 4917 4917 D StrictMode: at android.app.ActivityThread.getPackageInfo(ActivityThread.java:1828)
09-01 19:54:45.885 4917 4917 D StrictMode: at android.app.ActivityThread.getPackageInfo(ActivityThread.java:1783)
09-01 19:54:45.885 4917 4917 D StrictMode: at android.app.ActivityThread.getPackageInfo(ActivityThread.java:1755)
09-01 19:54:45.885 4917 4917 D StrictMode: at android.app.ContextImpl.createPackageContextAsUser(ContextImpl.java:1692)
09-01 19:54:45.885 4917 4917 D StrictMode: at android.app.ContextImpl.createPackageContext(ContextImpl.java:1679)
09-01 19:54:45.885 4917 4917 D StrictMode: at android.content.ContextWrapper.createPackageContext(ContextWrapper.java:746)
09-01 19:54:45.885 4917 4917 D StrictMode: at android.app.ActivityThread.installProvider(ActivityThread.java:5124)
09-01 19:54:45.885 4917 4917 D StrictMode: at android.app.ActivityThread.installContentProviders(ActivityThread.java:4746)
09-01 19:54:45.885 4917 4917 D StrictMode: at android.app.ActivityThread.handleBindApplication(ActivityThread.java:4686)
09-01 19:54:45.885 4917 4917 D StrictMode: at de.robv.android.xposed.XposedBridge.invokeOriginalMethodNative(Native Method)
09-01 19:54:45.885 4917 4917 D StrictMode: at de.robv.android.xposed.XposedBridge.handleHookedMethod(XposedBridge.java:334)
09-01 19:54:45.885 4917 4917 D StrictMode: at android.app.ActivityThread.handleBindApplication()
09-01 19:54:45.885 4917 4917 D StrictMode: at android.app.ActivityThread.-wrap1(ActivityThread.java)
09-01 19:54:45.885 4917 4917 D StrictMode: at android.app.ActivityThread$H.handleMessage(ActivityThread.java:1405)
09-01 19:54:45.885 4917 4917 D StrictMode: at android.os.Handler.dispatchMessage(Handler.java:102)
09-01 19:54:45.885 4917 4917 D StrictMode: at android.os.Looper.loop(Looper.java:148)
09-01 19:54:45.885 4917 4917 D StrictMode: at android.app.ActivityThread.main(ActivityThread.java:5415)
09-01 19:54:45.885 4917 4917 D StrictMode: at java.lang.reflect.Method.invoke(Native Method)
09-01 19:54:45.885 4917 4917 D StrictMode: at com.android.internal.os.ZygoteInit$MethodAndArgsCaller.run(ZygoteInit.java:744)
09-01 19:54:45.885 4917 4917 D StrictMode: at com.android.internal.os.ZygoteInit.main(ZygoteInit.java:634)
09-01 19:54:45.885 4917 4917 D StrictMode: at de.robv.android.xposed.XposedBridge.main(XposedBridge.java:102)
09-01 19:54:45.885 4917 4917 D StrictMode: StrictMode policy violation; ~duration=82 ms: android.os.StrictMode$StrictModeDiskReadViolation: policy=65567 violation=2
09-01 19:54:45.885 4917 4917 D StrictMode: at android.os.StrictMode$AndroidBlockGuardPolicy.onReadFromDisk(StrictMode.java:1263)
09-01 19:54:45.885 4917 4917 D StrictMode: at libcore.io.BlockGuardOs.stat(BlockGuardOs.java:292)
09-01 19:54:45.885 4917 4917 D StrictMode: at java.io.File.doChmod(File.java:704)
09-01 19:54:45.885 4917 4917 D StrictMode: at java.io.File.setReadable(File.java:661)
09-01 19:54:45.885 4917 4917 D StrictMode: at de.robv.android.xposed.XSharedPreferences.makeWorldReadable(XSharedPreferences.java:87)
09-01 19:54:45.885 4917 4917 D StrictMode: at android.sollyu.com.appenv.hook.AppEnv.handleLoadPackage(AppEnv.java:40)
09-01 19:54:45.885 4917 4917 D StrictMode: at de.robv.android.xposed.IXposedHookLoadPackage$Wrapper.handleLoadPackage(IXposedHookLoadPackage.java:34)
09-01 19:54:45.885 4917 4917 D StrictMode: at de.robv.android.xposed.callbacks.XC_LoadPackage.call(XC_LoadPackage.java:61)
09-01 19:54:45.885 4917 4917 D StrictMode: at de.robv.android.xposed.callbacks.XCallback.callAll(XCallback.java:106)
09-01 19:54:45.885 4917 4917 D StrictMode: at de.robv.android.xposed.XposedInit$4.afterHookedMethod(XposedInit.java:172)
09-01 19:54:45.885 4917 4917 D StrictMode: at de.robv.android.xposed.XposedBridge.handleHookedMethod(XposedBridge.java:348)
09-01 19:54:45.885 4917 4917 D StrictMode: at android.app.LoadedApk.()
09-01 19:54:45.885 4917 4917 D StrictMode: at android.app.ActivityThread.getPackageInfo(ActivityThread.java:1828)
09-01 19:54:45.885 4917 4917 D StrictMode: at android.app.ActivityThread.getPackageInfo(ActivityThread.java:1783)
09-01 19:54:45.885 4917 4917 D StrictMode: at android.app.ActivityThread.getPackageInfo(ActivityThread.java:1755)
09-01 19:54:45.885 4917 4917 D StrictMode: at android.app.ContextImpl.createPackageContextAsUser(ContextImpl.java:1692)
09-01 19:54:45.885 4917 4917 D StrictMode: at android.app.ContextImpl.createPackageContext(ContextImpl.java:1679)
09-01 19:54:45.885 4917 4917 D StrictMode: at android.content.ContextWrapper.createPackageContext(ContextWrapper.java:746)
09-01 19:54:45.885 4917 4917 D StrictMode: at android.app.ActivityThread.installProvider(ActivityThread.java:5124)
09-01 19:54:45.885 4917 4917 D StrictMode: at android.app.ActivityThread.installContentProviders(ActivityThread.java:4746)
09-01 19:54:45.885 4917 4917 D StrictMode: at android.app.ActivityThread.handleBindApplication(ActivityThread.java:4686)
09-01 19:54:45.885 4917 4917 D StrictMode: at de.robv.android.xposed.XposedBridge.invokeOriginalMethodNative(Native Method)
09-01 19:54:45.885 4917 4917 D StrictMode: at de.robv.android.xposed.XposedBridge.handleHookedMethod(XposedBridge.java:334)
09-01 19:54:45.885 4917 4917 D StrictMode: at android.app.ActivityThread.handleBindApplication()
09-01 19:54:45.885 4917 4917 D StrictMode: at android.app.ActivityThread.-wrap1(ActivityThread.java)
09-01 19:54:45.885 4917 4917 D StrictMode: at android.app.ActivityThread$H.handleMessage(ActivityThread.java:1405)
09-01 19:54:45.885 4917 4917 D StrictMode: at android.os.Handler.dispatchMessage(Handler.java:102)
09-01 19:54:45.885 4917 4917 D StrictMode: at android.os.Looper.loop(Looper.java:148)
09-01 19:54:45.885 4917 4917 D StrictMode: at android.app.ActivityThread.main(ActivityThread.java:5415)
09-01 19:54:45.885 4917 4917 D StrictMode: at java.lang.reflect.Method.invoke(Native Method)
09-01 19:54:45.885 4917 4917 D StrictMode: at com.android.internal.os.ZygoteInit$MethodAndArgsCaller.run(ZygoteInit.java:744)
09-01 19:54:45.885 4917 4917 D StrictMode: at com.android.internal.os.ZygoteInit.main(ZygoteInit.java:634)
09-01 19:54:45.885 4917 4917 D StrictMode: at de.robv.android.xposed.XposedBridge.main(XposedBridge.java:102)
09-01 19:54:45.885 4917 4917 D StrictMode: StrictMode policy violation; ~duration=81 ms: android.os.StrictMode$StrictModeDiskWriteViolation: policy=65567 violation=1
09-01 19:54:45.885 4917 4917 D StrictMode: at android.os.StrictMode$AndroidBlockGuardPolicy.onWriteToDisk(StrictMode.java:1223)
09-01 19:54:45.885 4917 4917 D StrictMode: at libcore.io.BlockGuardOs.chmod(BlockGuardOs.java:72)
09-01 19:54:45.885 4917 4917 D StrictMode: at java.io.File.doChmod(File.java:706)
09-01 19:54:45.885 4917 4917 D StrictMode: at java.io.File.setReadable(File.java:661)
09-01 19:54:45.885 4917 4917 D StrictMode: at de.robv.android.xposed.XSharedPreferences.makeWorldReadable(XSharedPreferences.java:87)
09-01 19:54:45.885 4917 4917 D StrictMode: at android.sollyu.com.appenv.hook.AppEnv.handleLoadPackage(AppEnv.java:40)
09-01 19:54:45.885 4917 4917 D StrictMode: at de.robv.android.xposed.IXposedHookLoadPackage$Wrapper.handleLoadPackage(IXposedHookLoadPackage.java:34)
09-01 19:54:45.885 4917 4917 D StrictMode: at de.robv.android.xposed.callbacks.XC_LoadPackage.call(XC_LoadPackage.java:61)
09-01 19:54:45.885 4917 4917 D StrictMode: at de.robv.android.xposed.callbacks.XCallback.callAll(XCallback.java:106)
09-01 19:54:45.885 4917 4917 D StrictMode: at de.robv.android.xposed.XposedInit$4.afterHookedMethod(XposedInit.java:172)
09-01 19:54:45.885 4917 4917 D StrictMode: at de.robv.android.xposed.XposedBridge.handleHookedMethod(XposedBridge.java:348)
09-01 19:54:45.885 4917 4917 D StrictMode: at android.app.LoadedApk.()
09-01 19:54:45.885 4917 4917 D StrictMode: at android.app.ActivityThread.getPackageInfo(ActivityThread.java:1828)
09-01 19:54:45.885 4917 4917 D StrictMode: at android.app.ActivityThread.getPackageInfo(ActivityThread.java:1783)
09-01 19:54:45.885 4917 4917 D StrictMode: at android.app.ActivityThread.getPackageInfo(ActivityThread.java:1755)
09-01 19:54:45.885 4917 4917 D StrictMode: at android.app.ContextImpl.createPackageContextAsUser(ContextImpl.java:1692)
09-01 19:54:45.885 4917 4917 D StrictMode: at android.app.ContextImpl.createPackageContext(ContextImpl.java:1679)
09-01 19:54:45.885 4917 4917 D StrictMode: at android.content.ContextWrapper.createPackageContext(ContextWrapper.java:746)
09-01 19:54:45.885 4917 4917 D StrictMode: at android.app.ActivityThread.installProvider(ActivityThread.java:5124)
09-01 19:54:45.885 4917 4917 D StrictMode: at android.app.ActivityThread.installContentProviders(ActivityThread.java:4746)
09-01 19:54:45.885 4917 4917 D StrictMode: at android.app.ActivityThread.handleBindApplication(ActivityThread.java:4686)
09-01 19:54:45.885 4917 4917 D StrictMode: at de.robv.android.xposed.XposedBridge.invokeOriginalMethodNative(Native Method)
09-01 19:54:45.885 4917 4917 D StrictMode: at de.robv.android.xposed.XposedBridge.handleHookedMethod(XposedBridge.java:334)
09-01 19:54:45.885 4917 4917 D StrictMode: at android.app.ActivityThread.handleBindApplication()
09-01 19:54:45.885 4917 4917 D StrictMode: at android.app.ActivityThread.-wrap1(ActivityThread.java)
09-01 19:54:45.885 4917 4917 D StrictMode: at android.app.ActivityThread$H.handleMessage(ActivityThread.java:1405)
09-01 19:54:45.885 4917 4917 D StrictMode: at android.os.Handler.dispatchMessage(Handler.java:102)
09-01 19:54:45.885 4917 4917 D StrictMode: at android.os.Looper.loop(Looper.java:148)
09-01 19:54:45.885 4917 4917 D StrictMode: at android.app.ActivityThread.main(ActivityThread.java:5415)
09-01 19:54:45.885 4917 4917 D StrictMode: at java.lang.reflect.Method.invoke(Native Method)
09-01 19:54:45.885 4917 4917 D StrictMode: at com.android.internal.os.ZygoteInit$MethodAndArgsCaller.run(ZygoteInit.java:744)
09-01 19:54:45.885 4917 4917 D StrictMode: at com.android.internal.os.ZygoteInit.main(ZygoteInit.java:634)
09-01 19:54:45.885 4917 4917 D StrictMode: at de.robv.android.xposed.XposedBridge.main(XposedBridge.java:102)
09-01 19:54:45.885 4917 4917 D StrictMode: StrictMode policy violation; ~duration=77 ms: android.os.StrictMode$StrictModeDiskReadViolation: policy=65567 violation=2
09-01 19:54:45.885 4917 4917 D StrictMode: at android.os.StrictMode$AndroidBlockGuardPolicy.onReadFromDisk(StrictMode.java:1263)
09-01 19:54:45.885 4917 4917 D StrictMode: at libcore.io.BlockGuardOs.stat(BlockGuardOs.java:292)
09-01 19:54:45.885 4917 4917 D StrictMode: at java.io.File.length(File.java:722)
09-01 19:54:45.885 4917 4917 D StrictMode: at de.robv.android.xposed.services.DirectAccessService.statFile(DirectAccessService.java:35)
09-01 19:54:45.885 4917 4917 D StrictMode: at de.robv.android.xposed.XSharedPreferences.hasFileChanged(XSharedPreferences.java:175)
09-01 19:54:45.885 4917 4917 D StrictMode: at de.robv.android.xposed.XSharedPreferences.reload(XSharedPreferences.java:164)
09-01 19:54:45.885 4917 4917 D StrictMode: at com.zst.xposed.halo.floatingwindow3.MainXposed.handleLoadPackage(MainXposed.java:48)
09-01 19:54:45.885 4917 4917 D StrictMode: at de.robv.android.xposed.IXposedHookLoadPackage$Wrapper.handleLoadPackage(IXposedHookLoadPackage.java:34)
09-01 19:54:45.885 4917 4917 D StrictMode: at de.robv.android.xposed.callbacks.XC_LoadPackage.call(XC_LoadPackage.java:61)
09-01 19:54:45.885 4917 4917 D StrictMode: at de.robv.android.xposed.callbacks.XCallback.callAll(XCallback.java:106)
09-01 19:54:45.885 4917 4917 D StrictMode: at de.robv.android.xposed.XposedInit$4.afterHookedMethod(XposedInit.java:172)
09-01 19:54:45.885 4917 4917 D StrictMode: at de.robv.android.xposed.XposedBridge.handleHookedMethod(XposedBridge.java:348)
09-01 19:54:45.885 4917 4917 D StrictMode: at android.app.LoadedApk.()
09-01 19:54:45.885 4917 4917 D StrictMode: at android.app.ActivityThread.getPackageInfo(ActivityThread.java:1828)
09-01 19:54:45.885 4917 4917 D StrictMode: at android.app.ActivityThread.getPackageInfo(ActivityThread.java:1783)
09-01 19:54:45.885 4917 4917 D StrictMode: at android.app.ActivityThread.getPackageInfo(ActivityThread.java:1755)
09-01 19:54:45.885 4917 4917 D StrictMode: at android.app.ContextImpl.createPackageContextAsUser(ContextImpl.java:1692)
09-01 19:54:45.885 4917 4917 D StrictMode: at android.app.ContextImpl.createPackageContext(ContextImpl.java:1679)
09-01 19:54:45.885 4917 4917 D StrictMode: at android.content.ContextWrapper.createPackageContext(ContextWrapper.java:746)
09-01 19:54:45.885 4917 4917 D StrictMode: at android.app.ActivityThread.installProvider(ActivityThread.java:5124)
09-01 19:54:45.885 4917 4917 D StrictMode: at android.app.ActivityThread.installContentProviders(ActivityThread.java:4746)
09-01 19:54:45.885 4917 4917 D StrictMode: at android.app.ActivityThread.handleBindApplication(ActivityThread.java:4686)
09-01 19:54:45.885 4917 4917 D StrictMode: at de.robv.android.xposed.XposedBridge.invokeOriginalMethodNative(Native Method)
09-01 19:54:45.885 4917 4917 D StrictMode: at de.robv.android.xposed.XposedBridge.handleHookedMethod(XposedBridge.java:334)
09-01 19:54:45.885 4917 4917 D StrictMode: at android.app.ActivityThread.handleBindApplication()
09-01 19:54:45.885 4917 4917 D StrictMode: at android.app.ActivityThread.-wrap1(ActivityThread.java)
09-01 19:54:45.885 4917 4917 D StrictMode: at android.app.ActivityThread$H.handleMessage(ActivityThread.java:1405)
09-01 19:54:45.885 4917 4917 D StrictMode: at android.os.Handler.dispatchMessage(Handler.java:102)
09-01 19:54:45.885 4917 4917 D StrictMode: at android.os.Looper.loop(Looper.java:148)
09-01 19:54:45.885 4917 4917 D StrictMode: at android.app.ActivityThread.main(ActivityThread.java:5415)
09-01 19:54:45.885 4917 4917 D StrictMode: at java.lang.reflect.Method.invoke(Native Method)
09-01 19:54:45.885 4917 4917 D StrictMode: at com.android.internal.os.ZygoteInit$MethodAndArgsCaller.run(ZygoteInit.java:744)
09-01 19:54:45.885 4917 4917 D StrictMode: at com.android.internal.os.ZygoteInit.main(ZygoteInit.java:634)
09-01 19:54:45.885 4917 4917 D StrictMode: at de.robv.android.xposed.XposedBridge.main(XposedBridge.java:102)
09-01 19:54:45.885 4917 4917 D StrictMode: StrictMode policy violation; ~duration=76 ms: android.os.StrictMode$StrictModeDiskReadViolation: policy=65567 violation=2
09-01 19:54:45.885 4917 4917 D StrictMode: at android.os.StrictMode$AndroidBlockGuardPolicy.onReadFromDisk(StrictMode.java:1263)
09-01 19:54:45.885 4917 4917 D StrictMode: at libcore.io.BlockGuardOs.stat(BlockGuardOs.java:292)
09-01 19:54:45.885 4917 4917 D StrictMode: at java.io.File.lastModified(File.java:569)
09-01 19:54:45.885 4917 4917 D StrictMode: at de.robv.android.xposed.services.DirectAccessService.statFile(DirectAccessService.java:35)
09-01 19:54:45.885 4917 4917 D StrictMode: at de.robv.android.xposed.XSharedPreferences.hasFileChanged(XSharedPreferences.java:175)
09-01 19:54:45.885 4917 4917 D StrictMode: at de.robv.android.xposed.XSharedPreferences.reload(XSharedPreferences.java:164)
09-01 19:54:45.885 4917 4917 D StrictMode: at com.zst.xposed.halo.floatingwindow3.MainXposed.handleLoadPackage(MainXposed.java:48)
09-01 19:54:45.885 4917 4917 D StrictMode: at de.robv.android.xposed.IXposedHookLoadPackage$Wrapper.handleLoadPackage(IXposedHookLoadPackage.java:34)
09-01 19:54:45.885 4917 4917 D StrictMode: at de.robv.android.xposed.callbacks.XC_LoadPackage.call(XC_LoadPackage.java:61)
09-01 19:54:45.885 4917 4917 D StrictMode: at de.robv.android.xposed.callbacks.XCallback.callAll(XCallback.java:106)
09-01 19:54:45.885 4917 4917 D StrictMode: at de.robv.android.xposed.XposedInit$4.afterHookedMethod(XposedInit.java:172)
09-01 19:54:45.885 4917 4917 D StrictMode: at de.robv.android.xposed.XposedBridge.handleHookedMethod(XposedBridge.java:348)
09-01 19:54:45.885 4917 4917 D StrictMode: at android.app.LoadedApk.()
09-01 19:54:45.885 4917 4917 D StrictMode: at android.app.ActivityThread.getPackageInfo(ActivityThread.java:1828)
09-01 19:54:45.885 4917 4917 D StrictMode: at android.app.ActivityThread.getPackageInfo(ActivityThread.java:1783)
09-01 19:54:45.885 4917 4917 D StrictMode: at android.app.ActivityThread.getPackageInfo(ActivityThread.java:1755)
09-01 19:54:45.885 4917 4917 D StrictMode: at android.app.ContextImpl.createPackageContextAsUser(ContextImpl.java:1692)
09-01 19:54:45.885 4917 4917 D StrictMode: at android.app.ContextImpl.createPackageContext(ContextImpl.java:1679)
09-01 19:54:45.885 4917 4917 D StrictMode: at android.content.ContextWrapper.createPackageContext(ContextWrapper.java:746)
09-01 19:54:45.885 4917 4917 D StrictMode: at android.app.ActivityThread.installProvider(ActivityThread.java:5124)
09-01 19:54:45.885 4917 4917 D StrictMode: at android.app.ActivityThread.installContentProviders(ActivityThread.java:4746)
09-01 19:54:45.885 4917 4917 D StrictMode: at android.app.ActivityThread.handleBindApplication(ActivityThread.java:4686)
09-01 19:54:45.885 4917 4917 D StrictMode: at de.robv.android.xposed.XposedBridge.invokeOriginalMethodNative(Native Method)
09-01 19:54:45.885 4917 4917 D StrictMode: at de.robv.android.xposed.XposedBridge.handleHookedMethod(XposedBridge.java:334)
09-01 19:54:45.885 4917 4917 D StrictMode: at android.app.ActivityThread.handleBindApplication()
09-01 19:54:45.885 4917 4917 D StrictMode: at android.app.ActivityThread.-wrap1(ActivityThread.java)
09-01 19:54:45.885 4917 4917 D StrictMode: at android.app.ActivityThread$H.handleMessage(ActivityThread.java:1405)
09-01 19:54:45.885 4917 4917 D StrictMode: at android.os.Handler.dispatchMessage(Handler.java:102)
09-01 19:54:45.885 4917 4917 D StrictMode: at android.os.Looper.loop(Looper.java:148)
09-01 19:54:45.885 4917 4917 D StrictMode: at android.app.ActivityThread.main(ActivityThread.java:5415)
09-01 19:54:45.885 4917 4917 D StrictMode: at java.lang.reflect.Method.invoke(Native Method)
09-01 19:54:45.885 4917 4917 D StrictMode: at com.android.internal.os.ZygoteInit$MethodAndArgsCaller.run(ZygoteInit.java:744)
09-01 19:54:45.885 4917 4917 D StrictMode: at com.android.internal.os.ZygoteInit.main(ZygoteInit.java:634)
09-01 19:54:45.885 4917 4917 D StrictMode: at de.robv.android.xposed.XposedBridge.main(XposedBridge.java:102)
09-01 19:54:45.885 4917 4917 D StrictMode: StrictMode policy violation; ~duration=68 ms: android.os.StrictMode$StrictModeDiskReadViolation: policy=65567 violation=2
09-01 19:54:45.885 4917 4917 D StrictMode: at android.os.StrictMode$AndroidBlockGuardPolicy.onReadFromDisk(StrictMode.java:1263)
09-01 19:54:45.885 4917 4917 D StrictMode: at libcore.io.BlockGuardOs.stat(BlockGuardOs.java:292)
09-01 19:54:45.885 4917 4917 D StrictMode: at java.io.File.length(File.java:722)
09-01 19:54:45.885 4917 4917 D StrictMode: at de.robv.android.xposed.services.DirectAccessService.statFile(DirectAccessService.java:35)
09-01 19:54:45.885 4917 4917 D StrictMode: at de.robv.android.xposed.XSharedPreferences.hasFileChanged(XSharedPreferences.java:175)
09-01 19:54:45.885 4917 4917 D StrictMode: at tw.fatminmin.xposed.minminguard.Main.handleLoadPackage(Main.java:107)
09-01 19:54:45.885 4917 4917 D StrictMode: at de.robv.android.xposed.IXposedHookLoadPackage$Wrapper.handleLoadPackage(IXposedHookLoadPackage.java:34)
09-01 19:54:45.885 4917 4917 D StrictMode: at de.robv.android.xposed.callbacks.XC_LoadPackage.call(XC_LoadPackage.java:61)
09-01 19:54:45.885 4917 4917 D StrictMode: at de.robv.android.xposed.callbacks.XCallback.callAll(XCallback.java:106)
09-01 19:54:45.885 4917 4917 D StrictMode: at de.robv.android.xposed.XposedInit$4.afterHookedMethod(XposedInit.java:172)
09-01 19:54:45.885 4917 4917 D StrictMode: at de.robv.android.xposed.XposedBridge.handleHookedMethod(XposedBridge.java:348)
09-01 19:54:45.885 4917 4917 D StrictMode: at android.app.LoadedApk.()
09-01 19:54:45.885 4917 4917 D StrictMode: at android.app.ActivityThread.getPackageInfo(ActivityThread.java:1828)
09-01 19:54:45.885 4917 4917 D StrictMode: at android.app.ActivityThread.getPackageInfo(ActivityThread.java:1783)
09-01 19:54:45.885 4917 4917 D StrictMode: at android.app.ActivityThread.getPackageInfo(ActivityThread.java:1755)
09-01 19:54:45.885 4917 4917 D StrictMode: at android.app.ContextImpl.createPackageContextAsUser(ContextImpl.java:1692)
09-01 19:54:45.885 4917 4917 D StrictMode: at android.app.ContextImpl.createPackageContext(ContextImpl.java:1679)
09-01 19:54:45.885 4917 4917 D StrictMode: at android.content.ContextWrapper.createPackageContext(ContextWrapper.java:746)
09-01 19:54:45.885 4917 4917 D StrictMode: at android.app.ActivityThread.installProvider(ActivityThread.java:5124)
09-01 19:54:45.885 4917 4917 D StrictMode: at android.app.ActivityThread.installContentProviders(ActivityThread.java:4746)
09-01 19:54:45.885 4917 4917 D StrictMode: at android.app.ActivityThread.handleBindApplication(ActivityThread.java:4686)
09-01 19:54:45.885 4917 4917 D StrictMode: at de.robv.android.xposed.XposedBridge.invokeOriginalMethodNative(Native Method)
09-01 19:54:45.885 4917 4917 D StrictMode: at de.robv.android.xposed.XposedBridge.handleHookedMethod(XposedBridge.java:334)
09-01 19:54:45.885 4917 4917 D StrictMode: at android.app.ActivityThread.handleBindApplication()
09-01 19:54:45.885 4917 4917 D StrictMode: at android.app.ActivityThread.-wrap1(ActivityThread.java)
09-01 19:54:45.885 4917 4917 D StrictMode: at android.app.ActivityThread$H.handleMessage(ActivityThread.java:1405)
09-01 19:54:45.885 4917 4917 D StrictMode: at android.os.Handler.dispatchMessage(Handler.java:102)
09-01 19:54:45.885 4917 4917 D StrictMode: at android.os.Looper.loop(Looper.java:148)
09-01 19:54:45.885 4917 4917 D StrictMode: at android.app.ActivityThread.main(ActivityThread.java:5415)
09-01 19:54:45.885 4917 4917 D StrictMode: at java.lang.reflect.Method.invoke(Native Method)
09-01 19:54:45.885 4917 4917 D StrictMode: at com.android.internal.os.ZygoteInit$MethodAndArgsCaller.run(ZygoteInit.java:744)
09-01 19:54:45.885 4917 4917 D StrictMode: at com.android.internal.os.ZygoteInit.main(ZygoteInit.java:634)
09-01 19:54:45.885 4917 4917 D StrictMode: at de.robv.android.xposed.XposedBridge.main(XposedBridge.java:102)
09-01 19:54:45.885 4917 4917 D StrictMode: StrictMode policy violation; ~duration=67 ms: android.os.StrictMode$StrictModeDiskReadViolation: policy=65567 violation=2
09-01 19:54:45.885 4917 4917 D StrictMode: at android.os.StrictMode$AndroidBlockGuardPolicy.onReadFromDisk(StrictMode.java:1263)
09-01 19:54:45.885 4917 4917 D StrictMode: at libcore.io.BlockGuardOs.stat(BlockGuardOs.java:292)
09-01 19:54:45.885 4917 4917 D StrictMode: at java.io.File.lastModified(File.java:569)
09-01 19:54:45.885 4917 4917 D StrictMode: at de.robv.android.xposed.services.DirectAccessService.statFile(DirectAccessService.java:35)
09-01 19:54:45.885 4917 4917 D StrictMode: at de.robv.android.xposed.XSharedPreferences.hasFileChanged(XSharedPreferences.java:175)
09-01 19:54:45.885 4917 4917 D StrictMode: at tw.fatminmin.xposed.minminguard.Main.handleLoadPackage(Main.java:107)
09-01 19:54:45.885 4917 4917 D StrictMode: at de.robv.android.xposed.IXposedHookLoadPackage$Wrapper.handleLoadPackage(IXposedHookLoadPackage.java:34)
09-01 19:54:45.885 4917 4917 D StrictMode: at de.robv.android.xposed.callbacks.XC_LoadPackage.call(XC_LoadPackage.java:61)
09-01 19:54:45.885 4917 4917 D StrictMode: at de.robv.android.xposed.callbacks.XCallback.callAll(XCallback.java:106)
09-01 19:54:45.885 4917 4917 D StrictMode: at de.robv.android.xposed.XposedInit$4.afterHookedMethod(XposedInit.java:172)
09-01 19:54:45.885 4917 4917 D StrictMode: at de.robv.android.xposed.XposedBridge.handleHookedMethod(XposedBridge.java:348)
09-01 19:54:45.885 4917 4917 D StrictMode: at android.app.LoadedApk.()
09-01 19:54:45.885 4917 4917 D StrictMode: at android.app.ActivityThread.getPackageInfo(ActivityThread.java:1828)
09-01 19:54:45.885 4917 4917 D StrictMode: at android.app.ActivityThread.getPackageInfo(ActivityThread.java:1783)
09-01 19:54:45.885 4917 4917 D StrictMode: at android.app.ActivityThread.getPackageInfo(ActivityThread.java:1755)
09-01 19:54:45.885 4917 4917 D StrictMode: at android.app.ContextImpl.createPackageContextAsUser(ContextImpl.java:1692)
09-01 19:54:45.885 4917 4917 D StrictMode: at android.app.ContextImpl.createPackageContext(ContextImpl.java:1679)
09-01 19:54:45.885 4917 4917 D StrictMode: at android.content.ContextWrapper.createPackageContext(ContextWrapper.java:746)
09-01 19:54:45.885 4917 4917 D StrictMode: at android.app.ActivityThread.installProvider(ActivityThread.java:5124)
09-01 19:54:45.885 4917 4917 D StrictMode: at android.app.ActivityThread.installContentProviders(ActivityThread.java:4746)
09-01 19:54:45.885 4917 4917 D StrictMode: at android.app.ActivityThread.handleBindApplication(ActivityThread.java:4686)
09-01 19:54:45.885 4917 4917 D StrictMode: at de.robv.android.xposed.XposedBridge.invokeOriginalMethodNative(Native Method)
09-01 19:54:45.885 4917 4917 D StrictMode: at de.robv.android.xposed.XposedBridge.handleHookedMethod(XposedBridge.java:334)
09-01 19:54:45.885 4917 4917 D StrictMode: at android.app.ActivityThread.handleBindApplication()
09-01 19:54:45.885 4917 4917 D StrictMode: at android.app.ActivityThread.-wrap1(ActivityThread.java)
09-01 19:54:45.885 4917 4917 D StrictMode: at android.app.ActivityThread$H.handleMessage(ActivityThread.java:1405)
09-01 19:54:45.885 4917 4917 D StrictMode: at android.os.Handler.dispatchMessage(Handler.java:102)
09-01 19:54:45.885 4917 4917 D StrictMode: at android.os.Looper.loop(Looper.java:148)
09-01 19:54:45.885 4917 4917 D StrictMode: at android.app.ActivityThread.main(ActivityThread.java:5415)
09-01 19:54:45.885 4917 4917 D StrictMode: at java.lang.reflect.Method.invoke(Native Method)
09-01 19:54:45.885 4917 4917 D StrictMode: at com.android.internal.os.ZygoteInit$MethodAndArgsCaller.run(ZygoteInit.java:744)
09-01 19:54:45.885 4917 4917 D StrictMode: at com.android.internal.os.ZygoteInit.main(ZygoteInit.java:634)
09-01 19:54:45.885 4917 4917 D StrictMode: at de.robv.android.xposed.XposedBridge.main(XposedBridge.java:102)
09-01 19:54:45.885 4917 4917 D StrictMode: StrictMode policy violation; ~duration=65 ms: android.os.StrictMode$StrictModeDiskReadViolation: policy=65567 violation=2
09-01 19:54:45.885 4917 4917 D StrictMode: at android.os.StrictMode$AndroidBlockGuardPolicy.onReadFromDisk(StrictMode.java:1263)
09-01 19:54:45.885 4917 4917 D StrictMode: at libcore.io.BlockGuardOs.stat(BlockGuardOs.java:292)
09-01 19:54:45.885 4917 4917 D StrictMode: at java.io.File.length(File.java:722)
09-01 19:54:45.885 4917 4917 D StrictMode: at de.robv.android.xposed.services.DirectAccessService.statFile(DirectAccessService.java:35)
09-01 19:54:45.885 4917 4917 D StrictMode: at de.robv.android.xposed.XSharedPreferences.hasFileChanged(XSharedPreferences.java:175)
09-01 19:54:45.885 4917 4917 D StrictMode: at de.robv.android.xposed.XSharedPreferences.reload(XSharedPreferences.java:164)
09-01 19:54:45.885 4917 4917 D StrictMode: at com.pyler.xinstaller.XInstaller.isModuleEnabled(XInstaller.java:1503)
09-01 19:54:45.885 4917 4917 D StrictMode: at com.pyler.xinstaller.XInstaller.handleLoadPackage(XInstaller.java:1491)
09-01 19:54:45.885 4917 4917 D StrictMode: at de.robv.android.xposed.IXposedHookLoadPackage$Wrapper.handleLoadPackage(IXposedHookLoadPackage.java:34)
09-01 19:54:45.885 4917 4917 D StrictMode: at de.robv.android.xposed.callbacks.XC_LoadPackage.call(XC_LoadPackage.java:61)
09-01 19:54:45.885 4917 4917 D StrictMode: at de.robv.android.xposed.callbacks.XCallback.callAll(XCallback.java:106)
09-01 19:54:45.885 4917 4917 D StrictMode: at de.robv.android.xposed.XposedInit$4.afterHookedMethod(XposedInit.java:172)
09-01 19:54:45.885 4917 4917 D StrictMode: at de.robv.android.xposed.XposedBridge.handleHookedMethod(XposedBridge.java:348)
09-01 19:54:45.885 4917 4917 D StrictMode: at android.app.LoadedApk.()
09-01 19:54:45.885 4917 4917 D StrictMode: at android.app.ActivityThread.getPackageInfo(ActivityThread.java:1828)
09-01 19:54:45.885 4917 4917 D StrictMode: at android.app.ActivityThread.getPackageInfo(ActivityThread.java:1783)
09-01 19:54:45.885 4917 4917 D StrictMode: at android.app.ActivityThread.getPackageInfo(ActivityThread.java:1755)
09-01 19:54:45.885 4917 4917 D StrictMode: at android.app.ContextImpl.createPackageContextAsUser(ContextImpl.java:1692)
09-01 19:54:45.885 4917 4917 D StrictMode: at android.app.ContextImpl.createPackageContext(ContextImpl.java:1679)
09-01 19:54:45.885 4917 4917 D StrictMode: at android.content.ContextWrapper.createPackageContext(ContextWrapper.java:746)
09-01 19:54:45.885 4917 4917 D StrictMode: at android.app.ActivityThread.installProvider(ActivityThread.java:5124)
09-01 19:54:45.885 4917 4917 D StrictMode: at android.app.ActivityThread.installContentProviders(ActivityThread.java:4746)
09-01 19:54:45.885 4917 4917 D StrictMode: at android.app.ActivityThread.handleBindApplication(ActivityThread.java:4686)
09-01 19:54:45.885 4917 4917 D StrictMode: at de.robv.android.xposed.XposedBridge.invokeOriginalMethodNative(Native Method)
09-01 19:54:45.885 4917 4917 D StrictMode: at de.robv.android.xposed.XposedBridge.handleHookedMethod(XposedBridge.java:334)
09-01 19:54:45.885 4917 4917 D StrictMode: at android.app.ActivityThread.handleBindApplication()
09-01 19:54:45.885 4917 4917 D StrictMode: at android.app.ActivityThread.-wrap1(ActivityThread.java)
09-01 19:54:45.885 4917 4917 D StrictMode: at android.app.ActivityThread$H.handleMessage(ActivityThread.java:1405)
09-01 19:54:45.885 4917 4917 D StrictMode: at android.os.Handler.dispatchMessage(Handler.java:102)
09-01 19:54:45.885 4917 4917 D StrictMode: at android.os.Looper.loop(Looper.java:148)
09-01 19:54:45.885 4917 4917 D StrictMode: at android.app.ActivityThread.main(ActivityThread.java:5415)
09-01 19:54:45.885 4917 4917 D StrictMode: at java.lang.reflect.Method.invoke(Native Method)
09-01 19:54:45.885 4917 4917 D StrictMode: at com.android.internal.os.ZygoteInit$MethodAndArgsCaller.run(ZygoteInit.java:744)
09-01 19:54:45.885 4917 4917 D StrictMode: at com.android.internal.os.ZygoteInit.main(ZygoteInit.java:634)
09-01 19:54:45.885 4917 4917 D StrictMode: at de.robv.android.xposed.XposedBridge.main(XposedBridge.java:102)
09-01 19:54:45.889 2452 3247 I ActivityManager: Killing 4322:com.google.android.googlequicksearchbox/u0a52 (adj 15): empty #17
09-01 19:54:45.925 3466 4959 D PkgBroadcastIntentOp: Received broadcast action=android.intent.action.PACKAGE_CHANGED and uri=com.google.android.gms
09-01 19:54:45.946 3147 4960 I UpdateIcingCorporaServi: Updating corpora: APPS=com.google.android.gms, CONTACTS=MAYBE
09-01 19:54:45.979 3466 4959 D MS_IntentHandler: Package broadcast action=android.intent.action.PACKAGE_CHANGED and uri=com.google.android.gms
09-01 19:54:45.979 3466 4959 D WearableController: Received broadcast action=android.intent.action.PACKAGE_CHANGED and uri=com.google.android.gms
09-01 19:54:46.024 2452 3105 D DeepHyber: Allow content request from privileged uid 10003: com.ali.money.shield/com.ali.money.shield.alicleanerlib.provider.CleanerProvider
09-01 19:54:46.026 3147 4960 E Parcel : Reading a NULL string not supported here.
09-01 19:54:46.026 2452 3105 D DeepHyber: Allow content request from privileged uid 10003: me.kuder.diskinfo.pro/android.support.v4.content.FileProvider
09-01 19:54:46.026 2452 3105 D DeepHyber: Allow content request from privileged uid 10003: org.getlantern.lantern/org.lantern.model.ApkProvider
09-01 19:54:46.026 2452 3105 D DeepHyber: Allow content request from privileged uid 10003: org.getlantern.lantern/com.google.firebase.provider.FirebaseInitProvider
09-01 19:54:46.026 2452 3105 D DeepHyber: Allow content request from privileged uid 10003: com.mxtech.videoplayer.pro/com.mxtech.videoplayer.pro.VSSP
09-01 19:54:46.027 2452 3105 D DeepHyber: Allow content request from privileged uid 10003: com.mxtech.videoplayer.pro/com.google.android.gms.measurement.AppMeasurementContentProvider
09-01 19:54:46.027 2452 3105 D DeepHyber: Allow content request from privileged uid 10003: com.antutu.ABenchMark/com.antutu.benchmark.platform.DataContentProvider
09-01 19:54:46.027 2452 3105 D DeepHyber: Allow content request from privileged uid 10003: com.antutu.ABenchMark/com.antutu.benchmark.provider.DownloadProvider
09-01 19:54:46.028 2452 3105 D DeepHyber: Allow content request from privileged uid 10003: com.ghisler.android.TotalCommander/com.ghisler.android.TotalCommander.TcContentProvider
09-01 19:54:46.029 2452 3105 D DeepHyber: Allow content request from privileged uid 10003: com.linuxjet.apps.ChromeUA/com.google.android.gms.measurement.AppMeasurementContentProvider
09-01 19:54:46.030 2452 3105 D DeepHyber: Allow content request from privileged uid 10003: hu.tagsoft.ttorrent.pro/hu.tagsoft.ttorrent.transdroidsearch.TransdroidSearchSuggestionProvider
09-01 19:54:46.030 2452 3105 D DeepHyber: Allow content request from privileged uid 10003: com.android.browser/com.android.browser.provider.BrowserProvider2
09-01 19:54:46.030 2452 3105 D DeepHyber: Allow content request from privileged uid 10003: com.android.browser/com.android.browser.homepages.HomeProvider
09-01 19:54:46.030 2452 3105 D DeepHyber: Allow content request from privileged uid 10003: com.android.browser/com.android.browser.provider.SnapshotProvider
09-01 19:54:46.030 2452 3105 D DeepHyber: Allow content request from privileged uid 10003: com.android.browser/android.support.v4.content.FileProvider
09-01 19:54:46.030 3147 4960 E Parcel : Reading a NULL string not supported here.
09-01 19:54:46.031 2452 3105 D DeepHyber: Allow content request from privileged uid 10003: com.microsoft.office.excel/com.microsoft.office.clipboard.ClipContentProvider
09-01 19:54:46.031 2452 3105 D DeepHyber: Allow content request from privileged uid 10003: com.microsoft.office.excel/com.microsoft.office.officehub.ExcelFileContentProvider
