09-01 19:57:26.334 2092 2410 W audio_hw_primary: out_write error: -1, sleeping...
09-01 19:57:26.345 2092 2410 W audio_hw_primary: out_write error: -1, sleeping...
09-01 19:57:26.356 2092 2410 W audio_hw_primary: out_write error: -1, sleeping...
09-01 19:57:26.367 2092 2410 W audio_hw_primary: out_write error: -1, sleeping...
09-01 19:57:26.379 2092 2410 W audio_hw_primary: out_write error: -1, sleeping...
09-01 19:57:26.390 2092 2410 W audio_hw_primary: out_write error: -1, sleeping...
09-01 19:57:26.401 2092 2410 W audio_hw_primary: out_write error: -1, sleeping...
09-01 19:57:26.412 2092 2410 W audio_hw_primary: out_write error: -1, sleeping...
09-01 19:57:26.423 2092 2410 W audio_hw_primary: out_write error: -1, sleeping...
09-01 19:57:26.433 2092 2410 W audio_hw_primary: out_write error: -1, sleeping...
09-01 19:57:26.444 2092 2410 W audio_hw_primary: out_write error: -1, sleeping...
09-01 19:57:26.455 2092 2410 W audio_hw_primary: out_write error: -1, sleeping...
09-01 19:57:26.466 2092 2410 W audio_hw_primary: out_write error: -1, sleeping...
09-01 19:57:26.477 2092 2410 W audio_hw_primary: out_write error: -1, sleeping...
09-01 19:57:26.488 2092 2410 W audio_hw_primary: out_write error: -1, sleeping...
09-01 19:57:26.499 2092 2410 W audio_hw_primary: out_write error: -1, sleeping...
09-01 19:57:26.509 2092 2410 W audio_hw_primary: out_write error: -1, sleeping...
09-01 19:57:26.520 2092 2410 W audio_hw_primary: out_write error: -1, sleeping...
09-01 19:57:26.531 2092 2410 W audio_hw_primary: out_write error: -1, sleeping...
09-01 19:57:26.542 2092 2410 W audio_hw_primary: out_write error: -1, sleeping...
09-01 19:57:26.552 2092 2410 W audio_hw_primary: out_write error: -1, sleeping...
09-01 19:57:26.563 2092 2410 W audio_hw_primary: out_write error: -1, sleeping...
09-01 19:57:26.576 2092 2410 W audio_hw_primary: out_write error: -1, sleeping...
09-01 19:57:26.598 2092 2410 W audio_hw_primary: out_write error: -1, sleeping...
09-01 19:57:26.608 2092 2410 W audio_hw_primary: out_write error: -1, sleeping...
09-01 19:57:26.616 2092 2411 D AudioFlinger: mixer(0xb4640000) throttle end: throttle time(9)
09-01 19:57:26.619 2092 2410 W audio_hw_primary: out_write error: -1, sleeping...
09-01 19:57:26.630 2092 2410 W audio_hw_primary: out_write error: -1, sleeping...
09-01 19:57:26.641 2092 2410 W audio_hw_primary: out_write error: -1, sleeping...
09-01 19:57:26.651 2092 2410 W audio_hw_primary: out_write error: -1, sleeping...
09-01 19:57:26.662 2092 2410 W audio_hw_primary: out_write error: -1, sleeping...
09-01 19:57:26.673 2092 2410 W audio_hw_primary: out_write error: -1, sleeping...
09-01 19:57:26.684 2092 2410 W audio_hw_primary: out_write error: -1, sleeping...
09-01 19:57:26.694 2092 2410 W audio_hw_primary: out_write error: -1, sleeping...
09-01 19:57:26.705 2092 2410 W audio_hw_primary: out_write error: -1, sleeping...
09-01 19:57:26.716 2092 2410 W audio_hw_primary: out_write error: -1, sleeping...
09-01 19:57:26.726 2092 2410 W audio_hw_primary: out_write error: -1, sleeping...
09-01 19:57:26.737 2092 2410 W audio_hw_primary: out_write error: -1, sleeping...
09-01 19:57:26.748 2092 2410 W audio_hw_primary: out_write error: -1, sleeping...
09-01 19:57:26.759 2092 2410 W audio_hw_primary: out_write error: -1, sleeping...
09-01 19:57:26.769 2092 2410 W audio_hw_primary: out_write error: -1, sleeping...
09-01 19:57:26.780 2092 2410 W audio_hw_primary: out_write error: -1, sleeping...
09-01 19:57:26.791 2092 2410 W audio_hw_primary: out_write error: -1, sleeping...
09-01 19:57:26.802 2092 2410 W audio_hw_primary: out_write error: -1, sleeping...
09-01 19:57:26.815 2092 2410 W audio_hw_primary: out_write error: -1, sleeping...
09-01 19:57:26.837 2092 2410 W audio_hw_primary: out_write error: -1, sleeping...
09-01 19:57:26.848 2092 2410 W audio_hw_primary: out_write error: -1, sleeping...
09-01 19:57:26.858 2092 2410 W audio_hw_primary: out_write error: -1, sleeping...
09-01 19:57:26.869 2092 2410 W audio_hw_primary: out_write error: -1, sleeping...
09-01 19:57:26.880 2092 2410 W audio_hw_primary: out_write error: -1, sleeping...
09-01 19:57:26.891 2092 2410 W audio_hw_primary: out_write error: -1, sleeping...
09-01 19:57:26.901 2092 2410 W audio_hw_primary: out_write error: -1, sleeping...
09-01 19:57:26.912 2092 2410 W audio_hw_primary: out_write error: -1, sleeping...
09-01 19:57:26.923 2092 2410 W audio_hw_primary: out_write error: -1, sleeping...
09-01 19:57:26.934 2092 2410 W audio_hw_primary: out_write error: -1, sleeping...
09-01 19:57:26.945 2092 2410 W audio_hw_primary: out_write error: -1, sleeping...
09-01 19:57:26.955 2092 2410 W audio_hw_primary: out_write error: -1, sleeping...
09-01 19:57:26.966 2092 2410 W audio_hw_primary: out_write error: -1, sleeping...
09-01 19:57:26.977 2092 2410 W audio_hw_primary: out_write error: -1, sleeping...
09-01 19:57:26.988 2092 2410 W audio_hw_primary: out_write error: -1, sleeping...
09-01 19:57:26.998 2092 2410 W audio_hw_primary: out_write error: -1, sleeping...
09-01 19:57:27.009 2092 2410 W audio_hw_primary: out_write error: -1, sleeping...
09-01 19:57:27.020 2092 2410 W audio_hw_primary: out_write error: -1, sleeping...
09-01 19:57:27.030 2092 2410 W audio_hw_primary: out_write error: -1, sleeping...
09-01 19:57:27.041 2092 2410 W audio_hw_primary: out_write error: -1, sleeping...
09-01 19:57:27.052 2092 2410 W audio_hw_primary: out_write error: -1, sleeping...
09-01 19:57:27.063 2092 2410 W audio_hw_primary: out_write error: -1, sleeping...
09-01 19:57:27.074 2092 2410 W audio_hw_primary: out_write error: -1, sleeping...
09-01 19:57:27.084 2092 2410 W audio_hw_primary: out_write error: -1, sleeping...
09-01 19:57:27.095 2092 2410 W audio_hw_primary: out_write error: -1, sleeping...
09-01 19:57:27.106 2092 2410 W audio_hw_primary: out_write error: -1, sleeping...
09-01 19:57:27.116 2092 2410 W audio_hw_primary: out_write error: -1, sleeping...
09-01 19:57:27.127 2092 2410 W audio_hw_primary: out_write error: -1, sleeping...
09-01 19:57:27.138 2092 2410 W audio_hw_primary: out_write error: -1, sleeping...
09-01 19:57:27.149 2092 2410 W audio_hw_primary: out_write error: -1, sleeping...
09-01 19:57:27.159 2092 2410 W audio_hw_primary: out_write error: -1, sleeping...
09-01 19:57:27.170 2092 2410 W audio_hw_primary: out_write error: -1, sleeping...
09-01 19:57:27.181 2092 2410 W audio_hw_primary: out_write error: -1, sleeping...
09-01 19:57:27.192 2092 2410 W audio_hw_primary: out_write error: -1, sleeping...
09-01 19:57:27.204 2092 2410 W audio_hw_primary: out_write error: -1, sleeping...
09-01 19:57:27.215 2092 2410 W audio_hw_primary: out_write error: -1, sleeping...
09-01 19:57:27.226 2092 2410 W audio_hw_primary: out_write error: -1, sleeping...
09-01 19:57:27.237 2092 2410 W audio_hw_primary: out_write error: -1, sleeping...
09-01 19:57:27.248 2092 2410 W audio_hw_primary: out_write error: -1, sleeping...
09-01 19:57:27.259 2092 2410 W audio_hw_primary: out_write error: -1, sleeping...
09-01 19:57:27.271 2092 2410 W audio_hw_primary: out_write error: -1, sleeping...
09-01 19:57:27.282 2092 2410 W audio_hw_primary: out_write error: -1, sleeping...
09-01 19:57:27.293 2092 2410 W audio_hw_primary: out_write error: -1, sleeping...
09-01 19:57:27.304 2092 2410 W audio_hw_primary: out_write error: -1, sleeping...
09-01 19:57:27.314 2092 2410 W audio_hw_primary: out_write error: -1, sleeping...
09-01 19:57:27.326 2092 2410 W audio_hw_primary: out_write error: -1, sleeping...
09-01 19:57:27.337 2092 2410 W audio_hw_primary: out_write error: -1, sleeping...
09-01 19:57:27.348 2092 2410 W audio_hw_primary: out_write error: -1, sleeping...
09-01 19:57:27.359 2092 2410 W audio_hw_primary: out_write error: -1, sleeping...
09-01 19:57:27.370 2092 2410 W audio_hw_primary: out_write error: -1, sleeping...
09-01 19:57:27.381 2092 2410 W audio_hw_primary: out_write error: -1, sleeping...
09-01 19:57:27.392 2092 2410 W audio_hw_primary: out_write error: -1, sleeping...
09-01 19:57:27.404 2092 2410 W audio_hw_primary: out_write error: -1, sleeping...
09-01 19:57:27.415 2092 2410 W audio_hw_primary: out_write error: -1, sleeping...
09-01 19:57:27.426 2092 2410 W audio_hw_primary: out_write error: -1, sleeping...
09-01 19:57:27.437 2092 2410 W audio_hw_primary: out_write error: -1, sleeping...
09-01 19:57:27.448 2092 2410 W audio_hw_primary: out_write error: -1, sleeping...
09-01 19:57:27.459 2092 2410 W audio_hw_primary: out_write error: -1, sleeping...
09-01 19:57:27.470 2092 2410 W audio_hw_primary: out_write error: -1, sleeping...
09-01 19:57:27.482 2092 2410 W audio_hw_primary: out_write error: -1, sleeping...
09-01 19:57:27.493 2092 2410 W audio_hw_primary: out_write error: -1, sleeping...
09-01 19:57:27.504 2092 2410 W audio_hw_primary: out_write error: -1, sleeping...
09-01 19:57:27.515 2092 2410 W audio_hw_primary: out_write error: -1, sleeping...
09-01 19:57:27.526 2092 2410 W audio_hw_primary: out_write error: -1, sleeping...
09-01 19:57:27.537 2092 2410 W audio_hw_primary: out_write error: -1, sleeping...
09-01 19:57:27.548 2092 2410 W audio_hw_primary: out_write error: -1, sleeping...
09-01 19:57:27.559 2092 2410 W audio_hw_primary: out_write error: -1, sleeping...
09-01 19:57:27.570 2092 2410 W audio_hw_primary: out_write error: -1, sleeping...
09-01 19:57:27.583 2092 2410 W audio_hw_primary: out_write error: -1, sleeping...
09-01 19:57:27.605 2092 2410 W audio_hw_primary: out_write error: -1, sleeping...
09-01 19:57:27.616 2092 2410 W audio_hw_primary: out_write error: -1, sleeping...
09-01 19:57:27.623 2092 2411 D AudioFlinger: mixer(0xb4640000) throttle end: throttle time(10)
09-01 19:57:27.626 2092 2410 W audio_hw_primary: out_write error: -1, sleeping...
09-01 19:57:27.637 2092 2410 W audio_hw_primary: out_write error: -1, sleeping...
09-01 19:57:27.648 2092 2410 W audio_hw_primary: out_write error: -1, sleeping...
09-01 19:57:27.659 2092 2410 W audio_hw_primary: out_write error: -1, sleeping...
09-01 19:57:27.669 2092 2410 W audio_hw_primary: out_write error: -1, sleeping...
09-01 19:57:27.680 2092 2410 W audio_hw_primary: out_write error: -1, sleeping...
09-01 19:57:27.691 2092 2410 W audio_hw_primary: out_write error: -1, sleeping...
09-01 19:57:27.702 2092 2410 W audio_hw_primary: out_write error: -1, sleeping...
09-01 19:57:27.712 2092 2410 W audio_hw_primary: out_write error: -1, sleeping...
09-01 19:57:27.723 2092 2410 W audio_hw_primary: out_write error: -1, sleeping...
09-01 19:57:27.734 2092 2410 W audio_hw_primary: out_write error: -1, sleeping...
09-01 19:57:27.745 2092 2410 W audio_hw_primary: out_write error: -1, sleeping...
09-01 19:57:27.755 2092 2410 W audio_hw_primary: out_write error: -1, sleeping...
09-01 19:57:27.766 2092 2410 W audio_hw_primary: out_write error: -1, sleeping...
09-01 19:57:27.777 2092 2410 W audio_hw_primary: out_write error: -1, sleeping...
09-01 19:57:27.788 2092 2410 W audio_hw_primary: out_write error: -1, sleeping...
09-01 19:57:27.798 2092 2410 W audio_hw_primary: out_write error: -1, sleeping...
09-01 19:57:27.809 2092 2410 W audio_hw_primary: out_write error: -1, sleeping...
09-01 19:57:27.820 2092 2410 W audio_hw_primary: out_write error: -1, sleeping...
09-01 19:57:27.831 2092 2410 W audio_hw_primary: out_write error: -1, sleeping...
09-01 19:57:27.841 2092 2410 W audio_hw_primary: out_write error: -1, sleeping...
09-01 19:57:27.852 2092 2410 W audio_hw_primary: out_write error: -1, sleeping...
09-01 19:57:27.863 2092 2410 W audio_hw_primary: out_write error: -1, sleeping...
09-01 19:57:27.874 2092 2410 W audio_hw_primary: out_write error: -1, sleeping...
09-01 19:57:27.884 2092 2410 W audio_hw_primary: out_write error: -1, sleeping...
09-01 19:57:27.895 2092 2410 W audio_hw_primary: out_write error: -1, sleeping...
09-01 19:57:27.906 2092 2410 W audio_hw_primary: out_write error: -1, sleeping...
09-01 19:57:27.917 2092 2410 W audio_hw_primary: out_write error: -1, sleeping...
09-01 19:57:27.928 2092 2410 W audio_hw_primary: out_write error: -1, sleeping...
09-01 19:57:27.939 2092 2410 W audio_hw_primary: out_write error: -1, sleeping...
09-01 19:57:27.951 2092 2410 W audio_hw_primary: out_write error: -1, sleeping...
09-01 19:57:27.962 2092 2410 W audio_hw_primary: out_write error: -1, sleeping...
09-01 19:57:27.973 2092 2410 W audio_hw_primary: out_write error: -1, sleeping...
09-01 19:57:27.985 2092 2410 W audio_hw_primary: out_write error: -1, sleeping...
09-01 19:57:27.996 2092 2410 W audio_hw_primary: out_write error: -1, sleeping...
09-01 19:57:28.010 2092 2410 W audio_hw_primary: out_write error: -1, sleeping...
09-01 19:57:28.031 2092 2410 W audio_hw_primary: out_write error: -1, sleeping...
09-01 19:57:28.042 2092 2410 W audio_hw_primary: out_write error: -1, sleeping...
09-01 19:57:28.053 2092 2410 W audio_hw_primary: out_write error: -1, sleeping...
09-01 19:57:28.053 2092 2411 D AudioFlinger: mixer(0xb4640000) throttle end: throttle time(6)
09-01 19:57:28.064 2092 2410 W audio_hw_primary: out_write error: -1, sleeping...
09-01 19:57:28.074 2092 2410 W audio_hw_primary: out_write error: -1, sleeping...
09-01 19:57:28.085 2092 2410 W audio_hw_primary: out_write error: -1, sleeping...
09-01 19:57:28.096 2092 2410 W audio_hw_primary: out_write error: -1, sleeping...
09-01 19:57:28.107 2092 2410 W audio_hw_primary: out_write error: -1, sleeping...
09-01 19:57:28.117 2092 2410 W audio_hw_primary: out_write error: -1, sleeping...
09-01 19:57:28.128 2092 2410 W audio_hw_primary: out_write error: -1, sleeping...
09-01 19:57:28.139 2092 2410 W audio_hw_primary: out_write error: -1, sleeping...
09-01 19:57:28.150 2092 2410 W audio_hw_primary: out_write error: -1, sleeping...
09-01 19:57:28.160 2092 2410 W audio_hw_primary: out_write error: -1, sleeping...
09-01 19:57:28.171 2092 2410 W audio_hw_primary: out_write error: -1, sleeping...
09-01 19:57:28.182 2092 2410 W audio_hw_primary: out_write error: -1, sleeping...
09-01 19:57:28.193 2092 2410 W audio_hw_primary: out_write error: -1, sleeping...
09-01 19:57:28.203 2092 2410 W audio_hw_primary: out_write error: -1, sleeping...
09-01 19:57:28.214 2092 2410 W audio_hw_primary: out_write error: -1, sleeping...
09-01 19:57:28.225 2092 2410 W audio_hw_primary: out_write error: -1, sleeping...
09-01 19:57:28.236 2092 2410 W audio_hw_primary: out_write error: -1, sleeping...
09-01 19:57:28.246 2092 2410 W audio_hw_primary: out_write error: -1, sleeping...
09-01 19:57:28.257 2092 2410 W audio_hw_primary: out_write error: -1, sleeping...
09-01 19:57:28.268 2092 2410 W audio_hw_primary: out_write error: -1, sleeping...
09-01 19:57:28.279 2092 2410 W audio_hw_primary: out_write error: -1, sleeping...
09-01 19:57:28.290 2092 2410 W audio_hw_primary: out_write error: -1, sleeping...
09-01 19:57:28.300 2092 2410 W audio_hw_primary: out_write error: -1, sleeping...
09-01 19:57:28.312 2092 2410 W audio_hw_primary: out_write error: -1, sleeping...
09-01 19:57:28.325 2092 2410 W audio_hw_primary: out_write error: -1, sleeping...
09-01 19:57:28.347 2092 2410 W audio_hw_primary: out_write error: -1, sleeping...
09-01 19:57:28.358 2092 2410 W audio_hw_primary: out_write error: -1, sleeping...
09-01 19:57:28.369 2092 2410 W audio_hw_primary: out_write error: -1, sleeping...
09-01 19:57:28.372 2092 2411 D AudioFlinger: mixer(0xb4640000) throttle end: throttle time(3)
09-01 19:57:28.379 2092 2410 W audio_hw_primary: out_write error: -1, sleeping...
09-01 19:57:28.390 2092 2410 W audio_hw_primary: out_write error: -1, sleeping...
09-01 19:57:28.401 2092 2410 W audio_hw_primary: out_write error: -1, sleeping...
09-01 19:57:28.412 2092 2410 W audio_hw_primary: out_write error: -1, sleeping...
09-01 19:57:28.422 2092 2410 W audio_hw_primary: out_write error: -1, sleeping...
09-01 19:57:28.433 2092 2410 W audio_hw_primary: out_write error: -1, sleeping...
09-01 19:57:28.444 2092 2410 W audio_hw_primary: out_write error: -1, sleeping...
09-01 19:57:28.454 2092 2410 W audio_hw_primary: out_write error: -1, sleeping...
09-01 19:57:28.465 2092 2410 W audio_hw_primary: out_write error: -1, sleeping...
09-01 19:57:28.476 2092 2410 W audio_hw_primary: out_write error: -1, sleeping...
09-01 19:57:28.487 2092 2410 W audio_hw_primary: out_write error: -1, sleeping...
09-01 19:57:28.497 2092 2410 W audio_hw_primary: out_write error: -1, sleeping...
09-01 19:57:28.508 2092 2410 W audio_hw_primary: out_write error: -1, sleeping...
09-01 19:57:28.519 2092 2410 W audio_hw_primary: out_write error: -1, sleeping...
09-01 19:57:28.530 2092 2410 W audio_hw_primary: out_write error: -1, sleeping...
09-01 19:57:28.540 2092 2410 W audio_hw_primary: out_write error: -1, sleeping...
09-01 19:57:28.551 2092 2410 W audio_hw_primary: out_write error: -1, sleeping...
09-01 19:57:28.562 2092 2410 W audio_hw_primary: out_write error: -1, sleeping...
09-01 19:57:28.573 2092 2410 W audio_hw_primary: out_write error: -1, sleeping...
09-01 19:57:28.584 2092 2410 W audio_hw_primary: out_write error: -1, sleeping...
09-01 19:57:28.594 2092 2410 W audio_hw_primary: out_write error: -1, sleeping...
09-01 19:57:28.605 2092 2410 W audio_hw_primary: out_write error: -1, sleeping...
09-01 19:57:28.616 2092 2410 W audio_hw_primary: out_write error: -1, sleeping...
09-01 19:57:28.627 2092 2410 W audio_hw_primary: out_write error: -1, sleeping...
09-01 19:57:28.637 2092 2410 W audio_hw_primary: out_write error: -1, sleeping...
09-01 19:57:28.648 2092 2410 W audio_hw_primary: out_write error: -1, sleeping...
09-01 19:57:28.659 2092 2410 W audio_hw_primary: out_write error: -1, sleeping...
09-01 19:57:28.670 2092 2410 W audio_hw_primary: out_write error: -1, sleeping...
09-01 19:57:28.680 2092 2410 W audio_hw_primary: out_write error: -1, sleeping...
09-01 19:57:28.691 2092 2410 W audio_hw_primary: out_write error: -1, sleeping...
09-01 19:57:28.702 2092 2410 W audio_hw_primary: out_write error: -1, sleeping...
09-01 19:57:28.713 2092 2410 W audio_hw_primary: out_write error: -1, sleeping...
09-01 19:57:28.723 2092 2410 W audio_hw_primary: out_write error: -1, sleeping...
09-01 19:57:28.734 2092 2410 W audio_hw_primary: out_write error: -1, sleeping...
09-01 19:57:28.745 2092 2410 W audio_hw_primary: out_write error: -1, sleeping...
09-01 19:57:28.756 2092 2410 W audio_hw_primary: out_write error: -1, sleeping...
09-01 19:57:28.766 2092 2410 W audio_hw_primary: out_write error: -1, sleeping...
09-01 19:57:28.777 2092 2410 W audio_hw_primary: out_write error: -1, sleeping...
09-01 19:57:28.788 2092 2410 W audio_hw_primary: out_write error: -1, sleeping...
09-01 19:57:28.799 2092 2410 W audio_hw_primary: out_write error: -1, sleeping...
09-01 19:57:28.809 2092 2410 W audio_hw_primary: out_write error: -1, sleeping...
09-01 19:57:28.820 2092 2410 W audio_hw_primary: out_write error: -1, sleeping...
09-01 19:57:28.831 2092 2410 W audio_hw_primary: out_write error: -1, sleeping...
09-01 19:57:28.841 2092 2410 W audio_hw_primary: out_write error: -1, sleeping...
09-01 19:57:28.852 2092 2410 W audio_hw_primary: out_write error: -1, sleeping...
09-01 19:57:28.863 2092 2410 W audio_hw_primary: out_write error: -1, sleeping...
09-01 19:57:28.874 2092 2410 W audio_hw_primary: out_write error: -1, sleeping...
09-01 19:57:28.885 2092 2410 W audio_hw_primary: out_write error: -1, sleeping...
09-01 19:57:28.896 2092 2410 W audio_hw_primary: out_write error: -1, sleeping...
09-01 19:57:28.907 2092 2410 W audio_hw_primary: out_write error: -1, sleeping...
09-01 19:57:28.919 2092 2410 W audio_hw_primary: out_write error: -1, sleeping...
09-01 19:57:28.930 2092 2410 W audio_hw_primary: out_write error: -1, sleeping...
09-01 19:57:28.941 2092 2410 W audio_hw_primary: out_write error: -1, sleeping...
09-01 19:57:28.953 2092 2410 W audio_hw_primary: out_write error: -1, sleeping...
09-01 19:57:28.964 2092 2410 W audio_hw_primary: out_write error: -1, sleeping...
09-01 19:57:28.975 2092 2410 W audio_hw_primary: out_write error: -1, sleeping...
09-01 19:57:28.986 2092 2410 W audio_hw_primary: out_write error: -1, sleeping...
09-01 19:57:28.998 2092 2410 W audio_hw_primary: out_write error: -1, sleeping...
09-01 19:57:29.009 2092 2410 W audio_hw_primary: out_write error: -1, sleeping...
09-01 19:57:29.020 2092 2410 W audio_hw_primary: out_write error: -1, sleeping...
09-01 19:57:29.031 2092 2410 W audio_hw_primary: out_write error: -1, sleeping...
09-01 19:57:29.043 2092 2410 W audio_hw_primary: out_write error: -1, sleeping...
09-01 19:57:29.054 2092 2410 W audio_hw_primary: out_write error: -1, sleeping...
09-01 19:57:29.065 2092 2410 W audio_hw_primary: out_write error: -1, sleeping...
09-01 19:57:29.076 2092 2410 W audio_hw_primary: out_write error: -1, sleeping...
09-01 19:57:29.088 2092 2410 W audio_hw_primary: out_write error: -1, sleeping...
09-01 19:57:29.099 2092 2410 W audio_hw_primary: out_write error: -1, sleeping...
09-01 19:57:29.110 2092 2410 W audio_hw_primary: out_write error: -1, sleeping...
09-01 19:57:29.121 2092 2410 W audio_hw_primary: out_write error: -1, sleeping...
09-01 19:57:29.133 2092 2410 W audio_hw_primary: out_write error: -1, sleeping...
09-01 19:57:29.144 2092 2410 W audio_hw_primary: out_write error: -1, sleeping...
09-01 19:57:29.155 2092 2410 W audio_hw_primary: out_write error: -1, sleeping...
09-01 19:57:29.166 2092 2410 W audio_hw_primary: out_write error: -1, sleeping...
09-01 19:57:29.178 2092 2410 W audio_hw_primary: out_write error: -1, sleeping...
09-01 19:57:29.190 2092 2410 W audio_hw_primary: out_write error: -1, sleeping...
09-01 19:57:29.201 2092 2410 W audio_hw_primary: out_write error: -1, sleeping...
09-01 19:57:29.212 2092 2410 W audio_hw_primary: out_write error: -1, sleeping...
09-01 19:57:29.223 2092 2410 W audio_hw_primary: out_write error: -1, sleeping...
09-01 19:57:29.235 2092 2410 W audio_hw_primary: out_write error: -1, sleeping...
09-01 19:57:29.246 2092 2410 W audio_hw_primary: out_write error: -1, sleeping...
09-01 19:57:29.258 2092 2410 W audio_hw_primary: out_write error: -1, sleeping...
09-01 19:57:29.269 2092 2410 W audio_hw_primary: out_write error: -1, sleeping...
09-01 19:57:29.280 2092 2410 W audio_hw_primary: out_write error: -1, sleeping...
09-01 19:57:29.285 2452 2530 W AudioTrack: AUDIO_OUTPUT_FLAG_FAST denied by client; transfer 4, track 44100 Hz, output 48000 Hz
09-01 19:57:29.294 2092 2410 W audio_hw_primary: out_write error: -1, sleeping...
09-01 19:57:29.316 2092 2410 W audio_hw_primary: out_write error: -1, sleeping...
09-01 19:57:29.327 2092 2410 W audio_hw_primary: out_write error: -1, sleeping...
09-01 19:57:29.338 2092 2410 W audio_hw_primary: out_write error: -1, sleeping...
09-01 19:57:29.348 2092 2410 W audio_hw_primary: out_write error: -1, sleeping...
09-01 19:57:29.359 2092 2410 W audio_hw_primary: out_write error: -1, sleeping...
09-01 19:57:29.370 2092 2410 W audio_hw_primary: out_write error: -1, sleeping...
09-01 19:57:29.381 2092 2410 W audio_hw_primary: out_write error: -1, sleeping...
09-01 19:57:29.391 2092 2410 W audio_hw_primary: out_write error: -1, sleeping...
09-01 19:57:29.402 2092 2410 W audio_hw_primary: out_write error: -1, sleeping...
09-01 19:57:29.413 2092 2410 W audio_hw_primary: out_write error: -1, sleeping...
09-01 19:57:29.424 2092 2410 W audio_hw_primary: out_write error: -1, sleeping...
09-01 19:57:29.435 2092 2410 W audio_hw_primary: out_write error: -1, sleeping...
09-01 19:57:29.446 2092 2410 W audio_hw_primary: out_write error: -1, sleeping...
09-01 19:57:29.457 2092 2410 W audio_hw_primary: out_write error: -1, sleeping...
09-01 19:57:29.468 2092 2410 W audio_hw_primary: out_write error: -1, sleeping...
09-01 19:57:29.479 2092 2410 W audio_hw_primary: out_write error: -1, sleeping...
09-01 19:57:29.490 2092 2410 W audio_hw_primary: out_write error: -1, sleeping...
09-01 19:57:29.502 2092 2410 W audio_hw_primary: out_write error: -1, sleeping...
09-01 19:57:29.513 2092 2410 W audio_hw_primary: out_write error: -1, sleeping...
09-01 19:57:29.524 2092 2410 W audio_hw_primary: out_write error: -1, sleeping...
09-01 19:57:29.535 2092 2410 W audio_hw_primary: out_write error: -1, sleeping...
09-01 19:57:29.546 2092 2410 W audio_hw_primary: out_write error: -1, sleeping...
09-01 19:57:29.557 2092 2410 W audio_hw_primary: out_write error: -1, sleeping...
09-01 19:57:29.568 2092 2410 W audio_hw_primary: out_write error: -1, sleeping...
09-01 19:57:29.579 2092 2410 W audio_hw_primary: out_write error: -1, sleeping...
09-01 19:57:29.590 2092 2410 W audio_hw_primary: out_write error: -1, sleeping...
09-01 19:57:29.601 2092 2410 W audio_hw_primary: out_write error: -1, sleeping...
09-01 19:57:29.613 2092 2410 W audio_hw_primary: out_write error: -1, sleeping...
09-01 19:57:29.624 2092 2410 W audio_hw_primary: out_write error: -1, sleeping...
09-01 19:57:29.635 2092 2410 W audio_hw_primary: out_write error: -1, sleeping...
09-01 19:57:29.646 2092 2410 W audio_hw_primary: out_write error: -1, sleeping...
09-01 19:57:29.658 2092 2410 W audio_hw_primary: out_write error: -1, sleeping...
09-01 19:57:29.669 2092 2410 W audio_hw_primary: out_write error: -1, sleeping...
09-01 19:57:29.680 2092 2410 W audio_hw_primary: out_write error: -1, sleeping...
09-01 19:57:29.691 2092 2410 W audio_hw_primary: out_write error: -1, sleeping...
09-01 19:57:29.702 2092 2410 W audio_hw_primary: out_write error: -1, sleeping...
09-01 19:57:29.714 2092 2410 W audio_hw_primary: out_write error: -1, sleeping...
09-01 19:57:29.725 2092 2410 W audio_hw_primary: out_write error: -1, sleeping...
09-01 19:57:29.736 2092 2410 W audio_hw_primary: out_write error: -1, sleeping...
09-01 19:57:29.747 2092 2410 W audio_hw_primary: out_write error: -1, sleeping...
09-01 19:57:29.759 2092 2410 W audio_hw_primary: out_write error: -1, sleeping...
09-01 19:57:29.770 2092 2410 W audio_hw_primary: out_write error: -1, sleeping...
09-01 19:57:29.781 2092 2410 W audio_hw_primary: out_write error: -1, sleeping...
09-01 19:57:29.792 2092 2410 W audio_hw_primary: out_write error: -1, sleeping...
09-01 19:57:29.803 2092 2410 W audio_hw_primary: out_write error: -1, sleeping...
09-01 19:57:29.815 2092 2410 W audio_hw_primary: out_write error: -1, sleeping...
09-01 19:57:29.826 2092 2410 W audio_hw_primary: out_write error: -1, sleeping...
09-01 19:57:29.837 2092 2410 W audio_hw_primary: out_write error: -1, sleeping...
09-01 19:57:29.848 2092 2410 W audio_hw_primary: out_write error: -1, sleeping...
09-01 19:57:29.859 2092 2410 W audio_hw_primary: out_write error: -1, sleeping...
09-01 19:57:29.871 2092 2410 W audio_hw_primary: out_write error: -1, sleeping...
09-01 19:57:29.882 2092 2410 W audio_hw_primary: out_write error: -1, sleeping...
09-01 19:57:29.893 2092 2410 W audio_hw_primary: out_write error: -1, sleeping...
09-01 19:57:29.904 2092 2410 W audio_hw_primary: out_write error: -1, sleeping...
09-01 19:57:29.916 2092 2410 W audio_hw_primary: out_write error: -1, sleeping...
09-01 19:57:29.927 2092 2410 W audio_hw_primary: out_write error: -1, sleeping...
09-01 19:57:29.940 2092 2410 W audio_hw_primary: out_write error: -1, sleeping...
09-01 19:57:29.961 2092 2410 W audio_hw_primary: out_write error: -1, sleeping...
09-01 19:57:29.972 2092 2410 W audio_hw_primary: out_write error: -1, sleeping...
09-01 19:57:29.983 2092 2410 W audio_hw_primary: out_write error: -1, sleeping...
09-01 19:57:29.993 2092 2410 W audio_hw_primary: out_write error: -1, sleeping...
09-01 19:57:30.004 2092 2410 W audio_hw_primary: out_write error: -1, sleeping...
09-01 19:57:30.015 2092 2410 W audio_hw_primary: out_write error: -1, sleeping...
09-01 19:57:30.026 2092 2410 W audio_hw_primary: out_write error: -1, sleeping...
09-01 19:57:30.037 2092 2410 W audio_hw_primary: out_write error: -1, sleeping...
09-01 19:57:30.047 2092 2410 W audio_hw_primary: out_write error: -1, sleeping...
09-01 19:57:30.058 2092 2410 W audio_hw_primary: out_write error: -1, sleeping...
09-01 19:57:30.069 2092 2410 W audio_hw_primary: out_write error: -1, sleeping...
09-01 19:57:30.080 2092 2410 W audio_hw_primary: out_write error: -1, sleeping...
09-01 19:57:30.090 2092 2410 W audio_hw_primary: out_write error: -1, sleeping...
09-01 19:57:30.101 2092 2410 W audio_hw_primary: out_write error: -1, sleeping...
09-01 19:57:30.112 2092 2410 W audio_hw_primary: out_write error: -1, sleeping...
09-01 19:57:30.123 2092 2410 W audio_hw_primary: out_write error: -1, sleeping...
09-01 19:57:30.133 2092 2410 W audio_hw_primary: out_write error: -1, sleeping...
09-01 19:57:30.144 2092 2410 W audio_hw_primary: out_write error: -1, sleeping...
09-01 19:57:30.155 2092 2410 W audio_hw_primary: out_write error: -1, sleeping...
09-01 19:57:30.166 2092 2410 W audio_hw_primary: out_write error: -1, sleeping...
09-01 19:57:30.176 2092 2410 W audio_hw_primary: out_write error: -1, sleeping...
09-01 19:57:30.187 2092 2410 W audio_hw_primary: out_write error: -1, sleeping...
09-01 19:57:30.198 2092 2410 W audio_hw_primary: out_write error: -1, sleeping...
09-01 19:57:30.209 2092 2410 W audio_hw_primary: out_write error: -1, sleeping...
09-01 19:57:30.219 2092 2410 W audio_hw_primary: out_write error: -1, sleeping...
09-01 19:57:30.230 2092 2410 W audio_hw_primary: out_write error: -1, sleeping...
09-01 19:57:30.241 2092 2410 W audio_hw_primary: out_write error: -1, sleeping...
09-01 19:57:30.252 2092 2410 W audio_hw_primary: out_write error: -1, sleeping...
09-01 19:57:30.262 2092 2410 W audio_hw_primary: out_write error: -1, sleeping...
09-01 19:57:30.273 2092 2410 W audio_hw_primary: out_write error: -1, sleeping...
09-01 19:57:30.284 2092 2410 W audio_hw_primary: out_write error: -1, sleeping...
09-01 19:57:30.295 2092 2410 W audio_hw_primary: out_write error: -1, sleeping...
09-01 19:57:30.305 2092 2410 W audio_hw_primary: out_write error: -1, sleeping...
09-01 19:57:30.316 2092 2410 W audio_hw_primary: out_write error: -1, sleeping...
09-01 19:57:30.327 2092 2410 W audio_hw_primary: out_write error: -1, sleeping...
09-01 19:57:30.337 2092 2410 W audio_hw_primary: out_write error: -1, sleeping...
09-01 19:57:30.348 2092 2410 W audio_hw_primary: out_write error: -1, sleeping...
09-01 19:57:30.359 2092 2410 W audio_hw_primary: out_write error: -1, sleeping...
09-01 19:57:30.370 2092 2410 W audio_hw_primary: out_write error: -1, sleeping...
09-01 19:57:30.380 2092 2410 W audio_hw_primary: out_write error: -1, sleeping...
09-01 19:57:30.391 2092 2410 W audio_hw_primary: out_write error: -1, sleeping...
09-01 19:57:30.402 2092 2410 W audio_hw_primary: out_write error: -1, sleeping...
09-01 19:57:30.413 2092 2410 W audio_hw_primary: out_write error: -1, sleeping...
09-01 19:57:30.424 2092 2410 W audio_hw_primary: out_write error: -1, sleeping...
09-01 19:57:30.436 2092 2410 W audio_hw_primary: out_write error: -1, sleeping...
09-01 19:57:30.447 2092 2410 W audio_hw_primary: out_write error: -1, sleeping...
09-01 19:57:30.458 2092 2410 W audio_hw_primary: out_write error: -1, sleeping...
09-01 19:57:30.471 2092 2410 W audio_hw_primary: out_write error: -1, sleeping...
09-01 19:57:30.482 2092 2410 W audio_hw_primary: out_write error: -1, sleeping...
09-01 19:57:30.492 2092 2410 W audio_hw_primary: out_write error: -1, sleeping...
09-01 19:57:30.504 2092 2410 W audio_hw_primary: out_write error: -1, sleeping...
09-01 19:57:30.515 2092 2410 W audio_hw_primary: out_write error: -1, sleeping...
09-01 19:57:30.525 2092 2410 W audio_hw_primary: out_write error: -1, sleeping...
09-01 19:57:30.536 2092 2410 W audio_hw_primary: out_write error: -1, sleeping...
09-01 19:57:30.547 2092 2410 W audio_hw_primary: out_write error: -1, sleeping...
09-01 19:57:30.558 2092 2410 W audio_hw_primary: out_write error: -1, sleeping...
09-01 19:57:30.569 2092 2410 W audio_hw_primary: out_write error: -1, sleeping...
09-01 19:57:30.580 2092 2410 W audio_hw_primary: out_write error: -1, sleeping...
09-01 19:57:30.591 2092 2410 W audio_hw_primary: out_write error: -1, sleeping...
09-01 19:57:30.603 2092 2410 W audio_hw_primary: out_write error: -1, sleeping...
09-01 19:57:30.614 2092 2410 W audio_hw_primary: out_write error: -1, sleeping...
09-01 19:57:30.625 2092 2410 W audio_hw_primary: out_write error: -1, sleeping...
09-01 19:57:30.636 2092 2410 W audio_hw_primary: out_write error: -1, sleeping...
09-01 19:57:30.648 2092 2410 W audio_hw_primary: out_write error: -1, sleeping...
09-01 19:57:30.659 2092 2410 W audio_hw_primary: out_write error: -1, sleeping...
09-01 19:57:30.670 2092 2410 W audio_hw_primary: out_write error: -1, sleeping...
09-01 19:57:30.682 2092 2410 W audio_hw_primary: out_write error: -1, sleeping...
09-01 19:57:30.693 2092 2410 W audio_hw_primary: out_write error: -1, sleeping...
09-01 19:57:30.704 2092 2410 W audio_hw_primary: out_write error: -1, sleeping...
09-01 19:57:30.715 2092 2410 W audio_hw_primary: out_write error: -1, sleeping...
09-01 19:57:30.727 2092 2410 W audio_hw_primary: out_write error: -1, sleeping...
09-01 19:57:30.738 2092 2410 W audio_hw_primary: out_write error: -1, sleeping...
09-01 19:57:30.749 2092 2410 W audio_hw_primary: out_write error: -1, sleeping...
09-01 19:57:30.761 2092 2410 W audio_hw_primary: out_write error: -1, sleeping...
09-01 19:57:30.772 2092 2410 W audio_hw_primary: out_write error: -1, sleeping...
09-01 19:57:30.783 2092 2410 W audio_hw_primary: out_write error: -1, sleeping...
09-01 19:57:30.794 2092 2410 W audio_hw_primary: out_write error: -1, sleeping...
09-01 19:57:30.806 2092 2410 W audio_hw_primary: out_write error: -1, sleeping...
09-01 19:57:30.817 2092 2410 W audio_hw_primary: out_write error: -1, sleeping...
09-01 19:57:30.828 2092 2410 W audio_hw_primary: out_write error: -1, sleeping...
09-01 19:57:30.839 2092 2410 W audio_hw_primary: out_write error: -1, sleeping...
09-01 19:57:30.851 2092 2410 W audio_hw_primary: out_write error: -1, sleeping...
09-01 19:57:30.862 2092 2410 W audio_hw_primary: out_write error: -1, sleeping...
09-01 19:57:30.873 2092 2410 W audio_hw_primary: out_write error: -1, sleeping...
09-01 19:57:30.885 2092 2410 W audio_hw_primary: out_write error: -1, sleeping...
09-01 19:57:30.896 2092 2410 W audio_hw_primary: out_write error: -1, sleeping...
09-01 19:57:30.907 2092 2410 W audio_hw_primary: out_write error: -1, sleeping...
09-01 19:57:30.919 2092 2410 W audio_hw_primary: out_write error: -1, sleeping...
09-01 19:57:30.930 2092 2410 W audio_hw_primary: out_write error: -1, sleeping...
09-01 19:57:30.941 2092 2410 W audio_hw_primary: out_write error: -1, sleeping...
09-01 19:57:30.952 2092 2410 W audio_hw_primary: out_write error: -1, sleeping...
09-01 19:57:30.964 2092 2410 W audio_hw_primary: out_write error: -1, sleeping...
09-01 19:57:30.975 2092 2410 W audio_hw_primary: out_write error: -1, sleeping...
09-01 19:57:30.986 2092 2410 W audio_hw_primary: out_write error: -1, sleeping...
09-01 19:57:30.998 2092 2410 W audio_hw_primary: out_write error: -1, sleeping...
09-01 19:57:31.009 2092 2410 W audio_hw_primary: out_write error: -1, sleeping...
09-01 19:57:31.020 2092 2410 W audio_hw_primary: out_write error: -1, sleeping...
09-01 19:57:31.032 2092 2410 W audio_hw_primary: out_write error: -1, sleeping...
09-01 19:57:31.043 2092 2410 W audio_hw_primary: out_write error: -1, sleeping...
09-01 19:57:31.054 2092 2410 W audio_hw_primary: out_write error: -1, sleeping...
09-01 19:57:31.065 2092 2410 W audio_hw_primary: out_write error: -1, sleeping...
09-01 19:57:31.076 2092 2410 W audio_hw_primary: out_write error: -1, sleeping...
09-01 19:57:31.087 2092 2410 W audio_hw_primary: out_write error: -1, sleeping...
09-01 19:57:31.099 2092 2410 W audio_hw_primary: out_write error: -1, sleeping...
09-01 19:57:31.110 2092 2410 W audio_hw_primary: out_write error: -1, sleeping...
09-01 19:57:31.121 2092 2410 W audio_hw_primary: out_write error: -1, sleeping...
09-01 19:57:31.132 2092 2410 W audio_hw_primary: out_write error: -1, sleeping...
09-01 19:57:31.144 2092 2410 W audio_hw_primary: out_write error: -1, sleeping...
09-01 19:57:31.155 2092 2410 W audio_hw_primary: out_write error: -1, sleeping...
09-01 19:57:31.166 2092 2410 W audio_hw_primary: out_write error: -1, sleeping...
09-01 19:57:31.178 2092 2410 W audio_hw_primary: out_write error: -1, sleeping...
09-01 19:57:31.189 2092 2410 W audio_hw_primary: out_write error: -1, sleeping...
09-01 19:57:31.201 2092 2410 W audio_hw_primary: out_write error: -1, sleeping...
09-01 19:57:31.212 2092 2410 W audio_hw_primary: out_write error: -1, sleeping...
09-01 19:57:31.223 2092 2410 W audio_hw_primary: out_write error: -1, sleeping...
09-01 19:57:31.234 2092 2410 W audio_hw_primary: out_write error: -1, sleeping...
09-01 19:57:31.246 2092 2410 W audio_hw_primary: out_write error: -1, sleeping...
09-01 19:57:31.257 2092 2410 W audio_hw_primary: out_write error: -1, sleeping...
09-01 19:57:31.268 2092 2410 W audio_hw_primary: out_write error: -1, sleeping...
09-01 19:57:31.279 2092 2410 W audio_hw_primary: out_write error: -1, sleeping...
09-01 19:57:31.291 2092 2410 W audio_hw_primary: out_write error: -1, sleeping...
09-01 19:57:31.302 2092 2410 W audio_hw_primary: out_write error: -1, sleeping...
09-01 19:57:31.313 2092 2410 W audio_hw_primary: out_write error: -1, sleeping...
09-01 19:57:31.325 2092 2410 W audio_hw_primary: out_write error: -1, sleeping...
09-01 19:57:31.336 2092 2410 W audio_hw_primary: out_write error: -1, sleeping...
09-01 19:57:31.347 2092 2410 W audio_hw_primary: out_write error: -1, sleeping...
09-01 19:57:31.358 2092 2410 W audio_hw_primary: out_write error: -1, sleeping...
09-01 19:57:31.370 2092 2410 W audio_hw_primary: out_write error: -1, sleeping...
09-01 19:57:31.381 2092 2410 W audio_hw_primary: out_write error: -1, sleeping...
09-01 19:57:31.392 2092 2410 W audio_hw_primary: out_write error: -1, sleeping...
09-01 19:57:31.403 2092 2410 W audio_hw_primary: out_write error: -1, sleeping...
09-01 19:57:31.415 2092 2410 W audio_hw_primary: out_write error: -1, sleeping...
09-01 19:57:31.426 2092 2410 W audio_hw_primary: out_write error: -1, sleeping...
09-01 19:57:31.437 2092 2410 W audio_hw_primary: out_write error: -1, sleeping...
09-01 19:57:31.449 2092 2410 W audio_hw_primary: out_write error: -1, sleeping...
09-01 19:57:31.460 2092 2410 W audio_hw_primary: out_write error: -1, sleeping...
09-01 19:57:31.471 2092 2410 W audio_hw_primary: out_write error: -1, sleeping...
09-01 19:57:31.483 2092 2410 W audio_hw_primary: out_write error: -1, sleeping...
09-01 19:57:31.494 2092 2410 W audio_hw_primary: out_write error: -1, sleeping...
09-01 19:57:31.505 2092 2410 W audio_hw_primary: out_write error: -1, sleeping...
09-01 19:57:31.515 2092 2410 W audio_hw_primary: out_write error: -1, sleeping...
09-01 19:57:31.526 2092 2410 W audio_hw_primary: out_write error: -1, sleeping...
09-01 19:57:31.537 2092 2410 W audio_hw_primary: out_write error: -1, sleeping...
09-01 19:57:31.548 2092 2410 W audio_hw_primary: out_write error: -1, sleeping...
09-01 19:57:31.558 2092 2410 W audio_hw_primary: out_write error: -1, sleeping...
09-01 19:57:31.569 2092 2410 W audio_hw_primary: out_write error: -1, sleeping...
09-01 19:57:31.580 2092 2410 W audio_hw_primary: out_write error: -1, sleeping...
09-01 19:57:31.591 2092 2410 W audio_hw_primary: out_write error: -1, sleeping...
09-01 19:57:31.601 2092 2410 W audio_hw_primary: out_write error: -1, sleeping...
09-01 19:57:31.612 2092 2410 W audio_hw_primary: out_write error: -1, sleeping...
09-01 19:57:31.623 2092 2410 W audio_hw_primary: out_write error: -1, sleeping...
09-01 19:57:31.634 2092 2410 W audio_hw_primary: out_write error: -1, sleeping...
09-01 19:57:31.644 2092 2410 W audio_hw_primary: out_write error: -1, sleeping...
09-01 19:57:31.655 2092 2410 W audio_hw_primary: out_write error: -1, sleeping...
09-01 19:57:31.666 2092 2410 W audio_hw_primary: out_write error: -1, sleeping...
09-01 19:57:31.677 2092 2410 W audio_hw_primary: out_write error: -1, sleeping...
09-01 19:57:31.687 2092 2410 W audio_hw_primary: out_write error: -1, sleeping...
09-01 19:57:31.698 2092 2410 W audio_hw_primary: out_write error: -1, sleeping...
09-01 19:57:31.709 2092 2410 W audio_hw_primary: out_write error: -1, sleeping...
09-01 19:57:31.720 2092 2410 W audio_hw_primary: out_write error: -1, sleeping...
09-01 19:57:31.731 2092 2410 W audio_hw_primary: out_write error: -1, sleeping...
09-01 19:57:31.741 2092 2410 W audio_hw_primary: out_write error: -1, sleeping...
09-01 19:57:31.752 2092 2410 W audio_hw_primary: out_write error: -1, sleeping...
09-01 19:57:31.763 2092 2410 W audio_hw_primary: out_write error: -1, sleeping...
09-01 19:57:31.774 2092 2410 W audio_hw_primary: out_write error: -1, sleeping...
09-01 19:57:31.785 2092 2410 W audio_hw_primary: out_write error: -1, sleeping...
09-01 19:57:31.795 2092 2410 W audio_hw_primary: out_write error: -1, sleeping...
09-01 19:57:31.806 2092 2410 W audio_hw_primary: out_write error: -1, sleeping...
09-01 19:57:31.816 5237 5237 E Xposed : java.lang.ClassCastException: android.widget.LinearLayout cannot be cast to android.widget.RelativeLayout
09-01 19:57:31.816 5237 5237 E Xposed : at com.smartmadsoft.xposed.aio.tweaks.NoToastIcons$1.beforeHookedMethod(NoToastIcons.java:20)
09-01 19:57:31.816 5237 5237 E Xposed : at de.robv.android.xposed.XposedBridge.handleHookedMethod(XposedBridge.java:314)
09-01 19:57:31.816 5237 5237 E Xposed : at android.widget.Toast$TN.trySendAccessibilityEvent()
09-01 19:57:31.816 5237 5237 E Xposed : at android.widget.Toast$TN.handleShow(Toast.java:426)
09-01 19:57:31.816 5237 5237 E Xposed : at de.robv.android.xposed.XposedBridge.invokeOriginalMethodNative(Native Method)
09-01 19:57:31.816 5237 5237 E Xposed : at de.robv.android.xposed.XposedBridge.handleHookedMethod(XposedBridge.java:334)
09-01 19:57:31.816 5237 5237 E Xposed : at android.widget.Toast$TN.handleShow()
09-01 19:57:31.816 5237 5237 E Xposed : at android.widget.Toast$TN$1.run(Toast.java:331)
09-01 19:57:31.816 5237 5237 E Xposed : at android.os.Handler.handleCallback(Handler.java:739)
09-01 19:57:31.816 5237 5237 E Xposed : at android.os.Handler.dispatchMessage(Handler.java:95)
09-01 19:57:31.816 5237 5237 E Xposed : at android.os.Looper.loop(Looper.java:148)
09-01 19:57:31.816 5237 5237 E Xposed : at android.app.ActivityThread.main(ActivityThread.java:5415)
09-01 19:57:31.816 5237 5237 E Xposed : at java.lang.reflect.Method.invoke(Native Method)
09-01 19:57:31.816 5237 5237 E Xposed : at com.android.internal.os.ZygoteInit$MethodAndArgsCaller.run(ZygoteInit.java:744)
09-01 19:57:31.816 5237 5237 E Xposed : at com.android.internal.os.ZygoteInit.main(ZygoteInit.java:634)
09-01 19:57:31.816 5237 5237 E Xposed : at de.robv.android.xposed.XposedBridge.main(XposedBridge.java:102)
09-01 19:57:31.817 2092 2410 W audio_hw_primary: out_write error: -1, sleeping...
09-01 19:57:31.828 2092 2410 W audio_hw_primary: out_write error: -1, sleeping...
09-01 19:57:31.838 2092 2410 W audio_hw_primary: out_write error: -1, sleeping...
09-01 19:57:31.849 2092 2410 W audio_hw_primary: out_write error: -1, sleeping...
09-01 19:57:31.860 2092 2410 W audio_hw_primary: out_write error: -1, sleeping...
09-01 19:57:31.871 2092 2410 W audio_hw_primary: out_write error: -1, sleeping...
09-01 19:57:31.881 2092 2410 W audio_hw_primary: out_write error: -1, sleeping...
09-01 19:57:31.892 2092 2410 W audio_hw_primary: out_write error: -1, sleeping...
09-01 19:57:31.903 2092 2410 W audio_hw_primary: out_write error: -1, sleeping...
09-01 19:57:31.914 2092 2410 W audio_hw_primary: out_write error: -1, sleeping...
09-01 19:57:31.924 2092 2410 W audio_hw_primary: out_write error: -1, sleeping...
09-01 19:57:31.935 2092 2410 W audio_hw_primary: out_write error: -1, sleeping...
09-01 19:57:31.946 2092 2410 W audio_hw_primary: out_write error: -1, sleeping...
09-01 19:57:31.957 2092 2410 W audio_hw_primary: out_write error: -1, sleeping...
09-01 19:57:31.967 2092 2410 W audio_hw_primary: out_write error: -1, sleeping...
09-01 19:57:31.978 2092 2410 W audio_hw_primary: out_write error: -1, sleeping...
09-01 19:57:31.989 2092 2410 W audio_hw_primary: out_write error: -1, sleeping...
09-01 19:57:32.000 2092 2410 W audio_hw_primary: out_write error: -1, sleeping...
09-01 19:57:32.011 2092 2410 W audio_hw_primary: out_write error: -1, sleeping...
09-01 19:57:32.021 2092 2410 W audio_hw_primary: out_write error: -1, sleeping...
09-01 19:57:32.032 2092 2410 W audio_hw_primary: out_write error: -1, sleeping...
09-01 19:57:32.043 2092 2410 W audio_hw_primary: out_write error: -1, sleeping...
09-01 19:57:32.054 2092 2410 W audio_hw_primary: out_write error: -1, sleeping...
09-01 19:57:32.065 2092 2410 W audio_hw_primary: out_write error: -1, sleeping...
09-01 19:57:32.076 2092 2410 W audio_hw_primary: out_write error: -1, sleeping...
09-01 19:57:32.086 2092 2410 W audio_hw_primary: out_write error: -1, sleeping...
09-01 19:57:32.097 2092 2410 W audio_hw_primary: out_write error: -1, sleeping...
09-01 19:57:32.108 2092 2410 W audio_hw_primary: out_write error: -1, sleeping...
09-01 19:57:32.119 2092 2410 W audio_hw_primary: out_write error: -1, sleeping...
09-01 19:57:32.129 2092 2410 W audio_hw_primary: out_write error: -1, sleeping...
09-01 19:57:32.140 2092 2410 W audio_hw_primary: out_write error: -1, sleeping...
09-01 19:57:32.151 2092 2410 W audio_hw_primary: out_write error: -1, sleeping...
09-01 19:57:32.162 2092 2410 W audio_hw_primary: out_write error: -1, sleeping...
09-01 19:57:32.172 2092 2410 W audio_hw_primary: out_write error: -1, sleeping...
09-01 19:57:32.183 2092 2410 W audio_hw_primary: out_write error: -1, sleeping...
09-01 19:57:32.194 2092 2410 W audio_hw_primary: out_write error: -1, sleeping...
09-01 19:57:32.205 2092 2410 W audio_hw_primary: out_write error: -1, sleeping...
09-01 19:57:32.215 2092 2410 W audio_hw_primary: out_write error: -1, sleeping...
09-01 19:57:32.226 2092 2410 W audio_hw_primary: out_write error: -1, sleeping...
09-01 19:57:32.237 2092 2410 W audio_hw_primary: out_write error: -1, sleeping...
09-01 19:57:32.248 2092 2410 W audio_hw_primary: out_write error: -1, sleeping...
09-01 19:57:32.258 2092 2410 W audio_hw_primary: out_write error: -1, sleeping...
09-01 19:57:32.269 2092 2410 W audio_hw_primary: out_write error: -1, sleeping...
09-01 19:57:32.280 2092 2410 W audio_hw_primary: out_write error: -1, sleeping...
09-01 19:57:32.291 2092 2410 W audio_hw_primary: out_write error: -1, sleeping...
09-01 19:57:32.301 2092 2410 W audio_hw_primary: out_write error: -1, sleeping...
09-01 19:57:32.312 2092 2410 W audio_hw_primary: out_write error: -1, sleeping...
09-01 19:57:32.323 2092 2410 W audio_hw_primary: out_write error: -1, sleeping...
09-01 19:57:32.334 2092 2410 W audio_hw_primary: out_write error: -1, sleeping...
09-01 19:57:32.344 2092 2410 W audio_hw_primary: out_write error: -1, sleeping...
09-01 19:57:32.355 2092 2410 W audio_hw_primary: out_write error: -1, sleeping...
09-01 19:57:32.366 2092 2410 W audio_hw_primary: out_write error: -1, sleeping...
09-01 19:57:32.377 2092 2410 W audio_hw_primary: out_write error: -1, sleeping...
09-01 19:57:32.387 2092 2410 W audio_hw_primary: out_write error: -1, sleeping...
09-01 19:57:32.398 2092 2410 W audio_hw_primary: out_write error: -1, sleeping...
09-01 19:57:32.409 2092 2410 W audio_hw_primary: out_write error: -1, sleeping...
09-01 19:57:32.420 2092 2410 W audio_hw_primary: out_write error: -1, sleeping...
09-01 19:57:32.430 2092 2410 W audio_hw_primary: out_write error: -1, sleeping...
09-01 19:57:32.441 2092 2410 W audio_hw_primary: out_write error: -1, sleeping...
09-01 19:57:32.452 2092 2410 W audio_hw_primary: out_write error: -1, sleeping...
09-01 19:57:32.463 2092 2410 W audio_hw_primary: out_write error: -1, sleeping...
09-01 19:57:32.473 2092 2410 W audio_hw_primary: out_write error: -1, sleeping...
09-01 19:57:32.477 2562 2562 D PhoneStatusBar: disable: < expand ICONS* alerts SYSTEM_INFO* back home recent clock search quick_settings
> 09-01 19:57:32.484 2092 2410 W audio_hw_primary: out_write error: -1, sleeping...
09-01 19:57:32.495 2092 2410 W audio_hw_primary: out_write error: -1, sleeping...
09-01 19:57:32.506 2092 2410 W audio_hw_primary: out_write error: -1, sleeping...
09-01 19:57:32.516 2092 2410 W audio_hw_primary: out_write error: -1, sleeping...
09-01 19:57:32.527 2092 2410 W audio_hw_primary: out_write error: -1, sleeping...
09-01 19:57:32.538 2092 2410 W audio_hw_primary: out_write error: -1, sleeping...
09-01 19:57:32.549 2092 2410 W audio_hw_primary: out_write error: -1, sleeping...
09-01 19:57:32.559 2092 2410 W audio_hw_primary: out_write error: -1, sleeping...
09-01 19:57:32.570 2092 2410 W audio_hw_primary: out_write error: -1, sleeping...
09-01 19:57:32.581 2092 2410 W audio_hw_primary: out_write error: -1, sleeping...
09-01 19:57:32.592 2092 2410 W audio_hw_primary: out_write error: -1, sleeping...
09-01 19:57:32.602 2092 2410 W audio_hw_primary: out_write error: -1, sleeping...
09-01 19:57:32.613 2092 2410 W audio_hw_primary: out_write error: -1, sleeping...
09-01 19:57:32.624 2092 2410 W audio_hw_primary: out_write error: -1, sleeping...
09-01 19:57:32.635 2092 2410 W audio_hw_primary: out_write error: -1, sleeping...
09-01 19:57:32.646 2092 2410 W audio_hw_primary: out_write error: -1, sleeping...
09-01 19:57:32.656 2092 2410 W audio_hw_primary: out_write error: -1, sleeping...
09-01 19:57:32.667 2092 2410 W audio_hw_primary: out_write error: -1, sleeping...
09-01 19:57:32.678 2092 2410 W audio_hw_primary: out_write error: -1, sleeping...
09-01 19:57:32.689 2092 2410 W audio_hw_primary: out_write error: -1, sleeping...
09-01 19:57:32.700 2092 2410 W audio_hw_primary: out_write error: -1, sleeping...
09-01 19:57:32.710 2092 2410 W audio_hw_primary: out_write error: -1, sleeping...
09-01 19:57:32.721 2092 2410 W audio_hw_primary: out_write error: -1, sleeping...
09-01 19:57:32.732 2092 2410 W audio_hw_primary: out_write error: -1, sleeping...
09-01 19:57:32.743 2092 2410 W audio_hw_primary: out_write error: -1, sleeping...
09-01 19:57:32.754 2092 2410 W audio_hw_primary: out_write error: -1, sleeping...
