09-01 19:55:37.078 2452 3241 I DeepHyber: Restrict awakening service binding: Intent { act=android.accounts.AccountAuthenticator flg=0x10 cmp=com.google.android.gms/.auth.account.authenticator.GoogleAccountAuthenticatorService }
09-01 19:55:37.084 2764 2764 I Auth : [AuthDelegateWrapper] Service intent: Intent { cmp=com.google.android.gms/.auth.account.authenticator.DefaultAuthDelegateService }.
09-01 19:55:37.092 2764 2764 I Auth : [AuthDelegateWrapper] Service intent: Intent { cmp=com.google.android.gms/.auth.account.authenticator.DefaultAuthDelegateService }.
09-01 19:55:37.094 2764 2764 I Auth : [AuthDelegateWrapper] Service intent: Intent { cmp=com.google.android.gms/.auth.account.authenticator.DefaultAuthDelegateService }.
09-01 19:55:37.186 2452 3105 I DeepHyber: Restrict awakening service binding: Intent { act=android.accounts.AccountAuthenticator flg=0x10 cmp=com.google.android.gms/.auth.account.authenticator.GoogleAccountAuthenticatorService }
09-01 19:55:37.190 2764 2764 I Auth : [AuthDelegateWrapper] Service intent: Intent { cmp=com.google.android.gms/.auth.account.authenticator.DefaultAuthDelegateService }.
09-01 19:55:42.975 3466 5090 I MS_RegisterService: RegisterService intent:Intent { act=com.google.android.gms.matchstick.register_intent_action (has extras) } isPeriodic:false
09-01 19:55:42.984 3466 5090 I MS_RegisterService: Phone type: 1
09-01 19:55:42.989 3466 5090 I MS_RegisterService: Doing full registration.
09-01 19:55:43.062 3466 5090 I MS_RegisterService: Throttling registration.
09-01 19:55:43.064 3466 5090 W MS_WakeLockHelper: Call to release wakelock: register_service_start_wakelock, but not held.
09-01 19:56:03.967 2764 2764 I Auth : [AuthDelegateWrapper] Service intent: Intent { cmp=com.google.android.gms/.auth.account.authenticator.DefaultAuthDelegateService }.
09-01 19:56:03.969 2764 2764 I Auth : [AuthDelegateWrapper] Service intent: Intent { cmp=com.google.android.gms/.auth.account.authenticator.DefaultAuthDelegateService }.
09-01 19:56:04.192 2764 5114 I PhenotypeFlagCommitter: Experiment Configs successfully retrieved for com.google.android.gms.playlog.uploader
09-01 19:56:04.196 2764 5114 I GoogleURLConnFactory: Using platform SSLCertificateSocketFactory
09-01 19:56:07.377 4212 4212 W Finsky : [1] com.google.android.finsky.services.n.a(459): Unable to preload experiments: com.android.volley.TimeoutError
09-01 19:56:07.400 2452 3247 I DeepHyber: Restrict awakening service binding: Intent { act=android.accounts.AccountAuthenticator flg=0x10 cmp=com.google.android.gms/.auth.account.authenticator.GoogleAccountAuthenticatorService }
09-01 19:56:07.406 2764 2764 I Auth : [AuthDelegateWrapper] Service intent: Intent { cmp=com.google.android.gms/.auth.account.authenticator.DefaultAuthDelegateService }.
09-01 19:56:07.466 2452 3105 I DeepHyber: Restrict awakening service binding: Intent { act=android.accounts.AccountAuthenticator flg=0x10 cmp=com.google.android.gms/.auth.account.authenticator.GoogleAccountAuthenticatorService }
09-01 19:56:07.473 2764 2764 I Auth : [AuthDelegateWrapper] Service intent: Intent { cmp=com.google.android.gms/.auth.account.authenticator.DefaultAuthDelegateService }.
09-01 19:56:23.738 2452 3007 D NetworkMonitor/NetworkAgentInfo [Ethernet () - 100]: Probably not a portal: exception java.net.ConnectException: failed to connect to connectivitycheck.gstatic.com/2404:6800:4005:804::200e (port 80) after 10000ms: connect failed: ENETUNREACH (Network is unreachable)
09-01 19:56:23.757 2452 2524 D ConnectivityService: NetworkAgentInfo [Ethernet () - 100] validation failed
09-01 19:56:24.050 2764 2764 I Auth : [AuthDelegateWrapper] Service intent: Intent { cmp=com.google.android.gms/.auth.account.authenticator.DefaultAuthDelegateService }.
09-01 19:56:24.052 2764 2764 I Auth : [AuthDelegateWrapper] Service intent: Intent { cmp=com.google.android.gms/.auth.account.authenticator.DefaultAuthDelegateService }.
09-01 19:56:24.784 2452 3007 D NetworkMonitor/NetworkAgentInfo [Ethernet () - 100]: Checking http://connectivitycheck.gstatic.com/generate_204 on 00:0e:c6:c3:60:ac, connectivitycheck.gstatic.com=216.58.197.110
09-01 19:56:26.170 2882 3742 I ClearcutLoggerApiImpl: disconnect managed GoogleApiClient
09-01 19:56:34.788 2452 3007 D NetworkMonitor/NetworkAgentInfo [Ethernet () - 100]: Probably not a portal: exception java.net.SocketTimeoutException: failed to connect to connectivitycheck.gstatic.com/216.58.197.110 (port 80) after 10000ms
09-01 19:56:34.788 2452 2524 D ConnectivityService: NetworkAgentInfo [Ethernet () - 100] validation failed
09-01 19:56:36.791 2452 3007 D NetworkMonitor/NetworkAgentInfo [Ethernet () - 100]: Checking http://connectivitycheck.gstatic.com/generate_204 on 00:0e:c6:c3:60:ac, connectivitycheck.gstatic.com=216.58.197.110
09-01 19:56:37.585 2452 3438 I DeepHyber: Restrict awakening service binding: Intent { act=android.accounts.AccountAuthenticator flg=0x10 cmp=com.google.android.gms/.auth.account.authenticator.GoogleAccountAuthenticatorService }
09-01 19:56:37.592 2764 2764 I Auth : [AuthDelegateWrapper] Service intent: Intent { cmp=com.google.android.gms/.auth.account.authenticator.DefaultAuthDelegateService }.
09-01 19:56:37.599 2764 2764 I Auth : [AuthDelegateWrapper] Service intent: Intent { cmp=com.google.android.gms/.auth.account.authenticator.DefaultAuthDelegateService }.
09-01 19:56:37.601 2764 2764 I Auth : [AuthDelegateWrapper] Service intent: Intent { cmp=com.google.android.gms/.auth.account.authenticator.DefaultAuthDelegateService }.
09-01 19:56:37.670 2452 3438 I DeepHyber: Restrict awakening service binding: Intent { act=android.accounts.AccountAuthenticator flg=0x10 cmp=com.google.android.gms/.auth.account.authenticator.GoogleAccountAuthenticatorService }
09-01 19:56:37.675 2764 2764 I Auth : [AuthDelegateWrapper] Service intent: Intent { cmp=com.google.android.gms/.auth.account.authenticator.DefaultAuthDelegateService }.
09-01 19:56:41.304 2764 4243 I ClearcutLoggerApiImpl: disconnect managed GoogleApiClient
09-01 19:56:44.139 3466 5113 D UdcContextInitService: registered all accounts: false
09-01 19:56:44.804 4850 4862 W System : ClassLoader referenced unknown path: /data/user/0/com.google.android.gms/app_asrhqtXerXrara
09-01 19:56:44.804 4850 4862 W System : ClassLoader referenced unknown path: 4TUrc
09-01 19:56:44.804 4850 4862 W System : ClassLoader referenced unknown path:
09-01 19:56:46.802 2452 3007 D NetworkMonitor/NetworkAgentInfo [Ethernet () - 100]: Probably not a portal: exception java.net.SocketTimeoutException: failed to connect to connectivitycheck.gstatic.com/216.58.197.110 (port 80) after 10000ms
09-01 19:56:46.802 2452 2524 D ConnectivityService: NetworkAgentInfo [Ethernet () - 100] validation failed
09-01 19:56:50.807 2452 3007 D NetworkMonitor/NetworkAgentInfo [Ethernet () - 100]: Checking http://connectivitycheck.gstatic.com/generate_204 on 00:0e:c6:c3:60:ac, connectivitycheck.gstatic.com=216.58.197.110
09-01 19:57:00.819 2452 3007 D NetworkMonitor/NetworkAgentInfo [Ethernet () - 100]: Probably not a portal: exception java.net.SocketTimeoutException: failed to connect to connectivitycheck.gstatic.com/216.58.197.110 (port 80) after 10000ms
09-01 19:57:00.820 2452 2524 D ConnectivityService: NetworkAgentInfo [Ethernet () - 100] validation failed
09-01 19:57:06.161 2452 3438 I Xposed : ERROR MWRegister.isMovable - package null is not registered
09-01 19:57:06.163 2452 3438 V Prevent : resume, current: [com.lonelycatgames.Xplore]
09-01 19:57:06.163 2452 3438 D Prevent : action: resume activity, package: com.lonelycatgames.Xplore, count: 2
09-01 19:57:06.166 2452 2946 I DeepHyber: Restrict awakening service starting: Intent { act=org.android_x86.hit_screen flg=0x10 cmp=org.android_x86.analytics/.AnalyticsService (has extras) }
09-01 19:57:06.168 2851 3175 D LogHelper: Google Analytics log entry: {&t=appview, &cd3=x86, &cd1=userdebug, &cd5=6.0.1-eng.cwhuang.20160815.215954, &an=com.lonelycatgames.Xplore, &cd=com.lonelycatgames.Xplore.Browser, &cd4=ONDA Tablet, &cd13=240, &cd12=1920 * 1200 60Hz}
09-01 19:57:06.654 2452 2483 D Prevent : action: destroy activity, package: com.lonelycatgames.Xplore, count: 1
09-01 19:57:06.686 2452 3603 W WindowManager: Force-removing child win Window{1782c1b u0 Panel:com.lonelycatgames.Xplore/com.lonelycatgames.Xplore.TextViewer EXITING} from container Window{2235ff6 u0 com.lonelycatgames.Xplore/com.lonelycatgames.Xplore.TextViewer}
09-01 19:57:07.436 2452 2888 I Xposed : ERROR MWRegister.isMovable - package null is not registered
09-01 19:57:07.439 2452 2888 I Xposed : ERROR MWRegister.isMovable - package null is not registered
09-01 19:57:07.439 2452 2888 I Xposed : ERROR MWRegister.isMovable - package null is not registered
09-01 19:57:07.439 2452 2888 I Xposed : ERROR MWRegister.isMovable - package null is not registered
09-01 19:57:07.447 2452 2483 D Prevent : action: destroy activity, package: com.lonelycatgames.Xplore, count: 0
09-01 19:57:07.447 2452 2483 D Prevent : action: destroy activity, will force stop com.lonelycatgames.Xplore if needed in 6s
09-01 19:57:07.602 2452 3463 I DeepHyber: Restrict awakening service binding: Intent { act=com.android.launcher3.WINDOW_OVERLAY dat=app://com.google.android.apps.nexuslauncher:10019?v=0 flg=0x10 pkg=com.google.android.googlequicksearchbox }
09-01 19:57:07.604 2452 2586 I DeepHyber: Restrict awakening service starting: Intent { act=org.android_x86.hit_screen flg=0x10 cmp=org.android_x86.analytics/.AnalyticsService (has extras) }
09-01 19:57:07.606 2851 3175 D LogHelper: Google Analytics log entry: {&t=appview, &cd3=x86, &cd1=userdebug, &cd5=6.0.1-eng.cwhuang.20160815.215954, &an=com.google.android.apps.nexuslauncher, &cd=com.google.android.apps.nexuslauncher.NexusLauncherActivity, &cd4=ONDA Tablet, &cd13=240, &cd12=1920 * 1200 60Hz}
09-01 19:57:07.778 2452 3026 W InputMethodManagerService: Focus gain on non-focused client com.android.internal.view.IInputMethodClient$Stub$Proxy@7f889b5 (uid=10019 pid=2882)
09-01 19:57:07.863 4212 4212 W Finsky : [1] com.google.android.finsky.services.o.a(543): Self-update check failed with error: com.android.volley.TimeoutError
09-01 19:57:07.952 2452 2464 I DeepHyber: Restrict awakening service binding: Intent { act=android.accounts.AccountAuthenticator flg=0x10 cmp=com.google.android.gms/.auth.account.authenticator.GoogleAccountAuthenticatorService }
09-01 19:57:07.962 2452 2586 I DeepHyber: Restrict awakening service binding: Intent { act=android.accounts.AccountAuthenticator flg=0x10 cmp=com.google.android.gms/.auth.account.authenticator.GoogleAccountAuthenticatorService }
09-01 19:57:07.980 2452 3247 I ActivityManager: Start proc 5197:com.google.android.gms:car/u0a16 for service com.google.android.gms/.car.CarService
09-01 19:57:07.988 2764 2764 I Auth : [AuthDelegateWrapper] Service intent: Intent { cmp=com.google.android.gms/.auth.account.authenticator.DefaultAuthDelegateService }.
09-01 19:57:08.001 2764 2764 I Auth : [AuthDelegateWrapper] Service intent: Intent { cmp=com.google.android.gms/.auth.account.authenticator.DefaultAuthDelegateService }.
09-01 19:57:08.003 2764 2764 I Auth : [AuthDelegateWrapper] Service intent: Intent { cmp=com.google.android.gms/.auth.account.authenticator.DefaultAuthDelegateService }.
09-01 19:57:08.033 5197 5197 W XPrivacy: Hooking package=com.google.android.gms
09-01 19:57:08.071 5197 5197 I Xposed : XHFW3 load package com.google.android.gms
09-01 19:57:08.105 3147 3147 I AttachedClient: Adding client event 2 to pending list.
09-01 19:57:08.106 3147 3147 I AttachedClient: Adding client event 2 to pending list.
09-01 19:57:08.144 2452 3247 I DeepHyber: Restrict awakening service binding: Intent { act=android.accounts.AccountAuthenticator flg=0x10 cmp=com.google.android.gms/.auth.account.authenticator.GoogleAccountAuthenticatorService }
09-01 19:57:08.210 3147 3147 I MicroDetectionWorker: Micro detection mode: [mDetectionMode: [1]].
09-01 19:57:08.215 2452 2587 I DeepHyber: Restrict awakening service binding: Intent { act=android.accounts.AccountAuthenticator flg=0x10 cmp=com.google.android.gms/.auth.account.authenticator.GoogleAccountAuthenticatorService }
09-01 19:57:08.232 3147 5216 I MicroRecognitionRunner: Starting detection.
09-01 19:57:08.247 3147 3404 I MicrophoneInputStream: mic_starting com.google.android.apps.gsa.speech.audio.ag@f93926
09-01 19:57:08.254 2092 5218 I chatty : uid=1013(media) /system/bin/mediaserver expire 60 lines
09-01 19:57:08.277 3147 3404 I MicrophoneInputStream: mic_started com.google.android.apps.gsa.speech.audio.ag@f93926
09-01 19:57:08.397 3147 3147 I MicroDetectionWorker: onReady
09-01 19:57:08.405 5197 5197 W ActivityThread: ClassLoader.loadClass: The class loader returned by Thread.getContextClassLoader() may fail for processes that host multiple applications. You should explicitly specify a context class loader. For example: Thread.setContextClassLoader(getClass().getClassLoader());
09-01 19:57:08.406 3147 5216 W SpeechLevelGenerator: Really low audio levels detected. The audio input may have issues.
09-01 19:57:08.410 5197 5197 I MultiDex: VM with version 2.1.0 has multidex support
09-01 19:57:08.410 5197 5197 I MultiDex: install
09-01 19:57:08.410 5197 5197 I MultiDex: VM has multidex support, MultiDex support library is disabled.
09-01 19:57:08.437 5197 5197 W linker : /system/priv-app/GmsCore/lib/x86/libgmscore.so: unused DT entry: type 0x7ffffffd arg 0xa0a
09-01 19:57:08.461 5197 5197 W linker : /system/priv-app/GmsCore/lib/x86/libconscrypt_gmscore_jni.so: unused DT entry: type 0x1d arg 0x91
09-01 19:57:08.461 5197 5197 W linker : /system/priv-app/GmsCore/lib/x86/libconscrypt_gmscore_jni.so: unused DT entry: type 0x7ffffffd arg 0x174
09-01 19:57:08.470 5197 5197 V JNIHelp : Registering com/google/android/gms/org/conscrypt/NativeCrypto's 255 native methods...
09-01 19:57:08.497 5197 5197 I ProviderInstaller: Installed default security provider GmsCore_OpenSSL
09-01 19:57:08.512 5197 5197 D ChimeraCfgMgr: Reading stored module config
09-01 19:57:08.609 5197 5197 D CAR.SERVICE: com.google.android.projection.gearhead isn't installed.
09-01 19:57:08.609 5197 5197 D CAR.SERVICE: onBind
09-01 19:57:08.609 5197 5197 D CAR.SERVICE: CSB onClientsConnected
09-01 19:57:08.614 5197 5197 D CAR.TEL.Service: Binding to InCallService
09-01 19:57:08.621 2452 3463 W ActivityManager: Unable to start service Intent { act=local_action cmp=com.google.android.gms/.car.InCallService2 } U=0: not found
09-01 19:57:08.622 5197 5197 E CAR.TEL.Service: Failed to bind to InCallService
09-01 19:57:08.631 5197 5227 D NativeLibraryUtils: Install completed successfully. count=12 extracted=0
09-01 19:57:08.687 5197 5209 I DynamiteModule: Considering local module com.google.android.gms.googlecertificates:1 and remote module com.google.android.gms.googlecertificates:1
09-01 19:57:08.687 5197 5209 I DynamiteModule: Selected remote version of com.google.android.gms.googlecertificates, version >= 1
09-01 19:57:08.693 5197 5209 W System : ClassLoader referenced unknown path: /data/user/0/com.google.android.gms/app_chimera/m/00000000/n/armeabi-v7a
09-01 19:57:08.693 5197 5209 W System : ClassLoader referenced unknown path: /data/user/0/com.google.android.gms/app_chimera/m/00000000/n/armeabi
09-01 19:57:08.694 5197 5209 D ChimeraFileApk: Primary ABI of requesting process is x86
09-01 19:57:08.695 5197 5209 D ChimeraFileApk: Classloading successful. Optimized code found.
09-01 19:57:08.699 5197 5209 D GoogleCertificates: com.google.android.gms.googlecertificates module is loaded
09-01 19:57:08.739 5197 5209 D GoogleCertificatesImpl: Fetched 318 Google certificates
09-01 19:57:08.741 5197 5209 D CAR.SERVICE: Package validated; name: com.android.vending
09-01 19:57:08.743 5197 5209 D CAR.SERVICE: Android Auto doesn't have car home but we have at least on alias in default or enabled state. Nothing to do.
09-01 19:57:08.822 2452 3007 D NetworkMonitor/NetworkAgentInfo [Ethernet () - 100]: Checking http://connectivitycheck.gstatic.com/generate_204 on 00:0e:c6:c3:60:ac, connectivitycheck.gstatic.com=216.58.197.110
09-01 19:57:09.163 3147 3573 W GmsConManHelper: Exception resolving UserLocation future
09-01 19:57:09.163 3147 3573 W GmsConManHelper: java.util.concurrent.TimeoutException
09-01 19:57:09.163 3147 3573 W GmsConManHelper: at java.util.concurrent.FutureTask.get(FutureTask.java:177)
09-01 19:57:09.163 3147 3573 W GmsConManHelper: at com.google.android.apps.gsa.extradex.kato.m$3.BS(GmsContextManagerClientHelper.java:210)
09-01 19:57:09.163 3147 3573 W GmsConManHelper: at com.google.android.apps.gsa.extradex.kato.m$3.call(GmsContextManagerClientHelper.java:199)
09-01 19:57:09.163 3147 3573 W GmsConManHelper: at java.util.concurrent.FutureTask.run(FutureTask.java:237)
09-01 19:57:09.163 3147 3573 W GmsConManHelper: at java.util.concurrent.Executors$RunnableAdapter.call(Executors.java:423)
09-01 19:57:09.163 3147 3573 W GmsConManHelper: at java.util.concurrent.FutureTask.run(FutureTask.java:237)
09-01 19:57:09.163 3147 3573 W GmsConManHelper: at com.google.android.apps.gsa.shared.util.concurrent.a.ag.run(TaskRunnerFutureTask.java:122)
09-01 19:57:09.163 3147 3573 W GmsConManHelper: at com.google.android.apps.gsa.shared.util.concurrent.a.ar.run(ThrottlingExecutor.java:139)
09-01 19:57:09.163 3147 3573 W GmsConManHelper: at com.google.android.apps.gsa.shared.util.concurrent.a.ar.run(ThrottlingExecutor.java:139)
09-01 19:57:09.163 3147 3573 W GmsConManHelper: at java.util.concurrent.ThreadPoolExecutor.runWorker(ThreadPoolExecutor.java:1113)
09-01 19:57:09.163 3147 3573 W GmsConManHelper: at java.util.concurrent.ThreadPoolExecutor$Worker.run(ThreadPoolExecutor.java:588)
09-01 19:57:09.163 3147 3573 W GmsConManHelper: at java.lang.Thread.run(Thread.java:818)
09-01 19:57:09.163 3147 3573 W GmsConManHelper: at com.google.android.apps.gsa.shared.util.concurrent.a.aa$1.run(GsaThreadFactory.java:85)
09-01 19:57:09.164 3147 3573 W GmsConManHelper: Exception resolving UserLocation future
09-01 19:57:09.164 3147 3573 W GmsConManHelper: java.util.concurrent.TimeoutException
09-01 19:57:09.164 3147 3573 W GmsConManHelper: at java.util.concurrent.FutureTask.get(FutureTask.java:177)
09-01 19:57:09.164 3147 3573 W GmsConManHelper: at com.google.android.apps.gsa.extradex.kato.m$3.BS(GmsContextManagerClientHelper.java:210)
09-01 19:57:09.164 3147 3573 W GmsConManHelper: at com.google.android.apps.gsa.extradex.kato.m$3.call(GmsContextManagerClientHelper.java:199)
09-01 19:57:09.164 3147 3573 W GmsConManHelper: at java.util.concurrent.FutureTask.run(FutureTask.java:237)
09-01 19:57:09.164 3147 3573 W GmsConManHelper: at java.util.concurrent.Executors$RunnableAdapter.call(Executors.java:423)
09-01 19:57:09.164 3147 3573 W GmsConManHelper: at java.util.concurrent.FutureTask.run(FutureTask.java:237)
09-01 19:57:09.164 3147 3573 W GmsConManHelper: at com.google.android.apps.gsa.shared.util.concurrent.a.ag.run(TaskRunnerFutureTask.java:122)
09-01 19:57:09.164 3147 3573 W GmsConManHelper: at com.google.android.apps.gsa.shared.util.concurrent.a.ar.run(ThrottlingExecutor.java:139)
09-01 19:57:09.164 3147 3573 W GmsConManHelper: at com.google.android.apps.gsa.shared.util.concurrent.a.ar.run(ThrottlingExecutor.java:139)
09-01 19:57:09.164 3147 3573 W GmsConManHelper: at java.util.concurrent.ThreadPoolExecutor.runWorker(ThreadPoolExecutor.java:1113)
09-01 19:57:09.164 3147 3573 W GmsConManHelper: at java.util.concurrent.ThreadPoolExecutor$Worker.run(ThreadPoolExecutor.java:588)
09-01 19:57:09.164 3147 3573 W GmsConManHelper: at java.lang.Thread.run(Thread.java:818)
09-01 19:57:09.164 3147 3573 W GmsConManHelper: at com.google.android.apps.gsa.shared.util.concurrent.a.aa$1.run(GsaThreadFactory.java:85)
09-01 19:57:09.470 2452 3603 I ActivityManager: START u0 {act=android.intent.action.MAIN cat=[android.intent.category.LAUNCHER] flg=0x10200000 cmp=jackpal.androidterm/.Term bnds=[1275,818][1590,1009] (has extras)} from uid 10019 on display 0
09-01 19:57:09.487 2452 3603 I Xposed : ERROR MWRegister.isMovable - package null is not registered
09-01 19:57:09.489 2452 3603 D Prevent : action: user leaving activity , package: com.google.android.apps.nexuslauncher, count: 1
09-01 19:57:09.517 2092 2411 I chatty : uid=1013(media) AudioOut_2 expire 2 lines
09-01 19:57:09.517 2092 2410 I chatty : uid=1013(media) FastMixer expire 335 lines
09-01 19:57:09.527 2452 2483 W BroadcastQueue: Permission Denial: broadcasting Intent { act=com.android.launcher3.action.LAUNCH flg=0x10 pkg=com.google.android.gms (has extras) } from com.google.android.apps.nexuslauncher (pid=2882, uid=10019) requires com.google.android.launcher.permission.RECEIVE_LAUNCH_BROADCASTS due to receiver com.google.android.gms/.icing.proxy.ApplicationLauncherReceiver
09-01 19:57:09.535 2452 2586 I DeepHyber: Restrict awakening service binding: Intent { act=com.google.android.gms.clearcut.service.START flg=0x10 pkg=com.google.android.gms }
09-01 19:57:09.543 2452 3247 I Xposed : ERROR MWRegister.isMovable - package null is not registered
09-01 19:57:09.543 2452 3247 D Prevent : allow start activity jackpal.androidterm/.Term
09-01 19:57:09.544 2452 3247 D Prevent : allow start activity jackpal.androidterm/.Term
09-01 19:57:09.568 2452 3247 I ActivityManager: Start proc 5237:jackpal.androidterm/u0a25 for activity jackpal.androidterm/.Term
09-01 19:57:09.588 2452 3463 V Prevent : launch, current: [jackpal.androidterm]
09-01 19:57:09.588 2452 3463 D Prevent : action: start activity, package: jackpal.androidterm, count: 1
09-01 19:57:09.620 5237 5237 W System : ClassLoader referenced unknown path: /system/app/AndroidTerm/lib/x86
09-01 19:57:09.623 5237 5237 W XPrivacy: Hooking package=jackpal.androidterm
09-01 19:57:09.649 3147 3147 I MicroDetector: Keeping mic open: false
09-01 19:57:09.649 3147 5215 I DeviceStateChecker: DeviceStateChecker cancelled
09-01 19:57:09.649 3147 3269 I AudioController: internalShutdown
09-01 19:57:09.649 3147 3584 I MicroRecognitionRunner: Stopping hotword detection.
09-01 19:57:09.649 3147 3269 I MicrophoneInputStream: mic_close com.google.android.apps.gsa.speech.audio.ag@f93926
09-01 19:57:09.651 5237 5237 I Xposed : XHFW3 load package jackpal.androidterm
09-01 19:57:09.652 3147 5216 I MicroRecognitionRunner: Detection finished
09-01 19:57:09.653 3147 3147 W SearchService: Abort, client detached.
09-01 19:57:09.991 2083 2083 W SurfaceFlinger: couldn't log to binary event log: overflow.
09-01 19:57:09.991 2083 2083 W SurfaceFlinger: couldn't log to binary event log: overflow.
09-01 19:57:10.045 5237 5237 V Term : onCreate
09-01 19:57:10.066 2452 2463 I DeepHyber: Restrict awakening broadcast: Intent { act=jackpal.androidterm.broadcast.APPEND_TO_PATH flg=0x10 }
09-01 19:57:10.068 2452 2587 I DeepHyber: Restrict awakening broadcast: Intent { act=jackpal.androidterm.broadcast.PREPEND_TO_PATH flg=0x10 }
09-01 19:57:10.069 2452 3026 I DeepHyber: Restrict awakening service starting: Intent { flg=0x10 cmp=jackpal.androidterm/.TermService }
09-01 19:57:10.095 2452 3463 I DeepHyber: Restrict awakening service starting: Intent { act=org.android_x86.hit_screen flg=0x10 cmp=org.android_x86.analytics/.AnalyticsService (has extras) }
09-01 19:57:10.096 2452 3247 I DeepHyber: Restrict awakening service binding: Intent { flg=0x10 cmp=jackpal.androidterm/.TermService }
09-01 19:57:10.097 2851 3175 D LogHelper: Google Analytics log entry: {&t=appview, &cd3=x86, &cd1=userdebug, &cd5=6.0.1-eng.cwhuang.20160815.215954, &an=jackpal.androidterm, &cd=jackpal.androidterm.Term, &cd4=ONDA Tablet, &cd13=240, &cd12=1920 * 1200 60Hz}
09-01 19:57:10.113 5237 5264 D OpenGLRenderer: Use EGL_SWAP_BEHAVIOR_PRESERVED: true
09-01 19:57:10.117 5237 5237 I GRALLOC-DRM: create intel for driver i915
09-01 19:57:10.142 5237 5237 D Term : TermService started
09-01 19:57:10.143 5237 5237 I TermService: Activity called onBind()
09-01 19:57:10.162 5237 5237 I Term : Bound to TermService
09-01 19:57:10.162 5237 5237 I TermService: Activity binding to service
09-01 19:57:10.164 5237 5264 I EGL-DRI2: found extension DRI_Core version 1
09-01 19:57:10.164 5237 5264 I EGL-DRI2: found extension DRI_DRI2 version 4
09-01 19:57:10.185 5237 5264 I EGL-DRI2: found extension DRI_TexBuffer version 3
09-01 19:57:10.185 5237 5264 I EGL-DRI2: found extension DRI2_Flush version 4
09-01 19:57:10.185 5237 5264 I EGL-DRI2: found extension DRI_IMAGE version 11
09-01 19:57:10.186 5237 5264 I OpenGLRenderer: Initialized EGL, version 1.4
09-01 19:57:10.186 5237 5264 W OpenGLRenderer: Failed to choose config with EGL_SWAP_BEHAVIOR_PRESERVED, retrying without...
09-01 19:57:10.234 5237 5237 I libjackpal-androidterm: JNI_OnLoad
09-01 19:57:10.251 5237 5272 I Term : waiting for: 5265
09-01 19:57:10.345 2733 5274 D OpenGLRenderer: Use EGL_SWAP_BEHAVIOR_PRESERVED: true
09-01 19:57:10.357 2733 2733 I GRALLOC-DRM: create intel for driver i915
09-01 19:57:10.375 2452 2487 I ActivityManager: Displayed jackpal.androidterm/.Term: +832ms
09-01 19:57:10.445 2733 5274 I EGL-DRI2: found extension DRI_Core version 1
09-01 19:57:10.445 2733 5274 I EGL-DRI2: found extension DRI_DRI2 version 4
09-01 19:57:10.462 2733 5274 I EGL-DRI2: found extension DRI_TexBuffer version 3
09-01 19:57:10.462 2733 5274 I EGL-DRI2: found extension DRI2_Flush version 4
09-01 19:57:10.462 2733 5274 I EGL-DRI2: found extension DRI_IMAGE version 11
09-01 19:57:10.462 2733 5274 I OpenGLRenderer: Initialized EGL, version 1.4
09-01 19:57:10.462 2733 5274 W OpenGLRenderer: Failed to choose config with EGL_SWAP_BEHAVIOR_PRESERVED, retrying without...
09-01 19:57:10.658 3718 3718 W cr_ScreenOrientation: Removing an inexistent observer!
09-01 19:57:10.660 2452 2524 D ConnectivityService: releasing NetworkRequest NetworkRequest [ id=7, legacyType=-1, [ Capabilities: INTERNET&NOT_RESTRICTED&TRUSTED] ]
09-01 19:57:11.360 2452 2530 W AudioTrack: AUDIO_OUTPUT_FLAG_FAST denied by client; transfer 4, track 44100 Hz, output 48000 Hz
09-01 19:57:11.424 2092 2411 I chatty : uid=1013(media) AudioOut_2 expire 3 lines
09-01 19:57:12.166 2452 2530 W AudioTrack: AUDIO_OUTPUT_FLAG_FAST denied by client; transfer 4, track 44100 Hz, output 48000 Hz
09-01 19:57:12.594 2452 2530 W AudioTrack: AUDIO_OUTPUT_FLAG_FAST denied by client; transfer 4, track 44100 Hz, output 48000 Hz
09-01 19:57:13.117 5291 5291 D AndroidRuntime: >>>>>> START com.android.internal.os.RuntimeInit uid 0 <<<<<<
09-01 19:57:13.119 5291 5291 D AndroidRuntime: CheckJNI is OFF
09-01 19:57:13.175 5291 5291 D ICU : No timezone override file found: /data/misc/zoneinfo/current/icu/icu_tzdata.dat
09-01 19:57:13.192 5291 5291 W : Failed to bind-mount /system/lib/x86/cpuinfo as /proc/cpuinfo: No such file or directory
09-01 19:57:13.192 5291 5291 W : Cannot create code cache directory ./code_cache: Read-only file system.
09-01 19:57:13.193 2092 2410 I chatty : uid=1013(media) FastMixer expire 259 lines
09-01 19:57:13.213 5291 5291 E memtrack: Couldn't load memtrack module (No such file or directory)
09-01 19:57:13.214 5291 5291 E android.os.Debug: failed to load memtrack module: -2
09-01 19:57:13.217 5291 5291 I Radio-JNI: register_android_hardware_Radio DONE
09-01 19:57:13.245 5291 5291 D AndroidRuntime: Calling main entry com.android.commands.am.Am
09-01 19:57:13.343 5291 5291 D AndroidRuntime: Shutting down VM
09-01 19:57:13.345 4660 4660 E Xposed : java.lang.ClassCastException: android.widget.LinearLayout cannot be cast to android.widget.RelativeLayout
09-01 19:57:13.345 4660 4660 E Xposed : at com.smartmadsoft.xposed.aio.tweaks.NoToastIcons$1.beforeHookedMethod(NoToastIcons.java:20)
09-01 19:57:13.345 4660 4660 E Xposed : at de.robv.android.xposed.XposedBridge.handleHookedMethod(XposedBridge.java:314)
09-01 19:57:13.345 4660 4660 E Xposed : at android.widget.Toast$TN.trySendAccessibilityEvent()
09-01 19:57:13.345 4660 4660 E Xposed : at android.widget.Toast$TN.handleShow(Toast.java:426)
09-01 19:57:13.345 4660 4660 E Xposed : at de.robv.android.xposed.XposedBridge.invokeOriginalMethodNative(Native Method)
09-01 19:57:13.345 4660 4660 E Xposed : at de.robv.android.xposed.XposedBridge.handleHookedMethod(XposedBridge.java:334)
09-01 19:57:13.345 4660 4660 E Xposed : at android.widget.Toast$TN.handleShow()
09-01 19:57:13.345 4660 4660 E Xposed : at android.widget.Toast$TN$1.run(Toast.java:331)
09-01 19:57:13.345 4660 4660 E Xposed : at android.os.Handler.handleCallback(Handler.java:739)
09-01 19:57:13.345 4660 4660 E Xposed : at android.os.Handler.dispatchMessage(Handler.java:95)
09-01 19:57:13.345 4660 4660 E Xposed : at android.os.Looper.loop(Looper.java:148)
09-01 19:57:13.345 4660 4660 E Xposed : at android.app.ActivityThread.main(ActivityThread.java:5415)
09-01 19:57:13.345 4660 4660 E Xposed : at java.lang.reflect.Method.invoke(Native Method)
09-01 19:57:13.345 4660 4660 E Xposed : at com.android.internal.os.ZygoteInit$MethodAndArgsCaller.run(ZygoteInit.java:744)
09-01 19:57:13.345 4660 4660 E Xposed : at com.android.internal.os.ZygoteInit.main(ZygoteInit.java:634)
09-01 19:57:13.345 4660 4660 E Xposed : at de.robv.android.xposed.XposedBridge.main(XposedBridge.java:102)
09-01 19:57:13.448 2452 2948 D Prevent : checking services, packages: [com.lonelycatgames.Xplore], whitelist: []
09-01 19:57:13.448 2452 2948 V Prevent : services size: 52
09-01 19:57:13.448 2452 2948 V Prevent : prevents: false, name: com.android.providers.downloads, count: 0, label: 0, uid: 10004, pid: 3419, process: android.process.media, flags: 1
09-01 19:57:13.448 2452 2948 V Prevent : prevents: false, name: com.google.android.gms, count: 0, label: 0, uid: 10016, pid: 2764, process: com.google.android.gms.persistent, flags: 1
09-01 19:57:13.448 2452 2948 V Prevent : prevents: false, name: com.google.android.gms, count: 0, label: 0, uid: 10016, pid: 2764, process: com.google.android.gms.persistent, flags: 1
09-01 19:57:13.448 2452 2948 V Prevent : prevents: false, name: com.google.android.gms, count: 0, label: 0, uid: 10016, pid: 2764, process: com.google.android.gms.persistent, flags: 1
09-01 19:57:13.448 2452 2948 V Prevent : prevents: false, name: org.android_x86.analytics, count: 0, label: 0, uid: 10134, pid: 2851, process: org.android_x86.analytics, flags: 9
09-01 19:57:13.449 2452 2948 V Prevent : prevents: false, name: com.google.android.gms, count: 0, label: 0, uid: 10016, pid: 2764, process: com.google.android.gms.persistent, flags: 1
09-01 19:57:13.449 2452 2948 V Prevent : prevents: false, name: com.google.android.gms, count: 1, label: 0, uid: 10016, pid: 2764, process: com.google.android.gms.persistent, flags: 1
09-01 19:57:13.449 2452 2948 V Prevent : prevents: false, name: com.android.vending, count: 0, label: 0, uid: 10030, pid: 4212, process: com.android.vending, flags: 1
09-01 19:57:13.449 2452 2948 V Prevent : prevents: false, name: de.robv.android.xposed.installer, count: 0, label: 0, uid: 10087, pid: 4605, process: de.robv.android.xposed.installer, flags: 1
09-01 19:57:13.449 2452 2948 V Prevent : prevents: false, name: fi.rojekti.clipper, count: 0, label: 0, uid: 10143, pid: 4546, process: fi.rojekti.clipper, flags: 3
09-01 19:57:13.449 2452 2948 V Prevent : prevents: false, name: com.schiztech.swapps, count: 0, label: 0, uid: 10099, pid: 3945, process: com.schiztech.swapps, flags: 3
09-01 19:57:13.449 2452 2948 V Prevent : prevents: false, name: com.google.android.gms, count: 0, label: 0, uid: 10016, pid: 2764, process: com.google.android.gms.persistent, flags: 1
09-01 19:57:13.449 2452 2948 V Prevent : prevents: false, name: com.android.systemui, count: 0, label: 0, uid: 10009, pid: 2562, process: com.android.systemui, flags: 9
09-01 19:57:13.449 2452 2948 V Prevent : prevents: false, name: com.google.android.gms, count: 0, label: 0, uid: 10016, pid: 2764, process: com.google.android.gms.persistent, flags: 1
09-01 19:57:13.449 2452 2948 V Prevent : prevents: false, name: com.google.android.gms, count: 0, label: 0, uid: 10016, pid: 2764, process: com.google.android.gms.persistent, flags: 1
09-01 19:57:13.449 2452 2948 V Prevent : prevents: false, name: com.google.android.gms, count: 1, label: 0, uid: 10016, pid: 2764, process: com.google.android.gms.persistent, flags: 1
09-01 19:57:13.449 2452 2948 V Prevent : prevents: false, name: com.google.android.gms, count: 0, label: 0, uid: 10016, pid: 2764, process: com.google.android.gms.persistent, flags: 1
09-01 19:57:13.449 2452 2948 V Prevent : prevents: false, name: com.google.android.gms, count: 2, label: 0, uid: 10016, pid: 2764, process: com.google.android.gms.persistent, flags: 1
09-01 19:57:13.449 2452 2948 V Prevent : prevents: false, name: com.google.android.gms, count: 2, label: 0, uid: 10016, pid: 2764, process: com.google.android.gms.persistent, flags: 1
09-01 19:57:13.449 2452 2948 V Prevent : prevents: false, name: nl.fameit.rotate, count: 0, label: 0, uid: 10081, pid: 4522, process: nl.fameit.rotate, flags: 3
09-01 19:57:13.449 2452 2948 V Prevent : prevents: false, name: com.google.android.gms, count: 0, label: 0, uid: 10016, pid: 2764, process: com.google.android.gms.persistent, flags: 1
09-01 19:57:13.449 2452 2948 V Prevent : prevents: false, name: com.google.android.gms, count: 0, label: 0, uid: 10016, pid: 2764, process: com.google.android.gms.persistent, flags: 1
09-01 19:57:13.449 2452 2948 V Prevent : prevents: false, name: com.yanyan.cputemp, count: 0, label: 0, uid: 10118, pid: 4580, process: com.yanyan.cputemp, flags: 1
09-01 19:57:13.449 2452 2948 V Prevent : prevents: false, name: jackpal.androidterm, count: 1, label: 0, uid: 10025, pid: 5237, process: jackpal.androidterm, flags: 3
09-01 19:57:13.449 2452 2948 I Prevent : standby com.lonelycatgames.Xplore
09-01 19:57:13.449 2452 2948 I Xposed : [I/Prevent] standby com.lonelycatgames.Xplore
09-01 19:57:13.449 2452 2948 V Prevent : complete checking running service
09-01 19:57:13.450 2452 5049 D Prevent : set com.lonelycatgames.Xplore to inactive, current inactive: false
09-01 19:57:13.450 2452 5049 I Prevent : removeTask:com.lonelycatgames.Xplore
09-01 19:57:13.450 2452 5049 I Xposed : [I/Prevent] removeTask:com.lonelycatgames.Xplore
09-01 19:57:13.450 2452 5049 D Prevent : will remove task: 3880
09-01 19:57:13.450 2452 5049 I ActivityManager: Killing 3718:com.lonelycatgames.Xplore/u0a71 (adj 9): remove task
09-01 19:57:13.451 2452 5049 I libprocessgroup: Killing pid 3845 in uid 10071 as part of process group 3718
09-01 19:57:13.483 2452 3104 D ConnectivityService: ConnectivityService NetworkRequestInfo binderDied(NetworkRequest [ id=5, legacyType=-1, [ Capabilities: INTERNET&NOT_RESTRICTED&TRUSTED] ], android.os.BinderProxy@a04f5f6)
09-01 19:57:13.484 2452 3463 D GraphicsStats: Buffer count: 9
09-01 19:57:13.484 2452 2524 D ConnectivityService: releasing NetworkRequest NetworkRequest [ id=5, legacyType=-1, [ Capabilities: INTERNET&NOT_RESTRICTED&TRUSTED] ]
09-01 19:57:13.484 2452 2523 D WifiService: Client connection lost with reason: 4
09-01 19:57:13.485 2452 2524 E ConnectivityService: RemoteException caught trying to send a callback msg for NetworkRequest [ id=5, legacyType=-1, [ Capabilities: INTERNET&NOT_RESTRICTED&TRUSTED] ]
09-01 19:57:13.489 2452 5051 D Prevent : action: removeTask, will force stop com.lonelycatgames.Xplore
09-01 19:57:13.490 2452 5051 I ActivityManager: Force stopping com.lonelycatgames.Xplore appid=10071 user=0: from pid 2452
09-01 19:57:13.493 2452 5050 V Prevent : cancel sticky notification: com.lonelycatgames.Xplore
09-01 19:57:13.494 2452 5051 W ContextImpl: Calling a method in the system process without a qualified user: android.app.ContextImpl.sendBroadcast:763 me.piebridge.prevent.framework.a.c.a:28 me.piebridge.prevent.framework.a.e.a:36 me.piebridge.prevent.framework.i.c:655 me.piebridge.prevent.framework.b.run:283
09-01 19:57:13.494 2452 5051 I ActivityManager: Force stopping com.lonelycatgames.Xplore appid=10071 user=0: storage unmount
09-01 19:57:13.501 3945 3945 I art : Starting a blocking GC Explicit
09-01 19:57:13.503 2452 2452 I art : Starting a blocking GC Explicit
09-01 19:57:13.507 2452 2535 I Prevent : action: PACKAGE_RESTARTED, package: com.lonelycatgames.Xplore
09-01 19:57:13.507 2452 2535 I Xposed : [I/Prevent] action: PACKAGE_RESTARTED, package: com.lonelycatgames.Xplore
09-01 19:57:13.514 2764 2764 W NearbyMessages: ClientAppContext: 0P identifier(com.lonelycatgames.Xplore) without 0P prefix(0p:)
09-01 19:57:13.572 3945 3945 I art : Explicit concurrent mark sweep GC freed 2828(137KB) AllocSpace objects, 0(0B) LOS objects, 39% free, 9MB/15MB, paused 325us total 70.901ms
09-01 19:57:13.573 2452 3603 I DeepHyber: Restrict awakening service starting: Intent { flg=0x10 cmp=com.schiztech.swapps/.SwappsService }
09-01 19:57:13.646 2452 2452 I art : Explicit concurrent mark sweep GC freed 51978(4MB) AllocSpace objects, 3(60KB) LOS objects, 33% free, 18MB/27MB, paused 1.850ms total 142.731ms
09-01 19:57:13.648 2092 2411 I chatty : uid=1013(media) AudioOut_2 expire 5 lines
09-01 19:57:13.786 5197 5197 D CAR.SERVICE: onUnbind
09-01 19:57:13.786 5197 5197 D CAR.SERVICE: CSB onClientsDisconnected
09-01 19:57:13.786 5197 5197 D CAR.SERVICE: tearDown
09-01 19:57:13.786 5197 5197 D CAR.SERVICE: tearDownCarState
09-01 19:57:13.786 5197 5197 D CAR.SERVICE: Skip, car not connected.
09-01 19:57:13.786 5197 5197 D CAR.SERVICE: tearDownClientState
09-01 19:57:13.786 5197 5197 D CAR.SERVICE: requestStop
09-01 19:57:13.788 5197 5197 D CAR.SERVICE: onDestroy
09-01 19:57:13.788 5197 5197 D CAR.SERVICE: tearDown
09-01 19:57:13.788 5197 5197 D CAR.SERVICE: tearDownCarState
09-01 19:57:13.788 5197 5197 D CAR.SERVICE: Skip, car not connected.
09-01 19:57:13.788 5197 5197 D CAR.SERVICE: tearDownClientState
09-01 19:57:13.788 5197 5197 D CAR.SERVICE: requestStop
09-01 19:57:13.790 5197 5197 E ActivityThread: Service com.google.android.gms.car.CarService has leaked ServiceConnection fmj@f1998bb that was originally bound here
09-01 19:57:13.790 5197 5197 E ActivityThread: android.app.ServiceConnectionLeaked: Service com.google.android.gms.car.CarService has leaked ServiceConnection fmj@f1998bb that was originally bound here
09-01 19:57:13.790 5197 5197 E ActivityThread: at android.app.LoadedApk$ServiceDispatcher.(LoadedApk.java:1092)
09-01 19:57:13.790 5197 5197 E ActivityThread: at android.app.LoadedApk.getServiceDispatcher(LoadedApk.java:986)
09-01 19:57:13.790 5197 5197 E ActivityThread: at android.app.ContextImpl.bindServiceCommon(ContextImpl.java:1303)
09-01 19:57:13.790 5197 5197 E ActivityThread: at android.app.ContextImpl.bindService(ContextImpl.java:1286)
09-01 19:57:13.790 5197 5197 E ActivityThread: at android.content.ContextWrapper.bindService(ContextWrapper.java:604)
09-01 19:57:13.790 5197 5197 E ActivityThread: at de.robv.android.xposed.XposedBridge.invokeOriginalMethodNative(Native Method)
09-01 19:57:13.790 5197 5197 E ActivityThread: at de.robv.android.xposed.XposedBridge.handleHookedMethod(XposedBridge.java:334)
09-01 19:57:13.790 5197 5197 E ActivityThread: at android.content.ContextWrapper.bindService()
09-01 19:57:13.790 5197 5197 E ActivityThread: at android.content.ContextWrapper.bindService(ContextWrapper.java:604)
09-01 19:57:13.790 5197 5197 E ActivityThread: at de.robv.android.xposed.XposedBridge.invokeOriginalMethodNative(Native Method)
09-01 19:57:13.790 5197 5197 E ActivityThread: at de.robv.android.xposed.XposedBridge.handleHookedMethod(XposedBridge.java:334)
09-01 19:57:13.790 5197 5197 E ActivityThread: at android.content.ContextWrapper.bindService()
09-01 19:57:13.790 5197 5197 E ActivityThread: at android.content.ContextWrapper.bindService(ContextWrapper.java:604)
09-01 19:57:13.790 5197 5197 E ActivityThread: at de.robv.android.xposed.XposedBridge.invokeOriginalMethodNative(Native Method)
09-01 19:57:13.790 5197 5197 E ActivityThread: at de.robv.android.xposed.XposedBridge.handleHookedMethod(XposedBridge.java:334)
09-01 19:57:13.790 5197 5197 E ActivityThread: at android.content.ContextWrapper.bindService()
09-01 19:57:13.790 5197 5197 E ActivityThread: at ivw.a(:com.google.android.gms:120)
09-01 19:57:13.790 5197 5197 E ActivityThread: at ivw.a(:com.google.android.gms:137)
09-01 19:57:13.790 5197 5197 E ActivityThread: at fmj.h(:com.google.android.gms:76)
09-01 19:57:13.790 5197 5197 E ActivityThread: at fmj.(:com.google.android.gms:64)
09-01 19:57:13.790 5197 5197 E ActivityThread: at fpn.i(:com.google.android.gms:551)
09-01 19:57:13.790 5197 5197 E ActivityThread: at com.google.android.gms.car.CarChimeraService.onBind(:com.google.android.gms:165)
09-01 19:57:13.790 5197 5197 E ActivityThread: at com.google.android.chimera.container.ServiceProxy.onBind(:com.google.android.gms:165)
09-01 19:57:13.790 5197 5197 E ActivityThread: at android.app.ActivityThread.handleBindService(ActivityThread.java:2904)
09-01 19:57:13.790 5197 5197 E ActivityThread: at android.app.ActivityThread.-wrap2(ActivityThread.java)
09-01 19:57:13.790 5197 5197 E ActivityThread: at android.app.ActivityThread$H.handleMessage(ActivityThread.java:1432)
09-01 19:57:13.790 5197 5197 E ActivityThread: at android.os.Handler.dispatchMessage(Handler.java:102)
09-01 19:57:13.790 5197 5197 E ActivityThread: at android.os.Looper.loop(Looper.java:148)
09-01 19:57:13.790 5197 5197 E ActivityThread: at android.app.ActivityThread.main(ActivityThread.java:5415)
09-01 19:57:13.790 5197 5197 E ActivityThread: at java.lang.reflect.Method.invoke(Native Method)
09-01 19:57:13.790 5197 5197 E ActivityThread: at com.android.internal.os.ZygoteInit$MethodAndArgsCaller.run(ZygoteInit.java:744)
09-01 19:57:13.790 5197 5197 E ActivityThread: at com.android.internal.os.ZygoteInit.main(ZygoteInit.java:634)
09-01 19:57:13.790 5197 5197 E ActivityThread: at de.robv.android.xposed.XposedBridge.main(XposedBridge.java:102)
09-01 19:57:13.808 2452 3463 W ActivityManager: Unbind failed: could not find connection for android.os.BinderProxy@a44b6cd
09-01 19:57:14.515 2452 2530 W AudioTrack: AUDIO_OUTPUT_FLAG_FAST denied by client; transfer 4, track 44100 Hz, output 48000 Hz
09-01 19:57:15.275 2452 2530 W AudioTrack: AUDIO_OUTPUT_FLAG_FAST denied by client; transfer 4, track 44100 Hz, output 48000 Hz
09-01 19:57:16.071 2092 2410 I chatty : uid=1013(media) FastMixer expire 253 lines
09-01 19:57:18.682 2452 2530 W AudioTrack: AUDIO_OUTPUT_FLAG_FAST denied by client; transfer 4, track 44100 Hz, output 48000 Hz
09-01 19:57:18.834 2452 3007 D NetworkMonitor/NetworkAgentInfo [Ethernet () - 100]: Probably not a portal: exception java.net.SocketTimeoutException: failed to connect to connectivitycheck.gstatic.com/216.58.197.110 (port 80) after 10000ms
09-01 19:57:18.834 2452 2524 D ConnectivityService: NetworkAgentInfo [Ethernet () - 100] validation failed
09-01 19:57:18.898 2092 2410 W audio_hw_primary: out_write error: -1, sleeping...
09-01 19:57:18.909 2092 2410 W audio_hw_primary: out_write error: -1, sleeping...
09-01 19:57:18.919 2092 2410 W audio_hw_primary: out_write error: -1, sleeping...
09-01 19:57:18.930 2092 2410 W audio_hw_primary: out_write error: -1, sleeping...
09-01 19:57:18.941 2092 2410 W audio_hw_primary: out_write error: -1, sleeping...
09-01 19:57:18.952 2092 2410 W audio_hw_primary: out_write error: -1, sleeping...
09-01 19:57:18.963 2092 2410 W audio_hw_primary: out_write error: -1, sleeping...
09-01 19:57:18.974 2092 2410 W audio_hw_primary: out_write error: -1, sleeping...
09-01 19:57:18.985 2092 2410 W audio_hw_primary: out_write error: -1, sleeping...
09-01 19:57:18.996 2092 2410 W audio_hw_primary: out_write error: -1, sleeping...
09-01 19:57:19.008 2092 2410 W audio_hw_primary: out_write error: -1, sleeping...
09-01 19:57:19.019 2092 2410 W audio_hw_primary: out_write error: -1, sleeping...
09-01 19:57:19.030 2092 2410 W audio_hw_primary: out_write error: -1, sleeping...
09-01 19:57:19.040 2092 2410 W audio_hw_primary: out_write error: -1, sleeping...
09-01 19:57:19.051 2092 2410 W audio_hw_primary: out_write error: -1, sleeping...
09-01 19:57:19.062 2092 2410 W audio_hw_primary: out_write error: -1, sleeping...
09-01 19:57:19.073 2092 2410 W audio_hw_primary: out_write error: -1, sleeping...
09-01 19:57:19.084 2092 2410 W audio_hw_primary: out_write error: -1, sleeping...
09-01 19:57:19.094 2092 2410 W audio_hw_primary: out_write error: -1, sleeping...
09-01 19:57:19.105 2092 2410 W audio_hw_primary: out_write error: -1, sleeping...
09-01 19:57:19.116 2092 2410 W audio_hw_primary: out_write error: -1, sleeping...
09-01 19:57:19.127 2092 2410 W audio_hw_primary: out_write error: -1, sleeping...
09-01 19:57:19.138 2092 2410 W audio_hw_primary: out_write error: -1, sleeping...
09-01 19:57:19.149 2092 2410 W audio_hw_primary: out_write error: -1, sleeping...
09-01 19:57:19.160 2092 2410 W audio_hw_primary: out_write error: -1, sleeping...
09-01 19:57:19.171 2092 2410 W audio_hw_primary: out_write error: -1, sleeping...
09-01 19:57:19.173 2452 2530 W AudioTrack: AUDIO_OUTPUT_FLAG_FAST denied by client; transfer 4, track 44100 Hz, output 48000 Hz
09-01 19:57:19.183 2092 2410 W audio_hw_primary: out_write error: -1, sleeping...
09-01 19:57:19.204 2092 2410 W audio_hw_primary: out_write error: -1, sleeping...
09-01 19:57:19.215 2092 2410 W audio_hw_primary: out_write error: -1, sleeping...
09-01 19:57:19.225 2092 2411 D AudioFlinger: mixer(0xb4640000) throttle end: throttle time(4)
09-01 19:57:19.226 2092 2410 W audio_hw_primary: out_write error: -1, sleeping...
09-01 19:57:19.237 2092 2410 W audio_hw_primary: out_write error: -1, sleeping...
09-01 19:57:19.248 2092 2410 W audio_hw_primary: out_write error: -1, sleeping...
09-01 19:57:19.258 2092 2410 W audio_hw_primary: out_write error: -1, sleeping...
09-01 19:57:19.269 2092 2410 W audio_hw_primary: out_write error: -1, sleeping...
09-01 19:57:19.280 2092 2410 W audio_hw_primary: out_write error: -1, sleeping...
09-01 19:57:19.291 2092 2410 W audio_hw_primary: out_write error: -1, sleeping...
09-01 19:57:19.301 2092 2410 W audio_hw_primary: out_write error: -1, sleeping...
09-01 19:57:19.312 2092 2410 W audio_hw_primary: out_write error: -1, sleeping...
09-01 19:57:19.323 2092 2410 W audio_hw_primary: out_write error: -1, sleeping...
09-01 19:57:19.334 2092 2410 W audio_hw_primary: out_write error: -1, sleeping...
09-01 19:57:19.345 2092 2410 W audio_hw_primary: out_write error: -1, sleeping...
09-01 19:57:19.355 2092 2410 W audio_hw_primary: out_write error: -1, sleeping...
09-01 19:57:19.366 2092 2410 W audio_hw_primary: out_write error: -1, sleeping...
09-01 19:57:19.377 2092 2410 W audio_hw_primary: out_write error: -1, sleeping...
09-01 19:57:19.388 2092 2410 W audio_hw_primary: out_write error: -1, sleeping...
09-01 19:57:19.398 2092 2410 W audio_hw_primary: out_write error: -1, sleeping...
09-01 19:57:19.409 2092 2410 W audio_hw_primary: out_write error: -1, sleeping...
09-01 19:57:19.420 2092 2410 W audio_hw_primary: out_write error: -1, sleeping...
09-01 19:57:19.431 2092 2410 W audio_hw_primary: out_write error: -1, sleeping...
09-01 19:57:19.441 2092 2410 W audio_hw_primary: out_write error: -1, sleeping...
09-01 19:57:19.452 2092 2410 W audio_hw_primary: out_write error: -1, sleeping...
09-01 19:57:19.463 2092 2410 W audio_hw_primary: out_write error: -1, sleeping...
09-01 19:57:19.476 2092 2410 W audio_hw_primary: out_write error: -1, sleeping...
09-01 19:57:19.497 2092 2410 W audio_hw_primary: out_write error: -1, sleeping...
09-01 19:57:19.508 2092 2410 W audio_hw_primary: out_write error: -1, sleeping...
09-01 19:57:19.519 2092 2410 W audio_hw_primary: out_write error: -1, sleeping...
09-01 19:57:19.529 2092 2410 W audio_hw_primary: out_write error: -1, sleeping...
09-01 19:57:19.540 2092 2410 W audio_hw_primary: out_write error: -1, sleeping...
09-01 19:57:19.551 2092 2410 W audio_hw_primary: out_write error: -1, sleeping...
09-01 19:57:19.562 2092 2410 W audio_hw_primary: out_write error: -1, sleeping...
09-01 19:57:19.572 2092 2410 W audio_hw_primary: out_write error: -1, sleeping...
09-01 19:57:19.583 2092 2410 W audio_hw_primary: out_write error: -1, sleeping...
09-01 19:57:19.594 2092 2410 W audio_hw_primary: out_write error: -1, sleeping...
09-01 19:57:19.605 2092 2410 W audio_hw_primary: out_write error: -1, sleeping...
09-01 19:57:19.615 2092 2410 W audio_hw_primary: out_write error: -1, sleeping...
09-01 19:57:19.626 2092 2410 W audio_hw_primary: out_write error: -1, sleeping...
09-01 19:57:19.637 2092 2410 W audio_hw_primary: out_write error: -1, sleeping...
09-01 19:57:19.648 2092 2410 W audio_hw_primary: out_write error: -1, sleeping...
09-01 19:57:19.659 2092 2410 W audio_hw_primary: out_write error: -1, sleeping...
09-01 19:57:19.669 2092 2410 W audio_hw_primary: out_write error: -1, sleeping...
09-01 19:57:19.678 3466 5314 I MS_RegisterService: RegisterService intent:Intent { act=com.google.android.gms.matchstick.register_intent_action (has extras) } isPeriodic:false
09-01 19:57:19.680 2092 2410 W audio_hw_primary: out_write error: -1, sleeping...
09-01 19:57:19.691 2092 2410 W audio_hw_primary: out_write error: -1, sleeping...
09-01 19:57:19.702 2092 2410 W audio_hw_primary: out_write error: -1, sleeping...
09-01 19:57:19.702 3466 5314 I MS_RegisterService: Phone type: 1
09-01 19:57:19.708 3466 5314 I MS_RegisterService: Doing full registration.
09-01 19:57:19.713 2092 2410 W audio_hw_primary: out_write error: -1, sleeping...
09-01 19:57:19.723 2092 2410 W audio_hw_primary: out_write error: -1, sleeping...
09-01 19:57:19.734 2092 2410 W audio_hw_primary: out_write error: -1, sleeping...
09-01 19:57:19.745 2092 2410 W audio_hw_primary: out_write error: -1, sleeping...
09-01 19:57:19.756 2092 2410 W audio_hw_primary: out_write error: -1, sleeping...
09-01 19:57:19.766 2092 2410 W audio_hw_primary: out_write error: -1, sleeping...
09-01 19:57:19.777 2092 2410 W audio_hw_primary: out_write error: -1, sleeping...
09-01 19:57:19.788 2092 2410 W audio_hw_primary: out_write error: -1, sleeping...
09-01 19:57:19.799 2092 2410 W audio_hw_primary: out_write error: -1, sleeping...
09-01 19:57:19.799 3466 5314 I MS_RegisterService: Throttling registration.
