09-01 19:54:35.890 4449 4449 E GoogleTagManager: Invalid macro: _gtm.loadEventEnabled
09-01 19:54:35.905 4449 4492 E GoogleTagManager: Invalid macro: _gtm.loadEventEnabled
09-01 19:54:35.907 2764 2764 I Auth : [AuthDelegateWrapper] Service intent: Intent { cmp=com.google.android.gms/.auth.account.authenticator.DefaultAuthDelegateService }.
09-01 19:54:35.910 2452 3026 W BroadcastQueue: Permission Denial: receiving Intent { act=android.intent.action.BOOT_COMPLETED flg=0x8000010 (has extras) } to cm.aptoide.pt/com.aptoide.amethyst.pushnotification.PushNotificationReceiver requires android.permission.RECEIVE_BOOT_COMPLETED due to sender null (uid 1000)
09-01 19:54:35.925 2452 2492 W PackageManager: Non-system app; cap priority to 0; package: org.mozilla.firefox_beta activity: org.mozilla.firefox_beta.App origPrio: 999
09-01 19:54:35.934 2452 2483 I ActivityManager: Start proc 4497:com.baidu.input:bdservice_v1/u0a80 for broadcast com.baidu.input/com.baidu.android.moplus.MoPlusReceiver
09-01 19:54:35.940 4497 4497 D houdini : [4497] Initialize library(version: 6.1.1a_x.48413 RELEASE)... successfully.
09-01 19:54:35.962 2452 2946 I ActivityManager: Killing 3823:com.luconisimone.easyrebootmd/u0a149 (adj 15): empty #17
09-01 19:54:35.981 4355 4444 I Gmail : Sending provider changed intent: Intent { act=android.intent.action.PROVIDER_CHANGED dat=content://gmail-ls/unread/^sq_ig_i_social (has extras) }
09-01 19:54:35.992 4497 4497 W XPrivacy: Hooking package=com.baidu.input
09-01 19:54:35.993 4355 4444 I Gmail : Sending provider changed intent: Intent { act=android.intent.action.PROVIDER_CHANGED dat=content://gmail-ls/unread/^sq_ig_i_personal (has extras) }
09-01 19:54:36.001 4355 4444 I Gmail : Sending provider changed intent: Intent { act=android.intent.action.PROVIDER_CHANGED dat=content://gmail-ls/unread/^io_im (has extras) }
09-01 19:54:36.009 4355 4444 I Gmail : Sending provider changed intent: Intent { act=android.intent.action.PROVIDER_CHANGED dat=content://gmail-ls/unread/^s (has extras) }
09-01 19:54:36.012 2452 2492 W PackageManager: Package com.alensw.PicFolder desires unavailable shared library com.sec.android.app.multiwindow; ignoring!
09-01 19:54:36.017 4355 4444 I Gmail : Sending provider changed intent: Intent { act=android.intent.action.PROVIDER_CHANGED dat=content://gmail-ls/unread/^t (has extras) }
09-01 19:54:36.017 4497 4497 I Xposed : XHFW3 load package com.baidu.input
09-01 19:54:36.024 4355 4444 I Gmail : Sending provider changed intent: Intent { act=android.intent.action.PROVIDER_CHANGED dat=content://gmail-ls/unread/^sq_ig_i_notification (has extras) }
09-01 19:54:36.031 4355 4444 I Gmail : Sending provider changed intent: Intent { act=android.intent.action.PROVIDER_CHANGED dat=content://gmail-ls/unread/^all (has extras) }
09-01 19:54:36.038 4355 4444 I Gmail : Sending provider changed intent: Intent { act=android.intent.action.PROVIDER_CHANGED dat=content://gmail-ls/unread/^sq_ig_i_group (has extras) }
09-01 19:54:36.046 4355 4444 I Gmail : Sending provider changed intent: Intent { act=android.intent.action.PROVIDER_CHANGED dat=content://gmail-ls/unread/^sq_ig_i_promo (has extras) }
09-01 19:54:36.048 4355 4443 I Gmail : getAccountsCursor
09-01 19:54:36.051 2452 2587 I ActivityManager: Killing 3879:com.android.keychain/1000 (adj 15): empty #17
09-01 19:54:36.072 2764 2764 I Auth : [AuthDelegateWrapper] Service intent: Intent { cmp=com.google.android.gms/.auth.account.authenticator.DefaultAuthDelegateService }.
09-01 19:54:36.122 2452 2492 W PackageParser: Ignoring duplicate uses-permissions/uses-permissions-sdk-m: android.permission.READ_CONTACTS in package: com.taobao.taobao at: Binary XML file line #77
09-01 19:54:36.164 2452 2492 W PackageParser: Unknown element under : data- at /mnt/expand/d08e55bb-f276-4967-b6e9-e42dca4420fd/app/com.taobao.taobao-1/base.apk Binary XML file line #2514
09-01 19:54:36.218 2452 2492 W PackageManager: Package com.taobao.taobao desires unavailable shared library org.ifaa.android.manager.permissions; ignoring!
09-01 19:54:36.286 2452 2463 W SettingsProvider: You shouldn't keep your settings in the secure settings. This will soon become an error.
09-01 19:54:36.290 2452 2946 W ActivityManager: Unable to start service Intent { act=android.intent.action.BOOT_COMPLETED flg=0x8000010 cmp=com.baidu.input/com.baidu.android.moplus.MoPlusService (has extras) } U=0: not found
09-01 19:54:36.292 2452 2587 I ActivityManager: Killing 3903:eu.chainfire.supersu/u0a166 (adj 15): empty #17
09-01 19:54:36.311 2452 3247 W BroadcastQueue: Permission Denial: receiving Intent { act=android.intent.action.BOOT_COMPLETED flg=0x8000010 (has extras) } to com.skyolin.helper/.helpers.StartUpBootReceiver requires android.permission.RECEIVE_BOOT_COMPLETED due to sender null (uid 1000)
09-01 19:54:36.336 2452 2483 I ActivityManager: Start proc 4522:nl.fameit.rotate/u0a81 for broadcast nl.fameit.rotate/.RotateBroadcastReceiver
09-01 19:54:36.355 4522 4522 D houdini : [4522] Initialize library(version: 6.1.1a_x.48413 RELEASE)... successfully.
09-01 19:54:36.378 4522 4522 W System : ClassLoader referenced unknown path: /data/app/nl.fameit.rotate-2/lib/x86
09-01 19:54:36.380 4522 4522 W XPrivacy: Hooking package=nl.fameit.rotate
09-01 19:54:36.403 4522 4522 I Xposed : XHFW3 load package nl.fameit.rotate
09-01 19:54:36.677 4522 4522 W ActivityThread: ClassLoader.loadClass: The class loader returned by Thread.getContextClassLoader() may fail for processes that host multiple applications. You should explicitly specify a context class loader. For example: Thread.setContextClassLoader(getClass().getClassLoader());
09-01 19:54:36.707 2452 3026 I ActivityManager: Start proc 4546:fi.rojekti.clipper/u0a143 for broadcast fi.rojekti.clipper/.library.receiver.SystemBootReceiver
09-01 19:54:36.714 4546 4546 D houdini : [4546] Initialize library(version: 6.1.1a_x.48413 RELEASE)... successfully.
09-01 19:54:36.750 4546 4546 W System : ClassLoader referenced unknown path: /data/app/fi.rojekti.clipper-2/lib/x86
09-01 19:54:36.754 4546 4546 W XPrivacy: Hooking package=fi.rojekti.clipper
09-01 19:54:36.789 4546 4546 I Xposed : XHFW3 load package fi.rojekti.clipper
09-01 19:54:36.796 4522 4568 D OpenGLRenderer: Use EGL_SWAP_BEHAVIOR_PRESERVED: true
09-01 19:54:36.800 4522 4522 I GRALLOC-DRM: create intel for driver i915
09-01 19:54:36.835 3718 3718 W cr_BindingManager: Cannot call determinedVisibility() - never saw a connection for the pid: 3718
09-01 19:54:36.872 4522 4568 I EGL-DRI2: found extension DRI_Core version 1
09-01 19:54:36.872 4522 4568 I EGL-DRI2: found extension DRI_DRI2 version 4
09-01 19:54:36.892 4522 4568 I EGL-DRI2: found extension DRI_TexBuffer version 3
09-01 19:54:36.892 4522 4568 I EGL-DRI2: found extension DRI2_Flush version 4
09-01 19:54:36.892 4522 4568 I EGL-DRI2: found extension DRI_IMAGE version 11
09-01 19:54:36.892 4522 4568 I OpenGLRenderer: Initialized EGL, version 1.4
09-01 19:54:36.892 4522 4568 W OpenGLRenderer: Failed to choose config with EGL_SWAP_BEHAVIOR_PRESERVED, retrying without...
09-01 19:54:37.140 2452 2483 I ActivityManager: Waited long enough for: ServiceRecord{238779 u0 com.android.providers.downloads/.DownloadService}
09-01 19:54:37.181 4580 4580 D houdini : [4580] Initialize library(version: 6.1.1a_x.48413 RELEASE)... successfully.
09-01 19:54:37.181 2452 3463 I ActivityManager: Start proc 4580:com.yanyan.cputemp/u0a118 for broadcast com.yanyan.cputemp/com.yanyan.receiver.MyBootReceiver
09-01 19:54:37.205 4580 4580 W System : ClassLoader referenced unknown path: /data/app/com.yanyan.cputemp-2/lib/x86
09-01 19:54:37.208 4580 4580 W XPrivacy: Hooking package=com.yanyan.cputemp
09-01 19:54:37.232 4580 4580 I Xposed : XHFW3 load package com.yanyan.cputemp
09-01 19:54:37.540 2452 3247 W BroadcastQueue: Permission Denial: receiving Intent { act=android.intent.action.BOOT_COMPLETED flg=0x8000010 (has extras) } to com.oasisfeng.greenify/.Startup requires android.permission.RECEIVE_BOOT_COMPLETED due to sender null (uid 1000)
09-01 19:54:37.540 2452 2483 W BroadcastQueue: Permission Denial: receiving Intent { act=android.intent.action.BOOT_COMPLETED flg=0x8000010 (has extras) } to com.zst.xposed.halo.floatingwindow3/.floatdot.BootReceiver requires android.permission.RECEIVE_BOOT_COMPLETED due to sender null (uid 1000)
09-01 19:54:37.560 2452 2483 I ActivityManager: Start proc 4605:de.robv.android.xposed.installer/u0a87 for broadcast de.robv.android.xposed.installer/.receivers.BootReceiver
09-01 19:54:37.565 4605 4605 D houdini : [4605] Initialize library(version: 6.1.1a_x.48413 RELEASE)... successfully.
09-01 19:54:37.565 4580 4610 D OpenGLRenderer: Use EGL_SWAP_BEHAVIOR_PRESERVED: true
09-01 19:54:37.571 4580 4580 I GRALLOC-DRM: create intel for driver i915
09-01 19:54:37.591 4605 4605 W System : ClassLoader referenced unknown path: /data/app/de.robv.android.xposed.installer-1/lib/x86
09-01 19:54:37.594 4605 4605 W XPrivacy: Hooking package=de.robv.android.xposed.installer
09-01 19:54:37.619 4580 4610 I EGL-DRI2: found extension DRI_Core version 1
09-01 19:54:37.619 4580 4610 I EGL-DRI2: found extension DRI_DRI2 version 4
09-01 19:54:37.625 4605 4605 I Xposed : XHFW3 load package de.robv.android.xposed.installer
09-01 19:54:37.639 4580 4610 I EGL-DRI2: found extension DRI_TexBuffer version 3
09-01 19:54:37.639 4580 4610 I EGL-DRI2: found extension DRI2_Flush version 4
09-01 19:54:37.639 4580 4610 I EGL-DRI2: found extension DRI_IMAGE version 11
09-01 19:54:37.640 4580 4610 I OpenGLRenderer: Initialized EGL, version 1.4
09-01 19:54:37.640 4580 4610 W OpenGLRenderer: Failed to choose config with EGL_SWAP_BEHAVIOR_PRESERVED, retrying without...
09-01 19:54:37.757 4522 4522 I LicenseChecker: Using cached license response
09-01 19:54:37.925 2452 2888 W BroadcastQueue: Permission Denial: receiving Intent { act=android.intent.action.BOOT_COMPLETED flg=0x8000010 (has extras) } to com.android.vending.billing.InAppBillingService.LOCK/.OnBootLuckyPatcher requires android.permission.RECEIVE_BOOT_COMPLETED due to sender null (uid 1000)
09-01 19:54:37.926 2452 2888 I ActivityManager: Killing 2967:com.android.providers.calendar/u0a0 (adj 15): empty #17
09-01 19:54:37.967 2452 2483 I ActivityManager: Start proc 4632:org.uguess.android.sysinfo.pro/u0a79 for broadcast org.uguess.android.sysinfo.pro/org.uguess.android.sysinfo.QSystemInfo$BootReceiver
09-01 19:54:37.969 4632 4632 D houdini : [4632] Initialize library(version: 6.1.1a_x.48413 RELEASE)... successfully.
09-01 19:54:38.017 4632 4632 W System : ClassLoader referenced unknown path: /data/app/org.uguess.android.sysinfo.pro-2/lib/x86
09-01 19:54:38.019 4632 4632 W XPrivacy: Hooking package=org.uguess.android.sysinfo.pro
09-01 19:54:38.049 4632 4632 I Xposed : XHFW3 load package org.uguess.android.sysinfo.pro
09-01 19:54:38.354 4632 4632 D org.uguess.android.sysinfo.莫峒会技: Current SDK version does not support 'getPss' method.
09-01 19:54:38.366 2452 3105 I ActivityManager: Killing 3991:com.google.android.configupdater/u0a135 (adj 15): empty #17
09-01 19:54:38.460 2452 2452 I chatty : uid=1000 system_server expire 1 line
09-01 19:54:38.507 2882 3083 D Launcher.IconCache: Package not found
09-01 19:54:38.507 2882 3083 D Launcher.IconCache: android.content.pm.PackageManager$NameNotFoundException: com.google.android.calendar
09-01 19:54:38.507 2882 3083 D Launcher.IconCache: at android.app.ApplicationPackageManager.getPackageInfo(ApplicationPackageManager.java:137)
09-01 19:54:38.507 2882 3083 D Launcher.IconCache: at de.robv.android.xposed.XposedBridge.invokeOriginalMethodNative(Native Method)
09-01 19:54:38.507 2882 3083 D Launcher.IconCache: at de.robv.android.xposed.XposedBridge.handleHookedMethod(XposedBridge.java:334)
09-01 19:54:38.507 2882 3083 D Launcher.IconCache: at android.app.ApplicationPackageManager.getPackageInfo()
09-01 19:54:38.507 2882 3083 D Launcher.IconCache: at com.android.launcher3.IconCache.updateIconsForPkg()
09-01 19:54:38.507 2882 3083 D Launcher.IconCache: at com.android.launcher3.LauncherModel$PackageUpdatedTask.run()
09-01 19:54:38.507 2882 3083 D Launcher.IconCache: at android.os.Handler.handleCallback(Handler.java:739)
09-01 19:54:38.507 2882 3083 D Launcher.IconCache: at android.os.Handler.dispatchMessage(Handler.java:95)
09-01 19:54:38.507 2882 3083 D Launcher.IconCache: at android.os.Looper.loop(Looper.java:148)
09-01 19:54:38.507 2882 3083 D Launcher.IconCache: at android.os.HandlerThread.run(HandlerThread.java:61)
09-01 19:54:38.553 2452 2463 I ActivityManager: Start proc 4660:eu.chainfire.supersu/u0a166 for broadcast eu.chainfire.supersu/.UserPresentReceiver
09-01 19:54:38.555 4660 4660 D houdini : [4660] Initialize library(version: 6.1.1a_x.48413 RELEASE)... successfully.
09-01 19:54:38.580 4660 4660 W System : ClassLoader referenced unknown path: /data/app/eu.chainfire.supersu-2/lib/x86
09-01 19:54:38.583 4660 4660 W XPrivacy: Hooking package=eu.chainfire.supersu
09-01 19:54:38.604 4660 4660 I Xposed : XHFW3 load package eu.chainfire.supersu
09-01 19:54:38.661 4580 4610 V RenderScript: 0x991d7000 Launching thread(s), CPUs 4
09-01 19:54:38.661 3466 4039 I MS_RegisterService: RegisterService intent:Intent { act=com.google.android.gms.matchstick.register_intent_action (has extras) } isPeriodic:false
09-01 19:54:38.685 3466 4039 I MS_RegisterService: Phone type: 1
09-01 19:54:38.694 3466 4039 I MS_RegisterService: Doing full registration.
09-01 19:54:38.797 3466 4039 I MS_RegisterService: Throttling registration.
09-01 19:54:38.799 3466 4039 W MS_WakeLockHelper: Call to release wakelock: register_service_start_wakelock, but not held.
09-01 19:54:38.946 2452 3026 I ActivityManager: Start proc 4691:com.android.settings/1000 for broadcast com.android.settings/.bluetooth.DockEventReceiver
09-01 19:54:38.947 2452 3026 I ActivityManager: Killing 4043:com.google.android.onetimeinitializer/u0a20 (adj 15): empty #17
09-01 19:54:38.976 4691 4691 I chatty : uid=1000(system) com.android.settings expire 18 lines
09-01 19:54:39.177 2452 2492 W PackageManager: Non-system app; cap priority to 0; package: com.taobao.taobao activity: com.taobao.favorites.FavoriteGoodsActivity origPrio: 3
09-01 19:54:39.178 2452 2492 W PackageManager: Non-system app; cap priority to 0; package: com.taobao.taobao activity: com.taobao.magicmirror.MagicMirrorActivity origPrio: 1
09-01 19:54:39.178 2452 2492 W PackageManager: Non-system app; cap priority to 0; package: com.taobao.taobao activity: com.taobao.magicmirror.ARNavigationActivity origPrio: 1
09-01 19:54:39.178 2452 2492 W PackageManager: Non-system app; cap priority to 0; package: com.taobao.taobao activity: com.taobao.magicmirror.ARMarkerActivity origPrio: 1
09-01 19:54:39.178 2452 2492 W PackageManager: Non-system app; cap priority to 0; package: com.taobao.taobao activity: com.taobao.magicmirror.EmptyActivity origPrio: 1
09-01 19:54:39.179 2452 2492 W PackageManager: Non-system app; cap priority to 0; package: com.taobao.taobao activity: com.taobao.tao.contacts.share.ShareMessageListViewActivity origPrio: 3
09-01 19:54:39.179 2452 2492 W PackageManager: Non-system app; cap priority to 0; package: com.taobao.taobao activity: com.taobao.tao.contacts.share.ShareMessageListViewActivity origPrio: 3
09-01 19:54:39.181 2452 2492 W PackageManager: Non-system app; cap priority to 0; package: com.taobao.taobao activity: com.taobao.browser.router.FromH5RouterActivity origPrio: 1
09-01 19:54:39.182 2452 2492 W PackageManager: Non-system app; cap priority to 0; package: com.taobao.taobao activity: com.taobao.browser.router.FromH5RouterActivity origPrio: 1
09-01 19:54:39.182 2452 2492 W PackageManager: Non-system app; cap priority to 0; package: com.taobao.taobao activity: com.taobao.tao.allspark.comment.activity.CommentListTabActivity origPrio: 1
09-01 19:54:39.183 2452 2492 W PackageManager: Non-system app; cap priority to 0; package: com.taobao.taobao activity: com.taobao.tao.allspark.comment.activity.CommentListTabActivity origPrio: 1
09-01 19:54:39.183 2452 2492 W PackageManager: Non-system app; cap priority to 0; package: com.taobao.taobao activity: com.taobao.tao.allspark.comment.activity.CommentListTabActivity origPrio: 1
09-01 19:54:39.183 2452 2492 W PackageManager: Non-system app; cap priority to 0; package: com.taobao.taobao activity: com.taobao.tao.allspark.container.editor.EditorActivity origPrio: 1
09-01 19:54:39.183 2452 2492 W PackageManager: Non-system app; cap priority to 0; package: com.taobao.taobao activity: com.taobao.tao.allspark.container.editor.EditorActivity origPrio: 1
09-01 19:54:39.183 2452 2492 W PackageManager: Non-system app; cap priority to 0; package: com.taobao.taobao activity: com.taobao.tao.allspark.container.editor.EditorActivity origPrio: 1
09-01 19:54:39.183 2452 2492 W PackageManager: Non-system app; cap priority to 0; package: com.taobao.taobao activity: com.taobao.allspark.activity.AllSparkMainActivity origPrio: 1
09-01 19:54:39.183 2452 2492 W PackageManager: Non-system app; cap priority to 0; package: com.taobao.taobao activity: com.taobao.allspark.activity.AllSparkFragmentActivity origPrio: 1
09-01 19:54:39.183 2452 2492 W PackageManager: Non-system app; cap priority to 0; package: com.taobao.taobao activity: com.taobao.allspark.activity.AllSparkFragmentActivity origPrio: 1
09-01 19:54:39.183 2452 2492 W PackageManager: Non-system app; cap priority to 0; package: com.taobao.taobao activity: com.taobao.tao.allspark.H5Router.FromH5AllsparkRouterActivity origPrio: 1
09-01 19:54:39.183 2452 2492 W PackageManager: Non-system app; cap priority to 0; package: com.taobao.taobao activity: com.taobao.tao.allspark.H5Router.FromH5AllsparkRouterActivity origPrio: 1
09-01 19:54:39.183 2452 2492 W PackageManager: Non-system app; cap priority to 0; package: com.taobao.taobao activity: com.taobao.tao.allspark.H5Router.FromH5AllsparkRouterActivity origPrio: 1
09-01 19:54:39.183 2452 2492 W PackageManager: Non-system app; cap priority to 0; package: com.taobao.taobao activity: com.taobao.tao.allspark.H5Router.FromH5AllsparkRouterActivity origPrio: 1
09-01 19:54:39.183 2452 2492 W PackageManager: Non-system app; cap priority to 0; package: com.taobao.taobao activity: com.taobao.tao.allspark.H5Router.FromH5AllsparkRouterActivity origPrio: 1
09-01 19:54:39.183 2452 2492 W PackageManager: Non-system app; cap priority to 0; package: com.taobao.taobao activity: com.taobao.tao.allspark.H5Router.FromH5AllsparkRouterActivity origPrio: 1
09-01 19:54:39.183 2452 2492 W PackageManager: Non-system app; cap priority to 0; package: com.taobao.taobao activity: com.taobao.tao.allspark.msgbox.AccountManagerActivity origPrio: 1
09-01 19:54:39.183 2452 2492 W PackageManager: Non-system app; cap priority to 0; package: com.taobao.taobao activity: com.taobao.tao.allspark.msgbox.AccountManagerActivity origPrio: 1
09-01 19:54:39.183 2452 2492 W PackageManager: Non-system app; cap priority to 0; package: com.taobao.taobao activity: com.taobao.tao.allspark.feed.activity.FeedDetailActivity origPrio: 1
09-01 19:54:39.183 2452 2492 W PackageManager: Non-system app; cap priority to 0; package: com.taobao.taobao activity: com.taobao.tao.allspark.container.WeDetailContainerActivity origPrio: 1
09-01 19:54:39.184 2452 2492 W PackageManager: Non-system app; cap priority to 0; package: com.taobao.taobao activity: com.taobao.tao.allspark.container.WeDetailContainerActivity origPrio: 1
09-01 19:54:39.184 2452 2492 W PackageManager: Non-system app; cap priority to 0; package: com.taobao.taobao activity: com.taobao.tao.allspark.container.WeDetailContainerActivity origPrio: 1
09-01 19:54:39.184 2452 2492 W PackageManager: Non-system app; cap priority to 0; package: com.taobao.taobao activity: com.taobao.tao.allspark.promotion.PromotionActivity origPrio: 1
09-01 19:54:39.184 2452 2492 W PackageManager: Non-system app; cap priority to 0; package: com.taobao.taobao activity: com.taobao.tao.allspark.follow.activity.FollowContainerActivity origPrio: 1
09-01 19:54:39.184 2452 2492 W PackageManager: Non-system app; cap priority to 0; package: com.taobao.taobao activity: com.taobao.tao.allspark.follow.activity.FollowContainerActivity origPrio: 1
09-01 19:54:39.184 2452 2492 W PackageManager: Non-system app; cap priority to 0; package: com.taobao.taobao activity: com.taobao.tao.allspark.follow.activity.FollowContainerActivity origPrio: 1
09-01 19:54:39.184 2452 2492 W PackageManager: Non-system app; cap priority to 0; package: com.taobao.taobao activity: com.taobao.tao.allspark.pop.activity.WeiTaoLayerActivity origPrio: 1
09-01 19:54:39.184 2452 2492 W PackageManager: Non-system app; cap priority to 0; package: com.taobao.taobao activity: com.taobao.tao.allspark.pop.activity.WeiTaoLayerActivity origPrio: 1
09-01 19:54:39.184 2452 2492 W PackageManager: Non-system app; cap priority to 0; package: com.taobao.taobao activity: com.taobao.tao.allspark.pop.activity.WeiTaoLayerActivity origPrio: 1
09-01 19:54:39.185 2452 2492 W PackageManager: Non-system app; cap priority to 0; package: com.taobao.taobao activity: com.taobao.tao.combo.ShopComboActivity origPrio: 1
09-01 19:54:39.187 2452 2492 W PackageManager: Non-system app; cap priority to 0; package: com.taobao.taobao activity: com.taobao.tao.setting.TaobaoSettingsActivity origPrio: 4
09-01 19:54:39.187 2452 2492 W PackageManager: Non-system app; cap priority to 0; package: com.taobao.taobao activity: com.taobao.tao.setting.UpdateSnsNickActivity origPrio: 4
09-01 19:54:39.187 2452 2492 W PackageManager: Non-system app; cap priority to 0; package: com.taobao.taobao activity: com.taobao.tao.setting.MyProfileSettingActivity origPrio: 4
09-01 19:54:39.188 2452 2492 W PackageManager: Non-system app; cap priority to 0; package: com.taobao.taobao activity: com.taobao.cainiao.logistic.LogisticListActivity origPrio: 3
09-01 19:54:39.190 2452 2492 W PackageManager: Non-system app; cap priority to 0; package: com.taobao.taobao activity: com.taobao.wangxin.activity.WangxinActivity origPrio: 10
09-01 19:54:39.190 2452 2492 W PackageManager: Non-system app; cap priority to 0; package: com.taobao.taobao activity: com.alipay.android.app.pay.MiniLaucherActivity origPrio: 800
09-01 19:54:39.190 2452 2492 W PackageManager: Non-system app; cap priority to 0; package: com.taobao.taobao activity: com.alipay.android.app.ui.quickpay.window.MiniWebActivity origPrio: 800
09-01 19:54:39.295 2452 2492 W PackageManager: Failed to scan /mnt/expand/d08e55bb-f276-4967-b6e9-e42dca4420fd/app/com.eg.android.AlipayGphone-1: Failed adding asset path: /mnt/expand/d08e55bb-f276-4967-b6e9-e42dca4420fd/app/com.eg.android.AlipayGphone-1
09-01 19:54:39.295 2452 2492 W PackageManager: Not granting permission android.permission.WRITE_EXTERNAL_STORAGE to package com.force.timezonefixer because it was previously installed without
09-01 19:54:39.295 2452 2492 W PackageManager: Not granting permission android.permission.ACCESS_SUPERUSER to package com.force.timezonefixer because it was previously installed without
09-01 19:54:39.295 2452 2492 W PackageManager: Not granting permission android.permission.READ_EXTERNAL_STORAGE to package com.force.timezonefixer because it was previously installed without
09-01 19:54:39.296 2452 2492 W PackageManager: Not granting permission android.permission.ACCESS_SUPERUSER to package com.github.shadowsocks because it was previously installed without
09-01 19:54:39.301 2452 2492 W PackageManager: Not granting permission android.permission.READ_LOGS to package com.ali.money.shield (protectionLevel=50 flags=0x384c7e44)
09-01 19:54:39.302 2452 2492 W PackageManager: Unknown permission com.android.launcher.permission.READ_SETTINGS in package com.ali.money.shield
09-01 19:54:39.302 2452 2492 W PackageManager: Unknown permission com.android.launcher1.permission.READ_SETTINGS in package com.ali.money.shield
09-01 19:54:39.302 2452 2492 W PackageManager: Unknown permission com.android.launcher2.permission.READ_SETTINGS in package com.ali.money.shield
09-01 19:54:39.302 2452 2492 W PackageManager: Unknown permission com.android.launcher.permission.WRITE_SETTINGS in package com.ali.money.shield
09-01 19:54:39.302 2452 2492 W PackageManager: Unknown permission com.android.launcher1.permission.WRITE_SETTINGS in package com.ali.money.shield
09-01 19:54:39.302 2452 2492 W PackageManager: Unknown permission com.android.launcher2.permission.WRITE_SETTINGS in package com.ali.money.shield
09-01 19:54:39.306 2452 2492 W PackageManager: Not granting permission android.permission.MOUNT_UNMOUNT_FILESYSTEMS to package com.ali.money.shield (protectionLevel=18 flags=0x384c7e44)
09-01 19:54:39.306 2452 2492 W PackageManager: Unknown permission android.permission.BROADCAST_PACKAGE_ADDED in package com.ali.money.shield
09-01 19:54:39.306 2452 2492 W PackageManager: Unknown permission android.permission.BROADCAST_PACKAGE_CHANGED in package com.ali.money.shield
09-01 19:54:39.306 2452 2492 W PackageManager: Unknown permission android.permission.BROADCAST_PACKAGE_INSTALL in package com.ali.money.shield
09-01 19:54:39.306 2452 2492 W PackageManager: Unknown permission android.permission.BROADCAST_PACKAGE_REPLACED in package com.ali.money.shield
09-01 19:54:39.306 2452 2492 W PackageManager: Unknown permission com.taobao.taobao.permission.C2D_MESSAGE in package com.ali.money.shield
09-01 19:54:39.311 2452 2492 W PackageManager: Not granting permission android.permission.CHANGE_CONFIGURATION to package com.ali.money.shield (protectionLevel=50 flags=0x384c7e44)
09-01 19:54:39.313 2452 2492 W PackageManager: Not granting permission android.permission.INTERACT_ACROSS_USERS_FULL to package com.ali.money.shield (protectionLevel=258 flags=0x384c7e44)
09-01 19:54:39.318 2452 2492 W PackageManager: Not granting permission android.permission.CLEAR_APP_CACHE to package com.ali.money.shield (protectionLevel=18 flags=0x384c7e44)
09-01 19:54:39.318 2452 2492 W PackageManager: Unknown permission android.permission.ACCESS_MTK_MMHW in package com.ali.money.shield
09-01 19:54:39.321 2452 2492 W PackageManager: Not granting permission android.permission.MANAGE_DOCUMENTS to package com.google.android.youtube (protectionLevel=2 flags=0x38583e45)
09-01 19:54:39.325 2452 2492 W PackageManager: Not granting permission android.permission.BIND_ACCESSIBILITY_SERVICE to package com.camel.corp.universalcopy (protectionLevel=2 flags=0x3808be44)
09-01 19:54:39.328 2452 2492 W PackageManager: Not granting permission android.permission.ACCESS_NETWORK_STATE to package com.oasisfeng.greenify because it was previously installed without
09-01 19:54:39.330 2452 2492 W PackageManager: Not granting permission android.permission.RECEIVE_BOOT_COMPLETED to package com.oasisfeng.greenify because it was previously installed without
09-01 19:54:39.330 2452 2492 W PackageManager: Not granting permission android.permission.READ_SYNC_STATS to package com.oasisfeng.greenify because it was previously installed without
09-01 19:54:39.337 2452 2492 W PackageManager: Not granting permission android.permission.DISABLE_KEYGUARD to package com.oasisfeng.greenify because it was previously installed without
09-01 19:54:39.339 2452 2492 W PackageManager: Not granting permission android.permission.FORCE_STOP_PACKAGES to package com.oasisfeng.greenify (protectionLevel=18 flags=0x3889be44)
09-01 19:54:39.339 2452 2492 W PackageManager: Not granting permission com.android.launcher.permission.INSTALL_SHORTCUT to package com.oasisfeng.greenify because it was previously installed without
09-01 19:54:39.339 2452 2492 W PackageManager: Not granting permission android.permission.EXPAND_STATUS_BAR to package com.oasisfeng.greenify because it was previously installed without
09-01 19:54:39.339 2452 2492 W PackageManager: Not granting permission android.permission.WAKE_LOCK to package com.oasisfeng.greenify because it was previously installed without
09-01 19:54:39.344 2452 2492 W PackageManager: Not granting permission android.permission.KILL_BACKGROUND_PROCESSES to package com.jt5.xposed.chromepie because it was previously installed without
09-01 19:54:39.344 2452 2492 W PackageManager: Not granting permission android.permission.EXPAND_STATUS_BAR to package com.jt5.xposed.chromepie because it was previously installed without
09-01 19:54:39.345 2452 2492 W PackageManager: Unknown permission android.permission.READ_SETTINGS in package org.android_x86.analytics
09-01 19:54:39.371 2452 2492 W PackageManager: Unknown permission com.google.android.voicesearch.SHORTCUTS_ACCESS in package com.google.android.googlequicksearchbox
09-01 19:54:39.371 2452 2492 W PackageManager: Unknown permission com.google.android.voicesearch.ACCESS_SETTINGS in package com.google.android.googlequicksearchbox
09-01 19:54:39.373 2452 2492 W PackageManager: Unknown permission com.google.android.ears.permission.WRITE in package com.google.android.googlequicksearchbox
09-01 19:54:39.379 2452 2492 W PackageManager: Unknown permission com.google.googlenav.friend.permission.OPT_IN in package com.google.android.googlequicksearchbox
09-01 19:54:39.379 2452 2492 W PackageManager: Unknown permission com.google.android.apps.maps.permission.PREFETCH in package com.google.android.googlequicksearchbox
09-01 19:54:39.381 2452 2492 W PackageManager: Unknown permission com.google.android.apps.googlevoice.permission.AUTO_SEND in package com.google.android.googlequicksearchbox
09-01 19:54:39.385 2452 2492 W PackageManager: Unknown permission com.google.android.hangouts.START_HANGOUT in package com.google.android.googlequicksearchbox
09-01 19:54:39.389 2452 2492 W PackageManager: Unknown permission com.android.chrome.PRERENDER_URL in package com.google.android.googlequicksearchbox
09-01 19:54:39.404 2452 2492 W PackageManager: Not granting permission android.permission.WRITE_EXTERNAL_STORAGE to package de.xiaoxia.xstatusbarlunardate because it was previously installed without
09-01 19:54:39.404 2452 2492 W PackageManager: Not granting permission android.permission.READ_EXTERNAL_STORAGE to package de.xiaoxia.xstatusbarlunardate because it was previously installed without
09-01 19:54:39.405 2452 2492 W PackageManager: Not granting permission android.permission.READ_PHONE_STATE to package com.sollyu.xposed.hook.model because it was previously installed without
09-01 19:54:39.405 2452 2492 W PackageManager: Not granting permission android.permission.ACCESS_SUPERUSER to package com.sollyu.xposed.hook.model because it was previously installed without
09-01 19:54:39.405 2452 2492 W PackageManager: Not granting permission android.permission.WRITE_EXTERNAL_STORAGE to package com.sollyu.xposed.hook.model because it was previously installed without
09-01 19:54:39.405 2452 2492 W PackageManager: Not granting permission android.permission.READ_EXTERNAL_STORAGE to package com.sollyu.xposed.hook.model because it was previously installed without
09-01 19:54:39.417 2452 2492 W PackageManager: Not granting permission android.permission.READ_EXTERNAL_STORAGE to package me.kuder.diskinfo.pro because it was previously installed without
09-01 19:54:39.417 2452 2492 W PackageManager: Not granting permission com.android.vending.CHECK_LICENSE to package me.kuder.diskinfo.pro because it was previously installed without
09-01 19:54:39.422 2452 2492 W PackageManager: Not granting permission android.permission.CLEAR_APP_CACHE to package org.uguess.android.sysinfo.pro (protectionLevel=18 flags=0x3889be44)
09-01 19:54:39.424 2452 2492 W PackageManager: Not granting permission android.permission.WRITE_EXTERNAL_STORAGE to package org.getlantern.lantern because it was previously installed without
09-01 19:54:39.424 2452 2492 W PackageManager: Not granting permission android.permission.READ_EXTERNAL_STORAGE to package org.getlantern.lantern because it was previously installed without
09-01 19:54:39.434 2452 2492 W PackageManager: Not granting permission android.permission.ACCESS_NETWORK_STATE to package com.clippersync.android.plugin because it was previously installed without
09-01 19:54:39.435 2452 2492 W PackageManager: Not granting permission android.permission.GET_ACCOUNTS to package com.clippersync.android.plugin because it was previously installed without
09-01 19:54:39.435 2452 2492 W PackageManager: Not granting permission android.permission.USE_CREDENTIALS to package com.clippersync.android.plugin because it was previously installed without
09-01 19:54:39.439 2452 2492 W PackageManager: Not granting permission android.permission.WRITE_EXTERNAL_STORAGE to package jp.sblo.pandora.jota.plus because it was previously installed without
09-01 19:54:39.439 2452 2492 W PackageManager: Not granting permission android.permission.READ_EXTERNAL_STORAGE to package jp.sblo.pandora.jota.plus because it was previously installed without
09-01 19:54:39.442 2452 2492 W PackageManager: Not granting permission android.permission.READ_LOGS to package com.netease.cartoonreader (protectionLevel=50 flags=0x381c3e44)
09-01 19:54:39.445 2452 2492 W PackageManager: Not granting permission android.permission.WRITE_EXTERNAL_STORAGE to package de.robv.android.xposed.mods.appsettings because it was previously installed without
09-01 19:54:39.445 2452 2492 W PackageManager: Not granting permission android.permission.GET_TASKS to package de.robv.android.xposed.mods.appsettings because it was previously installed without
09-01 19:54:39.445 2452 2492 W PackageManager: Not granting permission android.permission.READ_EXTERNAL_STORAGE to package de.robv.android.xposed.mods.appsettings because it was previously installed without
09-01 19:54:39.448 2452 2492 W PackageManager: Not granting permission android.permission.CLEAR_APP_CACHE to package com.antutu.ABenchMark (protectionLevel=18 flags=0x381cbe44)
09-01 19:54:39.452 2452 2492 W PackageManager: Not granting permission android.permission.MOUNT_UNMOUNT_FILESYSTEMS to package com.antutu.ABenchMark (protectionLevel=18 flags=0x381cbe44)
09-01 19:54:39.452 2452 2492 W PackageManager: Unknown permission android.permission.ACCESS_COARSE_UPDATES in package com.antutu.ABenchMark
09-01 19:54:39.454 2452 2492 W PackageManager: Not granting permission android.permission.MOUNT_UNMOUNT_FILESYSTEMS to package bos.consoar.imagestitch (protectionLevel=18 flags=0x381cbe44)
09-01 19:54:39.457 2452 2492 W PackageManager: Unknown permission android.permission.SYSTEM_OVERLAY_WINDOW in package bos.consoar.imagestitch
09-01 19:54:39.462 2452 2492 W PackageManager: Not granting permission android.permission.WRITE_EXTERNAL_STORAGE to package org.mokee.weatherprovider because it was previously installed without
09-01 19:54:39.462 2452 2492 W PackageManager: Not granting permission android.permission.READ_PHONE_STATE to package org.mokee.weatherprovider because it was previously installed without
09-01 19:54:39.462 2452 2492 W PackageManager: Not granting permission android.permission.READ_EXTERNAL_STORAGE to package org.mokee.weatherprovider because it was previously installed without
09-01 19:54:39.462 2452 2492 W PackageManager: Unknown permission com.android.launcher.permission.READ_SETTINGS in package com.qq.ac.android
09-01 19:54:39.466 2452 2492 W PackageManager: Not granting permission android.permission.MOUNT_UNMOUNT_FILESYSTEMS to package com.qq.ac.android (protectionLevel=18 flags=0x381c3e44)
09-01 19:54:39.471 2452 2492 W PackageManager: Not granting permission android.permission.READ_LOGS to package com.qq.ac.android (protectionLevel=50 flags=0x381c3e44)
09-01 19:54:39.471 2452 2492 W PackageManager: Unknown permission android.permission.RECEIVE_USER_PRESENT in package com.qq.ac.android
09-01 19:54:39.477 2452 2492 W PackageManager: Not granting permission android.permission.BATTERY_STATS to package com.qq.ac.android (protectionLevel=50 flags=0x381c3e44)
09-01 19:54:39.478 2452 2492 W PackageManager: Not granting permission android.permission.WRITE_EXTERNAL_STORAGE to package com.ghisler.android.TotalCommander because it was previously installed without
09-01 19:54:39.478 2452 2492 W PackageManager: Not granting permission android.permission.ACCESS_NETWORK_STATE to package com.ghisler.android.TotalCommander because it was previously installed without
09-01 19:54:39.478 2452 2492 W PackageManager: Not granting permission android.permission.WAKE_LOCK to package com.ghisler.android.TotalCommander because it was previously installed without
09-01 19:54:39.478 2452 2492 W PackageManager: Not granting permission android.permission.ACCESS_SUPERUSER to package com.ghisler.android.TotalCommander because it was previously installed without
09-01 19:54:39.478 2452 2492 W PackageManager: Not granting permission com.android.launcher.permission.INSTALL_SHORTCUT to package com.ghisler.android.TotalCommander because it was previously installed without
09-01 19:54:39.479 2452 2492 W PackageManager: Not granting permission android.permission.READ_EXTERNAL_STORAGE to package com.ghisler.android.TotalCommander because it was previously installed without
09-01 19:54:39.484 2452 2492 W PackageManager: Not granting permission android.permission.WRITE_EXTERNAL_STORAGE to package me.piebridge.forcestopgb because it was previously installed without
09-01 19:54:39.485 2452 2492 W PackageManager: Not granting permission android.permission.READ_PHONE_STATE to package me.piebridge.forcestopgb because it was previously installed without
09-01 19:54:39.486 2452 2492 W PackageManager: Not granting permission android.permission.ACCESS_WIFI_STATE to package me.piebridge.forcestopgb because it was previously installed without
09-01 19:54:39.486 2452 2492 W PackageManager: Not granting permission android.permission.READ_EXTERNAL_STORAGE to package me.piebridge.forcestopgb because it was previously installed without
09-01 19:54:39.486 2452 2492 W PackageManager: Not granting permission android.permission.GET_TASKS to package me.piebridge.forcestopgb because it was previously installed without
09-01 19:54:39.486 2452 2492 W PackageManager: Not granting permission android.permission.ACCESS_NETWORK_STATE to package me.piebridge.forcestopgb because it was previously installed without
09-01 19:54:39.533 2452 2492 W PackageManager: Not granting permission com.android.vending.CHECK_LICENSE to package com.linuxjet.apps.ChromeUA because it was previously installed without
09-01 19:54:39.533 2452 2492 W PackageManager: Not granting permission android.permission.KILL_BACKGROUND_PROCESSES to package com.linuxjet.apps.ChromeUA because it was previously installed without
09-01 19:54:39.533 2452 2492 W PackageManager: Not granting permission android.permission.ACCESS_NETWORK_STATE to package com.linuxjet.apps.ChromeUA because it was previously installed without
09-01 19:54:39.533 2452 2492 W PackageManager: Not granting permission android.permission.ACCESS_SUPERUSER to package com.linuxjet.apps.ChromeUA because it was previously installed without
09-01 19:54:39.533 2452 2492 W PackageManager: Not granting permission android.permission.WRITE_EXTERNAL_STORAGE to package com.linuxjet.apps.ChromeUA because it was previously installed without
09-01 19:54:39.533 2452 2492 W PackageManager: Not granting permission com.android.vending.BILLING to package com.linuxjet.apps.ChromeUA because it was previously installed without
09-01 19:54:39.533 2452 2492 W PackageManager: Not granting permission com.google.android.c2dm.permission.RECEIVE to package com.linuxjet.apps.ChromeUA because it was previously installed without
09-01 19:54:39.533 2452 2492 W PackageManager: Not granting permission android.permission.WAKE_LOCK to package com.linuxjet.apps.ChromeUA because it was previously installed without
09-01 19:54:39.533 2452 2492 W PackageManager: Not granting permission android.permission.READ_EXTERNAL_STORAGE to package com.linuxjet.apps.ChromeUA because it was previously installed without
09-01 19:54:39.533 2452 2492 W PackageManager: Not granting permission android.permission.ACCESS_SUPERUSER to package com.woalk.apps.xposed.translucentstyle because it was previously installed without
09-01 19:54:39.534 2452 2492 W PackageManager: Not granting permission android.permission.READ_EXTERNAL_STORAGE to package com.lonelycatgames.Xplore because it was previously installed without
09-01 19:54:39.534 2452 2492 W PackageManager: Not granting permission android.permission.WRITE_EXTERNAL_STORAGE to package com.lonelycatgames.Xplore because it was previously installed without
09-01 19:54:39.534 2452 2492 W PackageManager: Not granting permission android.permission.GET_ACCOUNTS to package com.lonelycatgames.Xplore because it was previously installed without
09-01 19:54:39.534 2452 2492 W PackageManager: Not granting permission android.permission.ACCESS_SUPERUSER to package com.lonelycatgames.Xplore because it was previously installed without
09-01 19:54:39.536 2452 2492 W PackageManager: Not granting permission android.permission.ACCESS_SUPERUSER to package com.szly.xposedstore because it was previously installed without
09-01 19:54:39.536 2452 2492 W PackageManager: Not granting permission android.permission.WRITE_EXTERNAL_STORAGE to package com.szly.xposedstore because it was previously installed without
09-01 19:54:39.536 2452 2492 W PackageManager: Not granting permission android.permission.ACCESS_NETWORK_STATE to package com.szly.xposedstore because it was previously installed without
09-01 19:54:39.536 2452 2492 W PackageManager: Not granting permission android.permission.ACCESS_COARSE_LOCATION to package com.szly.xposedstore because it was previously installed without
09-01 19:54:39.536 2452 2492 W PackageManager: Not granting permission android.permission.ACCESS_FINE_LOCATION to package com.szly.xposedstore because it was previously installed without
09-01 19:54:39.536 2452 2492 W PackageManager: Not granting permission android.permission.ACCESS_WIFI_STATE to package com.szly.xposedstore because it was previously installed without
09-01 19:54:39.536 2452 2492 W PackageManager: Not granting permission android.permission.CHANGE_WIFI_STATE to package com.szly.xposedstore because it was previously installed without
09-01 19:54:39.536 2452 2492 W PackageManager: Not granting permission android.permission.READ_PHONE_STATE to package com.szly.xposedstore because it was previously installed without
09-01 19:54:39.539 2452 2492 W PackageManager: Not granting permission android.permission.MOUNT_UNMOUNT_FILESYSTEMS to package com.szly.xposedstore (protectionLevel=18 flags=0x3808be44)
09-01 19:54:39.547 2452 2492 W PackageManager: Not granting permission android.permission.INSTALL_PACKAGES to package com.szly.xposedstore (protectionLevel=18 flags=0x3808be44)
09-01 19:54:39.549 2452 2492 W PackageManager: Not granting permission android.permission.DELETE_PACKAGES to package com.szly.xposedstore (protectionLevel=18 flags=0x3808be44)
09-01 19:54:39.549 2452 2492 W PackageManager: Not granting permission android.permission.GET_TASKS to package com.szly.xposedstore because it was previously installed without
09-01 19:54:39.549 2452 2492 W PackageManager: Not granting permission android.permission.GET_PACKAGE_SIZE to package com.szly.xposedstore because it was previously installed without
09-01 19:54:39.549 2452 2492 W PackageManager: Not granting permission android.permission.READ_EXTERNAL_STORAGE to package com.szly.xposedstore because it was previously installed without
09-01 19:54:39.550 2452 2492 W PackageManager: Unknown permission android.permission.READ_MEDIA_STORAGE in package com.keramidas.TitaniumBackup
09-01 19:54:39.553 2452 2492 I PackageManager: Un-granting permission android.permission.WRITE_MEDIA_STORAGE from package com.keramidas.TitaniumBackup (protectionLevel=18 flags=0x380cbe44)
09-01 19:54:39.553 2452 2492 W PackageManager: Unknown permission com.android.voicemail.permission.READ_WRITE_ALL_VOICEMAIL in package com.keramidas.TitaniumBackup
09-01 19:54:39.556 2452 2492 W PackageManager: Not granting permission android.permission.BROADCAST_SMS to package com.keramidas.TitaniumBackup (protectionLevel=2 flags=0x380cbe44)
09-01 19:54:39.559 2452 2492 W PackageManager: Not granting permission android.permission.BROADCAST_WAP_PUSH to package com.keramidas.TitaniumBackup (protectionLevel=2 flags=0x380cbe44)
09-01 19:54:39.559 2452 2492 W PackageManager: Not granting permission android.permission.WRITE_EXTERNAL_STORAGE to package com.a1dev.sdbench because it was previously installed without
09-01 19:54:39.559 2452 2492 W PackageManager: Not granting permission android.permission.READ_EXTERNAL_STORAGE to package com.a1dev.sdbench because it was previously installed without
09-01 19:54:39.562 2452 2492 I PackageManager: Un-granting permission android.permission.WRITE_MEDIA_STORAGE from package com.a1dev.sdbench (protectionLevel=18 flags=0x3808be44)
09-01 19:54:39.562 2452 2492 W PackageManager: Unknown permission android.permission.READ_MEDIA_STORAGE in package com.a1dev.sdbench
09-01 19:54:39.562 2452 2492 W PackageManager: Not granting permission android.permission.ACCESS_NETWORK_STATE to package com.a1dev.sdbench because it was previously installed without
09-01 19:54:39.569 2452 2492 W PackageManager: Not granting permission android.permission.ACCESS_COARSE_LOCATION to package com.chrome.beta because it was previously installed without
09-01 19:54:39.569 2452 2492 W PackageManager: Not granting permission android.permission.ACCESS_FINE_LOCATION to package com.chrome.beta because it was previously installed without
09-01 19:54:39.569 2452 2492 W PackageManager: Not granting permission android.permission.CAMERA to package com.chrome.beta because it was previously installed without
09-01 19:54:39.569 2452 2492 W PackageManager: Not granting permission android.permission.GET_ACCOUNTS to package com.chrome.beta because it was previously installed without
09-01 19:54:39.569 2452 2492 W PackageManager: Not granting permission android.permission.RECORD_AUDIO to package com.chrome.beta because it was previously installed without
09-01 19:54:39.569 2452 2492 W PackageManager: Not granting permission android.permission.WRITE_EXTERNAL_STORAGE to package com.chrome.beta because it was previously installed without
09-01 19:54:39.573 2452 2492 W PackageManager: Unknown permission com.chrome.permission.DEVICE_EXTRAS in package com.chrome.beta
09-01 19:54:39.573 2452 2492 W PackageManager: Unknown permission com.sec.enterprise.knox.MDM_CONTENT_PROVIDER in package com.chrome.beta
09-01 19:54:39.573 2452 2492 W PackageManager: Not granting permission android.permission.READ_EXTERNAL_STORAGE to package com.chrome.beta because it was previously installed without
09-01 19:54:39.573 2452 2492 W PackageManager: Not granting permission com.android.vending.CHECK_LICENSE to package eu.thedarken.sdm.unlocker because it was previously installed without
09-01 19:54:39.581 2452 2492 W PackageManager: Not granting permission android.permission.READ_EXTERNAL_STORAGE to package com.microsoft.office.excel because it was previously installed without
09-01 19:54:39.581 2452 2492 W PackageManager: Not granting permission android.permission.WRITE_EXTERNAL_STORAGE to package com.microsoft.office.excel because it was previously installed without
09-01 19:54:39.581 2452 2492 W PackageManager: Not granting permission android.permission.GET_ACCOUNTS to package com.microsoft.office.excel because it was previously installed without
09-01 19:54:39.582 2452 2492 W PackageManager: Not granting permission android.permission.READ_CONTACTS to package com.microsoft.office.excel because it was previously installed without
09-01 19:54:39.595 2452 2492 W PackageManager: Not granting permission android.permission.WRITE_EXTERNAL_STORAGE to package info.mzimmermann.xposed.cputempstatusbar because it was previously installed without
09-01 19:54:39.595 2452 2492 W PackageManager: Not granting permission android.permission.READ_EXTERNAL_STORAGE to package info.mzimmermann.xposed.cputempstatusbar because it was previously installed without
09-01 19:54:39.596 2452 2492 W PackageManager: Not granting permission android.permission.WRITE_EXTERNAL_STORAGE to package de.robv.android.xposed.installer because it was previously installed without
09-01 19:54:39.596 2452 2492 W PackageManager: Not granting permission android.permission.READ_EXTERNAL_STORAGE to package de.robv.android.xposed.installer because it was previously installed without
09-01 19:54:39.596 2452 2492 W PackageManager: Not granting permission android.permission.KILL_BACKGROUND_PROCESSES to package com.jt5.xposed.wechatpie because it was previously installed without
09-01 19:54:39.596 2452 2492 W PackageManager: Not granting permission android.permission.EXPAND_STATUS_BAR to package com.jt5.xposed.wechatpie because it was previously installed without
09-01 19:54:39.596 2452 2492 W PackageManager: Not granting permission android.permission.ACCESS_NETWORK_STATE to package com.jt5.xposed.wechatpie because it was previously installed without
09-01 19:54:39.596 2452 2492 W PackageManager: Not granting permission android.permission.READ_PHONE_STATE to package com.jt5.xposed.wechatpie because it was previously installed without
09-01 19:54:39.597 2452 2492 W PackageManager: Not granting permission android.permission.ACCESS_WIFI_STATE to package com.jt5.xposed.wechatpie because it was previously installed without
09-01 19:54:39.597 2452 2492 W PackageManager: Not granting permission android.permission.WRITE_EXTERNAL_STORAGE to package com.jt5.xposed.wechatpie because it was previously installed without
09-01 19:54:39.597 2452 2492 W PackageManager: Not granting permission android.permission.ACCESS_COARSE_LOCATION to package com.jt5.xposed.wechatpie because it was previously installed without
09-01 19:54:39.597 2452 2492 W PackageManager: Not granting permission android.permission.ACCESS_FINE_LOCATION to package com.jt5.xposed.wechatpie because it was previously installed without
