09-01 19:54:31.418 3466 4039 D AuthInitIntentOperation: Initializing Auth, action is android.intent.action.BOOT_COMPLETED ,InitRuntimeState=2
09-01 19:54:31.442 3466 4039 I Auth : [AuthDelegateWrapper] Service intent: Intent { cmp=com.google.android.gms/.auth.account.authenticator.DefaultAuthDelegateService }.
09-01 19:54:31.487 2764 4121 I Auth : [FRP,FrpUpdateIntentService] Frp is not supported for this device / user
09-01 19:54:31.488 2764 4121 W WakefulBroadcastReceiver: No active wake lock id #1
09-01 19:54:31.496 2764 2764 I Auth : [AuthDelegateWrapper] Service intent: Intent { cmp=com.google.android.gms/.auth.account.authenticator.DefaultAuthDelegateService }.
09-01 19:54:31.497 2764 2764 I Auth : [AuthDelegateWrapper] Service intent: Intent { cmp=com.google.android.gms/.auth.account.authenticator.DefaultAuthDelegateService }.
09-01 19:54:31.520 2764 2764 I Auth : [AuthDelegateWrapper] Service intent: Intent { cmp=com.google.android.gms/.auth.account.authenticator.DefaultAuthDelegateService }.
09-01 19:54:31.601 3466 4039 D AccountStateSyncAdapterInitIntentOperation: Initializing AccountStateSyncAdapter, action is android.intent.action.BOOT_COMPLETED ,InitRuntimeState=2
09-01 19:54:31.601 3466 4039 D AuthZenInitIntentOperation: Initializing Authzen, action is android.intent.action.BOOT_COMPLETED ,InitRuntimeState=2
09-01 19:54:31.614 3466 4039 D EasyUnlockInitOp: Initializing EasyUnlock, InitRuntimeState=2
09-01 19:54:31.648 2764 4129 D EasyUnlockInitService: Handling intent for initializer IntentService.
09-01 19:54:31.704 2452 3026 I ActivityManager: START u0 {act=android.intent.action.VIEW dat=http://127.0.0.1:44657/... typ=text/plain cmp=com.lonelycatgames.Xplore/.TextViewer (has extras)} from uid 10071 on display 0
09-01 19:54:31.706 3466 4127 I GoogleURLConnFactory: Using platform SSLCertificateSocketFactory
09-01 19:54:31.708 2764 4124 W WakefulBroadcastReceiver: No active wake lock id #2
09-01 19:54:31.709 3466 4127 E BaseAppContext: Tried to stop global GMSCore RequestQueue. This is likely unintended, so ignoring.
09-01 19:54:31.725 3466 4127 D AuthZenEventHandler: Handling event: android.intent.action.BOOT_COMPLETED
09-01 19:54:31.735 3718 3718 W GAv4 : Discarding hit. Missing tracking id parameter: ev=0,a=328374774,ea=text/plain,t=event,ec=Open file type,el=
09-01 19:54:31.774 3466 4039 D PeriodicTasksManager: Will schedule periodic tasks:android.intent.action.BOOT_COMPLETED.
09-01 19:54:31.782 3466 4127 I AuthZen : Fetching signing key...
09-01 19:54:31.796 3466 4039 D PeriodicTasksManager: Scheduling periodical signal task every 86400 seconds
09-01 19:54:31.809 3466 4127 I AuthZen : Signing key fetched successfully!
09-01 19:54:31.839 2452 2464 I ActivityManager: Start proc 4144:com.android.managedprovisioning/u0a12 for broadcast com.android.managedprovisioning/.BootReminder
09-01 19:54:31.848 4144 4144 D houdini : [4144] Initialize library(version: 6.1.1a_x.48413 RELEASE)... successfully.
09-01 19:54:31.872 3466 4039 D PeriodicTasksManager: AdAttestation signal task scheduled
09-01 19:54:31.885 3466 4039 D GCM : COMPAT: Multi user ser=0 current=0
09-01 19:54:31.918 3466 4163 I CheckinService: Disabling old GoogleServicesFramework version
09-01 19:54:31.919 4144 4144 W System : ClassLoader referenced unknown path: /system/priv-app/ManagedProvisioning/lib/x86
09-01 19:54:31.923 4144 4144 W XPrivacy: Hooking package=com.android.managedprovisioning
09-01 19:54:31.930 2764 4162 D GCM : GcmService start Intent { flg=0x8000010 cmp=com.google.android.gms/.gcm.GcmService (has extras) } null
09-01 19:54:31.938 3718 3718 I Xposed : getWebViewPackageName
09-01 19:54:31.940 3718 3718 I WebViewFactory: Loading com.google.android.webview version 53.0.2785.90 (code 278509010)
09-01 19:54:31.945 3466 4127 D edo : Opening database auth.proximity.permit_store...
09-01 19:54:31.962 3466 4127 I AuthZen : Fetching signing key...
09-01 19:54:31.970 2452 2888 I ActivityManager: Killing 3447:com.google.android.gm/u0a225 (adj 15): empty #17
09-01 19:54:31.983 3466 4127 I AuthZen : Signing key fetched successfully!
09-01 19:54:31.988 3718 3718 W XPrivacy: Hooking package=com.google.android.webview
09-01 19:54:31.992 4144 4144 I Xposed : XHFW3 load package com.android.managedprovisioning
09-01 19:54:32.019 3718 3718 I Xposed : XHFW3 load package com.google.android.webview
09-01 19:54:32.052 3466 4127 D AuthZenTransactionCache: Initialized cache in: /data/user/0/com.google.android.gms/files
09-01 19:54:32.052 3466 4127 D AuthZenTransactionCache: Clearing transaction cache
09-01 19:54:32.148 3718 3718 I art : Rejecting re-init on previously-failed class java.lang.Class
09-01 19:54:32.149 3718 3718 I art : Rejecting re-init on previously-failed class java.lang.Class
09-01 19:54:32.152 3718 3718 I art : Rejecting re-init on previously-failed class java.lang.Class
09-01 19:54:32.152 3718 3718 I art : Rejecting re-init on previously-failed class java.lang.Class
09-01 19:54:32.170 2764 4129 D EasyUnlockInitService: Not initializing EasyUnlock: remote_devices=0, bluetooth_on=true
09-01 19:54:32.187 3718 3718 I cr_LibraryLoader: Time to load native libraries: 14 ms (timestamps 1315-1329)
09-01 19:54:32.187 3718 3718 I cr_LibraryLoader: Expected native library version number "53.0.2785.90", actual native library version number "53.0.2785.90"
09-01 19:54:32.188 3466 4164 I CheckinChimeraService: Checking schedule, now: 1472730872188 next: 1473267266484
09-01 19:54:32.195 3466 4039 D MS_IntentHandler: Init runtime with flag 2
09-01 19:54:32.237 3718 3718 V WebViewChromiumFactoryProvider: Binding Chromium to main looper Looper (main, tid 1) {16cc75d}
09-01 19:54:32.238 3718 3718 I cr_LibraryLoader: Expected native library version number "53.0.2785.90", actual native library version number "53.0.2785.90"
09-01 19:54:32.243 3718 3718 I chromium: [INFO:library_loader_hooks.cc(151)] Chromium logging enabled: level = 0, default verbosity = 0
09-01 19:54:32.250 3466 4164 I CheckinChimeraService: active receiver: disabled
09-01 19:54:32.273 2452 2523 D WifiService: New client listening to asynchronous messages
09-01 19:54:32.352 3718 3718 I cr_BrowserStartup: Initializing chromium process, singleProcess=true
09-01 19:54:32.389 3466 4039 I FA-SVC : App measurement is starting up, version: 9452
09-01 19:54:32.389 3466 4039 I FA-SVC : To enable debug logging run: adb shell setprop log.tag.FA VERBOSE
09-01 19:54:32.494 3466 4181 W IcingInternalCorpora: getNumBytesRead when not calculated.
09-01 19:54:32.511 3718 3718 D libEGL : [glGetIntegerv] 0x500
09-01 19:54:32.532 3718 3718 D glGetError:glGetIntegerv: #00 pc 0003142f /android/system/lib/libEGL.so
09-01 19:54:32.532 3718 3718 D glGetError:glGetIntegerv: #01 pc 00009369 /android/system/lib/libGLESv2.so
09-01 19:54:32.532 3718 3718 D glGetError:glGetIntegerv: #02 pc 00422cb8 /data/app/com.google.android.webview-2/lib/x86/libwebviewchromium.so
09-01 19:54:32.547 2452 3463 W ActivityManager: Unable to start service Intent { cmp=com.android.providers.media/.MediaScannerService (has extras) } U=0: not found
09-01 19:54:32.549 2452 3438 W ActivityManager: Unable to start service Intent { cmp=com.android.providers.media/.MediaScannerService (has extras) } U=0: not found
09-01 19:54:32.580 2452 3241 I ActivityManager: Start proc 4212:com.android.vending/u0a30 for broadcast com.android.vending/com.google.android.finsky.receivers.BootCompletedReceiver
09-01 19:54:32.582 3466 4197 I MS_RegisterService: RegisterService intent:Intent { act=com.google.android.gms.matchstick.register_intent_action } isPeriodic:false
09-01 19:54:32.587 4212 4212 D houdini : [4212] Initialize library(version: 6.1.1a_x.48413 RELEASE)... successfully.
09-01 19:54:32.592 3466 4196 I FA-SVC : This instance being marked as an uploader
09-01 19:54:32.599 3718 4211 W cr_media: Requires BLUETOOTH permission
09-01 19:54:32.629 4212 4212 W System : ClassLoader referenced unknown path: /system/priv-app/Phonesky/lib/x86
09-01 19:54:32.632 4212 4212 W XPrivacy: Hooking package=com.android.vending
09-01 19:54:32.636 3466 4197 I MS_RegisterService: Phone type: 1
09-01 19:54:32.643 3466 4197 I MS_RegisterService: Doing full registration.
09-01 19:54:32.644 2452 3026 I ActivityManager: Killing 3646:cm.aptoide.pt/u0a179 (adj 15): empty #17
09-01 19:54:32.672 2764 4182 I PhenotypeFlagCommitter: Experiment Configs successfully retrieved for com.google.android.gms.lockbox
09-01 19:54:32.685 4212 4212 I Xposed : XHFW3 load package com.android.vending
09-01 19:54:32.685 2452 2463 D ConnectivityService: listenForNetwork for Listen from uid/pid:10071/3718 for NetworkRequest [ id=4, legacyType=-1, [ Capabilities: INTERNET&NOT_RESTRICTED&TRUSTED] ]
09-01 19:54:32.716 3466 4039 I DynamiteModule: Considering local module com.google.android.gms.googlecertificates:1 and remote module com.google.android.gms.googlecertificates:1
09-01 19:54:32.716 3466 4039 I DynamiteModule: Selected remote version of com.google.android.gms.googlecertificates, version >= 1
09-01 19:54:32.726 3466 4039 W System : ClassLoader referenced unknown path: /data/user/0/com.google.android.gms/app_chimera/m/00000000/n/armeabi-v7a
09-01 19:54:32.726 3466 4039 W System : ClassLoader referenced unknown path: /data/user/0/com.google.android.gms/app_chimera/m/00000000/n/armeabi
09-01 19:54:32.727 3466 4039 D ChimeraFileApk: Primary ABI of requesting process is x86
09-01 19:54:32.727 3466 4039 D ChimeraFileApk: Classloading successful. Optimized code found.
09-01 19:54:32.731 4212 4212 E Xposed : de.robv.android.xposed.XposedHelpers$ClassNotFoundError: java.lang.ClassNotFoundException: com.google.android.finsky.utils.SelfUpdateScheduler
09-01 19:54:32.731 4212 4212 E Xposed : at de.robv.android.xposed.XposedHelpers.findClass(XposedHelpers.java:64)
09-01 19:54:32.731 4212 4212 E Xposed : at de.robv.android.xposed.XposedHelpers.findAndHookMethod(XposedHelpers.java:253)
09-01 19:54:32.731 4212 4212 E Xposed : at com.pyler.xinstaller.XInstaller.handleLoadPackage(XInstaller.java:1480)
09-01 19:54:32.731 4212 4212 E Xposed : at de.robv.android.xposed.IXposedHookLoadPackage$Wrapper.handleLoadPackage(IXposedHookLoadPackage.java:34)
09-01 19:54:32.731 4212 4212 E Xposed : at de.robv.android.xposed.callbacks.XC_LoadPackage.call(XC_LoadPackage.java:61)
09-01 19:54:32.731 4212 4212 E Xposed : at de.robv.android.xposed.callbacks.XCallback.callAll(XCallback.java:106)
09-01 19:54:32.731 4212 4212 E Xposed : at de.robv.android.xposed.XposedInit$1.beforeHookedMethod(XposedInit.java:93)
09-01 19:54:32.731 4212 4212 E Xposed : at de.robv.android.xposed.XposedBridge.handleHookedMethod(XposedBridge.java:314)
09-01 19:54:32.731 4212 4212 E Xposed : at android.app.ActivityThread.handleBindApplication()
09-01 19:54:32.731 4212 4212 E Xposed : at android.app.ActivityThread.-wrap1(ActivityThread.java)
09-01 19:54:32.731 4212 4212 E Xposed : at android.app.ActivityThread$H.handleMessage(ActivityThread.java:1405)
09-01 19:54:32.731 4212 4212 E Xposed : at android.os.Handler.dispatchMessage(Handler.java:102)
09-01 19:54:32.731 4212 4212 E Xposed : at android.os.Looper.loop(Looper.java:148)
09-01 19:54:32.731 4212 4212 E Xposed : at android.app.ActivityThread.main(ActivityThread.java:5415)
09-01 19:54:32.731 4212 4212 E Xposed : at java.lang.reflect.Method.invoke(Native Method)
09-01 19:54:32.731 4212 4212 E Xposed : at com.android.internal.os.ZygoteInit$MethodAndArgsCaller.run(ZygoteInit.java:744)
09-01 19:54:32.731 4212 4212 E Xposed : at com.android.internal.os.ZygoteInit.main(ZygoteInit.java:634)
09-01 19:54:32.731 4212 4212 E Xposed : at de.robv.android.xposed.XposedBridge.main(XposedBridge.java:102)
09-01 19:54:32.731 4212 4212 E Xposed : Caused by: java.lang.ClassNotFoundException: com.google.android.finsky.utils.SelfUpdateScheduler
09-01 19:54:32.731 4212 4212 E Xposed : at java.lang.Class.classForName(Native Method)
09-01 19:54:32.731 4212 4212 E Xposed : at java.lang.Class.forName(Class.java:324)
09-01 19:54:32.731 4212 4212 E Xposed : at external.org.apache.commons.lang3.ClassUtils.getClass(ClassUtils.java:823)
09-01 19:54:32.731 4212 4212 E Xposed : at de.robv.android.xposed.XposedHelpers.findClass(XposedHelpers.java:62)
09-01 19:54:32.731 4212 4212 E Xposed : ... 17 more
09-01 19:54:32.731 4212 4212 E Xposed : Caused by: java.lang.ClassNotFoundException: Didn't find class "com.google.android.finsky.utils.SelfUpdateScheduler" on path: DexPathList[[zip file "/system/priv-app/Phonesky/Phonesky.apk"],nativeLibraryDirectories=[/system/priv-app/Phonesky/lib/x86, /vendor/lib, /system/lib]]
09-01 19:54:32.731 4212 4212 E Xposed : at dalvik.system.BaseDexClassLoader.findClass(BaseDexClassLoader.java:56)
09-01 19:54:32.731 4212 4212 E Xposed : at java.lang.ClassLoader.loadClass(ClassLoader.java:511)
09-01 19:54:32.731 4212 4212 E Xposed : at java.lang.ClassLoader.loadClass(ClassLoader.java:469)
09-01 19:54:32.731 4212 4212 E Xposed : ... 21 more
09-01 19:54:32.731 4212 4212 E Xposed : Suppressed: java.lang.ClassNotFoundException: Didn't find class "com.google.android.finsky.utils.SelfUpdateScheduler" on path: DexPathList[[dex file "/data/dalvik-cache/xposed_XResourcesSuperClass.dex"],nativeLibraryDirectories=[/vendor/lib, /system/lib]]
09-01 19:54:32.731 4212 4212 E Xposed : at dalvik.system.BaseDexClassLoader.findClass(BaseDexClassLoader.java:56)
09-01 19:54:32.731 4212 4212 E Xposed : at java.lang.ClassLoader.loadClass(ClassLoader.java:511)
09-01 19:54:32.731 4212 4212 E Xposed : at java.lang.ClassLoader.loadClass(ClassLoader.java:504)
09-01 19:54:32.731 4212 4212 E Xposed : ... 22 more
09-01 19:54:32.731 4212 4212 E Xposed : Suppressed: java.lang.ClassNotFoundException: com.google.android.finsky.utils.SelfUpdateScheduler
09-01 19:54:32.731 4212 4212 E Xposed : at java.lang.Class.classForName(Native Method)
09-01 19:54:32.731 4212 4212 E Xposed : at java.lang.BootClassLoader.findClass(ClassLoader.java:781)
09-01 19:54:32.731 4212 4212 E Xposed : at java.lang.BootClassLoader.loadClass(ClassLoader.java:841)
09-01 19:54:32.731 4212 4212 E Xposed : at java.lang.ClassLoader.loadClass(ClassLoader.java:504)
09-01 19:54:32.731 4212 4212 E Xposed : ... 23 more
09-01 19:54:32.731 4212 4212 E Xposed : Caused by: java.lang.NoClassDefFoundError: Class not found using the boot class loader; no stack trace available
09-01 19:54:32.733 3466 4039 D GoogleCertificates: com.google.android.gms.googlecertificates module is loaded
09-01 19:54:32.748 3718 3718 W cr_AwContents: onDetachedFromWindow called when already detached. Ignoring
09-01 19:54:32.760 2764 2764 D WearableService: callingUid 10016, callindPid: 2764
09-01 19:54:32.794 3466 4039 D GoogleCertificatesImpl: Fetched 318 Google certificates
09-01 19:54:32.800 3718 3718 I cr_Ime : ImeThread is not enabled.
09-01 19:54:32.808 3466 4231 E MDM : [184] qwr.a: Couldn't connect to Google API client: ConnectionResult{statusCode=API_UNAVAILABLE, resolution=null, message=null}
09-01 19:54:32.823 2851 3175 D LogHelper: Google Analytics log entry: {&t=appview, &cd3=x86, &cd1=userdebug, &cd5=6.0.1-eng.cwhuang.20160815.215954, &an=com.lonelycatgames.Xplore, &cd=com.lonelycatgames.Xplore.TextViewer, &cd4=ONDA Tablet, &cd13=240, &cd12=1920 * 1200 60Hz}
09-01 19:54:32.863 3718 3718 I Choreographer: Skipped 65 frames! The application may be doing too much work on its main thread.
09-01 19:54:32.938 2452 3247 D ConnectivityService: listenForNetwork for Listen from uid/pid:10071/3718 for NetworkRequest [ id=5, legacyType=-1, [ Capabilities: INTERNET&NOT_RESTRICTED&TRUSTED] ]
09-01 19:54:32.939 3466 4197 I MS_RegisterService: Throttling registration.
09-01 19:54:32.954 2452 2492 W PackageParser: No actions in intent filter at /mnt/expand/d08e55bb-f276-4967-b6e9-e42dca4420fd/app/com.baidu.tieba-1/base.apk Binary XML file line #536
09-01 19:54:32.958 3761 3761 I System.out: destroy billing
09-01 19:54:32.958 3761 3761 I System.out: destroy billing
09-01 19:54:32.966 2452 2586 I ActivityManager: Killing 2930:com.android.printspooler/u0a55 (adj 15): empty #17
09-01 19:54:33.015 2452 2492 W PackageParser: Ignoring duplicate uses-permissions/uses-permissions-sdk-m: android.permission.MODIFY_AUDIO_SETTINGS in package: com.baidu.tieba at: Binary XML file line #1835
09-01 19:54:33.015 2452 2492 W PackageParser: Ignoring duplicate uses-permissions/uses-permissions-sdk-m: android.permission.WRITE_EXTERNAL_STORAGE in package: com.baidu.tieba at: Binary XML file line #1836
09-01 19:54:33.015 2452 2492 W PackageParser: Ignoring duplicate uses-permissions/uses-permissions-sdk-m: android.permission.WRITE_SETTINGS in package: com.baidu.tieba at: Binary XML file line #1837
09-01 19:54:33.015 2452 2492 W PackageParser: Ignoring duplicate uses-permissions/uses-permissions-sdk-m: android.permission.READ_PHONE_STATE in package: com.baidu.tieba at: Binary XML file line #1838
09-01 19:54:33.015 2452 2492 W PackageParser: Ignoring duplicate uses-permissions/uses-permissions-sdk-m: android.permission.ACCESS_WIFI_STATE in package: com.baidu.tieba at: Binary XML file line #1839
09-01 19:54:33.113 3718 4270 E libEGL : validate_display:255 error 3008 (EGL_BAD_DISPLAY)
09-01 19:54:33.169 3718 4270 I VideoCapabilities: Unsupported profile 4 for video/mp4v-es
09-01 19:54:33.224 3466 4039 D UdcSystemIntentHandlers: Received an intent for android.intent.action.BOOT_COMPLETED
09-01 19:54:33.337 3466 4039 I Vision : Supported ABIS: [x86, armeabi-v7a, armeabi]
09-01 19:54:33.353 3466 4039 D LocationInitializer: initializing boot state of location
09-01 19:54:33.357 3466 4039 I GCoreUlr: Starting service, intent=Intent { act=com.google.android.location.reporting.ACTION_UPDATE_WORLD cmp=com.google.android.gms/com.google.android.location.reporting.service.DispatchingService (has extras) }, extras=Bundle[{receiverAction=android.intent.action.BOOT_COMPLETED}]
09-01 19:54:33.359 3466 4039 D LocationInitializer: initializing runtime state of location
09-01 19:54:33.362 3466 4294 I Vision : Attempting to open download_details.json in com.google.android.gms.vision
09-01 19:54:33.373 2764 2764 D GLMSImpl: onGmsCoreInit
09-01 19:54:33.382 3466 4294 W Vision : Failed to open download_details.json in com.google.android.gms.vision: android.content.pm.PackageManager$NameNotFoundException: com.google.android.gms.vision
09-01 19:54:33.382 3466 4294 I Vision : Attempting to open download_details.json in com.google.android.gms.policy_ccocr_vision
09-01 19:54:33.386 4212 4212 I Finsky : [1] com.google.android.finsky.services.DailyHygiene.a(225): No need to run daily hygiene.
09-01 19:54:33.396 3466 4294 W Vision : Failed to open download_details.json in com.google.android.gms.policy_ccocr_vision: android.content.pm.PackageManager$NameNotFoundException: com.google.android.gms.policy_ccocr_vision
09-01 19:54:33.396 3466 4294 W Vision : Reading download details from hard-coded Java
09-01 19:54:33.415 2764 3276 I GCoreUlr: WorldUpdater received intent Intent { act=com.google.android.location.reporting.ACTION_UPDATE_WORLD cmp=com.google.android.gms/com.google.android.location.reporting.service.DispatchingService (has extras) } with receiverAction android.intent.action.BOOT_COMPLETED
09-01 19:54:33.435 4212 4212 W Settings: Setting download_manager_max_bytes_over_mobile has moved from android.provider.Settings.Secure to android.provider.Settings.Global.
09-01 19:54:33.441 4212 4212 W Settings: Setting download_manager_recommended_max_bytes_over_mobile has moved from android.provider.Settings.Secure to android.provider.Settings.Global.
09-01 19:54:33.466 3466 4298 I CheckinChimeraService: Checking schedule, now: 1472730873465 next: 1473267266484
09-01 19:54:33.471 4265 4265 D AndroidRuntime: >>>>>> START com.android.internal.os.RuntimeInit uid 0 <<<<<<
09-01 19:54:33.474 3466 4298 I CheckinChimeraService: active receiver: disabled
09-01 19:54:33.474 4265 4265 D AndroidRuntime: CheckJNI is OFF
09-01 19:54:33.478 4212 4212 I Finsky : [1] com.google.android.finsky.utils.bp.a(177): Enabling bucket experiment: factor=2.000, zeroDelta=0ms, forceNetwork=false
09-01 19:54:33.509 4265 4265 D ICU : No timezone override file found: /data/misc/zoneinfo/current/icu/icu_tzdata.dat
09-01 19:54:33.527 4265 4265 W : Failed to bind-mount /system/lib/x86/cpuinfo as /proc/cpuinfo: No such file or directory
09-01 19:54:33.527 4265 4265 W : Cannot create code cache directory ./code_cache: Read-only file system.
09-01 19:54:33.572 4265 4265 E memtrack: Couldn't load memtrack module (No such file or directory)
09-01 19:54:33.572 4265 4265 E android.os.Debug: failed to load memtrack module: -2
09-01 19:54:33.575 4265 4265 I Radio-JNI: register_android_hardware_Radio DONE
09-01 19:54:33.597 4265 4265 D AndroidRuntime: Calling main entry com.android.commands.am.Am
09-01 19:54:33.625 3718 3718 I Choreographer: Skipped 39 frames! The application may be doing too much work on its main thread.
09-01 19:54:33.664 4212 4287 D Volley : [208] g.b: Cache cleared.
09-01 19:54:33.664 4212 4279 D Volley : [201] g.b: Cache cleared.
09-01 19:54:33.714 4212 4212 I Finsky : [1] com.google.android.finsky.receivers.j.a(1265): Installer kick - no action, not running yet
09-01 19:54:33.718 3718 3718 W cr_BindingManager: Cannot call determinedVisibility() - never saw a connection for the pid: 3718
09-01 19:54:33.726 2452 2492 W PackageManager: Failed to scan /mnt/expand/d08e55bb-f276-4967-b6e9-e42dca4420fd/app/cn.cntv-1: Failed adding asset path: /mnt/expand/d08e55bb-f276-4967-b6e9-e42dca4420fd/app/cn.cntv-1
09-01 19:54:33.727 4212 4315 V GoogleSignatureVerifier: com.google.android.gms signature not valid. Found:
09-01 19:54:33.727 4212 4315 V GoogleSignatureVerifier: MIIEQzCCAyugAwIBAgIJAMLgh0ZkSjCNMA0GCSqGSIb3DQEBBAUAMHQxCzAJBgNVBAYTAlVTMRMw
09-01 19:54:33.727 4212 4315 V GoogleSignatureVerifier: EQYDVQQIEwpDYWxpZm9ybmlhMRYwFAYDVQQHEw1Nb3VudGFpbiBWaWV3MRQwEgYDVQQKEwtHb29n
09-01 19:54:33.727 4212 4315 V GoogleSignatureVerifier: bGUgSW5jLjEQMA4GA1UECxMHQW5kcm9pZDEQMA4GA1UEAxMHQW5kcm9pZDAeFw0wODA4MjEyMzEz
09-01 19:54:33.727 4212 4315 V GoogleSignatureVerifier: MzRaFw0zNjAxMDcyMzEzMzRaMHQxCzAJBgNVBAYTAlVTMRMwEQYDVQQIEwpDYWxpZm9ybmlhMRYw
09-01 19:54:33.727 4212 4315 V GoogleSignatureVerifier: FAYDVQQHEw1Nb3VudGFpbiBWaWV3MRQwEgYDVQQKEwtHb29nbGUgSW5jLjEQMA4GA1UECxMHQW5k
09-01 19:54:33.727 4212 4315 V GoogleSignatureVerifier: cm9pZDEQMA4GA1UEAxMHQW5kcm9pZDCCASAwDQYJKoZIhvcNAQEBBQADggENADCCAQgCggEBAKtW
09-01 19:54:33.727 4212 4315 V GoogleSignatureVerifier: LgDYO6IIrgqWbxJOKdoR8qtW0I9Y4sypEwPpt1TTcvZApxsdyxMJZ2JORland2qSGT2y5b+3JKke
09-01 19:54:33.727 4212 4315 V GoogleSignatureVerifier: dxiLDmpHpDsz2WCbdxgxRczfey5YZnTJ4VZbH0xqWVW/8lGmPav5xVwnIiJS6HXk+BVKZF+JcWjA
09-01 19:54:33.727 4212 4315 V GoogleSignatureVerifier: sb/GEuq/eFdpuzSqeYTcfi6idkyugwfYwXFU1+5fZKUaRKYCwkkFQVfcAs1fXA5V+++FGfvjJ/Cx
09-01 19:54:33.727 4212 4315 V GoogleSignatureVerifier: URaSxaBvGdGDhfXE28LWuT9ozCl5xw4Yq5OGazvV24mZVSoOO0yZ31j7kYvtwYK6NeADwbSxDdJE
09-01 19:54:33.727 4212 4315 V GoogleSignatureVerifier: qO4k//0zOHKrUiGYXtqw/A0LFFtqoZKFjnkCAQOjgdkwgdYwHQYDVR0OBBYEFMd9jMIhF1Ylmn/T
09-01 19:54:33.727 4212 4315 V GoogleSignatureVerifier: gt9r45jk14alMIGmBgNVHSMEgZ4wgZuAFMd9jMIhF1Ylmn/Tgt9r45jk14aloXikdjB0MQswCQYD
09-01 19:54:33.727 4212 4315 V GoogleSignatureVerifier: VQQGEwJVUzETMBEGA1UECBMKQ2FsaWZvcm5pYTEWMBQGA1UEBxMNTW91bnRhaW4gVmlldzEUMBIG
09-01 19:54:33.727 4212 4315 V GoogleSignatureVerifier: A1UEChMLR29vZ2xlIEluYy4xEDAOBgNVBAsTB0FuZHJvaWQxEDAOBgNVBAMTB0FuZHJvaWSCCQDC
09-01 19:54:33.727 4212 4315 V GoogleSignatureVerifier: 4IdGZEowjTAMBgNVHRMEBTADAQH/MA0GCSqGSIb3DQEBBAUAA4IBAQBt0lLO74UwLDYKqs6Tm8/y
09-01 19:54:33.727 4212 4315 V GoogleSignatureVerifier: zKkEu116FmH4rkaymUIE0P9KaMftGlMexFlaYjzmB2OxZyl6euNXEsQH8gjwyxCUKRJNexBiGcCE
09-01 19:54:33.727 4212 4315 V GoogleSignatureVerifier: yj6z+a1fuHHvkiaai+KL8W1EyNmgjmyy8AW7P+LLlkR+ho5zEHatRbM/YAnqGcFh5iZBqpknHf1S
09-01 19:54:33.727 4212 4315 V GoogleSignatureVerifier: KMXFh4dd239FJ1jWYfbMDMy3NS5CTMQ2XFI1MvcyUTdZPErjQfTbQe3aDQsQcafEQPD+nqActifK
09-01 19:54:33.727 4212 4315 V GoogleSignatureVerifier: Z0Np0IS9L9kR/wbNvyz6ENwPiTrjV2KRkEjH78ZMcUQXg0L3BYHJ3lc69Vs5Ddf9uUGGMYldX3Wf
09-01 19:54:33.727 4212 4315 V GoogleSignatureVerifier: MBEmh/9iFBDAaTCK
09-01 19:54:33.741 2452 2492 W PackageParser: Unknown element under : activity at /mnt/expand/d08e55bb-f276-4967-b6e9-e42dca4420fd/app/com.alibaba.mobileim-1/base.apk Binary XML file line #76
09-01 19:54:33.757 4212 4212 I Finsky : [1] com.google.android.finsky.l.j.run(208): Loaded library for account: [pV5MIMnBF-k22Qdo4e2VVJKzRBk]
09-01 19:54:33.757 4212 4212 I Finsky : [1] com.google.android.finsky.l.j.run(208): Loaded library for account: [iCuTGK8dcN8teWJcS-ANTnZzfwk]
09-01 19:54:33.757 4212 4212 I Finsky : [1] com.google.android.finsky.l.j.run(214): Finished loading 2 libraries.
09-01 19:54:33.774 4212 4212 I Finsky : [1] com.google.android.finsky.c.l.a(253): result=false type=4
09-01 19:54:33.780 3718 3718 W cr_BindingManager: Cannot call determinedVisibility() - never saw a connection for the pid: 3718
09-01 19:54:33.816 2764 3309 W GeofencerStateMachine: Ignoring removeGeofence because network location is disabled.
09-01 19:54:33.817 3147 4316 W InstanceID/Rpc: Found 10016
09-01 19:54:33.819 3147 4318 E GeofenceHelper: Failed: remove geofences by PendingIntent
09-01 19:54:33.845 2452 2586 I ActivityManager: Start proc 4322:com.google.android.googlequicksearchbox/u0a52 for broadcast com.google.android.googlequicksearchbox/com.android.launcher3.StartupReceiver
09-01 19:54:33.893 2452 2492 W PackageManager: Package com.alibaba.mobileim desires unavailable shared library com.google.android.maps; ignoring!
09-01 19:54:33.921 4322 4322 W System : ClassLoader referenced unknown path: /system/priv-app/Velvet/lib/x86
09-01 19:54:33.924 4322 4322 W XPrivacy: Hooking package=com.google.android.googlequicksearchbox
09-01 19:54:33.927 2764 3276 I GCoreUlr: WorldUpdater:android.intent.action.BOOT_COMPLETED: Ensuring that reporting is active for [account#16#, account#10#]
09-01 19:54:33.945 2764 3276 I GCoreUlr: Place inference reporting - stop
09-01 19:54:33.990 4322 4322 I Xposed : XHFW3 load package com.google.android.googlequicksearchbox
09-01 19:54:34.087 4212 4212 I Finsky : [1] com.google.android.finsky.services.bd.a(1075): Restore complete with 0 success and 0 failed.
09-01 19:54:34.122 4212 4212 E Finsky : [1] com.google.android.finsky.wear.bo.a(838): onConnectionFailed: ConnectionResult{statusCode=API_UNAVAILABLE, resolution=null, message=null}
09-01 19:54:34.123 4212 4212 I Finsky : [1] com.google.android.finsky.wear.WearSupportService.a(6396): Dropping command=send_installed_apps due to Gms not connected
09-01 19:54:34.137 2764 2764 I Auth : [AuthDelegateWrapper] Service intent: Intent { cmp=com.google.android.gms/.auth.account.authenticator.DefaultAuthDelegateService }.
09-01 19:54:34.140 2764 2764 I Auth : [AuthDelegateWrapper] Service intent: Intent { cmp=com.google.android.gms/.auth.account.authenticator.DefaultAuthDelegateService }.
09-01 19:54:34.200 2452 2464 I ActivityManager: Killing 3700:com.baidu.input:bdservice_v1/u0a80 (adj 15): empty #17
09-01 19:54:34.236 2764 3309 W GeofencerStateMachine: Ignoring addGeofence because network location is disabled.
09-01 19:54:34.252 2764 3309 W GeofencerStateMachine: Ignoring addGeofence because network location is disabled.
09-01 19:54:34.254 2764 2764 E ctxmgr : [AddGeofencesOperation]Could not add geofences ([Geofence[CIRCLE id:e70e0417-7b25-42f0-a44c-4e6dfc74bc38 transitions:3 36.581529, 114.838429 10000m, resp=1800s, dwell=-1ms, @-1]]). result=Status{statusCode=unknown status code: 1000, resolution=null}
09-01 19:54:34.266 2764 2764 I Auth : [AuthDelegateWrapper] Service intent: Intent { cmp=com.google.android.gms/.auth.account.authenticator.DefaultAuthDelegateService }.
09-01 19:54:34.309 2764 2764 E ctxmgr : [AddGeofencesOperation]Could not add geofences ([Geofence[CIRCLE id:125906f3-4406-4282-9c4e-292f38f68e18 transitions:3 36.581529, 114.838429 5m, resp=1800s, dwell=-1ms, @-1]]). result=Status{statusCode=unknown status code: 1000, resolution=null}
09-01 19:54:34.478 2452 3241 I ActivityManager: Start proc 4355:com.google.android.gm/u0a225 for broadcast com.google.android.gm/.GoogleMailDeviceStartupReceiver
09-01 19:54:34.482 4355 4355 D houdini : [4355] Initialize library(version: 6.1.1a_x.48413 RELEASE)... successfully.
09-01 19:54:34.516 4355 4355 W System : ClassLoader referenced unknown path: /system/app/Gmail2/lib/x86
09-01 19:54:34.519 4355 4355 W XPrivacy: Hooking package=com.google.android.gm
09-01 19:54:34.547 4355 4355 I Xposed : XHFW3 load package com.google.android.gm
09-01 19:54:34.569 2452 2482 I ActivityManager: Start proc 4374:com.chrome.dev/u0a130 for service com.chrome.dev/org.chromium.chrome.browser.invalidation.ChromeBrowserSyncAdapterService
09-01 19:54:34.572 2452 2482 I chatty : uid=1000(system) android.bg expire 46 lines
09-01 19:54:34.577 2452 2482 W ActivityManager: Unable to launch app com.google.android.syncadapters.calendar/10203 for service Intent { act=android.content.SyncAdapter cmp=com.google.android.syncadapters.calendar/.CalendarSyncAdapterService }: process is bad
09-01 19:54:34.650 4374 4374 W XPrivacy: Hooking package=com.chrome.dev
09-01 19:54:34.690 2452 2482 W ActivityManager: Unable to launch app com.google.android.syncadapters.contacts/10060 for service Intent { act=android.content.SyncAdapter cmp=com.google.android.syncadapters.contacts/.ContactsSyncAdapterService }: process is bad
09-01 19:54:34.730 4374 4374 I Xposed : XHFW3 load package com.chrome.dev
09-01 19:54:34.832 3466 4398 E ActivityThread: Failed to find provider info for com.android.contacts.metadata
09-01 19:54:34.903 2764 2764 I BeaconBle: Building BLE scanner compat: 'L/M' hardware access layer is not available: btAdapter.isOffloadedFilteringSupported() is false.
09-01 19:54:34.922 2764 2764 I BeaconBle: BLE 'JB+' software access layer enabled
09-01 19:54:34.925 2452 2482 W ActivityManager: Unable to launch app com.google.android.syncadapters.calendar/10203 for service Intent { act=android.content.SyncAdapter cmp=com.google.android.syncadapters.calendar/.CalendarSyncAdapterService }: process is bad
09-01 19:54:34.937 2452 2946 I ActivityManager: Killing 2633:com.android.externalstorage/u0a10 (adj 15): empty #17
09-01 19:54:34.995 2764 3208 E Parcel : Reading a NULL string not supported here.
09-01 19:54:34.999 2764 3208 E Parcel : Reading a NULL string not supported here.
09-01 19:54:35.004 2764 3208 E Parcel : Reading a NULL string not supported here.
09-01 19:54:35.010 2764 3208 E Parcel : Reading a NULL string not supported here.
09-01 19:54:35.018 2452 2482 W ActivityManager: Unable to launch app com.google.android.syncadapters.contacts/10060 for service Intent { act=android.content.SyncAdapter cmp=com.google.android.syncadapters.contacts/.ContactsSyncAdapterService }: process is bad
09-01 19:54:35.022 4355 4355 W EasBundling: in EasBundling.init, isBundlingEnabled=true
09-01 19:54:35.048 4355 4425 I Gmail : getAccountsCursor
09-01 19:54:35.056 4355 4426 D ActivityThread: Loading provider com.google.android.gmail.provider;com.android.mail.notifier;com.google.android.gm.email.provider;com.google.android.gm.email.notifier: com.android.email.provider.EmailProvider
09-01 19:54:35.072 2764 2764 I Auth : [AuthDelegateWrapper] Service intent: Intent { cmp=com.google.android.gms/.auth.account.authenticator.DefaultAuthDelegateService }.
09-01 19:54:35.096 4374 4374 W DynamiteModule: Local module descriptor class for com.google.android.gms.googlecertificates not found.
09-01 19:54:35.113 2452 2464 D ConnectivityService: listenForNetwork for Listen from uid/pid:10016/3466 for NetworkRequest [ id=6, legacyType=-1, [ Capabilities: INTERNET&NOT_RESTRICTED&TRUSTED&NOT_VPN] ]
09-01 19:54:35.129 3466 4430 E ActivityThread: Failed to find provider info for com.android.contacts.metadata
09-01 19:54:35.147 4374 4374 W XPrivacy: Hooking package=com.google.android.gms
09-01 19:54:35.159 4374 4374 I Xposed : XHFW3 load package com.google.android.gms
09-01 19:54:35.188 4355 4426 I Gmail : Initiated Service map for: [gPop3, gLegacyImap, gEas, gmail]
09-01 19:54:35.188 4355 4355 W GAV2 : Thread[main,5,main]: Need to call initialize() and be in fallback mode to start dispatch.
09-01 19:54:35.189 2452 2492 W PackageParser: No actions in intent filter at /mnt/expand/d08e55bb-f276-4967-b6e9-e42dca4420fd/app/eu.thedarken.sdm-2/base.apk Binary XML file line #32
09-01 19:54:35.260 4374 4374 D ChimeraCfgMgr: Reading stored module config
09-01 19:54:35.261 4355 4355 I Exchange: EasService.onCreate
09-01 19:54:35.262 2452 2888 W ActivityManager: Unable to start service Intent { cmp=com.google.android.gm.exchange/com.android.exchange.service.EasService } U=0: not found
09-01 19:54:35.263 4355 4355 I Exchange: EasService.onCreate stoppedOldService=false
09-01 19:54:35.272 4355 4355 I Exchange: needResyncCalendar: false, hasCalendarPermission: true, needResyncContacts: false, hasContactsPermission: true
09-01 19:54:35.273 4374 4374 I DynamiteModule: Considering local module com.google.android.gms.googlecertificates:0 and remote module com.google.android.gms.googlecertificates:1
09-01 19:54:35.273 4374 4374 I DynamiteModule: Selected remote version of com.google.android.gms.googlecertificates, version >= 1
09-01 19:54:35.277 4355 4442 I Exchange: RestartPingTask
09-01 19:54:35.278 4355 4443 I Gmail : getAccountsCursor
09-01 19:54:35.284 4374 4374 W System : ClassLoader referenced unknown path: /data/user/0/com.google.android.gms/app_chimera/m/00000000/n/armeabi-v7a
09-01 19:54:35.284 4374 4374 W System : ClassLoader referenced unknown path: /data/user/0/com.google.android.gms/app_chimera/m/00000000/n/armeabi
09-01 19:54:35.285 4374 4374 D ChimeraFileApk: Primary ABI of requesting process is x86
09-01 19:54:35.286 4374 4374 D ChimeraFileApk: Classloading successful. Optimized code found.
09-01 19:54:35.302 4355 4355 W EasBundling: Gmail: isExchangeLegacy=false action=android.intent.action.BOOT_COMPLETED data=null
09-01 19:54:35.308 2764 2764 I Auth : [AuthDelegateWrapper] Service intent: Intent { cmp=com.google.android.gms/.auth.account.authenticator.DefaultAuthDelegateService }.
09-01 19:54:35.316 2452 3241 I chatty : uid=1000(system) Binder_A expire 2 lines
09-01 19:54:35.328 2452 3438 W BroadcastQueue: Permission Denial: receiving Intent { act=android.intent.action.BOOT_COMPLETED flg=0x8000010 (has extras) } to ccc71.at/.receivers.phone.at_boot_receiver requires android.permission.RECEIVE_BOOT_COMPLETED due to sender null (uid 1000)
09-01 19:54:35.337 2452 2483 W BroadcastQueue: Permission Denial: receiving Intent { act=android.intent.action.BOOT_COMPLETED flg=0x8000010 (has extras) } to ccc71.at/.receivers.phone.at_boot_script_receiver requires android.permission.RECEIVE_BOOT_COMPLETED due to sender null (uid 1000)
09-01 19:54:35.340 4374 4374 D GoogleCertificatesImpl: Fetched 318 Google certificates
09-01 19:54:35.365 2452 2492 W PackageParser: Ignoring duplicate uses-permissions/uses-permissions-sdk-m: android.permission.SYSTEM_ALERT_WINDOW in package: cn.kidstone.cartoon at: Binary XML file line #36
09-01 19:54:35.367 2452 2492 W PackageParser: Ignoring duplicate uses-permissions/uses-permissions-sdk-m: android.permission.RESTART_PACKAGES in package: cn.kidstone.cartoon at: Binary XML file line #47
09-01 19:54:35.367 2452 2492 W PackageParser: Ignoring duplicate uses-permissions/uses-permissions-sdk-m: android.permission.GET_ACCOUNTS in package: cn.kidstone.cartoon at: Binary XML file line #48
09-01 19:54:35.368 2452 2483 I ActivityManager: Start proc 4449:com.github.shadowsocks/u0a76 for broadcast com.github.shadowsocks/.ShadowsocksReceiver
09-01 19:54:35.369 4355 4355 I Exchange: RestartPingsTask did not start any pings.
09-01 19:54:35.369 4355 4355 I Exchange: PSS stopIfIdle
09-01 19:54:35.369 4355 4355 I Exchange: PSS has no active accounts; stopping service.
09-01 19:54:35.371 2452 3603 W ActivityManager: Unable to start service Intent { cmp=com.google.android.gm/com.android.email.service.AttachmentService } U=0: not found
09-01 19:54:35.377 4355 4355 I Exchange: onDestroy
09-01 19:54:35.386 4355 4454 I Gmail : Observing account changes for notifications
09-01 19:54:35.423 4355 4355 I Exchange: EasService.onCreate
09-01 19:54:35.425 2452 3463 W ActivityManager: Unable to start service Intent { cmp=com.google.android.gm.exchange/com.android.exchange.service.EasService } U=0: not found
09-01 19:54:35.427 4449 4449 W XPrivacy: Hooking package=com.github.shadowsocks
09-01 19:54:35.427 4355 4355 I Exchange: EasService.onCreate stoppedOldService=false
09-01 19:54:35.438 2764 2764 I Auth : [AuthDelegateWrapper] Service intent: Intent { cmp=com.google.android.gms/.auth.account.authenticator.DefaultAuthDelegateService }.
09-01 19:54:35.446 4374 4465 E ActivityThread: Failed to find provider info for org.chromium.chrome
09-01 19:54:35.455 4355 4355 I Exchange: needResyncCalendar: false, hasCalendarPermission: true, needResyncContacts: false, hasContactsPermission: true
09-01 19:54:35.464 4355 4425 I Exchange: RestartPingTask
09-01 19:54:35.477 4355 4355 E ActivityThread: Service com.android.email.service.EmailBroadcastProcessorService has leaked ServiceConnection bkn@eac010e that was originally bound here
09-01 19:54:35.477 4355 4355 E ActivityThread: android.app.ServiceConnectionLeaked: Service com.android.email.service.EmailBroadcastProcessorService has leaked ServiceConnection bkn@eac010e that was originally bound here
09-01 19:54:35.477 4355 4355 E ActivityThread: at android.app.LoadedApk$ServiceDispatcher.(LoadedApk.java:1092)
09-01 19:54:35.477 4355 4355 E ActivityThread: at android.app.LoadedApk.getServiceDispatcher(LoadedApk.java:986)
09-01 19:54:35.477 4355 4355 E ActivityThread: at android.app.ContextImpl.bindServiceCommon(ContextImpl.java:1303)
09-01 19:54:35.477 4355 4355 E ActivityThread: at android.app.ContextImpl.bindService(ContextImpl.java:1286)
09-01 19:54:35.477 4355 4355 E ActivityThread: at android.content.ContextWrapper.bindService(ContextWrapper.java:604)
09-01 19:54:35.477 4355 4355 E ActivityThread: at de.robv.android.xposed.XposedBridge.invokeOriginalMethodNative(Native Method)
09-01 19:54:35.477 4355 4355 E ActivityThread: at de.robv.android.xposed.XposedBridge.handleHookedMethod(XposedBridge.java:334)
09-01 19:54:35.477 4355 4355 E ActivityThread: at android.content.ContextWrapper.bindService()
09-01 19:54:35.477 4355 4355 E ActivityThread: at bkl.a(SourceFile:243)
09-01 19:54:35.477 4355 4355 E ActivityThread: at bkl.d(SourceFile:286)
09-01 19:54:35.477 4355 4355 E ActivityThread: at bem.c(SourceFile:179)
09-01 19:54:35.477 4355 4355 E ActivityThread: at bcd.a(SourceFile:205)
09-01 19:54:35.477 4355 4355 E ActivityThread: at bcd.a(SourceFile:149)
09-01 19:54:35.477 4355 4355 E ActivityThread: at com.android.email.service.EmailBroadcastProcessorService.c(SourceFile:348)
09-01 19:54:35.477 4355 4355 E ActivityThread: at com.android.email.service.EmailBroadcastProcessorService.onHandleIntent(SourceFile:1333)
09-01 19:54:35.477 4355 4355 E ActivityThread: at android.app.IntentService$ServiceHandler.handleMessage(IntentService.java:66)
09-01 19:54:35.477 4355 4355 E ActivityThread: at android.os.Handler.dispatchMessage(Handler.java:102)
09-01 19:54:35.477 4355 4355 E ActivityThread: at android.os.Looper.loop(Looper.java:148)
09-01 19:54:35.477 4355 4355 E ActivityThread: at android.os.HandlerThread.run(HandlerThread.java:61)
09-01 19:54:35.482 4355 4445 E bjp : RuntimeException when trying to unbind from service
09-01 19:54:35.482 4355 4445 E bjp : java.lang.IllegalArgumentException: Service not registered: bkn@eac010e
09-01 19:54:35.482 4355 4445 E bjp : at android.app.LoadedApk.forgetServiceDispatcher(LoadedApk.java:1044)
09-01 19:54:35.482 4355 4445 E bjp : at android.app.ContextImpl.unbindService(ContextImpl.java:1337)
09-01 19:54:35.482 4355 4445 E bjp : at android.content.ContextWrapper.unbindService(ContextWrapper.java:616)
09-01 19:54:35.482 4355 4445 E bjp : at bko.a(SourceFile:186)
09-01 19:54:35.482 4355 4445 E bjp : at bko.doInBackground(SourceFile:173)
09-01 19:54:35.482 4355 4445 E bjp : at android.os.AsyncTask$2.call(AsyncTask.java:295)
09-01 19:54:35.482 4355 4445 E bjp : at java.util.concurrent.FutureTask.run(FutureTask.java:237)
09-01 19:54:35.482 4355 4445 E bjp : at android.os.Handler.handleCallback(Handler.java:739)
09-01 19:54:35.482 4355 4445 E bjp : at android.os.Handler.dispatchMessage(Handler.java:95)
09-01 19:54:35.482 4355 4445 E bjp : at android.os.Looper.loop(Looper.java:148)
09-01 19:54:35.482 4355 4445 E bjp : at android.os.HandlerThread.run(HandlerThread.java:61)
09-01 19:54:35.483 4355 4355 I Exchange: RestartPingsTask did not start any pings.
09-01 19:54:35.483 4355 4355 I Exchange: PSS stopIfIdle
09-01 19:54:35.483 4355 4355 I Exchange: PSS has no active accounts; stopping service.
09-01 19:54:35.485 4355 4355 I Exchange: onDestroy
09-01 19:54:35.491 4449 4449 I Xposed : XHFW3 load package com.github.shadowsocks
09-01 19:54:35.508 4355 4355 I Exchange: EasService.onCreate
09-01 19:54:35.509 2452 3463 W ActivityManager: Unable to start service Intent { cmp=com.google.android.gm.exchange/com.android.exchange.service.EasService } U=0: not found
09-01 19:54:35.510 4355 4464 I Gmail : notifyAccountChanged
09-01 19:54:35.511 4355 4355 I Exchange: EasService.onCreate stoppedOldService=false
09-01 19:54:35.515 4355 4464 I Gmail : calculateUnknownSyncRationalesAndPurgeInBackground: queueing
09-01 19:54:35.522 4355 4355 I Exchange: needResyncCalendar: false, hasCalendarPermission: true, needResyncContacts: false, hasContactsPermission: true
09-01 19:54:35.523 4355 4464 I Gmail : calculateUnknownSyncRationalesAndPurgeInBackground: queueing
09-01 19:54:35.526 4355 4440 I Exchange: RestartPingTask
09-01 19:54:35.528 2764 2764 I Auth : [AuthDelegateWrapper] Service intent: Intent { cmp=com.google.android.gms/.auth.account.authenticator.DefaultAuthDelegateService }.
09-01 19:54:35.542 4355 4442 I Gmail : getAccountsCursor
09-01 19:54:35.559 4355 4355 I Exchange: RestartPingsTask did not start any pings.
09-01 19:54:35.559 4355 4355 I Exchange: PSS stopIfIdle
09-01 19:54:35.559 4355 4355 I Exchange: PSS has no active accounts; stopping service.
09-01 19:54:35.582 4355 4355 I Exchange: onDestroy
09-01 19:54:35.583 4355 4444 I Gmail : Sending provider changed intent: Intent { act=android.intent.action.PROVIDER_CHANGED dat=content://gmail-ls/unread/userlabel:949092065 (has extras) }
09-01 19:54:35.590 2764 2764 I Auth : [AuthDelegateWrapper] Service intent: Intent { cmp=com.google.android.gms/.auth.account.authenticator.DefaultAuthDelegateService }.
09-01 19:54:35.595 4355 4444 I Gmail : Sending provider changed intent: Intent { act=android.intent.action.PROVIDER_CHANGED dat=content://gmail-ls/unread/userlabel:-713478313 (has extras) }
09-01 19:54:35.607 3466 4397 W DriveInitializer: Awaiting to be initialized
09-01 19:54:35.616 4355 4444 I Gmail : Sending provider changed intent: Intent { act=android.intent.action.PROVIDER_CHANGED dat=content://gmail-ls/unread/userlabel:-55606566 (has extras) }
09-01 19:54:35.618 4355 4473 I Gmail : notifyAccountChanged
09-01 19:54:35.619 3466 4474 W DriveInitializer: Background init thread started
09-01 19:54:35.623 4355 4473 I Gmail : calculateUnknownSyncRationalesAndPurgeInBackground: queueing
09-01 19:54:35.629 4355 4473 I Gmail : calculateUnknownSyncRationalesAndPurgeInBackground: queueing
09-01 19:54:35.631 4355 4444 I Gmail : Sending provider changed intent: Intent { act=android.intent.action.PROVIDER_CHANGED dat=content://gmail-ls/unread/^sq_ig_i_notification (has extras) }
09-01 19:54:35.659 4355 4444 I Gmail : Sending provider changed intent: Intent { act=android.intent.action.PROVIDER_CHANGED dat=content://gmail-ls/unread/userlabel:1660732342 (has extras) }
09-01 19:54:35.676 4355 4444 I Gmail : Sending provider changed intent: Intent { act=android.intent.action.PROVIDER_CHANGED dat=content://gmail-ls/unread/userlabel:1131233 (has extras) }
09-01 19:54:35.679 2452 2888 D VoldConnector: SND -> {34 volume mkdirs /storage/9E35-2475/Android/data/com.google.android.gms/files/}
09-01 19:54:35.680 1695 1717 E cutils : Existing segment not a directory: /storage/9E35-2475/Android
09-01 19:54:35.681 2452 2503 D VoldConnector: RCV <- {400 34 Command failed}
09-01 19:54:35.682 3466 4474 W ContextImpl: Failed to ensure /storage/9E35-2475/Android/data/com.google.android.gms/files: 400
09-01 19:54:35.689 4355 4444 I Gmail : Sending provider changed intent: Intent { act=android.intent.action.PROVIDER_CHANGED dat=content://gmail-ls/unread/^t (has extras) }
09-01 19:54:35.692 2452 3463 D VoldConnector: SND -> {35 volume mkdirs /storage/ad6d9604-20c4-4814-9b04-00ad27fd8256/Android/data/com.google.android.gms/files/}
09-01 19:54:35.694 2452 2503 D VoldConnector: RCV <- {200 35 Command succeeded}
09-01 19:54:35.702 4355 4444 I Gmail : Sending provider changed intent: Intent { act=android.intent.action.PROVIDER_CHANGED dat=content://gmail-ls/unread/^all (has extras) }
09-01 19:54:35.706 4374 4475 E ActivityThread: Failed to find provider info for org.chromium.chrome
09-01 19:54:35.710 2452 2587 D VoldConnector: SND -> {36 volume mkdirs /storage/8088-080F/Android/data/com.google.android.gms/files/}
09-01 19:54:35.710 1695 1717 E cutils : Existing segment not a directory: /storage/8088-080F/Android
09-01 19:54:35.710 2452 2503 D VoldConnector: RCV <- {400 36 Command failed}
09-01 19:54:35.711 3466 4474 W ContextImpl: Failed to ensure /storage/8088-080F/Android/data/com.google.android.gms/files: 400
09-01 19:54:35.715 2452 2946 D VoldConnector: SND -> {37 volume mkdirs /storage/C4281238281229C6/Android/data/com.google.android.gms/files/}
09-01 19:54:35.715 1695 1717 E cutils : Existing segment not a directory: /storage/C4281238281229C6/Android
09-01 19:54:35.715 2452 2503 D VoldConnector: RCV <- {400 37 Command failed}
09-01 19:54:35.717 3466 4474 W ContextImpl: Failed to ensure /storage/C4281238281229C6/Android/data/com.google.android.gms/files: 400
09-01 19:54:35.719 4355 4444 I Gmail : Sending provider changed intent: Intent { act=android.intent.action.PROVIDER_CHANGED dat=content://gmail-ls/unread/userlabel:736778335 (has extras) }
09-01 19:54:35.723 2452 3463 D VoldConnector: SND -> {38 volume mkdirs /storage/db62f128-afd9-401b-9d49-c38974aec5ff/Android/data/com.google.android.gms/files/}
09-01 19:54:35.724 2452 2503 D VoldConnector: RCV <- {200 38 Command succeeded}
09-01 19:54:35.737 4355 4444 I Gmail : Sending provider changed intent: Intent { act=android.intent.action.PROVIDER_CHANGED dat=content://gmail-ls/unread/userlabel:810641122 (has extras) }
09-01 19:54:35.738 4355 4473 I Gmail : calculateUnknownSyncRationalesAndPurgeInBackground: running
09-01 19:54:35.747 4355 4444 I Gmail : Sending provider changed intent: Intent { act=android.intent.action.PROVIDER_CHANGED dat=content://gmail-ls/unread/^s (has extras) }
09-01 19:54:35.752 2452 3247 I ActivityManager: Killing 3793:com.android.settings/1000 (adj 15): empty #17
09-01 19:54:35.757 4355 4473 I Gmail : calculateUnknownSyncRationalesAndPurgeInBackground: running
09-01 19:54:35.771 4355 4444 I Gmail : Sending provider changed intent: Intent { act=android.intent.action.PROVIDER_CHANGED dat=content://gmail-ls/unread/^io_im (has extras) }
09-01 19:54:35.778 2452 2492 W PackageParser: Ignoring duplicate uses-permissions/uses-permissions-sdk-m: android.permission.ACCESS_NETWORK_STATE in package: org.mozilla.firefox_beta at: Binary XML file line #43
09-01 19:54:35.778 2452 2492 W PackageParser: Ignoring duplicate uses-permissions/uses-permissions-sdk-m: android.permission.ACCESS_FINE_LOCATION in package: org.mozilla.firefox_beta at: Binary XML file line #68
09-01 19:54:35.778 2452 2492 W PackageParser: Ignoring duplicate uses-permissions/uses-permissions-sdk-m: android.permission.ACCESS_NETWORK_STATE in package: org.mozilla.firefox_beta at: Binary XML file line #69
09-01 19:54:35.778 2452 2492 W PackageParser: Ignoring duplicate uses-permissions/uses-permissions-sdk-m: android.permission.INTERNET in package: org.mozilla.firefox_beta at: Binary XML file line #70
09-01 19:54:35.787 4355 4444 I Gmail : Sending provider changed intent: Intent { act=android.intent.action.PROVIDER_CHANGED dat=content://gmail-ls/unread/^sq_ig_i_promo (has extras) }
09-01 19:54:35.796 4355 4464 I Gmail : calculateUnknownSyncRationalesAndPurgeInBackground: running
09-01 19:54:35.797 4355 4464 I Gmail : calculateUnknownSyncRationalesAndPurgeInBackground: running
09-01 19:54:35.806 4355 4444 I Gmail : Sending provider changed intent: Intent { act=android.intent.action.PROVIDER_CHANGED dat=content://gmail-ls/unread/userlabel:671133 (has extras) }
09-01 19:54:35.814 3466 4474 W DriveInitializer: Background init thread ended
09-01 19:54:35.825 4355 4444 I Gmail : Sending provider changed intent: Intent { act=android.intent.action.PROVIDER_CHANGED dat=content://gmail-ls/unread/^sq_ig_i_personal (has extras) }
09-01 19:54:35.838 4355 4444 I Gmail : Sending provider changed intent: Intent { act=android.intent.action.PROVIDER_CHANGED dat=content://gmail-ls/unread/^sq_ig_i_social (has extras) }
09-01 19:54:35.855 4355 4444 I Gmail : Sending provider changed intent: Intent { act=android.intent.action.PROVIDER_CHANGED dat=content://gmail-ls/unread/^sq_ig_i_group (has extras) }
09-01 19:54:35.858 4449 4449 W GoogleTagManager: Failed to extract the container from the resource file. Resource is a UTF-8 encoded string but doesn't contain a JSON container
09-01 19:54:35.862 4355 4444 I Gmail : Sending provider changed intent: Intent { act=android.intent.action.PROVIDER_CHANGED dat=content://gmail-ls/unread/userlabel:1174283 (has extras) }
09-01 19:54:35.871 4355 4444 I Gmail : Sending provider changed intent: Intent { act=android.intent.action.PROVIDER_CHANGED dat=content://gmail-ls/unread/userlabel:828664 (has extras) }
09-01 19:54:35.878 4355 4426 I Gmail : getAccountsCursor
