09-01 19:54:24.664 3225 3225 E ObexServerSockets: at com.android.bluetooth.map.BluetoothMapMasInstance.startRfcommSocketListener(BluetoothMapMasInstance.java:273)
09-01 19:54:24.664 3225 3225 E ObexServerSockets: at com.android.bluetooth.map.BluetoothMapService.startRfcommSocketListeners(BluetoothMapService.java:200)
09-01 19:54:24.664 3225 3225 E ObexServerSockets: at com.android.bluetooth.map.BluetoothMapService.-wrap10(BluetoothMapService.java)
09-01 19:54:24.664 3225 3225 E ObexServerSockets: at com.android.bluetooth.map.BluetoothMapService$1.handleMessage(BluetoothMapService.java:327)
09-01 19:54:24.664 3225 3225 E ObexServerSockets: at android.os.Handler.dispatchMessage(Handler.java:102)
09-01 19:54:24.664 3225 3225 E ObexServerSockets: at android.os.Looper.loop(Looper.java:148)
09-01 19:54:24.664 3225 3225 E ObexServerSockets: at android.app.ActivityThread.main(ActivityThread.java:5415)
09-01 19:54:24.664 3225 3225 E ObexServerSockets: at java.lang.reflect.Method.invoke(Native Method)
09-01 19:54:24.664 3225 3225 E ObexServerSockets: at com.android.internal.os.ZygoteInit$MethodAndArgsCaller.run(ZygoteInit.java:744)
09-01 19:54:24.664 3225 3225 E ObexServerSockets: at com.android.internal.os.ZygoteInit.main(ZygoteInit.java:634)
09-01 19:54:24.664 3225 3225 E ObexServerSockets: at de.robv.android.xposed.XposedBridge.main(XposedBridge.java:102)
09-01 19:54:24.666 3225 3225 V ObexServerSockets: waiting 300 ms...
09-01 19:54:24.723 2733 3634 W ResponseProcessCookies: Invalid cookie header: "Set-Cookie: BAIDUID=9496B5229BA777D39A8E0465A6E9A2E1:FG=1; expires=Fri, 01-Sep-17 11:54:24 GMT; max-age=31536000; path=/; domain=.baidu.com; version=1". Unable to parse expires attribute: Fri 09-01 19:54:24.723 2733 3634 W ResponseProcessCookies: Invalid cookie header: "Set-Cookie: BAIDUID=86192600A96F38B9C19C6957F161D334:FG=1; expires=Fri, 01-Sep-17 11:54:24 GMT; max-age=31536000; path=/; domain=.baidu.com; version=1". Unable to parse expires attribute: Fri 09-01 19:54:24.762 2452 3241 I ActivityManager: Start proc 3646:cm.aptoide.pt/u0a179 for broadcast cm.aptoide.pt/com.aptoide.amethyst.receivers.NetworkStateReceiver
09-01 19:54:24.768 3646 3646 D houdini : [3646] Initialize library(version: 6.1.1a_x.48413 RELEASE)... successfully.
09-01 19:54:24.844 3447 3613 I Gmail : calculateUnknownSyncRationalesAndPurgeInBackground: running
09-01 19:54:24.863 2452 2492 W PackageParser: Unknown element under : supports-gl-texture at /mnt/expand/d08e55bb-f276-4967-b6e9-e42dca4420fd/app/com.antutu.benchmark.full-1/base.apk Binary XML file line #21
09-01 19:54:24.870 3447 3613 I Gmail : calculateUnknownSyncRationalesAndPurgeInBackground: running
09-01 19:54:24.871 3646 3646 W System : ClassLoader referenced unknown path: /data/app/cm.aptoide.pt-1/lib/x86
09-01 19:54:24.877 3646 3646 W XPrivacy: Hooking package=cm.aptoide.pt
09-01 19:54:24.886 2764 3276 E ctxmgr : [TimeFilter.Builder]startTimeMillis must be >= 0. Clamping to 0.
09-01 19:54:24.934 3447 3577 I Gmail : getAccountsCursor
09-01 19:54:24.969 3225 3225 W BluetoothAdapter: getBluetoothService() called with no BluetoothManagerCallback
09-01 19:54:24.971 3225 3225 D BlueZ : external/bluetooth/bluez/android/hal-socket.c:socket_listen() uuid 00000000-0000-0000-0000-000000000000 chan -2 sock 0xbfbacabc type 1 service_name (null) flags 0x07
09-01 19:54:24.972 3311 3311 E bluetoothd: Invalid rfcomm listen params
09-01 19:54:24.972 3225 3225 E BluetoothServiceJni: Socket listen failed: 7
09-01 19:54:24.972 3225 3225 E BluetoothAdapterService: Failed to create socket channel
09-01 19:54:24.972 3225 3225 E ObexServerSockets: Error create ServerSockets
09-01 19:54:24.972 3225 3225 E ObexServerSockets: java.io.IOException: Error: -1
09-01 19:54:24.972 3225 3225 E ObexServerSockets: at android.bluetooth.BluetoothAdapter.listenUsingRfcommOn(BluetoothAdapter.java:1542)
09-01 19:54:24.972 3225 3225 E ObexServerSockets: at android.bluetooth.BluetoothAdapter.listenUsingRfcommOn(BluetoothAdapter.java:1508)
09-01 19:54:24.972 3225 3225 E ObexServerSockets: at com.android.bluetooth.ObexServerSockets.create(ObexServerSockets.java:118)
09-01 19:54:24.972 3225 3225 E ObexServerSockets: at com.android.bluetooth.ObexServerSockets.create(ObexServerSockets.java:84)
09-01 19:54:24.972 3225 3225 E ObexServerSockets: at com.android.bluetooth.map.BluetoothMapMasInstance.startRfcommSocketListener(BluetoothMapMasInstance.java:273)
09-01 19:54:24.972 3225 3225 E ObexServerSockets: at com.android.bluetooth.map.BluetoothMapService.startRfcommSocketListeners(BluetoothMapService.java:200)
09-01 19:54:24.972 3225 3225 E ObexServerSockets: at com.android.bluetooth.map.BluetoothMapService.-wrap10(BluetoothMapService.java)
09-01 19:54:24.972 3225 3225 E ObexServerSockets: at com.android.bluetooth.map.BluetoothMapService$1.handleMessage(BluetoothMapService.java:327)
09-01 19:54:24.972 3225 3225 E ObexServerSockets: at android.os.Handler.dispatchMessage(Handler.java:102)
09-01 19:54:24.972 3225 3225 E ObexServerSockets: at android.os.Looper.loop(Looper.java:148)
09-01 19:54:24.972 3225 3225 E ObexServerSockets: at android.app.ActivityThread.main(ActivityThread.java:5415)
09-01 19:54:24.972 3225 3225 E ObexServerSockets: at java.lang.reflect.Method.invoke(Native Method)
09-01 19:54:24.972 3225 3225 E ObexServerSockets: at com.android.internal.os.ZygoteInit$MethodAndArgsCaller.run(ZygoteInit.java:744)
09-01 19:54:24.972 3225 3225 E ObexServerSockets: at com.android.internal.os.ZygoteInit.main(ZygoteInit.java:634)
09-01 19:54:24.972 3225 3225 E ObexServerSockets: at de.robv.android.xposed.XposedBridge.main(XposedBridge.java:102)
09-01 19:54:24.973 3225 3225 V ObexServerSockets: waiting 300 ms...
09-01 19:54:24.998 3646 3646 I Xposed : XHFW3 load package cm.aptoide.pt
09-01 19:54:25.039 2764 2764 W InstanceID/Rpc: Found 10016
09-01 19:54:25.180 2562 2562 D PhoneStatusBar: disable: < expand ICONS alerts SYSTEM_INFO back home recent clock search quick_settings
> 09-01 19:54:25.188 2562 2562 I Choreographer: Skipped 105 frames! The application may be doing too much work on its main thread.
09-01 19:54:25.274 3225 3225 E ObexServerSockets: Error to create listening socket after 10 try
09-01 19:54:25.274 3225 3225 E BluetoothMapMasInstance0: Failed to start the listeners
09-01 19:54:25.432 2764 2764 I GCoreUlr: Starting service, intent=Intent { act=com.google.android.location.reporting.ACTION_UPDATE_ACTIVE_STATE cmp=com.google.android.gms/com.google.android.location.reporting.service.DispatchingService (has extras) }, extras=Bundle[{source=PowerModeReceiver}]
09-01 19:54:25.439 2764 2764 I Auth : [AuthDelegateWrapper] Service intent: Intent { cmp=com.google.android.gms/.auth.account.authenticator.DefaultAuthDelegateService }.
09-01 19:54:25.478 3646 3646 I GMPM : App measurement is starting up, version: 8487
09-01 19:54:25.479 3646 3646 I GMPM : To enable debug logging run: adb shell setprop log.tag.GMPM VERBOSE
09-01 19:54:25.491 3646 3646 E GMPM : GoogleService failed to initialize, status: 10, Missing an expected resource: 'R.string.google_app_id' for initializing Google services. Possible causes are missing google-services.json or com.google.gms.google-services gradle plugin.
09-01 19:54:25.491 3646 3646 E GMPM : Scheduler not set. Not logging error/warn.
09-01 19:54:25.520 3646 3678 E GMPM : Uploading is not possible. App measurement disabled
09-01 19:54:25.526 2764 3210 I GCoreUlr: DispatchingService.updateActiveState+PowerModeReceiver: Ensuring that reporting is active for [account#16#, account#10#]
09-01 19:54:25.533 2764 3637 W ctxmgr : [WorkManager]Long workInfo: label=RefreshLocationConsentOperation, startTime=2016-09-01 19:54:24.145+0800, stopTime=2016-09-01 19:54:25.532+0800, duration=1387ms
09-01 19:54:25.545 3646 3646 W FileUtils: Failed to chmod(/data/user/0/cm.aptoide.pt/databases/aptoide.db): android.system.ErrnoException: chmod failed: EPERM (Operation not permitted)
09-01 19:54:25.640 3646 3646 I Fabric : Initializing Crashlytics 2.3.3.61
09-01 19:54:25.657 2764 3210 I GCoreUlr: GMS FLP location and AR updates requested: {"description":"default","newRequest":true,"samplePeriodMs":120000,"sampleReason":"default","sampleSource":"internal","timestampMs":1472730865483}
09-01 19:54:25.684 2764 3210 I GCoreUlr: Place inference reporting - stop
09-01 19:54:25.745 2452 3104 I ActivityManager: Start proc 3700:com.baidu.input:bdservice_v1/u0a80 for broadcast com.baidu.input/com.baidu.android.moplus.MoPlusReceiver
09-01 19:54:25.748 3700 3700 D houdini : [3700] Initialize library(version: 6.1.1a_x.48413 RELEASE)... successfully.
09-01 19:54:25.794 2452 2530 I chatty : uid=1000(system) AudioService expire 1 line
09-01 19:54:25.794 2452 2464 I ActivityManager: START u0 {act=android.intent.action.MAIN cat=[android.intent.category.LAUNCHER] flg=0x10200000 cmp=com.lonelycatgames.Xplore/.Browser bnds=[1275,627][1590,818] (has extras)} from uid 10019 on display 0
09-01 19:54:25.821 2452 3603 I chatty : uid=1000(system) Binder_E expire 11 lines
09-01 19:54:25.824 2092 2411 I chatty : uid=1013(media) AudioOut_2 expire 4 lines
09-01 19:54:25.826 2092 2410 I chatty : uid=1013(media) FastMixer expire 829 lines
09-01 19:54:25.873 2452 2888 I ActivityManager: Start proc 3718:com.lonelycatgames.Xplore/u0a71 for activity com.lonelycatgames.Xplore/.Browser
09-01 19:54:25.903 3700 3700 W XPrivacy: Hooking package=com.baidu.input
09-01 19:54:25.948 2764 3309 W GeofencerStateMachine: Ignoring removeGeofence because network location is disabled.
09-01 19:54:25.953 3700 3700 I Xposed : XHFW3 load package com.baidu.input
09-01 19:54:25.954 2083 2141 D PermissionCache: checking android.permission.READ_FRAME_BUFFER for uid=1000 => granted (306 us)
09-01 19:54:26.010 3147 3573 W CardSyncManagerImpl: Too many retries to wait for connected Wear devices.
09-01 19:54:26.050 2452 2888 I ActivityManager: Config changes=400 {1.0 ?mcc?mnc zh_CN ldltr sw800dp w1280dp h782dp 240dpi xlrg land finger -keyb/v/h dpad/v s.5}
09-01 19:54:26.135 2452 2484 I chatty : uid=1000(system) android.ui expire 1 line
09-01 19:54:26.144 2452 3438 D ConnectivityService: reportNetworkConnectivity(100, true) by 10016
09-01 19:54:26.161 3147 3147 W SearchService: Abort, client detached.
09-01 19:54:26.165 3718 3718 W XPrivacy: Hooking package=com.lonelycatgames.Xplore
09-01 19:54:26.216 2764 3699 I GCM : Ack for not saved message 16
09-01 19:54:26.218 2452 2946 D ConnectivityService: reportNetworkConnectivity(100, true) by 10016
09-01 19:54:26.225 2452 3603 D ConnectivityService: reportNetworkConnectivity(100, true) by 10016
09-01 19:54:26.236 3718 3718 I Xposed : XHFW3 load package com.lonelycatgames.Xplore
09-01 19:54:26.262 2764 3276 E ctxmgr : [FenceManager]Could not remove all geofences. status=Status{statusCode=unknown status code: 1000, resolution=null}
09-01 19:54:26.304 2083 2083 W SurfaceFlinger: couldn't log to binary event log: overflow.
09-01 19:54:26.304 2083 2083 W SurfaceFlinger: couldn't log to binary event log: overflow.
09-01 19:54:26.306 2882 2882 E ActivityThread: Performing stop of activity that is not resumed: {com.google.android.apps.nexuslauncher/com.google.android.apps.nexuslauncher.NexusLauncherActivity}
09-01 19:54:26.306 2882 2882 E ActivityThread: java.lang.RuntimeException: Performing stop of activity that is not resumed: {com.google.android.apps.nexuslauncher/com.google.android.apps.nexuslauncher.NexusLauncherActivity}
09-01 19:54:26.306 2882 2882 E ActivityThread: at android.app.ActivityThread.performStopActivityInner(ActivityThread.java:3465)
09-01 19:54:26.306 2882 2882 E ActivityThread: at android.app.ActivityThread.handleStopActivity(ActivityThread.java:3550)
09-01 19:54:26.306 2882 2882 E ActivityThread: at android.app.ActivityThread.-wrap20(ActivityThread.java)
09-01 19:54:26.306 2882 2882 E ActivityThread: at android.app.ActivityThread$H.handleMessage(ActivityThread.java:1373)
09-01 19:54:26.306 2882 2882 E ActivityThread: at android.os.Handler.dispatchMessage(Handler.java:102)
09-01 19:54:26.306 2882 2882 E ActivityThread: at android.os.Looper.loop(Looper.java:148)
09-01 19:54:26.306 2882 2882 E ActivityThread: at android.app.ActivityThread.main(ActivityThread.java:5415)
09-01 19:54:26.306 2882 2882 E ActivityThread: at java.lang.reflect.Method.invoke(Native Method)
09-01 19:54:26.306 2882 2882 E ActivityThread: at com.android.internal.os.ZygoteInit$MethodAndArgsCaller.run(ZygoteInit.java:744)
09-01 19:54:26.306 2882 2882 E ActivityThread: at com.android.internal.os.ZygoteInit.main(ZygoteInit.java:634)
09-01 19:54:26.306 2882 2882 E ActivityThread: at de.robv.android.xposed.XposedBridge.main(XposedBridge.java:102)
09-01 19:54:26.310 2452 2888 I ActivityManager: Activity reported stop, but no longer stopping: ActivityRecord{575aeff u0 com.google.android.apps.nexuslauncher/.NexusLauncherActivity t3879}
09-01 19:54:26.382 2452 2888 W SettingsProvider: You shouldn't keep your settings in the secure settings. This will soon become an error.
09-01 19:54:26.398 2452 3603 W ActivityManager: Unable to start service Intent { act=android.net.conn.CONNECTIVITY_CHANGE flg=0x4000010 cmp=com.baidu.input/com.baidu.android.moplus.MoPlusService (has extras) } U=0: not found
09-01 19:54:26.423 2633 2633 D ExternalStorage: After updating volumes, found 5 active roots
09-01 19:54:26.437 2633 2633 D ExternalStorage: After updating volumes, found 5 active roots
09-01 19:54:26.445 2452 2487 I WindowManager: Screen frozen for +507ms due to Window{73e3af7 u0 NavigationBar}
09-01 19:54:26.448 2633 2633 D ExternalStorage: After updating volumes, found 5 active roots
09-01 19:54:26.461 2633 2633 D ExternalStorage: After updating volumes, found 5 active roots
09-01 19:54:26.466 2633 2633 D ExternalStorage: After updating volumes, found 5 active roots
09-01 19:54:26.479 2633 2633 D ExternalStorage: After updating volumes, found 5 active roots
09-01 19:54:26.521 3419 3419 D MediaScannerReceiver: action: android.intent.action.MEDIA_MOUNTED path: /storage/9E35-2475
09-01 19:54:26.524 2452 3104 W ActivityManager: Unable to start service Intent { cmp=com.android.providers.media/.MediaScannerService (has extras) } U=0: not found
09-01 19:54:26.553 2452 2492 I chatty : uid=1000(system) PackageManager expire 5 lines
09-01 19:54:26.554 2452 2492 W PackageManager: Failed to scan /mnt/expand/d08e55bb-f276-4967-b6e9-e42dca4420fd/app/com.taobao.fleamarket-1: Failed adding asset path: /mnt/expand/d08e55bb-f276-4967-b6e9-e42dca4420fd/app/com.taobao.fleamarket-1
09-01 19:54:26.556 2452 3105 I ActivityManager: Start proc 3761:com.android.vending.billing.InAppBillingService.LOCK/u0a77 for broadcast com.android.vending.billing.InAppBillingService.LOCK/.BinderLuckyPatcher
09-01 19:54:26.565 3761 3761 D houdini : [3761] Initialize library(version: 6.1.1a_x.48413 RELEASE)... successfully.
09-01 19:54:26.608 3761 3761 W System : ClassLoader referenced unknown path: /data/app/com.android.vending.billing.InAppBillingService.LOCK-1/lib/x86
09-01 19:54:26.611 3761 3761 W XPrivacy: Hooking package=com.android.vending.billing.InAppBillingService.LOCK
09-01 19:54:26.652 3761 3761 I Xposed : XHFW3 load package com.android.vending.billing.InAppBillingService.LOCK
09-01 19:54:26.725 2764 3210 I Scheduler: Use legacy PeriodicScheduler
09-01 19:54:26.726 3718 3718 I FirebaseInitProvider: FirebaseApp initialization unsuccessful
09-01 19:54:26.767 2764 3210 I Scheduler: Cleaning up unwanted schedulers, if there are any.
09-01 19:54:26.852 2452 2587 D VoldConnector: SND -> {14 volume mkdirs /storage/9E35-2475/Android/data/com.lonelycatgames.Xplore/cache/}
09-01 19:54:26.852 1695 1717 E cutils : Existing segment not a directory: /storage/9E35-2475/Android
09-01 19:54:26.852 2452 2503 D VoldConnector: RCV <- {400 14 Command failed}
09-01 19:54:26.853 3718 3718 W ContextImpl: Failed to ensure /storage/9E35-2475/Android/data/com.lonelycatgames.Xplore/cache: 400
09-01 19:54:26.862 2452 3241 D VoldConnector: SND -> {15 volume mkdirs /storage/ad6d9604-20c4-4814-9b04-00ad27fd8256/Android/data/com.lonelycatgames.Xplore/cache/}
09-01 19:54:26.862 2452 2503 D VoldConnector: RCV <- {200 15 Command succeeded}
09-01 19:54:26.867 2452 2463 D VoldConnector: SND -> {16 volume mkdirs /storage/8088-080F/Android/data/com.lonelycatgames.Xplore/cache/}
09-01 19:54:26.868 1695 1717 E cutils : Existing segment not a directory: /storage/8088-080F/Android
09-01 19:54:26.868 2452 2503 D VoldConnector: RCV <- {400 16 Command failed}
09-01 19:54:26.868 3718 3718 W ContextImpl: Failed to ensure /storage/8088-080F/Android/data/com.lonelycatgames.Xplore/cache: 400
09-01 19:54:26.892 2452 2464 D VoldConnector: SND -> {17 volume mkdirs /storage/C4281238281229C6/Android/data/com.lonelycatgames.Xplore/cache/}
09-01 19:54:26.893 1695 1717 E cutils : Existing segment not a directory: /storage/C4281238281229C6/Android
09-01 19:54:26.893 2452 2503 D VoldConnector: RCV <- {400 17 Command failed}
09-01 19:54:26.894 3718 3718 W ContextImpl: Failed to ensure /storage/C4281238281229C6/Android/data/com.lonelycatgames.Xplore/cache: 400
09-01 19:54:26.896 2452 3463 D VoldConnector: SND -> {18 volume mkdirs /storage/db62f128-afd9-401b-9d49-c38974aec5ff/Android/data/com.lonelycatgames.Xplore/cache/}
09-01 19:54:26.897 2452 2503 D VoldConnector: RCV <- {200 18 Command succeeded}
09-01 19:54:26.959 3761 3761 I System.out: LuckyPatcher Intent: Intent { act=android.intent.action.MEDIA_MOUNTED dat=file:///storage/9E35-2475 flg=0x4000010 cmp=com.android.vending.billing.InAppBillingService.LOCK/.BinderLuckyPatcher (has extras) }
09-01 19:54:26.964 3761 3761 I System.out: LuckyPatcher 6.2.6: Application Start!
09-01 19:54:26.975 2452 3603 D VoldConnector: SND -> {19 volume mkdirs /storage/9E35-2475/Android/data/com.android.vending.billing.InAppBillingService.LOCK/files/LuckyPatcher/}
09-01 19:54:26.975 1695 1717 E cutils : Existing segment not a directory: /storage/9E35-2475/Android
09-01 19:54:26.975 2452 2503 D VoldConnector: RCV <- {400 19 Command failed}
09-01 19:54:26.976 3761 3761 W ContextImpl: Failed to ensure /storage/9E35-2475/Android/data/com.android.vending.billing.InAppBillingService.LOCK/files/LuckyPatcher: 400
09-01 19:54:26.981 2452 2888 D VoldConnector: SND -> {20 volume mkdirs /storage/ad6d9604-20c4-4814-9b04-00ad27fd8256/Android/data/com.android.vending.billing.InAppBillingService.LOCK/files/LuckyPatcher/}
09-01 19:54:26.981 2452 2503 D VoldConnector: RCV <- {200 20 Command succeeded}
09-01 19:54:26.987 2452 3247 D VoldConnector: SND -> {21 volume mkdirs /storage/8088-080F/Android/data/com.android.vending.billing.InAppBillingService.LOCK/files/LuckyPatcher/}
09-01 19:54:27.004 1695 1717 E cutils : Existing segment not a directory: /storage/8088-080F/Android
09-01 19:54:27.004 2452 2503 D VoldConnector: RCV <- {400 21 Command failed}
09-01 19:54:27.004 3761 3761 W ContextImpl: Failed to ensure /storage/8088-080F/Android/data/com.android.vending.billing.InAppBillingService.LOCK/files/LuckyPatcher: 400
09-01 19:54:27.007 2452 2586 D VoldConnector: SND -> {22 volume mkdirs /storage/C4281238281229C6/Android/data/com.android.vending.billing.InAppBillingService.LOCK/files/LuckyPatcher/}
09-01 19:54:27.023 1695 1717 E cutils : Existing segment not a directory: /storage/C4281238281229C6/Android
09-01 19:54:27.023 2452 2503 D VoldConnector: RCV <- {400 22 Command failed}
09-01 19:54:27.024 3761 3761 W ContextImpl: Failed to ensure /storage/C4281238281229C6/Android/data/com.android.vending.billing.InAppBillingService.LOCK/files/LuckyPatcher: 400
09-01 19:54:27.027 2452 3438 D VoldConnector: SND -> {23 volume mkdirs /storage/db62f128-afd9-401b-9d49-c38974aec5ff/Android/data/com.android.vending.billing.InAppBillingService.LOCK/files/LuckyPatcher/}
09-01 19:54:27.027 2452 2503 D VoldConnector: RCV <- {200 23 Command succeeded}
09-01 19:54:27.039 3761 3761 W System.err: java.io.FileNotFoundException: /data/app/com.android.vending.billing.InAppBillingService.LOCK-1/oat/x86/base.odex: open failed: ENOENT (No such file or directory)
09-01 19:54:27.039 3761 3761 W System.err: at libcore.io.IoBridge.open(IoBridge.java:452)
09-01 19:54:27.039 3761 3761 W System.err: at de.robv.android.xposed.XposedBridge.invokeOriginalMethodNative(Native Method)
09-01 19:54:27.039 3761 3761 W System.err: at de.robv.android.xposed.XposedBridge.handleHookedMethod(XposedBridge.java:334)
09-01 19:54:27.039 3761 3761 W System.err: at libcore.io.IoBridge.open()
09-01 19:54:27.039 3761 3761 W System.err: at java.io.FileInputStream.(FileInputStream.java:76)
09-01 19:54:27.039 3761 3761 W System.err: at com.chelpus.Utils.checkRuntimeFromCache(Utils.java:2295)
09-01 19:54:27.039 3761 3761 W System.err: at com.android.vending.billing.InAppBillingService.LOCK.listAppsFragment.init(listAppsFragment.java:671)
09-01 19:54:27.039 3761 3761 W System.err: at com.android.vending.billing.InAppBillingService.LOCK.BinderLuckyPatcher.onReceive(BinderLuckyPatcher.java:24)
09-01 19:54:27.039 3761 3761 W System.err: at android.app.ActivityThread.handleReceiver(ActivityThread.java:2725)
09-01 19:54:27.039 3761 3761 W System.err: at de.robv.android.xposed.XposedBridge.invokeOriginalMethodNative(Native Method)
09-01 19:54:27.039 3761 3761 W System.err: at de.robv.android.xposed.XposedBridge.handleHookedMethod(XposedBridge.java:334)
09-01 19:54:27.039 3761 3761 W System.err: at android.app.ActivityThread.handleReceiver()
09-01 19:54:27.039 3761 3761 W System.err: at android.app.ActivityThread.-wrap14(ActivityThread.java)
09-01 19:54:27.039 3761 3761 W System.err: at android.app.ActivityThread$H.handleMessage(ActivityThread.java:1421)
09-01 19:54:27.039 3761 3761 W System.err: at android.os.Handler.dispatchMessage(Handler.java:102)
09-01 19:54:27.039 3761 3761 W System.err: at android.os.Looper.loop(Looper.java:148)
09-01 19:54:27.039 3761 3761 W System.err: at android.app.ActivityThread.main(ActivityThread.java:5415)
09-01 19:54:27.039 3761 3761 W System.err: at java.lang.reflect.Method.invoke(Native Method)
09-01 19:54:27.039 3761 3761 W System.err: at com.android.internal.os.ZygoteInit$MethodAndArgsCaller.run(ZygoteInit.java:744)
09-01 19:54:27.039 3761 3761 W System.err: at com.android.internal.os.ZygoteInit.main(ZygoteInit.java:634)
09-01 19:54:27.039 3761 3761 W System.err: at de.robv.android.xposed.XposedBridge.main(XposedBridge.java:102)
09-01 19:54:27.039 3761 3761 W System.err: Caused by: android.system.ErrnoException: open failed: ENOENT (No such file or directory)
09-01 19:54:27.040 3761 3761 W System.err: at libcore.io.Posix.open(Native Method)
09-01 19:54:27.040 3761 3761 W System.err: at libcore.io.BlockGuardOs.open(BlockGuardOs.java:186)
09-01 19:54:27.040 3761 3761 W System.err: at libcore.io.IoBridge.open(IoBridge.java:438)
09-01 19:54:27.040 3761 3761 W System.err: ... 20 more
09-01 19:54:27.040 3761 3761 I System.out: Runtime:UNKNOWN
09-01 19:54:27.048 3761 3761 I System.out: create bill+skip:false
09-01 19:54:27.054 3419 3419 D MediaScannerReceiver: action: android.intent.action.MEDIA_MOUNTED path: /storage/A4AE40E7AE40B398
09-01 19:54:27.055 2452 2946 W ActivityManager: Unable to start service Intent { cmp=com.android.providers.media/.MediaScannerService (has extras) } U=0: not found
09-01 19:54:27.057 3761 3761 I System.out: Connect from patch.
09-01 19:54:27.058 3761 3761 I System.out: LuckyPatcher Intent: Intent { act=android.intent.action.MEDIA_MOUNTED dat=file:///storage/A4AE40E7AE40B398 flg=0x4000010 cmp=com.android.vending.billing.InAppBillingService.LOCK/.BinderLuckyPatcher (has extras) }
09-01 19:54:27.067 3419 3419 D MediaScannerReceiver: action: android.intent.action.MEDIA_MOUNTED path: /storage/8088-080F
09-01 19:54:27.068 2452 2463 W ActivityManager: Unable to start service Intent { cmp=com.android.providers.media/.MediaScannerService (has extras) } U=0: not found
09-01 19:54:27.070 3761 3761 I System.out: LuckyPatcher Intent: Intent { act=android.intent.action.MEDIA_MOUNTED dat=file:///storage/8088-080F flg=0x4000010 cmp=com.android.vending.billing.InAppBillingService.LOCK/.BinderLuckyPatcher (has extras) }
09-01 19:54:27.076 2452 3438 D VoldConnector: SND -> {24 volume mkdirs /storage/9E35-2475/Android/data/com.lonelycatgames.Xplore/files/}
09-01 19:54:27.076 1695 1717 E cutils : Existing segment not a directory: /storage/9E35-2475/Android
09-01 19:54:27.077 2452 2503 D VoldConnector: RCV <- {400 24 Command failed}
09-01 19:54:27.077 3718 3718 W ContextImpl: Failed to ensure /storage/9E35-2475/Android/data/com.lonelycatgames.Xplore/files: 400
09-01 19:54:27.079 3419 3419 D MediaScannerReceiver: action: android.intent.action.MEDIA_MOUNTED path: /storage/emulated/0
09-01 19:54:27.080 2452 3105 W ActivityManager: Unable to start service Intent { cmp=com.android.providers.media/.MediaScannerService (has extras) } U=0: not found
09-01 19:54:27.082 3761 3761 I System.out: LuckyPatcher Intent: Intent { act=android.intent.action.MEDIA_MOUNTED dat=file:///storage/emulated/0 flg=0x4000010 cmp=com.android.vending.billing.InAppBillingService.LOCK/.BinderLuckyPatcher (has extras) }
09-01 19:54:27.082 2452 3104 D VoldConnector: SND -> {25 volume mkdirs /storage/ad6d9604-20c4-4814-9b04-00ad27fd8256/Android/data/com.lonelycatgames.Xplore/files/}
09-01 19:54:27.084 2452 2503 D VoldConnector: RCV <- {200 25 Command succeeded}
09-01 19:54:27.088 2452 2587 D VoldConnector: SND -> {26 volume mkdirs /storage/8088-080F/Android/data/com.lonelycatgames.Xplore/files/}
09-01 19:54:27.088 1695 1717 E cutils : Existing segment not a directory: /storage/8088-080F/Android
09-01 19:54:27.089 2452 2503 D VoldConnector: RCV <- {400 26 Command failed}
09-01 19:54:27.089 3718 3718 W ContextImpl: Failed to ensure /storage/8088-080F/Android/data/com.lonelycatgames.Xplore/files: 400
09-01 19:54:27.089 2633 2633 D ExternalStorage: After updating volumes, found 5 active roots
09-01 19:54:27.092 2452 3241 D VoldConnector: SND -> {27 volume mkdirs /storage/C4281238281229C6/Android/data/com.lonelycatgames.Xplore/files/}
09-01 19:54:27.092 1695 1717 E cutils : Existing segment not a directory: /storage/C4281238281229C6/Android
09-01 19:54:27.092 2452 2503 D VoldConnector: RCV <- {400 27 Command failed}
09-01 19:54:27.093 3718 3718 W ContextImpl: Failed to ensure /storage/C4281238281229C6/Android/data/com.lonelycatgames.Xplore/files: 400
09-01 19:54:27.096 2452 2946 D VoldConnector: SND -> {28 volume mkdirs /storage/db62f128-afd9-401b-9d49-c38974aec5ff/Android/data/com.lonelycatgames.Xplore/files/}
09-01 19:54:27.096 2452 2503 D VoldConnector: RCV <- {200 28 Command succeeded}
09-01 19:54:27.102 3419 3419 D MediaScannerReceiver: action: android.intent.action.MEDIA_MOUNTED path: /storage/C4281238281229C6
09-01 19:54:27.103 2452 3241 W ActivityManager: Unable to start service Intent { cmp=com.android.providers.media/.MediaScannerService (has extras) } U=0: not found
09-01 19:54:27.105 3761 3761 I System.out: LuckyPatcher Intent: Intent { act=android.intent.action.MEDIA_MOUNTED dat=file:///storage/C4281238281229C6 flg=0x4000010 cmp=com.android.vending.billing.InAppBillingService.LOCK/.BinderLuckyPatcher (has extras) }
09-01 19:54:27.111 2633 2633 D ExternalStorage: After updating volumes, found 5 active roots
09-01 19:54:27.116 2633 2633 D ExternalStorage: After updating volumes, found 5 active roots
09-01 19:54:27.120 2633 2633 D ExternalStorage: After updating volumes, found 5 active roots
09-01 19:54:27.142 2452 3438 I ActivityManager: Start proc 3793:com.android.settings/1000 for broadcast com.android.settings/.sim.SimSelectNotification
09-01 19:54:27.173 3793 3793 I chatty : uid=1000(system) expire 7 lines
09-01 19:54:27.217 3718 3718 I LCG : No pref for HiddenFiles
09-01 19:54:27.231 2452 3241 D VoldConnector: SND -> {29 volume mkdirs /storage/9E35-2475/Android/data/com.lonelycatgames.Xplore/cache/}
09-01 19:54:27.232 1695 1717 E cutils : Existing segment not a directory: /storage/9E35-2475/Android
09-01 19:54:27.232 2452 2503 D VoldConnector: RCV <- {400 29 Command failed}
09-01 19:54:27.232 3718 3718 W ContextImpl: Failed to ensure /storage/9E35-2475/Android/data/com.lonelycatgames.Xplore/cache: 400
09-01 19:54:27.235 2452 2464 D VoldConnector: SND -> {30 volume mkdirs /storage/ad6d9604-20c4-4814-9b04-00ad27fd8256/Android/data/com.lonelycatgames.Xplore/cache/}
09-01 19:54:27.235 2452 2503 D VoldConnector: RCV <- {200 30 Command succeeded}
09-01 19:54:27.238 2452 2586 D VoldConnector: SND -> {31 volume mkdirs /storage/8088-080F/Android/data/com.lonelycatgames.Xplore/cache/}
09-01 19:54:27.238 1695 1717 E cutils : Existing segment not a directory: /storage/8088-080F/Android
09-01 19:54:27.238 2452 2503 D VoldConnector: RCV <- {400 31 Command failed}
09-01 19:54:27.239 3718 3718 W ContextImpl: Failed to ensure /storage/8088-080F/Android/data/com.lonelycatgames.Xplore/cache: 400
09-01 19:54:27.242 2452 2587 D VoldConnector: SND -> {32 volume mkdirs /storage/C4281238281229C6/Android/data/com.lonelycatgames.Xplore/cache/}
09-01 19:54:27.243 1695 1717 E cutils : Existing segment not a directory: /storage/C4281238281229C6/Android
09-01 19:54:27.243 2452 2503 D VoldConnector: RCV <- {400 32 Command failed}
09-01 19:54:27.243 3718 3718 W ContextImpl: Failed to ensure /storage/C4281238281229C6/Android/data/com.lonelycatgames.Xplore/cache: 400
09-01 19:54:27.246 2452 3438 D VoldConnector: SND -> {33 volume mkdirs /storage/db62f128-afd9-401b-9d49-c38974aec5ff/Android/data/com.lonelycatgames.Xplore/cache/}
09-01 19:54:27.246 2452 2503 D VoldConnector: RCV <- {200 33 Command succeeded}
09-01 19:54:27.425 3718 3718 I GAv4 : Google Analytics 9.0.80 is starting up. To enable debug logging on a device run:
09-01 19:54:27.425 3718 3718 I GAv4 : adb shell setprop log.tag.GAv4 DEBUG
09-01 19:54:27.425 3718 3718 I GAv4 : adb logcat -s GAv4
09-01 19:54:27.443 3718 3815 W GAv4 : AnalyticsReceiver is not registered or is disabled. Register the receiver for reliable dispatching on non-Google Play devices. See http://goo.gl/8Rd3yj for instructions.
09-01 19:54:27.448 3718 3718 W GAv4 : Discarding hit. Missing tracking id parameter: ev=0,a=328374774,ea=Install source,t=event,ec=Usage,el=
09-01 19:54:27.450 3718 3815 W GAv4 : CampaignTrackingReceiver is not registered, not exported or is disabled. Installation campaign tracking is not possible. See http://goo.gl/8Rd3yj for instructions.
09-01 19:54:27.453 3718 3815 W GAv4 : AnalyticsService not registered in the app manifest. Hits might not be delivered reliably. See http://goo.gl/8Rd3yj for instructions.
09-01 19:54:27.561 3718 3718 I LCG : X-plore start
09-01 19:54:27.591 2452 3438 I ActivityManager: Start proc 3823:com.luconisimone.easyrebootmd/u0a149 for broadcast com.luconisimone.easyrebootmd/.widgetactivity
09-01 19:54:27.594 3823 3823 D houdini : [3823] Initialize library(version: 6.1.1a_x.48413 RELEASE)... successfully.
09-01 19:54:27.619 3823 3823 W System : ClassLoader referenced unknown path: /data/app/com.luconisimone.easyrebootmd-2/lib/x86
09-01 19:54:27.621 3823 3823 W XPrivacy: Hooking package=com.luconisimone.easyrebootmd
09-01 19:54:27.647 3823 3823 I Xposed : XHFW3 load package com.luconisimone.easyrebootmd
09-01 19:54:27.786 2851 3175 D LogHelper: Google Analytics log entry: {&t=appview, &cd3=x86, &cd1=userdebug, &cd5=6.0.1-eng.cwhuang.20160815.215954, &an=com.lonelycatgames.Xplore, &cd=com.lonelycatgames.Xplore.Browser, &cd4=ONDA Tablet, &cd13=240, &cd12=1920 * 1200 60Hz}
09-01 19:54:27.810 3718 3855 D OpenGLRenderer: Use EGL_SWAP_BEHAVIOR_PRESERVED: true
09-01 19:54:27.822 3718 3718 I GRALLOC-DRM: create intel for driver i915
09-01 19:54:27.834 3761 3774 D BillingHack: isBillingSupported
09-01 19:54:27.841 3761 3772 D BillingHack: getPurchases
09-01 19:54:27.943 2452 2586 I chatty : uid=1000(system) Binder_3 expire 6 lines
09-01 19:54:27.946 3718 3855 I EGL-DRI2: found extension DRI_Core version 1
09-01 19:54:27.946 3718 3855 I EGL-DRI2: found extension DRI_DRI2 version 4
09-01 19:54:27.959 3447 3562 I GAV2 : Thread[GAThread,5,main]: No campaign data found.
09-01 19:54:27.977 3718 3855 I EGL-DRI2: found extension DRI_TexBuffer version 3
09-01 19:54:27.977 3718 3855 I EGL-DRI2: found extension DRI2_Flush version 4
09-01 19:54:27.977 3718 3855 I EGL-DRI2: found extension DRI_IMAGE version 11
09-01 19:54:27.977 3718 3855 I OpenGLRenderer: Initialized EGL, version 1.4
09-01 19:54:27.977 3718 3855 W OpenGLRenderer: Failed to choose config with EGL_SWAP_BEHAVIOR_PRESERVED, retrying without...
09-01 19:54:28.041 2857 2857 W TelecomManager: Telecom Service not found.
09-01 19:54:28.046 2857 3875 D SIP : [SipSharedPreferences] isReceivingCallsEnabled, option not set; use default value, exception: android.provider.Settings$SettingNotFoundException: sip_receive_calls
09-01 19:54:28.063 2452 2535 I chatty : uid=1000(system) PreventService expire 3 lines
09-01 19:54:28.096 2452 3876 I ActivityManager: Start proc 3879:com.android.keychain/1000 for service com.android.keychain/.KeyChainService
09-01 19:54:28.173 3879 3879 I chatty : uid=1000(system) expire 3 lines
09-01 19:54:28.203 2452 3896 I chatty : uid=1000 system_server expire 1 line
09-01 19:54:28.214 2452 3896 I BootReceiver: Copying audit failures to DropBox
09-01 19:54:28.214 2452 3896 I BootReceiver: Checking for fsck errors
09-01 19:54:28.224 2452 3896 I BootReceiver: Copying /data/tombstones/tombstone_00 to DropBox (SYSTEM_TOMBSTONE)
09-01 19:54:28.257 2452 2888 I ActivityManager: Start proc 3903:eu.chainfire.supersu/u0a166 for broadcast eu.chainfire.supersu/.BootCompleteReceiver
09-01 19:54:28.270 3903 3903 D houdini : [3903] Initialize library(version: 6.1.1a_x.48413 RELEASE)... successfully.
09-01 19:54:28.340 3903 3903 W System : ClassLoader referenced unknown path: /data/app/eu.chainfire.supersu-2/lib/x86
09-01 19:54:28.342 3903 3903 W XPrivacy: Hooking package=eu.chainfire.supersu
09-01 19:54:28.382 3903 3903 I Xposed : XHFW3 load package eu.chainfire.supersu
09-01 19:54:28.400 2452 2487 I chatty : uid=1000(system) android.display expire 4 lines
09-01 19:54:28.678 3870 3870 D AndroidRuntime: >>>>>> START com.android.internal.os.RuntimeInit uid 0 <<<<<<
09-01 19:54:28.691 3870 3870 D AndroidRuntime: CheckJNI is OFF
09-01 19:54:28.740 3870 3870 D ICU : No timezone override file found: /data/misc/zoneinfo/current/icu/icu_tzdata.dat
09-01 19:54:28.770 3870 3870 W : Failed to bind-mount /system/lib/x86/cpuinfo as /proc/cpuinfo: No such file or directory
09-01 19:54:28.770 3870 3870 W : Cannot create code cache directory ./code_cache: Read-only file system.
09-01 19:54:28.804 3870 3870 E memtrack: Couldn't load memtrack module (No such file or directory)
09-01 19:54:28.804 3870 3870 E android.os.Debug: failed to load memtrack module: -2
09-01 19:54:28.807 3870 3870 I Radio-JNI: register_android_hardware_Radio DONE
09-01 19:54:28.844 3870 3870 D AndroidRuntime: Calling main entry com.android.commands.am.Am
09-01 19:54:28.859 2562 2562 D PhoneStatusBar: disable: < expand icons* alerts system_info* back home recent clock search quick_settings
> 09-01 19:54:28.900 2452 2946 I chatty : uid=1000(system) Binder_6 expire 8 lines
09-01 19:54:28.921 3903 3942 D SuperSU][APK: [SuperSU][APK][Installer] detect(277)
09-01 19:54:28.952 2452 2452 I ActivityManager: Start proc 3945:com.schiztech.swapps/u0a99 for broadcast com.schiztech.swapps/.ServiceStarter
09-01 19:54:28.985 3945 3945 D houdini : [3945] Initialize library(version: 6.1.1a_x.48413 RELEASE)... successfully.
09-01 19:54:29.025 3945 3945 W System : ClassLoader referenced unknown path: /data/app/com.schiztech.swapps-2/lib/x86
09-01 19:54:29.029 3945 3945 W XPrivacy: Hooking package=com.schiztech.swapps
09-01 19:54:29.056 3945 3945 I Xposed : XHFW3 load package com.schiztech.swapps
09-01 19:54:29.196 3903 3942 D SuperSU][APK: [SuperSU][APK][Installer] su --> 277
09-01 19:54:29.286 3903 3942 D SuperSU][APK: [SuperSU][APK][Installer] su daemon --> 277
09-01 19:54:29.286 3903 3942 D SuperSU][APK: [SuperSU][APK][Installer] sugote --> -3 / -3 / 0
09-01 19:54:29.365 2851 3175 D LogHelper: Google Analytics log entry: {&ec=power, &t=event, &cd3=x86, &cd1=userdebug, &ev=68, &cd5=6.0.1-eng.cwhuang.20160815.215954, &ea=boot_completed, &el=null, &cd4=ONDA Tablet, &cd13=240, &cd12=1920 * 1200 60Hz}
09-01 19:54:29.365 3903 3942 D SuperSU][APK: [SuperSU][APK][Installer] supolicy --> 277
09-01 19:54:29.394 2452 2463 I ActivityManager: Start proc 3991:com.google.android.configupdater/u0a135 for broadcast com.google.android.configupdater/.CertPin.CertPinUpdateRequestReceiver
09-01 19:54:29.394 3991 3991 D houdini : [3991] Initialize library(version: 6.1.1a_x.48413 RELEASE)... successfully.
09-01 19:54:29.416 3945 4006 D OpenGLRenderer: Use EGL_SWAP_BEHAVIOR_PRESERVED: true
09-01 19:54:29.418 3903 3942 D SuperSU][APK: [SuperSU][APK][Installer] sukernel --> 277
09-01 19:54:29.419 3991 3991 W System : ClassLoader referenced unknown path: /system/priv-app/ConfigUpdater/lib/x86
09-01 19:54:29.421 3945 3945 I GRALLOC-DRM: create intel for driver i915
09-01 19:54:29.422 3991 3991 W XPrivacy: Hooking package=com.google.android.configupdater
09-01 19:54:29.434 3903 3942 D SuperSU][APK: [SuperSU][APK][Installer] su old --> -2
09-01 19:54:29.434 3903 3942 D SuperSU][APK: [SuperSU][APK][Installer] app_process --> 0
09-01 19:54:29.456 3991 3991 I Xposed : XHFW3 load package com.google.android.configupdater
09-01 19:54:29.484 3903 3942 D SuperSU][APK: [SuperSU][APK][Installer] sdk == 23
09-01 19:54:29.484 3903 3942 D SuperSU][APK: [SuperSU][APK][Installer] su_bin_only == 1
09-01 19:54:29.484 3903 3942 D SuperSU][APK: [SuperSU][APK][Installer] xbin_only == 0
09-01 19:54:29.484 3903 3942 D SuperSU][APK: [SuperSU][APK][Installer] selinux_enforcing == 0
09-01 19:54:29.484 3903 3942 D SuperSU][APK: [SuperSU][APK][Installer] is_daemon_mode == 1
09-01 19:54:29.484 3903 3942 D SuperSU][APK: [SuperSU][APK][Installer] is_sugote_needed == 0
09-01 19:54:29.484 3903 3942 D SuperSU][APK: [SuperSU][APK][Installer] is_supolicy_needed == 1
09-01 19:54:29.484 3903 3942 D SuperSU][APK: [SuperSU][APK][Installer] context_toolbox == u:object_r:system_file:s0
09-01 19:54:29.484 3903 3942 D SuperSU][APK: [SuperSU][APK][Installer] want_install == 0
09-01 19:54:29.484 3903 3942 D SuperSU][APK: [SuperSU][APK][Installer] want_backup == 0
09-01 19:54:29.484 3903 3942 D SuperSU][APK: [SuperSU][APK][Installer] want_daemon == 0
09-01 19:54:29.484 3903 3942 D SuperSU][APK: [SuperSU][APK][Installer] want_sugote == 0
09-01 19:54:29.485 3903 3942 D SuperSU][APK: [SuperSU][APK][Installer] want_supolicy == 0
09-01 19:54:29.485 3903 3942 D SuperSU][APK: [SuperSU][APK][Installer] want_sukernel == 0
09-01 19:54:29.485 3903 3942 D SuperSU][APK: [SuperSU][APK][Installer] want_app_process == 0
09-01 19:54:29.485 3903 3942 D SuperSU][APK: [SuperSU][APK][Installer] have_recovery_context == 0
09-01 19:54:29.485 3903 3942 D SuperSU][APK: [SuperSU][APK][Installer] wantInstall() == 0
09-01 19:54:29.485 3903 3942 D SuperSU][APK: [SuperSU][APK][Installer] canInstall() == 1
09-01 19:54:29.506 3945 4006 I EGL-DRI2: found extension DRI_Core version 1
09-01 19:54:29.506 3945 4006 I EGL-DRI2: found extension DRI_DRI2 version 4
09-01 19:54:29.525 3945 4006 I EGL-DRI2: found extension DRI_TexBuffer version 3
09-01 19:54:29.525 3945 4006 I EGL-DRI2: found extension DRI2_Flush version 4
09-01 19:54:29.525 3945 4006 I EGL-DRI2: found extension DRI_IMAGE version 11
09-01 19:54:29.526 3945 4006 I OpenGLRenderer: Initialized EGL, version 1.4
09-01 19:54:29.526 3945 4006 W OpenGLRenderer: Failed to choose config with EGL_SWAP_BEHAVIOR_PRESERVED, retrying without...
09-01 19:54:29.535 2452 3026 I ActivityManager: Killing 2790:daylemk.xposed.xbridge/u0a90 (adj 15): empty #17
09-01 19:54:29.693 3945 4004 D SIAPv3 : HI!!!! 72
09-01 19:54:29.750 3945 4004 W System.err: android.content.pm.PackageManager$NameNotFoundException: ComponentInfo{eu.chainfire.stickmount/eu.chainfire.stickmount.StickMountActivity}
09-01 19:54:29.751 3945 4004 W System.err: at android.app.ApplicationPackageManager.getActivityInfo(ApplicationPackageManager.java:342)
09-01 19:54:29.751 3945 4004 W System.err: at com.schiztech.swapps.SwappsView.a(SourceFile:545)
09-01 19:54:29.751 3945 4004 W System.err: at com.schiztech.swapps.SwappsView.a(SourceFile:464)
09-01 19:54:29.751 3945 4004 W System.err: at com.schiztech.swapps.SwappsView.a(SourceFile:458)
09-01 19:54:29.751 3945 4004 W System.err: at com.schiztech.swapps.ap.a(SourceFile:759)
09-01 19:54:29.751 3945 4004 W System.err: at com.schiztech.swapps.ap.doInBackground(SourceFile:1)
09-01 19:54:29.751 3945 4004 W System.err: at android.os.AsyncTask$2.call(AsyncTask.java:295)
09-01 19:54:29.751 3945 4004 W System.err: at java.util.concurrent.FutureTask.run(FutureTask.java:237)
09-01 19:54:29.751 3945 4004 W System.err: at android.os.AsyncTask$SerialExecutor$1.run(AsyncTask.java:234)
09-01 19:54:29.751 3945 4004 W System.err: at java.util.concurrent.ThreadPoolExecutor.runWorker(ThreadPoolExecutor.java:1113)
09-01 19:54:29.751 3945 4004 W System.err: at java.util.concurrent.ThreadPoolExecutor$Worker.run(ThreadPoolExecutor.java:588)
09-01 19:54:29.751 3945 4004 W System.err: at java.lang.Thread.run(Thread.java:818)
09-01 19:54:29.823 3991 3991 E ConfigUpdater: ignoring update request
09-01 19:54:29.828 3991 3991 E ConfigUpdater: ignoring update request
09-01 19:54:29.834 3991 3991 E ConfigUpdater: ignoring update request
09-01 19:54:29.839 3991 3991 E ConfigUpdater: ignoring update request
09-01 19:54:29.844 3991 3991 E ConfigUpdater: ignoring update request
09-01 19:54:29.849 3991 3991 E ConfigUpdater: ignoring update request
09-01 19:54:29.860 3991 3991 E ConfigUpdater: ignoring update request
09-01 19:54:29.874 2452 3603 I ActivityManager: Killing 3331:com.android.exchange/u0a40 (adj 15): empty #17
09-01 19:54:29.986 2764 2764 D PersistentNotificationChimeraBroadcastReceiver: Received intent: Intent { act=android.intent.action.BOOT_COMPLETED flg=0x8000010 cmp=com.google.android.gms/.auth.setup.notification.PersistentNotificationBroadcastReceiver (has extras) }
09-01 19:54:30.013 3466 4037 D FileApkUtils: Optimizing (staging complete)
09-01 19:54:30.013 3466 4037 D FileApkUtils: Optimizing: DynamiteModulesC_GmsCore_prodmnc_alldpi_release.apk [6aa16a444a0a1293d985c66a738173cb6a6e7f5b60c7cbdb9ccaa595809bfa03]
09-01 19:54:30.023 3466 4037 D DexOptUtils: Module /data/user/0/com.google.android.gms/app_chimera/m/00000002/DynamiteModulesC_GmsCore_prodmnc_alldpi_release.apk is already optimized. Bailing.
09-01 19:54:30.023 3466 4037 D FileApkUtils: Optimizing: DynamiteModulesB_GmsCore_prodmnc_alldpi_release.apk [8627a1acac4e700ff2dbb5c6826f519e8139ed6a430b2e924292bbc349aab082]
09-01 19:54:30.028 3466 4037 D DexOptUtils: Module /data/user/0/com.google.android.gms/app_chimera/m/00000001/DynamiteModulesB_GmsCore_prodmnc_alldpi_release.apk is already optimized. Bailing.
09-01 19:54:30.028 3466 4037 D FileApkUtils: Optimizing: DynamiteModulesA_GmsCore_prodmnc_alldpi_release.apk [b045067d0eb88bc0b4392861e26721228ba5d7695b000b667bddb56762850bf7]
09-01 19:54:30.029 3466 4037 D DexOptUtils: Module /data/user/0/com.google.android.gms/app_chimera/m/00000000/DynamiteModulesA_GmsCore_prodmnc_alldpi_release.apk is already optimized. Bailing.
09-01 19:54:30.035 3466 4039 W InstanceID/Rpc: Found 10016
09-01 19:54:30.056 3466 4037 D GmsModuleFndr: Beginning GMS chimera module scan
09-01 19:54:30.060 3466 4037 D GmsModuleFndr: Module pkg com.google.android.gms.policy_auth not installed, skipping
09-01 19:54:30.064 3466 4037 D GmsModuleFndr: Module pkg com.google.android.apps.kids.familylink not installed, skipping
09-01 19:54:30.066 3466 4037 D GmsModuleFndr: Module pkg com.google.android.projection.gearhead not installed, skipping
09-01 19:54:30.067 3466 4037 D GmsModuleFndr: Module pkg com.google.android.gms.setup not installed, skipping
09-01 19:54:30.069 3466 4037 D GmsModuleFndr: Module pkg com.google.android.play.games not installed, skipping
09-01 19:54:30.071 3466 4037 D ChimeraCfgMgr: Beginning module configuration check
09-01 19:54:30.084 3466 4037 D ChimeraCfgMgr: Module APKs unchanged, check complete
09-01 19:54:30.116 2452 3603 I ActivityManager: Start proc 4043:com.google.android.onetimeinitializer/u0a20 for broadcast com.google.android.onetimeinitializer/.OneTimeInitializerReceiver
09-01 19:54:30.122 4043 4043 D houdini : [4043] Initialize library(version: 6.1.1a_x.48413 RELEASE)... successfully.
09-01 19:54:30.157 4043 4043 W System : ClassLoader referenced unknown path: /system/priv-app/GoogleOneTimeInitializer/lib/x86
09-01 19:54:30.160 4043 4043 W XPrivacy: Hooking package=com.google.android.onetimeinitializer
09-01 19:54:30.191 4043 4043 I Xposed : XHFW3 load package com.google.android.onetimeinitializer
09-01 19:54:30.505 4043 4043 V OneTimeInitializerReceiver: OneTimeInitializerReceiver.onReceive
09-01 19:54:30.516 4043 4066 V OneTimeService: OneTimeService.onHandleIntent
09-01 19:54:30.525 4043 4066 V OneTimeService: Already run, doing nothing.
09-01 19:54:30.571 3396 4070 W XPrivacy/XBinder: Unmarked descriptor=android.app.IActivityManager found=true code=46 uid=10021
09-01 19:54:30.583 3396 4070 W XPrivacy/XBinder: dalvik.system.VMStack.getThreadStackTrace(Native Method) [java.lang.BootClassLoader@f85debe]
09-01 19:54:30.583 3396 4070 W XPrivacy/XBinder: java.lang.Thread.getStackTrace(Thread.java:580) [java.lang.BootClassLoader@f85debe]
09-01 19:54:30.583 3396 4070 W XPrivacy/XBinder: biz.bokhorst.xprivacy.fy.a(SourceFile)
09-01 19:54:30.583 3396 4070 W XPrivacy/XBinder: biz.bokhorst.xprivacy.XBinder.d(SourceFile)
09-01 19:54:30.583 3396 4070 W XPrivacy/XBinder: biz.bokhorst.xprivacy.XBinder.a(SourceFile)
09-01 19:54:30.583 3396 4070 W XPrivacy/XBinder: biz.bokhorst.xprivacy.XPrivacy$XMethodHook.beforeHookedMethod(SourceFile)
09-01 19:54:30.583 3396 4070 W XPrivacy/XBinder: de.robv.android.xposed.XposedBridge.handleHookedMethod(XposedBridge.java:314)
09-01 19:54:30.583 3396 4070 W XPrivacy/XBinder: android.os.BinderProxy.transact() [java.lang.BootClassLoader@f85debe]
09-01 19:54:30.583 3396 4070 W XPrivacy/XBinder: android.app.ActivityManagerProxy.getConfiguration(ActivityManagerNative.java:3923) [java.lang.BootClassLoader@f85debe]
09-01 19:54:30.583 3396 4070 W XPrivacy/XBinder: com.google.android.partnersetup.MccFallback.setFallbackMcc(MccFallback.java:53) [dalvik.system.PathClassLoader[DexPathList[[zip file "/system/priv-app/GooglePartnerSetup/GooglePartnerSetup.apk"],nativeLibraryDirectories=[/system/priv-app/GooglePartnerSetup/lib/x86, /vendor/lib, /system/lib]]]]
09-01 19:54:30.583 3396 4070 W XPrivacy/XBinder: com.google.android.partnersetup.MccFallbackService.onHandleIntent(MccFallbackService.java:49) [dalvik.system.PathClassLoader[DexPathList[[zip file "/system/priv-app/GooglePartnerSetup/GooglePartnerSetup.apk"],nativeLibraryDirectories=[/system/priv-app/GooglePartnerSetup/lib/x86, /vendor/lib, /system/lib]]]]
09-01 19:54:30.583 3396 4070 W XPrivacy/XBinder: android.app.IntentService$ServiceHandler.handleMessage(IntentService.java:66) [java.lang.BootClassLoader@f85debe]
09-01 19:54:30.583 3396 4070 W XPrivacy/XBinder: android.os.Handler.dispatchMessage(Handler.java:102) [java.lang.BootClassLoader@f85debe]
09-01 19:54:30.583 3396 4070 W XPrivacy/XBinder: android.os.Looper.loop(Looper.java:148) [java.lang.BootClassLoader@f85debe]
09-01 19:54:30.583 3396 4070 W XPrivacy/XBinder: android.os.HandlerThread.run(HandlerThread.java:61) [java.lang.BootClassLoader@f85debe]
09-01 19:54:30.603 2452 2586 I ActivityManager: Start proc 4075:org.android_x86.hardwarecollector/u0a193 for broadcast org.android_x86.hardwarecollector/.BootCompletedReceiver
09-01 19:54:30.628 4075 4075 D houdini : [4075] Initialize library(version: 6.1.1a_x.48413 RELEASE)... successfully.
09-01 19:54:30.688 3396 4073 I RlzPingService: Setting next ping for 1473236198991
09-01 19:54:30.732 4075 4075 W System : ClassLoader referenced unknown path: /system/priv-app/HardwareCollector/lib/x86
09-01 19:54:30.739 4075 4075 W XPrivacy: Hooking package=org.android_x86.hardwarecollector
09-01 19:54:30.823 4075 4075 I Xposed : XHFW3 load package org.android_x86.hardwarecollector
09-01 19:54:30.871 2452 3104 I ActivityManager: Killing 3211:com.android.vending/u0a30 (adj 15): empty #17
09-01 19:54:31.166 4075 4098 I HardwareCollectorService: handle intent:Intent { act=android.intent.action.BOOT_COMPLETED cmp=org.android_x86.hardwarecollector/.HardwareCollectorService }
09-01 19:54:31.170 4075 4098 I GRALLOC-DRM: create intel for driver i915
09-01 19:54:31.173 4075 4098 I EGL-DRI2: found extension DRI_Core version 1
09-01 19:54:31.173 4075 4098 I EGL-DRI2: found extension DRI_DRI2 version 4
09-01 19:54:31.189 2452 2946 I ActivityManager: Start proc 4099:com.android.launcher3/u0a160 for broadcast com.android.launcher3/.StartupReceiver
09-01 19:54:31.200 4099 4099 D houdini : [4099] Initialize library(version: 6.1.1a_x.48413 RELEASE)... successfully.
09-01 19:54:31.201 4075 4098 I EGL-DRI2: found extension DRI_TexBuffer version 3
09-01 19:54:31.201 4075 4098 I EGL-DRI2: found extension DRI2_Flush version 4
09-01 19:54:31.201 4075 4098 I EGL-DRI2: found extension DRI_IMAGE version 11
09-01 19:54:31.256 4075 4098 D AnalyticsHelper: send CustomEvent {Category: system:hardware_info Action: has_battery Package: org.android_x86.hardwarecollector Label: battery Value: null Sampling: true}
09-01 19:54:31.265 2851 3175 D LogHelper: Google Analytics log entry: {&t=event, &cd3=x86, &cd1=userdebug, &ev=null, &cd4=ONDA Tablet, &cd13=240, &ec=system:hardware_info, &cd5=6.0.1-eng.cwhuang.20160815.215954, &ea=has_battery, &el=battery, &an=org.android_x86.hardwarecollector, &cd12=1920 * 1200 60Hz}
09-01 19:54:31.267 4099 4099 W System : ClassLoader referenced unknown path: /system/priv-app/Launcher3/lib/x86
09-01 19:54:31.271 4099 4099 W XPrivacy: Hooking package=com.android.launcher3
09-01 19:54:31.274 2452 3104 I ActivityManager: Killing 3556:com.chrome.dev/u0a130 (adj 15): empty #17
09-01 19:54:31.342 4099 4099 I Xposed : XHFW3 load package com.android.launcher3
