09-01 19:54:46.032 2452 3105 D DeepHyber: Allow content request from privileged uid 10003: com.dolphin.browser.android.jp/mobi.mgeek.TunnyBrowser.BrowserProvider
09-01 19:54:46.032 2452 3105 D DeepHyber: Allow content request from privileged uid 10003: com.dolphin.browser.android.jp/com.dolphin.browser.provider.DolphinDataProvider
09-01 19:54:46.032 2452 3105 D DeepHyber: Allow content request from privileged uid 10003: com.dolphin.browser.android.jp/com.dolphin.browser.provider.FileContentProvider
09-01 19:54:46.032 2452 3105 D DeepHyber: Allow content request from privileged uid 10003: com.dolphin.browser.android.jp/com.dolphin.browser.provider.BrowserProvider
09-01 19:54:46.032 2452 3105 D DeepHyber: Allow content request from privileged uid 10003: com.dolphin.browser.android.jp/com.dolphin.browser.voice.command.VoiceCommandProvider
09-01 19:54:46.032 2452 3105 D DeepHyber: Allow content request from privileged uid 10003: net.nurik.roman.dashclock/com.google.android.apps.dashclock.LogAttachmentProvider
09-01 19:54:46.033 2452 3105 D DeepHyber: Allow content request from privileged uid 10003: com.buak.Link2SD/com.buak.Link2SD.provider.FileProvider
09-01 19:54:46.035 3147 4960 E Parcel : Reading a NULL string not supported here.
09-01 19:54:46.036 2452 3105 D DeepHyber: Allow content request from privileged uid 10003: com.dvtonder.chronus/com.dvtonder.chronus.providers.NewsFeedContentProvider
09-01 19:54:46.036 2452 3105 D DeepHyber: Allow content request from privileged uid 10003: com.dvtonder.chronus/com.dvtonder.chronus.providers.WeatherContentProvider
09-01 19:54:46.036 2452 3105 D DeepHyber: Allow content request from privileged uid 10003: com.dvtonder.chronus/com.dvtonder.chronus.providers.TasksContentProvider
09-01 19:54:46.036 2452 3105 D DeepHyber: Allow content request from privileged uid 10003: com.dvtonder.chronus/com.dvtonder.chronus.providers.StocksContentProvider
09-01 19:54:46.036 2452 3105 D DeepHyber: Allow content request from privileged uid 10003: com.dvtonder.chronus/com.dvtonder.chronus.clock.worldclock.db.DbCityProvider
09-01 19:54:46.037 2452 3105 D DeepHyber: Allow content request from privileged uid 10003: com.microsoft.office.word/com.microsoft.office.clipboard.ClipContentProvider
09-01 19:54:46.037 2452 3105 D DeepHyber: Allow content request from privileged uid 10003: com.microsoft.office.word/com.microsoft.office.officehub.WordFileContentProvider
09-01 19:54:46.037 2452 3105 D DeepHyber: Allow content request from privileged uid 10003: com.microsoft.office.powerpoint/com.microsoft.office.clipboard.ClipContentProvider
09-01 19:54:46.037 2452 3105 D DeepHyber: Allow content request from privileged uid 10003: com.microsoft.office.powerpoint/com.microsoft.office.officehub.PowerPointFileContentProvider
09-01 19:54:46.039 2452 3105 D DeepHyber: Allow content request from privileged uid 10003: com.android.gallery3d/com.android.gallery3d.filtershow.provider.SharedImageProvider
09-01 19:54:46.039 2452 3105 D DeepHyber: Allow content request from privileged uid 10003: com.android.gallery3d/com.android.gallery3d.provider.GalleryProvider
09-01 19:54:46.039 2452 3105 D DeepHyber: Allow content request from privileged uid 10003: com.android.gallery3d/com.android.photos.data.PhotoProvider
09-01 19:54:46.040 3147 4960 E Parcel : Reading a NULL string not supported here.
09-01 19:54:46.042 2452 3105 D DeepHyber: Allow content request from privileged uid 10003: com.baidu.tieba/com.baidu.tbadk.core.sharedPref.MainSharedPrefProvider
09-01 19:54:46.042 2452 3105 D DeepHyber: Allow content request from privileged uid 10003: com.baidu.tieba/com.baidu.tbadk.plugins.XiaoyingProvider
09-01 19:54:46.042 2452 3105 D DeepHyber: Allow content request from privileged uid 10003: com.baidu.tieba/com.baidu.adp.plugin.proxy.ContentProviderProxy
09-01 19:54:46.043 2452 3105 D DeepHyber: Allow content request from privileged uid 10003: com.cyanogenmod.filemanager/com.cyanogenmod.filemanager.providers.RecentSearchesContentProvider
09-01 19:54:46.043 2452 3105 D DeepHyber: Allow content request from privileged uid 10003: com.cyanogenmod.filemanager/com.cyanogenmod.filemanager.providers.BookmarksContentProvider
09-01 19:54:46.043 2452 3105 D DeepHyber: Allow content request from privileged uid 10003: com.cyanogenmod.filemanager/com.cyanogenmod.filemanager.providers.SecureResourceProvider
09-01 19:54:46.043 2452 3105 D DeepHyber: Allow content request from privileged uid 10003: com.cyanogenmod.filemanager/com.cyanogenmod.filemanager.providers.MimeTypeIndexProvider
09-01 19:54:46.044 2452 3105 D DeepHyber: Allow content request from privileged uid 10003: com.android.inputmethod.latin/com.android.inputmethod.dictionarypack.DictionaryProvider
09-01 19:54:46.044 2452 3105 D DeepHyber: Allow content request from privileged uid 10003: com.mobilityflow.torrent.prof/android.support.v4.content.FileProvider
09-01 19:54:46.045 2452 3105 D DeepHyber: Allow content request from privileged uid 10003: com.mobilityflow.torrent.prof/com.google.firebase.provider.FirebaseInitProvider
09-01 19:54:46.045 2452 3105 D DeepHyber: Allow content request from privileged uid 10003: cn.wq.myandroidtools/com.google.firebase.provider.FirebaseInitProvider
09-01 19:54:46.046 2452 3105 D DeepHyber: Allow content request from privileged uid 10003: com.alibaba.mobileim/com.alibaba.mobileim.gingko.model.provider.WXContentProvider
09-01 19:54:46.046 2452 3105 D DeepHyber: Allow content request from privileged uid 10003: com.alibaba.mobileim/com.alibaba.mobileim.gingko.model.provider.WXLocalFileContentProvider
09-01 19:54:46.048 2452 3105 D DeepHyber: Allow content request from privileged uid 10003: org.mozilla.firefox_beta/org.mozilla.gecko.db.BrowserProvider
09-01 19:54:46.049 2452 3105 D DeepHyber: Allow content request from privileged uid 10003: org.mozilla.firefox_beta/org.mozilla.gecko.distribution.PartnerBookmarksProviderProxy
09-01 19:54:46.049 2452 3105 D DeepHyber: Allow content request from privileged uid 10003: org.mozilla.firefox_beta/org.mozilla.gecko.db.PasswordsProvider
09-01 19:54:46.049 2452 3105 D DeepHyber: Allow content request from privileged uid 10003: org.mozilla.firefox_beta/org.mozilla.gecko.db.LoginsProvider
09-01 19:54:46.049 2452 3105 D DeepHyber: Allow content request from privileged uid 10003: org.mozilla.firefox_beta/org.mozilla.gecko.db.FormHistoryProvider
09-01 19:54:46.049 2452 3105 D DeepHyber: Allow content request from privileged uid 10003: org.mozilla.firefox_beta/org.mozilla.gecko.GeckoProfilesProvider
09-01 19:54:46.049 2452 3105 D DeepHyber: Allow content request from privileged uid 10003: org.mozilla.firefox_beta/org.mozilla.gecko.db.TabsProvider
09-01 19:54:46.049 2452 3105 D DeepHyber: Allow content request from privileged uid 10003: org.mozilla.firefox_beta/org.mozilla.gecko.db.HomeProvider
09-01 19:54:46.049 2452 3105 D DeepHyber: Allow content request from privileged uid 10003: org.mozilla.firefox_beta/org.mozilla.gecko.db.SearchHistoryProvider
09-01 19:54:46.051 2452 3105 D DeepHyber: Allow content request from privileged uid 10003: com.alensw.PicFolder/com.cmcm.cloud.db.EngineDatabaseProvider
09-01 19:54:46.051 2452 3105 D DeepHyber: Allow content request from privileged uid 10003: com.alensw.PicFolder/com.cmcm.cloud.config.EngineConfigProvider
09-01 19:54:46.051 2452 3105 D DeepHyber: Allow content request from privileged uid 10003: com.alensw.PicFolder/com.alensw.PicFolder.FileProvider
09-01 19:54:46.051 2452 3105 D DeepHyber: Allow content request from privileged uid 10003: com.alensw.PicFolder/com.alensw.PicFolder.CloudProvider
09-01 19:54:46.051 2452 3105 D DeepHyber: Allow content request from privileged uid 10003: com.alensw.PicFolder/com.alensw.cloud.sync.Provider
09-01 19:54:46.051 2452 3105 D DeepHyber: Allow content request from privileged uid 10003: com.alensw.PicFolder/com.alensw.floating.config.FloatConfigProvider
09-01 19:54:46.052 2452 3105 D DeepHyber: Allow content request from privileged uid 10003: tw.fatminmin.xposed.minminguard/tw.fatminmin.xposed.minminguard.MinMinProvider
09-01 19:54:46.052 2452 3105 D DeepHyber: Allow content request from privileged uid 10003: com.taobao.taobao/com.taobao.tao.msgcenter.manager.provider.MsgProvider
09-01 19:54:46.053 2452 3105 D DeepHyber: Allow content request from privileged uid 10003: com.estrongs.android.pop.pro/com.estrongs.android.pop.app.FileContentProvider
09-01 19:54:46.053 2452 3105 D DeepHyber: Allow content request from privileged uid 10003: flar2.devcheck/flar2.devcheck.dpreference.PreferenceProvider
09-01 19:54:46.053 2452 3105 D DeepHyber: Allow content request from privileged uid 10003: flar2.devcheck/android.support.v4.content.FileProvider
09-01 19:54:46.054 2452 3105 D DeepHyber: Allow content request from privileged uid 10003: flar2.devcheck/com.google.android.gms.measurement.AppMeasurementContentProvider
09-01 19:54:46.054 2452 3105 D DeepHyber: Allow content request from privileged uid 10003: com.skvalex.alsamixer/com.skvalex.alsamixer.db.AlsaContentProvider
09-01 19:54:46.056 3147 4960 I UpdateIcingCorporaServi: UpdateCorporaTask done [took 107 ms] updated apps [took 107 ms]
09-01 19:54:46.063 4917 4954 E Parcel : Reading a NULL string not supported here.
09-01 19:54:46.068 4917 4954 E Parcel : Reading a NULL string not supported here.
09-01 19:54:46.071 4917 4954 E Parcel : Reading a NULL string not supported here.
09-01 19:54:46.076 4917 4954 E Parcel : Reading a NULL string not supported here.
09-01 19:54:46.079 4605 4605 E Parcel : Reading a NULL string not supported here.
09-01 19:54:46.084 4605 4605 E Parcel : Reading a NULL string not supported here.
09-01 19:54:46.088 4917 4954 E Parcel : Reading a NULL string not supported here.
09-01 19:54:46.089 4605 4605 E Parcel : Reading a NULL string not supported here.
09-01 19:54:46.095 4917 4954 E Parcel : Reading a NULL string not supported here.
09-01 19:54:46.097 4605 4605 E Parcel : Reading a NULL string not supported here.
09-01 19:54:46.101 4917 4954 E Parcel : Reading a NULL string not supported here.
09-01 19:54:46.102 4605 4605 E Parcel : Reading a NULL string not supported here.
09-01 19:54:46.112 4917 4954 E Parcel : Reading a NULL string not supported here.
09-01 19:54:46.117 4917 4954 E Parcel : Reading a NULL string not supported here.
09-01 19:54:46.121 4917 4954 E Parcel : Reading a NULL string not supported here.
09-01 19:54:46.125 4917 4954 E Parcel : Reading a NULL string not supported here.
09-01 19:54:46.131 4917 4954 D ContactDirectoryManager: Found com.google.android.gm.exchange.bundled.directory.provider
09-01 19:54:46.131 4917 4954 D ContactDirectoryManager: Found com.google.contacts.gal.provider
09-01 19:54:46.131 4917 4954 D ContactDirectoryManager: Found com.android.exchange.directory.provider
09-01 19:54:46.135 3761 4971 I System.out: android.intent.action.PACKAGE_CHANGED
09-01 19:54:46.138 3466 4178 I Icing : Storage manager: low false usage 11.17MB avail 4.73GB capacity 10.00GB
09-01 19:54:46.151 2452 3241 I ActivityManager: Start proc 4973:com.android.exchange/u0a40 for content provider com.android.exchange/.provider.ExchangeDirectoryProvider
09-01 19:54:46.153 4973 4973 D houdini : [4973] Initialize library(version: 6.1.1a_x.48413 RELEASE)... successfully.
09-01 19:54:46.154 3761 4971 I System.out: package:com.google.android.gms
09-01 19:54:46.188 4973 4973 W System : ClassLoader referenced unknown path: /system/app/Exchange2/lib/x86
09-01 19:54:46.198 2452 2586 I ActivityManager: Killing 4449:com.github.shadowsocks/u0a76 (adj 15): empty #17
09-01 19:54:46.201 4973 4973 W XPrivacy: Hooking package=com.android.exchange
09-01 19:54:46.256 3466 4985 W IcingInternalCorpora: getNumBytesRead when not calculated.
09-01 19:54:46.261 4973 4973 I Xposed : XHFW3 load package com.android.exchange
09-01 19:54:46.263 2452 2825 V Prevent : restore prevent for com.chrome.beta
09-01 19:54:46.312 2452 2825 V Prevent : restore prevent for com.android.chrome
09-01 19:54:46.724 4973 4973 E ActivityThread: Failed to find provider info for com.android.email.provider
09-01 19:54:46.757 3761 4971 I System.out: SQLite base version is 42
09-01 19:54:46.777 2452 2464 D Prevent : disallow start content provider com.google.android.syncadapters.contacts/.GalProvider
09-01 19:54:46.777 2452 2464 W ActivityManager: Unable to launch app com.google.android.syncadapters.contacts/10060 for provider com.google.contacts.gal.provider: process is bad
09-01 19:54:46.777 4917 4954 E ActivityThread: Failed to find provider info for com.google.contacts.gal.provider
09-01 19:54:46.777 4917 4954 I ContactDirectoryManager: Directory provider com.google.android.syncadapters.contacts(com.google.contacts.gal.provider) returned a NULL cursor.
09-01 19:54:46.778 4917 4954 I ContactDirectoryManager: deleted 0 stale rows which don't have any relevant directory
09-01 19:54:46.788 4917 4954 I ContactDirectoryManager: Discovered 0 contact directories in 785ms
09-01 19:54:46.791 3466 4178 W Icing : Error while loading LangUtil; unable to load BreakIntoWordsV2: undefined symbol: IcingExtBreakIntoWordsV2
09-01 19:54:46.863 3466 4178 I Icing : updateResources: need to parse ozd{com.google.android.gms}
09-01 19:54:47.000 3466 4178 D ChimeraResource: Successfully parsed resource with package name: com.google.android.gms and resource name string/icing_apps_corpus_label
09-01 19:54:47.000 3466 4178 D ChimeraResource: Successfully parsed resource with package name: com.google.android.gms and resource name string/icing_apps_corpus_description
09-01 19:54:47.001 3466 4178 D ChimeraResource: Successfully parsed resource with package name: com.google.android.gms and resource name drawable/ic_device_source_apps_normal
09-01 19:54:47.003 3466 4178 D ChimeraResource: Successfully parsed resource with package name: com.google.android.gms and resource name string/icing_contacts_corpus_label
09-01 19:54:47.003 3466 4178 D ChimeraResource: Successfully parsed resource with package name: com.google.android.gms and resource name string/icing_contacts_corpus_description
09-01 19:54:47.004 3466 4178 D ChimeraResource: Successfully parsed resource with package name: com.google.android.gms and resource name drawable/ic_device_source_contacts
09-01 19:54:47.023 3466 4178 I Icing : Internal init done: storage state 0
09-01 19:54:47.089 3466 4178 I Icing : Post-init done
09-01 19:54:47.119 3718 3718 W cr_ScreenOrientation: Removing an inexistent observer!
09-01 19:54:47.140 2452 2524 D ConnectivityService: releasing NetworkRequest NetworkRequest [ id=4, legacyType=-1, [ Capabilities: INTERNET&NOT_RESTRICTED&TRUSTED] ]
09-01 19:54:47.264 3466 4178 I Icing : updateResources: need to parse ozd{com.google.android.gms}
09-01 19:54:47.330 3466 4178 D ChimeraResource: Successfully parsed resource with package name: com.google.android.gms and resource name string/icing_apps_corpus_label
09-01 19:54:47.330 3466 4178 D ChimeraResource: Successfully parsed resource with package name: com.google.android.gms and resource name string/icing_apps_corpus_description
09-01 19:54:47.330 3466 4178 D ChimeraResource: Successfully parsed resource with package name: com.google.android.gms and resource name drawable/ic_device_source_apps_normal
09-01 19:54:47.330 3466 4178 D ChimeraResource: Successfully parsed resource with package name: com.google.android.gms and resource name string/icing_contacts_corpus_label
09-01 19:54:47.330 3466 4178 D ChimeraResource: Successfully parsed resource with package name: com.google.android.gms and resource name string/icing_contacts_corpus_description
09-01 19:54:47.330 3466 4178 D ChimeraResource: Successfully parsed resource with package name: com.google.android.gms and resource name drawable/ic_device_source_contacts
09-01 19:54:47.855 2452 3603 D iio-sensors: poll_setDelay: handle=0 delay-ns=66667000
09-01 19:54:47.927 2452 2463 I DeepHyber: Restrict awakening service starting: Intent { flg=0x10 cmp=de.robv.android.xposed.installer/.util.UpdateService }
09-01 19:54:48.262 3466 4178 I Icing : Indexing 88946D7E5296A1CE45D9E51F932FAFFC2BA1ACFD from com.google.android.gms
09-01 19:54:48.270 3466 4178 I Icing : Indexing done 88946D7E5296A1CE45D9E51F932FAFFC2BA1ACFD
09-01 19:54:48.808 2452 2946 I ActivityManager: START u0 {act=android.intent.action.VIEW dat=file:///data/media/0/log.txt typ=text/plain cmp=com.lonelycatgames.Xplore/.TextViewer (has extras)} from uid 10071 on display 0
09-01 19:54:48.812 2452 2946 D Prevent : action: user leaving activity , package: com.lonelycatgames.Xplore, count: 1
09-01 19:54:48.822 3718 3718 W GAv4 : Discarding hit. Missing tracking id parameter: ev=0,a=328374774,ea=text/plain,t=event,ec=Open file type,el=
09-01 19:54:48.826 2452 3603 I Xposed : ERROR MWRegister.isMovable - package null is not registered
09-01 19:54:48.828 2452 3603 V Prevent : launch, current: [com.lonelycatgames.Xplore]
09-01 19:54:48.828 2452 3603 D Prevent : action: start activity, package: com.lonelycatgames.Xplore, count: 2
09-01 19:54:49.054 2452 2463 D ConnectivityService: listenForNetwork for Listen from uid/pid:10071/3718 for NetworkRequest [ id=7, legacyType=-1, [ Capabilities: INTERNET&NOT_RESTRICTED&TRUSTED] ]
09-01 19:54:49.062 3718 3718 W cr_AwContents: onDetachedFromWindow called when already detached. Ignoring
09-01 19:54:49.068 3718 3718 I cr_Ime : ImeThread is not enabled.
09-01 19:54:49.096 2452 2463 I DeepHyber: Restrict awakening service starting: Intent { act=org.android_x86.hit_screen flg=0x10 cmp=org.android_x86.analytics/.AnalyticsService (has extras) }
09-01 19:54:49.100 2851 3175 D LogHelper: Google Analytics log entry: {&t=appview, &cd3=x86, &cd1=userdebug, &cd5=6.0.1-eng.cwhuang.20160815.215954, &an=com.lonelycatgames.Xplore, &cd=com.lonelycatgames.Xplore.TextViewer, &cd4=ONDA Tablet, &cd13=240, &cd12=1920 * 1200 60Hz}
09-01 19:54:49.217 3718 3718 W cr_BindingManager: Cannot call determinedVisibility() - never saw a connection for the pid: 3718
09-01 19:54:49.424 3466 4959 I MS_RegisterService: RegisterService intent:Intent { act=com.google.android.gms.matchstick.register_intent_action (has extras) } isPeriodic:false
09-01 19:54:49.447 3466 4959 I MS_RegisterService: Phone type: 1
09-01 19:54:49.452 3466 4959 I MS_RegisterService: Doing full registration.
09-01 19:54:49.520 2452 2487 I ActivityManager: Displayed com.lonelycatgames.Xplore/.TextViewer: +693ms
09-01 19:54:49.593 3466 3475 E DataBuffer: Internal data leak within a DataBuffer object detected! Be sure to explicitly call release() on all DataBuffer extending objects when you are done with them. (internal object: com.google.android.gms.common.data.DataHolder@15b203c)
09-01 19:54:49.608 3466 4959 I MS_RegisterService: Throttling registration.
09-01 19:54:49.611 3466 4959 W MS_WakeLockHelper: Call to release wakelock: register_service_start_wakelock, but not held.
09-01 19:54:49.831 3718 3718 W cr_BindingManager: Cannot call determinedVisibility() - never saw a connection for the pid: 3718
09-01 19:54:51.944 3466 4163 I CheckinService: Done disabling old GoogleServicesFramework version
09-01 19:54:52.264 2452 3737 D Prevent : cannot stop gms now, gms reference: 1
09-01 19:54:52.283 2452 3737 D Prevent : checking services, packages: [com.android.chrome, com.chrome.beta], whitelist: [com.android.chrome, com.chrome.beta, com.google.android.gms, com.google.android.gsf, com.google.android.gsf.login, com.luconisimone.easyrebootmd]
09-01 19:54:52.284 2452 3737 V Prevent : services size: 51
09-01 19:54:52.285 2452 3737 V Prevent : prevents: false, name: com.android.providers.downloads, count: 0, label: 0, uid: 10004, pid: 3419, process: android.process.media, flags: 1
09-01 19:54:52.285 2452 3737 V Prevent : prevents: false, name: com.google.android.gms, count: 0, label: 0, uid: 10016, pid: 2764, process: com.google.android.gms.persistent, flags: 1
09-01 19:54:52.285 2452 3737 V Prevent : prevents: false, name: com.google.android.gms, count: 0, label: 0, uid: 10016, pid: 2764, process: com.google.android.gms.persistent, flags: 1
09-01 19:54:52.285 2452 3737 V Prevent : prevents: false, name: com.google.android.gms, count: 0, label: 0, uid: 10016, pid: 2764, process: com.google.android.gms.persistent, flags: 1
09-01 19:54:52.285 2452 3737 V Prevent : prevents: false, name: org.android_x86.analytics, count: 0, label: 0, uid: 10134, pid: 2851, process: org.android_x86.analytics, flags: 9
09-01 19:54:52.285 2452 3737 V Prevent : prevents: false, name: com.google.android.gms, count: 1, label: 0, uid: 10016, pid: 2764, process: com.google.android.gms.persistent, flags: 1
09-01 19:54:52.285 2452 3737 V Prevent : prevents: false, name: de.robv.android.xposed.installer, count: 0, label: 0, uid: 10087, pid: 4605, process: de.robv.android.xposed.installer, flags: 1
09-01 19:54:52.285 2452 3737 V Prevent : prevents: false, name: fi.rojekti.clipper, count: 0, label: 0, uid: 10143, pid: 4546, process: fi.rojekti.clipper, flags: 3
09-01 19:54:52.285 2452 3737 V Prevent : prevents: false, name: com.schiztech.swapps, count: 0, label: 0, uid: 10099, pid: 3945, process: com.schiztech.swapps, flags: 3
09-01 19:54:52.285 2452 3737 V Prevent : prevents: false, name: com.google.android.gms, count: 0, label: 0, uid: 10016, pid: 2764, process: com.google.android.gms.persistent, flags: 1
09-01 19:54:52.285 2452 3737 V Prevent : prevents: false, name: com.android.systemui, count: 0, label: 0, uid: 10009, pid: 2562, process: com.android.systemui, flags: 9
09-01 19:54:52.285 2452 3737 V Prevent : prevents: false, name: com.google.android.gms, count: 0, label: 0, uid: 10016, pid: 3466, process: com.google.android.gms, flags: 1
09-01 19:54:52.285 2452 3737 V Prevent : prevents: false, name: com.google.android.gms, count: 0, label: 0, uid: 10016, pid: 2764, process: com.google.android.gms.persistent, flags: 1
09-01 19:54:52.285 2452 3737 V Prevent : prevents: false, name: com.google.android.gms, count: 1, label: 0, uid: 10016, pid: 2764, process: com.google.android.gms.persistent, flags: 1
09-01 19:54:52.285 2452 3737 V Prevent : prevents: false, name: com.google.android.gms, count: 0, label: 0, uid: 10016, pid: 2764, process: com.google.android.gms.persistent, flags: 1
09-01 19:54:52.285 2452 3737 V Prevent : prevents: false, name: com.google.android.gms, count: 2, label: 0, uid: 10016, pid: 2764, process: com.google.android.gms.persistent, flags: 1
09-01 19:54:52.285 2452 3737 V Prevent : prevents: false, name: com.google.android.gms, count: 2, label: 0, uid: 10016, pid: 2764, process: com.google.android.gms.persistent, flags: 1
09-01 19:54:52.285 2452 3737 V Prevent : prevents: false, name: nl.fameit.rotate, count: 0, label: 0, uid: 10081, pid: 4522, process: nl.fameit.rotate, flags: 3
09-01 19:54:52.286 2452 3737 V Prevent : prevents: false, name: com.google.android.gms, count: 0, label: 0, uid: 10016, pid: 2764, process: com.google.android.gms.persistent, flags: 1
09-01 19:54:52.286 2452 3737 V Prevent : prevents: false, name: com.google.android.gms, count: 0, label: 0, uid: 10016, pid: 2764, process: com.google.android.gms.persistent, flags: 1
09-01 19:54:52.286 2452 3737 V Prevent : prevents: false, name: com.yanyan.cputemp, count: 0, label: 0, uid: 10118, pid: 4580, process: com.yanyan.cputemp, flags: 1
09-01 19:54:52.286 2452 3737 V Prevent : complete checking running service
09-01 19:54:52.539 2452 2483 I ActivityManager: Waited long enough for: ServiceRecord{3ecc72f u0 com.yanyan.cputemp/.service.DeskTemp}
09-01 19:54:52.894 2452 3105 D iio-sensors: poll_setDelay: handle=0 delay-ns=20000000
09-01 19:54:56.371 2452 3241 D iio-sensors: poll_setDelay: handle=0 delay-ns=66667000
09-01 19:55:01.420 2452 3026 D iio-sensors: poll_setDelay: handle=0 delay-ns=20000000
09-01 19:55:02.930 2452 2483 I ActivityManager: Waited long enough for: ServiceRecord{d8f0b1e u0 de.robv.android.xposed.installer/.util.UpdateService}
09-01 19:55:04.898 2452 2888 D iio-sensors: poll_setDelay: handle=0 delay-ns=66667000
09-01 19:55:04.921 2764 2764 I GCoreUlr: Starting service, intent=Intent { act=com.google.android.location.reporting.ACTION_UPDATE_ACTIVE_STATE cmp=com.google.android.gms/com.google.android.location.reporting.service.DispatchingService (has extras) }, extras=Bundle[{source=PowerModeReceiver}]
09-01 19:55:04.948 2452 3603 D Prevent : allow com.google.android.googlequicksearchbox to use gms for next service
09-01 19:55:04.989 2764 3276 I GCoreUlr: DispatchingService.updateActiveState+PowerModeReceiver: Ensuring that reporting is active for [account#16#, account#10#]
09-01 19:55:05.014 2764 3276 I GCoreUlr: GMS FLP location and AR updates requested: {"description":"stationary","newRequest":true,"samplePeriodMs":2160000,"sampleReason":"stationary","sampleSource":"internal","timestampMs":1472730904952}
09-01 19:55:05.021 2764 3276 I GCoreUlr: Place inference reporting - stop
09-01 19:55:06.623 4212 4212 I Finsky : [1] com.google.android.finsky.services.DailyHygiene.a(22306): Beginning daily hygiene, foreground = false
09-01 19:55:06.628 3466 5040 I MS_RegisterService: RegisterService intent:Intent { act=com.google.android.gms.matchstick.register_intent_action (has extras) } isPeriodic:false
09-01 19:55:06.643 4212 4212 I Finsky : [1] com.google.android.finsky.services.DailyHygiene.a(368): Probe [pV5MIMnBF-k22Qdo4e2VVJKzRBk] for daily hygiene pass
09-01 19:55:06.648 3466 5040 I MS_RegisterService: Phone type: 1
09-01 19:55:06.654 3466 5040 I MS_RegisterService: Doing full registration.
09-01 19:55:06.679 2452 2463 I DeepHyber: Restrict awakening service binding: Intent { act=android.accounts.AccountAuthenticator flg=0x10 cmp=com.google.android.gms/.auth.account.authenticator.GoogleAccountAuthenticatorService }
09-01 19:55:06.690 4212 4297 I Finsky : [216] com.google.android.finsky.c.e.run(1154): Replicating app states via AMAS.
09-01 19:55:06.693 2764 2764 I Auth : [AuthDelegateWrapper] Service intent: Intent { cmp=com.google.android.gms/.auth.account.authenticator.DefaultAuthDelegateService }.
09-01 19:55:06.725 2764 2764 I Auth : [AuthDelegateWrapper] Service intent: Intent { cmp=com.google.android.gms/.auth.account.authenticator.DefaultAuthDelegateService }.
09-01 19:55:06.725 4212 4297 E Parcel : Reading a NULL string not supported here.
09-01 19:55:06.728 2764 2764 I Auth : [AuthDelegateWrapper] Service intent: Intent { cmp=com.google.android.gms/.auth.account.authenticator.DefaultAuthDelegateService }.
09-01 19:55:06.731 4212 4297 E Parcel : Reading a NULL string not supported here.
09-01 19:55:06.737 4212 4297 E Parcel : Reading a NULL string not supported here.
09-01 19:55:06.740 4212 4297 E Parcel : Reading a NULL string not supported here.
09-01 19:55:06.745 4212 4297 E Parcel : Reading a NULL string not supported here.
09-01 19:55:06.750 4212 4297 E Parcel : Reading a NULL string not supported here.
09-01 19:55:06.754 4212 4297 E Parcel : Reading a NULL string not supported here.
09-01 19:55:06.800 3466 5040 I MS_RegisterService: Throttling registration.
09-01 19:55:06.802 3466 5040 W MS_WakeLockHelper: Call to release wakelock: register_service_start_wakelock, but not held.
09-01 19:55:06.857 2452 3247 I DeepHyber: Restrict awakening service binding: Intent { act=android.accounts.AccountAuthenticator flg=0x10 cmp=com.google.android.gms/.auth.account.authenticator.GoogleAccountAuthenticatorService }
09-01 19:55:06.861 2764 2764 I Auth : [AuthDelegateWrapper] Service intent: Intent { cmp=com.google.android.gms/.auth.account.authenticator.DefaultAuthDelegateService }.
09-01 19:55:06.998 4212 4297 I Finsky : [216] com.google.android.finsky.c.c.a(316): Completed 0 account content syncs with 0 successful.
09-01 19:55:07.002 4212 4212 I Finsky : [1] com.google.android.finsky.services.j.a(149): Installation state replication succeeded.
09-01 19:55:11.264 2452 3821 D Prevent : cannot stop gms now, gms reference: 1
09-01 19:55:11.264 2452 3821 D Prevent : checking services, packages: [com.chrome.beta], whitelist: [com.google.android.gms, com.google.android.gsf, com.google.android.gsf.login]
09-01 19:55:11.265 2452 3821 V Prevent : services size: 53
09-01 19:55:11.265 2452 3821 V Prevent : prevents: false, name: com.android.providers.downloads, count: 0, label: 0, uid: 10004, pid: 3419, process: android.process.media, flags: 1
09-01 19:55:11.265 2452 3821 V Prevent : prevents: false, name: com.google.android.gms, count: 0, label: 0, uid: 10016, pid: 2764, process: com.google.android.gms.persistent, flags: 1
09-01 19:55:11.265 2452 3821 V Prevent : prevents: false, name: com.google.android.gms, count: 0, label: 0, uid: 10016, pid: 2764, process: com.google.android.gms.persistent, flags: 1
09-01 19:55:11.265 2452 3821 V Prevent : prevents: false, name: com.google.android.gms, count: 0, label: 0, uid: 10016, pid: 2764, process: com.google.android.gms.persistent, flags: 1
09-01 19:55:11.266 2452 3821 V Prevent : prevents: false, name: org.android_x86.analytics, count: 0, label: 0, uid: 10134, pid: 2851, process: org.android_x86.analytics, flags: 9
09-01 19:55:11.266 2452 3821 V Prevent : prevents: false, name: com.google.android.gms, count: 1, label: 0, uid: 10016, pid: 2764, process: com.google.android.gms.persistent, flags: 1
09-01 19:55:11.266 2452 3821 V Prevent : prevents: false, name: com.android.vending, count: 0, label: 0, uid: 10030, pid: 4212, process: com.android.vending, flags: 1
09-01 19:55:11.266 2452 3821 V Prevent : prevents: false, name: de.robv.android.xposed.installer, count: 0, label: 0, uid: 10087, pid: 4605, process: de.robv.android.xposed.installer, flags: 1
09-01 19:55:11.266 2452 3821 V Prevent : prevents: false, name: fi.rojekti.clipper, count: 0, label: 0, uid: 10143, pid: 4546, process: fi.rojekti.clipper, flags: 3
09-01 19:55:11.266 2452 3821 V Prevent : prevents: false, name: com.schiztech.swapps, count: 0, label: 0, uid: 10099, pid: 3945, process: com.schiztech.swapps, flags: 3
09-01 19:55:11.266 2452 3821 V Prevent : prevents: false, name: com.google.android.gms, count: 0, label: 0, uid: 10016, pid: 2764, process: com.google.android.gms.persistent, flags: 1
09-01 19:55:11.266 2452 3821 V Prevent : prevents: false, name: com.android.systemui, count: 0, label: 0, uid: 10009, pid: 2562, process: com.android.systemui, flags: 9
09-01 19:55:11.266 2452 3821 V Prevent : prevents: false, name: com.google.android.gms, count: 0, label: 0, uid: 10016, pid: 3466, process: com.google.android.gms, flags: 1
09-01 19:55:11.266 2452 3821 V Prevent : prevents: false, name: com.google.android.gms, count: 0, label: 0, uid: 10016, pid: 2764, process: com.google.android.gms.persistent, flags: 1
09-01 19:55:11.266 2452 3821 V Prevent : prevents: false, name: com.google.android.gms, count: 0, label: 0, uid: 10016, pid: 2764, process: com.google.android.gms.persistent, flags: 1
09-01 19:55:11.266 2452 3821 V Prevent : prevents: false, name: com.google.android.gms, count: 1, label: 0, uid: 10016, pid: 2764, process: com.google.android.gms.persistent, flags: 1
09-01 19:55:11.266 2452 3821 V Prevent : prevents: false, name: com.google.android.gms, count: 0, label: 0, uid: 10016, pid: 2764, process: com.google.android.gms.persistent, flags: 1
09-01 19:55:11.266 2452 3821 V Prevent : prevents: false, name: com.google.android.gms, count: 1, label: 0, uid: 10016, pid: 2764, process: com.google.android.gms.persistent, flags: 1
09-01 19:55:11.267 2452 3821 V Prevent : prevents: false, name: com.google.android.gms, count: 1, label: 0, uid: 10016, pid: 2764, process: com.google.android.gms.persistent, flags: 1
09-01 19:55:11.267 2452 3821 V Prevent : prevents: false, name: nl.fameit.rotate, count: 0, label: 0, uid: 10081, pid: 4522, process: nl.fameit.rotate, flags: 3
09-01 19:55:11.267 2452 3821 V Prevent : prevents: false, name: com.google.android.gms, count: 0, label: 0, uid: 10016, pid: 2764, process: com.google.android.gms.persistent, flags: 1
09-01 19:55:11.267 2452 3821 V Prevent : prevents: false, name: com.google.android.gms, count: 0, label: 0, uid: 10016, pid: 2764, process: com.google.android.gms.persistent, flags: 1
09-01 19:55:11.267 2452 3821 V Prevent : prevents: false, name: com.yanyan.cputemp, count: 0, label: 0, uid: 10118, pid: 4580, process: com.yanyan.cputemp, flags: 1
09-01 19:55:11.267 2452 3821 I Prevent : standby com.chrome.beta
09-01 19:55:11.267 2452 3821 I Xposed : [I/Prevent] standby com.chrome.beta
09-01 19:55:11.268 2452 3821 V Prevent : complete checking running service
09-01 19:55:11.290 2452 5049 D Prevent : set com.chrome.beta to inactive, current inactive: false
09-01 19:55:11.290 2452 5049 I Prevent : removeTask:com.chrome.beta
09-01 19:55:11.290 2452 5049 I Xposed : [I/Prevent] removeTask:com.chrome.beta
09-01 19:55:11.292 2452 5049 I ActivityManager: Force stopping com.chrome.beta appid=10228 user=0: from pid 2452
09-01 19:55:11.292 2452 5049 I ActivityManager: Killing 4751:com.chrome.beta/u0a228 (adj 11): stop com.chrome.beta
09-01 19:55:11.315 2452 5050 V Prevent : cancel sticky notification: com.chrome.beta
09-01 19:55:11.317 2452 2587 W ActivityManager: Spurious death for ProcessRecord{2818db9 0:com.chrome.beta/u0a228}, curProc for 4751: null
09-01 19:55:11.318 2452 5049 W ContextImpl: Calling a method in the system process without a qualified user: android.app.ContextImpl.sendBroadcast:763 me.piebridge.prevent.framework.a.c.a:28 me.piebridge.prevent.framework.a.e.a:36 me.piebridge.prevent.framework.i.o:669 me.piebridge.prevent.framework.i.c:659
09-01 19:55:11.319 2452 2535 I Prevent : action: PACKAGE_RESTARTED, package: com.chrome.beta
09-01 19:55:11.319 2452 2535 I Xposed : [I/Prevent] action: PACKAGE_RESTARTED, package: com.chrome.beta
09-01 19:55:11.324 2764 2764 W NearbyMessages: ClientAppContext: 0P identifier(com.chrome.beta) without 0P prefix(0p:)
09-01 19:55:11.326 2452 5049 I ActivityManager: Force stopping com.chrome.beta appid=10228 user=0: storage unmount
09-01 19:55:11.326 2452 3820 D Prevent : decrease gms reference: 0, package: com.android.chrome
09-01 19:55:11.326 2452 3820 D Prevent : checking services, packages: [com.android.chrome], whitelist: []
09-01 19:55:11.327 2452 2586 I DeepHyber: Restrict awakening service starting: Intent { flg=0x10 cmp=com.schiztech.swapps/.SwappsService }
09-01 19:55:11.330 2882 2882 I art : Starting a blocking GC Explicit
09-01 19:55:11.331 2452 3820 V Prevent : services size: 53
09-01 19:55:11.331 2452 3820 V Prevent : prevents: false, name: com.android.providers.downloads, count: 0, label: 0, uid: 10004, pid: 3419, process: android.process.media, flags: 1
09-01 19:55:11.331 2452 3820 V Prevent : prevents: false, name: com.google.android.gms, count: 0, label: 0, uid: 10016, pid: 2764, process: com.google.android.gms.persistent, flags: 1
09-01 19:55:11.331 2452 3820 V Prevent : prevents: false, name: com.google.android.gms, count: 0, label: 0, uid: 10016, pid: 2764, process: com.google.android.gms.persistent, flags: 1
09-01 19:55:11.331 2452 3820 V Prevent : prevents: false, name: com.google.android.gms, count: 0, label: 0, uid: 10016, pid: 2764, process: com.google.android.gms.persistent, flags: 1
09-01 19:55:11.331 2452 3820 V Prevent : prevents: false, name: org.android_x86.analytics, count: 0, label: 0, uid: 10134, pid: 2851, process: org.android_x86.analytics, flags: 9
09-01 19:55:11.331 2452 3820 V Prevent : prevents: false, name: com.google.android.gms, count: 1, label: 0, uid: 10016, pid: 2764, process: com.google.android.gms.persistent, flags: 1
09-01 19:55:11.331 2452 3820 V Prevent : prevents: false, name: com.android.vending, count: 0, label: 0, uid: 10030, pid: 4212, process: com.android.vending, flags: 1
09-01 19:55:11.331 2452 3820 V Prevent : prevents: false, name: de.robv.android.xposed.installer, count: 0, label: 0, uid: 10087, pid: 4605, process: de.robv.android.xposed.installer, flags: 1
09-01 19:55:11.331 2452 3820 V Prevent : prevents: false, name: fi.rojekti.clipper, count: 0, label: 0, uid: 10143, pid: 4546, process: fi.rojekti.clipper, flags: 3
09-01 19:55:11.331 2452 3820 V Prevent : prevents: false, name: com.schiztech.swapps, count: 0, label: 0, uid: 10099, pid: 3945, process: com.schiztech.swapps, flags: 3
09-01 19:55:11.331 2452 3820 V Prevent : prevents: false, name: com.google.android.gms, count: 0, label: 0, uid: 10016, pid: 2764, process: com.google.android.gms.persistent, flags: 1
09-01 19:55:11.331 2452 3820 V Prevent : prevents: false, name: com.android.systemui, count: 0, label: 0, uid: 10009, pid: 2562, process: com.android.systemui, flags: 9
09-01 19:55:11.331 2452 3820 V Prevent : prevents: false, name: com.google.android.gms, count: 0, label: 0, uid: 10016, pid: 3466, process: com.google.android.gms, flags: 1
09-01 19:55:11.331 2452 3820 V Prevent : prevents: false, name: com.google.android.gms, count: 0, label: 0, uid: 10016, pid: 2764, process: com.google.android.gms.persistent, flags: 1
09-01 19:55:11.331 2452 3820 V Prevent : prevents: false, name: com.google.android.gms, count: 0, label: 0, uid: 10016, pid: 2764, process: com.google.android.gms.persistent, flags: 1
09-01 19:55:11.331 2452 3820 V Prevent : prevents: false, name: com.google.android.gms, count: 1, label: 0, uid: 10016, pid: 2764, process: com.google.android.gms.persistent, flags: 1
09-01 19:55:11.331 2452 3820 V Prevent : prevents: false, name: com.google.android.gms, count: 0, label: 0, uid: 10016, pid: 2764, process: com.google.android.gms.persistent, flags: 1
09-01 19:55:11.331 2452 3820 V Prevent : prevents: false, name: com.google.android.gms, count: 1, label: 0, uid: 10016, pid: 2764, process: com.google.android.gms.persistent, flags: 1
09-01 19:55:11.331 2452 3820 V Prevent : prevents: false, name: com.google.android.gms, count: 1, label: 0, uid: 10016, pid: 2764, process: com.google.android.gms.persistent, flags: 1
09-01 19:55:11.331 2452 3820 V Prevent : prevents: false, name: nl.fameit.rotate, count: 0, label: 0, uid: 10081, pid: 4522, process: nl.fameit.rotate, flags: 3
09-01 19:55:11.331 2452 3820 V Prevent : prevents: false, name: com.google.android.gms, count: 0, label: 0, uid: 10016, pid: 2764, process: com.google.android.gms.persistent, flags: 1
09-01 19:55:11.331 2452 3820 V Prevent : prevents: false, name: com.google.android.gms, count: 0, label: 0, uid: 10016, pid: 2764, process: com.google.android.gms.persistent, flags: 1
09-01 19:55:11.331 2452 3820 V Prevent : prevents: false, name: com.yanyan.cputemp, count: 0, label: 0, uid: 10118, pid: 4580, process: com.yanyan.cputemp, flags: 1
09-01 19:55:11.331 2452 3820 I Prevent : standby com.android.chrome
09-01 19:55:11.331 2452 3820 I Xposed : [I/Prevent] standby com.android.chrome
09-01 19:55:11.331 2452 3820 V Prevent : complete checking running service
09-01 19:55:11.332 2452 5049 D Prevent : set com.android.chrome to inactive, current inactive: false
09-01 19:55:11.332 2452 5049 I Prevent : removeTask:com.android.chrome
09-01 19:55:11.332 2452 5049 I Xposed : [I/Prevent] removeTask:com.android.chrome
09-01 19:55:11.333 3945 3945 I art : Starting a blocking GC Explicit
09-01 19:55:11.333 2452 5049 I ActivityManager: Force stopping com.android.chrome appid=10232 user=0: from pid 2452
09-01 19:55:11.334 2452 5049 I ActivityManager: Killing 4765:com.android.chrome/u0a232 (adj 11): stop com.android.chrome
09-01 19:55:11.353 2452 5050 V Prevent : cancel sticky notification: com.android.chrome
09-01 19:55:11.354 2452 5049 W ContextImpl: Calling a method in the system process without a qualified user: android.app.ContextImpl.sendBroadcast:763 me.piebridge.prevent.framework.a.c.a:28 me.piebridge.prevent.framework.a.e.a:36 me.piebridge.prevent.framework.i.o:669 me.piebridge.prevent.framework.i.c:659
09-01 19:55:11.355 2452 5049 I ActivityManager: Force stopping com.android.chrome appid=10232 user=0: storage unmount
09-01 19:55:11.365 2452 3241 W ActivityManager: Spurious death for ProcessRecord{6de5fe 0:com.android.chrome/u0a232}, curProc for 4765: null
09-01 19:55:11.366 2452 5049 D Prevent : set com.android.chrome to inactive, current inactive: false
09-01 19:55:11.367 2452 5049 I Prevent : removeTask:com.android.chrome
09-01 19:55:11.367 2452 5049 I Xposed : [I/Prevent] removeTask:com.android.chrome
09-01 19:55:11.368 2452 2535 I Prevent : action: PACKAGE_RESTARTED, package: com.android.chrome
09-01 19:55:11.368 2452 2535 I Xposed : [I/Prevent] action: PACKAGE_RESTARTED, package: com.android.chrome
09-01 19:55:11.372 2764 2764 W NearbyMessages: ClientAppContext: 0P identifier(com.android.chrome) without 0P prefix(0p:)
09-01 19:55:11.372 2452 5049 I ActivityManager: Force stopping com.android.chrome appid=10232 user=0: from pid 2452
09-01 19:55:11.375 2452 5050 V Prevent : cancel sticky notification: com.android.chrome
09-01 19:55:11.376 2452 5049 W ContextImpl: Calling a method in the system process without a qualified user: android.app.ContextImpl.sendBroadcast:763 me.piebridge.prevent.framework.a.c.a:28 me.piebridge.prevent.framework.a.e.a:36 me.piebridge.prevent.framework.i.o:669 me.piebridge.prevent.framework.i.c:659
09-01 19:55:11.380 2452 2535 I Prevent : action: PACKAGE_RESTARTED, package: com.android.chrome
09-01 19:55:11.380 2452 2535 I Xposed : [I/Prevent] action: PACKAGE_RESTARTED, package: com.android.chrome
09-01 19:55:11.381 2764 2764 W NearbyMessages: ClientAppContext: 0P identifier(com.android.chrome) without 0P prefix(0p:)
09-01 19:55:11.385 2452 5049 I ActivityManager: Force stopping com.android.chrome appid=10232 user=0: storage unmount
09-01 19:55:11.403 2882 2882 I art : Explicit concurrent mark sweep GC freed 8206(657KB) AllocSpace objects, 13(932KB) LOS objects, 24% free, 12MB/17MB, paused 475us total 73.124ms
09-01 19:55:11.404 2882 2882 I art : Starting a blocking GC Explicit
09-01 19:55:11.426 3945 3945 I art : Explicit concurrent mark sweep GC freed 154398(8MB) AllocSpace objects, 26(1020KB) LOS objects, 40% free, 9MB/15MB, paused 420us total 92.624ms
09-01 19:55:11.434 2452 3241 I DeepHyber: Restrict awakening service starting: Intent { flg=0x10 cmp=com.schiztech.swapps/.SwappsService }
09-01 19:55:11.441 2452 2463 I DeepHyber: Restrict awakening service starting: Intent { flg=0x10 cmp=com.schiztech.swapps/.SwappsService }
09-01 19:55:11.468 2882 2882 I art : Explicit concurrent mark sweep GC freed 173(7KB) AllocSpace objects, 0(0B) LOS objects, 25% free, 12MB/17MB, paused 400us total 63.415ms
09-01 19:55:11.555 2452 3821 D Prevent : checking services, packages: [com.luconisimone.easyrebootmd], whitelist: []
09-01 19:55:11.556 2452 3821 V Prevent : services size: 53
09-01 19:55:11.556 2452 3821 V Prevent : prevents: false, name: com.android.providers.downloads, count: 0, label: 0, uid: 10004, pid: 3419, process: android.process.media, flags: 1
09-01 19:55:11.556 2452 3821 V Prevent : prevents: false, name: com.google.android.gms, count: 0, label: 0, uid: 10016, pid: 2764, process: com.google.android.gms.persistent, flags: 1
09-01 19:55:11.556 2452 3821 V Prevent : prevents: false, name: com.google.android.gms, count: 0, label: 0, uid: 10016, pid: 2764, process: com.google.android.gms.persistent, flags: 1
09-01 19:55:11.556 2452 3821 V Prevent : prevents: false, name: com.google.android.gms, count: 0, label: 0, uid: 10016, pid: 2764, process: com.google.android.gms.persistent, flags: 1
09-01 19:55:11.556 2452 3821 V Prevent : prevents: false, name: org.android_x86.analytics, count: 0, label: 0, uid: 10134, pid: 2851, process: org.android_x86.analytics, flags: 9
09-01 19:55:11.556 2452 3821 V Prevent : prevents: false, name: com.google.android.gms, count: 1, label: 0, uid: 10016, pid: 2764, process: com.google.android.gms.persistent, flags: 1
09-01 19:55:11.556 2452 3821 V Prevent : prevents: false, name: com.android.vending, count: 0, label: 0, uid: 10030, pid: 4212, process: com.android.vending, flags: 1
09-01 19:55:11.556 2452 3821 V Prevent : prevents: false, name: de.robv.android.xposed.installer, count: 0, label: 0, uid: 10087, pid: 4605, process: de.robv.android.xposed.installer, flags: 1
09-01 19:55:11.556 2452 3821 V Prevent : prevents: false, name: fi.rojekti.clipper, count: 0, label: 0, uid: 10143, pid: 4546, process: fi.rojekti.clipper, flags: 3
09-01 19:55:11.556 2452 3821 V Prevent : prevents: false, name: com.schiztech.swapps, count: 0, label: 0, uid: 10099, pid: 3945, process: com.schiztech.swapps, flags: 3
09-01 19:55:11.556 2452 3821 V Prevent : prevents: false, name: com.google.android.gms, count: 0, label: 0, uid: 10016, pid: 2764, process: com.google.android.gms.persistent, flags: 1
09-01 19:55:11.556 2452 3821 V Prevent : prevents: false, name: com.android.systemui, count: 0, label: 0, uid: 10009, pid: 2562, process: com.android.systemui, flags: 9
09-01 19:55:11.556 2452 3821 V Prevent : prevents: false, name: com.google.android.gms, count: 0, label: 0, uid: 10016, pid: 3466, process: com.google.android.gms, flags: 1
09-01 19:55:11.556 2452 3821 V Prevent : prevents: false, name: com.google.android.gms, count: 0, label: 0, uid: 10016, pid: 2764, process: com.google.android.gms.persistent, flags: 1
09-01 19:55:11.556 2452 3821 V Prevent : prevents: false, name: com.google.android.gms, count: 0, label: 0, uid: 10016, pid: 2764, process: com.google.android.gms.persistent, flags: 1
09-01 19:55:11.556 2452 3821 V Prevent : prevents: false, name: com.google.android.gms, count: 1, label: 0, uid: 10016, pid: 2764, process: com.google.android.gms.persistent, flags: 1
09-01 19:55:11.556 2452 3821 V Prevent : prevents: false, name: com.google.android.gms, count: 0, label: 0, uid: 10016, pid: 2764, process: com.google.android.gms.persistent, flags: 1
09-01 19:55:11.556 2452 3821 V Prevent : prevents: false, name: com.google.android.gms, count: 1, label: 0, uid: 10016, pid: 2764, process: com.google.android.gms.persistent, flags: 1
09-01 19:55:11.556 2452 3821 V Prevent : prevents: false, name: com.google.android.gms, count: 1, label: 0, uid: 10016, pid: 2764, process: com.google.android.gms.persistent, flags: 1
09-01 19:55:11.556 2452 3821 V Prevent : prevents: false, name: nl.fameit.rotate, count: 0, label: 0, uid: 10081, pid: 4522, process: nl.fameit.rotate, flags: 3
09-01 19:55:11.556 2452 3821 V Prevent : prevents: false, name: com.google.android.gms, count: 0, label: 0, uid: 10016, pid: 2764, process: com.google.android.gms.persistent, flags: 1
09-01 19:55:11.556 2452 3821 V Prevent : prevents: false, name: com.google.android.gms, count: 0, label: 0, uid: 10016, pid: 2764, process: com.google.android.gms.persistent, flags: 1
09-01 19:55:11.556 2452 3821 V Prevent : prevents: false, name: com.yanyan.cputemp, count: 0, label: 0, uid: 10118, pid: 4580, process: com.yanyan.cputemp, flags: 1
09-01 19:55:11.556 2452 3821 I Prevent : standby com.luconisimone.easyrebootmd
09-01 19:55:11.556 2452 3821 I Xposed : [I/Prevent] standby com.luconisimone.easyrebootmd
09-01 19:55:11.556 2452 3821 V Prevent : complete checking running service
09-01 19:55:11.558 2452 5049 D Prevent : set com.luconisimone.easyrebootmd to inactive, current inactive: false
09-01 19:55:11.559 2452 5049 I Prevent : removeTask:com.luconisimone.easyrebootmd
09-01 19:55:11.559 2452 5049 I Xposed : [I/Prevent] removeTask:com.luconisimone.easyrebootmd
09-01 19:55:11.559 2452 5049 D Prevent : will remove task: 3876
09-01 19:55:11.559 2452 5049 I ActivityManager: Killing 4789:com.luconisimone.easyrebootmd/u0a149 (adj 11): remove task
09-01 19:55:11.576 2452 5051 D Prevent : action: removeTask, will force stop com.luconisimone.easyrebootmd
09-01 19:55:11.576 2452 5051 I ActivityManager: Force stopping com.luconisimone.easyrebootmd appid=10149 user=0: from pid 2452
09-01 19:55:11.579 2452 5050 V Prevent : cancel sticky notification: com.luconisimone.easyrebootmd
09-01 19:55:11.580 2452 5051 W ContextImpl: Calling a method in the system process without a qualified user: android.app.ContextImpl.sendBroadcast:763 me.piebridge.prevent.framework.a.c.a:28 me.piebridge.prevent.framework.a.e.a:36 me.piebridge.prevent.framework.i.c:655 me.piebridge.prevent.framework.b.run:283
09-01 19:55:11.580 2452 5051 I ActivityManager: Force stopping com.luconisimone.easyrebootmd appid=10149 user=0: storage unmount
09-01 19:55:11.582 3945 3945 I art : Starting a blocking GC Explicit
09-01 19:55:11.584 2882 2882 I art : Starting a blocking GC Explicit
09-01 19:55:11.584 2452 2452 I art : Starting a blocking GC Explicit
09-01 19:55:11.588 2452 2535 I Prevent : action: PACKAGE_RESTARTED, package: com.luconisimone.easyrebootmd
09-01 19:55:11.588 2452 2535 I Xposed : [I/Prevent] action: PACKAGE_RESTARTED, package: com.luconisimone.easyrebootmd
09-01 19:55:11.593 2764 2764 W NearbyMessages: ClientAppContext: 0P identifier(com.luconisimone.easyrebootmd) without 0P prefix(0p:)
09-01 19:55:11.650 3945 3945 I art : Explicit concurrent mark sweep GC freed 12106(552KB) AllocSpace objects, 1(68KB) LOS objects, 40% free, 9MB/15MB, paused 351us total 68.130ms
09-01 19:55:11.652 2882 2882 I art : Explicit concurrent mark sweep GC freed 44(1440B) AllocSpace objects, 0(0B) LOS objects, 25% free, 12MB/17MB, paused 414us total 67.670ms
09-01 19:55:11.652 2452 2587 I DeepHyber: Restrict awakening service starting: Intent { flg=0x10 cmp=com.schiztech.swapps/.SwappsService }
09-01 19:55:11.706 2452 2452 I art : Explicit concurrent mark sweep GC freed 43681(5MB) AllocSpace objects, 0(0B) LOS objects, 33% free, 18MB/28MB, paused 1.548ms total 121.410ms
09-01 19:55:13.028 4374 5054 E ActivityThread: Failed to find provider info for org.chromium.chrome
09-01 19:55:13.033 2452 2482 D SyncManager: failed sync operation youling257257@gmail.com u0 (com.google), org.chromium.chrome, POLL, currentRunTime 105324, reason: UserStart, SyncResult: databaseError: true stats []
09-01 19:55:13.034 2452 2482 D SyncManager: not retrying sync operation because the error is a hard error: youling257257@gmail.com u0 (com.google), org.chromium.chrome, POLL, currentRunTime 173067, reason: UserStart
09-01 19:55:16.821 3466 5059 W IcingInternalCorpora: getNumBytesRead when not calculated.
09-01 19:55:23.512 2764 2764 E NetworkScheduler.ATC: Provided calling package not found: com.google.android.apps.photos
