> 09-01 19:54:22.359 3225 3225 W BluetoothAdapter: getBluetoothService() called with no BluetoothManagerCallback
09-01 19:54:22.365 3225 3225 D BlueZ : external/bluetooth/bluez/android/hal-socket.c:socket_listen() uuid 00000000-0000-0000-0000-000000000000 chan -2 sock 0xbfbacabc type 1 service_name (null) flags 0x07
09-01 19:54:22.365 3311 3311 E bluetoothd: Invalid rfcomm listen params
09-01 19:54:22.365 3225 3225 E BluetoothServiceJni: Socket listen failed: 7
09-01 19:54:22.365 3225 3225 E BluetoothAdapterService: Failed to create socket channel
09-01 19:54:22.366 3225 3225 E ObexServerSockets: Error create ServerSockets
09-01 19:54:22.366 3225 3225 E ObexServerSockets: java.io.IOException: Error: -1
09-01 19:54:22.366 3225 3225 E ObexServerSockets: at android.bluetooth.BluetoothAdapter.listenUsingRfcommOn(BluetoothAdapter.java:1542)
09-01 19:54:22.366 3225 3225 E ObexServerSockets: at android.bluetooth.BluetoothAdapter.listenUsingRfcommOn(BluetoothAdapter.java:1508)
09-01 19:54:22.366 3225 3225 E ObexServerSockets: at com.android.bluetooth.ObexServerSockets.create(ObexServerSockets.java:118)
09-01 19:54:22.366 3225 3225 E ObexServerSockets: at com.android.bluetooth.ObexServerSockets.create(ObexServerSockets.java:84)
09-01 19:54:22.366 3225 3225 E ObexServerSockets: at com.android.bluetooth.map.BluetoothMapMasInstance.startRfcommSocketListener(BluetoothMapMasInstance.java:273)
09-01 19:54:22.366 3225 3225 E ObexServerSockets: at com.android.bluetooth.map.BluetoothMapService.startRfcommSocketListeners(BluetoothMapService.java:200)
09-01 19:54:22.366 3225 3225 E ObexServerSockets: at com.android.bluetooth.map.BluetoothMapService.-wrap10(BluetoothMapService.java)
09-01 19:54:22.366 3225 3225 E ObexServerSockets: at com.android.bluetooth.map.BluetoothMapService$1.handleMessage(BluetoothMapService.java:327)
09-01 19:54:22.366 3225 3225 E ObexServerSockets: at android.os.Handler.dispatchMessage(Handler.java:102)
09-01 19:54:22.366 3225 3225 E ObexServerSockets: at android.os.Looper.loop(Looper.java:148)
09-01 19:54:22.366 3225 3225 E ObexServerSockets: at android.app.ActivityThread.main(ActivityThread.java:5415)
09-01 19:54:22.366 3225 3225 E ObexServerSockets: at java.lang.reflect.Method.invoke(Native Method)
09-01 19:54:22.366 3225 3225 E ObexServerSockets: at com.android.internal.os.ZygoteInit$MethodAndArgsCaller.run(ZygoteInit.java:744)
09-01 19:54:22.366 3225 3225 E ObexServerSockets: at com.android.internal.os.ZygoteInit.main(ZygoteInit.java:634)
09-01 19:54:22.366 3225 3225 E ObexServerSockets: at de.robv.android.xposed.XposedBridge.main(XposedBridge.java:102)
09-01 19:54:22.366 3225 3225 V ObexServerSockets: waiting 300 ms...
09-01 19:54:22.372 3147 3269 I ProviderInstaller: Installed default security provider GmsCore_OpenSSL
09-01 19:54:22.434 3466 3466 W linker : /system/priv-app/GmsCore/lib/x86/libgmscore.so: unused DT entry: type 0x7ffffffd arg 0xa0a
09-01 19:54:22.443 3147 3269 W System : ClassLoader referenced unknown path: /data/user/0/com.google.android.googlequicksearchbox/files/velour/jar_data/jar-389880345.jar/lib
09-01 19:54:22.443 3147 3269 W System : ClassLoader referenced unknown path: /system/priv-app/Velvet/lib/x86
09-01 19:54:22.470 3466 3466 W linker : /system/priv-app/GmsCore/lib/x86/libconscrypt_gmscore_jni.so: unused DT entry: type 0x1d arg 0x91
09-01 19:54:22.470 3466 3466 W linker : /system/priv-app/GmsCore/lib/x86/libconscrypt_gmscore_jni.so: unused DT entry: type 0x7ffffffd arg 0x174
09-01 19:54:22.481 3466 3466 V JNIHelp : Registering com/google/android/gms/org/conscrypt/NativeCrypto's 255 native methods...
09-01 19:54:22.499 2452 2462 I chatty : uid=1000(system) HeapTaskDaemon expire 7 lines
09-01 19:54:22.499 3211 3211 I Finsky : [1] com.google.android.finsky.c.l.a(253): result=false type=4
09-01 19:54:22.503 3447 3447 W EasBundling: in EasBundling.init, isBundlingEnabled=true
09-01 19:54:22.520 3466 3466 I ProviderInstaller: Installed default security provider GmsCore_OpenSSL
09-01 19:54:22.527 3447 3544 I Gmail : getAccountsCursor
09-01 19:54:22.534 3447 3545 D ActivityThread: Loading provider com.google.android.gmail.provider;com.android.mail.notifier;com.google.android.gm.email.provider;com.google.android.gm.email.notifier: com.android.email.provider.EmailProvider
09-01 19:54:22.556 3466 3466 D ChimeraCfgMgr: Reading stored module config
09-01 19:54:22.562 2562 2562 D PhoneStatusBar: heads up is enabled
09-01 19:54:22.582 2452 3104 I chatty : uid=1000(system) Binder_8 expire 7 lines
09-01 19:54:22.605 2764 2764 I Auth : [AuthDelegateWrapper] Service intent: Intent { cmp=com.google.android.gms/.auth.account.authenticator.DefaultAuthDelegateService }.
09-01 19:54:22.631 3211 3211 I Finsky : [1] com.google.android.finsky.services.bd.a(1075): Restore complete with 0 success and 0 failed.
09-01 19:54:22.634 2562 2562 W Resources: Drawable com.ceco.marshmallow.gravitybox:drawable/ic_audio_notification has unresolved theme attributes! Consider using Resources.getDrawable(int, Theme) or Context.getDrawable(int).
09-01 19:54:22.634 2562 2562 W Resources: java.lang.RuntimeException
09-01 19:54:22.634 2562 2562 W Resources: at android.content.res.Resources.getDrawable(Resources.java:775)
09-01 19:54:22.634 2562 2562 W Resources: at android.content.res.XResources.getDrawable(XResources.java:786)
09-01 19:54:22.634 2562 2562 W Resources: at android.content.Context.getDrawable(Context.java:458)
09-01 19:54:22.634 2562 2562 W Resources: at android.widget.ImageView.resolveUri(ImageView.java:813)
09-01 19:54:22.634 2562 2562 W Resources: at android.widget.ImageView.setImageResource(ImageView.java:420)
09-01 19:54:22.634 2562 2562 W Resources: at com.android.systemui.volume.VolumeDialog.updateVolumeRowH(VolumeDialog.java:722)
09-01 19:54:22.634 2562 2562 W Resources: at com.android.systemui.volume.VolumeDialog.onStateChangedH(VolumeDialog.java:633)
09-01 19:54:22.634 2562 2562 W Resources: at com.android.systemui.volume.VolumeDialog.-wrap1(VolumeDialog.java)
09-01 19:54:22.634 2562 2562 W Resources: at com.android.systemui.volume.VolumeDialog$1.onStateChanged(VolumeDialog.java:877)
09-01 19:54:22.634 2562 2562 W Resources: at com.android.systemui.volume.VolumeDialogController$C$3.run(VolumeDialogController.java:629)
09-01 19:54:22.634 2562 2562 W Resources: at android.os.Handler.handleCallback(Handler.java:739)
09-01 19:54:22.634 2562 2562 W Resources: at android.os.Handler.dispatchMessage(Handler.java:95)
09-01 19:54:22.634 2562 2562 W Resources: at android.os.Looper.loop(Looper.java:148)
09-01 19:54:22.634 2562 2562 W Resources: at android.app.ActivityThread.main(ActivityThread.java:5415)
09-01 19:54:22.634 2562 2562 W Resources: at java.lang.reflect.Method.invoke(Native Method)
09-01 19:54:22.634 2562 2562 W Resources: at com.android.internal.os.ZygoteInit$MethodAndArgsCaller.run(ZygoteInit.java:744)
09-01 19:54:22.634 2562 2562 W Resources: at com.android.internal.os.ZygoteInit.main(ZygoteInit.java:634)
09-01 19:54:22.634 2562 2562 W Resources: at de.robv.android.xposed.XposedBridge.main(XposedBridge.java:102)
09-01 19:54:22.643 2562 2562 W KeyguardUpdateMonitor: invalid subId in handleSimStateChange()
09-01 19:54:22.646 2764 2764 I Auth : [AuthDelegateWrapper] Service intent: Intent { cmp=com.google.android.gms/.auth.account.authenticator.DefaultAuthDelegateService }.
09-01 19:54:22.646 2562 2562 W KeyguardUpdateMonitor: invalid subId in handleServiceStateChange()
09-01 19:54:22.658 2764 3276 I GCoreUlr: GMS FLP location and AR updates requested: {"description":"stationary","newRequest":true,"samplePeriodMs":2160000,"sampleReason":"stationary","sampleSource":"internal","timestampMs":1472730861212}
09-01 19:54:22.670 2452 3026 W ActivityManager: Unable to start service Intent { act=android.media.IMediaScannerService cmp=com.android.providers.media/.MediaScannerService } U=0: not found
09-01 19:54:22.670 3225 3225 W BluetoothAdapter: getBluetoothService() called with no BluetoothManagerCallback
09-01 19:54:22.672 3225 3225 D BlueZ : external/bluetooth/bluez/android/hal-socket.c:socket_listen() uuid 00000000-0000-0000-0000-000000000000 chan -2 sock 0xbfbacabc type 1 service_name (null) flags 0x07
09-01 19:54:22.672 3311 3311 E bluetoothd: Invalid rfcomm listen params
09-01 19:54:22.672 3225 3225 E BluetoothServiceJni: Socket listen failed: 7
09-01 19:54:22.672 3225 3225 E BluetoothAdapterService: Failed to create socket channel
09-01 19:54:22.672 3225 3225 E ObexServerSockets: Error create ServerSockets
09-01 19:54:22.672 3225 3225 E ObexServerSockets: java.io.IOException: Error: -1
09-01 19:54:22.672 3225 3225 E ObexServerSockets: at android.bluetooth.BluetoothAdapter.listenUsingRfcommOn(BluetoothAdapter.java:1542)
09-01 19:54:22.672 3225 3225 E ObexServerSockets: at android.bluetooth.BluetoothAdapter.listenUsingRfcommOn(BluetoothAdapter.java:1508)
09-01 19:54:22.672 3225 3225 E ObexServerSockets: at com.android.bluetooth.ObexServerSockets.create(ObexServerSockets.java:118)
09-01 19:54:22.672 3225 3225 E ObexServerSockets: at com.android.bluetooth.ObexServerSockets.create(ObexServerSockets.java:84)
09-01 19:54:22.672 3225 3225 E ObexServerSockets: at com.android.bluetooth.map.BluetoothMapMasInstance.startRfcommSocketListener(BluetoothMapMasInstance.java:273)
09-01 19:54:22.672 3225 3225 E ObexServerSockets: at com.android.bluetooth.map.BluetoothMapService.startRfcommSocketListeners(BluetoothMapService.java:200)
09-01 19:54:22.672 3225 3225 E ObexServerSockets: at com.android.bluetooth.map.BluetoothMapService.-wrap10(BluetoothMapService.java)
09-01 19:54:22.672 3225 3225 E ObexServerSockets: at com.android.bluetooth.map.BluetoothMapService$1.handleMessage(BluetoothMapService.java:327)
09-01 19:54:22.672 3225 3225 E ObexServerSockets: at android.os.Handler.dispatchMessage(Handler.java:102)
09-01 19:54:22.672 3225 3225 E ObexServerSockets: at android.os.Looper.loop(Looper.java:148)
09-01 19:54:22.672 3225 3225 E ObexServerSockets: at android.app.ActivityThread.main(ActivityThread.java:5415)
09-01 19:54:22.672 3225 3225 E ObexServerSockets: at java.lang.reflect.Method.invoke(Native Method)
09-01 19:54:22.672 3225 3225 E ObexServerSockets: at com.android.internal.os.ZygoteInit$MethodAndArgsCaller.run(ZygoteInit.java:744)
09-01 19:54:22.672 3225 3225 E ObexServerSockets: at com.android.internal.os.ZygoteInit.main(ZygoteInit.java:634)
09-01 19:54:22.672 3225 3225 E ObexServerSockets: at de.robv.android.xposed.XposedBridge.main(XposedBridge.java:102)
09-01 19:54:22.685 2452 2464 I chatty : uid=1000(system) Binder_2 expire 13 lines
09-01 19:54:22.691 3225 3225 V ObexServerSockets: waiting 300 ms...
09-01 19:54:22.706 2452 2587 I chatty : uid=1000(system) Binder_4 expire 11 lines
09-01 19:54:22.724 3466 3553 I iu.SyncManager: SYNC; picasa accounts
09-01 19:54:22.726 2452 3105 I chatty : uid=1000(system) Binder_9 expire 16 lines
09-01 19:54:22.734 3466 3546 D NativeLibraryUtils: Install completed successfully. count=12 extracted=0
09-01 19:54:22.767 3466 3466 D NetworkLogImpl: Loaded NetworkSpeedPredictor
09-01 19:54:22.787 3466 3466 I iu.Environment: update connectivity state; isNetworkMetered? false, isRoaming? false, isBackgroundDataAllowed? true*
09-01 19:54:22.815 2452 2464 I ActivityManager: Start proc 3556:com.chrome.dev/u0a130 for broadcast com.chrome.dev/org.chromium.base.PowerStatusReceiver
09-01 19:54:22.843 3447 3447 W GAV2 : Thread[main,5,main]: Need to call initialize() and be in fallback mode to start dispatch.
09-01 19:54:22.889 3556 3556 W XPrivacy: Hooking package=com.chrome.dev
09-01 19:54:22.891 2452 2463 I chatty : uid=1000(system) Binder_1 expire 10 lines
09-01 19:54:22.891 2452 2463 W ActivityManager: Unable to launch app com.google.android.syncadapters.contacts/10060 for provider com.google.contacts.gal.provider: process is bad
09-01 19:54:22.894 3109 3204 E ActivityThread: Failed to find provider info for com.google.contacts.gal.provider
09-01 19:54:22.894 3109 3204 I ContactDirectoryManager: Directory provider com.google.android.syncadapters.contacts(com.google.contacts.gal.provider) returned a NULL cursor.
09-01 19:54:22.896 3109 3204 I ContactDirectoryManager: deleted 0 stale rows which don't have any relevant directory
09-01 19:54:22.922 2764 3276 I GCoreUlr: Place inference reporting - stop
09-01 19:54:22.931 3447 3576 I Gmail : Initiated Service map for: [gPop3, gLegacyImap, gEas, gmail]
09-01 19:54:22.953 3447 3577 I Gmail : getAccountsCursor
09-01 19:54:22.975 3109 3204 I ContactDirectoryManager: Discovered 0 contact directories in 2730ms
09-01 19:54:22.993 3225 3225 W BluetoothAdapter: getBluetoothService() called with no BluetoothManagerCallback
09-01 19:54:22.997 3447 3447 I Exchange: EasService.onCreate
09-01 19:54:23.009 3225 3225 D BlueZ : external/bluetooth/bluez/android/hal-socket.c:socket_listen() uuid 00000000-0000-0000-0000-000000000000 chan -2 sock 0xbfbacabc type 1 service_name (null) flags 0x07
09-01 19:54:23.010 3311 3311 E bluetoothd: Invalid rfcomm listen params
09-01 19:54:23.010 3225 3225 E BluetoothServiceJni: Socket listen failed: 7
09-01 19:54:23.010 3225 3225 E BluetoothAdapterService: Failed to create socket channel
09-01 19:54:23.010 3225 3225 E ObexServerSockets: Error create ServerSockets
09-01 19:54:23.010 3225 3225 E ObexServerSockets: java.io.IOException: Error: -1
09-01 19:54:23.010 3225 3225 E ObexServerSockets: at android.bluetooth.BluetoothAdapter.listenUsingRfcommOn(BluetoothAdapter.java:1542)
09-01 19:54:23.010 3225 3225 E ObexServerSockets: at android.bluetooth.BluetoothAdapter.listenUsingRfcommOn(BluetoothAdapter.java:1508)
09-01 19:54:23.010 3225 3225 E ObexServerSockets: at com.android.bluetooth.ObexServerSockets.create(ObexServerSockets.java:118)
09-01 19:54:23.010 3225 3225 E ObexServerSockets: at com.android.bluetooth.ObexServerSockets.create(ObexServerSockets.java:84)
09-01 19:54:23.010 3225 3225 E ObexServerSockets: at com.android.bluetooth.map.BluetoothMapMasInstance.startRfcommSocketListener(BluetoothMapMasInstance.java:273)
09-01 19:54:23.010 3225 3225 E ObexServerSockets: at com.android.bluetooth.map.BluetoothMapService.startRfcommSocketListeners(BluetoothMapService.java:200)
09-01 19:54:23.010 3225 3225 E ObexServerSockets: at com.android.bluetooth.map.BluetoothMapService.-wrap10(BluetoothMapService.java)
09-01 19:54:23.010 3225 3225 E ObexServerSockets: at com.android.bluetooth.map.BluetoothMapService$1.handleMessage(BluetoothMapService.java:327)
09-01 19:54:23.010 3225 3225 E ObexServerSockets: at android.os.Handler.dispatchMessage(Handler.java:102)
09-01 19:54:23.010 3225 3225 E ObexServerSockets: at android.os.Looper.loop(Looper.java:148)
09-01 19:54:23.010 3225 3225 E ObexServerSockets: at android.app.ActivityThread.main(ActivityThread.java:5415)
09-01 19:54:23.010 3225 3225 E ObexServerSockets: at java.lang.reflect.Method.invoke(Native Method)
09-01 19:54:23.010 3225 3225 E ObexServerSockets: at com.android.internal.os.ZygoteInit$MethodAndArgsCaller.run(ZygoteInit.java:744)
09-01 19:54:23.010 3225 3225 E ObexServerSockets: at com.android.internal.os.ZygoteInit.main(ZygoteInit.java:634)
09-01 19:54:23.010 3225 3225 E ObexServerSockets: at de.robv.android.xposed.XposedBridge.main(XposedBridge.java:102)
09-01 19:54:23.011 2452 2587 W ActivityManager: Unable to start service Intent { cmp=com.google.android.gm.exchange/com.android.exchange.service.EasService } U=0: not found
09-01 19:54:23.011 3447 3447 I Exchange: EasService.onCreate stoppedOldService=false
09-01 19:54:23.014 3225 3225 V ObexServerSockets: waiting 300 ms...
09-01 19:54:23.014 2764 2764 I Auth : [AuthDelegateWrapper] Service intent: Intent { cmp=com.google.android.gms/.auth.account.authenticator.DefaultAuthDelegateService }.
09-01 19:54:23.014 3147 3147 I MicroDetectionWorker: Micro detection mode: [mDetectionMode: [1]].
09-01 19:54:23.022 3556 3556 I Xposed : XHFW3 load package com.chrome.dev
09-01 19:54:23.032 3147 3267 W LocationOracle: getBestLocation(): no location is available
09-01 19:54:23.068 3466 3553 I iu.UploadsManager: num queued entries: 0
09-01 19:54:23.073 3447 3447 I Exchange: needResyncCalendar: false, hasCalendarPermission: true, needResyncContacts: false, hasContactsPermission: true
09-01 19:54:23.086 2452 3438 I chatty : uid=1000(system) Binder_C expire 13 lines
09-01 19:54:23.106 3447 3586 I Exchange: RestartPingTask
09-01 19:54:23.107 3147 3270 W LocationOracle: Starting background requests
09-01 19:54:23.142 3466 3553 I iu.UploadsManager: num updated entries: 0
09-01 19:54:23.185 2764 2764 I Auth : [AuthDelegateWrapper] Service intent: Intent { cmp=com.google.android.gms/.auth.account.authenticator.DefaultAuthDelegateService }.
09-01 19:54:23.200 2764 3309 W GeofencerStateMachine: Ignoring removeGeofence because network location is disabled.
09-01 19:54:23.240 3466 3553 I iu.SyncManager: NEXT; no task
09-01 19:54:23.249 3447 3554 W art : Long monitor contention event with owner method=long android.database.sqlite.SQLiteConnection.nativeOpen(java.lang.String, int, java.lang.String, boolean, boolean) from SQLiteConnection.java:4294967294 waiters=0 for 479ms
09-01 19:54:23.277 2452 2464 W ActivityManager: Unable to start service Intent { cmp=com.google.android.gm/com.android.email.service.AttachmentService } U=0: not found
09-01 19:54:23.283 2452 3026 I chatty : uid=1000(system) Binder_7 expire 9 lines
09-01 19:54:23.289 2764 3276 I GCoreUlr: DispatchingService.updateActiveState+PowerModeReceiver: Ensuring that reporting is active for [account#16#, account#10#]
09-01 19:54:23.290 3147 3584 I GsaNativeCrashHandler: Loaded shared library: nativecrashreporter
09-01 19:54:23.296 3447 3598 I Gmail : Observing account changes for notifications
09-01 19:54:23.298 3447 3447 I Exchange: RestartPingsTask did not start any pings.
09-01 19:54:23.298 3447 3447 I Exchange: PSS stopIfIdle
09-01 19:54:23.298 3447 3447 I Exchange: PSS has no active accounts; stopping service.
09-01 19:54:23.309 2452 2492 W PackageManager: Permission com.chrome.beta.permission.DEBUG from package com.chrome.beta in an unknown group android.permission-group.DEVELOPMENT_TOOLS
09-01 19:54:23.313 2764 3276 I GCoreUlr: Place inference reporting - stop
09-01 19:54:23.320 3447 3447 I Exchange: onDestroy
09-01 19:54:23.330 3147 3584 I MicroDataManager: Created a new hotword model for:
09-01 19:54:23.330 3147 3584 I MicroDataManager: # com.google.android.apps.gsa.speech.microdetection.g@36410d17
09-01 19:54:23.353 2452 3463 I chatty : uid=1000(system) Binder_D expire 7 lines
09-01 19:54:23.355 3147 3604 I MicroRecognitionRunner: Starting detection.
09-01 19:54:23.358 3225 3225 W BluetoothAdapter: getBluetoothService() called with no BluetoothManagerCallback
09-01 19:54:23.365 3225 3225 D BlueZ : external/bluetooth/bluez/android/hal-socket.c:socket_listen() uuid 00000000-0000-0000-0000-000000000000 chan -2 sock 0xbfbacabc type 1 service_name (null) flags 0x07
09-01 19:54:23.365 3311 3311 E bluetoothd: Invalid rfcomm listen params
09-01 19:54:23.365 3225 3225 E BluetoothServiceJni: Socket listen failed: 7
09-01 19:54:23.365 3225 3225 E BluetoothAdapterService: Failed to create socket channel
09-01 19:54:23.365 3225 3225 E ObexServerSockets: Error create ServerSockets
09-01 19:54:23.365 3225 3225 E ObexServerSockets: java.io.IOException: Error: -1
09-01 19:54:23.365 3225 3225 E ObexServerSockets: at android.bluetooth.BluetoothAdapter.listenUsingRfcommOn(BluetoothAdapter.java:1542)
09-01 19:54:23.365 3225 3225 E ObexServerSockets: at android.bluetooth.BluetoothAdapter.listenUsingRfcommOn(BluetoothAdapter.java:1508)
09-01 19:54:23.365 3225 3225 E ObexServerSockets: at com.android.bluetooth.ObexServerSockets.create(ObexServerSockets.java:118)
09-01 19:54:23.365 3225 3225 E ObexServerSockets: at com.android.bluetooth.ObexServerSockets.create(ObexServerSockets.java:84)
09-01 19:54:23.365 3225 3225 E ObexServerSockets: at com.android.bluetooth.map.BluetoothMapMasInstance.startRfcommSocketListener(BluetoothMapMasInstance.java:273)
09-01 19:54:23.365 3225 3225 E ObexServerSockets: at com.android.bluetooth.map.BluetoothMapService.startRfcommSocketListeners(BluetoothMapService.java:200)
09-01 19:54:23.365 3225 3225 E ObexServerSockets: at com.android.bluetooth.map.BluetoothMapService.-wrap10(BluetoothMapService.java)
09-01 19:54:23.365 3225 3225 E ObexServerSockets: at com.android.bluetooth.map.BluetoothMapService$1.handleMessage(BluetoothMapService.java:327)
09-01 19:54:23.365 3225 3225 E ObexServerSockets: at android.os.Handler.dispatchMessage(Handler.java:102)
09-01 19:54:23.365 3225 3225 E ObexServerSockets: at android.os.Looper.loop(Looper.java:148)
09-01 19:54:23.365 3225 3225 E ObexServerSockets: at android.app.ActivityThread.main(ActivityThread.java:5415)
09-01 19:54:23.365 3225 3225 E ObexServerSockets: at java.lang.reflect.Method.invoke(Native Method)
09-01 19:54:23.365 3225 3225 E ObexServerSockets: at com.android.internal.os.ZygoteInit$MethodAndArgsCaller.run(ZygoteInit.java:744)
09-01 19:54:23.365 3225 3225 E ObexServerSockets: at com.android.internal.os.ZygoteInit.main(ZygoteInit.java:634)
09-01 19:54:23.365 3225 3225 E ObexServerSockets: at de.robv.android.xposed.XposedBridge.main(XposedBridge.java:102)
09-01 19:54:23.370 3147 3404 I MicrophoneInputStream: mic_starting com.google.android.apps.gsa.speech.audio.ag@390d078
09-01 19:54:23.371 3225 3225 V ObexServerSockets: waiting 300 ms...
09-01 19:54:23.389 2092 2531 I chatty : uid=1013(media) Binder_2 expire 1 line
09-01 19:54:23.399 2092 3610 I chatty : uid=1013(media) /system/bin/mediaserver expire 21 lines
09-01 19:54:23.410 2562 2562 I Choreographer: Skipped 149 frames! The application may be doing too much work on its main thread.
09-01 19:54:23.414 2562 2562 D ViewRootImpl: changeCanvasOpacity: opaque=true
09-01 19:54:23.424 3147 3404 I MicrophoneInputStream: mic_started com.google.android.apps.gsa.speech.audio.ag@390d078
09-01 19:54:23.442 3447 3447 I Exchange: EasService.onCreate
09-01 19:54:23.456 2452 2586 W ActivityManager: Unable to start service Intent { cmp=com.google.android.gm.exchange/com.android.exchange.service.EasService } U=0: not found
09-01 19:54:23.456 3447 3447 I Exchange: EasService.onCreate stoppedOldService=false
09-01 19:54:23.484 2851 3178 I GAV3 : Thread[GAThread,5,main]: No campaign data found.
09-01 19:54:23.492 3447 3447 I Exchange: needResyncCalendar: false, hasCalendarPermission: true, needResyncContacts: false, hasContactsPermission: true
09-01 19:54:23.497 3447 3544 I Exchange: RestartPingTask
09-01 19:54:23.532 3447 3447 I Exchange: RestartPingsTask did not start any pings.
09-01 19:54:23.532 3447 3447 I Exchange: PSS stopIfIdle
09-01 19:54:23.532 3447 3447 I Exchange: PSS has no active accounts; stopping service.
09-01 19:54:23.533 3447 3447 I Exchange: onDestroy
09-01 19:54:23.551 3466 3466 I GAv4-SVC: Google Analytics 9.4.52 is starting up.
09-01 19:54:23.568 3147 3604 W SpeechLevelGenerator: Really low audio levels detected. The audio input may have issues.
09-01 19:54:23.630 3556 3556 W DynamiteModule: Local module descriptor class for com.google.android.gms.googlecertificates not found.
09-01 19:54:23.677 3225 3225 W BluetoothAdapter: getBluetoothService() called with no BluetoothManagerCallback
09-01 19:54:23.683 3225 3225 D BlueZ : external/bluetooth/bluez/android/hal-socket.c:socket_listen() uuid 00000000-0000-0000-0000-000000000000 chan -2 sock 0xbfbacabc type 1 service_name (null) flags 0x07
09-01 19:54:23.683 3311 3311 E bluetoothd: Invalid rfcomm listen params
09-01 19:54:23.684 3225 3225 E BluetoothServiceJni: Socket listen failed: 7
09-01 19:54:23.684 3225 3225 E BluetoothAdapterService: Failed to create socket channel
09-01 19:54:23.685 3225 3225 E ObexServerSockets: Error create ServerSockets
09-01 19:54:23.685 3225 3225 E ObexServerSockets: java.io.IOException: Error: -1
09-01 19:54:23.685 3225 3225 E ObexServerSockets: at android.bluetooth.BluetoothAdapter.listenUsingRfcommOn(BluetoothAdapter.java:1542)
09-01 19:54:23.685 3225 3225 E ObexServerSockets: at android.bluetooth.BluetoothAdapter.listenUsingRfcommOn(BluetoothAdapter.java:1508)
09-01 19:54:23.685 3225 3225 E ObexServerSockets: at com.android.bluetooth.ObexServerSockets.create(ObexServerSockets.java:118)
09-01 19:54:23.685 3225 3225 E ObexServerSockets: at com.android.bluetooth.ObexServerSockets.create(ObexServerSockets.java:84)
09-01 19:54:23.685 3225 3225 E ObexServerSockets: at com.android.bluetooth.map.BluetoothMapMasInstance.startRfcommSocketListener(BluetoothMapMasInstance.java:273)
09-01 19:54:23.685 3225 3225 E ObexServerSockets: at com.android.bluetooth.map.BluetoothMapService.startRfcommSocketListeners(BluetoothMapService.java:200)
09-01 19:54:23.685 3225 3225 E ObexServerSockets: at com.android.bluetooth.map.BluetoothMapService.-wrap10(BluetoothMapService.java)
09-01 19:54:23.685 3225 3225 E ObexServerSockets: at com.android.bluetooth.map.BluetoothMapService$1.handleMessage(BluetoothMapService.java:327)
09-01 19:54:23.685 3225 3225 E ObexServerSockets: at android.os.Handler.dispatchMessage(Handler.java:102)
09-01 19:54:23.685 3225 3225 E ObexServerSockets: at android.os.Looper.loop(Looper.java:148)
09-01 19:54:23.685 3225 3225 E ObexServerSockets: at android.app.ActivityThread.main(ActivityThread.java:5415)
09-01 19:54:23.685 3225 3225 E ObexServerSockets: at java.lang.reflect.Method.invoke(Native Method)
09-01 19:54:23.685 3225 3225 E ObexServerSockets: at com.android.internal.os.ZygoteInit$MethodAndArgsCaller.run(ZygoteInit.java:744)
09-01 19:54:23.685 3225 3225 E ObexServerSockets: at com.android.internal.os.ZygoteInit.main(ZygoteInit.java:634)
09-01 19:54:23.685 3225 3225 E ObexServerSockets: at de.robv.android.xposed.XposedBridge.main(XposedBridge.java:102)
09-01 19:54:23.697 3225 3225 V ObexServerSockets: waiting 300 ms...
09-01 19:54:23.718 3147 3269 W ErrorReporter: reportError [type: 29, code: 917507]: java.lang.IllegalStateException: Cannot instantiate: org.chromium.net.impl.CronetUrlRequestContext
09-01 19:54:23.719 3147 3269 W DefaultHttpEngineProv: Unable to instantiate the Cronet engine.
09-01 19:54:23.719 3147 3269 W DefaultHttpEngineProv: java.lang.IllegalStateException: Cannot instantiate: org.chromium.net.impl.CronetUrlRequestContext
09-01 19:54:23.719 3147 3269 W DefaultHttpEngineProv: at org.chromium.net.CronetEngine.a(CronetEngine.java:1127)
09-01 19:54:23.719 3147 3269 W DefaultHttpEngineProv: at com.google.android.apps.gsa.search.core.l.a.d.(CronetAsyncHttpEngine.java:7041)
09-01 19:54:23.719 3147 3269 W DefaultHttpEngineProv: at com.google.android.apps.gsa.search.core.l.i.dF(DefaultHttpEngineProvider.java:151)
09-01 19:54:23.719 3147 3269 W DefaultHttpEngineProv: at com.google.android.apps.gsa.search.core.l.i.y(DefaultHttpEngineProvider.java:100)
09-01 19:54:23.719 3147 3269 W DefaultHttpEngineProv: at com.google.android.apps.gsa.shared.io.z.kd(HttpHelper.java:450)
09-01 19:54:23.719 3147 3269 W DefaultHttpEngineProv: at com.google.android.apps.gsa.shared.io.z.ke(HttpHelper.java:464)
09-01 19:54:23.719 3147 3269 W DefaultHttpEngineProv: at com.google.android.apps.gsa.shared.io.z.getDefaultConnectivityContext(HttpHelper.java:216)
09-01 19:54:23.719 3147 3269 W DefaultHttpEngineProv: at com.google.android.apps.gsa.search.core.imageloader.j$1$1.call(NetworkImageLoader.java:1204)
09-01 19:54:23.719 3147 3269 W DefaultHttpEngineProv: at java.util.concurrent.FutureTask.run(FutureTask.java:237)
09-01 19:54:23.719 3147 3269 W DefaultHttpEngineProv: at com.google.android.apps.gsa.shared.util.concurrent.a.ag.run(TaskRunnerFutureTask.java:122)
09-01 19:54:23.719 3147 3269 W DefaultHttpEngineProv: at com.google.android.apps.gsa.shared.util.concurrent.a.ar.run(ThrottlingExecutor.java:139)
09-01 19:54:23.719 3147 3269 W DefaultHttpEngineProv: at com.google.android.apps.gsa.shared.util.concurrent.a.ar.run(ThrottlingExecutor.java:139)
09-01 19:54:23.719 3147 3269 W DefaultHttpEngineProv: at java.util.concurrent.ThreadPoolExecutor.runWorker(ThreadPoolExecutor.java:1113)
09-01 19:54:23.719 3147 3269 W DefaultHttpEngineProv: at java.util.concurrent.ThreadPoolExecutor$Worker.run(ThreadPoolExecutor.java:588)
09-01 19:54:23.719 3147 3269 W DefaultHttpEngineProv: at java.lang.Thread.run(Thread.java:818)
09-01 19:54:23.719 3147 3269 W DefaultHttpEngineProv: at com.google.android.apps.gsa.shared.util.concurrent.a.aa$1.run(GsaThreadFactory.java:85)
09-01 19:54:23.719 3147 3269 W DefaultHttpEngineProv: Caused by: java.lang.reflect.InvocationTargetException
09-01 19:54:23.719 3147 3269 W DefaultHttpEngineProv: at java.lang.reflect.Constructor.newInstance(Native Method)
09-01 19:54:23.719 3147 3269 W DefaultHttpEngineProv: at org.chromium.net.CronetEngine.a(CronetEngine.java:1120)
09-01 19:54:23.719 3147 3269 W DefaultHttpEngineProv: ... 15 more
09-01 19:54:23.719 3147 3269 W DefaultHttpEngineProv: Caused by: java.lang.UnsatisfiedLinkError: dalvik.system.PathClassLoader[DexPathList[[zip file "/system/priv-app/Velvet/Velvet.apk"],nativeLibraryDirectories=[/system/priv-app/Velvet/lib/x86, /system/priv-app/Velvet/Velvet.apk!/lib/x86, /vendor/lib, /system/lib]]] couldn't find "libcronet.so"
09-01 19:54:23.719 3147 3269 W DefaultHttpEngineProv: at java.lang.Runtime.loadLibrary(Runtime.java:367)
09-01 19:54:23.719 3147 3269 W DefaultHttpEngineProv: at de.robv.android.xposed.XposedBridge.invokeOriginalMethodNative(Native Method)
09-01 19:54:23.719 3147 3269 W DefaultHttpEngineProv: at de.robv.android.xposed.XposedBridge.handleHookedMethod(XposedBridge.java:334)
09-01 19:54:23.719 3147 3269 W DefaultHttpEngineProv: at java.lang.Runtime.loadLibrary()
09-01 19:54:23.719 3147 3269 W DefaultHttpEngineProv: at java.lang.System.loadLibrary(System.java:1076)
09-01 19:54:23.719 3147 3269 W DefaultHttpEngineProv: at org.chromium.net.impl.CronetLibraryLoader.a(CronetLibraryLoader.java:47)
09-01 19:54:23.719 3147 3269 W DefaultHttpEngineProv: at org.chromium.net.impl.CronetUrlRequestContext.(CronetUrlRequestContext.java:126)
09-01 19:54:23.719 3147 3269 W DefaultHttpEngineProv: ... 17 more
09-01 19:54:23.749 3447 3576 I Gmail : getAccountsCursor
09-01 19:54:23.758 3556 3556 W XPrivacy: Hooking package=com.google.android.gms
09-01 19:54:23.764 3147 3147 I MicroDetectionWorker: onReady
09-01 19:54:23.781 3556 3556 I Xposed : XHFW3 load package com.google.android.gms
09-01 19:54:23.802 3147 3629 I PlatformHttpEngine: Installed HTTP response cache.
09-01 19:54:23.810 2452 3247 I chatty : uid=1000(system) Binder_B expire 8 lines
09-01 19:54:23.840 2562 3517 I EGL-DRI2: found extension DRI_Core version 1
09-01 19:54:23.840 2562 3517 I EGL-DRI2: found extension DRI_DRI2 version 4
09-01 19:54:23.850 3447 3613 I Gmail : notifyAccountChanged
09-01 19:54:23.872 2562 3517 I EGL-DRI2: found extension DRI_TexBuffer version 3
09-01 19:54:23.872 2562 3517 I EGL-DRI2: found extension DRI2_Flush version 4
09-01 19:54:23.872 2562 3517 I EGL-DRI2: found extension DRI_IMAGE version 11
09-01 19:54:23.872 2562 3517 I OpenGLRenderer: Initialized EGL, version 1.4
09-01 19:54:23.872 2562 3517 W OpenGLRenderer: Failed to choose config with EGL_SWAP_BEHAVIOR_PRESERVED, retrying without...
09-01 19:54:23.886 3147 3147 E CardSyncManagerImpl: onConnectionFailed: ConnectionResult{statusCode=API_UNAVAILABLE, resolution=null, message=null}
09-01 19:54:23.887 3147 3573 E CardSyncManagerImpl: Failed to connect to GoogleApiClient: null
09-01 19:54:23.902 3147 3147 I MicroDetector: Keeping mic open: false
09-01 19:54:23.902 3147 3585 I DeviceStateChecker: DeviceStateChecker cancelled
09-01 19:54:23.914 3147 3269 I AudioController: internalShutdown
09-01 19:54:23.914 3147 3269 I MicrophoneInputStream: mic_close com.google.android.apps.gsa.speech.audio.ag@390d078
09-01 19:54:23.914 3147 3584 I MicroRecognitionRunner: Stopping hotword detection.
09-01 19:54:23.924 2764 2764 I Auth : [AuthDelegateWrapper] Service intent: Intent { cmp=com.google.android.gms/.auth.account.authenticator.DefaultAuthDelegateService }.
09-01 19:54:23.926 3147 3604 I MicroRecognitionRunner: Detection finished
09-01 19:54:23.945 3447 3626 I Gmail : notifyAccountChanged
09-01 19:54:23.949 3447 3613 I Gmail : calculateUnknownSyncRationalesAndPurgeInBackground: queueing
09-01 19:54:23.986 3447 3626 I Gmail : calculateUnknownSyncRationalesAndPurgeInBackground: queueing
09-01 19:54:23.998 3556 3556 D ChimeraCfgMgr: Reading stored module config
09-01 19:54:24.005 3225 3225 W BluetoothAdapter: getBluetoothService() called with no BluetoothManagerCallback
09-01 19:54:24.010 3225 3225 D BlueZ : external/bluetooth/bluez/android/hal-socket.c:socket_listen() uuid 00000000-0000-0000-0000-000000000000 chan -2 sock 0xbfbacabc type 1 service_name (null) flags 0x07
09-01 19:54:24.010 3311 3311 E bluetoothd: Invalid rfcomm listen params
09-01 19:54:24.011 3225 3225 E BluetoothServiceJni: Socket listen failed: 7
09-01 19:54:24.011 3225 3225 E BluetoothAdapterService: Failed to create socket channel
09-01 19:54:24.011 3225 3225 E ObexServerSockets: Error create ServerSockets
09-01 19:54:24.011 3225 3225 E ObexServerSockets: java.io.IOException: Error: -1
09-01 19:54:24.011 3225 3225 E ObexServerSockets: at android.bluetooth.BluetoothAdapter.listenUsingRfcommOn(BluetoothAdapter.java:1542)
09-01 19:54:24.011 3225 3225 E ObexServerSockets: at android.bluetooth.BluetoothAdapter.listenUsingRfcommOn(BluetoothAdapter.java:1508)
09-01 19:54:24.011 3225 3225 E ObexServerSockets: at com.android.bluetooth.ObexServerSockets.create(ObexServerSockets.java:118)
09-01 19:54:24.011 3225 3225 E ObexServerSockets: at com.android.bluetooth.ObexServerSockets.create(ObexServerSockets.java:84)
09-01 19:54:24.011 3225 3225 E ObexServerSockets: at com.android.bluetooth.map.BluetoothMapMasInstance.startRfcommSocketListener(BluetoothMapMasInstance.java:273)
09-01 19:54:24.011 3225 3225 E ObexServerSockets: at com.android.bluetooth.map.BluetoothMapService.startRfcommSocketListeners(BluetoothMapService.java:200)
09-01 19:54:24.011 3225 3225 E ObexServerSockets: at com.android.bluetooth.map.BluetoothMapService.-wrap10(BluetoothMapService.java)
09-01 19:54:24.011 3225 3225 E ObexServerSockets: at com.android.bluetooth.map.BluetoothMapService$1.handleMessage(BluetoothMapService.java:327)
09-01 19:54:24.011 3225 3225 E ObexServerSockets: at android.os.Handler.dispatchMessage(Handler.java:102)
09-01 19:54:24.011 3225 3225 E ObexServerSockets: at android.os.Looper.loop(Looper.java:148)
09-01 19:54:24.011 3225 3225 E ObexServerSockets: at android.app.ActivityThread.main(ActivityThread.java:5415)
09-01 19:54:24.011 3225 3225 E ObexServerSockets: at java.lang.reflect.Method.invoke(Native Method)
09-01 19:54:24.011 3225 3225 E ObexServerSockets: at com.android.internal.os.ZygoteInit$MethodAndArgsCaller.run(ZygoteInit.java:744)
09-01 19:54:24.011 3225 3225 E ObexServerSockets: at com.android.internal.os.ZygoteInit.main(ZygoteInit.java:634)
09-01 19:54:24.011 3225 3225 E ObexServerSockets: at de.robv.android.xposed.XposedBridge.main(XposedBridge.java:102)
09-01 19:54:24.027 3225 3225 V ObexServerSockets: waiting 300 ms...
09-01 19:54:24.033 3556 3556 I DynamiteModule: Considering local module com.google.android.gms.googlecertificates:0 and remote module com.google.android.gms.googlecertificates:1
09-01 19:54:24.033 3556 3556 I DynamiteModule: Selected remote version of com.google.android.gms.googlecertificates, version >= 1
09-01 19:54:24.043 3556 3556 W System : ClassLoader referenced unknown path: /data/user/0/com.google.android.gms/app_chimera/m/00000000/n/armeabi-v7a
09-01 19:54:24.043 3556 3556 W System : ClassLoader referenced unknown path: /data/user/0/com.google.android.gms/app_chimera/m/00000000/n/armeabi
09-01 19:54:24.043 3556 3556 D ChimeraFileApk: Primary ABI of requesting process is x86
09-01 19:54:24.044 3556 3556 D ChimeraFileApk: Classloading successful. Optimized code found.
09-01 19:54:24.062 3447 3613 I Gmail : calculateUnknownSyncRationalesAndPurgeInBackground: queueing
09-01 19:54:24.088 3447 3626 I Gmail : calculateUnknownSyncRationalesAndPurgeInBackground: queueing
09-01 19:54:24.138 3556 3556 D GoogleCertificatesImpl: Fetched 318 Google certificates
09-01 19:54:24.147 2452 2523 D WifiService: New client listening to asynchronous messages
09-01 19:54:24.179 3147 3147 W ThreadPoolDumper: Queue length for executor NowImageLoader is now 11. Perhaps some tasks are too long, or the pool is too small.
09-01 19:54:24.216 3147 3157 I art : Background sticky concurrent mark sweep GC freed 244406(18MB) AllocSpace objects, 120(3MB) LOS objects, 44% free, 19MB/35MB, paused 5.861ms total 194.624ms
09-01 19:54:24.258 2562 2562 D BluetoothInputDevice: Proxy object connected
09-01 19:54:24.258 2562 2562 D HidProfile: Bluetooth service connected
09-01 19:54:24.265 2633 2633 D ExternalStorage: After updating volumes, found 5 active roots
09-01 19:54:24.277 2562 2562 D BluetoothPan: BluetoothPAN Proxy object connected
09-01 19:54:24.277 2562 2562 D PanProfile: Bluetooth service connected
09-01 19:54:24.279 2633 2633 D ExternalStorage: After updating volumes, found 5 active roots
09-01 19:54:24.282 2562 2562 D BluetoothMap: Proxy object connected
09-01 19:54:24.283 2562 2562 D MapProfile: Bluetooth service connected
09-01 19:54:24.283 2562 2562 D BluetoothMap: getConnectedDevices()
09-01 19:54:24.312 3447 3626 I Gmail : calculateUnknownSyncRationalesAndPurgeInBackground: running
09-01 19:54:24.316 3447 3626 I Gmail : calculateUnknownSyncRationalesAndPurgeInBackground: running
09-01 19:54:24.331 3225 3225 W BluetoothAdapter: getBluetoothService() called with no BluetoothManagerCallback
09-01 19:54:24.345 3225 3225 D BlueZ : external/bluetooth/bluez/android/hal-socket.c:socket_listen() uuid 00000000-0000-0000-0000-000000000000 chan -2 sock 0xbfbacabc type 1 service_name (null) flags 0x07
09-01 19:54:24.345 3311 3311 E bluetoothd: Invalid rfcomm listen params
09-01 19:54:24.346 3225 3225 E BluetoothServiceJni: Socket listen failed: 7
09-01 19:54:24.346 3225 3225 E BluetoothAdapterService: Failed to create socket channel
09-01 19:54:24.346 3225 3225 E ObexServerSockets: Error create ServerSockets
09-01 19:54:24.346 3225 3225 E ObexServerSockets: java.io.IOException: Error: -1
09-01 19:54:24.346 3225 3225 E ObexServerSockets: at android.bluetooth.BluetoothAdapter.listenUsingRfcommOn(BluetoothAdapter.java:1542)
09-01 19:54:24.346 3225 3225 E ObexServerSockets: at android.bluetooth.BluetoothAdapter.listenUsingRfcommOn(BluetoothAdapter.java:1508)
09-01 19:54:24.346 3225 3225 E ObexServerSockets: at com.android.bluetooth.ObexServerSockets.create(ObexServerSockets.java:118)
09-01 19:54:24.346 3225 3225 E ObexServerSockets: at com.android.bluetooth.ObexServerSockets.create(ObexServerSockets.java:84)
09-01 19:54:24.346 3225 3225 E ObexServerSockets: at com.android.bluetooth.map.BluetoothMapMasInstance.startRfcommSocketListener(BluetoothMapMasInstance.java:273)
09-01 19:54:24.346 3225 3225 E ObexServerSockets: at com.android.bluetooth.map.BluetoothMapService.startRfcommSocketListeners(BluetoothMapService.java:200)
09-01 19:54:24.346 3225 3225 E ObexServerSockets: at com.android.bluetooth.map.BluetoothMapService.-wrap10(BluetoothMapService.java)
09-01 19:54:24.346 3225 3225 E ObexServerSockets: at com.android.bluetooth.map.BluetoothMapService$1.handleMessage(BluetoothMapService.java:327)
09-01 19:54:24.346 3225 3225 E ObexServerSockets: at android.os.Handler.dispatchMessage(Handler.java:102)
09-01 19:54:24.346 3225 3225 E ObexServerSockets: at android.os.Looper.loop(Looper.java:148)
09-01 19:54:24.346 3225 3225 E ObexServerSockets: at android.app.ActivityThread.main(ActivityThread.java:5415)
09-01 19:54:24.346 3225 3225 E ObexServerSockets: at java.lang.reflect.Method.invoke(Native Method)
09-01 19:54:24.346 3225 3225 E ObexServerSockets: at com.android.internal.os.ZygoteInit$MethodAndArgsCaller.run(ZygoteInit.java:744)
09-01 19:54:24.346 3225 3225 E ObexServerSockets: at com.android.internal.os.ZygoteInit.main(ZygoteInit.java:634)
09-01 19:54:24.346 3225 3225 E ObexServerSockets: at de.robv.android.xposed.XposedBridge.main(XposedBridge.java:102)
09-01 19:54:24.347 3225 3225 V ObexServerSockets: waiting 300 ms...
09-01 19:54:24.390 2562 2562 D BluetoothA2dp: Proxy object connected
09-01 19:54:24.413 2562 2562 D HeadsetProfile: Bluetooth service connected
09-01 19:54:24.418 2452 2524 D ConnectivityService: handlePromptUnvalidated 100
09-01 19:54:24.428 2764 3633 W art : Long monitor contention event with owner method=boolean android.os.BinderProxy.transactNative(int, android.os.Parcel, android.os.Parcel, int) from Binder.java:4294967294 waiters=0 for 313ms
09-01 19:54:24.432 3147 3605 W GmsConManHelper: Exception resolving UserLocation future
09-01 19:54:24.432 3147 3605 W GmsConManHelper: java.util.concurrent.TimeoutException
09-01 19:54:24.432 3147 3605 W GmsConManHelper: at java.util.concurrent.FutureTask.get(FutureTask.java:177)
09-01 19:54:24.432 3147 3605 W GmsConManHelper: at com.google.android.apps.gsa.extradex.kato.m$3.BS(GmsContextManagerClientHelper.java:210)
09-01 19:54:24.432 3147 3605 W GmsConManHelper: at com.google.android.apps.gsa.extradex.kato.m$3.call(GmsContextManagerClientHelper.java:199)
09-01 19:54:24.432 3147 3605 W GmsConManHelper: at java.util.concurrent.FutureTask.run(FutureTask.java:237)
09-01 19:54:24.432 3147 3605 W GmsConManHelper: at java.util.concurrent.Executors$RunnableAdapter.call(Executors.java:423)
09-01 19:54:24.432 3147 3605 W GmsConManHelper: at java.util.concurrent.FutureTask.run(FutureTask.java:237)
09-01 19:54:24.432 3147 3605 W GmsConManHelper: at com.google.android.apps.gsa.shared.util.concurrent.a.ag.run(TaskRunnerFutureTask.java:122)
09-01 19:54:24.432 3147 3605 W GmsConManHelper: at com.google.android.apps.gsa.shared.util.concurrent.a.ar.run(ThrottlingExecutor.java:139)
09-01 19:54:24.432 3147 3605 W GmsConManHelper: at com.google.android.apps.gsa.shared.util.concurrent.a.ar.run(ThrottlingExecutor.java:139)
09-01 19:54:24.432 3147 3605 W GmsConManHelper: at java.util.concurrent.ThreadPoolExecutor.runWorker(ThreadPoolExecutor.java:1113)
09-01 19:54:24.432 3147 3605 W GmsConManHelper: at java.util.concurrent.ThreadPoolExecutor$Worker.run(ThreadPoolExecutor.java:588)
09-01 19:54:24.432 3147 3605 W GmsConManHelper: at java.lang.Thread.run(Thread.java:818)
09-01 19:54:24.432 3147 3605 W GmsConManHelper: at com.google.android.apps.gsa.shared.util.concurrent.a.aa$1.run(GsaThreadFactory.java:85)
09-01 19:54:24.433 3147 3600 W GmsConManHelper: Exception resolving UserLocation future
09-01 19:54:24.433 3147 3600 W GmsConManHelper: java.util.concurrent.TimeoutException
09-01 19:54:24.433 3147 3600 W GmsConManHelper: at java.util.concurrent.FutureTask.get(FutureTask.java:177)
09-01 19:54:24.433 3147 3600 W GmsConManHelper: at com.google.android.apps.gsa.extradex.kato.m$3.BS(GmsContextManagerClientHelper.java:210)
09-01 19:54:24.433 3147 3600 W GmsConManHelper: at com.google.android.apps.gsa.extradex.kato.m$3.call(GmsContextManagerClientHelper.java:199)
09-01 19:54:24.433 3147 3600 W GmsConManHelper: at java.util.concurrent.FutureTask.run(FutureTask.java:237)
09-01 19:54:24.433 3147 3600 W GmsConManHelper: at java.util.concurrent.Executors$RunnableAdapter.call(Executors.java:423)
09-01 19:54:24.433 3147 3600 W GmsConManHelper: at java.util.concurrent.FutureTask.run(FutureTask.java:237)
09-01 19:54:24.433 3147 3600 W GmsConManHelper: at com.google.android.apps.gsa.shared.util.concurrent.a.ag.run(TaskRunnerFutureTask.java:122)
09-01 19:54:24.433 3147 3600 W GmsConManHelper: at com.google.android.apps.gsa.shared.util.concurrent.a.ar.run(ThrottlingExecutor.java:139)
09-01 19:54:24.433 3147 3600 W GmsConManHelper: at com.google.android.apps.gsa.shared.util.concurrent.a.ar.run(ThrottlingExecutor.java:139)
09-01 19:54:24.433 3147 3600 W GmsConManHelper: at java.util.concurrent.ThreadPoolExecutor.runWorker(ThreadPoolExecutor.java:1113)
09-01 19:54:24.433 3147 3600 W GmsConManHelper: at java.util.concurrent.ThreadPoolExecutor$Worker.run(ThreadPoolExecutor.java:588)
09-01 19:54:24.433 3147 3600 W GmsConManHelper: at java.lang.Thread.run(Thread.java:818)
09-01 19:54:24.433 3147 3600 W GmsConManHelper: at com.google.android.apps.gsa.shared.util.concurrent.a.aa$1.run(GsaThreadFactory.java:85)
09-01 19:54:24.434 3147 3605 W GmsConManHelper: Exception resolving UserLocation future
09-01 19:54:24.434 3147 3605 W GmsConManHelper: java.util.concurrent.TimeoutException
09-01 19:54:24.434 3147 3605 W GmsConManHelper: at java.util.concurrent.FutureTask.get(FutureTask.java:177)
09-01 19:54:24.434 3147 3605 W GmsConManHelper: at com.google.android.apps.gsa.extradex.kato.m$3.BS(GmsContextManagerClientHelper.java:210)
09-01 19:54:24.434 3147 3605 W GmsConManHelper: at com.google.android.apps.gsa.extradex.kato.m$3.call(GmsContextManagerClientHelper.java:199)
09-01 19:54:24.434 3147 3605 W GmsConManHelper: at java.util.concurrent.FutureTask.run(FutureTask.java:237)
09-01 19:54:24.434 3147 3605 W GmsConManHelper: at java.util.concurrent.Executors$RunnableAdapter.call(Executors.java:423)
09-01 19:54:24.434 3147 3605 W GmsConManHelper: at java.util.concurrent.FutureTask.run(FutureTask.java:237)
09-01 19:54:24.434 3147 3605 W GmsConManHelper: at com.google.android.apps.gsa.shared.util.concurrent.a.ag.run(TaskRunnerFutureTask.java:122)
09-01 19:54:24.434 3147 3605 W GmsConManHelper: at com.google.android.apps.gsa.shared.util.concurrent.a.ar.run(ThrottlingExecutor.java:139)
09-01 19:54:24.434 3147 3605 W GmsConManHelper: at com.google.android.apps.gsa.shared.util.concurrent.a.ar.run(ThrottlingExecutor.java:139)
09-01 19:54:24.434 3147 3605 W GmsConManHelper: at java.util.concurrent.ThreadPoolExecutor.runWorker(ThreadPoolExecutor.java:1113)
09-01 19:54:24.434 3147 3605 W GmsConManHelper: at java.util.concurrent.ThreadPoolExecutor$Worker.run(ThreadPoolExecutor.java:588)
09-01 19:54:24.434 3147 3605 W GmsConManHelper: at java.lang.Thread.run(Thread.java:818)
09-01 19:54:24.434 3147 3605 W GmsConManHelper: at com.google.android.apps.gsa.shared.util.concurrent.a.aa$1.run(GsaThreadFactory.java:85)
09-01 19:54:24.434 3147 3600 W GmsConManHelper: Exception resolving UserLocation future
09-01 19:54:24.434 3147 3600 W GmsConManHelper: java.util.concurrent.TimeoutException
09-01 19:54:24.434 3147 3600 W GmsConManHelper: at java.util.concurrent.FutureTask.get(FutureTask.java:177)
09-01 19:54:24.434 3147 3600 W GmsConManHelper: at com.google.android.apps.gsa.extradex.kato.m$3.BS(GmsContextManagerClientHelper.java:210)
09-01 19:54:24.434 3147 3600 W GmsConManHelper: at com.google.android.apps.gsa.extradex.kato.m$3.call(GmsContextManagerClientHelper.java:199)
09-01 19:54:24.434 3147 3600 W GmsConManHelper: at java.util.concurrent.FutureTask.run(FutureTask.java:237)
09-01 19:54:24.434 3147 3600 W GmsConManHelper: at java.util.concurrent.Executors$RunnableAdapter.call(Executors.java:423)
09-01 19:54:24.434 3147 3600 W GmsConManHelper: at java.util.concurrent.FutureTask.run(FutureTask.java:237)
09-01 19:54:24.434 3147 3600 W GmsConManHelper: at com.google.android.apps.gsa.shared.util.concurrent.a.ag.run(TaskRunnerFutureTask.java:122)
09-01 19:54:24.434 3147 3600 W GmsConManHelper: at com.google.android.apps.gsa.shared.util.concurrent.a.ar.run(ThrottlingExecutor.java:139)
09-01 19:54:24.434 3147 3600 W GmsConManHelper: at com.google.android.apps.gsa.shared.util.concurrent.a.ar.run(ThrottlingExecutor.java:139)
09-01 19:54:24.434 3147 3600 W GmsConManHelper: at java.util.concurrent.ThreadPoolExecutor.runWorker(ThreadPoolExecutor.java:1113)
09-01 19:54:24.434 3147 3600 W GmsConManHelper: at java.util.concurrent.ThreadPoolExecutor$Worker.run(ThreadPoolExecutor.java:588)
09-01 19:54:24.434 3147 3600 W GmsConManHelper: at java.lang.Thread.run(Thread.java:818)
09-01 19:54:24.434 3147 3600 W GmsConManHelper: at com.google.android.apps.gsa.shared.util.concurrent.a.aa$1.run(GsaThreadFactory.java:85)
09-01 19:54:24.456 2764 2764 E ctxmgr : [FencePendingIntentCache]Expected to find a PendingIntent for pendingIntentKey=c813c604-f0a0-4f47-a57b-64d415275103
09-01 19:54:24.456 2764 2764 E ctxmgr : [FencePendingIntentCache]Expected to find a PendingIntent for pendingIntentKey=c813c604-f0a0-4f47-a57b-64d415275103
09-01 19:54:24.456 2764 2764 E ctxmgr : [FencePendingIntentCache]Expected to find a PendingIntent for pendingIntentKey=c813c604-f0a0-4f47-a57b-64d415275103
09-01 19:54:24.456 2764 2764 E ctxmgr : [FencePendingIntentCache]Expected to find a PendingIntent for pendingIntentKey=c813c604-f0a0-4f47-a57b-64d415275103
09-01 19:54:24.495 2764 2764 D GCM : COMPAT: Multi user ser=0 current=0
09-01 19:54:24.640 2764 3276 E ctxmgr : [TimeFilter.Builder]startTimeMillis must be >= 0. Clamping to 0.
09-01 19:54:24.652 3225 3225 W BluetoothAdapter: getBluetoothService() called with no BluetoothManagerCallback
09-01 19:54:24.657 2562 2562 D PhoneStatusBar: disable: < expand ICONS* alerts SYSTEM_INFO* back home recent clock search quick_settings
> 09-01 19:54:24.661 3225 3225 D BlueZ : external/bluetooth/bluez/android/hal-socket.c:socket_listen() uuid 00000000-0000-0000-0000-000000000000 chan -2 sock 0xbfbacabc type 1 service_name (null) flags 0x07
09-01 19:54:24.661 3311 3311 E bluetoothd: Invalid rfcomm listen params
09-01 19:54:24.661 3225 3225 E BluetoothServiceJni: Socket listen failed: 7
09-01 19:54:24.661 3225 3225 E BluetoothAdapterService: Failed to create socket channel
09-01 19:54:24.664 3225 3225 E ObexServerSockets: Error create ServerSockets
09-01 19:54:24.664 3225 3225 E ObexServerSockets: java.io.IOException: Error: -1
09-01 19:54:24.664 3225 3225 E ObexServerSockets: at android.bluetooth.BluetoothAdapter.listenUsingRfcommOn(BluetoothAdapter.java:1542)
09-01 19:54:24.664 3225 3225 E ObexServerSockets: at android.bluetooth.BluetoothAdapter.listenUsingRfcommOn(BluetoothAdapter.java:1508)
09-01 19:54:24.664 3225 3225 E ObexServerSockets: at com.android.bluetooth.ObexServerSockets.create(ObexServerSockets.java:118)
09-01 19:54:24.664 3225 3225 E ObexServerSockets: at com.android.bluetooth.ObexServerSockets.create(ObexServerSockets.java:84)
