09-01 19:57:32.765 2092 2410 W audio_hw_primary: out_write error: -1, sleeping...
09-01 19:57:32.775 2092 2410 W audio_hw_primary: out_write error: -1, sleeping...
09-01 19:57:32.786 2092 2410 W audio_hw_primary: out_write error: -1, sleeping...
09-01 19:57:32.797 2092 2410 W audio_hw_primary: out_write error: -1, sleeping...
09-01 19:57:32.808 2092 2410 W audio_hw_primary: out_write error: -1, sleeping...
09-01 19:57:32.819 2092 2410 W audio_hw_primary: out_write error: -1, sleeping...
09-01 19:57:32.829 2092 2410 W audio_hw_primary: out_write error: -1, sleeping...
09-01 19:57:32.840 2092 2410 W audio_hw_primary: out_write error: -1, sleeping...
09-01 19:57:32.851 2092 2410 W audio_hw_primary: out_write error: -1, sleeping...
09-01 19:57:32.862 2092 2410 W audio_hw_primary: out_write error: -1, sleeping...
09-01 19:57:32.873 2092 2410 W audio_hw_primary: out_write error: -1, sleeping...
09-01 19:57:32.883 2092 2410 W audio_hw_primary: out_write error: -1, sleeping...
09-01 19:57:32.894 2092 2410 W audio_hw_primary: out_write error: -1, sleeping...
09-01 19:57:32.905 2092 2410 W audio_hw_primary: out_write error: -1, sleeping...
09-01 19:57:32.916 2092 2410 W audio_hw_primary: out_write error: -1, sleeping...
09-01 19:57:32.927 2092 2410 W audio_hw_primary: out_write error: -1, sleeping...
09-01 19:57:32.937 2092 2410 W audio_hw_primary: out_write error: -1, sleeping...
09-01 19:57:32.948 2092 2410 W audio_hw_primary: out_write error: -1, sleeping...
09-01 19:57:32.959 2092 2410 W audio_hw_primary: out_write error: -1, sleeping...
09-01 19:57:32.970 2092 2410 W audio_hw_primary: out_write error: -1, sleeping...
09-01 19:57:32.981 2092 2410 W audio_hw_primary: out_write error: -1, sleeping...
09-01 19:57:32.991 2092 2410 W audio_hw_primary: out_write error: -1, sleeping...
09-01 19:57:33.002 2092 2410 W audio_hw_primary: out_write error: -1, sleeping...
09-01 19:57:33.013 2092 2410 W audio_hw_primary: out_write error: -1, sleeping...
09-01 19:57:33.024 2092 2410 W audio_hw_primary: out_write error: -1, sleeping...
09-01 19:57:33.035 2092 2410 W audio_hw_primary: out_write error: -1, sleeping...
09-01 19:57:33.119 2562 3414 V NoVpnMonitor: In QSFooter#handleRefreshState()
09-01 19:57:34.042 2764 4314 W FetchTask: exception on config fetch: java.net.SocketTimeoutException: failed to connect to cloudconfig.googleapis.com/216.58.221.234 (port 443) after 60000ms
09-01 19:57:34.042 2764 4314 W FetchTask: java.net.SocketTimeoutException: failed to connect to cloudconfig.googleapis.com/216.58.221.234 (port 443) after 60000ms
09-01 19:57:34.042 2764 4314 W FetchTask: at libcore.io.IoBridge.connectErrno(IoBridge.java:169)
09-01 19:57:34.042 2764 4314 W FetchTask: at libcore.io.IoBridge.connect(IoBridge.java:122)
09-01 19:57:34.042 2764 4314 W FetchTask: at de.robv.android.xposed.XposedBridge.invokeOriginalMethodNative(Native Method)
09-01 19:57:34.042 2764 4314 W FetchTask: at de.robv.android.xposed.XposedBridge.handleHookedMethod(XposedBridge.java:334)
09-01 19:57:34.042 2764 4314 W FetchTask: at libcore.io.IoBridge.connect()
09-01 19:57:34.042 2764 4314 W FetchTask: at java.net.PlainSocketImpl.connect(PlainSocketImpl.java:183)
09-01 19:57:34.042 2764 4314 W FetchTask: at java.net.PlainSocketImpl.connect(PlainSocketImpl.java:452)
09-01 19:57:34.042 2764 4314 W FetchTask: at java.net.Socket.connect(Socket.java:884)
09-01 19:57:34.042 2764 4314 W FetchTask: at com.android.okhttp.internal.Platform.connectSocket(Platform.java:117)
09-01 19:57:34.042 2764 4314 W FetchTask: at com.android.okhttp.internal.http.SocketConnector.connectRawSocket(SocketConnector.java:160)
09-01 19:57:34.042 2764 4314 W FetchTask: at com.android.okhttp.internal.http.SocketConnector.connectTls(SocketConnector.java:79)
09-01 19:57:34.042 2764 4314 W FetchTask: at com.android.okhttp.Connection.connect(Connection.java:143)
09-01 19:57:34.042 2764 4314 W FetchTask: at com.android.okhttp.Connection.connectAndSetOwner(Connection.java:185)
09-01 19:57:34.042 2764 4314 W FetchTask: at com.android.okhttp.OkHttpClient$1.connectAndSetOwner(OkHttpClient.java:128)
09-01 19:57:34.042 2764 4314 W FetchTask: at com.android.okhttp.internal.http.HttpEngine.nextConnection(HttpEngine.java:341)
09-01 19:57:34.042 2764 4314 W FetchTask: at com.android.okhttp.internal.http.HttpEngine.connect(HttpEngine.java:330)
09-01 19:57:34.042 2764 4314 W FetchTask: at com.android.okhttp.internal.http.HttpEngine.sendRequest(HttpEngine.java:248)
09-01 19:57:34.042 2764 4314 W FetchTask: at com.android.okhttp.internal.huc.HttpURLConnectionImpl.execute(HttpURLConnectionImpl.java:437)
09-01 19:57:34.042 2764 4314 W FetchTask: at com.android.okhttp.internal.huc.HttpURLConnectionImpl.connect(HttpURLConnectionImpl.java:114)
09-01 19:57:34.042 2764 4314 W FetchTask: at com.android.okhttp.internal.huc.HttpURLConnectionImpl.getOutputStream(HttpURLConnectionImpl.java:245)
09-01 19:57:34.042 2764 4314 W FetchTask: at com.android.okhttp.internal.huc.DelegatingHttpsURLConnection.getOutputStream(DelegatingHttpsURLConnection.java:218)
09-01 19:57:34.042 2764 4314 W FetchTask: at com.android.okhttp.internal.huc.HttpsURLConnectionImpl.getOutputStream(HttpsURLConnectionImpl.java)
09-01 19:57:34.042 2764 4314 W FetchTask: at jfi.a(:com.google.android.gms:143)
09-01 19:57:34.042 2764 4314 W FetchTask: at jfi.a(:com.google.android.gms:102)
09-01 19:57:34.042 2764 4314 W FetchTask: at jfi.run(:com.google.android.gms:80)
09-01 19:57:34.042 2764 4314 W FetchTask: at java.lang.Thread.run(Thread.java:818)
09-01 19:57:34.365 2562 2562 D PhoneStatusBar: disable: < expand icons* alerts system_info* back home recent clock search quick_settings
> 09-01 19:57:34.853 2452 3007 D NetworkMonitor/NetworkAgentInfo [Ethernet () - 100]: Checking http://connectivitycheck.gstatic.com/generate_204 on 00:0e:c6:c3:60:ac, connectivitycheck.gstatic.com=216.58.197.110
09-01 19:57:34.925 2764 4393 W FetchTask: exception on config fetch: java.net.SocketTimeoutException: failed to connect to cloudconfig.googleapis.com/216.58.221.234 (port 443) after 60000ms
09-01 19:57:34.925 2764 4393 W FetchTask: java.net.SocketTimeoutException: failed to connect to cloudconfig.googleapis.com/216.58.221.234 (port 443) after 60000ms
09-01 19:57:34.925 2764 4393 W FetchTask: at libcore.io.IoBridge.connectErrno(IoBridge.java:169)
09-01 19:57:34.925 2764 4393 W FetchTask: at libcore.io.IoBridge.connect(IoBridge.java:122)
09-01 19:57:34.925 2764 4393 W FetchTask: at de.robv.android.xposed.XposedBridge.invokeOriginalMethodNative(Native Method)
09-01 19:57:34.925 2764 4393 W FetchTask: at de.robv.android.xposed.XposedBridge.handleHookedMethod(XposedBridge.java:334)
09-01 19:57:34.925 2764 4393 W FetchTask: at libcore.io.IoBridge.connect()
09-01 19:57:34.925 2764 4393 W FetchTask: at java.net.PlainSocketImpl.connect(PlainSocketImpl.java:183)
09-01 19:57:34.925 2764 4393 W FetchTask: at java.net.PlainSocketImpl.connect(PlainSocketImpl.java:452)
09-01 19:57:34.925 2764 4393 W FetchTask: at java.net.Socket.connect(Socket.java:884)
09-01 19:57:34.925 2764 4393 W FetchTask: at com.android.okhttp.internal.Platform.connectSocket(Platform.java:117)
09-01 19:57:34.925 2764 4393 W FetchTask: at com.android.okhttp.internal.http.SocketConnector.connectRawSocket(SocketConnector.java:160)
09-01 19:57:34.925 2764 4393 W FetchTask: at com.android.okhttp.internal.http.SocketConnector.connectTls(SocketConnector.java:79)
09-01 19:57:34.925 2764 4393 W FetchTask: at com.android.okhttp.Connection.connect(Connection.java:143)
09-01 19:57:34.925 2764 4393 W FetchTask: at com.android.okhttp.Connection.connectAndSetOwner(Connection.java:185)
09-01 19:57:34.925 2764 4393 W FetchTask: at com.android.okhttp.OkHttpClient$1.connectAndSetOwner(OkHttpClient.java:128)
09-01 19:57:34.925 2764 4393 W FetchTask: at com.android.okhttp.internal.http.HttpEngine.nextConnection(HttpEngine.java:341)
09-01 19:57:34.925 2764 4393 W FetchTask: at com.android.okhttp.internal.http.HttpEngine.connect(HttpEngine.java:330)
09-01 19:57:34.925 2764 4393 W FetchTask: at com.android.okhttp.internal.http.HttpEngine.sendRequest(HttpEngine.java:248)
09-01 19:57:34.925 2764 4393 W FetchTask: at com.android.okhttp.internal.huc.HttpURLConnectionImpl.execute(HttpURLConnectionImpl.java:437)
09-01 19:57:34.925 2764 4393 W FetchTask: at com.android.okhttp.internal.huc.HttpURLConnectionImpl.connect(HttpURLConnectionImpl.java:114)
09-01 19:57:34.925 2764 4393 W FetchTask: at com.android.okhttp.internal.huc.HttpURLConnectionImpl.getOutputStream(HttpURLConnectionImpl.java:245)
09-01 19:57:34.925 2764 4393 W FetchTask: at com.android.okhttp.internal.huc.DelegatingHttpsURLConnection.getOutputStream(DelegatingHttpsURLConnection.java:218)
09-01 19:57:34.925 2764 4393 W FetchTask: at com.android.okhttp.internal.huc.HttpsURLConnectionImpl.getOutputStream(HttpsURLConnectionImpl.java)
09-01 19:57:34.925 2764 4393 W FetchTask: at jfi.a(:com.google.android.gms:143)
09-01 19:57:34.925 2764 4393 W FetchTask: at jfi.a(:com.google.android.gms:102)
09-01 19:57:34.925 2764 4393 W FetchTask: at jfi.run(:com.google.android.gms:80)
09-01 19:57:34.925 2764 4393 W FetchTask: at java.lang.Thread.run(Thread.java:818)
09-01 19:57:35.157 2562 3414 V NoVpnMonitor: In QSFooter#handleRefreshState()
09-01 19:57:35.286 2452 2452 I PowerManagerService: Going to sleep by application request (uid 1000)...
09-01 19:57:35.292 2452 2452 W XPrivacy/XActivityManagerService: Sleeping=false
09-01 19:57:35.294 2452 2490 I PowerManagerService: Sleeping (uid 1000)...
09-01 19:57:35.308 2452 2490 I EGL-DRI2: found extension DRI_Core version 1
09-01 19:57:35.308 2452 2490 I EGL-DRI2: found extension DRI_DRI2 version 4
09-01 19:57:35.328 2452 2490 I EGL-DRI2: found extension DRI_TexBuffer version 3
09-01 19:57:35.328 2452 2490 I EGL-DRI2: found extension DRI2_Flush version 4
09-01 19:57:35.328 2452 2490 I EGL-DRI2: found extension DRI_IMAGE version 11
09-01 19:57:35.333 2452 2452 W XPrivacy/XActivityManagerService: Sleeping=true
09-01 19:57:35.338 2562 2562 D PhoneStatusBar: disable: < expand ICONS* alerts SYSTEM_INFO* back home recent clock search quick_settings
> 09-01 19:57:35.396 2452 2490 D libEGL : [glEnableVertexAttribArray] 0x501
09-01 19:57:35.419 2452 2490 D glGetError:glEnableVertexAttribArray: #00 pc 00036470 /android/system/lib/libEGL.so
09-01 19:57:35.419 2452 2490 D glGetError:glEnableVertexAttribArray: #01 pc 0008c7e5 /android/system/lib/libandroid_runtime.so
09-01 19:57:35.419 2452 2490 D glGetError:glEnableVertexAttribArray: #02 pc 002df21a /android/data/dalvik-cache/x86/system@framework@boot.oat (offset 0x1f10000)
09-01 19:57:35.419 2452 2490 D libEGL : [glVertexAttribPointer] 0x501
09-01 19:57:35.432 2452 2490 D glGetError:glVertexAttribPointer: #00 pc 0001aab9 /android/system/lib/libEGL.so
09-01 19:57:35.432 2452 2490 D glGetError:glVertexAttribPointer: #01 pc 00089720 /android/system/lib/libandroid_runtime.so
09-01 19:57:35.432 2452 2490 D glGetError:glVertexAttribPointer: #02 pc 005da06a /android/data/dalvik-cache/x86/system@framework@boot.oat (offset 0x1f10000)
09-01 19:57:35.444 2452 2490 D libEGL : [glEnableVertexAttribArray] 0x501
09-01 19:57:35.457 2452 2490 D glGetError:glEnableVertexAttribArray: #00 pc 00036470 /android/system/lib/libEGL.so
09-01 19:57:35.457 2452 2490 D glGetError:glEnableVertexAttribArray: #01 pc 0008c7e5 /android/system/lib/libandroid_runtime.so
09-01 19:57:35.457 2452 2490 D glGetError:glEnableVertexAttribArray: #02 pc 002df21a /android/data/dalvik-cache/x86/system@framework@boot.oat (offset 0x1f10000)
09-01 19:57:35.457 2452 2490 D libEGL : [glVertexAttribPointer] 0x501
09-01 19:57:35.461 2562 2562 D PhoneStatusBar: disable: < expand icons* alerts system_info* back home recent clock search quick_settings
> 09-01 19:57:35.466 2562 2562 D PhoneStatusBar: disable: < expand ICONS* alerts SYSTEM_INFO* back home recent clock search quick_settings
> 09-01 19:57:35.471 2452 2490 D glGetError:glVertexAttribPointer: #00 pc 0001aab9 /android/system/lib/libEGL.so
09-01 19:57:35.471 2452 2490 D glGetError:glVertexAttribPointer: #01 pc 00089720 /android/system/lib/libandroid_runtime.so
09-01 19:57:35.471 2452 2490 D glGetError:glVertexAttribPointer: #02 pc 005da06a /android/data/dalvik-cache/x86/system@framework@boot.oat (offset 0x1f10000)
09-01 19:57:35.483 2452 2490 D libEGL : [glEnableVertexAttribArray] 0x501
09-01 19:57:35.495 2452 2490 D glGetError:glEnableVertexAttribArray: #00 pc 00036470 /android/system/lib/libEGL.so
09-01 19:57:35.495 2452 2490 D glGetError:glEnableVertexAttribArray: #01 pc 0008c7e5 /android/system/lib/libandroid_runtime.so
09-01 19:57:35.495 2452 2490 D glGetError:glEnableVertexAttribArray: #02 pc 002df21a /android/data/dalvik-cache/x86/system@framework@boot.oat (offset 0x1f10000)
09-01 19:57:35.495 2452 2490 D libEGL : [glVertexAttribPointer] 0x501
09-01 19:57:35.508 2452 2490 D glGetError:glVertexAttribPointer: #00 pc 0001aab9 /android/system/lib/libEGL.so
09-01 19:57:35.508 2452 2490 D glGetError:glVertexAttribPointer: #01 pc 00089720 /android/system/lib/libandroid_runtime.so
09-01 19:57:35.508 2452 2490 D glGetError:glVertexAttribPointer: #02 pc 005da06a /android/data/dalvik-cache/x86/system@framework@boot.oat (offset 0x1f10000)
09-01 19:57:35.524 2452 2490 D libEGL : [glEnableVertexAttribArray] 0x501
09-01 19:57:35.536 2452 2490 D glGetError:glEnableVertexAttribArray: #00 pc 00036470 /android/system/lib/libEGL.so
09-01 19:57:35.536 2452 2490 D glGetError:glEnableVertexAttribArray: #01 pc 0008c7e5 /android/system/lib/libandroid_runtime.so
09-01 19:57:35.536 2452 2490 D glGetError:glEnableVertexAttribArray: #02 pc 002df21a /android/data/dalvik-cache/x86/system@framework@boot.oat (offset 0x1f10000)
09-01 19:57:35.536 2452 2490 D libEGL : [glVertexAttribPointer] 0x501
09-01 19:57:35.549 2452 2490 D glGetError:glVertexAttribPointer: #00 pc 0001aab9 /android/system/lib/libEGL.so
09-01 19:57:35.549 2452 2490 D glGetError:glVertexAttribPointer: #01 pc 00089720 /android/system/lib/libandroid_runtime.so
09-01 19:57:35.549 2452 2490 D glGetError:glVertexAttribPointer: #02 pc 005da06a /android/data/dalvik-cache/x86/system@framework@boot.oat (offset 0x1f10000)
09-01 19:57:35.550 2452 2490 D libEGL : [glEnableVertexAttribArray] 0x501
09-01 19:57:35.562 2452 2490 D glGetError:glEnableVertexAttribArray: #00 pc 00036470 /android/system/lib/libEGL.so
09-01 19:57:35.562 2452 2490 D glGetError:glEnableVertexAttribArray: #01 pc 0008c7e5 /android/system/lib/libandroid_runtime.so
09-01 19:57:35.562 2452 2490 D glGetError:glEnableVertexAttribArray: #02 pc 002df21a /android/data/dalvik-cache/x86/system@framework@boot.oat (offset 0x1f10000)
09-01 19:57:35.562 2452 2490 D libEGL : [glVertexAttribPointer] 0x501
09-01 19:57:35.574 2452 2490 D glGetError:glVertexAttribPointer: #00 pc 0001aab9 /android/system/lib/libEGL.so
09-01 19:57:35.574 2452 2490 D glGetError:glVertexAttribPointer: #01 pc 00089720 /android/system/lib/libandroid_runtime.so
09-01 19:57:35.574 2452 2490 D glGetError:glVertexAttribPointer: #02 pc 005da06a /android/data/dalvik-cache/x86/system@framework@boot.oat (offset 0x1f10000)
09-01 19:57:35.579 2452 2490 D libEGL : [glEnableVertexAttribArray] 0x501
09-01 19:57:35.584 2562 2562 D PhoneStatusBar: disable: < expand icons* alerts system_info* back home recent clock search quick_settings
> 09-01 19:57:35.591 2452 2490 D glGetError:glEnableVertexAttribArray: #00 pc 00036470 /android/system/lib/libEGL.so
09-01 19:57:35.591 2452 2490 D glGetError:glEnableVertexAttribArray: #01 pc 0008c7e5 /android/system/lib/libandroid_runtime.so
09-01 19:57:35.591 2452 2490 D glGetError:glEnableVertexAttribArray: #02 pc 002df21a /android/data/dalvik-cache/x86/system@framework@boot.oat (offset 0x1f10000)
09-01 19:57:35.591 2452 2490 D libEGL : [glVertexAttribPointer] 0x501
09-01 19:57:35.594 2562 2562 D PhoneStatusBar: disable: < expand ICONS* alerts SYSTEM_INFO* back home recent clock search quick_settings
> 09-01 19:57:35.603 2452 2490 D glGetError:glVertexAttribPointer: #00 pc 0001aab9 /android/system/lib/libEGL.so
09-01 19:57:35.603 2452 2490 D glGetError:glVertexAttribPointer: #01 pc 00089720 /android/system/lib/libandroid_runtime.so
09-01 19:57:35.604 2452 2490 D glGetError:glVertexAttribPointer: #02 pc 005da06a /android/data/dalvik-cache/x86/system@framework@boot.oat (offset 0x1f10000)
09-01 19:57:35.605 2452 2490 D libEGL : [glEnableVertexAttribArray] 0x501
09-01 19:57:35.617 2452 2490 D glGetError:glEnableVertexAttribArray: #00 pc 00036470 /android/system/lib/libEGL.so
09-01 19:57:35.617 2452 2490 D glGetError:glEnableVertexAttribArray: #01 pc 0008c7e5 /android/system/lib/libandroid_runtime.so
09-01 19:57:35.617 2452 2490 D glGetError:glEnableVertexAttribArray: #02 pc 002df21a /android/data/dalvik-cache/x86/system@framework@boot.oat (offset 0x1f10000)
09-01 19:57:35.617 2452 2490 D libEGL : [glVertexAttribPointer] 0x501
09-01 19:57:35.629 2452 2490 D glGetError:glVertexAttribPointer: #00 pc 0001aab9 /android/system/lib/libEGL.so
09-01 19:57:35.629 2452 2490 D glGetError:glVertexAttribPointer: #01 pc 00089720 /android/system/lib/libandroid_runtime.so
09-01 19:57:35.629 2452 2490 D glGetError:glVertexAttribPointer: #02 pc 005da06a /android/data/dalvik-cache/x86/system@framework@boot.oat (offset 0x1f10000)
09-01 19:57:35.631 2452 2490 D libEGL : [glEnableVertexAttribArray] 0x501
09-01 19:57:35.643 2452 2490 D glGetError:glEnableVertexAttribArray: #00 pc 00036470 /android/system/lib/libEGL.so
09-01 19:57:35.644 2452 2490 D glGetError:glEnableVertexAttribArray: #01 pc 0008c7e5 /android/system/lib/libandroid_runtime.so
09-01 19:57:35.644 2452 2490 D glGetError:glEnableVertexAttribArray: #02 pc 002df21a /android/data/dalvik-cache/x86/system@framework@boot.oat (offset 0x1f10000)
09-01 19:57:35.644 2452 2490 D libEGL : [glVertexAttribPointer] 0x501
09-01 19:57:35.656 2452 2490 D glGetError:glVertexAttribPointer: #00 pc 0001aab9 /android/system/lib/libEGL.so
09-01 19:57:35.656 2452 2490 D glGetError:glVertexAttribPointer: #01 pc 00089720 /android/system/lib/libandroid_runtime.so
09-01 19:57:35.656 2452 2490 D glGetError:glVertexAttribPointer: #02 pc 005da06a /android/data/dalvik-cache/x86/system@framework@boot.oat (offset 0x1f10000)
09-01 19:57:35.657 2452 2490 D libEGL : [glEnableVertexAttribArray] 0x501
09-01 19:57:35.670 2452 2490 D glGetError:glEnableVertexAttribArray: #00 pc 00036470 /android/system/lib/libEGL.so
09-01 19:57:35.670 2452 2490 D glGetError:glEnableVertexAttribArray: #01 pc 0008c7e5 /android/system/lib/libandroid_runtime.so
09-01 19:57:35.670 2452 2490 D glGetError:glEnableVertexAttribArray: #02 pc 002df21a /android/data/dalvik-cache/x86/system@framework@boot.oat (offset 0x1f10000)
09-01 19:57:35.670 2452 2490 D libEGL : [glVertexAttribPointer] 0x501
09-01 19:57:35.684 2452 2490 D glGetError:glVertexAttribPointer: #00 pc 0001aab9 /android/system/lib/libEGL.so
09-01 19:57:35.684 2452 2490 D glGetError:glVertexAttribPointer: #01 pc 00089720 /android/system/lib/libandroid_runtime.so
09-01 19:57:35.684 2452 2490 D glGetError:glVertexAttribPointer: #02 pc 005da06a /android/data/dalvik-cache/x86/system@framework@boot.oat (offset 0x1f10000)
09-01 19:57:35.686 2452 2490 D libEGL : [glEnableVertexAttribArray] 0x501
09-01 19:57:35.691 2562 2562 D PhoneStatusBar: disable: < expand icons* alerts system_info* back home recent clock search quick_settings
> 09-01 19:57:35.699 2452 2490 D glGetError:glEnableVertexAttribArray: #00 pc 00036470 /android/system/lib/libEGL.so
09-01 19:57:35.699 2452 2490 D glGetError:glEnableVertexAttribArray: #01 pc 0008c7e5 /android/system/lib/libandroid_runtime.so
09-01 19:57:35.699 2452 2490 D glGetError:glEnableVertexAttribArray: #02 pc 002df21a /android/data/dalvik-cache/x86/system@framework@boot.oat (offset 0x1f10000)
09-01 19:57:35.699 2452 2490 D libEGL : [glVertexAttribPointer] 0x501
09-01 19:57:35.703 2562 2562 D PhoneStatusBar: disable: < expand ICONS* alerts SYSTEM_INFO* back home recent clock search quick_settings
> 09-01 19:57:35.710 2452 2490 D glGetError:glVertexAttribPointer: #00 pc 0001aab9 /android/system/lib/libEGL.so
09-01 19:57:35.710 2452 2490 D glGetError:glVertexAttribPointer: #01 pc 00089720 /android/system/lib/libandroid_runtime.so
09-01 19:57:35.710 2452 2490 D glGetError:glVertexAttribPointer: #02 pc 005da06a /android/data/dalvik-cache/x86/system@framework@boot.oat (offset 0x1f10000)
09-01 19:57:35.712 2452 2490 D libEGL : [glEnableVertexAttribArray] 0x501
09-01 19:57:35.725 2452 2490 D glGetError:glEnableVertexAttribArray: #00 pc 00036470 /android/system/lib/libEGL.so
09-01 19:57:35.725 2452 2490 D glGetError:glEnableVertexAttribArray: #01 pc 0008c7e5 /android/system/lib/libandroid_runtime.so
09-01 19:57:35.725 2452 2490 D glGetError:glEnableVertexAttribArray: #02 pc 002df21a /android/data/dalvik-cache/x86/system@framework@boot.oat (offset 0x1f10000)
09-01 19:57:35.725 2452 2490 D libEGL : [glVertexAttribPointer] 0x501
09-01 19:57:35.731 2562 2562 D PhoneStatusBar: disable: < expand icons* alerts system_info* back home recent clock search quick_settings
> 09-01 19:57:35.737 2452 2490 D glGetError:glVertexAttribPointer: #00 pc 0001aab9 /android/system/lib/libEGL.so
09-01 19:57:35.737 2452 2490 D glGetError:glVertexAttribPointer: #01 pc 00089720 /android/system/lib/libandroid_runtime.so
09-01 19:57:35.737 2452 2490 D glGetError:glVertexAttribPointer: #02 pc 005da06a /android/data/dalvik-cache/x86/system@framework@boot.oat (offset 0x1f10000)
09-01 19:57:35.741 2562 2562 D PhoneStatusBar: disable: < expand ICONS* alerts SYSTEM_INFO* back home recent clock search quick_settings
> 09-01 19:57:35.743 2452 2490 D libEGL : [glEnableVertexAttribArray] 0x501
09-01 19:57:35.755 2452 2490 D glGetError:glEnableVertexAttribArray: #00 pc 00036470 /android/system/lib/libEGL.so
09-01 19:57:35.755 2452 2490 D glGetError:glEnableVertexAttribArray: #01 pc 0008c7e5 /android/system/lib/libandroid_runtime.so
09-01 19:57:35.755 2452 2490 D glGetError:glEnableVertexAttribArray: #02 pc 002df21a /android/data/dalvik-cache/x86/system@framework@boot.oat (offset 0x1f10000)
09-01 19:57:35.755 2452 2490 D libEGL : [glVertexAttribPointer] 0x501
09-01 19:57:35.767 2452 2490 D glGetError:glVertexAttribPointer: #00 pc 0001aab9 /android/system/lib/libEGL.so
09-01 19:57:35.767 2452 2490 D glGetError:glVertexAttribPointer: #01 pc 00089720 /android/system/lib/libandroid_runtime.so
09-01 19:57:35.767 2452 2490 D glGetError:glVertexAttribPointer: #02 pc 005da06a /android/data/dalvik-cache/x86/system@framework@boot.oat (offset 0x1f10000)
09-01 19:57:35.769 2452 2490 D libEGL : [glEnableVertexAttribArray] 0x501
09-01 19:57:35.769 2562 2562 D PhoneStatusBar: disable: < expand icons* alerts system_info* back home recent clock search quick_settings
> 09-01 19:57:35.779 2562 2562 D PhoneStatusBar: disable: < expand ICONS* alerts SYSTEM_INFO* back home recent clock search quick_settings
> 09-01 19:57:35.781 2452 2490 D glGetError:glEnableVertexAttribArray: #00 pc 00036470 /android/system/lib/libEGL.so
09-01 19:57:35.781 2452 2490 D glGetError:glEnableVertexAttribArray: #01 pc 0008c7e5 /android/system/lib/libandroid_runtime.so
09-01 19:57:35.781 2452 2490 D glGetError:glEnableVertexAttribArray: #02 pc 002df21a /android/data/dalvik-cache/x86/system@framework@boot.oat (offset 0x1f10000)
09-01 19:57:35.781 2452 2490 D libEGL : [glVertexAttribPointer] 0x501
09-01 19:57:35.793 2452 2490 D glGetError:glVertexAttribPointer: #00 pc 0001aab9 /android/system/lib/libEGL.so
09-01 19:57:35.793 2452 2490 D glGetError:glVertexAttribPointer: #01 pc 00089720 /android/system/lib/libandroid_runtime.so
09-01 19:57:35.793 2452 2490 D glGetError:glVertexAttribPointer: #02 pc 005da06a /android/data/dalvik-cache/x86/system@framework@boot.oat (offset 0x1f10000)
09-01 19:57:35.796 2452 2490 D libEGL : [glEnableVertexAttribArray] 0x501
09-01 19:57:35.809 2452 2490 D glGetError:glEnableVertexAttribArray: #00 pc 00036470 /android/system/lib/libEGL.so
09-01 19:57:35.809 2452 2490 D glGetError:glEnableVertexAttribArray: #01 pc 0008c7e5 /android/system/lib/libandroid_runtime.so
09-01 19:57:35.809 2452 2490 D glGetError:glEnableVertexAttribArray: #02 pc 002df21a /android/data/dalvik-cache/x86/system@framework@boot.oat (offset 0x1f10000)
09-01 19:57:35.809 2452 2490 D libEGL : [glVertexAttribPointer] 0x501
09-01 19:57:35.815 2562 2562 D PhoneStatusBar: disable: < expand icons* alerts system_info* back home recent clock search quick_settings
> 09-01 19:57:35.821 2452 2490 D glGetError:glVertexAttribPointer: #00 pc 0001aab9 /android/system/lib/libEGL.so
09-01 19:57:35.821 2452 2490 D glGetError:glVertexAttribPointer: #01 pc 00089720 /android/system/lib/libandroid_runtime.so
09-01 19:57:35.821 2452 2490 D glGetError:glVertexAttribPointer: #02 pc 005da06a /android/data/dalvik-cache/x86/system@framework@boot.oat (offset 0x1f10000)
09-01 19:57:35.825 2562 2562 D PhoneStatusBar: disable: < expand ICONS* alerts SYSTEM_INFO* back home recent clock search quick_settings
> 09-01 19:57:35.828 2452 2490 D libEGL : [glEnableVertexAttribArray] 0x501
09-01 19:57:35.840 2452 2490 D glGetError:glEnableVertexAttribArray: #00 pc 00036470 /android/system/lib/libEGL.so
09-01 19:57:35.840 2452 2490 D glGetError:glEnableVertexAttribArray: #01 pc 0008c7e5 /android/system/lib/libandroid_runtime.so
09-01 19:57:35.840 2452 2490 D glGetError:glEnableVertexAttribArray: #02 pc 002df21a /android/data/dalvik-cache/x86/system@framework@boot.oat (offset 0x1f10000)
09-01 19:57:35.840 2452 2490 D libEGL : [glVertexAttribPointer] 0x501
09-01 19:57:35.851 2562 2562 D PhoneStatusBar: disable: < expand icons* alerts system_info* back home recent clock search quick_settings
> 09-01 19:57:35.852 2452 2490 D glGetError:glVertexAttribPointer: #00 pc 0001aab9 /android/system/lib/libEGL.so
09-01 19:57:35.852 2452 2490 D glGetError:glVertexAttribPointer: #01 pc 00089720 /android/system/lib/libandroid_runtime.so
09-01 19:57:35.852 2452 2490 D glGetError:glVertexAttribPointer: #02 pc 005da06a /android/data/dalvik-cache/x86/system@framework@boot.oat (offset 0x1f10000)
09-01 19:57:35.854 2452 2490 D libEGL : [glEnableVertexAttribArray] 0x501
09-01 19:57:35.862 2562 2562 D PhoneStatusBar: disable: < expand ICONS* alerts SYSTEM_INFO* back home recent clock search quick_settings
> 09-01 19:57:35.866 2452 2490 D glGetError:glEnableVertexAttribArray: #00 pc 00036470 /android/system/lib/libEGL.so
09-01 19:57:35.867 2452 2490 D glGetError:glEnableVertexAttribArray: #01 pc 0008c7e5 /android/system/lib/libandroid_runtime.so
09-01 19:57:35.867 2452 2490 D glGetError:glEnableVertexAttribArray: #02 pc 002df21a /android/data/dalvik-cache/x86/system@framework@boot.oat (offset 0x1f10000)
09-01 19:57:35.867 2452 2490 D libEGL : [glVertexAttribPointer] 0x501
09-01 19:57:35.879 2452 2490 D glGetError:glVertexAttribPointer: #00 pc 0001aab9 /android/system/lib/libEGL.so
09-01 19:57:35.879 2452 2490 D glGetError:glVertexAttribPointer: #01 pc 00089720 /android/system/lib/libandroid_runtime.so
09-01 19:57:35.879 2452 2490 D glGetError:glVertexAttribPointer: #02 pc 005da06a /android/data/dalvik-cache/x86/system@framework@boot.oat (offset 0x1f10000)
09-01 19:57:35.880 2452 2490 D libEGL : [glEnableVertexAttribArray] 0x501
09-01 19:57:35.891 2562 2562 D PhoneStatusBar: disable: < expand icons* alerts system_info* back home recent clock search quick_settings
> 09-01 19:57:35.893 2452 2490 D glGetError:glEnableVertexAttribArray: #00 pc 00036470 /android/system/lib/libEGL.so
09-01 19:57:35.893 2452 2490 D glGetError:glEnableVertexAttribArray: #01 pc 0008c7e5 /android/system/lib/libandroid_runtime.so
09-01 19:57:35.893 2452 2490 D glGetError:glEnableVertexAttribArray: #02 pc 002df21a /android/data/dalvik-cache/x86/system@framework@boot.oat (offset 0x1f10000)
09-01 19:57:35.893 2452 2490 D libEGL : [glVertexAttribPointer] 0x501
09-01 19:57:35.901 2562 2562 D PhoneStatusBar: disable: < expand ICONS* alerts SYSTEM_INFO* back home recent clock search quick_settings
> 09-01 19:57:35.905 2452 2490 D glGetError:glVertexAttribPointer: #00 pc 0001aab9 /android/system/lib/libEGL.so
09-01 19:57:35.905 2452 2490 D glGetError:glVertexAttribPointer: #01 pc 00089720 /android/system/lib/libandroid_runtime.so
09-01 19:57:35.905 2452 2490 D glGetError:glVertexAttribPointer: #02 pc 005da06a /android/data/dalvik-cache/x86/system@framework@boot.oat (offset 0x1f10000)
09-01 19:57:35.906 2452 2490 D libEGL : [glEnableVertexAttribArray] 0x501
09-01 19:57:35.919 2452 2490 D glGetError:glEnableVertexAttribArray: #00 pc 00036470 /android/system/lib/libEGL.so
09-01 19:57:35.919 2452 2490 D glGetError:glEnableVertexAttribArray: #01 pc 0008c7e5 /android/system/lib/libandroid_runtime.so
09-01 19:57:35.919 2452 2490 D glGetError:glEnableVertexAttribArray: #02 pc 002df21a /android/data/dalvik-cache/x86/system@framework@boot.oat (offset 0x1f10000)
09-01 19:57:35.919 2452 2490 D libEGL : [glVertexAttribPointer] 0x501
09-01 19:57:35.929 2562 2562 D PhoneStatusBar: disable: < expand icons* alerts system_info* back home recent clock search quick_settings
> 09-01 19:57:35.932 2452 2490 D glGetError:glVertexAttribPointer: #00 pc 0001aab9 /android/system/lib/libEGL.so
09-01 19:57:35.932 2452 2490 D glGetError:glVertexAttribPointer: #01 pc 00089720 /android/system/lib/libandroid_runtime.so
09-01 19:57:35.932 2452 2490 D glGetError:glVertexAttribPointer: #02 pc 005da06a /android/data/dalvik-cache/x86/system@framework@boot.oat (offset 0x1f10000)
09-01 19:57:35.933 2452 2490 D libEGL : [glEnableVertexAttribArray] 0x501
09-01 19:57:35.939 2562 2562 D PhoneStatusBar: disable: < expand ICONS* alerts SYSTEM_INFO* back home recent clock search quick_settings
> 09-01 19:57:35.945 2452 2490 D glGetError:glEnableVertexAttribArray: #00 pc 00036470 /android/system/lib/libEGL.so
09-01 19:57:35.945 2452 2490 D glGetError:glEnableVertexAttribArray: #01 pc 0008c7e5 /android/system/lib/libandroid_runtime.so
09-01 19:57:35.945 2452 2490 D glGetError:glEnableVertexAttribArray: #02 pc 002df21a /android/data/dalvik-cache/x86/system@framework@boot.oat (offset 0x1f10000)
09-01 19:57:35.945 2452 2490 D libEGL : [glVertexAttribPointer] 0x501
09-01 19:57:35.958 2452 2490 D glGetError:glVertexAttribPointer: #00 pc 0001aab9 /android/system/lib/libEGL.so
09-01 19:57:35.958 2452 2490 D glGetError:glVertexAttribPointer: #01 pc 00089720 /android/system/lib/libandroid_runtime.so
09-01 19:57:35.958 2452 2490 D glGetError:glVertexAttribPointer: #02 pc 005da06a /android/data/dalvik-cache/x86/system@framework@boot.oat (offset 0x1f10000)
09-01 19:57:35.961 2452 2490 E KernelCpuSpeedReader: Failed to read cpu-freq: /sys/devices/system/cpu/cpu0/cpufreq/stats/time_in_state: open failed: ENOENT (No such file or directory)
09-01 19:57:35.964 2452 2490 W XPrivacy/XActivityManagerService: Sleeping=true
09-01 19:57:35.964 2452 2490 D iio-sensors: poll_activate: dev=0xadb45480 handle=0 enabled=0
09-01 19:57:35.965 2452 2490 V KeyguardServiceDelegate: onScreenTurnedOff()
09-01 19:57:35.968 2562 2562 D PhoneStatusBar: disable: < expand icons* alerts system_info* back home recent clock search quick_settings
> 09-01 19:57:35.978 2562 2562 D PhoneStatusBar: disable: < expand ICONS* alerts SYSTEM_INFO* back home recent clock search quick_settings
> 09-01 19:57:35.981 2452 2490 E libEGL : call to OpenGL ES API with no current context (logged once per thread)
09-01 19:57:35.981 2452 2487 I DisplayManagerService: Display device changed state: "内置屏幕", OFF
09-01 19:57:35.981 2083 2083 D SurfaceFlinger: Set power mode=0, type=0 flinger=0xb70a2000
09-01 19:57:35.981 2083 2083 E SurfaceFlinger: ioctl(16, VT_RELDISP, 1) failed 22 (Invalid argument)