01-01 00:01:03.445 2452 2503 D VoldConnector: RCV <- {651 public:179_33 1}
01-01 00:01:03.445 1695 1717 V vold : -c
01-01 00:01:03.445 1695 1717 V vold : /dev/null
01-01 00:01:03.445 1695 1717 V vold : -s
01-01 00:01:03.445 1695 1717 V vold : TYPE
01-01 00:01:03.445 1695 1717 V vold : -s
01-01 00:01:03.445 1695 1717 V vold : UUID
01-01 00:01:03.445 1695 1717 V vold : -s
01-01 00:01:03.445 1695 1717 V vold : LABEL
01-01 00:01:03.445 1695 1717 V vold : /dev/block/vold/public:179_33
01-01 00:01:03.445 1695 1717 E vold : Failed to setexeccon
01-01 00:01:03.456 1695 1717 E vold : Failed to setexeccon
01-01 00:01:03.481 1695 1717 V vold : /dev/block/vold/public:179_33: LABEL="UUI" UUID="8088-080F" TYPE="vfat"
01-01 00:01:03.482 1695 1717 V vold : /system/bin/fsck_msdos
01-01 00:01:03.482 1695 1717 V vold : -p
01-01 00:01:03.482 1695 1717 V vold : -f
01-01 00:01:03.482 1695 1717 V vold : /dev/block/vold/public:179_33
01-01 00:01:03.482 1695 1717 E vold : Failed to setexeccon
01-01 00:01:03.483 2452 2503 D VoldConnector: RCV <- {652 public:179_33 vfat}
01-01 00:01:03.483 2452 2503 D VoldConnector: RCV <- {653 public:179_33 8088-080F}
01-01 00:01:03.483 2452 2503 D VoldConnector: RCV <- {654 public:179_33 UUI}
01-01 00:01:03.483 2452 2503 D VoldConnector: RCV <- {656 public:179_33 /mnt/media_rw/8088-080F}
01-01 00:01:03.483 2452 2503 D VoldConnector: RCV <- {655 public:179_33 /storage/8088-080F}
01-01 00:01:03.495 2452 2452 E NetdConnector: NDC Command {12 strict enable} took too long (764ms)
01-01 00:01:03.514 2452 2452 W NetworkStats: bandwidth controls disabled, unable to track stats
01-01 00:01:03.514 2452 2452 W NetworkPolicy: bandwidth controls disabled, unable to enforce policy
01-01 00:01:03.546 2452 2452 I SystemServiceManager: Starting phase 600
01-01 00:01:03.566 2452 2452 I BackupManagerService: Backup enabled => false
01-01 00:01:03.624 2452 2452 I ActivityManager: Start proc 2712:com.google.android.googlequicksearchbox:interactor/u0a52 for service com.google.android.googlequicksearchbox/com.google.android.voiceinteraction.GsaVoiceInteractionService
01-01 00:01:03.634 2452 2452 E InputMethodManagerService: Ignoring updateSystemUiLocked due to an invalid token. uid:1000 token:null
01-01 00:01:03.646 2452 2484 W WindowManager: Keyguard drawn timeout. Setting mKeyguardDrawComplete
01-01 00:01:03.700 2452 2452 I ActivityManager: Start proc 2733:com.baidu.input/u0a80 for service com.baidu.input/.ImeService
01-01 00:01:03.700 2452 2452 V InputMethodManagerService: Adding window token: android.os.Binder@e049ba2
01-01 00:01:03.727 2562 2562 W ActivityThread: ClassLoader.loadClass: The class loader returned by Thread.getContextClassLoader() may fail for processes that host multiple applications. You should explicitly specify a context class loader. For example: Thread.setContextClassLoader(getClass().getClassLoader());
01-01 00:01:03.767 2452 2452 I ActivityManager: Start proc 2764:com.google.android.gms.persistent/u0a16 for service com.google.android.gms/com.google.android.location.network.NetworkLocationService
01-01 00:01:03.805 2452 2524 D ConnectivityService: Got NetworkFactory Messenger for WIFI
01-01 00:01:03.805 2452 2524 D ConnectivityService: Got NetworkFactory Messenger for WIFI_UT
01-01 00:01:03.830 2452 2464 I ActivityManager: Start proc 2790:daylemk.xposed.xbridge/u0a90 for content provider daylemk.xposed.xbridge/.data.XBridgePreferencesProvider
01-01 00:01:03.831 2452 2452 E LocationManagerService: FLP HAL not supported
01-01 00:01:03.866 2452 2452 E LocationManagerService: Hardware Activity-Recognition not supported.
01-01 00:01:03.997 2452 2452 I MmsServiceBroker: Delay connecting to MmsService until an API is called
01-01 00:01:04.011 2452 2452 D MountService: onStartUser 0
01-01 00:01:04.012 2452 2452 D VoldConnector: SND -> {10 volume user_started 0}
01-01 00:01:04.097 1695 1717 E vold : Failed to setexeccon
01-01 00:01:04.097 1695 1717 I Vold : Filesystem check completed OK
01-01 00:01:04.106 1695 1717 V vold : Waiting for FUSE to spin up...
01-01 00:01:04.175 2452 2503 D VoldConnector: RCV <- {651 public:179_33 2}
01-01 00:01:04.175 1695 1717 D vold : Linking /storage/emulated/0 to /mnt/user/0/primary
01-01 00:01:04.175 2452 2503 D VoldConnector: RCV <- {200 9 Command succeeded}
01-01 00:01:04.175 2452 2503 D VoldConnector: RCV <- {200 10 Command succeeded}
01-01 00:01:04.175 2452 2502 E VoldConnector: NDC Command {9 volume mount public:179_33 2 0} took too long (730ms)
01-01 00:01:04.176 2452 2502 D VoldConnector: SND -> {11 volume mount public:179_34 2 0}
01-01 00:01:04.176 1695 1717 V vold : /system/bin/blkid
01-01 00:01:04.176 1695 1717 V vold : -c
01-01 00:01:04.176 1695 1717 V vold : /dev/null
01-01 00:01:04.176 1695 1717 V vold : -s
01-01 00:01:04.176 2452 2503 D VoldConnector: RCV <- {651 public:179_34 1}
01-01 00:01:04.176 1695 1717 V vold : TYPE
01-01 00:01:04.176 1695 1717 V vold : -s
01-01 00:01:04.176 1695 1717 V vold : UUID
01-01 00:01:04.177 1695 1717 V vold : -s
01-01 00:01:04.177 1695 1717 V vold : LABEL
01-01 00:01:04.177 1695 1717 V vold : /dev/block/vold/public:179_34
01-01 00:01:04.177 1695 1717 E vold : Failed to setexeccon
01-01 00:01:04.179 1695 1717 E vold : Failed to setexeccon
01-01 00:01:04.209 2452 2452 I ActivityManager: Start proc 2851:org.android_x86.analytics/u0a134 for added application org.android_x86.analytics
01-01 00:01:04.239 2452 2452 I ActivityManager: Start proc 2857:com.android.phone/1001 for added application com.android.phone
01-01 00:01:04.247 2452 2452 I ActivityManager: START u0 {act=android.intent.action.MAIN cat=[android.intent.category.HOME] flg=0x10000000 cmp=com.google.android.apps.nexuslauncher/.NexusLauncherActivity} from uid 0 on display 0
01-01 00:01:04.274 1695 1717 V vold : /dev/block/vold/public:179_34: UUID="C4281238281229C6" LABEL="SDCARD" TYPE="ntfs"
01-01 00:01:04.275 2452 2503 D VoldConnector: RCV <- {652 public:179_34 ntfs}
01-01 00:01:04.275 1695 1717 V vold : /system/bin/fsck.ntfs
01-01 00:01:04.275 1695 1717 V vold : -n
01-01 00:01:04.275 1695 1717 V vold : /dev/block/vold/public:179_34
01-01 00:01:04.275 2452 2503 D VoldConnector: RCV <- {653 public:179_34 C4281238281229C6}
01-01 00:01:04.275 1695 1717 E vold : Failed to setexeccon
01-01 00:01:04.275 2452 2503 D VoldConnector: RCV <- {654 public:179_34 SDCARD}
01-01 00:01:04.275 2452 2503 D VoldConnector: RCV <- {656 public:179_34 /mnt/media_rw/C4281238281229C6}
01-01 00:01:04.275 2452 2503 D VoldConnector: RCV <- {655 public:179_34 /storage/C4281238281229C6}
01-01 00:01:04.321 2452 2452 I ActivityManager: Start proc 2882:com.google.android.apps.nexuslauncher/u0a19 for activity com.google.android.apps.nexuslauncher/.NexusLauncherActivity
01-01 00:01:04.367 1695 1717 E vold : Failed to setexeccon
01-01 00:01:04.367 1695 1717 V vold : /system/bin/mount.ntfs
01-01 00:01:04.367 1695 1717 V vold : -o
01-01 00:01:04.367 1695 1717 V vold : utf8,uid=1023,gid=1023,fmask=7,dmask=7,shortname=mixed,nodev,nosuid,dirsync,noexec
01-01 00:01:04.367 1695 1717 V vold : /dev/block/vold/public:179_34
01-01 00:01:04.367 1695 1717 V vold : /mnt/media_rw/C4281238281229C6
01-01 00:01:04.367 1695 1717 E vold : Failed to setexeccon
01-01 00:01:04.520 1695 1717 E vold : Failed to setexeccon
01-01 00:01:04.520 1695 1717 V vold : Waiting for FUSE to spin up...
01-01 00:01:04.571 2452 2503 D VoldConnector: RCV <- {651 public:179_34 2}
01-01 00:01:04.571 2452 2503 D VoldConnector: RCV <- {200 11 Command succeeded}
01-01 00:01:04.677 2452 2482 I ActivityManager: Start proc 2930:com.android.printspooler/u0a55 for service com.android.printspooler/.model.PrintSpoolerService
01-01 00:01:04.737 2452 2502 D VoldConnector: SND -> {12 volume mount public:179_35 2 0}
01-01 00:01:04.738 1695 1717 V vold : /system/bin/blkid
01-01 00:01:04.738 2452 2503 D VoldConnector: RCV <- {651 public:179_35 1}
01-01 00:01:04.738 1695 1717 V vold : -c
01-01 00:01:04.738 1695 1717 V vold : /dev/null
01-01 00:01:04.738 1695 1717 V vold : -s
01-01 00:01:04.738 1695 1717 V vold : TYPE
01-01 00:01:04.738 1695 1717 V vold : -s
01-01 00:01:04.738 1695 1717 V vold : UUID
01-01 00:01:04.738 1695 1717 V vold : -s
01-01 00:01:04.738 1695 1717 V vold : LABEL
01-01 00:01:04.738 1695 1717 V vold : /dev/block/vold/public:179_35
01-01 00:01:04.738 1695 1717 E vold : Failed to setexeccon
01-01 00:01:04.754 2452 2545 V KeyValueBackupJob: Scheduling k/v pass in 245 minutes
01-01 00:01:04.762 1695 1717 E vold : Failed to setexeccon
01-01 00:01:04.862 1695 1717 V vold : /dev/block/vold/public:179_35: UUID="db62f128-afd9-401b-9d49-c38974aec5ff" TYPE="f2fs"
01-01 00:01:04.862 2452 2503 D VoldConnector: RCV <- {652 public:179_35 f2fs}
01-01 00:01:04.863 1695 1717 V vold : /system/bin/fsck.f2fs
01-01 00:01:04.863 1695 1717 V vold : -a
01-01 00:01:04.863 1695 1717 V vold : /dev/block/vold/public:179_35
01-01 00:01:04.863 2452 2503 D VoldConnector: RCV <- {653 public:179_35 db62f128-afd9-401b-9d49-c38974aec5ff}
01-01 00:01:04.863 1695 1717 E vold : Failed to setexeccon
01-01 00:01:04.863 2452 2503 D VoldConnector: RCV <- {654 public:179_35 sdcard1}
01-01 00:01:04.863 2452 2503 D VoldConnector: RCV <- {656 public:179_35 /mnt/media_rw/db62f128-afd9-401b-9d49-c38974aec5ff}
01-01 00:01:04.863 2452 2503 D VoldConnector: RCV <- {655 public:179_35 /storage/db62f128-afd9-401b-9d49-c38974aec5ff}
01-01 00:01:04.865 2452 2452 I ActivityManager: Start proc 2967:com.android.providers.calendar/u0a0 for content provider com.android.providers.calendar/.CalendarProvider2
01-01 00:01:04.930 1695 1717 E vold : Failed to setexeccon
01-01 00:01:04.935 1695 1717 E vold : Failed to mount /dev/block/vold/public:179_35: Invalid argument
01-01 00:01:04.935 1695 1717 E vold : public:179_35 failed to mount /dev/block/vold/public:179_35: Invalid argument
01-01 00:01:04.937 2452 2503 D VoldConnector: RCV <- {651 public:179_35 6}
01-01 00:01:04.937 2452 2503 D VoldConnector: RCV <- {400 12 Command failed}
01-01 00:01:04.938 2452 2502 D VoldConnector: SND -> {13 volume mount private:179_37 0 -1}
01-01 00:01:04.939 1695 1717 V vold : /system/bin/blkid
01-01 00:01:04.939 1695 1717 V vold : -c
01-01 00:01:04.939 1695 1717 V vold : /dev/null
01-01 00:01:04.939 1695 1717 V vold : -s
01-01 00:01:04.939 2452 2503 D VoldConnector: RCV <- {651 private:179_37 1}
01-01 00:01:04.939 1695 1717 V vold : TYPE
01-01 00:01:04.939 1695 1717 V vold : -s
01-01 00:01:04.939 1695 1717 V vold : UUID
01-01 00:01:04.939 1695 1717 V vold : -s
01-01 00:01:04.939 1695 1717 V vold : LABEL
01-01 00:01:04.939 1695 1717 V vold : /dev/block/dm-0
01-01 00:01:04.939 1695 1717 E vold : Failed to setexeccon
01-01 00:01:04.947 1695 1717 E vold : Failed to setexeccon
01-01 00:01:05.020 1695 1717 V vold : /dev/block/dm-0: UUID="d08e55bb-f276-4967-b6e9-e42dca4420fd" TYPE="f2fs"
01-01 00:01:05.021 1695 1717 V vold : /system/bin/fsck.f2fs
01-01 00:01:05.021 1695 1717 V vold : -a
01-01 00:01:05.021 1695 1717 V vold : /dev/block/dm-0
01-01 00:01:05.021 1695 1717 E vold : Failed to setexeccon
01-01 00:01:05.022 2452 2503 D VoldConnector: RCV <- {652 private:179_37 f2fs}
01-01 00:01:05.022 2452 2503 D VoldConnector: RCV <- {653 private:179_37 d08e55bb-f276-4967-b6e9-e42dca4420fd}
01-01 00:01:05.022 2452 2503 D VoldConnector: RCV <- {654 private:179_37 }
01-01 00:01:05.022 2452 2503 D VoldConnector: RCV <- {655 private:179_37 /mnt/expand/d08e55bb-f276-4967-b6e9-e42dca4420fd}
01-01 00:01:05.113 1695 1717 E vold : Failed to setexeccon
01-01 00:01:05.113 1695 1717 D vold : private:179_37 passed filesystem check
01-01 00:01:05.164 2452 2888 W SettingsProvider: You shouldn't keep your settings in the secure settings. This will soon become an error.
01-01 00:01:05.248 2452 2783 D ConnectivityService: registerNetworkAgent NetworkAgentInfo{ ni{[type: Ethernet[], state: CONNECTED/CONNECTED, reason: (unspecified), extra: 00:0e:c6:c3:60:ac, roaming: false, failover: false, isAvailable: true]} network{100} lp{{InterfaceName: eth0 LinkAddresses: [192.168.1.3/24,] Routes: [192.168.1.0/24 -> 0.0.0.0 eth0,0.0.0.0/0 -> 192.168.1.1 eth0,] DnsAddresses: [192.168.1.1,] Domains: MTU: 0 TcpBufferSizes: 524288,1048576,3145728,524288,1048576,2097152}} nc{[ Transports: ETHERNET Capabilities: INTERNET&NOT_RESTRICTED&TRUSTED&NOT_VPN LinkUpBandwidth>=100000Kbps LinkDnBandwidth>=100000Kbps]} Score{30} everValidated{false} lastValidated{false} created{false} lingering{false} explicitlySelected{false} acceptUnvalidated{false} everCaptivePortalDetected{false} lastCaptivePortalDetected{false} }
01-01 00:01:05.249 2452 2524 D ConnectivityService: NetworkAgentInfo [Ethernet () - 100] EVENT_NETWORK_INFO_CHANGED, going from null to CONNECTED
01-01 00:01:05.250 2452 2524 D ConnectivityService: Adding iface eth0 to network 100
01-01 00:01:05.313 2452 2524 E ConnectivityService: Unexpected mtu value: 0, eth0
01-01 00:01:05.314 2452 2524 D ConnectivityService: Adding Route [192.168.1.0/24 -> 0.0.0.0 eth0] to network 100
01-01 00:01:05.315 2452 2524 D ConnectivityService: Adding Route [0.0.0.0/0 -> 192.168.1.1 eth0] to network 100
01-01 00:01:05.316 2452 2524 D ConnectivityService: Setting Dns servers for network 100 to [/192.168.1.1]
01-01 00:01:05.325 2452 2524 D ConnectivityService: notifyType IP_CHANGED for NetworkAgentInfo [Ethernet () - 100]
01-01 00:01:05.327 2452 2524 D ConnectivityService: scheduleUnvalidatedPrompt 100
01-01 00:01:05.327 2452 2524 D ConnectivityService: updateSignalStrengthThresholds: CONNECT, sending [] to NetworkAgentInfo [Ethernet () - 100]
01-01 00:01:05.328 2452 2524 D ConnectivityService: rematch for NetworkAgentInfo [Ethernet () - 100]
01-01 00:01:05.328 2452 2524 D ConnectivityService: accepting network in place of null
01-01 00:01:05.336 2452 2524 D ConnectivityService: Switching to new default network: NetworkAgentInfo{ ni{[type: Ethernet[], state: CONNECTED/CONNECTED, reason: (unspecified), extra: 00:0e:c6:c3:60:ac, roaming: false, failover: false, isAvailable: true]} network{100} lp{{InterfaceName: eth0 LinkAddresses: [192.168.1.3/24,] Routes: [192.168.1.0/24 -> 0.0.0.0 eth0,0.0.0.0/0 -> 192.168.1.1 eth0,] DnsAddresses: [192.168.1.1,] Domains: MTU: 0 TcpBufferSizes: 524288,1048576,3145728,524288,1048576,2097152}} nc{[ Transports: ETHERNET Capabilities: INTERNET&NOT_RESTRICTED&TRUSTED&NOT_VPN LinkUpBandwidth>=100000Kbps LinkDnBandwidth>=100000Kbps]} Score{30} everValidated{false} lastValidated{false} created{true} lingering{false} explicitlySelected{false} acceptUnvalidated{false} everCaptivePortalDetected{false} lastCaptivePortalDetected{false} }
01-01 00:01:05.337 2452 2524 D ConnectivityService: Setting tx/rx TCP buffers to 524288,1048576,3145728,524288,1048576,2097152
01-01 00:01:05.383 2452 2524 D CSLegacyTypeTracker: Sending CONNECTED broadcast for type 9 NetworkAgentInfo [Ethernet () - 100] isDefaultNetwork=true
01-01 00:01:05.383 2452 2524 D ConnectivityService: sendStickyBroadcast: action=android.net.conn.CONNECTIVITY_CHANGE
01-01 00:01:05.417 2764 2764 W ActivityThread: ClassLoader.loadClass: The class loader returned by Thread.getContextClassLoader() may fail for processes that host multiple applications. You should explicitly specify a context class loader. For example: Thread.setContextClassLoader(getClass().getClassLoader());
01-01 00:01:05.496 1695 1717 V vold : Starting restorecon of /mnt/expand/d08e55bb-f276-4967-b6e9-e42dca4420fd
01-01 00:01:05.501 1695 1717 V vold : Finished restorecon of /mnt/expand/d08e55bb-f276-4967-b6e9-e42dca4420fd
01-01 00:01:05.512 2452 2503 D VoldConnector: RCV <- {650 emulated:179_37 2 "" ""}
01-01 00:01:05.512 2452 2503 D VoldConnector: RCV <- {654 emulated:179_37 d08e55bb-f276-4967-b6e9-e42dca4420fd}
01-01 00:01:05.512 2452 2503 D VoldConnector: RCV <- {651 emulated:179_37 0}
01-01 00:01:05.512 2452 2503 D VoldConnector: RCV <- {651 private:179_37 2}
01-01 00:01:05.512 2452 2503 D VoldConnector: RCV <- {200 13 Command succeeded}
01-01 00:01:05.512 2452 2502 E VoldConnector: NDC Command {13 volume mount private:179_37 0 -1} took too long (574ms)
01-01 00:01:05.567 2452 2502 D MountService: Volume public:179_1 broadcasting mounted to UserHandle{0}
01-01 00:01:05.568 2452 2524 D ConnectivityService: notifyType PRECHECK for NetworkAgentInfo [Ethernet () - 100]
01-01 00:01:05.569 2452 2502 D MountService: Volume public:179_2 broadcasting mounted to UserHandle{0}
01-01 00:01:05.572 2452 2502 D MountService: Volume public:179_33 broadcasting mounted to UserHandle{0}
01-01 00:01:05.573 2452 2502 D MountService: Volume emulated broadcasting mounted to UserHandle{0}
01-01 00:01:05.578 2452 2586 W SettingsProvider: You shouldn't keep your settings in the secure settings. This will soon become an error.
01-01 00:01:05.591 2452 2502 D MountService: Volume public:179_34 broadcasting mounted to UserHandle{0}
01-01 00:01:05.592 2452 2502 D MountService: Volume public:179_35 broadcasting checking to UserHandle{0}
01-01 00:01:05.607 2452 2502 D MountService: Volume public:179_35 broadcasting unmountable to UserHandle{0}
01-01 00:01:05.628 2452 3026 W SettingsProvider: You shouldn't keep your settings in the secure settings. This will soon become an error.
01-01 00:01:05.745 2452 2463 I ActivityManager: Start proc 3038:com.google.process.gapps/u0a16 for content provider com.google.android.gsf/.gservices.GservicesProvider
01-01 00:01:06.115 2967 2967 W ActivityThread: ClassLoader.loadClass: The class loader returned by Thread.getContextClassLoader() may fail for processes that host multiple applications. You should explicitly specify a context class loader. For example: Thread.setContextClassLoader(getClass().getClassLoader());
01-01 00:01:06.217 2452 2452 V WiredAccessoryManager: notifyWiredAccessoryChanged: when=0 bits= mask=54
01-01 00:01:06.217 2452 2452 V WiredAccessoryManager: newName=h2w newState=0 headsetState=0 prev headsetState=0
01-01 00:01:06.217 2452 2452 V WiredAccessoryManager: init()
01-01 00:01:06.365 2733 2994 W FileUtils: Failed to chmod(/data/user/0/com.baidu.input/files/wappass.baidu.com-passport-login.html): android.system.ErrnoException: chmod failed: EPERM (Operation not permitted)
01-01 00:01:06.403 2452 2524 E ConnectivityService: Failed to find Messenger in unregisterNetworkFactory
01-01 00:01:06.405 2452 2524 D ConnectivityService: Got NetworkFactory Messenger for Telephony
01-01 00:01:06.449 2452 2888 I PackageManager: Replacing preferred activity ccc71.at/.backup.dummies.DummyActivity for user 0:
01-01 00:01:06.453 2452 2586 I PackageManager: Replacing preferred activity ccc71.at/.backup.dummies.DummyActivity for user 0:
01-01 00:01:06.463 2452 2464 I PackageManager: Replacing preferred activity ccc71.at/.backup.dummies.DummyActivity for user 0:
01-01 00:01:06.465 2452 2464 I PackageManager: Replacing preferred activity ccc71.at/.backup.dummies.DummyActivity for user 0:
01-01 00:01:06.594 3038 3038 W ActivityThread: ClassLoader.loadClass: The class loader returned by Thread.getContextClassLoader() may fail for processes that host multiple applications. You should explicitly specify a context class loader. For example: Thread.setContextClassLoader(getClass().getClassLoader());
01-01 00:01:06.615 2452 2587 I ActivityManager: Start proc 3109:android.process.acore/u0a3 for content provider com.android.providers.contacts/.ContactsProvider2
01-01 00:01:06.629 2452 2586 W SettingsProvider: You shouldn't keep your settings in the secure settings. This will soon become an error.
01-01 00:01:06.640 2733 3103 W FileUtils: Failed to chmod(/data/user/0/com.baidu.input/databases/pri_wxop_tencent_analysis.db): android.system.ErrnoException: chmod failed: EPERM (Operation not permitted)
01-01 00:01:06.664 2452 3026 W SettingsProvider: You shouldn't keep your settings in the secure settings. This will soon become an error.
01-01 00:01:06.672 2452 3104 W SettingsProvider: You shouldn't keep your settings in the secure settings. This will soon become an error.
01-01 00:01:06.678 2733 3103 W FileUtils: Failed to chmod(/data/user/0/com.baidu.input/databases/wxop_tencent_analysis.db): android.system.ErrnoException: chmod failed: EPERM (Operation not permitted)
01-01 00:01:06.793 2452 2487 W WindowManager: Window freeze timeout expired.
01-01 00:01:06.793 2452 2487 W WindowManager: Force clearing orientation change: Window{8661fff u0 KeyguardScrim}
01-01 00:01:06.873 2452 2452 V UserManagerService: Found /mnt/expand/d08e55bb-f276-4967-b6e9-e42dca4420fd/user/0 with serial number 0
01-01 00:01:06.936 2452 2463 I ActivityManager: Start proc 3147:com.google.android.googlequicksearchbox:search/u0a52 for service com.google.android.googlequicksearchbox/com.google.android.hotword.service.HotwordService
01-01 00:01:07.124 2452 2523 D WifiService: New client listening to asynchronous messages
01-01 00:01:07.144 2452 2523 D WifiService: New client listening to asynchronous messages
01-01 00:01:07.986 2452 2888 I ActivityManager: Start proc 3211:com.android.vending/u0a30 for broadcast com.android.vending/com.google.android.finsky.receivers.LocationProviderChangedReceiver
01-01 00:01:08.017 2452 2483 E ActivityManager: Unable to mark boot complete for abi: armeabi-v7a
01-01 00:01:08.017 2452 2483 I SystemServiceManager: Starting phase 1000
01-01 00:01:08.089 2452 2483 I ActivityManager: Start proc 3225:com.android.bluetooth/1002 for on-hold
01-01 00:01:08.255 2452 2483 W KeyguardServiceDelegate: onScreenTurningOn(): no keyguard service!
01-01 00:01:08.255 3109 3109 W ActivityThread: ClassLoader.loadClass: The class loader returned by Thread.getContextClassLoader() may fail for processes that host multiple applications. You should explicitly specify a context class loader. For example: Thread.setContextClassLoader(getClass().getClassLoader());
01-01 00:01:08.686 2452 3241 I StatusBarManagerService: registerStatusBar bar=com.android.internal.statusbar.IStatusBar$Stub$Proxy@5ad420f
09-01 19:54:19.910 2452 2452 D ZenLog : config: conditionChanged,ZenModeConfig[user=0,allowCalls=true,allowRepeatCallers=false,allowMessages=true,allowCallsFrom=stars,allowMessagesFrom=stars,allowReminders=true,allowEvents=true,automaticRules={1c2882ed85f5414e95ef7f8529d3c5d5=ZenRule[enabled=false,snoozing=false,name=周末,zenMode=ZEN_MODE_ALARMS,conditionId=condition://android/schedule?days=6.7&start=23.30&end=10.0,condition=Condition[id=condition://android/schedule?days=6.7&start=23.30&end=10.0,summary=...,line1=...,line2=...,icon=0,state=STATE_FALSE,flags=2],component=ComponentInfo{android/com.android.server.notification.ScheduleConditionProvider}], 8031d6357a314d24a0de70ce4751779c=ZenRule[enabled=false,snoozing=false,name=周一至周五夜间,zenMode=ZEN_MODE_ALARMS,conditionId=condition://android/schedule?days=1.2.3.4.5&start=22.0&end=7.0,condition=Condition[id=condition://android/schedule?days=1.2.3.4.5&start=22.0&end=7.0,summary=...,line1=...,line2=...,icon=0,state=STATE_TRUE,flags=2],component=ComponentInfo{android/com.android.server.notification.ScheduleConditionProvider}], 628f136b91624aa49f06c5485669e672=ZenRule[enabled=false,snoozing=false,name=活动,zenMode=ZEN_MODE_ALARMS,conditionId=condition://android/event?userId=-10000&calendar=&reply=1,condition=Condition[id=condition://android/event?userId=-10000&calendar=&reply=1,summary=...,line1=...,line2=...,icon=0,state=STATE_FALSE,flags=2],component=ComponentInfo{android/com.android.server.notification.EventConditionProvider}]},manualRule=null],Diff[automaticRule[8031d6357a314d24a0de70ce4751779c].condition:Condition[id=condition://android/schedule?days=1.2.3.4.5&start=22.0&end=7.0,summary=...,line1=...,line2=...,icon=0,state=STATE_FALSE,flags=2]->Condition[id=condition://android/schedule?days=1.2.3.4.5&start=22.0&end=7.0,summary=...,line1=...,line2=...,icon=0,state=STATE_TRUE,flags=2]]
09-01 19:54:20.224 2452 2523 D WifiService: New client listening to asynchronous messages
09-01 19:54:20.268 2452 2452 D ZenLog : config: conditionChanged,ZenModeConfig[user=0,allowCalls=true,allowRepeatCallers=false,allowMessages=true,allowCallsFrom=stars,allowMessagesFrom=stars,allowReminders=true,allowEvents=true,automaticRules={1c2882ed85f5414e95ef7f8529d3c5d5=ZenRule[enabled=false,snoozing=false,name=周末,zenMode=ZEN_MODE_ALARMS,conditionId=condition://android/schedule?days=6.7&start=23.30&end=10.0,condition=Condition[id=condition://android/schedule?days=6.7&start=23.30&end=10.0,summary=...,line1=...,line2=...,icon=0,state=STATE_FALSE,flags=2],component=ComponentInfo{android/com.android.server.notification.ScheduleConditionProvider}], 8031d6357a314d24a0de70ce4751779c=ZenRule[enabled=false,snoozing=false,name=周一至周五夜间,zenMode=ZEN_MODE_ALARMS,conditionId=condition://android/schedule?days=1.2.3.4.5&start=22.0&end=7.0,condition=Condition[id=condition://android/schedule?days=1.2.3.4.5&start=22.0&end=7.0,summary=...,line1=...,line2=...,icon=0,state=STATE_FALSE,flags=2],component=ComponentInfo{android/com.android.server.notification.ScheduleConditionProvider}], 628f136b91624aa49f06c5485669e672=ZenRule[enabled=false,snoozing=false,name=活动,zenMode=ZEN_MODE_ALARMS,conditionId=condition://android/event?userId=-10000&calendar=&reply=1,condition=Condition[id=condition://android/event?userId=-10000&calendar=&reply=1,summary=...,line1=...,line2=...,icon=0,state=STATE_FALSE,flags=2],component=ComponentInfo{android/com.android.server.notification.EventConditionProvider}]},manualRule=null],Diff[automaticRule[8031d6357a314d24a0de70ce4751779c].condition:Condition[id=condition://android/schedule?days=1.2.3.4.5&start=22.0&end=7.0,summary=...,line1=...,line2=...,icon=0,state=STATE_TRUE,flags=2]->Condition[id=condition://android/schedule?days=1.2.3.4.5&start=22.0&end=7.0,summary=...,line1=...,line2=...,icon=0,state=STATE_FALSE,flags=2]]
09-01 19:54:20.354 2452 2523 D WifiService: New client listening to asynchronous messages
09-01 19:54:20.367 2452 2484 W WindowManager: Keyguard drawn timeout. Setting mKeyguardDrawComplete
09-01 19:54:20.411 3311 3311 I bluetoothd: Bluetooth daemon 5.40
09-01 19:54:20.411 3311 3311 I bluetoothd: Starting SDP server
09-01 19:54:20.411 3311 3311 I bluetoothd: Bluetooth management interface 1.10 initialized
09-01 19:54:20.411 3311 3311 I bluetoothd: Kernel connection control will be used
09-01 19:54:20.415 3311 3311 I bluetoothd: Adapter initialized
09-01 19:54:20.415 3311 3311 I bluetoothd: IPC: successfully connected (with notifications)
09-01 19:54:20.416 3311 3311 I bluetoothd: Service ID=1 registered
09-01 19:54:20.416 3311 3311 I bluetoothd: Service ID=2 registered
09-01 19:54:20.503 2452 2482 I UsageStatsService: Time changed in UsageStats by 84225191 seconds
09-01 19:54:20.503 2452 2482 I UsageStatsService: User[0] Flushing usage stats to disk
09-01 19:54:20.552 2452 2482 I UsageStatsDatabase: Time changed by +974d19h53m11s89ms. files deleted: 0 files moved: 4
09-01 19:54:20.560 2452 2946 I ActivityManager: Start proc 3331:com.android.exchange/u0a40 for content provider com.android.exchange/.provider.ExchangeDirectoryProvider
09-01 19:54:20.581 2452 2482 I UsageStatsService: User[0] Rollover scheduled @ 2016-09-02 08:00:00(1472774400000)
09-01 19:54:20.844 2712 2712 W KeyphraseEnrollmentInfo: Enrollment application doesn't support keyphrases
09-01 19:54:20.898 2452 2523 D WifiService: New client listening to asynchronous messages
09-01 19:54:20.931 3311 3311 I bluetoothd: gatt: LE: enabled BR/EDR: enabled
09-01 19:54:20.931 3311 3311 I bluetoothd: Service ID=9 registered
09-01 19:54:21.070 2452 2586 D ConnectivityService: listenForNetwork for Listen from uid/pid:10009/2562 for NetworkRequest [ id=3, legacyType=-1, [] ]
09-01 19:54:21.133 2452 2463 I ActivityManager: Start proc 3396:com.google.android.partnersetup/u0a21 for content provider com.google.android.partnersetup/.RlzAppProvider
09-01 19:54:21.219 3331 3331 E ActivityThread: Failed to find provider info for com.android.email.provider
09-01 19:54:21.283 2452 3241 I ActivityManager: Start proc 3419:android.process.media/u0a4 for content provider com.android.providers.downloads/.DownloadProvider
09-01 19:54:21.475 2452 2586 I ActivityManager: Start proc 3447:com.google.android.gm/u0a225 for content provider com.google.android.gm/com.android.exchange.provider.ExchangeDirectoryProvider --------- beginning of main
09-01 19:54:21.515 2633 2633 D ExternalStorage: After updating volumes, found 5 active roots
09-01 19:54:21.540 2452 2888 I chatty : uid=1000(system) Binder_5 expire 17 lines
09-01 19:54:21.546 3225 3225 E HeadsetStateMachine: Could not bind to Bluetooth Headset Phone Service
09-01 19:54:21.546 3225 3225 D HeadsetStateMachine: max_hf_connections = 1
09-01 19:54:21.546 3225 3225 D BlueZ : external/bluetooth/bluez/android/hal-bluetooth.c:get_profile_interface() handsfree
09-01 19:54:21.546 3225 3225 D BlueZ : external/bluetooth/bluez/android/hal-handsfree.c:init_real()
09-01 19:54:21.575 2452 3105 I ActivityManager: Start proc 3466:com.google.android.gms/u0a16 for service com.google.android.gms/.ads.identifier.service.AdvertisingIdService
09-01 19:54:21.584 3225 3310 I BluetoothAdapterState: Entering PendingCommandState
09-01 19:54:21.591 3211 3211 I Finsky : [1] com.google.android.finsky.l.j.run(208): Loaded library for account: [iCuTGK8dcN8teWJcS-ANTnZzfwk]
09-01 19:54:21.591 3211 3211 I Finsky : [1] com.google.android.finsky.l.j.run(214): Finished loading 2 libraries.
09-01 19:54:21.604 3311 3311 I bluetoothd: Service ID=5 registered
09-01 19:54:21.604 3311 3311 E bluetoothd: IPC: command socket connect failed
09-01 19:54:21.607 3225 3321 D BlueZ : external/bluetooth/bluez/android/hal-bluetooth.c:handle_adapter_props_changed()
09-01 19:54:21.607 3225 3321 D BlueZ : external/bluetooth/bluez/android/hal-bluetooth.c:adapter_props_to_hal() prop[0]: type=BT_PROPERTY_UUIDS len=96 val={00001112, 00001801, 0000180a, 00001800, 0000113b, 00001200}
09-01 19:54:21.608 3225 3225 D BluetoothAdapterService: getAdapterService() - returning com.android.bluetooth.btservice.AdapterService@acf97b
09-01 19:54:21.608 3447 3447 W System : ClassLoader referenced unknown path: /system/app/Gmail2/lib/x86
09-01 19:54:21.610 3447 3447 W XPrivacy: Hooking package=com.google.android.gm
09-01 19:54:21.611 2452 2522 I chatty : uid=1000(system) WifiStateMachin expire 2 lines
09-01 19:54:21.615 3225 3225 D A2dpService: Received start request. Starting profile...
09-01 19:54:21.615 3225 3225 I BluetoothAvrcpServiceJni: classInitNative: succeeds
09-01 19:54:21.615 3225 3225 D BlueZ : external/bluetooth/bluez/android/hal-bluetooth.c:get_profile_interface() avrcp
09-01 19:54:21.615 3225 3225 D BlueZ : external/bluetooth/bluez/android/hal-avrcp.c:init()
09-01 19:54:21.616 3311 3311 I bluetoothd: Service ID=8 registered
09-01 19:54:21.619 3225 3321 D BlueZ : external/bluetooth/bluez/android/hal-bluetooth.c:handle_adapter_props_changed()
09-01 19:54:21.619 3225 3321 D BlueZ : external/bluetooth/bluez/android/hal-bluetooth.c:adapter_props_to_hal() prop[0]: type=BT_PROPERTY_UUIDS len=128 val={0000110e, 0000110c, 00001112, 00001801, 0000180a, 00001800, 0000113b, 00001200}
09-01 19:54:21.623 3225 3321 D BlueZ : external/bluetooth/bluez/android/hal-bluetooth.c:handle_adapter_props_changed()
09-01 19:54:21.623 3225 3321 D BlueZ : external/bluetooth/bluez/android/hal-bluetooth.c:adapter_props_to_hal() prop[0]: type=BT_PROPERTY_UUIDS len=128 val={0000110e, 0000110c, 00001112, 00001801, 0000180a, 00001800, 0000113b, 00001200}
09-01 19:54:21.648 3225 3225 E RemoteController: Cannot set synchronization mode on an unregistered RemoteController
09-01 19:54:21.648 3225 3225 I BluetoothA2dpServiceJni: classInitNative: succeeds
09-01 19:54:21.648 3225 3225 D A2dpStateMachine: make
09-01 19:54:21.654 3225 3225 D BlueZ : external/bluetooth/bluez/android/hal-bluetooth.c:get_profile_interface() a2dp
09-01 19:54:21.654 3225 3225 D BlueZ : external/bluetooth/bluez/android/hal-a2dp.c:init()
09-01 19:54:21.655 3311 3311 I bluetoothd: Service ID=6 registered
09-01 19:54:21.655 2092 2413 I chatty : uid=1013(media) /system/bin/mediaserver expire 2 lines
09-01 19:54:21.655 3311 3311 I bluetoothd: IPC: successfully connected (without notifications)
09-01 19:54:21.656 3225 3321 D BlueZ : external/bluetooth/bluez/android/hal-bluetooth.c:handle_adapter_props_changed()
09-01 19:54:21.656 3225 3321 D BlueZ : external/bluetooth/bluez/android/hal-bluetooth.c:adapter_props_to_hal() prop[0]: type=BT_PROPERTY_CLASS_OF_DEVICE len=4 val=08010c
09-01 19:54:21.656 3225 3321 D BluetoothAdapterProperties: BT Class:524556
09-01 19:54:21.657 3225 3225 D BluetoothAdapterService: getAdapterService() - returning com.android.bluetooth.btservice.AdapterService@acf97b
09-01 19:54:21.658 3225 3482 D A2dpStateMachine: Enter Disconnected: -2
09-01 19:54:21.659 3225 3321 D BlueZ : external/bluetooth/bluez/android/hal-bluetooth.c:handle_adapter_props_changed()
09-01 19:54:21.659 3225 3321 D BlueZ : external/bluetooth/bluez/android/hal-bluetooth.c:adapter_props_to_hal() prop[0]: type=BT_PROPERTY_UUIDS len=144 val={0000110a, 0000110e, 0000110c, 00001112, 00001801, 0000180a, 00001800, 0000113b, 00001200}
09-01 19:54:21.670 3225 3225 D HidService: Received start request. Starting profile...
09-01 19:54:21.670 3225 3225 D BlueZ : external/bluetooth/bluez/android/hal-bluetooth.c:get_profile_interface() hidhost
09-01 19:54:21.670 3225 3225 D BlueZ : external/bluetooth/bluez/android/hal-hidhost.c:init()
09-01 19:54:21.670 3311 3311 I bluetoothd: Service ID=3 registered
09-01 19:54:21.670 3225 3225 D HidService: setHidService(): set to: null
09-01 19:54:21.671 3225 3225 I BluetoothHealthServiceJni: classInitNative: succeeds
09-01 19:54:21.671 3225 3225 D BluetoothAdapterService: getAdapterService() - returning com.android.bluetooth.btservice.AdapterService@acf97b
09-01 19:54:21.675 3225 3225 D HealthService: Received start request. Starting profile...
09-01 19:54:21.676 2764 2764 D WearableService: callingUid 10016, callindPid: 2764
09-01 19:54:21.680 3225 3225 D BlueZ : external/bluetooth/bluez/android/hal-bluetooth.c:get_profile_interface() health
09-01 19:54:21.680 3225 3225 D BlueZ : external/bluetooth/bluez/android/hal-health.c:init()
09-01 19:54:21.680 3311 3311 I bluetoothd: Service ID=7 registered
09-01 19:54:21.681 3225 3225 I BluetoothPanServiceJni: classInitNative(L105): succeeds
09-01 19:54:21.683 3225 3225 D BluetoothAdapterService: getAdapterService() - returning com.android.bluetooth.btservice.AdapterService@acf97b
09-01 19:54:21.684 2764 3276 I GCoreUlr: WorldUpdater:android.location.PROVIDERS_CHANGED: Ensuring that reporting is active for [account#16#, account#10#]
09-01 19:54:21.685 3225 3225 D PanService: Received start request. Starting profile...
09-01 19:54:21.685 3225 3225 D BluetoothPanServiceJni: initializeNative(L110): pan
09-01 19:54:21.685 3225 3225 D BlueZ : external/bluetooth/bluez/android/hal-bluetooth.c:get_profile_interface() pan
09-01 19:54:21.685 3225 3225 D BlueZ : external/bluetooth/bluez/android/hal-pan.c:pan_init()
09-01 19:54:21.697 3447 3447 I Xposed : XHFW3 load package com.google.android.gm
09-01 19:54:21.722 3466 3466 W XPrivacy: Hooking package=com.google.android.gms
09-01 19:54:21.765 2452 2452 I chatty : uid=1000 system_server expire 21 lines
09-01 19:54:21.778 2764 3276 I GCoreUlr: Registered for wifi state change updates
09-01 19:54:21.783 3466 3466 I Xposed : XHFW3 load package com.google.android.gms
09-01 19:54:21.786 2764 2764 I GCoreUlr: Starting service, intent=Intent { act=com.google.android.location.reporting.ACTION_UPDATE_ACTIVE_STATE cmp=com.google.android.gms/com.google.android.location.reporting.service.DispatchingService (has extras) }, extras=Bundle[{source=PowerModeReceiver}]
09-01 19:54:21.826 3311 3311 I bluetoothd: Service ID=4 registered
09-01 19:54:21.828 3225 3321 D BlueZ : external/bluetooth/bluez/android/hal-bluetooth.c:handle_adapter_props_changed()
09-01 19:54:21.828 3225 3321 D BlueZ : external/bluetooth/bluez/android/hal-bluetooth.c:adapter_props_to_hal() prop[0]: type=BT_PROPERTY_CLASS_OF_DEVICE len=4 val=0a010c
09-01 19:54:21.828 3225 3321 D BluetoothAdapterProperties: BT Class:655628
09-01 19:54:21.832 3225 3321 D BlueZ : external/bluetooth/bluez/android/hal-bluetooth.c:handle_adapter_props_changed()
09-01 19:54:21.832 3225 3321 D BlueZ : external/bluetooth/bluez/android/hal-bluetooth.c:adapter_props_to_hal() prop[0]: type=BT_PROPERTY_UUIDS len=176 val={00001115, 00001116, 0000110a, 0000110e, 0000110c, 00001112, 00001801, 0000180a, 00001800, 0000113b, 00001200}
09-01 19:54:21.835 3225 3225 D BluetoothAdapterService: getAdapterService() - returning com.android.bluetooth.btservice.AdapterService@acf97b
09-01 19:54:21.837 3225 3321 D BlueZ : external/bluetooth/bluez/android/hal-bluetooth.c:handle_adapter_props_changed()
09-01 19:54:21.837 3225 3321 D BlueZ : external/bluetooth/bluez/android/hal-bluetooth.c:adapter_props_to_hal() prop[0]: type=BT_PROPERTY_UUIDS len=176 val={00001115, 00001116, 0000110a, 0000110e, 0000110c, 00001112, 00001801, 0000180a, 00001800, 0000113b, 00001200}
09-01 19:54:21.838 3225 3225 D BluetoothMapService: Received start request. Starting profile...
09-01 19:54:21.838 3225 3225 D BluetoothMapService: start()
09-01 19:54:21.854 3211 3211 E Finsky : [1] com.google.android.finsky.wear.bo.a(838): onConnectionFailed: ConnectionResult{statusCode=API_UNAVAILABLE, resolution=null, message=null}
09-01 19:54:21.855 3211 3211 I Finsky : [1] com.google.android.finsky.wear.WearSupportService.a(6396): Dropping command=send_installed_apps due to Gms not connected
09-01 19:54:21.862 3225 3225 D BluetoothMapAccountLoader: Found 0 application(s) with intent android.bluetooth.action.BLUETOOTH_MAP_PROVIDER
09-01 19:54:21.865 3225 3225 D BluetoothMapAccountLoader: Found 0 application(s) with intent android.bluetooth.action.BLUETOOTH_MAP_IM_PROVIDER
09-01 19:54:21.865 3225 3225 D BluetoothMapAppObserver: createReceiver()
09-01 19:54:21.866 3225 3225 D BluetoothMapAppObserver: initObservers()
09-01 19:54:21.866 3225 3225 D BluetoothMapAppObserver: getEnabledAccountItems()
09-01 19:54:21.876 2764 3390 W Settings: Setting airplane_mode_on has moved from android.provider.Settings.System to android.provider.Settings.Global, returning read-only value.
09-01 19:54:21.885 3225 3225 V BluetoothAdapterState: isTurningOff()=false
09-01 19:54:21.885 3225 3452 D HeadsetPhoneState: sendDeviceStateChanged. mService=0 mSignal=0 mRoam=0 mBatteryCharge=5
09-01 19:54:21.892 3147 3508 D OpenGLRenderer: Use EGL_SWAP_BEHAVIOR_PRESERVED: true
09-01 19:54:21.892 2764 3390 W Settings: Setting airplane_mode_on has moved from android.provider.Settings.System to android.provider.Settings.Global, returning read-only value.
09-01 19:54:21.895 3225 3225 V BluetoothAdapterState: isTurningOn()=true
09-01 19:54:21.895 3225 3225 V BluetoothAdapterState: isBleTurningOn()=false
09-01 19:54:21.895 3225 3225 V BluetoothAdapterState: isBleTurningOff()=false
09-01 19:54:21.895 3225 3225 D BlueZ : external/bluetooth/bluez/android/hal-bluetooth.c:interop_database_clear()
09-01 19:54:21.898 3225 3225 V BluetoothAdapterState: isTurningOff()=false
09-01 19:54:21.898 3225 3225 V BluetoothAdapterState: isTurningOn()=true
09-01 19:54:21.898 3225 3225 V BluetoothAdapterState: isBleTurningOn()=false
09-01 19:54:21.898 3225 3225 V BluetoothAdapterState: isBleTurningOff()=false
09-01 19:54:21.907 3225 3225 D BlueZ : external/bluetooth/bluez/android/hal-bluetooth.c:interop_database_clear()
09-01 19:54:21.907 3225 3225 V BluetoothAdapterState: isTurningOff()=false
09-01 19:54:21.907 3225 3225 V BluetoothAdapterState: isTurningOn()=true
09-01 19:54:21.907 3225 3225 V BluetoothAdapterState: isBleTurningOn()=false
09-01 19:54:21.907 3225 3225 V BluetoothAdapterState: isBleTurningOff()=false
09-01 19:54:21.907 3225 3225 D BlueZ : external/bluetooth/bluez/android/hal-bluetooth.c:interop_database_clear()
09-01 19:54:21.907 3225 3225 V BluetoothAdapterState: isTurningOff()=false
09-01 19:54:21.907 3225 3225 V BluetoothAdapterState: isTurningOn()=true
09-01 19:54:21.907 3225 3225 V BluetoothAdapterState: isBleTurningOn()=false
09-01 19:54:21.907 3225 3225 V BluetoothAdapterState: isBleTurningOff()=false
09-01 19:54:21.907 3225 3225 D BlueZ : external/bluetooth/bluez/android/hal-bluetooth.c:interop_database_clear()
09-01 19:54:21.908 3225 3225 V BluetoothAdapterState: isTurningOff()=false
09-01 19:54:21.908 3225 3225 V BluetoothAdapterState: isTurningOn()=true
09-01 19:54:21.908 3225 3225 V BluetoothAdapterState: isBleTurningOn()=false
09-01 19:54:21.908 3225 3225 V BluetoothAdapterState: isBleTurningOff()=false
09-01 19:54:21.908 3225 3225 D BlueZ : external/bluetooth/bluez/android/hal-bluetooth.c:interop_database_clear()
09-01 19:54:21.908 3225 3225 V BluetoothAdapterState: isTurningOff()=false
09-01 19:54:21.908 3225 3225 V BluetoothAdapterState: isTurningOn()=true
09-01 19:54:21.908 3225 3225 V BluetoothAdapterState: isBleTurningOn()=false
09-01 19:54:21.908 3225 3225 V BluetoothAdapterState: isBleTurningOff()=false
09-01 19:54:21.908 3225 3225 D BlueZ : external/bluetooth/bluez/android/hal-bluetooth.c:interop_database_clear()
09-01 19:54:21.908 3225 3310 D BluetoothAdapterState: Current state: PENDING_COMMAND, message: 2
09-01 19:54:21.908 3225 3310 D BluetoothAdapterProperties: ScanMode = 20
09-01 19:54:21.908 3225 3310 D BluetoothAdapterProperties: State = 11
09-01 19:54:21.908 3225 3310 D BlueZ : external/bluetooth/bluez/android/hal-bluetooth.c:set_adapter_property() prop: type=BT_PROPERTY_ADAPTER_SCAN_MODE len=4 val=BT_SCAN_MODE_CONNECTABLE
09-01 19:54:21.909 3225 3310 D BlueZ : external/bluetooth/bluez/android/hal-bluetooth.c:set_adapter_property() prop: type=BT_PROPERTY_ADAPTER_DISCOVERY_TIMEOUT len=4 val=120
09-01 19:54:21.909 3147 3147 I GRALLOC-DRM: create intel for driver i915
09-01 19:54:21.910 3225 3321 D BlueZ : external/bluetooth/bluez/android/hal-bluetooth.c:handle_adapter_props_changed()
09-01 19:54:21.910 3225 3321 D BlueZ : external/bluetooth/bluez/android/hal-bluetooth.c:adapter_props_to_hal() prop[0]: type=BT_PROPERTY_ADAPTER_DISCOVERY_TIMEOUT len=4 val=120
09-01 19:54:21.911 3225 3321 D BluetoothAdapterProperties: Discoverable Timeout:120
09-01 19:54:21.911 3225 3321 D BlueZ : external/bluetooth/bluez/android/hal-bluetooth.c:handle_adapter_props_changed()
09-01 19:54:21.911 3225 3321 D BlueZ : external/bluetooth/bluez/android/hal-bluetooth.c:adapter_props_to_hal() prop[0]: type=BT_PROPERTY_ADAPTER_SCAN_MODE len=4 val=BT_SCAN_MODE_CONNECTABLE
09-01 19:54:21.914 3225 3321 D BluetoothAdapterProperties: Scan Mode:21
09-01 19:54:21.914 3225 3310 D BluetoothAdapterProperties: Setting state to 12
09-01 19:54:21.914 3225 3310 I BluetoothAdapterState: Bluetooth adapter state changed: 11-> 12
09-01 19:54:21.915 2562 2585 D BluetoothPan: onBluetoothStateChange on: true
09-01 19:54:21.915 3225 3310 I BluetoothAdapterState: Entering OnState
09-01 19:54:21.939 2562 2590 D BluetoothPbap: onBluetoothStateChange: up=true
09-01 19:54:21.940 2764 3390 I System.out: gmsNlpServiceThread This NLP should run continuously. intent is Intent { act=com.google.android.location.internal.GMS_NLP pkg=com.google.android.gms }
09-01 19:54:21.940 3419 3419 W System : ClassLoader referenced unknown path: /system/priv-app/MediaProvider/lib/x86
09-01 19:54:21.940 3419 3419 W XPrivacy: Hooking package=com.android.providers.media
09-01 19:54:21.949 2764 3390 W Settings: Setting airplane_mode_on has moved from android.provider.Settings.System to android.provider.Settings.Global, returning read-only value.
09-01 19:54:21.953 2857 3128 D BluetoothHeadset: onBluetoothStateChange: up=true
09-01 19:54:21.954 2562 2582 D BluetoothMap: onBluetoothStateChange: up=true
09-01 19:54:21.957 2452 2486 I chatty : uid=1000(system) android.io expire 3 lines
09-01 19:54:21.959 2562 2590 D BluetoothInputDevice: onBluetoothStateChange: up=true
09-01 19:54:21.961 3147 3269 W XPrivacy: Hooking package=com.google.android.gms
09-01 19:54:21.970 3419 3419 I Xposed : XHFW3 load package com.android.providers.media
09-01 19:54:21.995 3147 3269 I Xposed : XHFW3 load package com.google.android.gms
09-01 19:54:22.014 3225 3225 D BluetoothMapService: onReceive
09-01 19:54:22.014 3225 3225 D BluetoothMapService: onReceive: android.bluetooth.adapter.action.STATE_CHANGED
09-01 19:54:22.014 3225 3225 D BluetoothMapService: STATE_ON
09-01 19:54:22.026 2452 2492 W PackageParser: No actions in intent filter at /mnt/expand/d08e55bb-f276-4967-b6e9-e42dca4420fd/app/com.qq.ac.android-1/base.apk Binary XML file line #128
09-01 19:54:22.035 3225 3225 D BluetoothMapMasInstance0: Map Service startRfcommSocketListener
09-01 19:54:22.036 3225 3225 D ObexServerSockets: create(rfcomm = -2, l2capPsm = -2)
09-01 19:54:22.038 3225 3225 W BluetoothAdapter: getBluetoothService() called with no BluetoothManagerCallback
09-01 19:54:22.048 3225 3225 D BlueZ : external/bluetooth/bluez/android/hal-socket.c:socket_listen() uuid 00000000-0000-0000-0000-000000000000 chan -2 sock 0xbfbacabc type 1 service_name (null) flags 0x07
09-01 19:54:22.048 3311 3311 E bluetoothd: Invalid rfcomm listen params
09-01 19:54:22.048 3225 3225 E BluetoothServiceJni: Socket listen failed: 7
09-01 19:54:22.048 3225 3225 E BluetoothAdapterService: Failed to create socket channel
09-01 19:54:22.053 3225 3225 E ObexServerSockets: Error create ServerSockets
09-01 19:54:22.053 3225 3225 E ObexServerSockets: java.io.IOException: Error: -1
09-01 19:54:22.053 3225 3225 E ObexServerSockets: at android.bluetooth.BluetoothAdapter.listenUsingRfcommOn(BluetoothAdapter.java:1542)
09-01 19:54:22.053 3225 3225 E ObexServerSockets: at android.bluetooth.BluetoothAdapter.listenUsingRfcommOn(BluetoothAdapter.java:1508)
09-01 19:54:22.053 3225 3225 E ObexServerSockets: at com.android.bluetooth.ObexServerSockets.create(ObexServerSockets.java:118)
09-01 19:54:22.053 3225 3225 E ObexServerSockets: at com.android.bluetooth.ObexServerSockets.create(ObexServerSockets.java:84)
09-01 19:54:22.053 3225 3225 E ObexServerSockets: at com.android.bluetooth.map.BluetoothMapMasInstance.startRfcommSocketListener(BluetoothMapMasInstance.java:273)
09-01 19:54:22.053 3225 3225 E ObexServerSockets: at com.android.bluetooth.map.BluetoothMapService.startRfcommSocketListeners(BluetoothMapService.java:200)
09-01 19:54:22.053 3225 3225 E ObexServerSockets: at com.android.bluetooth.map.BluetoothMapService.-wrap10(BluetoothMapService.java)
09-01 19:54:22.053 3225 3225 E ObexServerSockets: at com.android.bluetooth.map.BluetoothMapService$1.handleMessage(BluetoothMapService.java:327)
09-01 19:54:22.053 3225 3225 E ObexServerSockets: at android.os.Handler.dispatchMessage(Handler.java:102)
09-01 19:54:22.053 3225 3225 E ObexServerSockets: at android.os.Looper.loop(Looper.java:148)
09-01 19:54:22.053 3225 3225 E ObexServerSockets: at android.app.ActivityThread.main(ActivityThread.java:5415)
09-01 19:54:22.053 3225 3225 E ObexServerSockets: at java.lang.reflect.Method.invoke(Native Method)
09-01 19:54:22.053 3225 3225 E ObexServerSockets: at com.android.internal.os.ZygoteInit$MethodAndArgsCaller.run(ZygoteInit.java:744)
09-01 19:54:22.053 3225 3225 E ObexServerSockets: at com.android.internal.os.ZygoteInit.main(ZygoteInit.java:634)
09-01 19:54:22.053 3225 3225 E ObexServerSockets: at de.robv.android.xposed.XposedBridge.main(XposedBridge.java:102)
09-01 19:54:22.056 3225 3225 V ObexServerSockets: waiting 300 ms...
09-01 19:54:22.060 2562 3376 D LocalBluetoothProfileManager: Adding local A2DP profile
09-01 19:54:22.109 2562 3376 D LocalBluetoothProfileManager: Adding local HEADSET profile
09-01 19:54:22.132 2562 3517 D OpenGLRenderer: Use EGL_SWAP_BEHAVIOR_PRESERVED: true
09-01 19:54:22.132 2562 3517 D OpenGLRenderer: profile bars disabled
09-01 19:54:22.132 2562 3517 D OpenGLRenderer: ambientRatio = 1.50
09-01 19:54:22.136 3419 3419 W ActivityThread: ClassLoader.loadClass: The class loader returned by Thread.getContextClassLoader() may fail for processes that host multiple applications. You should explicitly specify a context class loader. For example: Thread.setContextClassLoader(getClass().getClassLoader());
09-01 19:54:22.205 3147 3269 W linker : /system/priv-app/GmsCore/lib/x86/libgmscore.so: unused DT entry: type 0x7ffffffd arg 0xa0a
09-01 19:54:22.258 2562 2582 D BluetoothHeadset: Proxy object connected
09-01 19:54:22.281 3147 3508 I EGL-DRI2: found extension DRI_Core version 1
09-01 19:54:22.281 3147 3508 I EGL-DRI2: found extension DRI_DRI2 version 4
09-01 19:54:22.287 3147 3269 W linker : /system/priv-app/GmsCore/lib/x86/libconscrypt_gmscore_jni.so: unused DT entry: type 0x1d arg 0x91
09-01 19:54:22.287 3147 3269 W linker : /system/priv-app/GmsCore/lib/x86/libconscrypt_gmscore_jni.so: unused DT entry: type 0x7ffffffd arg 0x174
09-01 19:54:22.291 3466 3466 W ActivityThread: ClassLoader.loadClass: The class loader returned by Thread.getContextClassLoader() may fail for processes that host multiple applications. You should explicitly specify a context class loader. For example: Thread.setContextClassLoader(getClass().getClassLoader());
09-01 19:54:22.299 3466 3466 I MultiDex: VM with version 2.1.0 has multidex support
09-01 19:54:22.299 3466 3466 I MultiDex: install
09-01 19:54:22.299 3466 3466 I MultiDex: VM has multidex support, MultiDex support library is disabled.
09-01 19:54:22.299 2562 2562 I GRALLOC-DRM: create intel for driver i915
09-01 19:54:22.303 3147 3267 I GrammarCompilationSvcCt: Grammar compilation alarm set for interval 604800000
09-01 19:54:22.307 3147 3269 V JNIHelp : Registering com/google/android/gms/org/conscrypt/NativeCrypto's 255 native methods...
09-01 19:54:22.310 3147 3508 I EGL-DRI2: found extension DRI_TexBuffer version 3
09-01 19:54:22.310 3147 3508 I EGL-DRI2: found extension DRI2_Flush version 4
09-01 19:54:22.310 3147 3508 I EGL-DRI2: found extension DRI_IMAGE version 11
09-01 19:54:22.311 3147 3508 I OpenGLRenderer: Initialized EGL, version 1.4
09-01 19:54:22.311 3147 3508 W OpenGLRenderer: Failed to choose config with EGL_SWAP_BEHAVIOR_PRESERVED, retrying without...
09-01 19:54:22.316 2562 2562 D PhoneStatusBar: disable: < expand icons alerts system_info back home recent clock search quick_settings
