I/RlzPingService( 5316): Setting next ping for 1403118076469
I/ActivityManager( 4887): Resuming delayed broadcast
I/ActivityManager( 4887): Delay finish: com.google.android.partnersetup/.RlzPingBroadcastReceiver
I/ActivityManager( 4887): Resuming delayed broadcast
I/ActivityManager( 4887): Delay finish: com.android.providers.media/.MediaScannerReceiver
D/dalvikvm( 5054): GC_CONCURRENT freed 215K, 9% free 2865K/3140K, paused 0ms+1ms, total 3ms
W/MediaScanner( 5054): Error opening directory '/storage/sdcard1/', skipping: Permission denied.
W/MediaScanner( 5054): Error opening directory '/storage/usb0/', skipping: Permission denied.
W/MediaScanner( 5054): Error opening directory '/storage/usb1/', skipping: Permission denied.
W/MediaScanner( 5054): Error opening directory '/storage/usb2/', skipping: Permission denied.
W/MediaScanner( 5054): Error opening directory '/storage/usb3/', skipping: Permission denied.
V/MediaScanner( 5054): pruneDeadThumbnailFiles... android.database.sqlite.SQLiteCursor@21676e80
V/MediaScanner( 5054): /pruneDeadThumbnailFiles... android.database.sqlite.SQLiteCursor@21676e80
I/ActivityManager( 4887): Resuming delayed broadcast
I/ActivityManager( 4887): Start proc com.android.mms for broadcast com.android.mms/.transaction.MmsSystemEventReceiver: pid=5528 uid=10012 gids={50012, 3003, 1028, 1015, 1023}
D/CountryDetector( 4887): The first listener is added
V/MmsConfig( 5528): mnc/mcc:
V/MmsConfig( 5528): tag: bool value: enabledMMS - true
V/MmsConfig( 5528): tag: int value: maxMessageSize - 307200
V/MmsConfig( 5528): tag: int value: maxImageHeight - 480
V/MmsConfig( 5528): tag: int value: maxImageWidth - 640
V/MmsConfig( 5528): tag: int value: defaultSMSMessagesPerThread - 10000
V/MmsConfig( 5528): tag: int value: defaultMMSMessagesPerThread - 1000
V/MmsConfig( 5528): tag: int value: minMessageCountPerThread - 10
V/MmsConfig( 5528): tag: int value: maxMessageCountPerThread - 5000
V/MmsConfig( 5528): tag: string value: uaProfUrl - http://www.google.com/oha/rdf/ua-profile-kila.xml
V/MmsConfig( 5528): tag: int value: recipientLimit - -1
V/MmsConfig( 5528): tag: bool value: enableMultipartSMS - true
V/MmsConfig( 5528): tag: int value: smsToMmsTextThreshold - -1
V/MmsConfig( 5528): tag: bool value: enableSlideDuration - true
V/MmsConfig( 5528): tag: int value: maxMessageTextSize - -1
D/Mms:app ( 5528): cancelNotification
I/ActivityManager( 4887): Delay finish: com.android.mms/.transaction.MmsSystemEventReceiver
D/MmsSmsDatabaseHelper( 5099): [MmsSmsDb] tableName: threads hasAutoIncrement: CREATE TABLE threads (_id INTEGER PRIMARY KEY AUTOINCREMENT,date INTEGER DEFAULT 0,message_count INTEGER DEFAULT 0,recipient_ids TEXT,snippet TEXT,snippet_cs INTEGER DEFAULT 0,read INTEGER DEFAULT 1,type INTEGER DEFAULT 0,error INTEGER DEFAULT 0,has_attachment INTEGER DEFAULT 0) result: true
D/MmsSmsDatabaseHelper( 5099): [MmsSmsDb] tableName: canonical_addresses hasAutoIncrement: CREATE TABLE canonical_addresses (_id INTEGER PRIMARY KEY AUTOINCREMENT,address TEXT) result: true
D/MmsSmsDatabaseHelper( 5099): [MmsSmsDb] tableName: part hasAutoIncrement: CREATE TABLE part (_id INTEGER PRIMARY KEY AUTOINCREMENT,mid INTEGER,seq INTEGER DEFAULT 0,ct TEXT,name TEXT,chset INTEGER,cd TEXT,fn TEXT,cid TEXT,cl TEXT,ctt_s INTEGER,ctt_t TEXT,_data TEXT,text TEXT) result: true
D/MmsSmsDatabaseHelper( 5099): [MmsSmsDb] tableName: pdu hasAutoIncrement: CREATE TABLE pdu (_id INTEGER PRIMARY KEY AUTOINCREMENT,thread_id INTEGER,date INTEGER,date_sent INTEGER DEFAULT 0,msg_box INTEGER,read INTEGER DEFAULT 0,m_id TEXT,sub TEXT,sub_cs INTEGER,ct_t TEXT,ct_l TEXT,exp INTEGER,m_cls TEXT,m_type INTEGER,v INTEGER,m_size INTEGER,pri INTEGER,rr INTEGER,rpt_a INTEGER,resp_st INTEGER,st INTEGER,tr_id TEXT,retr_st INTEGER,retr_txt TEXT,retr_txt_cs INTEGER,read_status INTEGER,ct_cls INTEGER,resp_txt TEXT,d_tm INTEGER,d_rpt INTEGER,locked INTEGER DEFAULT 0,seen INTEGER DEFAULT 0,text_only INTEGER DEFAULT 0) result: true
D/MmsSmsDatabaseHelper( 5099): [getWritableDatabase] hasAutoIncrementThreads: true hasAutoIncrementAddresses: true hasAutoIncrementPart: true hasAutoIncrementPdu: true
I/ActivityManager( 4887): Waited long enough for: ServiceRecord{21953d00 u0 com.android.music/.MediaPlaybackService}
I/ActivityManager( 4887): Resuming delayed broadcast
I/ActivityManager( 4887): Delay finish: com.android.mms/.transaction.SmsReceiver
I/ActivityManager( 4887): Resuming delayed broadcast
I/ActivityManager( 4887): Start proc com.android.onetimeinitializer for broadcast com.android.onetimeinitializer/.OneTimeInitializerReceiver: pid=5557 uid=10014 gids={50014}
V/OneTimeInitializerRece( 5557): OneTimeInitializerReceiver.onReceive
D/Mms:app ( 5528): cancelNotification
I/ActivityManager( 4887): Delay finish: com.android.onetimeinitializer/.OneTimeInitializerReceiver
I/ActivityManager( 4887): Resuming delayed broadcast
I/ActivityManager( 4887): Start proc com.android.vending for broadcast com.android.vending/com.google.android.finsky.receivers.BootCompletedReceiver: pid=5572 uid=10015 gids={50015, 3003, 1028, 1015, 1023}
D/Finsky ( 5572): [1] FinskyApp.onCreate: Initializing network with DFE https://android.clients.google.com/fdfe/
D/dalvikvm( 5572): GC_CONCURRENT freed 236K, 10% free 2863K/3160K, paused 2ms+1ms, total 6ms
D/Finsky ( 5572): [1] DailyHygiene.goMakeHygieneIfDirty: Dirty, need more hygiene.
W/Settings( 5572): Setting download_manager_max_bytes_over_mobile has moved from android.provider.Settings.Secure to android.provider.Settings.Global.
W/Settings( 5572): Setting download_manager_recommended_max_bytes_over_mobile has moved from android.provider.Settings.Secure to android.provider.Settings.Global.
W/Finsky ( 5572): [1] FinskyApp.getCurrentAccount: No account configured on this device.
W/Finsky ( 5572): [1] FinskyApp.getDfeApi: No account configured on this device.
D/Finsky ( 5572): [1] GmsCoreHelper.cleanupNlp: result=false type=4
D/Finsky ( 5572): [1] RestoreTracker.stopServiceIfDone: Restore complete with 0 success and 0 failed.
I/ActivityManager( 4887): Start proc com.thirdparty.superuser for broadcast com.thirdparty.superuser/com.koushikdutta.superuser.SuCheckerReceiver: pid=5605 uid=1000 gids={41000, 1028, 1015, 1023, 3002, 3001, 3003}
W/TrampolineActivity( 5266): Calling isDebugEnabled without an L.DBG guard
D/dalvikvm( 4887): GC_EXPLICIT freed 781K, 15% free 7770K/9116K, paused 1ms+2ms, total 17ms
I/ActivityManager( 4887): Start proc com.android.calendar for broadcast com.android.calendar/.alerts.AlertReceiver: pid=5622 uid=10030 gids={50030, 3003}
D/ExtensionsFactory( 5622): No custom extensions.
D/AlertReceiver( 5622): onReceive: a=android.intent.action.BOOT_COMPLETED Intent { act=android.intent.action.BOOT_COMPLETED flg=0x8000010 cmp=com.android.calendar/.alerts.AlertReceiver (has extras) }
D/AlertService( 5622): 0 Action = android.intent.action.BOOT_COMPLETED
D/AlertService( 5622): Scheduling next alarm with AlarmScheduler. sEventReminderReceived: null
I/ActivityManager( 4887): Start proc com.android.camera2 for broadcast com.android.camera2/com.android.camera.DisableCameraReceiver: pid=5642 uid=10031 gids={50031, 3003, 1028, 1015, 1023}
D/AlarmScheduler( 5622): No events found starting within 1 week.
D/Camera_Factory( 4610): CameraFactory::get_camera_info
D/Camera_Factory( 4610): CameraFactory::getCameraInfo: id = 0, info = 0x41aa1a00
D/Camera_Factory( 4610): CameraFactory::getCameraNum: 1
D/CameraHardware( 4610): CameraHardware::getCameraInfo
I/DisableCameraReceiver( 5642): back camera found: 0
I/ActivityManager( 4887): Start proc com.android.deskclock for broadcast com.android.deskclock/.AlarmInitReceiver: pid=5656 uid=10034 gids={50034, 1028}
I/ActivityManager( 4887): Killing 5011:com.android.externalstorage/u0a7 (adj 15): empty #17
V/AlarmClock( 5656): AlarmInitReceiver android.intent.action.BOOT_COMPLETED
V/AlarmClock( 5656): AlarmInitReceiver - Reset timers and clear stopwatch data
V/AlarmClock( 5656): AlarmInitReceiver - resetting volume button default
I/AlarmClock( 5656): Alarms Table created
I/AlarmClock( 5656): Instance table created
I/AlarmClock( 5656): Cities table created
I/AlarmClock( 5656): Inserting default alarms
I/AlarmClock( 5656): Displaying next alarm time: ''
V/AlarmClock( 5656): AlarmInitReceiver finished
W/BackupManagerService( 4887): dataChanged but no participant pkg='com.android.providers.settings' uid=10034
I/ActivityManager( 4887): Start proc com.android.email for broadcast com.android.email/.service.EmailUpgradeBroadcastReceiver: pid=5672 uid=10038 gids={50038, 3003, 1028, 1015, 1023}
I/ActivityManager( 4887): Killing 5030:android.process.acore/u0a3 (adj 15): empty #17
D/ActivityThread( 5672): Loading provider com.android.email.provider;com.android.email.notifier: com.android.email.provider.EmailProvider
I/ActivityManager( 4887): Delay finish: com.android.email/.service.EmailUpgradeBroadcastReceiver
I/Email ( 5672): Observing account changes for notifications
D/dalvikvm( 5672): GC_CONCURRENT freed 226K, 10% free 2835K/3124K, paused 1ms+1ms, total 4ms
W/ActivityManager( 4887): Unable to start service Intent { cmp=com.android.email/.service.AttachmentDownloadService } U=0: not found
W/ActivityManager( 4887): Unable to start service Intent { cmp=com.android.email/.service.AttachmentDownloadService } U=0: not found
I/Email ( 5672): Onetime initialization: 1
I/Email ( 5672): Onetime initialization: 2
I/Email ( 5672): Onetime initialization: completed.
I/ActivityManager( 4887): Resuming delayed broadcast
I/ActivityManager( 4887): Delay finish: com.android.email/.service.EmailBroadcastReceiver
I/ActivityManager( 4887): Delaying start of: ServiceRecord{21855a14 u0 com.android.exchange/.service.EmailSyncAdapterService}
I/ActivityManager( 4887): Start proc com.android.exchange for service com.android.exchange/.service.EmailSyncAdapterService: pid=5694 uid=10039 gids={50039, 3003, 1028, 1015, 1023}
I/ActivityManager( 4887): Killing 5281:com.google.android.apps.uploader/u0a55 (adj 15): empty #17
D/dalvikvm( 4608): GC_EXPLICIT freed 40K, 4% free 2663K/2768K, paused 0ms+0ms, total 4ms
I/ActivityManager( 4887): Resuming delayed broadcast
D/dalvikvm( 4608): GC_EXPLICIT freed <1K, 4% free 2663K/2768K, paused 1ms+1ms, total 4ms
D/dalvikvm( 4608): GC_EXPLICIT freed <1K, 4% free 2663K/2768K, paused 1ms+1ms, total 5ms
D/Camera_Factory( 4610): CameraFactory::get_camera_info
D/Camera_Factory( 4610): CameraFactory::getCameraInfo: id = 0, info = 0xbfb40fa0
D/Camera_Factory( 4610): CameraFactory::getCameraNum: 1
D/CameraHardware( 4610): CameraHardware::getCameraInfo
I/G:DisableCameraReceiver( 5708): back camera found: 0
I/ActivityManager( 4887): Start proc com.android.gallery3d for broadcast com.android.gallery3d/com.android.camera.DisableCameraReceiver: pid=5708 uid=10042 gids={50042, 3003, 1028, 1015, 1023}
I/ActivityManager( 4887): Killing 5301:com.google.android.apps.magazines/u0a52 (adj 15): empty #17
I/ActivityManager( 4887): Start proc com.google.android.gm for broadcast com.google.android.gm/.GoogleMailDeviceStartupReceiver: pid=5721 uid=10043 gids={50043, 3003, 1028, 1015, 1023}
I/ActivityManager( 4887): Killing 5248:com.android.settings/1000 (adj 15): empty #17
D/ActivityThread( 5721): Loading provider com.android.gmail.ui: com.google.android.gm.provider.GmailProvider
D/dalvikvm( 5721): GC_CONCURRENT freed 198K, 9% free 2889K/3148K, paused 1ms+1ms, total 4ms
W/GAV2 ( 5721): Thread[main,5,main]: Need to call initialize() and be in fallback mode to start dispatch.
E/Icing ( 5079): Not initialized
E/Gmail ( 5721): Search registration failed: 16
I/ActivityManager( 4887): Delay finish: com.google.android.gm/.GoogleMailDeviceStartupReceiver
I/ActivityManager( 4887): Resuming delayed broadcast
I/ActivityManager( 4887): Delay finish: com.google.android.gm/.MailIntentReceiver
I/ActivityManager( 4887): Resuming delayed broadcast
I/ActivityManager( 4887): Killing 5393:com.android.dialer/u0a5 (adj 15): empty #17
I/ActivityManager( 4887): Delay finish: com.google.android.syncadapters.contacts/.ContactsSyncAdapterBroadcastReceiver
I/ActivityManager( 4887): Start proc android.process.acore for content provider com.android.providers.contacts/.ContactsProvider2: pid=5748 uid=10003 gids={50003, 3003, 1028, 1015, 1023}
D/dalvikvm( 5748): GC_CONCURRENT freed 240K, 10% free 2911K/3212K, paused 1ms+1ms, total 4ms
I/ContactLocale( 5748): AddressBook Labels [en_US]: [, A, B, C, D, E, F, G, H, I, J, K, L, M, N, O, P, Q, R, S, T, U, V, W, X, Y, Z, Α, Β, Γ, Δ, Ε, Ζ, Η, Θ, Ι, Κ, Λ, Μ, Ν, Ξ, Ο, Π, Ρ, Σ, Τ, Υ, Φ, Χ, Ψ, Ω, , А, Б, В, Г, Д, Е, Є, Ж, З, И, І, Ї, Й, К, Л, М, Н, О, П, Р, С, Т, У, Ф, Х, Ц, Ч, Ш, Щ, Ю, Я, , א, ב, ג, ד, ה, ו, ז, ח, ט, י, כ, ל, מ, נ, ס, ע, פ, צ, ק, ר, ש, ת, , ا, ب, ت, ث, ج, ح, خ, د, ذ, ر, ز, س, ش, ص, ض, ط, ظ, ع, غ, ف, ق, ك, ل, م, ن, ه, و, ي, , ก, ข, ฃ, ค, ฅ, ฆ, ง, จ, ฉ, ช, ซ, ฌ, ญ, ฎ, ฏ, ฐ, ฑ, ฒ, ณ, ด, ต, ถ, ท, ธ, น, บ, ป, ผ, ฝ, พ, ฟ, ภ, ม, ย, ร, ฤ, ล, ฦ, ว, ศ, ษ, ส, ห, ฬ, อ, ฮ, , ㄱ, ㄴ, ㄷ, ㄹ, ㅁ, ㅂ, ㅅ, ㅇ, ㅈ, ㅊ, ㅋ, ㅌ, ㅍ, ㅎ, , あ, か, さ, た, な, は, ま, や, ら, わ, #, ]
I/LauncherIconVisibilityManager( 5072): Boot has been completed
I/ActivityManager( 4887): Resuming delayed broadcast
I/ActivityManager( 4887): Killing 5459:com.google.android.configupdater/u0a2 (adj 15): empty #17
I/LauncherIconVisibilityManager( 5072): Disable activity: ComponentInfo{com.android.inputmethod.latin/com.android.inputmethod.latin.setup.SetupActivity}
D/dalvikvm( 5072): GC_CONCURRENT freed 205K, 8% free 3023K/3284K, paused 1ms+0ms, total 4ms
I/LauncherIconVisibilityManager( 5763): Boot has been completed
I/ActivityManager( 4887): Start proc com.google.android.inputmethod.latin for broadcast com.google.android.inputmethod.latin/com.android.inputmethod.latin.setup.LauncherIconVisibilityManager: pid=5763 uid=10049 gids={50049, 3003, 1028, 1015, 1023}
I/LauncherIconVisibilityManager( 5763): Disable activity: ComponentInfo{com.google.android.inputmethod.latin/com.android.inputmethod.latin.setup.SetupActivity}
I/LauncherIconVisibilityManager( 5763): Killing my process: pid=5763
I/Process ( 5763): Sending signal. PID: 5763 SIG: 9
I/ActivityManager( 4887): Process com.google.android.inputmethod.latin (pid 5763) has died.
D/Finsky ( 5572): [1] DailyHygiene.inHoldoffPeriod: DailyHygiene holdoff continue
I/ActivityManager( 4887): Waited long enough for: ServiceRecord{21920c7c u0 com.google.android.gms/.gcm.GcmService}
W/GAV2 ( 5721): Thread[GAThread,5,main]: Service unavailable (code=1), will retry.
I/GAV2 ( 5721): Thread[GAThread,5,main]: No campaign data found.
W/ActivityManager( 4887): Unable to start service Intent { act=com.google.android.gms.analytics.service.START cmp=com.google.android.gms/.analytics.service.AnalyticsService (has extras) } U=0: not found
I/PackageManager( 4887): Action: "android.intent.action.SENDTO"
I/PackageManager( 4887): Category: "android.intent.category.DEFAULT"
I/PackageManager( 4887): Scheme: "sms"
I/InputReader( 4887): Reconfiguring input devices. changes=0x00000010
I/PackageManager( 4887): Adding preferred activity ComponentInfo{com.android.mms/com.android.mms.ui.ComposeMessageActivity} for user 0 :
I/PackageManager( 4887): Action: "android.intent.action.SENDTO"
I/PackageManager( 4887): Category: "android.intent.category.DEFAULT"
I/PackageManager( 4887): Scheme: "smsto"
D/dalvikvm( 5099): GC_CONCURRENT freed 277K, 11% free 3008K/3344K, paused 0ms+1ms, total 3ms
I/PackageManager( 4887): Action: "android.intent.action.SENDTO"
I/PackageManager( 4887): Category: "android.intent.category.DEFAULT"
I/PackageManager( 4887): Scheme: "mms"
I/PackageManager( 4887): Action: "android.intent.action.SENDTO"
I/PackageManager( 4887): Category: "android.intent.category.DEFAULT"
I/PackageManager( 4887): Scheme: "mmsto"
I/PackageManager( 4887): Action: "android.intent.action.SENDTO"
I/PackageManager( 4887): Category: "android.intent.category.DEFAULT"
I/PackageManager( 4887): Scheme: "sms"
I/PackageManager( 4887): Action: "android.intent.action.SENDTO"
I/PackageManager( 4887): Category: "android.intent.category.DEFAULT"
I/PackageManager( 4887): Scheme: "smsto"
I/PackageManager( 4887): Adding preferred activity ComponentInfo{com.android.mms/com.android.mms.ui.ComposeMessageActivity} for user 0 :
I/PackageManager( 4887): Adding preferred activity ComponentInfo{com.android.mms/com.android.mms.ui.ComposeMessageActivity} for user 0 :
I/PackageManager( 4887): Adding preferred activity ComponentInfo{com.android.mms/com.android.mms.ui.ComposeMessageActivity} for user 0 :
I/PackageManager( 4887): Adding preferred activity ComponentInfo{com.android.mms/com.android.mms.ui.ComposeMessageActivity} for user 0 :
I/ActivityManager( 4887): Start proc com.google.android.videos for broadcast com.google.android.videos/.pinning.TransferService$Receiver: pid=5780 uid=10071 gids={50071, 3003, 1028, 1015, 1023, 3002}
I/PackageManager( 4887): Adding preferred activity ComponentInfo{com.android.mms/com.android.mms.ui.ComposeMessageActivity} for user 0 :
D/dalvikvm( 4887): GC_CONCURRENT freed 1056K, 14% free 7891K/9116K, paused 1ms+1ms, total 13ms
D/dalvikvm( 4887): WAIT_FOR_CONCURRENT_GC blocked 12ms
I/InputReader( 4887): Reconfiguring input devices. changes=0x00000010
I/PackageManager( 4887): Action: "android.intent.action.SENDTO"
I/PackageManager( 4887): Category: "android.intent.category.DEFAULT"
I/PackageManager( 4887): Scheme: "mms"
I/PackageManager( 4887): Action: "android.intent.action.SENDTO"
I/PackageManager( 4887): Category: "android.intent.category.DEFAULT"
I/PackageManager( 4887): Scheme: "mmsto"
I/PackageManager( 4887): Adding preferred activity ComponentInfo{com.android.mms/com.android.mms.ui.ComposeMessageActivity} for user 0 :
I/PackageManager( 4887): Adding preferred activity ComponentInfo{com.android.mms/com.android.mms.ui.ComposeMessageActivity} for user 0 :
I/InputReader( 4887): Reconfiguring input devices. changes=0x00000010
I/PackageManager( 4887): Action: "android.intent.action.SENDTO"
I/PackageManager( 4887): Category: "android.intent.category.DEFAULT"
I/PackageManager( 4887): Scheme: "sms"
I/InputReader( 4887): Reconfiguring input devices. changes=0x00000010
I/PackageManager( 4887): Action: "android.intent.action.SENDTO"
I/PackageManager( 4887): Category: "android.intent.category.DEFAULT"
I/PackageManager( 4887): Scheme: "smsto"
I/InputReader( 4887): Reconfiguring input devices. changes=0x00000010
I/PackageManager( 4887): Action: "android.intent.action.SENDTO"
I/PackageManager( 4887): Category: "android.intent.category.DEFAULT"
I/PackageManager( 4887): Scheme: "mms"
I/InputReader( 4887): Reconfiguring input devices. changes=0x00000010
I/PackageManager( 4887): Action: "android.intent.action.SENDTO"
I/PackageManager( 4887): Category: "android.intent.category.DEFAULT"
I/PackageManager( 4887): Scheme: "mmsto"
I/PackageManager( 4887): Adding preferred activity ComponentInfo{com.android.mms/com.android.mms.ui.ComposeMessageActivity} for user 0 :
I/PackageManager( 4887): Adding preferred activity ComponentInfo{com.android.mms/com.android.mms.ui.ComposeMessageActivity} for user 0 :
I/PackageManager( 4887): Adding preferred activity ComponentInfo{com.android.mms/com.android.mms.ui.ComposeMessageActivity} for user 0 :
I/PackageManager( 4887): Adding preferred activity ComponentInfo{com.android.mms/com.android.mms.ui.ComposeMessageActivity} for user 0 :
I/PackageManager( 4887): Action: "android.intent.action.SENDTO"
I/PackageManager( 4887): Category: "android.intent.category.DEFAULT"
I/PackageManager( 4887): Scheme: "sms"
I/PackageManager( 4887): Action: "android.intent.action.SENDTO"
I/PackageManager( 4887): Category: "android.intent.category.DEFAULT"
I/PackageManager( 4887): Scheme: "smsto"
I/PackageManager( 4887): Action: "android.intent.action.SENDTO"
I/PackageManager( 4887): Category: "android.intent.category.DEFAULT"
I/PackageManager( 4887): Scheme: "mms"
I/PackageManager( 4887): Action: "android.intent.action.SENDTO"
I/PackageManager( 4887): Category: "android.intent.category.DEFAULT"
I/PackageManager( 4887): Scheme: "mmsto"
I/PackageManager( 4887): Action: "android.intent.action.SENDTO"
I/PackageManager( 4887): Category: "android.intent.category.DEFAULT"
I/PackageManager( 4887): Scheme: "sms"
I/PackageManager( 4887): Action: "android.intent.action.SENDTO"
I/PackageManager( 4887): Category: "android.intent.category.DEFAULT"
I/PackageManager( 4887): Scheme: "smsto"
I/PackageManager( 4887): Adding preferred activity ComponentInfo{com.android.mms/com.android.mms.ui.ComposeMessageActivity} for user 0 :
I/PackageManager( 4887): Adding preferred activity ComponentInfo{com.android.mms/com.android.mms.ui.ComposeMessageActivity} for user 0 :
I/PackageManager( 4887): Adding preferred activity ComponentInfo{com.android.mms/com.android.mms.ui.ComposeMessageActivity} for user 0 :
I/PackageManager( 4887): Adding preferred activity ComponentInfo{com.android.mms/com.android.mms.ui.ComposeMessageActivity} for user 0 :
I/PackageManager( 4887): Adding preferred activity ComponentInfo{com.android.mms/com.android.mms.ui.ComposeMessageActivity} for user 0 :
I/PackageManager( 4887): Adding preferred activity ComponentInfo{com.android.mms/com.android.mms.ui.ComposeMessageActivity} for user 0 :
I/PackageManager( 4887): Action: "android.intent.action.SENDTO"
I/PackageManager( 4887): Category: "android.intent.category.DEFAULT"
I/PackageManager( 4887): Scheme: "mms"
I/PackageManager( 4887): Action: "android.intent.action.SENDTO"
I/PackageManager( 4887): Category: "android.intent.category.DEFAULT"
I/PackageManager( 4887): Scheme: "mmsto"
I/PackageManager( 4887): Action: "android.intent.action.SENDTO"
I/PackageManager( 4887): Category: "android.intent.category.DEFAULT"
I/PackageManager( 4887): Scheme: "sms"
I/PackageManager( 4887): Action: "android.intent.action.SENDTO"
I/PackageManager( 4887): Category: "android.intent.category.DEFAULT"
I/PackageManager( 4887): Scheme: "smsto"
I/PackageManager( 4887): Adding preferred activity ComponentInfo{com.android.mms/com.android.mms.ui.ComposeMessageActivity} for user 0 :
I/PackageManager( 4887): Adding preferred activity ComponentInfo{com.android.mms/com.android.mms.ui.ComposeMessageActivity} for user 0 :
I/PackageManager( 4887): Adding preferred activity ComponentInfo{com.android.mms/com.android.mms.ui.ComposeMessageActivity} for user 0 :
I/PackageManager( 4887): Adding preferred activity ComponentInfo{com.android.mms/com.android.mms.ui.ComposeMessageActivity} for user 0 :
I/PackageManager( 4887): Action: "android.intent.action.SENDTO"
I/PackageManager( 4887): Category: "android.intent.category.DEFAULT"
I/PackageManager( 4887): Scheme: "mms"
I/PackageManager( 4887): Action: "android.intent.action.SENDTO"
I/PackageManager( 4887): Category: "android.intent.category.DEFAULT"
I/PackageManager( 4887): Scheme: "mmsto"
D/dalvikvm( 5780): GC_CONCURRENT freed 254K, 11% free 2861K/3184K, paused 1ms+1ms, total 4ms
I/PackageManager( 4887): Adding preferred activity ComponentInfo{com.android.mms/com.android.mms.ui.ComposeMessageActivity} for user 0 :
I/PackageManager( 4887): Adding preferred activity ComponentInfo{com.android.mms/com.android.mms.ui.ComposeMessageActivity} for user 0 :
D/dalvikvm( 4887): GC_CONCURRENT freed 1271K, 15% free 7921K/9260K, paused 1ms+1ms, total 15ms
D/dalvikvm( 4887): WAIT_FOR_CONCURRENT_GC blocked 10ms
D/PlayMovies( 5780): VideosApplication.initInternal:288 Enabling network usage management
W/LocationProviderProxy-fused( 4887): com.google.android.gms resolves service com.android.location.service.FusedLocationProvider, but has wrong signature, ignoring
I/PackageManager( 4887): Action: "android.intent.action.SENDTO"
I/PackageManager( 4887): Category: "android.intent.category.DEFAULT"
I/PackageManager( 4887): Scheme: "sms"
I/PackageManager( 4887): Action: "android.intent.action.SENDTO"
I/PackageManager( 4887): Category: "android.intent.category.DEFAULT"
I/PackageManager( 4887): Scheme: "smsto"
I/PackageManager( 4887): Adding preferred activity ComponentInfo{com.android.mms/com.android.mms.ui.ComposeMessageActivity} for user 0 :
I/PackageManager( 4887): Adding preferred activity ComponentInfo{com.android.mms/com.android.mms.ui.ComposeMessageActivity} for user 0 :
I/PackageManager( 4887): Action: "android.intent.action.SENDTO"
I/PackageManager( 4887): Category: "android.intent.category.DEFAULT"
I/PackageManager( 4887): Scheme: "mms"
I/PackageManager( 4887): Action: "android.intent.action.SENDTO"
I/PackageManager( 4887): Category: "android.intent.category.DEFAULT"
I/PackageManager( 4887): Scheme: "mmsto"
I/PackageManager( 4887): Action: "android.intent.action.SENDTO"
I/PackageManager( 4887): Category: "android.intent.category.DEFAULT"
I/PackageManager( 4887): Scheme: "sms"
D/PlayMovies( 5780): PersistentCache.cleanup:126 Cache is below limit, no need to shrink: [size=0, limit=5242880]
I/PackageManager( 4887): Action: "android.intent.action.SENDTO"
I/PackageManager( 4887): Category: "android.intent.category.DEFAULT"
I/PackageManager( 4887): Scheme: "smsto"
I/PackageManager( 4887): Action: "android.intent.action.SENDTO"
I/PackageManager( 4887): Category: "android.intent.category.DEFAULT"
I/PackageManager( 4887): Scheme: "mms"
I/PackageManager( 4887): Adding preferred activity ComponentInfo{com.android.mms/com.android.mms.ui.ComposeMessageActivity} for user 0 :
I/PackageManager( 4887): Adding preferred activity ComponentInfo{com.android.mms/com.android.mms.ui.ComposeMessageActivity} for user 0 :
I/PackageManager( 4887): Adding preferred activity ComponentInfo{com.android.mms/com.android.mms.ui.ComposeMessageActivity} for user 0 :
I/PackageManager( 4887): Adding preferred activity ComponentInfo{com.android.mms/com.android.mms.ui.ComposeMessageActivity} for user 0 :
I/PackageManager( 4887): Adding preferred activity ComponentInfo{com.android.mms/com.android.mms.ui.ComposeMessageActivity} for user 0 :
I/PackageManager( 4887): Action: "android.intent.action.SENDTO"
I/PackageManager( 4887): Category: "android.intent.category.DEFAULT"
I/PackageManager( 4887): Scheme: "mmsto"
I/PackageManager( 4887): Action: "android.intent.action.SENDTO"
I/PackageManager( 4887): Category: "android.intent.category.DEFAULT"
I/PackageManager( 4887): Scheme: "sms"
D/dalvikvm( 5780): GC_CONCURRENT freed 469K, 16% free 2907K/3436K, paused 1ms+0ms, total 4ms
D/dalvikvm( 5780): WAIT_FOR_CONCURRENT_GC blocked 2ms
D/dalvikvm( 5780): WAIT_FOR_CONCURRENT_GC blocked 2ms
I/PackageManager( 4887): Action: "android.intent.action.SENDTO"
I/PackageManager( 4887): Category: "android.intent.category.DEFAULT"
I/PackageManager( 4887): Scheme: "smsto"
I/PackageManager( 4887): Action: "android.intent.action.SENDTO"
I/PackageManager( 4887): Category: "android.intent.category.DEFAULT"
I/PackageManager( 4887): Scheme: "mms"
I/PackageManager( 4887): Action: "android.intent.action.SENDTO"
I/PackageManager( 4887): Category: "android.intent.category.DEFAULT"
I/PackageManager( 4887): Scheme: "mmsto"
I/PackageManager( 4887): Action: "android.intent.action.SENDTO"
I/PackageManager( 4887): Category: "android.intent.category.DEFAULT"
I/PackageManager( 4887): Scheme: "sms"
I/PackageManager( 4887): Action: "android.intent.action.SENDTO"
I/PackageManager( 4887): Category: "android.intent.category.DEFAULT"
I/PackageManager( 4887): Scheme: "smsto"
D/dalvikvm( 5780): GC_CONCURRENT freed 468K, 17% free 2907K/3480K, paused 2ms+0ms, total 5ms
D/dalvikvm( 5780): WAIT_FOR_CONCURRENT_GC blocked 3ms
D/dalvikvm( 5780): WAIT_FOR_CONCURRENT_GC blocked 2ms
I/PackageManager( 4887): Action: "android.intent.action.SENDTO"
I/PackageManager( 4887): Category: "android.intent.category.DEFAULT"
I/PackageManager( 4887): Scheme: "mms"
I/PackageManager( 4887): Adding preferred activity ComponentInfo{com.android.mms/com.android.mms.ui.ComposeMessageActivity} for user 0 :
I/PackageManager( 4887): Adding preferred activity ComponentInfo{com.android.mms/com.android.mms.ui.ComposeMessageActivity} for user 0 :
I/PackageManager( 4887): Adding preferred activity ComponentInfo{com.android.mms/com.android.mms.ui.ComposeMessageActivity} for user 0 :
I/PackageManager( 4887): Adding preferred activity ComponentInfo{com.android.mms/com.android.mms.ui.ComposeMessageActivity} for user 0 :
I/PackageManager( 4887): Adding preferred activity ComponentInfo{com.android.mms/com.android.mms.ui.ComposeMessageActivity} for user 0 :
I/PackageManager( 4887): Adding preferred activity ComponentInfo{com.android.mms/com.android.mms.ui.ComposeMessageActivity} for user 0 :
I/PackageManager( 4887): Adding preferred activity ComponentInfo{com.android.mms/com.android.mms.ui.ComposeMessageActivity} for user 0 :
I/PackageManager( 4887): Adding preferred activity ComponentInfo{com.android.mms/com.android.mms.ui.ComposeMessageActivity} for user 0 :
I/PackageManager( 4887): Action: "android.intent.action.SENDTO"
I/PackageManager( 4887): Category: "android.intent.category.DEFAULT"
I/PackageManager( 4887): Scheme: "mmsto"
I/PackageManager( 4887): Action: "android.intent.action.SENDTO"
I/PackageManager( 4887): Category: "android.intent.category.DEFAULT"
I/PackageManager( 4887): Scheme: "sms"
I/PackageManager( 4887): Action: "android.intent.action.SENDTO"
I/PackageManager( 4887): Category: "android.intent.category.DEFAULT"
I/PackageManager( 4887): Scheme: "smsto"
I/PackageManager( 4887): Action: "android.intent.action.SENDTO"
I/PackageManager( 4887): Category: "android.intent.category.DEFAULT"
I/PackageManager( 4887): Scheme: "mms"
D/dalvikvm( 5780): GC_CONCURRENT freed 457K, 17% free 2915K/3480K, paused 1ms+0ms, total 4ms
D/dalvikvm( 5780): WAIT_FOR_CONCURRENT_GC blocked 3ms
D/dalvikvm( 5780): WAIT_FOR_CONCURRENT_GC blocked 3ms
I/PackageManager( 4887): Action: "android.intent.action.SENDTO"
I/PackageManager( 4887): Category: "android.intent.category.DEFAULT"
I/PackageManager( 4887): Scheme: "mmsto"
I/PackageManager( 4887): Action: "android.intent.action.SENDTO"
I/PackageManager( 4887): Category: "android.intent.category.DEFAULT"
I/PackageManager( 4887): Scheme: "sms"
I/PackageManager( 4887): Adding preferred activity ComponentInfo{com.android.mms/com.android.mms.ui.ComposeMessageActivity} for user 0 :
I/PackageManager( 4887): Adding preferred activity ComponentInfo{com.android.mms/com.android.mms.ui.ComposeMessageActivity} for user 0 :
I/PackageManager( 4887): Adding preferred activity ComponentInfo{com.android.mms/com.android.mms.ui.ComposeMessageActivity} for user 0 :
I/PackageManager( 4887): Adding preferred activity ComponentInfo{com.android.mms/com.android.mms.ui.ComposeMessageActivity} for user 0 :
I/PackageManager( 4887): Adding preferred activity ComponentInfo{com.android.mms/com.android.mms.ui.ComposeMessageActivity} for user 0 :
I/PackageManager( 4887): Adding preferred activity ComponentInfo{com.android.mms/com.android.mms.ui.ComposeMessageActivity} for user 0 :
I/PackageManager( 4887): Action: "android.intent.action.SENDTO"
I/PackageManager( 4887): Category: "android.intent.category.DEFAULT"
I/PackageManager( 4887): Scheme: "smsto"
D/dalvikvm( 5780): GC_CONCURRENT freed 457K, 17% free 2923K/3488K, paused 1ms+0ms, total 4ms
D/dalvikvm( 5780): WAIT_FOR_CONCURRENT_GC blocked 2ms
D/dalvikvm( 5780): WAIT_FOR_CONCURRENT_GC blocked 2ms
D/dalvikvm( 5780): GC_CONCURRENT freed 466K, 17% free 2925K/3496K, paused 1ms+0ms, total 3ms
D/dalvikvm( 5780): WAIT_FOR_CONCURRENT_GC blocked 2ms
D/dalvikvm( 5780): WAIT_FOR_CONCURRENT_GC blocked 1ms
I/PackageManager( 4887): Adding preferred activity ComponentInfo{com.android.mms/com.android.mms.ui.ComposeMessageActivity} for user 0 :
D/dalvikvm( 4887): GC_FOR_ALLOC freed 1221K, 16% free 7885K/9304K, paused 13ms, total 13ms
I/PackageManager( 4887): Action: "android.intent.action.SENDTO"
I/PackageManager( 4887): Category: "android.intent.category.DEFAULT"
I/PackageManager( 4887): Scheme: "mms"
W/GAV2 ( 5721): Thread[Service Reconnect,5,main]: Service unavailable (code=1), using local store.
I/PackageManager( 4887): Action: "android.intent.action.SENDTO"
I/PackageManager( 4887): Category: "android.intent.category.DEFAULT"
I/PackageManager( 4887): Scheme: "mmsto"
I/PackageManager( 4887): Adding preferred activity ComponentInfo{com.android.mms/com.android.mms.ui.ComposeMessageActivity} for user 0 :
W/ActivityManager( 4887): Unable to start service Intent { act=com.google.android.gms.analytics.service.START cmp=com.google.android.gms/.analytics.service.AnalyticsService (has extras) } U=0: not found
I/PackageManager( 4887): Adding preferred activity ComponentInfo{com.android.mms/com.android.mms.ui.ComposeMessageActivity} for user 0 :
D/dalvikvm( 5721): GC_CONCURRENT freed 300K, 11% free 2981K/3344K, paused 1ms+0ms, total 4ms
W/LocationProviderProxy-fused( 4887): com.google.android.gms resolves service com.android.location.service.FusedLocationProvider, but has wrong signature, ignoring
I/MediaRouter( 5780): Found default route: MediaRouter.RouteInfo{ uniqueId=android/.support.v7.media.SystemMediaRouteProvider:DEFAULT_ROUTE, name=Headphones, description=null, enabled=true, connecting=false, playbackType=0, playbackStream=3, volumeHandling=1, volume=11, volumeMax=15, presentationDisplayId=-1, extras=null, providerPackageName=android }
D/PlayMovies( 5780): MediaRouteManager.onRouteSelected:125 routeInfo: MediaRouter.RouteInfo{ uniqueId=android/.support.v7.media.SystemMediaRouteProvider:DEFAULT_ROUTE, name=Headphones, description=null, enabled=true, connecting=false, playbackType=0, playbackStream=3, volumeHandling=1, volume=11, volumeMax=15, presentationDisplayId=-1, extras=null, providerPackageName=android }
W/LocationProviderProxy-fused( 4887): com.google.android.gms resolves service com.android.location.service.FusedLocationProvider, but has wrong signature, ignoring
D/dalvikvm( 5780): GC_CONCURRENT freed 282K, 13% free 3045K/3496K, paused 1ms+2ms, total 7ms
D/PlayMovies( 5780): TransferService.onCreate:52 creating transfer service
I/ActivityManager( 4887): Start proc com.google.android.youtube for broadcast com.google.android.youtube/com.google.android.apps.youtube.core.transfer.DownloadService$BootReceiver: pid=5819 uid=10073 gids={50073, 3003, 1028, 1015, 1023}
W/LocationProviderProxy-fused( 4887): com.google.android.gms resolves service com.android.location.service.FusedLocationProvider, but has wrong signature, ignoring
D/PlayMovies( 5780): MediaRouteManager.onRouteSelected:125 routeInfo: MediaRouter.RouteInfo{ uniqueId=android/.support.v7.media.SystemMediaRouteProvider:DEFAULT_ROUTE, name=Headphones, description=null, enabled=true, connecting=false, playbackType=0, playbackStream=3, volumeHandling=1, volume=11, volumeMax=15, presentationDisplayId=-1, extras=null, providerPackageName=android }
E/cutils ( 1375): Failed to mkdirat(/storage/usb0/Android): Read-only file system
W/ContextImpl( 5780): Failed to ensure directory: /storage/usb0/Android/data/com.google.android.videos/files/Movies
E/cutils ( 1375): Failed to mkdirat(/storage/usb1/Android): Read-only file system
E/Icing ( 5079): Not initialized
W/ContextImpl( 5780): Failed to ensure directory: /storage/usb1/Android/data/com.google.android.videos/files/Movies
E/.AppDataSearchProvider( 5780): Could not connect to AppDataSearchClient for registerCorpora, error 16
E/cutils ( 1375): Failed to mkdirat(/storage/usb2/Android): Read-only file system
W/ContextImpl( 5780): Failed to ensure directory: /storage/usb2/Android/data/com.google.android.videos/files/Movies
E/cutils ( 1375): Failed to mkdirat(/storage/usb3/Android): Read-only file system
W/ContextImpl( 5780): Failed to ensure directory: /storage/usb3/Android/data/com.google.android.videos/files/Movies
W/ContextImpl( 5780): Failed to ensure directory: /storage/sdcard1/Android/data/com.google.android.videos/files/Movies
W/LocationProviderProxy-fused( 4887): com.google.android.gms resolves service com.android.location.service.FusedLocationProvider, but has wrong signature, ignoring
W/Vold ( 1375): Returning OperationFailed - no handler for errno 30
W/Vold ( 1375): Returning OperationFailed - no handler for errno 30
W/Vold ( 1375): Returning OperationFailed - no handler for errno 30
W/Vold ( 1375): Returning OperationFailed - no handler for errno 30
E/Vold ( 1375): Failed to find volume for /storage/sdcard1/Android/data/com.google.android.videos/files/Movies/
W/Vold ( 1375): Returning OperationFailed - no handler for errno 30
E/cutils ( 1375): Failed to mkdirat(/storage/usb0/Android): Read-only file system
W/ContextImpl( 5780): Failed to ensure directory: /storage/usb0/Android/data/com.google.android.videos/files/Movies
E/cutils ( 1375): Failed to mkdirat(/storage/usb1/Android): Read-only file system
W/ContextImpl( 5780): Failed to ensure directory: /storage/usb1/Android/data/com.google.android.videos/files/Movies
E/cutils ( 1375): Failed to mkdirat(/storage/usb2/Android): Read-only file system
W/LocationProviderProxy-fused( 4887): com.google.android.gms resolves service com.android.location.service.FusedLocationProvider, but has wrong signature, ignoring
W/ContextImpl( 5780): Failed to ensure directory: /storage/usb2/Android/data/com.google.android.videos/files/Movies
E/cutils ( 1375): Failed to mkdirat(/storage/usb3/Android): Read-only file system
W/ContextImpl( 5780): Failed to ensure directory: /storage/usb3/Android/data/com.google.android.videos/files/Movies
W/ContextImpl( 5780): Failed to ensure directory: /storage/sdcard1/Android/data/com.google.android.videos/files/Movies
W/Vold ( 1375): Returning OperationFailed - no handler for errno 30
W/Vold ( 1375): Returning OperationFailed - no handler for errno 30
W/Vold ( 1375): Returning OperationFailed - no handler for errno 30
W/Vold ( 1375): Returning OperationFailed - no handler for errno 30
E/Vold ( 1375): Failed to find volume for /storage/sdcard1/Android/data/com.google.android.videos/files/Movies/
W/Vold ( 1375): Returning OperationFailed - no handler for errno 30
D/dalvikvm( 5819): GC_CONCURRENT freed 286K, 11% free 2820K/3168K, paused 1ms+0ms, total 4ms
E/cutils ( 1375): Failed to mkdirat(/storage/usb0/Android): Read-only file system
W/ContextImpl( 5819): Failed to ensure directory: /storage/usb0/Android/data/com.google.android.youtube/files
E/cutils ( 1375): Failed to mkdirat(/storage/usb1/Android): Read-only file system
W/ContextImpl( 5819): Failed to ensure directory: /storage/usb1/Android/data/com.google.android.youtube/files
E/cutils ( 1375): Failed to mkdirat(/storage/usb2/Android): Read-only file system
W/ContextImpl( 5819): Failed to ensure directory: /storage/usb2/Android/data/com.google.android.youtube/files
E/cutils ( 1375): Failed to mkdirat(/storage/usb3/Android): Read-only file system
W/ContextImpl( 5819): Failed to ensure directory: /storage/usb3/Android/data/com.google.android.youtube/files
W/ContextImpl( 5819): Failed to ensure directory: /storage/sdcard1/Android/data/com.google.android.youtube/files
E/cutils ( 1375): Failed to mkdirat(/storage/usb0/Android): Read-only file system
W/ContextImpl( 5819): Failed to ensure directory: /storage/usb0/Android/data/com.google.android.youtube/files
E/cutils ( 1375): Failed to mkdirat(/storage/usb1/Android): Read-only file system
W/ContextImpl( 5819): Failed to ensure directory: /storage/usb1/Android/data/com.google.android.youtube/files
E/cutils ( 1375): Failed to mkdirat(/storage/usb2/Android): Read-only file system
W/ContextImpl( 5819): Failed to ensure directory: /storage/usb2/Android/data/com.google.android.youtube/files
E/cutils ( 1375): Failed to mkdirat(/storage/usb3/Android): Read-only file system
W/ContextImpl( 5819): Failed to ensure directory: /storage/usb3/Android/data/com.google.android.youtube/files
W/Vold ( 1375): Returning OperationFailed - no handler for errno 30
W/Vold ( 1375): Returning OperationFailed - no handler for errno 30
W/Vold ( 1375): Returning OperationFailed - no handler for errno 30
W/Vold ( 1375): Returning OperationFailed - no handler for errno 30
E/Vold ( 1375): Failed to find volume for /storage/sdcard1/Android/data/com.google.android.youtube/files/
W/Vold ( 1375): Returning OperationFailed - no handler for errno 30
W/Vold ( 1375): Returning OperationFailed - no handler for errno 30
W/Vold ( 1375): Returning OperationFailed - no handler for errno 30
W/Vold ( 1375): Returning OperationFailed - no handler for errno 30
W/Vold ( 1375): Returning OperationFailed - no handler for errno 30
W/ContextImpl( 5819): Failed to ensure directory: /storage/sdcard1/Android/data/com.google.android.youtube/files
D/YouTube ( 5819): apps.youtube.common.network.l.a:40 HttpClient.UserAgent: com.google.android.youtube/5.6.36(Linux; U; Android 4.4.2; en_US; To Be Filled By O.E.M. Build/KVT49L)
D/YouTube ( 5819): apps.youtube.common.network.l.a:40 HttpClient.UserAgent: com.google.android.youtube/5.6.36(Linux; U; Android 4.4.2; en_US; To Be Filled By O.E.M. Build/KVT49L)
D/YouTube ( 5819): apps.youtube.common.network.l.a:40 HttpClient.UserAgent: com.google.android.youtube/5.6.36(Linux; U; Android 4.4.2; en_US; To Be Filled By O.E.M. Build/KVT49L)
E/Vold ( 1375): Failed to find volume for /storage/sdcard1/Android/data/com.google.android.youtube/files/
W/Vold ( 1375): Returning OperationFailed - no handler for errno 30
D/dalvikvm( 4887): GC_CONCURRENT freed 1248K, 16% free 7867K/9304K, paused 0ms+1ms, total 14ms
D/dalvikvm( 5819): GC_CONCURRENT freed 347K, 13% free 2957K/3368K, paused 1ms+1ms, total 4ms
D/YouTube ( 5819): apps.youtube.common.cache.f.run:163 Cache is below limit, no need to shrink: [size=0, limit=20971520]
D/dalvikvm( 5819): GC_CONCURRENT freed 282K, 10% free 3158K/3500K, paused 0ms+0ms, total 4ms
D/dalvikvm( 5819): GC_CONCURRENT freed 226K, 8% free 3380K/3668K, paused 1ms+1ms, total 5ms
D/YouTube ( 5819): apps.youtube.core.player.Director.c:360 VideoStage: NEW
I/MediaRouter( 5819): Found default route: MediaRouter.RouteInfo{ uniqueId=android/.support.v7.media.bj:DEFAULT_ROUTE, name=Headphones, description=null, enabled=true, connecting=false, playbackType=0, playbackStream=3, volumeHandling=1, volume=11, volumeMax=15, presentationDisplayId=-1, extras=null, providerPackageName=android }
D/YouTube ( 5819): apps.youtube.app.YouTubeApplication.c:228 Enabling network usage management
D/YouTube ( 5819): apps.youtube.core.client.s.a:114 event [version=5.6.36-s100, action=Startup, label=FIRST_STARTUP, value=-1]
D/YouTube ( 5819): apps.youtube.app.au.run:373 cleaning cache directory
D/dalvikvm( 5819): GC_CONCURRENT freed 312K, 10% free 3543K/3916K, paused 0ms+0ms, total 3ms
I/GoogleConversionPing( 5819): Pinging: http://www.googleadservices.com/pagead/conversion/1001680686/?label=4dahCKKczAYQrt7R3QM&value=&muid=R4BYK1AI40beqOWUBmJdeQ&bundleid=com.google.android.youtube&appversion=5.6.36&osversion=4.4.2&sdkversion=ct-sdk-a-v1.1.0&remarketing_only=1×tamp=1402513350&data=screen_name%3D%3CAndroid_YT_Open_App%3E
E/GoogleConversionPing( 5819): Error sending ping
D/YouTube ( 5819): apps.youtube.core.transfer.DownloadService$BootReceiver.onReceive:98 boot completed, starting download service
D/YouTube ( 5819): apps.youtube.common.d.j.e:170 Scheduling task com.google.android.apps.youtube.datalib.offline.o with ScheduledExecutorService for repeating execution.
D/YouTube ( 5819): apps.youtube.core.transfer.TransferService.onCreate:113 creating transfer service
D/YouTube ( 5819): apps.youtube.common.d.j.e:170 Scheduling task com.google.android.apps.youtube.datalib.offline.q with ScheduledExecutorService for repeating execution.
D/GCM ( 5151): GcmService start Intent { act=com.google.android.gms.INITIALIZE flg=0x10 pkg=com.google.android.gms cmp=com.google.android.gms/.gcm.GcmService } com.google.android.gms.INITIALIZE
D/GCM ( 5151): GcmService start Intent { act=com.google.android.gms.INITIALIZE flg=0x10 pkg=com.google.android.gms cmp=com.google.android.gms/.gcm.GcmService } com.google.android.gms.INITIALIZE
D/AlertReceiver( 5622): onReceive: a=android.intent.action.PROVIDER_CHANGED Intent { act=android.intent.action.PROVIDER_CHANGED dat=content://com.android.calendar flg=0x10 cmp=com.android.calendar/.alerts.AlertReceiver }
D/AlertService( 5622): 0 Action = android.intent.action.PROVIDER_CHANGED
I/ActivityManager( 4887): Delay finish: com.google.android.gms/.init.InitializeGmsReceiver
I/ActivityManager( 4887): Resuming delayed broadcast
I/ActivityManager( 4887): Killing 5131:com.android.printspooler/u0a65 (adj 15): empty #17
D/GCM ( 5151): GcmService start Intent { act=com.google.android.gms.INITIALIZE flg=0x10 pkg=com.google.android.gms cmp=com.google.android.gms/.gcm.GcmService } com.google.android.gms.INITIALIZE
I/ActivityManager( 4887): Delay finish: com.google.android.gms/.init.InitializeGmsReceiver
I/ActivityManager( 4887): Resuming delayed broadcast
I/ActivityManager( 4887): Delay finish: com.google.android.gms/.playlog.service.MonitorAlarmReceiver
I/ActivityManager( 4887): Resuming delayed broadcast
D/dalvikvm( 5079): GC_CONCURRENT freed 285K, 23% free 3127K/4044K, paused 0ms+0ms, total 4ms
I/ActivityManager( 4887): Delay finish: com.google.android.gms/.common.download.DownloadAlarmReceiver
I/ActivityManager( 4887): Resuming delayed broadcast
I/ActivityManager( 4887): Delay finish: com.android.providers.calendar/.CalendarProviderBroadcastReceiver
I/ActivityManager( 4887): Resuming delayed broadcast
I/ActivityManager( 4887): Start proc com.google.android.music:main for broadcast com.google.android.music/.store.MediaStoreImportService$Receiver: pid=5887 uid=10057 gids={50057, 3003, 1028, 1015, 1023}
I/MusicStore( 5887): Database version: 90
W/ContextImpl( 5887): Implicit intents with startService are not safe: Intent { act=com.google.android.music.PREFERENCE_SERVICE } android.content.ContextWrapper.bindService:517 com.google.android.music.utils.SafeServiceConnection$ServiceConnectionImp.bindService:98 com.google.android.music.utils.SafeServiceConnection.bindService:259
D/dalvikvm( 5887): GC_CONCURRENT freed 228K, 10% free 2879K/3168K, paused 1ms+0ms, total 4ms
D/MusicPreferences( 5887): Set pref key StringNonNegativeLoggingId=2669dd77924066f6
D/dalvikvm( 5151): GC_EXPLICIT freed 1102K, 29% free 2944K/4108K, paused 1ms+1ms, total 5ms
V/MusicStore( 5887): migrating the external storage
E/cutils ( 1375): Failed to mkdirat(/storage/usb0/Android): Read-only file system
W/ContextImpl( 5887): Failed to ensure directory: /storage/usb0/Android/data/com.google.android.music/cache
E/cutils ( 1375): Failed to mkdirat(/storage/usb1/Android): Read-only file system
W/ContextImpl( 5887): Failed to ensure directory: /storage/usb1/Android/data/com.google.android.music/cache
E/cutils ( 1375): Failed to mkdirat(/storage/usb2/Android): Read-only file system
W/ContextImpl( 5887): Failed to ensure directory: /storage/usb2/Android/data/com.google.android.music/cache
E/cutils ( 1375): Failed to mkdirat(/storage/usb3/Android): Read-only file system
W/ContextImpl( 5887): Failed to ensure directory: /storage/usb3/Android/data/com.google.android.music/cache
W/ContextImpl( 5887): Failed to ensure directory: /storage/sdcard1/Android/data/com.google.android.music/cache
E/cutils ( 1375): Failed to mkdirat(/storage/usb0/Android): Read-only file system
W/ContextImpl( 5887): Failed to ensure directory: /storage/usb0/Android/data/com.google.android.music/files
W/Vold ( 1375): Returning OperationFailed - no handler for errno 30
W/Vold ( 1375): Returning OperationFailed - no handler for errno 30
W/Vold ( 1375): Returning OperationFailed - no handler for errno 30
W/Vold ( 1375): Returning OperationFailed - no handler for errno 30
E/Vold ( 1375): Failed to find volume for /storage/sdcard1/Android/data/com.google.android.music/cache/
W/Vold ( 1375): Returning OperationFailed - no handler for errno 30
W/Vold ( 1375): Returning OperationFailed - no handler for errno 30
E/cutils ( 1375): Failed to mkdirat(/storage/usb1/Android): Read-only file system
W/ContextImpl( 5887): Failed to ensure directory: /storage/usb1/Android/data/com.google.android.music/files
E/cutils ( 1375): Failed to mkdirat(/storage/usb2/Android): Read-only file system
W/ContextImpl( 5887): Failed to ensure directory: /storage/usb2/Android/data/com.google.android.music/files
E/cutils ( 1375): Failed to mkdirat(/storage/usb3/Android): Read-only file system
W/ContextImpl( 5887): Failed to ensure directory: /storage/usb3/Android/data/com.google.android.music/files
W/ContextImpl( 5887): Failed to ensure directory: /storage/sdcard1/Android/data/com.google.android.music/files
E/cutils ( 1375): Failed to mkdirat(/storage/usb0/Android): Read-only file system
W/ContextImpl( 5887): Failed to ensure directory: /storage/usb0/Android/data/com.google.android.music/cache
E/cutils ( 1375): Failed to mkdirat(/storage/usb1/Android): Read-only file system
W/ContextImpl( 5887): Failed to ensure directory: /storage/usb1/Android/data/com.google.android.music/cache
E/cutils ( 1375): Failed to mkdirat(/storage/usb2/Android): Read-only file system
W/ContextImpl( 5887): Failed to ensure directory: /storage/usb2/Android/data/com.google.android.music/cache
E/cutils ( 1375): Failed to mkdirat(/storage/usb3/Android): Read-only file system
W/ContextImpl( 5887): Failed to ensure directory: /storage/usb3/Android/data/com.google.android.music/cache
W/ContextImpl( 5887): Failed to ensure directory: /storage/sdcard1/Android/data/com.google.android.music/cache
E/cutils ( 1375): Failed to mkdirat(/storage/usb0/Android): Read-only file system
W/ContextImpl( 5887): Failed to ensure directory: /storage/usb0/Android/data/com.google.android.music/files
E/cutils ( 1375): Failed to mkdirat(/storage/usb1/Android): Read-only file system
W/ContextImpl( 5887): Failed to ensure directory: /storage/usb1/Android/data/com.google.android.music/files
E/cutils ( 1375): Failed to mkdirat(/storage/usb2/Android): Read-only file system
W/Vold ( 1375): Returning OperationFailed - no handler for errno 30
W/Vold ( 1375): Returning OperationFailed - no handler for errno 30
W/Vold ( 1375): Returning OperationFailed - no handler for errno 30
E/Vold ( 1375): Failed to find volume for /storage/sdcard1/Android/data/com.google.android.music/files/
W/Vold ( 1375): Returning OperationFailed - no handler for errno 30
