W/PackageManager( 4887): Not granting permission android.permission.BROADCAST_PACKAGE_REMOVED to package com.google.android.marvin.talkback (protectionLevel=2 flags=0x49be45)
W/PackageManager( 4887): Unknown permission android.permission.RECOVERY in package com.google.android.gms
W/PackageManager( 4887): Not granting permission android.permission.READ_DREAM_STATE to package com.google.android.gms (protectionLevel=2 flags=0x40483e45)
W/PackageManager( 4887): Unknown permission com.google.android.hangouts.START_HANGOUT in package com.google.android.gms
W/PackageManager( 4887): Unknown permission com.google.android.wearable.READ_SETTINGS in package com.google.android.gms
W/PackageManager( 4887): Unknown permission android.permission.READ_OWNER_DATA in package com.google.android.setupwizard
W/PackageManager( 4887): Unknown permission android.permission.WRITE_OWNER_DATA in package com.google.android.setupwizard
W/PackageManager( 4887): Unknown permission com.android.launcher.permission.READ_SETTINGS in package com.android.settings
W/PackageManager( 4887): Unknown permission com.android.launcher.permission.WRITE_SETTINGS in package com.android.settings
W/PackageManager( 4887): Unknown permission com.android.launcher.permission.READ_SETTINGS in package com.cyanogenmod.trebuchet
W/PackageManager( 4887): Unknown permission com.android.launcher.permission.WRITE_SETTINGS in package com.cyanogenmod.trebuchet
W/PackageManager( 4887): Unknown permission com.google.android.voicesearch.SHORTCUTS_ACCESS in package com.google.android.googlequicksearchbox
W/PackageManager( 4887): Unknown permission com.google.android.voicesearch.ACCESS_SETTINGS in package com.google.android.googlequicksearchbox
W/PackageManager( 4887): Unknown permission com.google.android.ears.permission.WRITE in package com.google.android.googlequicksearchbox
W/PackageManager( 4887): Unknown permission com.google.android.apps.googlevoice.permission.AUTO_SEND in package com.google.android.googlequicksearchbox
W/PackageManager( 4887): Unknown permission com.android.chrome.PRERENDER_URL in package com.google.android.googlequicksearchbox
W/PackageManager( 4887): Unknown permission com.google.android.launcher.permission.CONTENT_REDIRECT in package com.google.android.googlequicksearchbox
W/PackageManager( 4887): Not granting permission com.android.launcher3.permission.RECEIVE_LAUNCH_BROADCASTS to package com.google.android.googlequicksearchbox (protectionLevel=2 flags=0x405bbe45)
W/PackageManager( 4887): Not granting permission android.permission.SEND_DOWNLOAD_COMPLETED_INTENTS to package com.android.vending (protectionLevel=2 flags=0x400abe45)
W/PackageManager( 4887): Unknown permission android.permission.SEND_SMS_NO_CONFIRMATION in package com.android.vending
W/PackageManager( 4887): Not granting permission android.permission.MOUNT_UNMOUNT_FILESYSTEMS to package net.toload.main.hd (protectionLevel=18 flags=0x9be45)
W/PackageManager( 4887): Not granting permission android.permission.DELETE_PACKAGES to package com.svox.pico (protectionLevel=18 flags=0x8be45)
W/PackageManager( 4887): Not granting permission android.permission.MANAGE_DOCUMENTS to package com.google.android.youtube (protectionLevel=18 flags=0x18be45)
W/PackageManager( 4887): Not granting permission android.permission.DEVICE_POWER to package com.android.deskclock (protectionLevel=2 flags=0x48be45)
W/PackageManager( 4887): Not granting permission android.permission.READ_DREAM_STATE to package com.google.android.gsf (protectionLevel=2 flags=0x40083e45)
W/PackageManager( 4887): Unknown permission android.permission.WRITE_SYNC_STATS in package com.google.android.apps.docs
I/SystemServer( 4887): Entropy Mixer
I/EntropyMixer( 4887): Writing entropy...
I/SystemServer( 4887): User Service
I/SystemServer( 4887): Account Manager
I/SystemServer( 4887): Content Manager
I/SystemServer( 4887): System Content Providers
I/SystemServer( 4887): Lights Service
I/SystemServer( 4887): Battery Service
I/SystemServer( 4887): Vibrator Service
I/SystemServer( 4887): Consumer IR Service
I/SystemServer( 4887): Alarm Manager
I/SystemServer( 4887): Init Watchdog
I/SystemServer( 4887): Input Manager
I/InputManager( 4887): Initializing input manager, mUseDevInputEventForAudioJack=true
I/SystemServer( 4887): Window Manager
I/WindowManager( 4887): No existing display settings /data/system/display_settings.xml; starting empty
I/WindowManager( 4887): No keyguard interface!
I/InputManager( 4887): Starting input manager
I/SystemServer( 4887): Bluetooth Manager Service
I/SystemServer( 4887): Input Method Service
W/InputMethodManagerService( 4887): Couldn't create dir.: /data/system/inputmethod
I/SystemServer( 4887): Accessibility Manager
I/ActivityManager( 4887): Config changes=1df8 {1.0 ?mcc?mnc en_US ldltr sw1024dp w1280dp h1024dp 160dpi xlrg land ?uimode ?night -touch -keyb/v/h -nav/h s.2}
I/ActivityManager( 4887): Config changes=400 {1.0 ?mcc?mnc en_US ldltr sw1024dp w1280dp h951dp 160dpi xlrg land ?uimode ?night -touch -keyb/v/h -nav/h s.3}
I/SystemServer( 4887): Mount Service
D/MountService( 4887): got storage path: null description: Internal storage primary: true removable: false emulated: true mtpReserve: 100 allowMassStorage: false maxFileSize: 0
D/MountService( 4887): addVolumeLocked() StorageVolume:
D/MountService( 4887): mStorageId=65537 mPath=/storage/emulated/0 mDescriptionId=17040666
D/MountService( 4887): mPrimary=true mRemovable=false mEmulated=true mMtpReserveSpace=100
D/MountService( 4887): mAllowMassStorage=false mMaxFileSize=0 mOwner=UserHandle{0} mUuid=null
D/MountService( 4887): mUserLabel=null mState=null
D/MountService( 4887): got storage path: /storage/sdcard1 description: SD card primary: false removable: true emulated: false mtpReserve: 0 allowMassStorage: false maxFileSize: 4294967296
D/MountService( 4887): addVolumeLocked() StorageVolume:
D/MountService( 4887): mStorageId=0 mPath=/storage/sdcard1 mDescriptionId=17040667 mPrimary=false
D/MountService( 4887): mRemovable=true mEmulated=false mMtpReserveSpace=0 mAllowMassStorage=false
D/MountService( 4887): mMaxFileSize=4294967296 mOwner=null mUuid=null mUserLabel=null mState=null
D/MountService( 4887): got storage path: /storage/usb0 description: USB storage primary: false removable: true emulated: false mtpReserve: 0 allowMassStorage: false maxFileSize: 4294967296
D/MountService( 4887): addVolumeLocked() StorageVolume:
D/MountService( 4887): mStorageId=0 mPath=/storage/usb0 mDescriptionId=17040668 mPrimary=false
D/MountService( 4887): mRemovable=true mEmulated=false mMtpReserveSpace=0 mAllowMassStorage=false
D/MountService( 4887): mMaxFileSize=4294967296 mOwner=null mUuid=null mUserLabel=null mState=null
D/MountService( 4887): got storage path: /storage/usb1 description: USB storage primary: false removable: true emulated: false mtpReserve: 0 allowMassStorage: false maxFileSize: 4294967296
D/MountService( 4887): addVolumeLocked() StorageVolume:
D/MountService( 4887): mStorageId=0 mPath=/storage/usb1 mDescriptionId=17040668 mPrimary=false
D/MountService( 4887): mRemovable=true mEmulated=false mMtpReserveSpace=0 mAllowMassStorage=false
D/MountService( 4887): mMaxFileSize=4294967296 mOwner=null mUuid=null mUserLabel=null mState=null
D/MountService( 4887): got storage path: /storage/usb2 description: USB storage primary: false removable: true emulated: false mtpReserve: 0 allowMassStorage: false maxFileSize: 4294967296
D/MountService( 4887): addVolumeLocked() StorageVolume:
D/MountService( 4887): mStorageId=0 mPath=/storage/usb2 mDescriptionId=17040668 mPrimary=false
D/MountService( 4887): mRemovable=true mEmulated=false mMtpReserveSpace=0 mAllowMassStorage=false
D/MountService( 4887): mMaxFileSize=4294967296 mOwner=null mUuid=null mUserLabel=null mState=null
D/MountService( 4887): got storage path: /storage/usb3 description: USB storage primary: false removable: true emulated: false mtpReserve: 0 allowMassStorage: false maxFileSize: 4294967296
D/MountService( 4887): addVolumeLocked() StorageVolume:
D/MountService( 4887): mStorageId=0 mPath=/storage/usb3 mDescriptionId=17040668 mPrimary=false
D/MountService( 4887): mRemovable=true mEmulated=false mMtpReserveSpace=0 mAllowMassStorage=false
D/MountService( 4887): mMaxFileSize=4294967296 mOwner=null mUuid=null mUserLabel=null mState=null
I/SystemServer( 4887): LockSettingsService
I/SystemServer( 4887): Device Policy
I/SystemServer( 4887): Status Bar
I/SystemServer( 4887): Clipboard Service
I/SystemServer( 4887): NetworkManagement Service
I/SystemServer( 4887): Text Service Manager Service
W/MountService( 4887): Duplicate state transition (unmounted -> unmounted) for /storage/usb0
D/MountService( 4887): volume state changed for /storage/usb1 (unmounted -> removed)
D/MountService( 4887): volume state changed for /storage/usb2 (unmounted -> removed)
D/MountService( 4887): volume state changed for /storage/usb3 (unmounted -> removed)
I/SystemServer( 4887): NetworkStats Service
W/PackageManager( 4887): Not granting permission android.permission.GLOBAL_SEARCH to package com.android.quicksearchbox (protectionLevel=18 flags=0x8be45)
W/PackageManager( 4887): Unknown permission com.android.smspush.WAPPUSH_MANAGER_BIND in package com.android.phone
I/SystemServer( 4887): NetworkPolicy Service
W/PackageManager( 4887): Unknown permission com.android.launcher.permission.PRELOAD_WORKSPACE in package com.google.android.partnersetup
W/PackageManager( 4887): Unknown permission com.android.vending.billing.IBillingAccountService.BIND2 in package com.google.android.gsf.login
W/PackageManager( 4887): Unknown permission com.android.chrome.TOS_ACKED in package com.google.android.gsf.login
I/SystemServer( 4887): Wi-Fi P2pService
W/PackageManager( 4887): Unknown permission com.google.android.gallery3d.permission.GALLERY_PROVIDER in package com.android.bluetooth
W/PackageManager( 4887): Not granting permission android.permission.ACCESS_DOWNLOAD_MANAGER to package com.android.browser (protectionLevel=18 flags=0x9be45)
W/PackageManager( 4887): Not granting permission android.permission.SEND_DOWNLOAD_COMPLETED_INTENTS to package com.android.browser (protectionLevel=2 flags=0x9be45)
W/PackageManager( 4887): Unknown permission com.android.launcher.permission.READ_SETTINGS in package com.android.onetimeinitializer
W/PackageManager( 4887): Unknown permission com.android.launcher.permission.WRITE_SETTINGS in package com.android.onetimeinitializer
W/PackageManager( 4887): Not granting permission android.permission.BIND_WALLPAPER to package com.android.camera2 (protectionLevel=18 flags=0x58bc45)
W/PackageManager( 4887): Unknown permission android.permission.INSTALL_DRM in package com.android.mms
W/PackageManager( 4887): Unknown permission com.cyanogenmod.filemanager.permissions.READ_THEME in package com.cyanogenmod.filemanager
W/PackageManager( 4887): Not granting permission android.permission.BROADCAST_PACKAGE_REMOVED to package com.google.android.marvin.talkback (protectionLevel=2 flags=0x49be45)
W/PackageManager( 4887): Unknown permission android.permission.RECOVERY in package com.google.android.gms
W/PackageManager( 4887): Not granting permission android.permission.READ_DREAM_STATE to package com.google.android.gms (protectionLevel=2 flags=0x40483e45)
W/PackageManager( 4887): Unknown permission com.google.android.hangouts.START_HANGOUT in package com.google.android.gms
W/PackageManager( 4887): Unknown permission com.google.android.wearable.READ_SETTINGS in package com.google.android.gms
W/PackageManager( 4887): Unknown permission android.permission.READ_OWNER_DATA in package com.google.android.setupwizard
W/PackageManager( 4887): Unknown permission android.permission.WRITE_OWNER_DATA in package com.google.android.setupwizard
W/PackageManager( 4887): Unknown permission com.android.launcher.permission.READ_SETTINGS in package com.android.settings
W/PackageManager( 4887): Unknown permission com.android.launcher.permission.WRITE_SETTINGS in package com.android.settings
W/PackageManager( 4887): Unknown permission com.android.launcher.permission.READ_SETTINGS in package com.cyanogenmod.trebuchet
W/PackageManager( 4887): Unknown permission com.android.launcher.permission.WRITE_SETTINGS in package com.cyanogenmod.trebuchet
W/PackageManager( 4887): Unknown permission com.google.android.voicesearch.SHORTCUTS_ACCESS in package com.google.android.googlequicksearchbox
W/PackageManager( 4887): Unknown permission com.google.android.voicesearch.ACCESS_SETTINGS in package com.google.android.googlequicksearchbox
W/PackageManager( 4887): Unknown permission com.google.android.ears.permission.WRITE in package com.google.android.googlequicksearchbox
W/PackageManager( 4887): Unknown permission com.google.android.apps.googlevoice.permission.AUTO_SEND in package com.google.android.googlequicksearchbox
W/PackageManager( 4887): Unknown permission com.android.chrome.PRERENDER_URL in package com.google.android.googlequicksearchbox
W/PackageManager( 4887): Unknown permission com.google.android.launcher.permission.CONTENT_REDIRECT in package com.google.android.googlequicksearchbox
W/PackageManager( 4887): Not granting permission com.android.launcher3.permission.RECEIVE_LAUNCH_BROADCASTS to package com.google.android.googlequicksearchbox (protectionLevel=2 flags=0x40dbbe45)
W/PackageManager( 4887): Not granting permission android.permission.SEND_DOWNLOAD_COMPLETED_INTENTS to package com.android.vending (protectionLevel=2 flags=0x400abe45)
W/PackageManager( 4887): Unknown permission android.permission.SEND_SMS_NO_CONFIRMATION in package com.android.vending
W/PackageManager( 4887): Not granting permission android.permission.MOUNT_UNMOUNT_FILESYSTEMS to package net.toload.main.hd (protectionLevel=18 flags=0x9be45)
W/PackageManager( 4887): Not granting permission android.permission.DELETE_PACKAGES to package com.svox.pico (protectionLevel=18 flags=0x8be45)
W/PackageManager( 4887): Not granting permission android.permission.MANAGE_DOCUMENTS to package com.google.android.youtube (protectionLevel=18 flags=0x18be45)
W/PackageManager( 4887): Not granting permission android.permission.DEVICE_POWER to package com.android.deskclock (protectionLevel=2 flags=0x48be45)
W/PackageManager( 4887): Not granting permission android.permission.READ_DREAM_STATE to package com.google.android.gsf (protectionLevel=2 flags=0x40083e45)
W/PackageManager( 4887): Unknown permission android.permission.WRITE_SYNC_STATS in package com.google.android.apps.docs
I/SystemServer( 4887): Wi-Fi Service
I/SystemServer( 4887): Connectivity Service
D/ConnectivityService( 4887): ConnectivityService starting up
D/ConnectivityService( 4887): wifiOnly=false
E/ConnectivityService( 4887): Ignoring protectedNetwork 14
E/MobileDataStateTracker( 4887): default: Ignoring feature request because could not acquire PhoneService
E/MobileDataStateTracker( 4887): default: Could not enable APN type "default"
I/WifiService( 4887): WifiService starting up with Wi-Fi disabled
I/SystemServer( 4887): Network Service Discovery Service
D/NsdService( 4887): Network service discovery enabled true
I/SystemServer( 4887): UpdateLock Service
I/SystemServer( 4887): Notification Manager
I/SystemServer( 4887): Device Storage Monitor
I/SystemServer( 4887): Location Manager
I/SystemServer( 4887): Country Detector
I/SystemServer( 4887): Search Service
I/SystemServer( 4887): DropBox Service
I/SystemServer( 4887): Wallpaper Service
I/SystemServer( 4887): Audio Service
I/ActivityManager( 4887): Config changes=30 {1.0 ?mcc?mnc en_US ldltr sw1024dp w1280dp h951dp 160dpi xlrg land ?uimode ?night -touch qwerty/v/v -nav/h s.4}
I/SystemServer( 4887): Dock Observer
W/DockObserver( 4887): This kernel does not have dock station support
I/SystemServer( 4887): Wired Accessory Manager
W/WiredAccessoryManager( 4887): This kernel does not have usb audio support
W/WiredAccessoryManager( 4887): This kernel does not have HDMI audio support
I/SystemServer( 4887): USB Service
I/SystemServer( 4887): Serial Service
I/SystemServer( 4887): Twilight Service
I/SystemServer( 4887): UI Mode Manager Service
I/SystemServer( 4887): Backup Service
V/BackupManagerService( 4887): Initializing package tracking
V/BackupManagerService( 4887): No ancestral data
V/BackupManagerService( 4887): addPackageParticipantsLocked: all
I/BackupManagerService( 4887): Scheduling backup for new app com.android.calendar
D/BackupManagerService( 4887): Now staging backup of com.android.calendar
I/BackupManagerService( 4887): Scheduling backup for new app com.android.browser
D/BackupManagerService( 4887): Now staging backup of com.android.browser
I/BackupManagerService( 4887): Scheduling backup for new app com.android.providers.userdictionary
D/BackupManagerService( 4887): Now staging backup of com.android.providers.userdictionary
I/BackupManagerService( 4887): Scheduling backup for new app com.android.sharedstoragebackup
D/BackupManagerService( 4887): Now staging backup of com.android.sharedstoragebackup
I/BackupManagerService( 4887): Scheduling backup for new app com.google.android.marvin.talkback
D/BackupManagerService( 4887): Now staging backup of com.google.android.marvin.talkback
I/BackupManagerService( 4887): Scheduling backup for new app android
D/BackupManagerService( 4887): Now staging backup of android
I/BackupManagerService( 4887): Scheduling backup for new app com.google.android.googlequicksearchbox
D/BackupManagerService( 4887): Now staging backup of com.google.android.googlequicksearchbox
I/BackupManagerService( 4887): Scheduling backup for new app com.android.vending
D/BackupManagerService( 4887): Now staging backup of com.android.vending
I/BackupManagerService( 4887): Scheduling backup for new app net.toload.main.hd
D/BackupManagerService( 4887): Now staging backup of net.toload.main.hd
I/BackupManagerService( 4887): Scheduling backup for new app com.google.android.gm
D/BackupManagerService( 4887): Now staging backup of com.google.android.gm
I/BackupManagerService( 4887): Scheduling backup for new app com.google.android.inputmethod.latin
D/BackupManagerService( 4887): Now staging backup of com.google.android.inputmethod.latin
I/BackupManagerService( 4887): Scheduling backup for new app com.android.dialer
D/BackupManagerService( 4887): Now staging backup of com.android.dialer
I/BackupManagerService( 4887): Scheduling backup for new app com.android.providers.settings
D/BackupManagerService( 4887): Now staging backup of com.android.providers.settings
V/BackupManagerService( 4887): Starting with transport android/com.android.internal.backup.LocalTransport
V/BackupManagerService( 4887): Found transports: 2
I/BackupManagerService( 4887): Binding to transport host ComponentInfo{android/com.android.internal.backup.LocalTransportService}
I/BackupManagerService( 4887): Binding to transport host ComponentInfo{com.google.android.backuptransport/com.google.android.backup.BackupTransportService}
I/BackupManagerService( 4887): Found stale backup journal, scheduling
I/BackupManagerService( 4887): com.android.calendar
I/BackupManagerService( 4887): com.android.browser
I/BackupManagerService( 4887): com.android.providers.userdictionary
I/BackupManagerService( 4887): com.android.sharedstoragebackup
I/BackupManagerService( 4887): com.google.android.marvin.talkback
I/BackupManagerService( 4887): android
I/BackupManagerService( 4887): com.google.android.googlequicksearchbox
I/BackupManagerService( 4887): com.android.vending
I/BackupManagerService( 4887): net.toload.main.hd
I/BackupManagerService( 4887): com.google.android.gm
I/BackupManagerService( 4887): com.google.android.inputmethod.latin
I/BackupManagerService( 4887): com.android.dialer
I/BackupManagerService( 4887): com.android.providers.settings
I/BackupManagerService( 4887): Backup enabled => false
I/BackupManagerService( 4887): Opting out of backup
I/SystemServer( 4887): AppWidget Service
I/SystemServer( 4887): Recognition Service
I/SystemServer( 4887): DiskStats Service
I/SystemServer( 4887): SamplingProfiler Service
I/SystemServer( 4887): NetworkTimeUpdateService
I/SystemServer( 4887): CommonTimeManagementService
I/SystemServer( 4887): CertBlacklister
I/SystemServer( 4887): Dreams Service
I/SystemServer( 4887): Assets Atlas Service
I/SystemServer( 4887): IdleMaintenanceService
I/SystemServer( 4887): Print Service
I/SystemServer( 4887): Media Router Service
I/ActivityManager( 4887): Start proc com.android.systemui for service com.android.keyguard/.KeyguardService: pid=4948 uid=10011 gids={50011, 1028, 1015, 1023, 1035, 3002, 3001}
I/ActivityManager( 4887): System now ready
I/SystemServer( 4887): Making services ready
D/NetworkManagementService( 4887): enabling bandwidth control
I/Vold ( 1375): /dev/block/vold/8:1 being considered for volume usb0
D/Vold ( 1375): Volume usb0 state changing 1 (Idle-Unmounted) -> 3 (Checking)
D/Vold ( 1375): Trying to get filesystem type for /dev/block/vold/8:1
D/Vold ( 1375): Found vfat filesystem on /dev/block/vold/8:1
D/MountService( 4887): volume state changed for /storage/usb0 (unmounted -> checking)
D/MountService( 4887): sendStorageIntent Intent { act=android.intent.action.MEDIA_CHECKING dat=file:///storage/usb0 (has extras) } to UserHandle{-1}
I/StatusBarManagerService( 4887): registerStatusBar bar=com.android.internal.statusbar.IStatusBar$Stub$Proxy@216f54f4
I/Vold ( 1375): Filesystem check completed OK
E/Vold ( 1375): /dev/block/vold/8:1 failed to mount via VFAT (Device or resource busy)
E/Vold ( 1375): Volume usb0 found no suitable devices for mounting :(
D/Vold ( 1375): Volume usb0 state changing 3 (Checking) -> 1 (Idle-Unmounted)
D/MountService( 4887): volume state changed for /storage/usb0 (checking -> unmounted)
D/MountService( 4887): sendStorageIntent Intent { act=android.intent.action.MEDIA_UNMOUNTED dat=file:///storage/usb0 (has extras) } to UserHandle{-1}
E/MountService( 4887): Boot-time mount failed (-1)
E/MountService( 4887): Boot-time mount failed (-1)
W/MountService( 4887): Duplicate state transition (mounted -> mounted) for /storage/emulated/0
I/ActivityManager( 4887): Start proc com.android.externalstorage for broadcast com.android.externalstorage/.MountReceiver: pid=5011 uid=10007 gids={50007, 1028, 1015, 1023}
I/ActivityManager( 4887): Start proc android.process.acore for content provider com.android.providers.contacts/.ContactsProvider2: pid=5030 uid=10003 gids={50003, 3003, 1028, 1015, 1023}
W/ContextImpl( 4887): Calling a method in the system process without a qualified user: android.app.ContextImpl.sendBroadcast:1124 com.android.server.usb.UsbSettingsManager.deviceAttached:621 com.android.server.usb.UsbHostManager.usbDeviceAdded:156 com.android.server.usb.UsbHostManager.monitorUsbHostBus:-2 com.android.server.usb.UsbHostManager.access$000:38
I/ActivityManager( 4887): Start proc android.process.media for broadcast com.android.providers.media/.MediaScannerReceiver: pid=5054 uid=10006 gids={50006, 1028, 1015, 1023, 1024, 2001, 3003, 3007}
I/ActivityManager( 4887): Config changes=200 {1.0 ?mcc?mnc en_US ldltr sw1024dp w1280dp h951dp 160dpi xlrg land -touch qwerty/v/v -nav/h s.5}
W/ContextImpl( 4887): Calling a method in the system process without a qualified user: android.app.ContextImpl.sendBroadcast:1124 com.android.server.usb.UsbSettingsManager.deviceAttached:621 com.android.server.usb.UsbHostManager.usbDeviceAdded:156 com.android.server.usb.UsbHostManager.monitorUsbHostBus:-2 com.android.server.usb.UsbHostManager.access$000:38
W/ContextImpl( 4887): Calling a method in the system process without a qualified user: android.app.ContextImpl.sendBroadcast:1124 com.android.server.usb.UsbSettingsManager.deviceAttached:621 com.android.server.usb.UsbHostManager.usbDeviceAdded:156 com.android.server.usb.UsbHostManager.monitorUsbHostBus:-2 com.android.server.usb.UsbHostManager.access$000:38
W/InputMethodManagerService( 4887): Ignoring setImeWindowStatus of uid 1000 token: null
I/ActivityManager( 4887): Start proc com.android.inputmethod.latin for service com.android.inputmethod.latin/.LatinIME: pid=5072 uid=10048 gids={50048, 1028, 1015, 1023}
V/InputMethodManagerService( 4887): Adding window token: android.os.Binder@218ef9e0
W/LocationManagerService( 4887): no network location provider found
E/LocationManagerService( 4887): no geocoder provider found
E/LocationManagerService( 4887): No FusedProvider found.
E/LocationManagerService( 4887): no geofence provider found
I/ActivityManager( 4887): Start proc com.google.android.gms for broadcast com.google.android.gms/com.google.android.location.internal.NlpNetworkProviderSettingsUpdateReceiver: pid=5079 uid=10008 gids={50008, 3003, 1007, 1028, 1015, 1023, 3002, 3001, 3007, 2001, 3006}
I/ActivityManager( 4887): Start proc com.android.phone for added application com.android.phone: pid=5099 uid=1001 gids={41001, 3002, 3001, 3003, 1028, 1015, 1023}
I/ActivityManager( 4887): START u0 {act=android.intent.action.MAIN cat=[android.intent.category.HOME] flg=0x10000000 cmp=com.google.android.setupwizard/.SetupWizardActivity} from pid 0
I/ActivityManager( 4887): Start proc com.google.android.setupwizard for activity com.google.android.setupwizard/.SetupWizardActivity: pid=5118 uid=10017 gids={50017, 3003}
I/ActivityManager( 4887): Start proc com.android.printspooler for service com.android.printspooler/.PrintSpoolerService: pid=5131 uid=10065 gids={50065}
W/InputMethodManagerService( 4887): Focus gain on non-focused client android.view.inputmethod.InputMethodManager$1@2187c514 (uid=1000 pid=4887)
I/ActivityManager( 4887): Start proc com.google.process.gapps for content provider com.google.android.gsf/.gservices.GservicesProvider: pid=5151 uid=10008 gids={50008, 3003, 1007, 1028, 1015, 1023, 3002, 3001, 3007, 2001, 3006}
V/BackupManagerService( 4887): Connected to transport ComponentInfo{android/com.android.internal.backup.LocalTransportService}
V/BackupManagerService( 4887): Registering transport android/com.android.internal.backup.LocalTransportService::android/com.android.internal.backup.LocalTransport = com.android.internal.backup.LocalTransport@21844c60
I/PackageManager( 4887): Adding preferred activity ComponentInfo{com.android.mms/com.android.mms.ui.ComposeMessageActivity} for user 0 :
I/PackageManager( 4887): Adding preferred activity ComponentInfo{com.android.mms/com.android.mms.ui.ComposeMessageActivity} for user 0 :
I/PackageManager( 4887): Adding preferred activity ComponentInfo{com.android.mms/com.android.mms.ui.ComposeMessageActivity} for user 0 :
I/PackageManager( 4887): Adding preferred activity ComponentInfo{com.android.mms/com.android.mms.ui.ComposeMessageActivity} for user 0 :
I/ActivityManager( 4887): START u0 {cmp=com.google.android.setupwizard/.WelcomeActivity (has extras)} from pid 5118
I/ActivityManager( 4887): Start proc com.google.process.location for on-hold: pid=5190 uid=10008 gids={50008, 3003, 1007, 1028, 1015, 1023, 3002, 3001, 3007, 2001, 3006}
D/MobileDataStateTracker( 4887): fota: Broadcast received: android.intent.action.ANY_DATA_STATE apnType=fota
D/MobileDataStateTracker( 4887): fota: Received state=DISCONNECTED, old=DISCONNECTED, reason=radioTurnedOff
D/MobileDataStateTracker( 4887): supl: Broadcast received: android.intent.action.ANY_DATA_STATE apnType=supl
D/MobileDataStateTracker( 4887): supl: Received state=DISCONNECTED, old=DISCONNECTED, reason=radioTurnedOff
D/MobileDataStateTracker( 4887): hipri: Broadcast received: android.intent.action.ANY_DATA_STATE apnType=hipri
D/MobileDataStateTracker( 4887): hipri: Received state=DISCONNECTED, old=DISCONNECTED, reason=radioTurnedOff
D/MobileDataStateTracker( 4887): ims: Broadcast received: android.intent.action.ANY_DATA_STATE apnType=ims
D/MobileDataStateTracker( 4887): ims: Received state=DISCONNECTED, old=DISCONNECTED, reason=radioTurnedOff
D/MobileDataStateTracker( 4887): default: Broadcast received: android.intent.action.ANY_DATA_STATE apnType=default
D/MobileDataStateTracker( 4887): default: Received state=DISCONNECTED, old=DISCONNECTED, reason=radioTurnedOff
D/MobileDataStateTracker( 4887): mms: Broadcast received: android.intent.action.ANY_DATA_STATE apnType=mms
D/MobileDataStateTracker( 4887): mms: Received state=DISCONNECTED, old=DISCONNECTED, reason=radioTurnedOff
D/MobileDataStateTracker( 4887): cbs: Broadcast received: android.intent.action.ANY_DATA_STATE apnType=cbs
D/MobileDataStateTracker( 4887): cbs: Received state=DISCONNECTED, old=DISCONNECTED, reason=radioTurnedOff
D/MobileDataStateTracker( 4887): fota: Broadcast received: android.intent.action.ANY_DATA_STATE apnType=fota
D/MobileDataStateTracker( 4887): fota: Received state=DISCONNECTED, old=DISCONNECTED, reason=radioTurnedOff
D/MobileDataStateTracker( 4887): supl: Broadcast received: android.intent.action.ANY_DATA_STATE apnType=supl
D/MobileDataStateTracker( 4887): supl: Received state=DISCONNECTED, old=DISCONNECTED, reason=radioTurnedOff
D/MobileDataStateTracker( 4887): hipri: Broadcast received: android.intent.action.ANY_DATA_STATE apnType=hipri
D/MobileDataStateTracker( 4887): hipri: Received state=DISCONNECTED, old=DISCONNECTED, reason=radioTurnedOff
D/MobileDataStateTracker( 4887): ims: Broadcast received: android.intent.action.ANY_DATA_STATE apnType=ims
D/MobileDataStateTracker( 4887): ims: Received state=DISCONNECTED, old=DISCONNECTED, reason=radioTurnedOff
I/ActivityManager( 4887): Start proc com.svox.pico for service com.svox.pico/.PicoService: pid=5220 uid=10062 gids={50062, 1028, 1015, 1023}
D/MobileDataStateTracker( 4887): default: Broadcast received: android.intent.action.ANY_DATA_STATE apnType=default
D/MobileDataStateTracker( 4887): default: Received state=DISCONNECTED, old=DISCONNECTED, reason=radioTurnedOff
D/MobileDataStateTracker( 4887): mms: Broadcast received: android.intent.action.ANY_DATA_STATE apnType=mms
D/MobileDataStateTracker( 4887): mms: Received state=DISCONNECTED, old=DISCONNECTED, reason=radioTurnedOff
D/MobileDataStateTracker( 4887): cbs: Broadcast received: android.intent.action.ANY_DATA_STATE apnType=cbs
D/MobileDataStateTracker( 4887): cbs: Received state=DISCONNECTED, old=DISCONNECTED, reason=radioTurnedOff
D/MobileDataStateTracker( 4887): fota: Broadcast received: android.intent.action.ANY_DATA_STATE apnType=fota
D/MobileDataStateTracker( 4887): fota: Received state=DISCONNECTED, old=DISCONNECTED, reason=dataDetached
D/MobileDataStateTracker( 4887): supl: Broadcast received: android.intent.action.ANY_DATA_STATE apnType=supl
D/MobileDataStateTracker( 4887): supl: Received state=DISCONNECTED, old=DISCONNECTED, reason=dataDetached
D/MobileDataStateTracker( 4887): hipri: Broadcast received: android.intent.action.ANY_DATA_STATE apnType=hipri
D/MobileDataStateTracker( 4887): hipri: Received state=DISCONNECTED, old=DISCONNECTED, reason=dataDetached
D/MobileDataStateTracker( 4887): ims: Broadcast received: android.intent.action.ANY_DATA_STATE apnType=ims
D/MobileDataStateTracker( 4887): ims: Received state=DISCONNECTED, old=DISCONNECTED, reason=dataDetached
D/MobileDataStateTracker( 4887): default: Broadcast received: android.intent.action.ANY_DATA_STATE apnType=default
D/MobileDataStateTracker( 4887): default: Received state=DISCONNECTED, old=DISCONNECTED, reason=dataDetached
D/MobileDataStateTracker( 4887): mms: Broadcast received: android.intent.action.ANY_DATA_STATE apnType=mms
D/MobileDataStateTracker( 4887): mms: Received state=DISCONNECTED, old=DISCONNECTED, reason=dataDetached
D/MobileDataStateTracker( 4887): cbs: Broadcast received: android.intent.action.ANY_DATA_STATE apnType=cbs
D/MobileDataStateTracker( 4887): cbs: Received state=DISCONNECTED, old=DISCONNECTED, reason=dataDetached
V/BackupManagerService( 4887): Connected to transport ComponentInfo{com.google.android.backuptransport/com.google.android.backup.BackupTransportService}
V/BackupManagerService( 4887): Registering transport com.google.android.backuptransport/com.google.android.backup.BackupTransportService::com.google.android.backup/.BackupTransportService = com.android.internal.backup.IBackupTransport$Stub$Proxy@2193605c
D/MobileDataStateTracker( 4887): fota: Broadcast received: android.intent.action.ANY_DATA_STATE apnType=fota
D/MobileDataStateTracker( 4887): fota: Received state=DISCONNECTED, old=DISCONNECTED, reason=roamingOff
D/MobileDataStateTracker( 4887): supl: Broadcast received: android.intent.action.ANY_DATA_STATE apnType=supl
D/MobileDataStateTracker( 4887): supl: Received state=DISCONNECTED, old=DISCONNECTED, reason=roamingOff
D/MobileDataStateTracker( 4887): hipri: Broadcast received: android.intent.action.ANY_DATA_STATE apnType=hipri
D/MobileDataStateTracker( 4887): hipri: Received state=DISCONNECTED, old=DISCONNECTED, reason=roamingOff
D/MobileDataStateTracker( 4887): ims: Broadcast received: android.intent.action.ANY_DATA_STATE apnType=ims
D/MobileDataStateTracker( 4887): ims: Received state=DISCONNECTED, old=DISCONNECTED, reason=roamingOff
D/MobileDataStateTracker( 4887): default: Broadcast received: android.intent.action.ANY_DATA_STATE apnType=default
D/MobileDataStateTracker( 4887): default: Received state=DISCONNECTED, old=DISCONNECTED, reason=roamingOff
D/MobileDataStateTracker( 4887): mms: Broadcast received: android.intent.action.ANY_DATA_STATE apnType=mms
D/MobileDataStateTracker( 4887): mms: Received state=DISCONNECTED, old=DISCONNECTED, reason=roamingOff
D/MobileDataStateTracker( 4887): cbs: Broadcast received: android.intent.action.ANY_DATA_STATE apnType=cbs
D/MobileDataStateTracker( 4887): cbs: Received state=DISCONNECTED, old=DISCONNECTED, reason=roamingOff
I/ActivityManager( 4887): Start proc com.android.settings for broadcast com.android.settings/.widget.SettingsAppWidgetProvider: pid=5248 uid=1000 gids={41000, 1028, 1015, 1023, 3002, 3001, 3003}
W/ContextImpl( 5248): Calling a method in the system process without a qualified user: android.app.ContextImpl.bindService:1544 android.content.ContextWrapper.bindService:517 android.bluetooth.BluetoothInputDevice.doBind:245 android.bluetooth.BluetoothInputDevice.:238 android.bluetooth.BluetoothAdapter.getProfileProxy:1187
W/ContextImpl( 5248): Calling a method in the system process without a qualified user: android.app.ContextImpl.bindService:1544 android.content.ContextWrapper.bindService:517 android.bluetooth.BluetoothPan.doBind:149 android.bluetooth.BluetoothPan.:141 android.bluetooth.BluetoothAdapter.getProfileProxy:1190
W/ContextImpl( 5248): Calling a method in the system process without a qualified user: android.app.ContextImpl.bindService:1544 android.content.ContextWrapper.bindService:517 android.bluetooth.BluetoothMap.doBind:109 android.bluetooth.BluetoothMap.:102 android.bluetooth.BluetoothAdapter.getProfileProxy:1196
W/ContextImpl( 5248): Calling a method in the system process without a qualified user: android.app.ContextImpl.bindService:1544 android.content.ContextWrapper.bindService:517 android.bluetooth.BluetoothPbap.doBind:164 android.bluetooth.BluetoothPbap.:157 com.android.settings.bluetooth.PbapServerProfile.:68
I/ActivityManager( 4887): Start proc com.google.android.googlequicksearchbox:search for broadcast com.google.android.googlequicksearchbox/com.google.android.search.core.ChargingStateBroadcastReceiver: pid=5266 uid=10020 gids={50020, 3003, 1028, 3002, 1015, 1023}
I/ActivityManager( 4887): Start proc com.google.android.apps.uploader for broadcast com.google.android.apps.uploader/com.google.android.picasasync.BatteryReceiver: pid=5281 uid=10055 gids={50055, 3003, 1028, 1015, 1023}
I/ActivityManager( 4887): Start proc com.google.android.apps.magazines for broadcast com.google.android.apps.magazines/com.google.apps.dots.android.newsstand.audio.MediaButtonIntentReceiver: pid=5301 uid=10052 gids={50052, 3003, 1028, 1015, 1023}
I/ActivityManager( 4887): Start proc com.google.android.partnersetup for content provider com.google.android.partnersetup/.RlzAppProvider: pid=5316 uid=10010 gids={50010, 3003}
W/Vold ( 1375): Returning OperationFailed - no handler for errno 30
W/Vold ( 1375): Returning OperationFailed - no handler for errno 30
W/Vold ( 1375): Returning OperationFailed - no handler for errno 30
W/Vold ( 1375): Returning OperationFailed - no handler for errno 30
E/Vold ( 1375): Failed to find volume for /storage/sdcard1/Android/data/com.google.android.apps.magazines/cache/
W/Vold ( 1375): Returning OperationFailed - no handler for errno 30
W/Vold ( 1375): Returning OperationFailed - no handler for errno 30
W/Vold ( 1375): Returning OperationFailed - no handler for errno 30
W/Vold ( 1375): Returning OperationFailed - no handler for errno 30
W/Vold ( 1375): Returning OperationFailed - no handler for errno 30
E/Vold ( 1375): Failed to find volume for /storage/sdcard1/Android/data/com.google.android.apps.magazines/files/
W/Vold ( 1375): Returning OperationFailed - no handler for errno 30
W/Vold ( 1375): Returning OperationFailed - no handler for errno 30
W/Vold ( 1375): Returning OperationFailed - no handler for errno 30
W/Vold ( 1375): Returning OperationFailed - no handler for errno 30
W/Vold ( 1375): Returning OperationFailed - no handler for errno 30
E/Vold ( 1375): Failed to find volume for /storage/sdcard1/Android/data/com.google.android.apps.magazines/cache/
W/Vold ( 1375): Returning OperationFailed - no handler for errno 30
W/Vold ( 1375): Returning OperationFailed - no handler for errno 30
W/Vold ( 1375): Returning OperationFailed - no handler for errno 30
W/Vold ( 1375): Returning OperationFailed - no handler for errno 30
W/Vold ( 1375): Returning OperationFailed - no handler for errno 30
E/Vold ( 1375): Failed to find volume for /storage/sdcard1/Android/data/com.google.android.apps.magazines/files/
W/Vold ( 1375): Returning OperationFailed - no handler for errno 30
I/ActivityManager( 4887): Start proc com.android.music for broadcast com.android.music/.MediaButtonIntentReceiver: pid=5378 uid=10056 gids={50056, 3003, 1028, 1015, 1023}
I/ActivityManager( 4887): Start proc com.android.dialer for broadcast com.android.dialer/.calllog.CallLogReceiver: pid=5393 uid=10005 gids={50005, 3003, 1028, 1015, 1023}
I/ActivityManager( 4887): Delay finish: com.android.dialer/.calllog.CallLogReceiver
I/ActivityManager( 4887): Resuming delayed broadcast
I/ActivityManager( 4887): Delay finish: com.google.android.gms/.checkin.CheckinService$Receiver
I/ActivityManager( 4887): Resuming delayed broadcast
W/ContextImpl( 4887): Calling a method in the system process without a qualified user: android.app.ContextImpl.bindService:1544 android.bluetooth.BluetoothHeadset.doBind:283 android.bluetooth.BluetoothHeadset.:276 android.bluetooth.BluetoothAdapter.getProfileProxy:1181 android.media.AudioService.getBluetoothHeadset:2245
W/ContextImpl( 4887): Calling a method in the system process without a qualified user: android.app.ContextImpl.bindService:1544 android.bluetooth.BluetoothA2dp.doBind:165 android.bluetooth.BluetoothA2dp.:158 android.bluetooth.BluetoothAdapter.getProfileProxy:1184 android.media.AudioService$AudioServiceBroadcastReceiver.onReceive:4166
V/WiredAccessoryManager( 4887): notifyWiredAccessoryChanged: when=0 bits=SW_MICROPHONE_INSERT mask=14
V/WiredAccessoryManager( 4887): newName=h2w newState=1 headsetState=1 prev headsetState=0
V/WiredAccessoryManager( 4887): init()
V/WiredAccessoryManager( 4887): device h2w connected
I/PowerManagerService( 4887): Boot animation finished.
I/BootReceiver( 4887): Copying /data/tombstones/tombstone_02 to DropBox (SYSTEM_TOMBSTONE)
I/ActivityManager( 4887): Start proc com.android.providers.calendar for broadcast com.android.providers.calendar/.CalendarReceiver: pid=5420 uid=10001 gids={50001, 3003, 1028, 1015, 1023}
I/BootReceiver( 4887): Copying /data/tombstones/tombstone_01 to DropBox (SYSTEM_TOMBSTONE)
I/ActivityManager( 4887): Delay finish: com.android.providers.calendar/.CalendarReceiver ...
D/SoftFFmpegAudio( 4610): begin to open ffmpeg audio decoder(vorbis), mCtx sample_rate: 44100, channels: 2, , sample_fmt: (null)
D/SoftFFmpegAudio( 4610): open ffmpeg audio decoder(vorbis) success, mCtx sample_rate: 44100, channels: 2, sample_fmt: fltp
I/SoftFFmpegAudio( 4610): Create sample rate converter for conversion of 44100 Hz fltp 2 channels(stereo) to 44100 Hz s16 2 channels(stereo)!
D/SoftFFmpegAudio( 4610): ffmpeg audio decoder empty eos inbuf
D/SoftFFmpegAudio( 4610): ffmpeg audio decoder fill eos outbuf
W/EGL-GALLIUM( 4948): cache full: buf 0x79448758, width 1280, height 48, format 1, usage 0x900
V/SoftFFmpegAudio( 4610): ~SoftFFmpegAudio
V/FFmpegExtractor( 4610): SniffFFMPEG
I/FFmpegExtractor( 4610): android-source:0x419a2ec0
D/FFMPEG ( 4610): android source begin open
D/FFMPEG ( 4610): android open, url: android-source:0x419a2ec0
D/FFMPEG ( 4610): ffmpeg open android data source success, source ptr: 0x419a2ec0
D/FFMPEG ( 4610): android source open success
I/FFMPEG ( 4610): Input #0, ogg, from 'android-source:0x419a2ec0':
I/FFMPEG ( 4610): Duration: 00:00:00.18, start: 0.000000, bitrate: 431 kb/s
I/FFMPEG ( 4610): Stream #0:0: Audio: vorbis, 44100 Hz, mono, fltp, 239 kb/s
I/FFMPEG ( 4610): Metadata:
I/FFMPEG ( 4610): ARTIST : Copyright 2013 Android Open Source Project
I/FFmpegExtractor( 4610): FFmpegExtrator, url: android-source:0x419a2ec0, format_name: ogg, format_long_name: Ogg
I/FFmpegExtractor( 4610): list the formats suppoted by ffmpeg:
I/FFmpegExtractor( 4610): ========================================
V/FFmpegExtractor( 4610): format_names[00]: mpeg
V/FFmpegExtractor( 4610): format_names[01]: mpegts
V/FFmpegExtractor( 4610): format_names[02]: mov,mp4,m4a,3gp,3g2,mj2
V/FFmpegExtractor( 4610): format_names[03]: matroska,webm
V/FFmpegExtractor( 4610): format_names[04]: asf
V/FFmpegExtractor( 4610): format_names[05]: rm
V/FFmpegExtractor( 4610): format_names[06]: flv
V/FFmpegExtractor( 4610): format_names[07]: swf
V/FFmpegExtractor( 4610): format_names[08]: avi
V/FFmpegExtractor( 4610): format_names[09]: ape
V/FFmpegExtractor( 4610): format_names[10]: dts
V/FFmpegExtractor( 4610): format_names[11]: flac
V/FFmpegExtractor( 4610): format_names[12]: ac3
V/FFmpegExtractor( 4610): format_names[13]: wav
V/FFmpegExtractor( 4610): format_names[14]: ogg
V/FFmpegExtractor( 4610): format_names[15]: vc1
V/FFmpegExtractor( 4610): format_names[16]: hevc
I/FFmpegExtractor( 4610): ========================================
I/FFmpegExtractor( 4610): adjust mime(application/ogg -> audio/vorbis)
D/FFmpegExtractor( 4610): suppoted codec(vorbis) by official Stagefright
D/FFMPEG ( 4610): android source close
I/FFmpegExtractor( 4610): sniff through BetterSniffFFMPEG success
D/FFmpegExtractor( 4610): ffmpeg detected media content as 'audio/vorbis' with confidence 0.08
D/SoftFFmpegAudio( 4610): SoftFFmpegAudio component: OMX.ffmpeg.vorbis.decoder mMode: 3
D/SoftFFmpegAudio( 4610): set OMX_IndexParamAudioVorbis, nChannels=1, nSampleRate=44100, nBitRate=0, nMinBitRate=0, nMaxBitRate=0
V/SoftFFmpegAudio( 4610): get pcm params, nChannels:1, nSamplingRate:44100
I/OMXCodec( 4610): [OMX.ffmpeg.vorbis.decoder] allocating 4 buffers of size 20480 on input port
I/OMXCodec( 4610): [OMX.ffmpeg.vorbis.decoder] allocated buffer 0x41938d20 on input port
I/OMXCodec( 4610): [OMX.ffmpeg.vorbis.decoder] allocated buffer 0x41939e30 on input port
I/OMXCodec( 4610): [OMX.ffmpeg.vorbis.decoder] allocated buffer 0x41937ea0 on input port
I/OMXCodec( 4610): [OMX.ffmpeg.vorbis.decoder] allocated buffer 0x41937f60 on input port
I/OMXCodec( 4610): [OMX.ffmpeg.vorbis.decoder] allocating 4 buffers of size 9216 on output port
I/OMXCodec( 4610): [OMX.ffmpeg.vorbis.decoder] allocated buffer 0x41938120 on output port
I/OMXCodec( 4610): [OMX.ffmpeg.vorbis.decoder] allocated buffer 0x41938250 on output port
I/OMXCodec( 4610): [OMX.ffmpeg.vorbis.decoder] allocated buffer 0x4193c230 on output port
I/OMXCodec( 4610): [OMX.ffmpeg.vorbis.decoder] allocated buffer 0x4193c370 on output port
I/SoftFFmpegAudio( 4610): got extradata, ignore: 0, size: 30 ...
D/SoftFFmpegAudio( 4610): begin to open ffmpeg audio decoder(vorbis), mCtx sample_rate: 44100, channels: 1, , sample_fmt: (null)
D/SoftFFmpegAudio( 4610): open ffmpeg audio decoder(vorbis) success, mCtx sample_rate: 44100, channels: 1, sample_fmt: fltp
I/SoftFFmpegAudio( 4610): Create sample rate converter for conversion of 44100 Hz fltp 1 channels(mono) to 44100 Hz s16 1 channels(mono)!
D/SoftFFmpegAudio( 4610): ffmpeg audio decoder empty eos inbuf
D/SoftFFmpegAudio( 4610): ffmpeg audio decoder fill eos outbuf
W/EGL-GALLIUM( 4948): cache full: buf 0x7a213fb8, width 1280, height 48, format 1, usage 0x900
V/SoftFFmpegAudio( 4610): ~SoftFFmpegAudio
I/AudioRouter( 5099): Audio mode changing to WIRED_HEADSET
I/CalendarProvider2( 5420): Sending notification intent: Intent { act=android.intent.action.PROVIDER_CHANGED dat=content://com.android.calendar }
W/ContentResolver( 5420): Failed to get type for: content://com.android.calendar (Unknown URL content://com.android.calendar)
I/ActivityManager( 4887): Resuming delayed broadcast
I/ActivityManager( 4887): Start proc com.google.android.configupdater for broadcast com.google.android.configupdater/.CertPin.CertPinUpdateRequestReceiver: pid=5459 uid=10002 gids={50002, 3003, 2001}
E/UpdateRequestReceiver( 5459): ignoring update request
E/UpdateRequestReceiver( 5459): ignoring update request
E/UpdateRequestReceiver( 5459): ignoring update request
E/UpdateRequestReceiver( 5459): ignoring update request
E/UpdateRequestReceiver( 5459): ignoring update request
E/UpdateRequestReceiver( 5459): ignoring update request
I/ActivityManager( 4887): Delay finish: com.android.providers.downloads/.DownloadReceiver
I/ActivityManager( 4887): Resuming delayed broadcast
I/SystemUpdateService( 5079): acquiring wakelock
I/SystemUpdateService( 5079): onCreate
I/SystemUpdateService( 5079): cancelUpdate (empty URL)
I/SystemUpdateService( 5079): releasing wakelock
I/ActivityManager( 4887): Delay finish: com.google.android.gms/.update.SystemUpdateService$Receiver
I/ActivityManager( 4887): Resuming delayed broadcast
I/MultiDex( 5151): load(/system/priv-app/GmsCore.apk, forceReload=false)
D/dalvikvm( 5151): GC_CONCURRENT freed 151K, 7% free 3178K/3392K, paused 0ms+1ms, total 5ms
D/dalvikvm( 5151): GC_CONCURRENT freed 146K, 6% free 3509K/3728K, paused 0ms+0ms, total 4ms
I/MultiDex( 5151): Need extracted file /data/data/com.google.android.gms/files/secondary-dexes/GmsCore.apk.classes2.zip
I/MultiDex( 5151): No extraction needed for /data/data/com.google.android.gms/files/secondary-dexes/GmsCore.apk.classes2.zip of size 1809539
I/ActivityManager( 4887): Delay finish: com.google.android.gms/.app.receiver.SystemBroadcastReceiver
D/GCM ( 5079): COMPAT: Multi user ser=0 current=0
V/AuthZen ( 5079): Received a GCM message.
V/AuthZen ( 5079): [DefaultAuthzenGcmReceiverDelegateService] Received an Authzen GCM message.
D/AuthZen ( 5079): authzen received event: android.intent.action.BOOT_COMPLETED
I/ActivityManager( 4887): Delaying start of: ServiceRecord{21920c7c u0 com.google.android.gms/.gcm.GcmService}
I/ActivityManager( 4887): Delaying start of: ServiceRecord{21930820 u0 com.google.android.gms/.auth.be.recovery.AccountRecoveryBackgroundService}
D/dalvikvm( 5079): GC_CONCURRENT freed 331K, 26% free 3019K/4044K, paused 2ms+1ms, total 6ms
I/GCoreUlr( 5079): Starting service, intent=Intent { act=com.google.android.location.reporting.ACTION_UPDATE_WORLD cmp=com.google.android.gms/com.google.android.location.reporting.service.DispatchingService (has extras) }, extras=Bundle[{receiverAction=android.intent.action.BOOT_COMPLETED}]
I/GCoreUlr( 5190): WorldUpdater received intent Intent { act=com.google.android.location.reporting.ACTION_UPDATE_WORLD cmp=com.google.android.gms/com.google.android.location.reporting.service.DispatchingService (has extras) } with receiverAction android.intent.action.BOOT_COMPLETED
D/GCoreUlr( 5190): Throttling analytics event: db, clear_old:attempt, 1
V/AuthZen ( 5079): Authzen is disabled
D/GCoreUlr( 5190): Throttling analytics event: db, clear_old:attempt, 1
D/GCoreUlr( 5190): Throttling analytics event: db, clear_old:attempt, 1
E/GCoreUlr( 5190): Error deleting /data/data/com.google.android.gms/files/flog
E/GCoreUlr( 5190): Error deleting /data/data/com.google.android.gms/files/flog
D/GCoreUlr( 5190): Throttling analytics event: db, restrict_to:attempt, 1
D/GCM ( 5151): COMPAT: Multi user ser=0 current=0
D/GCoreUlr( 5190): Throttling analytics event: db, restrict_to:attempt, 1
D/GCoreUlr( 5190): Throttling analytics event: db, restrict_to:attempt, 1
I/GCoreUlr( 5190): Ensuring that reporting is stopped because of reasons: (no Google accounts)
D/GCoreFlp( 5190): Unknown pending intent to remove.
I/GCoreUlr( 5190): Unbound from all location providers
D/dalvikvm( 5190): GC_CONCURRENT freed 293K, 22% free 3191K/4064K, paused 0ms+1ms, total 3ms
E/GCM ( 5151): GCM failed to read backup checkin config, checkin may have failed
W/GCM ( 5151): GCM FAILED TO INITIALIZE - missing checkin
D/dalvikvm( 5151): GC_CONCURRENT freed 197K, 7% free 3718K/3980K, paused 1ms+2ms, total 5ms
D/GCM ( 5151): GcmService start Intent { act=android.intent.action.BOOT_COMPLETED flg=0x8000010 cmp=com.google.android.gms/.gcm.GcmService (has extras) } android.intent.action.BOOT_COMPLETED
W/GAV2 ( 5301): Thread[GAThread,5,main]: Service unavailable (code=1), will retry.
I/GAV2 ( 5301): Thread[GAThread,5,main]: No campaign data found.
W/ActivityManager( 4887): Unable to start service Intent { act=com.google.android.gms.analytics.service.START cmp=com.google.android.gms/.analytics.service.AnalyticsService (has extras) } U=0: not found
W/GAV2 ( 5301): Thread[Service Reconnect,5,main]: Service unavailable (code=1), using local store.
W/ActivityManager( 4887): Unable to start service Intent { act=com.google.android.gms.analytics.service.START cmp=com.google.android.gms/.analytics.service.AnalyticsService (has extras) } U=0: not found
I/ActivityManager( 4887): Waited long enough for: ServiceRecord{21883004 u0 com.google.android.googlequicksearchbox/com.google.android.search.core.service.SearchService}
I/ActivityManager( 4887): Resuming delayed broadcast
I/ActivityManager( 4887): Delay finish: com.google.android.partnersetup/.GooglePartnerSetup
