W/Vold ( 1375): Returning OperationFailed - no handler for errno 30
W/Vold ( 1375): Returning OperationFailed - no handler for errno 30
W/Vold ( 1375): Returning OperationFailed - no handler for errno 30
W/Vold ( 1375): Returning OperationFailed - no handler for errno 30
E/Vold ( 1375): Failed to find volume for /storage/sdcard1/Android/data/com.google.android.music/cache/
W/Vold ( 1375): Returning OperationFailed - no handler for errno 30
W/Vold ( 1375): Returning OperationFailed - no handler for errno 30
W/Vold ( 1375): Returning OperationFailed - no handler for errno 30
W/Vold ( 1375): Returning OperationFailed - no handler for errno 30
W/ContextImpl( 5887): Failed to ensure directory: /storage/usb2/Android/data/com.google.android.music/files
E/cutils ( 1375): Failed to mkdirat(/storage/usb3/Android): Read-only file system
W/ContextImpl( 5887): Failed to ensure directory: /storage/usb3/Android/data/com.google.android.music/files
W/ContextImpl( 5887): Failed to ensure directory: /storage/sdcard1/Android/data/com.google.android.music/files
V/MusicStore( 5887): migrating the internal storage
I/MusicStore( 5887): Migrating cache files took 19 ms
W/ContextImpl( 5887): Implicit intents with startService are not safe: Intent { act=com.google.android.music.NETWORK_MONITOR_SERVICE } android.content.ContextWrapper.bindService:517 com.google.android.music.utils.SafeServiceConnection$ServiceConnectionImp.bindService:98 com.google.android.music.utils.SafeServiceConnection.bindService:259
D/MusicPreferences( 5887): Set pref key LogFilesEnabled=false
E/cutils ( 1375): Failed to mkdirat(/storage/usb0/Android): Read-only file system
W/ContextImpl( 5887): Failed to ensure directory: /storage/usb0/Android/data/com.google.android.music/files
E/cutils ( 1375): Failed to mkdirat(/storage/usb1/Android): Read-only file system
W/ContextImpl( 5887): Failed to ensure directory: /storage/usb1/Android/data/com.google.android.music/files
W/Vold ( 1375): Returning OperationFailed - no handler for errno 30
E/Vold ( 1375): Failed to find volume for /storage/sdcard1/Android/data/com.google.android.music/files/
W/Vold ( 1375): Returning OperationFailed - no handler for errno 30
W/Vold ( 1375): Returning OperationFailed - no handler for errno 30
W/Vold ( 1375): Returning OperationFailed - no handler for errno 30
E/cutils ( 1375): Failed to mkdirat(/storage/usb2/Android): Read-only file system
W/ContextImpl( 5887): Failed to ensure directory: /storage/usb2/Android/data/com.google.android.music/files
E/cutils ( 1375): Failed to mkdirat(/storage/usb3/Android): Read-only file system
W/ContextImpl( 5887): Failed to ensure directory: /storage/usb3/Android/data/com.google.android.music/files
W/ContextImpl( 5887): Failed to ensure directory: /storage/sdcard1/Android/data/com.google.android.music/files
D/dalvikvm( 5887): GC_CONCURRENT freed 289K, 11% free 3064K/3416K, paused 0ms+2ms, total 4ms
E/cutils ( 1375): Failed to mkdirat(/storage/usb0/Android): Read-only file system
W/ContextImpl( 5887): Failed to ensure directory: /storage/usb0/Android/data/com.google.android.music/files
W/Vold ( 1375): Returning OperationFailed - no handler for errno 30
W/Vold ( 1375): Returning OperationFailed - no handler for errno 30
E/Vold ( 1375): Failed to find volume for /storage/sdcard1/Android/data/com.google.android.music/files/
W/Vold ( 1375): Returning OperationFailed - no handler for errno 30
W/Vold ( 1375): Returning OperationFailed - no handler for errno 30
E/cutils ( 1375): Failed to mkdirat(/storage/usb1/Android): Read-only file system
W/ContextImpl( 5887): Failed to ensure directory: /storage/usb1/Android/data/com.google.android.music/files
E/cutils ( 1375): Failed to mkdirat(/storage/usb2/Android): Read-only file system
W/ContextImpl( 5887): Failed to ensure directory: /storage/usb2/Android/data/com.google.android.music/files
E/cutils ( 1375): Failed to mkdirat(/storage/usb3/Android): Read-only file system
W/ContextImpl( 5887): Failed to ensure directory: /storage/usb3/Android/data/com.google.android.music/files
W/ContextImpl( 5887): Failed to ensure directory: /storage/sdcard1/Android/data/com.google.android.music/files
E/cutils ( 1375): Failed to mkdirat(/storage/usb0/Android): Read-only file system
W/ContextImpl( 5887): Failed to ensure directory: /storage/usb0/Android/data/com.google.android.music/files
E/cutils ( 1375): Failed to mkdirat(/storage/usb1/Android): Read-only file system
W/ContextImpl( 5887): Failed to ensure directory: /storage/usb1/Android/data/com.google.android.music/files
E/cutils ( 1375): Failed to mkdirat(/storage/usb2/Android): Read-only file system
W/ContextImpl( 5887): Failed to ensure directory: /storage/usb2/Android/data/com.google.android.music/files
E/cutils ( 1375): Failed to mkdirat(/storage/usb3/Android): Read-only file system
W/ContextImpl( 5887): Failed to ensure directory: /storage/usb3/Android/data/com.google.android.music/files
W/ContextImpl( 5887): Failed to ensure directory: /storage/sdcard1/Android/data/com.google.android.music/files
W/Vold ( 1375): Returning OperationFailed - no handler for errno 30
W/Vold ( 1375): Returning OperationFailed - no handler for errno 30
W/Vold ( 1375): Returning OperationFailed - no handler for errno 30
E/Vold ( 1375): Failed to find volume for /storage/sdcard1/Android/data/com.google.android.music/files/
W/Vold ( 1375): Returning OperationFailed - no handler for errno 30
W/Vold ( 1375): Returning OperationFailed - no handler for errno 30
W/Vold ( 1375): Returning OperationFailed - no handler for errno 30
W/Vold ( 1375): Returning OperationFailed - no handler for errno 30
W/Vold ( 1375): Returning OperationFailed - no handler for errno 30
E/Vold ( 1375): Failed to find volume for /storage/sdcard1/Android/data/com.google.android.music/files/
W/Vold ( 1375): Returning OperationFailed - no handler for errno 30
I/MediaRouter( 5887): Found default route: MediaRouter.RouteInfo{ uniqueId=android/.support.v7.media.SystemMediaRouteProvider:DEFAULT_ROUTE, name=Headphones, description=null, enabled=true, connecting=false, playbackType=0, playbackStream=3, volumeHandling=1, volume=11, volumeMax=15, presentationDisplayId=-1, extras=null, providerPackageName=android }
I/ActivityManager( 4887): Delay finish: com.google.android.music/.store.MediaStoreImportService$Receiver
E/Icing ( 5079): Not initialized
D/MusicPreferences( 5887): Set pref key isInvalidAccount=false
E/.AppDataSearchProvider( 5887): Could not connect to AppDataSearchClient for registerCorpora, error 16
I/CastUtils( 5887): Removing provider: MediaRouter.RouteProviderInfo{ packageName=com.google.android.gms }
D/MusicPreferences( 5887): Set pref key upgradeSyncDone=false
I/ActivityManager( 4887): Resuming delayed broadcast
I/ActivityManager( 4887): Delay finish: com.google.android.music/.store.MediaStoreImportService$Receiver
I/ActivityManager( 4887): Resuming delayed broadcast
I/ActivityManager( 4887): Delay finish: com.google.android.music/.store.MediaStoreImportService$Receiver
D/MusicStore( 5887): Database created
D/dalvikvm( 5887): GC_CONCURRENT freed 326K, 12% free 3135K/3524K, paused 2ms+1ms, total 6ms
D/dalvikvm( 4887): GC_CONCURRENT freed 1232K, 16% free 7858K/9304K, paused 2ms+0ms, total 15ms
D/MusicPreferences( 5887): Set pref key databaseVersion=90
I/MusicStore( 5887): Upgrade from -1 to 90 took 36 ms
D/MusicStore( 5887): Disabled WAL
D/MusicStore( 5887): Database opened
D/dalvikvm( 5887): GC_CONCURRENT freed 259K, 9% free 3371K/3692K, paused 1ms+0ms, total 4ms
D/dalvikvm( 5887): WAIT_FOR_CONCURRENT_GC blocked 2ms
I/MediaStoreImporter( 5887): Update: full Added music: 0 Updated music: 0 Deleted music: 0 Created playlists: 0 Updated playlists: 0 Deleted playlists: 0 Inserted playlist items: 0 Deleted playlist items: 0 Removed orphaned playlist items: 0
I/ActivityManager( 4887): Resuming delayed broadcast
V/SmsReceiverService( 5528): onStart: #1 mResultCode: -1 = Activity.RESULT_OK
I/ActivityManager( 4887): Delay finish: com.android.mms/.transaction.SmsReceiver
I/ActivityManager( 4887): Resuming delayed broadcast
I/ActivityManager( 4887): Delay finish: com.google.android.gm/.MailIntentReceiver
I/ActivityManager( 4887): Resuming delayed broadcast
I/ActivityManager( 4887): Killing 5316:com.google.android.partnersetup/u0a10 (adj 15): empty #17
I/ActivityManager( 4887): Delay finish: com.google.android.gms/.app.receiver.SystemBroadcastReceiver
D/PackageBroadcastService( 5079): Received broadcast action=android.intent.action.PACKAGE_CHANGED and uri=com.android.email
E/Icing ( 5079): Couldn't handle android.intent.action.PACKAGE_CHANGED intent due to initialization failure.
I/PeopleContactsSync( 5079): CP2 sync disabled
I/ActivityManager( 4887): Resuming delayed broadcast
I/ActivityManager( 4887): Start proc com.cyanogenmod.trebuchet for broadcast com.cyanogenmod.trebuchet/com.android.launcher3.PackageChangedReceiver: pid=5922 uid=10019 gids={50019, 1028}
V/Launcher( 5922): LauncherAppState inited
W/Launcher( 5922): setApplicationContext called twice! old=com.android.launcher3.LauncherApplication@21680358 new=com.android.launcher3.LauncherApplication@21680358
I/InternalIcingCorporaPro( 5266): Updating corpora: APPS=com.android.email, CONTACTS=MAYBE
E/Icing ( 5079): Not initialized
I/ActivityManager( 4887): Killing 5054:android.process.media/u0a6 (adj 15): empty #17
I/ActivityManager( 4887): Delay finish: com.google.android.googlequicksearchbox/com.google.android.search.core.summons.icing.InternalIcingCorporaProvider$CorporaChangedReceiver
E/.AppDataSearchProvider( 5266): Could not connect to AppDataSearchClient for registerCorpora, error 16
W/InternalIcingCorporaPro( 5266): Corpora registration failed
I/InternalIcingCorporaPro( 5266): UpdateCorporaTask done [took 11 ms] updated apps [took 11 ms]
I/ActivityManager( 4887): Resuming delayed broadcast
I/ActivityManager( 4887): Delay finish: com.android.gallery3d/.app.PackagesMonitor
D/PackageBroadcastService( 5079): Received broadcast action=android.intent.action.PACKAGE_CHANGED and uri=com.android.gallery3d
I/PeopleContactsSync( 5079): CP2 sync disabled
E/Icing ( 5079): Couldn't handle android.intent.action.PACKAGE_CHANGED intent due to initialization failure.
W/Launcher( 5922): setApplicationContext called twice! old=com.android.launcher3.LauncherApplication@21680358 new=com.android.launcher3.LauncherApplication@21680358
I/InternalIcingCorporaPro( 5266): Updating corpora: APPS=com.android.gallery3d, CONTACTS=MAYBE
E/Icing ( 5079): Not initialized
I/ActivityManager( 4887): Resuming delayed broadcast
I/ActivityManager( 4887): Delay finish: com.google.android.gms/.app.receiver.SystemBroadcastReceiver
I/ActivityManager( 4887): Resuming delayed broadcast
I/ActivityManager( 4887): Delay finish: com.google.android.googlequicksearchbox/com.google.android.search.core.summons.icing.InternalIcingCorporaProvider$CorporaChangedReceiver
E/.AppDataSearchProvider( 5266): Could not connect to AppDataSearchClient for registerCorpora, error 16
W/InternalIcingCorporaPro( 5266): Corpora registration failed
D/dalvikvm( 5266): GC_CONCURRENT freed 384K, 12% free 3438K/3884K, paused 1ms+1ms, total 4ms
I/InternalIcingCorporaPro( 5266): UpdateCorporaTask done [took 8 ms] updated apps [took 8 ms]
D/PackageBroadcastService( 5079): Received broadcast action=android.intent.action.PACKAGE_CHANGED and uri=com.android.inputmethod.latin
I/PeopleContactsSync( 5079): CP2 sync disabled
I/ActivityManager( 4887): Resuming delayed broadcast
I/ActivityManager( 4887): Delay finish: com.android.gallery3d/.app.PackagesMonitor
I/ActivityManager( 4887): Resuming delayed broadcast
I/ActivityManager( 4887): Delay finish: com.google.android.gms/.app.receiver.SystemBroadcastReceiver
E/Icing ( 5079): Couldn't handle android.intent.action.PACKAGE_CHANGED intent due to initialization failure.
W/Launcher( 5922): setApplicationContext called twice! old=com.android.launcher3.LauncherApplication@21680358 new=com.android.launcher3.LauncherApplication@21680358
I/InternalIcingCorporaPro( 5266): Updating corpora: APPS=com.android.inputmethod.latin, CONTACTS=MAYBE
E/Icing ( 5079): Not initialized
E/.AppDataSearchProvider( 5266): Could not connect to AppDataSearchClient for registerCorpora, error 16
W/InternalIcingCorporaPro( 5266): Corpora registration failed
I/ActivityManager( 4887): Resuming delayed broadcast
I/ActivityManager( 4887): Delay finish: com.google.android.googlequicksearchbox/com.google.android.search.core.summons.icing.InternalIcingCorporaProvider$CorporaChangedReceiver
E/Icing ( 5079): Not initialized
E/.AppDataSearchProvider( 5266): Could not connect to AppDataSearchClient for onTableChanged, error 16
W/InternalIcingCorporaPro( 5266): Table change notification failed for TableStorageSpec[applications]
I/InternalIcingCorporaPro( 5266): UpdateCorporaTask done [took 9 ms] updated apps [took 9 ms]
D/PackageBroadcastService( 5079): Received broadcast action=android.intent.action.PACKAGE_CHANGED and uri=com.google.android.gm
I/PeopleContactsSync( 5079): CP2 sync disabled
E/Icing ( 5079): Couldn't handle android.intent.action.PACKAGE_CHANGED intent due to initialization failure.
I/ActivityManager( 4887): Resuming delayed broadcast
I/ActivityManager( 4887): Delay finish: com.android.gallery3d/.app.PackagesMonitor
I/ActivityManager( 4887): Resuming delayed broadcast
I/ActivityManager( 4887): Delay finish: com.google.android.gms/.app.receiver.SystemBroadcastReceiver
I/ActivityManager( 4887): Resuming delayed broadcast
W/Launcher( 5922): setApplicationContext called twice! old=com.android.launcher3.LauncherApplication@21680358 new=com.android.launcher3.LauncherApplication@21680358
D/dalvikvm( 5079): GC_CONCURRENT freed 342K, 22% free 3170K/4044K, paused 2ms+0ms, total 5ms
I/InternalIcingCorporaPro( 5266): Updating corpora: APPS=com.google.android.gm, CONTACTS=MAYBE
E/Icing ( 5079): Not initialized
E/.AppDataSearchProvider( 5266): Could not connect to AppDataSearchClient for registerCorpora, error 16
W/InternalIcingCorporaPro( 5266): Corpora registration failed
I/ActivityManager( 4887): Delay finish: com.google.android.googlequicksearchbox/com.google.android.search.core.summons.icing.InternalIcingCorporaProvider$CorporaChangedReceiver
D/dalvikvm( 5266): GC_CONCURRENT freed 379K, 11% free 3570K/4012K, paused 0ms+0ms, total 4ms
D/dalvikvm( 5266): WAIT_FOR_CONCURRENT_GC blocked 1ms
I/InternalIcingCorporaPro( 5266): UpdateCorporaTask done [took 9 ms] updated apps [took 9 ms]
D/PackageBroadcastService( 5079): Received broadcast action=android.intent.action.PACKAGE_CHANGED and uri=com.google.android.inputmethod.latin
I/PeopleContactsSync( 5079): CP2 sync disabled
E/Icing ( 5079): Couldn't handle android.intent.action.PACKAGE_CHANGED intent due to initialization failure.
W/Launcher( 5922): setApplicationContext called twice! old=com.android.launcher3.LauncherApplication@21680358 new=com.android.launcher3.LauncherApplication@21680358
I/InternalIcingCorporaPro( 5266): Updating corpora: APPS=com.google.android.inputmethod.latin, CONTACTS=MAYBE
I/ActivityManager( 4887): Resuming delayed broadcast
I/ActivityManager( 4887): Delay finish: com.android.gallery3d/.app.PackagesMonitor
I/ActivityManager( 4887): Resuming delayed broadcast
I/ActivityManager( 4887): Delay finish: com.google.android.gms/.app.receiver.SystemBroadcastReceiver
I/ActivityManager( 4887): Resuming delayed broadcast
I/ActivityManager( 4887): Delay finish: com.google.android.googlequicksearchbox/com.google.android.search.core.summons.icing.InternalIcingCorporaProvider$CorporaChangedReceiver
E/Icing ( 5079): Not initialized
E/.AppDataSearchProvider( 5266): Could not connect to AppDataSearchClient for registerCorpora, error 16
W/InternalIcingCorporaPro( 5266): Corpora registration failed
E/Icing ( 5079): Not initialized
E/.AppDataSearchProvider( 5266): Could not connect to AppDataSearchClient for onTableChanged, error 16
W/InternalIcingCorporaPro( 5266): Table change notification failed for TableStorageSpec[applications]
I/InternalIcingCorporaPro( 5266): UpdateCorporaTask done [took 9 ms] updated apps [took 9 ms]
I/ActivityManager( 4887): Resuming delayed broadcast
I/ActivityManager( 4887): Delay finish: com.android.gallery3d/.app.PackagesMonitor
D/PackageBroadcastService( 5079): Received broadcast action=android.intent.action.PACKAGE_CHANGED and uri=com.android.camera2
I/PeopleContactsSync( 5079): CP2 sync disabled
E/Icing ( 5079): Couldn't handle android.intent.action.PACKAGE_CHANGED intent due to initialization failure.
W/Launcher( 5922): setApplicationContext called twice! old=com.android.launcher3.LauncherApplication@21680358 new=com.android.launcher3.LauncherApplication@21680358
I/InternalIcingCorporaPro( 5266): Updating corpora: APPS=com.android.camera2, CONTACTS=MAYBE
I/ActivityManager( 4887): Resuming delayed broadcast
I/ActivityManager( 4887): Delay finish: com.google.android.gms/.app.receiver.SystemBroadcastReceiver
I/ActivityManager( 4887): Resuming delayed broadcast
I/ActivityManager( 4887): Delay finish: com.google.android.googlequicksearchbox/com.google.android.search.core.summons.icing.InternalIcingCorporaProvider$CorporaChangedReceiver
D/dalvikvm( 5079): GC_EXPLICIT freed 141K, 24% free 3078K/4044K, paused 0ms+1ms, total 5ms
E/Icing ( 5079): Not initialized
E/.AppDataSearchProvider( 5266): Could not connect to AppDataSearchClient for registerCorpora, error 16
W/InternalIcingCorporaPro( 5266): Corpora registration failed
I/InternalIcingCorporaPro( 5266): UpdateCorporaTask done [took 11 ms] updated apps [took 11 ms]
I/ActivityManager( 4887): Resuming delayed broadcast
I/ActivityManager( 4887): Delay finish: com.android.gallery3d/.app.PackagesMonitor
D/dalvikvm( 5708): GC_CONCURRENT freed 308K, 12% free 2761K/3136K, paused 2ms+0ms, total 4ms
I/ActivityManager( 4887): Resuming delayed broadcast
I/ActivityManager( 4887): Delay finish: com.google.android.gms/.playlog.uploader.UploaderAlarmReceiver
I/ActivityManager( 4887): Resuming delayed broadcast
I/ActivityManager( 4887): Delay finish: com.google.android.gms/.playlog.uploader.UploaderAlarmReceiver
W/Uploader( 5079): No account for auth token provided
D/Uploader( 5079): Network request failed class java.net.UnknownHostException(Unable to resolve host "play.googleapis.com": No address associated with hostname)
I/ActivityManager( 4887): Resuming delayed broadcast
D/SurfaceFlinger( 1379): Screen acquired, type=0 flinger=0x40df6820
D/GRALLOC-DRM( 1379): set master
W/EGL-GALLIUM( 1379): cache full: buf 0x40d331a8, width 1280, height 1024, format 5, usage 0x1a00
E/GRALLOC-KMS( 1379): failed to set crtc (Permission denied) (crtc_id 13, fb_id 43, conn 15, mode 1280x1024)
E/SurfaceFlinger( 1379): error posting framebuffer: -13