--------- beginning of /dev/log/system
I/Vold ( 1375): Vold 2.1 (the revenge) firing up
D/Vold ( 1375): failed to open /fstab.android_x86, use AutoVolume
D/Vold ( 1375): Volume usb0 state changing -1 (Initializing) -> 0 (No-Media)
D/Vold ( 1375): Volume usb1 state changing -1 (Initializing) -> 0 (No-Media)
D/Vold ( 1375): Volume usb2 state changing -1 (Initializing) -> 0 (No-Media)
D/Vold ( 1375): Volume usb3 state changing -1 (Initializing) -> 0 (No-Media)
D/Vold ( 1375): Volume usb0 state changing 0 (No-Media) -> 2 (Pending)
D/DirectVolume( 1375): DirectVolume::handlePartitionAdded -> MAJOR 8, MINOR 1, PARTN 1
D/Vold ( 1375): Volume usb0 state changing 2 (Pending) -> 1 (Idle-Unmounted)
I/SystemServer( 1698): Entered the Android system server!
I/SystemServer( 1698): Waiting for installd to be ready.
I/Installer( 1698): connecting...
I/SystemServer( 1698): Power Manager
I/SystemServer( 1698): Activity Manager
I/ActivityManager( 1698): Memory class: 192
I/AppOps ( 1698): No existing app ops /data/system/appops.xml; starting empty
I/IntentFirewall( 1698): Read new rules (A:0 B:0 S:0)
I/SystemServer( 1698): Display Manager
I/SystemServer( 1698): Telephony Registry
I/SystemServer( 1698): Scheduling Policy
I/DisplayManagerService( 1698): Display device added: DisplayDeviceInfo{"Built-in Screen": 1280 x 1024, 60.000004 fps, density 160, 85.0 x 86.0 dpi, touch INTERNAL, rotation 0, type BUILT_IN, FLAG_DEFAULT_DISPLAY, FLAG_ROTATES_WITH_CONTENT, FLAG_SECURE, FLAG_SUPPORTS_PROTECTED_BUFFERS}
I/SystemServer( 1698): Package Manager
W/FileUtils( 1698): Failed to chmod(/data/system/packages.list): libcore.io.ErrnoException: chmod failed: ENOENT (No such file or directory)
D/SELinuxMMAC( 1698): Couldn't find install policy /data/security/mac_permissions.xml
D/SELinuxMMAC( 1698): Using install policy file /system/etc/security/mac_permissions.xml
I/PackageManager( 1698): No settings file; creating initial state
W/PackageParser( 1698): No actions in intent filter at /system/priv-app/Contacts.apk Binary XML file line #375
W/PackageParser( 1698): No actions in intent filter at /system/priv-app/Dialer.apk Binary XML file line #162
W/PackageParser( 1698): No actions in intent filter at /system/priv-app/SetupWizard.apk Binary XML file line #117
W/PackageParser( 1698): No actions in intent filter at /system/app/Bluetooth.apk Binary XML file line #210
W/PackageParser( 1698): No actions in intent filter at /system/app/CMFileManager.apk Binary XML file line #137
W/PackageParser( 1698): Unknown element under : permission at /system/app/Gallery2.apk Binary XML file line #242
W/PackageParser( 1698): Unknown element under : permission at /system/app/Gallery2.apk Binary XML file line #245
W/PackageManager( 1698): Unable to update from com.android.inputmethod.latin to com.google.android.inputmethod.latin: old package still exists
W/PackageManager( 1698): Unable to update from com.android.music to com.google.android.music: old package still exists
W/PackageManager( 1698): Package com.google.android.videos desires unavailable shared library com.google.widevine.software.drm; ignoring!
W/PackageManager( 1698): Package com.google.android.gms desires unavailable shared library com.google.android.ble; ignoring!
W/PackageManager( 1698): Package com.android.gallery3d desires unavailable shared library com.google.android.media.effects; ignoring!
I/PackageManager( 1698): Time to scan packages: 6.23 seconds
W/PackageManager( 1698): Not granting permission android.permission.GLOBAL_SEARCH to package com.android.quicksearchbox (protectionLevel=18 flags=0x8be45)
W/PackageManager( 1698): Unknown permission com.android.smspush.WAPPUSH_MANAGER_BIND in package com.android.phone
W/PackageManager( 1698): Unknown permission com.android.launcher.permission.PRELOAD_WORKSPACE in package com.google.android.partnersetup
W/PackageManager( 1698): Unknown permission com.android.vending.billing.IBillingAccountService.BIND2 in package com.google.android.gsf.login
W/PackageManager( 1698): Unknown permission com.android.chrome.TOS_ACKED in package com.google.android.gsf.login
W/PackageManager( 1698): Unknown permission com.google.android.gallery3d.permission.GALLERY_PROVIDER in package com.android.bluetooth
W/PackageManager( 1698): Not granting permission android.permission.ACCESS_DOWNLOAD_MANAGER to package com.android.browser (protectionLevel=18 flags=0x9be45)
W/PackageManager( 1698): Not granting permission android.permission.SEND_DOWNLOAD_COMPLETED_INTENTS to package com.android.browser (protectionLevel=2 flags=0x9be45)
W/PackageManager( 1698): Unknown permission com.android.launcher.permission.READ_SETTINGS in package com.android.onetimeinitializer
W/PackageManager( 1698): Unknown permission com.android.launcher.permission.WRITE_SETTINGS in package com.android.onetimeinitializer
W/PackageManager( 1698): Not granting permission android.permission.BIND_WALLPAPER to package com.android.camera2 (protectionLevel=18 flags=0x58bc45)
W/PackageManager( 1698): Unknown permission android.permission.INSTALL_DRM in package com.android.mms
W/PackageManager( 1698): Unknown permission com.cyanogenmod.filemanager.permissions.READ_THEME in package com.cyanogenmod.filemanager
W/PackageManager( 1698): Not granting permission android.permission.BROADCAST_PACKAGE_REMOVED to package com.google.android.marvin.talkback (protectionLevel=2 flags=0x49be45)
W/PackageManager( 1698): Unknown permission android.permission.RECOVERY in package com.google.android.gms
W/PackageManager( 1698): Not granting permission android.permission.READ_DREAM_STATE to package com.google.android.gms (protectionLevel=2 flags=0x40483e45)
W/PackageManager( 1698): Unknown permission com.google.android.hangouts.START_HANGOUT in package com.google.android.gms
W/PackageManager( 1698): Unknown permission com.google.android.wearable.READ_SETTINGS in package com.google.android.gms
W/PackageManager( 1698): Unknown permission android.permission.READ_OWNER_DATA in package com.google.android.setupwizard
W/PackageManager( 1698): Unknown permission android.permission.WRITE_OWNER_DATA in package com.google.android.setupwizard
W/PackageManager( 1698): Unknown permission com.android.launcher.permission.READ_SETTINGS in package com.android.settings
W/PackageManager( 1698): Unknown permission com.android.launcher.permission.WRITE_SETTINGS in package com.android.settings
W/PackageManager( 1698): Unknown permission com.android.launcher.permission.READ_SETTINGS in package com.cyanogenmod.trebuchet
W/PackageManager( 1698): Unknown permission com.android.launcher.permission.WRITE_SETTINGS in package com.cyanogenmod.trebuchet
W/PackageManager( 1698): Unknown permission com.google.android.voicesearch.SHORTCUTS_ACCESS in package com.google.android.googlequicksearchbox
W/PackageManager( 1698): Unknown permission com.google.android.voicesearch.ACCESS_SETTINGS in package com.google.android.googlequicksearchbox
W/PackageManager( 1698): Unknown permission com.google.android.ears.permission.WRITE in package com.google.android.googlequicksearchbox
W/PackageManager( 1698): Unknown permission com.google.android.apps.googlevoice.permission.AUTO_SEND in package com.google.android.googlequicksearchbox
W/PackageManager( 1698): Unknown permission com.android.chrome.PRERENDER_URL in package com.google.android.googlequicksearchbox
W/PackageManager( 1698): Unknown permission com.google.android.launcher.permission.CONTENT_REDIRECT in package com.google.android.googlequicksearchbox
W/PackageManager( 1698): Not granting permission com.android.launcher3.permission.RECEIVE_LAUNCH_BROADCASTS to package com.google.android.googlequicksearchbox (protectionLevel=2 flags=0x405bbe45)
W/PackageManager( 1698): Not granting permission android.permission.SEND_DOWNLOAD_COMPLETED_INTENTS to package com.android.vending (protectionLevel=2 flags=0x400abe45)
W/PackageManager( 1698): Unknown permission android.permission.SEND_SMS_NO_CONFIRMATION in package com.android.vending
W/PackageManager( 1698): Not granting permission android.permission.MOUNT_UNMOUNT_FILESYSTEMS to package net.toload.main.hd (protectionLevel=18 flags=0x9be45)
W/PackageManager( 1698): Not granting permission android.permission.DELETE_PACKAGES to package com.svox.pico (protectionLevel=18 flags=0x8be45)
W/PackageManager( 1698): Not granting permission android.permission.MANAGE_DOCUMENTS to package com.google.android.youtube (protectionLevel=18 flags=0x18be45)
W/PackageManager( 1698): Not granting permission android.permission.DEVICE_POWER to package com.android.deskclock (protectionLevel=2 flags=0x48be45)
W/PackageManager( 1698): Not granting permission android.permission.READ_DREAM_STATE to package com.google.android.gsf (protectionLevel=2 flags=0x40083e45)
W/PackageManager( 1698): Unknown permission android.permission.WRITE_SYNC_STATS in package com.google.android.apps.docs
I/SystemServer( 1698): Entropy Mixer
W/EntropyMixer( 1698): No existing entropy file -- first boot?
I/EntropyMixer( 1698): Writing entropy...
I/SystemServer( 1698): User Service
I/SystemServer( 1698): Account Manager
I/SystemServer( 1698): Content Manager
I/SystemServer( 1698): System Content Providers
D/SettingsProvider( 1698): Generated and saved new ANDROID_ID [8b1d374180cfbce0] for user 0
I/SystemServer( 1698): Lights Service
I/SystemServer( 1698): Battery Service
I/SystemServer( 1698): Vibrator Service
I/SystemServer( 1698): Consumer IR Service
I/SystemServer( 1698): Alarm Manager
I/SystemServer( 1698): Init Watchdog
I/SystemServer( 1698): Input Manager
I/InputManager( 1698): Initializing input manager, mUseDevInputEventForAudioJack=true
I/SystemServer( 1698): Window Manager
I/WindowManager( 1698): No existing display settings /data/system/display_settings.xml; starting empty
I/WindowManager( 1698): No keyguard interface!
I/InputManager( 1698): Starting input manager
I/SystemServer( 1698): Bluetooth Manager Service
I/SystemServer( 1698): Input Method Service
W/InputMethodManagerService( 1698): No IME selected. Choose the most applicable IME.
I/InputMethodManagerService( 1698): No default found, using com.google.android.inputmethod.latin/com.android.inputmethod.latin.LatinIME
I/SystemServer( 1698): Accessibility Manager
I/ActivityManager( 1698): Config changes=1df8 {1.0 ?mcc?mnc en_US ldltr sw1024dp w1280dp h1024dp 160dpi xlrg land ?uimode ?night -touch -keyb/h/h -nav/h s.2}
I/ActivityManager( 1698): Config changes=400 {1.0 ?mcc?mnc en_US ldltr sw1024dp w1280dp h951dp 160dpi xlrg land ?uimode ?night -touch -keyb/h/h -nav/h s.3}
I/ActivityManager( 1698): Config changes=30 {1.0 ?mcc?mnc en_US ldltr sw1024dp w1280dp h951dp 160dpi xlrg land ?uimode ?night -touch qwerty/v/v -nav/h s.4}
I/SystemServer( 1698): Mount Service
D/MountService( 1698): got storage path: null description: Internal storage primary: true removable: false emulated: true mtpReserve: 100 allowMassStorage: false maxFileSize: 0
D/MountService( 1698): addVolumeLocked() StorageVolume:
D/MountService( 1698): mStorageId=65537 mPath=/storage/emulated/0 mDescriptionId=17040666
D/MountService( 1698): mPrimary=true mRemovable=false mEmulated=true mMtpReserveSpace=100
D/MountService( 1698): mAllowMassStorage=false mMaxFileSize=0 mOwner=UserHandle{0} mUuid=null
D/MountService( 1698): mUserLabel=null mState=null
D/MountService( 1698): got storage path: /storage/sdcard1 description: SD card primary: false removable: true emulated: false mtpReserve: 0 allowMassStorage: false maxFileSize: 4294967296
D/MountService( 1698): addVolumeLocked() StorageVolume:
D/MountService( 1698): mStorageId=0 mPath=/storage/sdcard1 mDescriptionId=17040667 mPrimary=false
D/MountService( 1698): mRemovable=true mEmulated=false mMtpReserveSpace=0 mAllowMassStorage=false
D/MountService( 1698): mMaxFileSize=4294967296 mOwner=null mUuid=null mUserLabel=null mState=null
D/MountService( 1698): got storage path: /storage/usb0 description: USB storage primary: false removable: true emulated: false mtpReserve: 0 allowMassStorage: false maxFileSize: 4294967296
D/MountService( 1698): addVolumeLocked() StorageVolume:
D/MountService( 1698): mStorageId=0 mPath=/storage/usb0 mDescriptionId=17040668 mPrimary=false
D/MountService( 1698): mRemovable=true mEmulated=false mMtpReserveSpace=0 mAllowMassStorage=false
D/MountService( 1698): mMaxFileSize=4294967296 mOwner=null mUuid=null mUserLabel=null mState=null
D/MountService( 1698): got storage path: /storage/usb1 description: USB storage primary: false removable: true emulated: false mtpReserve: 0 allowMassStorage: false maxFileSize: 4294967296
D/MountService( 1698): addVolumeLocked() StorageVolume:
D/MountService( 1698): mStorageId=0 mPath=/storage/usb1 mDescriptionId=17040668 mPrimary=false
D/MountService( 1698): mRemovable=true mEmulated=false mMtpReserveSpace=0 mAllowMassStorage=false
D/MountService( 1698): mMaxFileSize=4294967296 mOwner=null mUuid=null mUserLabel=null mState=null
D/MountService( 1698): got storage path: /storage/usb2 description: USB storage primary: false removable: true emulated: false mtpReserve: 0 allowMassStorage: false maxFileSize: 4294967296
D/MountService( 1698): addVolumeLocked() StorageVolume:
D/MountService( 1698): mStorageId=0 mPath=/storage/usb2 mDescriptionId=17040668 mPrimary=false
D/MountService( 1698): mRemovable=true mEmulated=false mMtpReserveSpace=0 mAllowMassStorage=false
D/MountService( 1698): mMaxFileSize=4294967296 mOwner=null mUuid=null mUserLabel=null mState=null
D/MountService( 1698): got storage path: /storage/usb3 description: USB storage primary: false removable: true emulated: false mtpReserve: 0 allowMassStorage: false maxFileSize: 4294967296
D/MountService( 1698): addVolumeLocked() StorageVolume:
D/MountService( 1698): mStorageId=0 mPath=/storage/usb3 mDescriptionId=17040668 mPrimary=false
D/MountService( 1698): mRemovable=true mEmulated=false mMtpReserveSpace=0 mAllowMassStorage=false
D/MountService( 1698): mMaxFileSize=4294967296 mOwner=null mUuid=null mUserLabel=null mState=null
I/SystemServer( 1698): LockSettingsService
I/SystemServer( 1698): Device Policy
I/SystemServer( 1698): Status Bar
I/SystemServer( 1698): Clipboard Service
I/SystemServer( 1698): NetworkManagement Service
I/SystemServer( 1698): Text Service Manager Service
W/MountService( 1698): Duplicate state transition (unmounted -> unmounted) for /storage/usb0
D/MountService( 1698): volume state changed for /storage/usb1 (unmounted -> removed)
D/MountService( 1698): volume state changed for /storage/usb2 (unmounted -> removed)
D/MountService( 1698): volume state changed for /storage/usb3 (unmounted -> removed)
W/TextServicesManagerService( 1698): more than one spell checker service found, picking first
W/PackageManager( 1698): Not granting permission android.permission.GLOBAL_SEARCH to package com.android.quicksearchbox (protectionLevel=18 flags=0x8be45)
I/SystemServer( 1698): NetworkStats Service
W/PackageManager( 1698): Unknown permission com.android.smspush.WAPPUSH_MANAGER_BIND in package com.android.phone
W/PackageManager( 1698): Unknown permission com.android.launcher.permission.PRELOAD_WORKSPACE in package com.google.android.partnersetup
I/SystemServer( 1698): NetworkPolicy Service
W/PackageManager( 1698): Unknown permission com.android.vending.billing.IBillingAccountService.BIND2 in package com.google.android.gsf.login
W/PackageManager( 1698): Unknown permission com.android.chrome.TOS_ACKED in package com.google.android.gsf.login
I/SystemServer( 1698): Wi-Fi P2pService
W/PackageManager( 1698): Unknown permission com.google.android.gallery3d.permission.GALLERY_PROVIDER in package com.android.bluetooth
W/PackageManager( 1698): Not granting permission android.permission.ACCESS_DOWNLOAD_MANAGER to package com.android.browser (protectionLevel=18 flags=0x9be45)
W/PackageManager( 1698): Not granting permission android.permission.SEND_DOWNLOAD_COMPLETED_INTENTS to package com.android.browser (protectionLevel=2 flags=0x9be45)
W/PackageManager( 1698): Unknown permission com.android.launcher.permission.READ_SETTINGS in package com.android.onetimeinitializer
W/PackageManager( 1698): Unknown permission com.android.launcher.permission.WRITE_SETTINGS in package com.android.onetimeinitializer
W/PackageManager( 1698): Not granting permission android.permission.BIND_WALLPAPER to package com.android.camera2 (protectionLevel=18 flags=0x58bc45)
W/PackageManager( 1698): Unknown permission android.permission.INSTALL_DRM in package com.android.mms
W/PackageManager( 1698): Unknown permission com.cyanogenmod.filemanager.permissions.READ_THEME in package com.cyanogenmod.filemanager
W/PackageManager( 1698): Not granting permission android.permission.BROADCAST_PACKAGE_REMOVED to package com.google.android.marvin.talkback (protectionLevel=2 flags=0x49be45)
W/PackageManager( 1698): Unknown permission android.permission.RECOVERY in package com.google.android.gms
W/PackageManager( 1698): Not granting permission android.permission.READ_DREAM_STATE to package com.google.android.gms (protectionLevel=2 flags=0x40483e45)
W/PackageManager( 1698): Unknown permission com.google.android.hangouts.START_HANGOUT in package com.google.android.gms
W/PackageManager( 1698): Unknown permission com.google.android.wearable.READ_SETTINGS in package com.google.android.gms
W/PackageManager( 1698): Unknown permission android.permission.READ_OWNER_DATA in package com.google.android.setupwizard
W/PackageManager( 1698): Unknown permission android.permission.WRITE_OWNER_DATA in package com.google.android.setupwizard
W/PackageManager( 1698): Unknown permission com.android.launcher.permission.READ_SETTINGS in package com.android.settings
W/PackageManager( 1698): Unknown permission com.android.launcher.permission.WRITE_SETTINGS in package com.android.settings
W/PackageManager( 1698): Unknown permission com.android.launcher.permission.READ_SETTINGS in package com.cyanogenmod.trebuchet
W/PackageManager( 1698): Unknown permission com.android.launcher.permission.WRITE_SETTINGS in package com.cyanogenmod.trebuchet
W/PackageManager( 1698): Unknown permission com.google.android.voicesearch.SHORTCUTS_ACCESS in package com.google.android.googlequicksearchbox
W/PackageManager( 1698): Unknown permission com.google.android.voicesearch.ACCESS_SETTINGS in package com.google.android.googlequicksearchbox
W/PackageManager( 1698): Unknown permission com.google.android.ears.permission.WRITE in package com.google.android.googlequicksearchbox
W/PackageManager( 1698): Unknown permission com.google.android.apps.googlevoice.permission.AUTO_SEND in package com.google.android.googlequicksearchbox
W/PackageManager( 1698): Unknown permission com.android.chrome.PRERENDER_URL in package com.google.android.googlequicksearchbox
W/PackageManager( 1698): Unknown permission com.google.android.launcher.permission.CONTENT_REDIRECT in package com.google.android.googlequicksearchbox
W/PackageManager( 1698): Not granting permission com.android.launcher3.permission.RECEIVE_LAUNCH_BROADCASTS to package com.google.android.googlequicksearchbox (protectionLevel=2 flags=0x40dbbe45)
W/PackageManager( 1698): Not granting permission android.permission.SEND_DOWNLOAD_COMPLETED_INTENTS to package com.android.vending (protectionLevel=2 flags=0x400abe45)
W/PackageManager( 1698): Unknown permission android.permission.SEND_SMS_NO_CONFIRMATION in package com.android.vending
W/PackageManager( 1698): Not granting permission android.permission.MOUNT_UNMOUNT_FILESYSTEMS to package net.toload.main.hd (protectionLevel=18 flags=0x9be45)
W/PackageManager( 1698): Not granting permission android.permission.DELETE_PACKAGES to package com.svox.pico (protectionLevel=18 flags=0x8be45)
W/PackageManager( 1698): Not granting permission android.permission.MANAGE_DOCUMENTS to package com.google.android.youtube (protectionLevel=18 flags=0x18be45)
W/PackageManager( 1698): Not granting permission android.permission.DEVICE_POWER to package com.android.deskclock (protectionLevel=2 flags=0x48be45)
W/PackageManager( 1698): Not granting permission android.permission.READ_DREAM_STATE to package com.google.android.gsf (protectionLevel=2 flags=0x40083e45)
W/PackageManager( 1698): Unknown permission android.permission.WRITE_SYNC_STATS in package com.google.android.apps.docs
I/SystemServer( 1698): Wi-Fi Service
I/SystemServer( 1698): Connectivity Service
D/ConnectivityService( 1698): ConnectivityService starting up
D/ConnectivityService( 1698): wifiOnly=false
E/ConnectivityService( 1698): Ignoring protectedNetwork 14
E/MobileDataStateTracker( 1698): default: Ignoring feature request because could not acquire PhoneService
E/MobileDataStateTracker( 1698): default: Could not enable APN type "default"
I/WifiService( 1698): WifiService starting up with Wi-Fi disabled
I/SystemServer( 1698): Network Service Discovery Service
D/NsdService( 1698): Network service discovery enabled true
I/SystemServer( 1698): UpdateLock Service
I/SystemServer( 1698): Notification Manager
I/SystemServer( 1698): Device Storage Monitor
I/SystemServer( 1698): Location Manager
I/SystemServer( 1698): Country Detector
I/SystemServer( 1698): Search Service
I/SystemServer( 1698): DropBox Service
I/SystemServer( 1698): Wallpaper Service
W/WallpaperService( 1698): no current wallpaper -- first boot?
I/SystemServer( 1698): Audio Service
I/SystemServer( 1698): Dock Observer
W/DockObserver( 1698): This kernel does not have dock station support
I/SystemServer( 1698): Wired Accessory Manager
W/WiredAccessoryManager( 1698): This kernel does not have usb audio support
W/WiredAccessoryManager( 1698): This kernel does not have HDMI audio support
I/SystemServer( 1698): USB Service
I/SystemServer( 1698): Serial Service
I/SystemServer( 1698): Twilight Service
I/SystemServer( 1698): UI Mode Manager Service
I/SystemServer( 1698): Backup Service
V/BackupManagerService( 1698): Initializing package tracking
V/BackupManagerService( 1698): No ancestral data
V/BackupManagerService( 1698): addPackageParticipantsLocked: all
I/BackupManagerService( 1698): Scheduling backup for new app com.android.calendar
D/BackupManagerService( 1698): Now staging backup of com.android.calendar
I/BackupManagerService( 1698): Scheduling backup for new app com.android.browser
D/BackupManagerService( 1698): Now staging backup of com.android.browser
I/BackupManagerService( 1698): Scheduling backup for new app com.android.providers.userdictionary
D/BackupManagerService( 1698): Now staging backup of com.android.providers.userdictionary
I/BackupManagerService( 1698): Scheduling backup for new app com.android.sharedstoragebackup
D/BackupManagerService( 1698): Now staging backup of com.android.sharedstoragebackup
I/BackupManagerService( 1698): Scheduling backup for new app com.google.android.marvin.talkback
D/BackupManagerService( 1698): Now staging backup of com.google.android.marvin.talkback
I/BackupManagerService( 1698): Scheduling backup for new app android
D/BackupManagerService( 1698): Now staging backup of android
I/BackupManagerService( 1698): Scheduling backup for new app com.google.android.googlequicksearchbox
D/BackupManagerService( 1698): Now staging backup of com.google.android.googlequicksearchbox
I/BackupManagerService( 1698): Scheduling backup for new app com.android.vending
D/BackupManagerService( 1698): Now staging backup of com.android.vending
I/BackupManagerService( 1698): Scheduling backup for new app net.toload.main.hd
D/BackupManagerService( 1698): Now staging backup of net.toload.main.hd
I/BackupManagerService( 1698): Scheduling backup for new app com.google.android.gm
D/BackupManagerService( 1698): Now staging backup of com.google.android.gm
I/BackupManagerService( 1698): Scheduling backup for new app com.google.android.inputmethod.latin
D/BackupManagerService( 1698): Now staging backup of com.google.android.inputmethod.latin
I/BackupManagerService( 1698): Scheduling backup for new app com.android.dialer
D/BackupManagerService( 1698): Now staging backup of com.android.dialer
I/BackupManagerService( 1698): Scheduling backup for new app com.android.providers.settings
D/BackupManagerService( 1698): Now staging backup of com.android.providers.settings
V/BackupManagerService( 1698): Starting with transport android/com.android.internal.backup.LocalTransport
V/BackupManagerService( 1698): Found transports: 2
I/BackupManagerService( 1698): Binding to transport host ComponentInfo{android/com.android.internal.backup.LocalTransportService}
I/BackupManagerService( 1698): Binding to transport host ComponentInfo{com.google.android.backuptransport/com.google.android.backup.BackupTransportService}
I/BackupManagerService( 1698): Backup enabled => false
I/BackupManagerService( 1698): Opting out of backup
I/SystemServer( 1698): AppWidget Service
I/SystemServer( 1698): Recognition Service
I/SystemServer( 1698): DiskStats Service
I/SystemServer( 1698): SamplingProfiler Service
I/SystemServer( 1698): NetworkTimeUpdateService
I/SystemServer( 1698): CommonTimeManagementService
I/SystemServer( 1698): CertBlacklister
I/SystemServer( 1698): Dreams Service
I/SystemServer( 1698): Assets Atlas Service
I/SystemServer( 1698): IdleMaintenanceService
I/SystemServer( 1698): Print Service
I/SystemServer( 1698): Media Router Service
I/LockSettingsService( 1698): Migrated lock settings to new location
I/LockSettingsService( 1698): Migrated per-user lock settings to new location
I/ActivityManager( 1698): Start proc com.android.systemui for service com.android.keyguard/.KeyguardService: pid=1794 uid=10011 gids={50011, 1028, 1015, 1023, 1035, 3002, 3001}
I/ActivityManager( 1698): Sending system update to ComponentInfo{com.android.providers.calendar/com.android.providers.calendar.CalendarUpgradeReceiver} for user 0
I/ActivityManager( 1698): Sending system update to ComponentInfo{com.android.providers.contacts/com.android.providers.contacts.ContactsUpgradeReceiver} for user 0
I/ActivityManager( 1698): Sending system update to ComponentInfo{com.google.android.gsf/com.google.android.gsf.loginservice.MigrateToAccountManagerBroadcastReceiver} for user 0
I/ActivityManager( 1698): Sending system update to ComponentInfo{com.android.providers.media/com.android.providers.media.MediaUpgradeReceiver} for user 0
I/ActivityManager( 1698): Sending system update to ComponentInfo{com.google.android.googlequicksearchbox/com.google.android.googlequicksearchbox.GelStubAppWatcher} for user 0
I/ActivityManager( 1698): Start proc com.android.providers.calendar for broadcast com.android.providers.calendar/.CalendarUpgradeReceiver: pid=1808 uid=10001 gids={50001, 3003, 1028, 1015, 1023}
I/ActivityManager( 1698): Launching preboot mode app: ProcessRecord{216f3078 1808:com.android.providers.calendar/u0a1}
W/InputMethodManagerService( 1698): Focus gain on non-focused client android.view.inputmethod.InputMethodManager$1@21a05f38 (uid=1000 pid=1698)
V/BackupManagerService( 1698): Connected to transport ComponentInfo{android/com.android.internal.backup.LocalTransportService}
V/BackupManagerService( 1698): Registering transport android/com.android.internal.backup.LocalTransportService::android/com.android.internal.backup.LocalTransport = com.android.internal.backup.LocalTransport@217b74c8
I/ActivityManager( 1698): Start proc android.process.acore for broadcast com.android.providers.contacts/.ContactsUpgradeReceiver: pid=1824 uid=10003 gids={50003, 3003, 1028, 1015, 1023}
I/ActivityManager( 1698): Launching preboot mode app: ProcessRecord{2175aab8 1824:android.process.acore/u0a3}
W/ActivityManager( 1698): Permission Denial: not allowed to send broadcast android.intent.action.USER_PRESENT from pid=1794, uid=10011
W/ActivityManager( 1698): Permission Denial: not allowed to send broadcast android.intent.action.USER_PRESENT from pid=1794, uid=10011
I/ActivityManager( 1698): Start proc com.google.process.gapps for broadcast com.google.android.gsf/.loginservice.MigrateToAccountManagerBroadcastReceiver: pid=1849 uid=10008 gids={50008, 3003, 1007, 1028, 1015, 1023, 3002, 3001, 3007, 2001, 3006}
I/ActivityManager( 1698): Launching preboot mode app: ProcessRecord{2175d534 1849:com.google.process.gapps/u0a8}
I/ActivityManager( 1698): Start proc android.process.media for broadcast com.android.providers.media/.MediaUpgradeReceiver: pid=1863 uid=10006 gids={50006, 1028, 1015, 1023, 1024, 2001, 3003, 3007}
I/ActivityManager( 1698): Launching preboot mode app: ProcessRecord{21776884 1863:android.process.media/u0a6}
I/ActivityManager( 1698): Start proc com.google.android.googlequicksearchbox:search for broadcast com.google.android.googlequicksearchbox/.GelStubAppWatcher: pid=1877 uid=10020 gids={50020, 3003, 1028, 3002, 1015, 1023}
I/ActivityManager( 1698): Launching preboot mode app: ProcessRecord{217799bc 1877:com.google.android.googlequicksearchbox:search/u0a20}
I/ActivityManager( 1698): Writing new set of last done pre-boot receivers...
I/ActivityManager( 1698): Removing system update proc: ProcessRecord{216f3078 1808:com.android.providers.calendar/u0a1}
I/ActivityManager( 1698): Killing 1808:com.android.providers.calendar/u0a1 (adj 15): system update done
I/ActivityManager( 1698): Removing system update proc: ProcessRecord{2175aab8 1824:android.process.acore/u0a3}
I/ActivityManager( 1698): Killing 1824:android.process.acore/u0a3 (adj 15): system update done
I/ActivityManager( 1698): Removing system update proc: ProcessRecord{2175d534 1849:com.google.process.gapps/u0a8}
I/ActivityManager( 1698): Killing 1849:com.google.process.gapps/u0a8 (adj 13): system update done
I/ActivityManager( 1698): Removing system update proc: ProcessRecord{21776884 1863:android.process.media/u0a6}
I/ActivityManager( 1698): Killing 1863:android.process.media/u0a6 (adj 11): system update done
I/ActivityManager( 1698): Removing system update proc: ProcessRecord{217799bc 1877:com.google.android.googlequicksearchbox:search/u0a20}
I/ActivityManager( 1698): Killing 1877:com.google.android.googlequicksearchbox:search/u0a20 (adj 9): system update done
I/ActivityManager( 1698): System now ready
I/SystemServer( 1698): Making services ready
D/NetworkManagementService( 1698): enabling bandwidth control
I/Vold ( 1375): /dev/block/vold/8:1 being considered for volume usb0
D/Vold ( 1375): Volume usb0 state changing 1 (Idle-Unmounted) -> 3 (Checking)
D/Vold ( 1375): Trying to get filesystem type for /dev/block/vold/8:1
D/MountService( 1698): volume state changed for /storage/usb0 (unmounted -> checking)
D/MountService( 1698): sendStorageIntent Intent { act=android.intent.action.MEDIA_CHECKING dat=file:///storage/usb0 (has extras) } to UserHandle{-1}
I/StatusBarManagerService( 1698): registerStatusBar bar=com.android.internal.statusbar.IStatusBar$Stub$Proxy@217fd3d0
D/Vold ( 1375): Found vfat filesystem on /dev/block/vold/8:1
I/ActivityManager( 1698): Config changes=200 {1.0 ?mcc?mnc en_US ldltr sw1024dp w1280dp h951dp 160dpi xlrg land -touch qwerty/v/v -nav/h s.5}
W/ContextImpl( 1698): Calling a method in the system process without a qualified user: android.app.ContextImpl.sendBroadcast:1124 com.android.server.usb.UsbSettingsManager.deviceAttached:621 com.android.server.usb.UsbHostManager.usbDeviceAdded:156 com.android.server.usb.UsbHostManager.monitorUsbHostBus:-2 com.android.server.usb.UsbHostManager.access$000:38
W/ContextImpl( 1698): Calling a method in the system process without a qualified user: android.app.ContextImpl.sendBroadcast:1124 com.android.server.usb.UsbSettingsManager.deviceAttached:621 com.android.server.usb.UsbHostManager.usbDeviceAdded:156 com.android.server.usb.UsbHostManager.monitorUsbHostBus:-2 com.android.server.usb.UsbHostManager.access$000:38
W/ContextImpl( 1698): Calling a method in the system process without a qualified user: android.app.ContextImpl.sendBroadcast:1124 com.android.server.usb.UsbSettingsManager.deviceAttached:621 com.android.server.usb.UsbHostManager.usbDeviceAdded:156 com.android.server.usb.UsbHostManager.monitorUsbHostBus:-2 com.android.server.usb.UsbHostManager.access$000:38
W/AppWidgetServiceImpl( 1698): Failed to read state: java.io.FileNotFoundException: /data/system/users/0/appwidgets.xml: open failed: ENOENT (No such file or directory)
W/InputMethodManagerService( 1698): Ignoring setImeWindowStatus of uid 1000 token: null
W/InputMethodUtils( 1698): Found no subtypes in a system IME: net.toload.main.hd
W/InputMethodUtils( 1698): Found no subtypes in a system IME: com.android.inputmethod.pinyin
W/InputMethodManagerService( 1698): Reset the default IME as "Resource" is ready here.
W/InputMethodUtils( 1698): Found no subtypes in a system IME: net.toload.main.hd
W/InputMethodUtils( 1698): Found no subtypes in a system IME: com.android.inputmethod.pinyin
W/InputMethodUtils( 1698): Found no subtypes in a system IME: net.toload.main.hd
I/InputMethodManagerService( 1698): Selected default: com.android.inputmethod.latin/.LatinIME
I/ActivityManager( 1698): Start proc com.android.inputmethod.latin for service com.android.inputmethod.latin/.LatinIME: pid=1940 uid=10048 gids={50048, 1028, 1015, 1023}
V/InputMethodManagerService( 1698): Adding window token: android.os.Binder@218e5aa4
W/LocationManagerService( 1698): no network location provider found
W/InputMethodManagerService( 1698): Illegal subtype state: old subtype = null, new subtype = android.view.inputmethod.InputMethodSubtype@c9194f98
E/LocationManagerService( 1698): no geocoder provider found
E/LocationManagerService( 1698): No FusedProvider found.
E/LocationManagerService( 1698): no geofence provider found
I/ActivityManager( 1698): Start proc com.android.phone for added application com.android.phone: pid=1956 uid=1001 gids={41001, 3002, 3001, 3003, 1028, 1015, 1023}
I/ActivityManager( 1698): START u0 {act=android.intent.action.MAIN cat=[android.intent.category.HOME] flg=0x10000000 cmp=org.zeroxlab.util.tscal/.TSCalibrationStartup} from pid 0
I/Vold ( 1375): Filesystem check completed OK
E/Vold ( 1375): /dev/block/vold/8:1 failed to mount via VFAT (Device or resource busy)
E/Vold ( 1375): Volume usb0 found no suitable devices for mounting :(
D/Vold ( 1375): Volume usb0 state changing 3 (Checking) -> 1 (Idle-Unmounted)
E/VoldConnector( 1698): NDC Command {3 volume mount /storage/usb0} took too long (502ms)
D/MountService( 1698): volume state changed for /storage/usb0 (checking -> unmounted)
D/MountService( 1698): sendStorageIntent Intent { act=android.intent.action.MEDIA_UNMOUNTED dat=file:///storage/usb0 (has extras) } to UserHandle{-1}
E/MountService( 1698): Boot-time mount failed (-1)
E/MountService( 1698): Boot-time mount failed (-1)
W/MountService( 1698): Duplicate state transition (mounted -> mounted) for /storage/emulated/0
I/ActivityManager( 1698): Start proc org.zeroxlab.util.tscal for activity org.zeroxlab.util.tscal/.TSCalibrationStartup: pid=1969 uid=1000 gids={41000, 1028, 1015, 1023, 3002, 3001, 3003}
I/ActivityManager( 1698): Start proc com.android.printspooler for service com.android.printspooler/.PrintSpoolerService: pid=1982 uid=10065 gids={50065}
I/ActivityManager( 1698): Start proc com.google.android.gms for broadcast com.google.android.gms/com.google.android.location.internal.NlpNetworkProviderSettingsUpdateReceiver: pid=1996 uid=10008 gids={50008, 3003, 1007, 1028, 1015, 1023, 3002, 3001, 3007, 2001, 3006}
I/ActivityManager( 1698): Start proc android.process.acore for content provider com.android.providers.contacts/.ContactsProvider2: pid=2011 uid=10003 gids={50003, 3003, 1028, 1015, 1023}
I/ActivityManager( 1698): Force stopping org.zeroxlab.util.tscal appid=1000 user=0: pkg changed
I/ActivityManager( 1698): Killing 1969:org.zeroxlab.util.tscal/1000 (adj 0): stop org.zeroxlab.util.tscal
I/ActivityManager( 1698): Force finishing activity ActivityRecord{216bfe80 u0 org.zeroxlab.util.tscal/.TSCalibrationStartup t1}
I/ActivityManager( 1698): START u0 {act=android.intent.action.MAIN cat=[android.intent.category.HOME] flg=0x10000000 cmp=com.android.settings/.CryptKeeper} from pid 0
I/ActivityManager( 1698): Start proc com.android.settings for activity com.android.settings/.CryptKeeper: pid=2027 uid=1000 gids={41000, 1028, 1015, 1023, 3002, 3001, 3003}
W/BackupManagerService( 1698): dataChanged but no participant pkg='com.android.providers.settings' uid=1001
I/PackageManager( 1698): Adding preferred activity ComponentInfo{com.android.mms/com.android.mms.ui.ComposeMessageActivity} for user 0 :
I/PackageManager( 1698): Adding preferred activity ComponentInfo{com.android.mms/com.android.mms.ui.ComposeMessageActivity} for user 0 :
I/PackageManager( 1698): Adding preferred activity ComponentInfo{com.android.mms/com.android.mms.ui.ComposeMessageActivity} for user 0 :
I/PackageManager( 1698): Adding preferred activity ComponentInfo{com.android.mms/com.android.mms.ui.ComposeMessageActivity} for user 0 :
I/PackageManager( 1698): Adding preferred activity ComponentInfo{com.android.mms/com.android.mms.ui.ComposeMessageActivity} for user 0 :
I/PackageManager( 1698): Adding preferred activity ComponentInfo{com.android.mms/com.android.mms.ui.ComposeMessageActivity} for user 0 :
I/PackageManager( 1698): Adding preferred activity ComponentInfo{com.android.mms/com.android.mms.ui.ComposeMessageActivity} for user 0 :
I/PackageManager( 1698): Adding preferred activity ComponentInfo{com.android.mms/com.android.mms.ui.ComposeMessageActivity} for user 0 :
I/ActivityManager( 1698): START u0 {act=android.intent.action.MAIN cat=[android.intent.category.HOME] flg=0x10000000 cmp=com.google.android.setupwizard/.SetupWizardActivity} from pid 0
I/ActivityManager( 1698): Start proc com.google.android.setupwizard for activity com.google.android.setupwizard/.SetupWizardActivity: pid=2064 uid=10017 gids={50017, 3003}
I/ActivityManager( 1698): Start proc com.google.process.gapps for content provider com.google.android.gsf/.gservices.GservicesProvider: pid=2080 uid=10008 gids={50008, 3003, 1007, 1028, 1015, 1023, 3002, 3001, 3007, 2001, 3006}
I/ActivityManager( 1698): START u0 {cmp=com.google.android.setupwizard/.WelcomeActivity (has extras)} from pid 2064
D/MobileDataStateTracker( 1698): fota: Broadcast received: android.intent.action.ANY_DATA_STATE apnType=fota
D/MobileDataStateTracker( 1698): fota: Received state=DISCONNECTED, old=DISCONNECTED, reason=radioTurnedOff
D/MobileDataStateTracker( 1698): supl: Broadcast received: android.intent.action.ANY_DATA_STATE apnType=supl
D/MobileDataStateTracker( 1698): supl: Received state=DISCONNECTED, old=DISCONNECTED, reason=radioTurnedOff
D/MobileDataStateTracker( 1698): hipri: Broadcast received: android.intent.action.ANY_DATA_STATE apnType=hipri
D/MobileDataStateTracker( 1698): hipri: Received state=DISCONNECTED, old=DISCONNECTED, reason=radioTurnedOff
D/MobileDataStateTracker( 1698): ims: Broadcast received: android.intent.action.ANY_DATA_STATE apnType=ims
D/MobileDataStateTracker( 1698): ims: Received state=DISCONNECTED, old=DISCONNECTED, reason=radioTurnedOff
I/ActivityManager( 1698): Start proc com.google.process.location for on-hold: pid=2104 uid=10008 gids={50008, 3003, 1007, 1028, 1015, 1023, 3002, 3001, 3007, 2001, 3006}
D/MobileDataStateTracker( 1698): default: Broadcast received: android.intent.action.ANY_DATA_STATE apnType=default
D/MobileDataStateTracker( 1698): default: Received state=DISCONNECTED, old=DISCONNECTED, reason=radioTurnedOff
D/MobileDataStateTracker( 1698): mms: Broadcast received: android.intent.action.ANY_DATA_STATE apnType=mms
D/MobileDataStateTracker( 1698): mms: Received state=DISCONNECTED, old=DISCONNECTED, reason=radioTurnedOff
D/MobileDataStateTracker( 1698): cbs: Broadcast received: android.intent.action.ANY_DATA_STATE apnType=cbs
D/MobileDataStateTracker( 1698): cbs: Received state=DISCONNECTED, old=DISCONNECTED, reason=radioTurnedOff
D/MobileDataStateTracker( 1698): fota: Broadcast received: android.intent.action.ANY_DATA_STATE apnType=fota
D/MobileDataStateTracker( 1698): fota: Received state=DISCONNECTED, old=DISCONNECTED, reason=radioTurnedOff
D/MobileDataStateTracker( 1698): supl: Broadcast received: android.intent.action.ANY_DATA_STATE apnType=supl
D/MobileDataStateTracker( 1698): supl: Received state=DISCONNECTED, old=DISCONNECTED, reason=radioTurnedOff
D/MobileDataStateTracker( 1698): hipri: Broadcast received: android.intent.action.ANY_DATA_STATE apnType=hipri
D/MobileDataStateTracker( 1698): hipri: Received state=DISCONNECTED, old=DISCONNECTED, reason=radioTurnedOff
D/MobileDataStateTracker( 1698): ims: Broadcast received: android.intent.action.ANY_DATA_STATE apnType=ims
D/MobileDataStateTracker( 1698): ims: Received state=DISCONNECTED, old=DISCONNECTED, reason=radioTurnedOff
D/MobileDataStateTracker( 1698): default: Broadcast received: android.intent.action.ANY_DATA_STATE apnType=default
D/MobileDataStateTracker( 1698): default: Received state=DISCONNECTED, old=DISCONNECTED, reason=radioTurnedOff
D/MobileDataStateTracker( 1698): mms: Broadcast received: android.intent.action.ANY_DATA_STATE apnType=mms
D/MobileDataStateTracker( 1698): mms: Received state=DISCONNECTED, old=DISCONNECTED, reason=radioTurnedOff
D/MobileDataStateTracker( 1698): cbs: Broadcast received: android.intent.action.ANY_DATA_STATE apnType=cbs
D/MobileDataStateTracker( 1698): cbs: Received state=DISCONNECTED, old=DISCONNECTED, reason=radioTurnedOff
D/MobileDataStateTracker( 1698): fota: Broadcast received: android.intent.action.ANY_DATA_STATE apnType=fota
D/MobileDataStateTracker( 1698): fota: Received state=DISCONNECTED, old=DISCONNECTED, reason=dataDetached
D/MobileDataStateTracker( 1698): supl: Broadcast received: android.intent.action.ANY_DATA_STATE apnType=supl
D/MobileDataStateTracker( 1698): supl: Received state=DISCONNECTED, old=DISCONNECTED, reason=dataDetached
D/MobileDataStateTracker( 1698): hipri: Broadcast received: android.intent.action.ANY_DATA_STATE apnType=hipri
D/MobileDataStateTracker( 1698): hipri: Received state=DISCONNECTED, old=DISCONNECTED, reason=dataDetached
D/MobileDataStateTracker( 1698): ims: Broadcast received: android.intent.action.ANY_DATA_STATE apnType=ims
D/MobileDataStateTracker( 1698): ims: Received state=DISCONNECTED, old=DISCONNECTED, reason=dataDetached
D/MobileDataStateTracker( 1698): default: Broadcast received: android.intent.action.ANY_DATA_STATE apnType=default
D/MobileDataStateTracker( 1698): default: Received state=DISCONNECTED, old=DISCONNECTED, reason=dataDetached
D/MobileDataStateTracker( 1698): mms: Broadcast received: android.intent.action.ANY_DATA_STATE apnType=mms
D/MobileDataStateTracker( 1698): mms: Received state=DISCONNECTED, old=DISCONNECTED, reason=dataDetached
D/MobileDataStateTracker( 1698): cbs: Broadcast received: android.intent.action.ANY_DATA_STATE apnType=cbs
D/MobileDataStateTracker( 1698): cbs: Received state=DISCONNECTED, old=DISCONNECTED, reason=dataDetached
D/MobileDataStateTracker( 1698): fota: Broadcast received: android.intent.action.ANY_DATA_STATE apnType=fota
D/MobileDataStateTracker( 1698): fota: Received state=DISCONNECTED, old=DISCONNECTED, reason=roamingOff
D/MobileDataStateTracker( 1698): supl: Broadcast received: android.intent.action.ANY_DATA_STATE apnType=supl
D/MobileDataStateTracker( 1698): supl: Received state=DISCONNECTED, old=DISCONNECTED, reason=roamingOff
D/MobileDataStateTracker( 1698): hipri: Broadcast received: android.intent.action.ANY_DATA_STATE apnType=hipri
D/MobileDataStateTracker( 1698): hipri: Received state=DISCONNECTED, old=DISCONNECTED, reason=roamingOff
D/MobileDataStateTracker( 1698): ims: Broadcast received: android.intent.action.ANY_DATA_STATE apnType=ims
D/MobileDataStateTracker( 1698): ims: Received state=DISCONNECTED, old=DISCONNECTED, reason=roamingOff
D/MobileDataStateTracker( 1698): default: Broadcast received: android.intent.action.ANY_DATA_STATE apnType=default
D/MobileDataStateTracker( 1698): default: Received state=DISCONNECTED, old=DISCONNECTED, reason=roamingOff
D/MobileDataStateTracker( 1698): mms: Broadcast received: android.intent.action.ANY_DATA_STATE apnType=mms
D/MobileDataStateTracker( 1698): mms: Received state=DISCONNECTED, old=DISCONNECTED, reason=roamingOff
D/MobileDataStateTracker( 1698): cbs: Broadcast received: android.intent.action.ANY_DATA_STATE apnType=cbs
D/MobileDataStateTracker( 1698): cbs: Received state=DISCONNECTED, old=DISCONNECTED, reason=roamingOff
V/BackupManagerService( 1698): Connected to transport ComponentInfo{com.google.android.backuptransport/com.google.android.backup.BackupTransportService}
V/BackupManagerService( 1698): Registering transport com.google.android.backuptransport/com.google.android.backup.BackupTransportService::com.google.android.backup/.BackupTransportService = com.android.internal.backup.IBackupTransport$Stub$Proxy@217705fc
I/ActivityManager( 1698): Start proc com.android.exchange for content provider com.android.exchange/.provider.ExchangeDirectoryProvider: pid=2166 uid=10039 gids={50039, 3003, 1028, 1015, 1023}
I/ActivityManager( 1698): Start proc com.svox.pico for service com.svox.pico/.PicoService: pid=2179 uid=10062 gids={50062, 1028, 1015, 1023}
I/ActivityManager( 1698): Start proc com.android.email for content provider com.android.email/.provider.EmailProvider: pid=2192 uid=10038 gids={50038, 3003, 1028, 1015, 1023}
W/ContextImpl( 2027): Calling a method in the system process without a qualified user: android.app.ContextImpl.bindService:1544 android.content.ContextWrapper.bindService:517 android.bluetooth.BluetoothInputDevice.doBind:245 android.bluetooth.BluetoothInputDevice.:238 android.bluetooth.BluetoothAdapter.getProfileProxy:1187
W/ContextImpl( 2027): Calling a method in the system process without a qualified user: android.app.ContextImpl.bindService:1544 android.content.ContextWrapper.bindService:517 android.bluetooth.BluetoothPan.doBind:149 android.bluetooth.BluetoothPan.:141 android.bluetooth.BluetoothAdapter.getProfileProxy:1190
W/ContextImpl( 2027): Calling a method in the system process without a qualified user: android.app.ContextImpl.bindService:1544 android.content.ContextWrapper.bindService:517 android.bluetooth.BluetoothMap.doBind:109 android.bluetooth.BluetoothMap.:102 android.bluetooth.BluetoothAdapter.getProfileProxy:1196
W/ContextImpl( 2027): Calling a method in the system process without a qualified user: android.app.ContextImpl.bindService:1544 android.content.ContextWrapper.bindService:517 android.bluetooth.BluetoothPbap.doBind:164 android.bluetooth.BluetoothPbap.:157 com.android.settings.bluetooth.PbapServerProfile.:68
D/ActivityThread( 2192): Loading provider com.android.email.provider;com.android.email.notifier: com.android.email.provider.EmailProvider
I/ActivityManager( 1698): Start proc com.android.externalstorage for broadcast com.android.externalstorage/.MountReceiver: pid=2226 uid=10007 gids={50007, 1028, 1015, 1023}
D/ActivityThread( 2192): Loading provider com.android.email.provider;com.android.email.notifier: com.android.email.provider.EmailProvider
I/ActivityManager( 1698): Start proc android.process.media for broadcast com.android.providers.media/.MediaScannerReceiver: pid=2244 uid=10006 gids={50006, 1028, 1015, 1023, 1024, 2001, 3003, 3007}
W/ActivityManager( 1698): Unable to start service Intent { cmp=com.android.email/.service.AttachmentDownloadService } U=0: not found
W/ActivityManager( 1698): Unable to start service Intent { cmp=com.android.email/.service.AttachmentDownloadService } U=0: not found
W/ActivityManager( 1698): Unable to start service Intent { cmp=com.android.email/.service.AttachmentDownloadService } U=0: not found
I/ActivityManager( 1698): Start proc com.android.vending for broadcast com.android.vending/com.google.android.finsky.widget.consumption.NowPlayingWidgetProvider: pid=2275 uid=10015 gids={50015, 3003, 1028, 1015, 1023}
I/ActivityManager( 1698): Start proc com.cyanogenmod.trebuchet for broadcast com.cyanogenmod.trebuchet/com.android.launcher3.PackageChangedReceiver: pid=2319 uid=10019 gids={50019, 1028}
E/ActivityThread( 2319): Failed to find provider info for com.android.launcher2.settings
I/ActivityManager( 1698): Start proc com.google.android.googlequicksearchbox:search for broadcast com.google.android.googlequicksearchbox/com.google.android.search.core.summons.icing.InternalIcingCorporaProvider$CorporaChangedReceiver: pid=2341 uid=10020 gids={50020, 3003, 1028, 3002, 1015, 1023}
I/ActivityManager( 1698): Start proc com.android.gallery3d for broadcast com.android.gallery3d/.app.PackagesMonitor: pid=2356 uid=10042 gids={50042, 3003, 1028, 1015, 1023}
E/ActivityThread( 2341): Failed to find provider info for com.google.android.voicesearch
I/ActivityManager( 1698): Start proc com.google.android.partnersetup for content provider com.google.android.partnersetup/.RlzAppProvider: pid=2375 uid=10010 gids={50010, 3003}
I/ActivityManager( 1698): Start proc com.google.android.apps.magazines for broadcast com.google.android.apps.magazines/com.google.apps.dots.android.newsstand.audio.MediaButtonIntentReceiver: pid=2399 uid=10052 gids={50052, 3003, 1028, 1015, 1023}
W/Vold ( 1375): Returning OperationFailed - no handler for errno 30
W/Vold ( 1375): Returning OperationFailed - no handler for errno 30
W/Vold ( 1375): Returning OperationFailed - no handler for errno 30
W/Vold ( 1375): Returning OperationFailed - no handler for errno 30
E/Vold ( 1375): Failed to find volume for /storage/sdcard1/Android/data/com.google.android.apps.magazines/cache/
W/Vold ( 1375): Returning OperationFailed - no handler for errno 30
W/Vold ( 1375): Returning OperationFailed - no handler for errno 30
W/Vold ( 1375): Returning OperationFailed - no handler for errno 30
W/Vold ( 1375): Returning OperationFailed - no handler for errno 30
W/Vold ( 1375): Returning OperationFailed - no handler for errno 30
E/Vold ( 1375): Failed to find volume for /storage/sdcard1/Android/data/com.google.android.apps.magazines/files/
W/Vold ( 1375): Returning OperationFailed - no handler for errno 30
W/Vold ( 1375): Returning OperationFailed - no handler for errno 30
W/Vold ( 1375): Returning OperationFailed - no handler for errno 30
W/Vold ( 1375): Returning OperationFailed - no handler for errno 30
W/Vold ( 1375): Returning OperationFailed - no handler for errno 30
