--------- beginning of system
07-17 19:40:28.452 1264 1316 D NetlinkEvent: Unknown ND option type 31
07-17 19:40:29.867 1387 1481 E TaskPersister: File error accessing recents directory (directory doesn't exist?).
07-17 19:40:30.728 1387 4408 I ActivityManager: START u0 {act=android.intent.action.VIEW dat=content://media/external/video/media/349 typ=video/* cmp=android/com.android.internal.app.ResolverActivity (has extras)} from uid 10049 --------- beginning of main
07-17 19:40:30.733 2621 2621 W OrientationEventListener: Cannot detect sensors. Invalid disable
07-17 19:40:30.738 1387 1387 I Binder:1387_8: type=1400 audit(0.0:872): avc: denied { write } for name="timerslack_ns" dev="proc" ino=31223 scontext=u:r:system_server:s0 tcontext=u:r:untrusted_app_25:s0:c512,c768 tclass=file permissive=1
07-17 19:40:30.756 1387 1387 I Binder:1387_A: type=1400 audit(0.0:873): avc: denied { write } for name="timerslack_ns" dev="proc" ino=27803 scontext=u:r:system_server:s0 tcontext=u:r:platform_app:s0:c512,c768 tclass=file permissive=1
07-17 19:40:30.827 1387 1410 I ActivityManager: Displayed android/com.android.internal.app.ResolverActivity: +87ms
07-17 19:40:32.175 1264 1316 D NetlinkEvent: Unknown ND option type 31
07-17 19:40:32.295 1387 4408 I PackageManager: Setting last chosen activity com.android.gallery3d/.app.MovieActivity for user 0:
07-17 19:40:32.295 1387 4408 I PackageManager: Action: "android.intent.action.VIEW"
07-17 19:40:32.295 1387 4408 I PackageManager: Category: "android.intent.category.DEFAULT"
07-17 19:40:32.295 1387 4408 I PackageManager: Type: "video"
07-17 19:40:32.295 1387 4408 I PackageManager: mPriority=0, mHasPartialTypes=true
07-17 19:40:32.296 1387 5820 I ActivityManager: START u0 {act=android.intent.action.VIEW dat=content://media/external/video/media/349 typ=video/* flg=0x3000000 cmp=com.android.gallery3d/.app.MovieActivity (has extras)} from uid 10049
07-17 19:40:32.296 1269 2674 I audio_hw_primary: choose pcmC0D3p for 3
07-17 19:40:32.363 2621 2621 W AudioManager: Use of stream types is deprecated for operations other than volume control
07-17 19:40:32.363 2621 2621 W AudioManager: See the documentation of requestAudioFocus() for what to use instead with android.media.AudioAttributes to qualify your playback use case
07-17 19:40:32.364 1387 4408 I MediaFocusControl: requestAudioFocus() from uid/pid 10049/2621 clientId=android.media.AudioManager@b7c7418 callingPack=com.android.gallery3d req=2 flags=0x0 sdk=24
07-17 19:40:32.370 2621 2621 V StateManager: saveState
07-17 19:40:32.371 2621 2621 V StateManager: saveState class com.android.gallery3d.app.AlbumSetPage
07-17 19:40:32.371 2621 2621 V StateManager: saveState class com.android.gallery3d.app.AlbumPage
07-17 19:40:32.371 2621 2621 V StateManager: saveState class com.android.gallery3d.app.SinglePhotoPage
07-17 19:40:32.513 1387 1410 I ActivityManager: Displayed com.android.gallery3d/.app.MovieActivity: +170ms
07-17 19:40:32.879 1387 5820 I MediaFocusControl: requestAudioFocus() from uid/pid 10049/2621 clientId=android.media.AudioManager@b7c7418 callingPack=com.android.gallery3d req=1 flags=0x0 sdk=24
07-17 19:40:32.890 1297 5881 D NuPlayerDriver: NuPlayerDriver(0xf2325a80) created, clientPid(2621)
07-17 19:40:32.894 1297 5881 D SurfaceUtils: connecting to surface 0xee588808, reason setVideoSurfaceTexture
07-17 19:40:32.894 1297 13996 D NuPlayer: onSetVideoSurface(0xf05ae000, no video decoder)
07-17 19:40:32.898 1297 13997 D GenericSource: FileSource remote
07-17 19:40:32.897 1297 1297 I generic : type=1400 audit(0.0:874): avc: denied { read } for path=2F73746F726167652F313730342D343136332F524F475545204F4E4520547261696C657220322026204D616B696E672D4F6620344B20556C7472612048442028323031362920537461722057617273204D6F7669652E6D7034 dev="sdcardfs" ino=26 scontext=u:r:mediaextractor:s0 tcontext=u:object_r:sdcardfs:s0 tclass=file permissive=1
07-17 19:40:32.898 1295 1295 I Binder:1295_6: type=1400 audit(0.0:875): avc: denied { getattr } for path=2F73746F726167652F313730342D343136332F524F475545204F4E4520547261696C657220322026204D616B696E672D4F6620344B20556C7472612048442028323031362920537461722057617273204D6F7669652E6D7034 dev="sdcardfs" ino=26 scontext=u:r:mediaextractor:s0 tcontext=u:object_r:sdcardfs:s0 tclass=file permissive=1
07-17 19:40:32.908 1295 13947 I FFmpegExtractor: android-source:0x71d519e24c00
07-17 19:40:32.921 1295 13947 D FFmpegExtractor: supported codec (h264) by official Stagefright
07-17 19:40:32.921 1295 13947 D FFmpegExtractor: supported codec (aac) by official Stagefright
07-17 19:40:32.922 1295 13947 D FFmpegExtractor: ffmpeg detected media content as 'video/mp4' with confidence 0.08
07-17 19:40:32.922 1295 13947 I SampleTable: There are reordered frames present.
07-17 19:40:32.927 1297 13996 D NuPlayerDriver: notifyListener_l(0xf2325a80), (5, 3840, 2160, -1), loop setting(0, 0)
07-17 19:40:32.928 1295 1363 D MediaBufferGroup: creating MemoryDealer
07-17 19:40:32.929 1297 13996 D NuPlayerDriver: notifyListener_l(0xf2325a80), (1, 0, 0, -1), loop setting(0, 0)
07-17 19:40:32.944 2621 2621 D MediaPlayerNative: getMetadata
07-17 19:40:32.945 1387 4408 V MediaRouterService: restoreBluetoothA2dp(false)
07-17 19:40:32.945 1297 5881 D NuPlayerDriver: start(0xf2325a80), state is 4, eos is 0
07-17 19:40:32.945 1297 13996 I GenericSource: start
07-17 19:40:32.958 1297 14001 I OMXClient: Treble IOmx obtained
07-17 19:40:32.958 1300 1336 I OMXMaster: makeComponentInstance(OMX.ffmpeg.h264.decoder) in omx@1.0-service process
07-17 19:40:32.958 1300 1336 V FFmpegOMXPlugin: makeComponentInstance 'OMX.ffmpeg.h264.decoder'
07-17 19:40:32.959 1300 1336 D SoftFFmpegVideo: SoftFFmpegVideo component: OMX.ffmpeg.h264.decoder codingType=7 appData: 0xf1eb8500
07-17 19:40:32.959 1300 1336 D SoftFFmpegVideo: 0xee854700 initDecoder: 0xee97f000
07-17 19:40:32.960 1297 14003 I OMXClient: Treble IOmx obtained
07-17 19:40:32.960 1300 1336 I OMXMaster: makeComponentInstance(OMX.google.aac.decoder) in omx@1.0-service process
07-17 19:40:32.963 1297 13999 D SurfaceUtils: disconnecting from surface 0xf05ae008, reason onConfigure
07-17 19:40:32.964 1297 14000 D SurfaceUtils: connecting to surface 0xf05ae008, reason connectToSurface
07-17 19:40:32.964 1300 1336 E OMXNodeInstance: setConfig(0xf1ea1560:google.aac.decoder, ConfigPriority(0x6f800002)) ERROR: Undefined(0x80001001)
07-17 19:40:32.964 1297 14003 I ACodec : codec does not support config priority (err -2147483648)
07-17 19:40:32.964 1300 1336 E OMXNodeInstance: getConfig(0xf1ea1560:google.aac.decoder, ConfigAndroidVendorExtension(0x6f100004)) ERROR: Undefined(0x80001001)
07-17 19:40:32.965 1297 14000 I MediaCodec: [OMX.ffmpeg.h264.decoder] setting surface generation to 1328131
07-17 19:40:32.965 1297 14000 D SurfaceUtils: disconnecting from surface 0xf05ae008, reason connectToSurface(reconnect)
07-17 19:40:32.965 1297 14000 D SurfaceUtils: connecting to surface 0xf05ae008, reason connectToSurface(reconnect)
07-17 19:40:32.965 1297 14003 I MediaCodec: MediaCodec will operate in async mode
07-17 19:40:32.967 1268 1268 W /system/bin/hw/android.hidl.allocator@1.0-service: ashmem_create_region(8192) returning hidl_memory(0x76e7c282b2d0, 8192)
07-17 19:40:32.967 1300 1336 E OMXNodeInstance: getExtensionIndex(0xf1ea1440:ffmpeg.h264.decoder, OMX.google.android.index.enableAndroidNativeBuffers) ERROR: UnsupportedIndex(0x8000101a)
07-17 19:40:32.967 1297 14001 E ACodec : [OMX.ffmpeg.h264.decoder] setPortMode on output to DynamicANWBuffer failed w/ err -1010
07-17 19:40:32.968 1300 1749 W OMXNodeInstance: [0xf1ea1440:ffmpeg.h264.decoder] component does not support metadata mode; using fallback
07-17 19:40:32.968 1268 1268 W /system/bin/hw/android.hidl.allocator@1.0-service: ashmem_create_region(8192) returning hidl_memory(0x76e7c282b2d0, 8192)
07-17 19:40:32.969 1268 1268 I chatty : uid=1000(system) allocator@1.0-s identical 1 line
07-17 19:40:32.969 1268 1268 W /system/bin/hw/android.hidl.allocator@1.0-service: ashmem_create_region(8192) returning hidl_memory(0x76e7c282b2d0, 8192)
07-17 19:40:32.969 1300 1749 I SoftFFmpegVideo: OMX_IndexParamPortDefinition (input) width=3840 height=2160
07-17 19:40:32.970 1300 11555 I SoftFFmpegVideo: OMX_IndexParamPortDefinition (output) width=3840 height=2160
07-17 19:40:32.970 1300 11555 E OMXNodeInstance: setConfig(0xf1ea1440:ffmpeg.h264.decoder, ConfigPriority(0x6f800002)) ERROR: UnsupportedIndex(0x8000101a)
07-17 19:40:32.970 1268 1268 W /system/bin/hw/android.hidl.allocator@1.0-service: ashmem_create_region(32768) returning hidl_memory(0x76e7c282b2d0, 32768)
07-17 19:40:32.971 1297 14001 I ACodec : codec does not support config priority (err -1010)
07-17 19:40:32.971 1300 1749 E OMXNodeInstance: setConfig(0xf1ea1440:ffmpeg.h264.decoder, ConfigOperatingRate(0x6f800003)) ERROR: UnsupportedIndex(0x8000101a)
07-17 19:40:32.971 1297 14001 I ACodec : codec does not support config operating rate (err -1010)
07-17 19:40:32.971 1268 1268 W /system/bin/hw/android.hidl.allocator@1.0-service: ashmem_create_region(32768) returning hidl_memory(0x76e7c282b2d0, 32768)
07-17 19:40:32.971 1300 1749 E OMXNodeInstance: getConfig(0xf1ea1440:ffmpeg.h264.decoder, ConfigAndroidVendorExtension(0x6f100004)) ERROR: UnsupportedIndex(0x8000101a)
07-17 19:40:32.971 1268 1268 W /system/bin/hw/android.hidl.allocator@1.0-service: ashmem_create_region(32768) returning hidl_memory(0x76e7c282b2d0, 32768)
07-17 19:40:32.972 1268 1268 W /system/bin/hw/android.hidl.allocator@1.0-service: ashmem_create_region(32768) returning hidl_memory(0x76e7c282b2d0, 32768)
07-17 19:40:32.972 1297 14000 I MediaCodec: MediaCodec will operate in async mode
07-17 19:40:32.974 1268 1268 W /system/bin/hw/android.hidl.allocator@1.0-service: ashmem_create_region(12441600) returning hidl_memory(0x76e7c282b2d0, 12441600)
07-17 19:40:32.974 1268 1268 I chatty : uid=1000(system) allocator@1.0-s identical 1 line
07-17 19:40:32.975 1268 1268 W /system/bin/hw/android.hidl.allocator@1.0-service: ashmem_create_region(12441600) returning hidl_memory(0x76e7c282b2d0, 12441600)
07-17 19:40:32.975 1300 14006 I SoftAAC2: Reconfiguring decoder: 0->44100 Hz, 0->2 channels
07-17 19:40:32.975 1268 1268 W /system/bin/hw/android.hidl.allocator@1.0-service: ashmem_create_region(12441600) returning hidl_memory(0x76e7c282b2d0, 12441600)
07-17 19:40:32.979 1268 1268 I chatty : uid=1000(system) allocator@1.0-s identical 5 lines
07-17 19:40:32.980 1268 1268 W /system/bin/hw/android.hidl.allocator@1.0-service: ashmem_create_region(12441600) returning hidl_memory(0x76e7c282b2d0, 12441600)
07-17 19:40:32.981 1300 11555 E OMXNodeInstance: setConfig(0xf1ea1440:ffmpeg.h264.decoder, ConfigOperatingRate(0x6f800003)) ERROR: UnsupportedIndex(0x8000101a)
07-17 19:40:32.981 1297 14001 I ACodec : codec does not support config operating rate (err -1010)
07-17 19:40:32.982 1268 1268 W /system/bin/hw/android.hidl.allocator@1.0-service: ashmem_create_region(32768) returning hidl_memory(0x76e7c282b2d0, 32768)
07-17 19:40:32.982 1300 14004 D SoftFFmpegVideo: ffmpeg got codecconfig buffer
07-17 19:40:32.982 1300 14004 D SoftFFmpegVideo: ffmpeg got codecconfig buffer
07-17 19:40:32.982 1300 14004 D SoftFFmpegVideo: begin to open ffmpeg decoder(h264) now
07-17 19:40:32.982 1268 1268 W /system/bin/hw/android.hidl.allocator@1.0-service: ashmem_create_region(32768) returning hidl_memory(0x76e7c282b2d0, 32768)
07-17 19:40:32.983 1268 1268 W /system/bin/hw/android.hidl.allocator@1.0-service: ashmem_create_region(32768) returning hidl_memory(0x76e7c282b2d0, 32768)
07-17 19:40:32.984 1300 14004 D SoftFFmpegVideo: open ffmpeg video decoder(h264) success
07-17 19:40:32.984 1300 14004 I HWACCEL : hw codec h264 enabled: s=0xee97f000 ist=0xee970300 pix_fmts=53
07-17 19:40:32.984 1268 1268 W /system/bin/hw/android.hidl.allocator@1.0-service: ashmem_create_region(32768) returning hidl_memory(0x76e7c282b2d0, 32768)
07-17 19:40:32.996 1288 13803 W AudioFlinger: createTrack_l(): mismatch between requested flags (00000008) and output flags (00000006)
07-17 19:40:32.998 1297 13998 D AudioTrack: Client defaulted notificationFrames to 7520 for frameCount 22560
07-17 19:40:33.000 1297 13996 D NuPlayerDriver: notifyListener_l(0xf2325a80), (6, 0, 0, -1), loop setting(0, 0)
07-17 19:40:33.094 1300 14004 D SoftFFmpegVideo: drainOneOutputBuffer: frame_width=3840 frame_height=2160 buffer_width=3840 buffer_height=2160 ctx_width=3840 ctx_height=2160 mIsAdaptive=0
07-17 19:40:33.186 1300 14004 D SoftFFmpegVideo: drainOneOutputBuffer: frame_width=3840 frame_height=2160 buffer_width=3840 buffer_height=2160 ctx_width=3840 ctx_height=2160 mIsAdaptive=0
07-17 19:40:33.206 1297 14000 D MediaCodec: [OMX.ffmpeg.h264.decoder] setting dataspace on output surface to #10c60000
07-17 19:40:33.207 1297 13996 D NuPlayerDriver: notifyListener_l(0xf2325a80), (5, 3840, 2160, -1), loop setting(0, 0)
07-17 19:40:33.207 1283 1961 W GrallocMapperPassthrough: buffer descriptor with invalid usage bits 0x2000
07-17 19:40:33.207 1297 13996 D NuPlayerDriver: notifyListener_l(0xf2325a80), (200, 3, 0, -1), loop setting(0, 0)
07-17 19:40:33.207 2621 5979 W MediaPlayerNative: info/warning (3, 0)
07-17 19:40:33.207 1297 1297 I NPDecoder-CL: type=1400 audit(0.0:876): avc: denied { map } for path=2F69393135202864656C6574656429 dev="tmpfs" ino=96455 scontext=u:r:mediaserver:s0 tcontext=u:object_r:surfaceflinger_tmpfs:s0 tclass=file permissive=1
07-17 19:40:33.207 1297 1297 I NPDecoder-CL: type=1400 audit(0.0:877): avc: denied { read write } for path=2F69393135202864656C6574656429 dev="tmpfs" ino=96455 scontext=u:r:mediaserver:s0 tcontext=u:object_r:surfaceflinger_tmpfs:s0 tclass=file permissive=1
07-17 19:40:33.266 1297 14000 D SoftwareRenderer: setting dataspace on output surface to #10c60000
07-17 19:40:33.266 1297 13998 I NuPlayerRenderer: possible video time jump of 0ms (39988 : 0) or uninitialized media clock, retrying in 39ms
07-17 19:40:33.335 1300 14004 D SoftFFmpegVideo: drainOneOutputBuffer: frame_width=3840 frame_height=2160 buffer_width=3840 buffer_height=2160 ctx_width=3840 ctx_height=2160 mIsAdaptive=0
07-17 19:40:34.528 1300 14004 I chatty : uid=1046(mediacodec) eg.h264.decoder identical 24 lines
07-17 19:40:34.567 1300 14004 D SoftFFmpegVideo: drainOneOutputBuffer: frame_width=3840 frame_height=2160 buffer_width=3840 buffer_height=2160 ctx_width=3840 ctx_height=2160 mIsAdaptive=0
07-17 19:40:34.572 1283 1342 W GrallocMapperPassthrough: buffer descriptor with invalid usage bits 0x2000
07-17 19:40:34.621 1300 14004 D SoftFFmpegVideo: drainOneOutputBuffer: frame_width=3840 frame_height=2160 buffer_width=3840 buffer_height=2160 ctx_width=3840 ctx_height=2160 mIsAdaptive=0
07-17 19:40:34.641 1283 1342 W GrallocMapperPassthrough: buffer descriptor with invalid usage bits 0x2000
07-17 19:40:34.706 1300 14004 D SoftFFmpegVideo: drainOneOutputBuffer: frame_width=3840 frame_height=2160 buffer_width=3840 buffer_height=2160 ctx_width=3840 ctx_height=2160 mIsAdaptive=0
07-17 19:40:35.505 1264 1316 D NetlinkEvent: Unknown ND option type 31
07-17 19:40:35.901 1387 1481 E TaskPersister: File error accessing recents directory (directory doesn't exist?).
07-17 19:40:39.257 1264 1316 D NetlinkEvent: Unknown ND option type 31