--------- beginning of system
07-17 20:08:35.454 1372 1619 I PackageManager: Setting last chosen activity com.android.gallery3d/.app.MovieActivity for user 0: --------- beginning of main
07-17 20:08:35.454 1372 1619 I PackageManager: Action: "android.intent.action.VIEW"
07-17 20:08:35.454 1372 1619 I PackageManager: Category: "android.intent.category.DEFAULT"
07-17 20:08:35.454 1372 1619 I PackageManager: Type: "video"
07-17 20:08:35.454 1372 1619 I PackageManager: mPriority=0, mHasPartialTypes=true
07-17 20:08:35.455 1372 1619 I ActivityManager: START u0 {act=android.intent.action.VIEW dat=content://media/external/video/media/1199 typ=video/* flg=0x3000000 cmp=com.android.gallery3d/.app.MovieActivity (has extras)} from uid 10049
07-17 20:08:35.456 1254 2281 I audio_hw_primary: choose pcmC0D3p for 3
07-17 20:08:35.533 3027 3027 W AudioManager: Use of stream types is deprecated for operations other than volume control
07-17 20:08:35.533 3027 3027 W AudioManager: See the documentation of requestAudioFocus() for what to use instead with android.media.AudioAttributes to qualify your playback use case
07-17 20:08:35.534 1372 1498 I MediaFocusControl: requestAudioFocus() from uid/pid 10049/3027 clientId=android.media.AudioManager@8ccc652 callingPack=com.android.gallery3d req=2 flags=0x0 sdk=24
07-17 20:08:35.539 3027 3027 V StateManager: saveState
07-17 20:08:35.539 3027 3027 V StateManager: saveState class com.android.gallery3d.app.AlbumSetPage
07-17 20:08:35.539 3027 3027 V StateManager: saveState class com.android.gallery3d.app.AlbumPage
07-17 20:08:35.539 3027 3027 V StateManager: saveState class com.android.gallery3d.app.SinglePhotoPage
07-17 20:08:35.695 1372 1394 I ActivityManager: Displayed com.android.gallery3d/.app.MovieActivity: +186ms
07-17 20:08:35.886 1249 1298 D NetlinkEvent: Unknown ND option type 31
07-17 20:08:36.078 1372 3007 I MediaFocusControl: requestAudioFocus() from uid/pid 10049/3027 clientId=android.media.AudioManager@8ccc652 callingPack=com.android.gallery3d req=1 flags=0x0 sdk=24
07-17 20:08:36.088 1282 2238 D NuPlayerDriver: NuPlayerDriver(0xec8141c0) created, clientPid(3027)
07-17 20:08:36.090 1282 2238 D SurfaceUtils: connecting to surface 0xea261808, reason setVideoSurfaceTexture
07-17 20:08:36.090 1282 3240 D NuPlayer: onSetVideoSurface(0xec3c4000, no video decoder)
07-17 20:08:36.092 1282 3241 D GenericSource: FileSource remote
07-17 20:08:36.097 1280 1732 I FFmpegExtractor: android-source:0x74afe0466600
07-17 20:08:36.103 1280 1732 I FFmpegExtractor: [mkv]audio codec(ac3), confidence should be larger than MatroskaExtractor
07-17 20:08:36.104 1280 1732 D FFmpegExtractor: supported codec (h264) by official Stagefright
07-17 20:08:36.104 1280 1732 D FFmpegExtractor: unsupported codec (ac3) by official Stagefright
07-17 20:08:36.104 1280 1732 D FFmpegExtractor: ffmpeg detected media content as 'video/x-matroska' with confidence 0.88
07-17 20:08:36.160 1280 1732 I FFmpegExtractor: the duration is 00:01:00.24
07-17 20:08:36.160 1280 1732 I FFmpegExtractor: stream_index: 2
07-17 20:08:36.160 1280 1732 I FFmpegExtractor: support the codec(ac3) disposition(0)
07-17 20:08:36.160 1280 1732 D FFmpegExtractor: bit_rate: 384000, sample_rate: 48000, channels: 6, bits_per_coded_sample: 0, block_align: 0 bits_per_raw_sample: 0, sample_format: 8
07-17 20:08:36.160 1280 1732 I FFmpegExtractor: stream_index: 0
07-17 20:08:36.160 1280 1732 I FFmpegExtractor: support the codec(h264) disposition(41)
07-17 20:08:36.160 1280 1732 I FFmpegExtractor: width: 1920, height: 1080, bit_rate: 0 aspect ratio: 1.777778
07-17 20:08:36.160 1280 1732 D FFmpegExtractor: Reader thread starting
07-17 20:08:36.161 1280 1732 D FFmpegExtractor: supported mime: video/x-matroska
07-17 20:08:36.161 1280 1732 I MediaExtractor: Use extended extractor for the special mime(video/x-matroska) or codec
07-17 20:08:36.164 1282 3240 D NuPlayerDriver: notifyListener_l(0xec8141c0), (5, 1920, 1080, -1), loop setting(0, 0)
07-17 20:08:36.165 1282 3240 D NuPlayerDriver: notifyListener_l(0xec8141c0), (1, 0, 0, -1), loop setting(0, 0)
07-17 20:08:36.169 3027 3027 D MediaPlayerNative: getMetadata
07-17 20:08:36.170 1372 3007 V MediaRouterService: restoreBluetoothA2dp(false)
07-17 20:08:36.172 1282 2238 D NuPlayerDriver: start(0xec8141c0), state is 4, eos is 0
07-17 20:08:36.172 1282 3240 I GenericSource: start
07-17 20:08:36.189 1282 3246 I OMXClient: Treble IOmx obtained
07-17 20:08:36.189 1285 1620 I OMXMaster: makeComponentInstance(OMX.ffmpeg.h264.decoder) in omx@1.0-service process
07-17 20:08:36.189 1285 1620 V FFmpegOMXPlugin: makeComponentInstance 'OMX.ffmpeg.h264.decoder'
07-17 20:08:36.190 1285 1620 D SoftFFmpegVideo: SoftFFmpegVideo component: OMX.ffmpeg.h264.decoder codingType=7 appData: 0xe9f35780
07-17 20:08:36.190 1285 1620 D SoftFFmpegVideo: 0xe66d9f00 initDecoder: 0xe9f25400
07-17 20:08:36.191 1282 3244 D SurfaceUtils: disconnecting from surface 0xec3c4008, reason onConfigure
07-17 20:08:36.191 1282 3248 I OMXClient: Treble IOmx obtained
07-17 20:08:36.191 1282 3245 D SurfaceUtils: connecting to surface 0xec3c4008, reason connectToSurface
07-17 20:08:36.192 1285 1620 I OMXMaster: makeComponentInstance(OMX.ffmpeg.ac3.decoder) in omx@1.0-service process
07-17 20:08:36.192 1285 1620 V FFmpegOMXPlugin: makeComponentInstance 'OMX.ffmpeg.ac3.decoder'
07-17 20:08:36.192 1282 3245 I MediaCodec: [OMX.ffmpeg.h264.decoder] setting surface generation to 1312772
07-17 20:08:36.192 1282 3245 D SurfaceUtils: disconnecting from surface 0xec3c4008, reason connectToSurface(reconnect)
07-17 20:08:36.192 1282 3245 D SurfaceUtils: connecting to surface 0xec3c4008, reason connectToSurface(reconnect)
07-17 20:08:36.192 1285 1620 D SoftFFmpegAudio: SoftFFmpegAudio component: OMX.ffmpeg.ac3.decoder mCodingType: 2130706434
07-17 20:08:36.193 1282 3248 D FFMPEGSoftCodec: No PCM format specified, using 16 bit
07-17 20:08:36.194 1285 1620 E OMXNodeInstance: setConfig(0xe9f1f360:ffmpeg.ac3.decoder, ConfigPriority(0x6f800002)) ERROR: Undefined(0x80001001)
07-17 20:08:36.194 1282 3248 I ACodec : codec does not support config priority (err -2147483648)
07-17 20:08:36.194 1285 1620 E OMXNodeInstance: getConfig(0xe9f1f360:ffmpeg.ac3.decoder, ConfigAndroidVendorExtension(0x6f100004)) ERROR: Undefined(0x80001001)
07-17 20:08:36.194 1285 1319 E OMXNodeInstance: getExtensionIndex(0xe9f1f600:ffmpeg.h264.decoder, OMX.google.android.index.enableAndroidNativeBuffers) ERROR: UnsupportedIndex(0x8000101a)
07-17 20:08:36.194 1282 3246 E ACodec : [OMX.ffmpeg.h264.decoder] setPortMode on output to DynamicANWBuffer failed w/ err -1010
07-17 20:08:36.195 1285 1319 W OMXNodeInstance: [0xe9f1f600:ffmpeg.h264.decoder] component does not support metadata mode; using fallback
07-17 20:08:36.195 1285 1319 I SoftFFmpegVideo: OMX_IndexParamPortDefinition (input) width=1920 height=1080
07-17 20:08:36.195 1282 3248 I MediaCodec: MediaCodec will operate in async mode
07-17 20:08:36.195 1285 1319 I SoftFFmpegVideo: OMX_IndexParamPortDefinition (output) width=1920 height=1080
07-17 20:08:36.196 1285 1620 E OMXNodeInstance: setConfig(0xe9f1f600:ffmpeg.h264.decoder, ConfigPriority(0x6f800002)) ERROR: UnsupportedIndex(0x8000101a)
07-17 20:08:36.196 1282 3246 I ACodec : codec does not support config priority (err -1010)
07-17 20:08:36.196 1285 1319 E OMXNodeInstance: getConfig(0xe9f1f600:ffmpeg.h264.decoder, ConfigAndroidVendorExtension(0x6f100004)) ERROR: UnsupportedIndex(0x8000101a)
07-17 20:08:36.197 1282 3245 I MediaCodec: MediaCodec will operate in async mode
07-17 20:08:36.198 1253 1253 W /system/bin/hw/android.hidl.allocator@1.0-service: ashmem_create_region(32768) returning hidl_memory(0x7f45fca2b2d0, 32768)
07-17 20:08:36.200 1253 1253 W /system/bin/hw/android.hidl.allocator@1.0-service: ashmem_create_region(3110400) returning hidl_memory(0x7f45fca2b2d0, 3110400)
07-17 20:08:36.201 1253 1253 W /system/bin/hw/android.hidl.allocator@1.0-service: ashmem_create_region(32768) returning hidl_memory(0x7f45fca2b2d0, 32768)
07-17 20:08:36.201 1253 1253 W /system/bin/hw/android.hidl.allocator@1.0-service: ashmem_create_region(3110400) returning hidl_memory(0x7f45fca2b2d0, 3110400)
07-17 20:08:36.202 1253 1253 W /system/bin/hw/android.hidl.allocator@1.0-service: ashmem_create_region(32768) returning hidl_memory(0x7f45fca2b2d0, 32768)
07-17 20:08:36.203 1253 1253 W /system/bin/hw/android.hidl.allocator@1.0-service: ashmem_create_region(3110400) returning hidl_memory(0x7f45fca2b2d0, 3110400)
07-17 20:08:36.204 1253 1253 W /system/bin/hw/android.hidl.allocator@1.0-service: ashmem_create_region(32768) returning hidl_memory(0x7f45fca2b2d0, 32768)
07-17 20:08:36.204 1253 1253 W /system/bin/hw/android.hidl.allocator@1.0-service: ashmem_create_region(3110400) returning hidl_memory(0x7f45fca2b2d0, 3110400)
07-17 20:08:36.205 1253 1253 I chatty : uid=1000(system) allocator@1.0-s identical 3 lines
07-17 20:08:36.206 1253 1253 W /system/bin/hw/android.hidl.allocator@1.0-service: ashmem_create_region(3110400) returning hidl_memory(0x7f45fca2b2d0, 3110400)
07-17 20:08:36.206 1253 1253 W /system/bin/hw/android.hidl.allocator@1.0-service: ashmem_create_region(18432) returning hidl_memory(0x7f45fca2b2d0, 18432)
07-17 20:08:36.207 1253 1253 I chatty : uid=1000(system) allocator@1.0-s identical 1 line
07-17 20:08:36.207 1253 1253 W /system/bin/hw/android.hidl.allocator@1.0-service: ashmem_create_region(18432) returning hidl_memory(0x7f45fca2b2d0, 18432)
07-17 20:08:36.207 1253 1253 W /system/bin/hw/android.hidl.allocator@1.0-service: ashmem_create_region(3110400) returning hidl_memory(0x7f45fca2b2d0, 3110400)
07-17 20:08:36.208 1253 1253 W /system/bin/hw/android.hidl.allocator@1.0-service: ashmem_create_region(18432) returning hidl_memory(0x7f45fca2b2d0, 18432)
07-17 20:08:36.208 1253 1253 W /system/bin/hw/android.hidl.allocator@1.0-service: ashmem_create_region(3110400) returning hidl_memory(0x7f45fca2b2d0, 3110400)
07-17 20:08:36.211 1285 3249 D SoftFFmpegVideo: ffmpeg got codecconfig buffer
07-17 20:08:36.211 1285 3249 D SoftFFmpegVideo: ffmpeg got codecconfig buffer
07-17 20:08:36.211 1285 3249 D SoftFFmpegVideo: begin to open ffmpeg decoder(h264) now
07-17 20:08:36.213 1285 3249 D SoftFFmpegVideo: open ffmpeg video decoder(h264) success
07-17 20:08:36.216 1285 3251 D SoftFFmpegAudio: begin to open ffmpeg audio decoder(ac3), mCtx sample_rate: 48000, channels: 6
07-17 20:08:36.217 1285 3251 D SoftFFmpegAudio: open ffmpeg audio decoder(ac3) success, mCtx sample_rate: 48000, channels: 6, sample_fmt: fltp, bits_per_coded_sample: 0, bits_per_raw_sample: 0
07-17 20:08:36.218 1285 3251 I SoftFFmpegAudio: Create sample rate converter for conversion of 48000 Hz fltp 6 channels(5.1(side)) to 48000 Hz s16 6 channels(5.1)!
07-17 20:08:36.220 1285 3249 I HWACCEL : hw codec h264 enabled: s=0xe9f25400 ist=0xe66ea300 pix_fmts=53
07-17 20:08:36.224 1273 3179 W AudioFlinger: createTrack_l(): mismatch between requested flags (00000008) and output flags (00000006)
07-17 20:08:36.228 1253 1253 W /system/bin/hw/android.hidl.allocator@1.0-service: ashmem_create_region(3072) returning hidl_memory(0x7f45fca2b2d0, 3072)
07-17 20:08:36.229 1253 1253 W /system/bin/hw/android.hidl.allocator@1.0-service: ashmem_create_region(1024) returning hidl_memory(0x7f45fca2b2d0, 1024)
07-17 20:08:36.231 1282 3243 D AudioTrack: Client defaulted notificationFrames to 12288 for frameCount 24576
07-17 20:08:36.233 1282 3240 D NuPlayerDriver: notifyListener_l(0xec8141c0), (6, 0, 0, -1), loop setting(0, 0)
07-17 20:08:36.278 1285 3249 D SoftFFmpegVideo: drainOneOutputBuffer: frame_width=1920 frame_height=1080 buffer_width=1920 buffer_height=1080 ctx_width=1920 ctx_height=1080 mIsAdaptive=0
07-17 20:08:36.319 1285 3249 D SoftFFmpegVideo: drainOneOutputBuffer: frame_width=1920 frame_height=1080 buffer_width=1920 buffer_height=1080 ctx_width=1920 ctx_height=1080 mIsAdaptive=0
07-17 20:08:36.326 1282 3245 D MediaCodec: [OMX.ffmpeg.h264.decoder] setting dataspace on output surface to #104
07-17 20:08:36.327 1282 3240 D NuPlayerDriver: notifyListener_l(0xec8141c0), (5, 1920, 1080, -1), loop setting(0, 0)
07-17 20:08:36.327 1282 3243 I NuPlayerRenderer: possible video time jump of 0ms (42000 : 0) or uninitialized media clock, retrying in 42ms
07-17 20:08:36.327 1282 3240 D NuPlayerDriver: notifyListener_l(0xec8141c0), (200, 3, 0, -1), loop setting(0, 0)
07-17 20:08:36.327 1268 1327 W GrallocMapperPassthrough: buffer descriptor with invalid usage bits 0x2000
07-17 20:08:36.327 3027 3040 W MediaPlayerNative: info/warning (3, 0)
07-17 20:08:36.326 1282 1282 I NPDecoder-CL: type=1400 audit(0.0:684): avc: denied { map } for path=2F69393135202864656C6574656429 dev="tmpfs" ino=44043 scontext=u:r:mediaserver:s0 tcontext=u:object_r:surfaceflinger_tmpfs:s0 tclass=file permissive=1
07-17 20:08:36.326 1282 1282 I NPDecoder-CL: type=1400 audit(0.0:685): avc: denied { read write } for path=2F69393135202864656C6574656429 dev="tmpfs" ino=44043 scontext=u:r:mediaserver:s0 tcontext=u:object_r:surfaceflinger_tmpfs:s0 tclass=file permissive=1
07-17 20:08:36.344 1282 3245 D SoftwareRenderer: setting dataspace on output surface to #104
07-17 20:08:36.369 1285 3249 D SoftFFmpegVideo: drainOneOutputBuffer: frame_width=1920 frame_height=1080 buffer_width=1920 buffer_height=1080 ctx_width=1920 ctx_height=1080 mIsAdaptive=0
07-17 20:08:36.369 1282 3243 I NuPlayerRenderer: possible video time jump of 0ms (42000 : 0) or uninitialized media clock, retrying in 42ms
07-17 20:08:36.453 1282 3243 I chatty : uid=1013(media) NuPlayerRendere identical 2 lines
07-17 20:08:36.495 1282 3243 I NuPlayerRenderer: possible video time jump of 0ms (42000 : 0) or uninitialized media clock, retrying in 42ms
07-17 20:08:36.550 1285 3249 D SoftFFmpegVideo: drainOneOutputBuffer: frame_width=1920 frame_height=1080 buffer_width=1920 buffer_height=1080 ctx_width=1920 ctx_height=1080 mIsAdaptive=0
07-17 20:08:36.595 1285 3249 I chatty : uid=1046(mediacodec) eg.h264.decoder identical 3 lines
07-17 20:08:36.608 1285 3249 D SoftFFmpegVideo: drainOneOutputBuffer: frame_width=1920 frame_height=1080 buffer_width=1920 buffer_height=1080 ctx_width=1920 ctx_height=1080 mIsAdaptive=0
07-17 20:08:36.611 1268 1329 W GrallocMapperPassthrough: buffer descriptor with invalid usage bits 0x2000
07-17 20:08:36.626 1285 3249 D SoftFFmpegVideo: drainOneOutputBuffer: frame_width=1920 frame_height=1080 buffer_width=1920 buffer_height=1080 ctx_width=1920 ctx_height=1080 mIsAdaptive=0
07-17 20:08:36.634 1268 1327 W GrallocMapperPassthrough: buffer descriptor with invalid usage bits 0x2000
07-17 20:08:36.649 1285 3249 D SoftFFmpegVideo: drainOneOutputBuffer: frame_width=1920 frame_height=1080 buffer_width=1920 buffer_height=1080 ctx_width=1920 ctx_height=1080 mIsAdaptive=0
07-17 20:08:39.058 1372 1465 E TaskPersister: File error accessing recents directory (directory doesn't exist?).
07-17 20:08:39.676 1249 1298 D NetlinkEvent: Unknown ND option type 31