I/DEBUG ( 2098): eip eb8d5d50 ebp 00000006 esp e2e20838 flags 00010246
I/DEBUG ( 2098):
I/DEBUG ( 2098): backtrace:
I/DEBUG ( 2098): #00 pc 00000d50 /system/fonts/CarroisGothicSC-Regular.ttf
D/Vold ( 2094): Volume usb0 state changing -1 (Initializing) -> 0 (No-Media)
D/Vold ( 2094): Volume usb1 state changing -1 (Initializing) -> 0 (No-Media)
D/Vold ( 2094): Volume usb2 state changing -1 (Initializing) -> 0 (No-Media)
D/Vold ( 2094): Volume usb3 state changing -1 (Initializing) -> 0 (No-Media)
D/Vold ( 2094): Volume usb0 state changing 0 (No-Media) -> 2 (Pending)
D/Vold ( 2094): Volume usb0 state changing 2 (Pending) -> 1 (Idle-Unmounted)
D/Vold ( 2094): Volume usb1 state changing 0 (No-Media) -> 1 (Idle-Unmounted)
D/Vold ( 2094): Volume usb2 state changing 0 (No-Media) -> 1 (Idle-Unmounted)
D/Vold ( 2094): Volume usb3 state changing 0 (No-Media) -> 1 (Idle-Unmounted)
W/Vold ( 2094): Duplicate state (1)
W/Vold ( 2094): Duplicate state (1)
W/Vold ( 2094): Duplicate state (1)
I/InstallerConnection( 2436): connecting...
I/InstallerConnection( 2436): disconnecting...
I/SystemServer( 2436): Entered the Android system server!
I/SystemServiceManager( 2436): Starting com.android.server.pm.Installer
I/Installer( 2436): Waiting for installd to be ready.
I/InstallerConnection( 2436): connecting...
I/SystemServiceManager( 2436): Starting com.android.server.am.ActivityManagerService$Lifecycle
I/ActivityManager( 2436): Memory class: 192
I/AppOps ( 2436): No existing app ops /data/system/appops.xml; starting empty
I/IntentFirewall( 2436): Read new rules (A:0 B:0 S:0)
D/AppOps ( 2436): AppOpsService published
I/SystemServiceManager( 2436): Starting com.android.server.power.PowerManagerService
I/SystemServiceManager( 2436): Starting com.android.server.display.DisplayManagerService
I/SystemServiceManager( 2436): Starting phase 100
I/DisplayManagerService( 2436): Display device added: DisplayDeviceInfo{"Built-in Screen": uniqueId="local:0", 1280 x 800, 60.000004 fps, supportedRefreshRates [60.000004], density 160, 75.0 x 75.0 dpi, appVsyncOff 0, presDeadline 17666666, touch INTERNAL, rotation 0, type BUILT_IN, state UNKNOWN, FLAG_DEFAULT_DISPLAY, FLAG_ROTATES_WITH_CONTENT, FLAG_SECURE, FLAG_SUPPORTS_PROTECTED_BUFFERS}
I/SystemServer( 2436): Package Manager
W/SELinuxMMAC( 2436): Error opening /data/system/seapp_hash. Assuming first boot.
W/FileUtils( 2436): Failed to chmod(/data/system/packages.list): android.system.ErrnoException: chmod failed: ENOENT (No such file or directory)
W/SystemConfig( 2436): No directory /system/etc/sysconfig, skipping
D/SELinuxMMAC( 2436): Using policy file /system/etc/security/mac_permissions.xml
I/PackageManager( 2436): No settings file; creating initial state
W/PackageManager( 2436): Failed to parse /system/framework/x86: Missing base APK in /system/framework/x86
W/PackageManager( 2436): Failed to parse /system/framework/x86_64: Missing base APK in /system/framework/x86_64
W/PackageParser( 2436): No actions in intent filter at /system/priv-app/Contacts/Contacts.apk Binary XML file line #356
W/PackageParser( 2436): No actions in intent filter at /system/priv-app/Dialer/Dialer.apk Binary XML file line #166
W/PackageParser( 2436): Unknown element under : android at /system/priv-app/Telecom/Telecom.apk Binary XML file line #232
W/PackageParser( 2436): No actions in intent filter at /system/app/Bluetooth/Bluetooth.apk Binary XML file line #209
W/PackageParser( 2436): No actions in intent filter at /system/app/CMFileManager/CMFileManager.apk Binary XML file line #166
W/PackageParser( 2436): Unknown element under : permission at /system/app/Gallery2/Gallery2.apk Binary XML file line #242
W/PackageParser( 2436): Unknown element under : permission at /system/app/Gallery2/Gallery2.apk Binary XML file line #245
W/PackageManager( 2436): Package com.android.gallery3d desires unavailable shared library com.google.android.media.effects; ignoring!
W/PackageManager( 2436): Package com.android.gallery3d desires unavailable shared library com.google.android.media.effects; ignoring!
I/PackageManager( 2436): Adjusting ABI for : com.android.keychain to x86_64
I/PackageManager( 2436): Adjusting ABI for : com.android.server.telecom to x86_64
I/PackageManager( 2436): Adjusting ABI for : com.android.settings to x86_64
I/PackageManager( 2436): Adjusting ABI for : com.android.location.fused to x86_64
I/PackageManager( 2436): Adjusting ABI for : org.zeroxlab.util.tscal to x86_64
I/PackageManager( 2436): Adjusting ABI for : com.android.inputdevices to x86_64
I/PackageManager( 2436): Adjusting ABI for : com.android.providers.settings to x86_64
I/PackageManager( 2436): Time to scan packages: 9.457 seconds
W/PackageManager( 2436): Unknown permission com.google.android.googleapps.permission.GOOGLE_AUTH in package com.android.providers.calendar
W/PackageManager( 2436): Unknown permission com.google.android.googleapps.permission.GOOGLE_AUTH.cl in package com.android.providers.calendar
W/PackageManager( 2436): Not granting permission android.permission.GLOBAL_SEARCH to package com.android.quicksearchbox (protectionLevel=18 flags=0x8be45)
W/PackageManager( 2436): Not granting permission android.permission.ACCESS_DOWNLOAD_MANAGER to package com.android.browser (protectionLevel=18 flags=0x9be45)
W/PackageManager( 2436): Not granting permission android.permission.SEND_DOWNLOAD_COMPLETED_INTENTS to package com.android.browser (protectionLevel=2 flags=0x9be45)
W/PackageManager( 2436): Not granting permission android.permission.BIND_WALLPAPER to package com.android.camera2 (protectionLevel=18 flags=0x58bc45)
W/PackageManager( 2436): Unknown permission android.permission.INSTALL_DRM in package com.android.mms
W/PackageManager( 2436): Unknown permission com.google.android.googleapps.permission.GOOGLE_AUTH.mail in package com.android.calendar
W/PackageManager( 2436): Unknown permission com.android.launcher.permission.READ_SETTINGS in package com.android.onetimeinitializer
W/PackageManager( 2436): Unknown permission com.android.launcher.permission.WRITE_SETTINGS in package com.android.onetimeinitializer
W/PackageManager( 2436): Unknown permission com.android.launcher.permission.READ_SETTINGS in package com.cyanogenmod.trebuchet
W/PackageManager( 2436): Unknown permission com.android.launcher.permission.WRITE_SETTINGS in package com.cyanogenmod.trebuchet
W/PackageManager( 2436): Not granting permission android.permission.DELETE_PACKAGES to package com.svox.pico (protectionLevel=18 flags=0x8be45)
W/PackageManager( 2436): Unknown permission com.cyanogenmod.filemanager.permissions.READ_THEME in package com.cyanogenmod.filemanager
W/PackageManager( 2436): Unknown permission com.google.android.googleapps.permission.GOOGLE_AUTH in package com.android.settings
W/PackageManager( 2436): Unknown permission com.android.launcher.permission.READ_SETTINGS in package com.android.settings
W/PackageManager( 2436): Unknown permission com.android.launcher.permission.WRITE_SETTINGS in package com.android.settings
W/PackageManager( 2436): Unknown permission com.android.smspush.WAPPUSH_MANAGER_BIND in package com.android.phone
W/PackageManager( 2436): Not granting permission android.permission.DEVICE_POWER to package com.android.deskclock (protectionLevel=2 flags=0x48be45)
W/PackageManager( 2436): Unknown permission com.google.android.gallery3d.permission.GALLERY_PROVIDER in package com.android.bluetooth
W/PackageManager( 2436): Unknown permission com.google.android.googleapps.permission.ACCESS_GOOGLE_PASSWORD in package com.android.development
W/PackageManager( 2436): Unknown permission com.google.android.googleapps.permission.GOOGLE_AUTH in package com.android.development
W/PackageManager( 2436): Unknown permission com.google.android.googleapps.permission.GOOGLE_AUTH.ALL_SERVICES in package com.android.development
W/PackageManager( 2436): Unknown permission com.google.android.googleapps.permission.GOOGLE_AUTH.YouTubeUser in package com.android.development
I/SystemServer( 2436): User Service
I/SystemServiceManager( 2436): Starting com.android.server.lights.LightsService
I/SystemServiceManager( 2436): Starting com.android.server.BatteryService
I/BatteryStatsImpl( 2436): Resetting battery stats: level=100 status=1 dischargeLevel=100 lowAmount=0 highAmount=0
I/SystemServiceManager( 2436): Starting com.android.server.usage.UsageStatsService
I/UsageStatsDatabase( 2436): Upgrading from version 0 to 2
I/UsageStatsDatabase( 2436): Deleting all usage stats files
I/UsageStatsService( 2436): User[0] Rollover scheduled @ 2015-05-08 00:00:00(1431043200000)
I/SystemServiceManager( 2436): Starting com.android.server.webkit.WebViewUpdateService
I/SystemServer( 2436): Reading configuration...
I/SystemServer( 2436): Scheduling Policy
I/SystemServiceManager( 2436): Starting com.android.server.telecom.TelecomLoaderService
I/SystemServer( 2436): Telephony Registry
I/SystemServer( 2436): Entropy Mixer
W/EntropyMixer( 2436): No existing entropy file -- first boot?
W/EntropyMixer( 2436): Failed to add HW RNG output to entropy pool
W/EntropyMixer( 2436): java.io.IOException: read failed: ENODEV (No such device)
W/EntropyMixer( 2436): at libcore.io.IoBridge.read(IoBridge.java:482)
W/EntropyMixer( 2436): at java.io.FileInputStream.read(FileInputStream.java:177)
W/EntropyMixer( 2436): at com.android.server.RandomBlock.fromStream(RandomBlock.java:56)
W/EntropyMixer( 2436): at com.android.server.RandomBlock.fromFile(RandomBlock.java:46)
W/EntropyMixer( 2436): at com.android.server.EntropyMixer.addHwRandomEntropy(EntropyMixer.java:192)
W/EntropyMixer( 2436): at com.android.server.EntropyMixer.(EntropyMixer.java:112)
W/EntropyMixer( 2436): at com.android.server.EntropyMixer.(EntropyMixer.java:94)
W/EntropyMixer( 2436): at com.android.server.SystemServer.startOtherServices(SystemServer.java:439)
W/EntropyMixer( 2436): at com.android.server.SystemServer.run(SystemServer.java:256)
W/EntropyMixer( 2436): at com.android.server.SystemServer.main(SystemServer.java:170)
W/EntropyMixer( 2436): at java.lang.reflect.Method.invoke(Native Method)
W/EntropyMixer( 2436): at java.lang.reflect.Method.invoke(Method.java:372)
W/EntropyMixer( 2436): at com.android.internal.os.ZygoteInit$MethodAndArgsCaller.run(ZygoteInit.java:903)
W/EntropyMixer( 2436): at com.android.internal.os.ZygoteInit.main(ZygoteInit.java:698)
W/EntropyMixer( 2436): Caused by: android.system.ErrnoException: read failed: ENODEV (No such device)
W/EntropyMixer( 2436): at libcore.io.Posix.readBytes(Native Method)
W/EntropyMixer( 2436): at libcore.io.Posix.read(Posix.java:165)
W/EntropyMixer( 2436): at libcore.io.BlockGuardOs.read(BlockGuardOs.java:230)
W/EntropyMixer( 2436): at libcore.io.IoBridge.read(IoBridge.java:472)
W/EntropyMixer( 2436): ... 13 more
I/EntropyMixer( 2436): Writing entropy...
I/SystemServer( 2436): Account Manager
I/SystemServer( 2436): Content Manager
I/SystemServer( 2436): System Content Providers
D/SettingsProvider( 2436): Generated and saved new ANDROID_ID [9f6c3b1c7f6dfa9a] for user 0
I/SystemServer( 2436): Vibrator Service
I/SystemServer( 2436): Consumer IR Service
I/SystemServiceManager( 2436): Starting com.android.server.AlarmManagerService
I/SystemServer( 2436): Init Watchdog
I/SystemServer( 2436): Input Manager
I/InputManager( 2436): Initializing input manager, mUseDevInputEventForAudioJack=true
I/SystemServer( 2436): Window Manager
I/WindowManager( 2436): No existing display settings /data/system/display_settings.xml; starting empty
I/InputManager( 2436): Starting input manager
I/SystemServer( 2436): Bluetooth Manager Service
I/SystemServer( 2436): Input Method Service
W/InputMethodManagerService( 2436): No IME selected. Choose the most applicable IME.
I/InputMethodManagerService( 2436): Default found, using com.android.inputmethod.latin/.LatinIME
I/SystemServer( 2436): Accessibility Manager
I/ActivityManager( 2436): Config changes=1df8 {1.0 ?mcc?mnc en_US ?layoutDir sw800dp w1280dp h800dp 160dpi xlrg land ?uimode ?night -touch -keyb/h/h -nav/h s.2}
I/ActivityManager( 2436): Config changes=400 {1.0 ?mcc?mnc en_US ?layoutDir sw800dp w1280dp h727dp 160dpi xlrg land ?uimode ?night -touch -keyb/h/h -nav/h s.3}
I/SystemServer( 2436): Mount Service
D/MountService( 2436): got storage path: null description: Internal storage primary: true removable: false emulated: true mtpReserve: 100 allowMassStorage: false maxFileSize: 0
D/MountService( 2436): addVolumeLocked() StorageVolume:
D/MountService( 2436): mStorageId=65537 mPath=/storage/emulated/0 mDescriptionId=17040805
D/MountService( 2436): mPrimary=true mRemovable=false mEmulated=true mMtpReserveSpace=100
D/MountService( 2436): mAllowMassStorage=false mMaxFileSize=0 mOwner=UserHandle{0} mUuid=null
D/MountService( 2436): mUserLabel=null mState=null
D/MountService( 2436): got storage path: /storage/sdcard1 description: SD card primary: false removable: true emulated: false mtpReserve: 0 allowMassStorage: false maxFileSize: 4294967296
D/MountService( 2436): addVolumeLocked() StorageVolume:
D/MountService( 2436): mStorageId=0 mPath=/storage/sdcard1 mDescriptionId=17040806 mPrimary=false
D/MountService( 2436): mRemovable=true mEmulated=false mMtpReserveSpace=0 mAllowMassStorage=false
D/MountService( 2436): mMaxFileSize=4294967296 mOwner=null mUuid=null mUserLabel=null mState=null
D/MountService( 2436): got storage path: /storage/usb0 description: USB storage primary: false removable: true emulated: false mtpReserve: 0 allowMassStorage: false maxFileSize: 4294967296
D/MountService( 2436): addVolumeLocked() StorageVolume:
D/MountService( 2436): mStorageId=0 mPath=/storage/usb0 mDescriptionId=17040807 mPrimary=false
D/MountService( 2436): mRemovable=true mEmulated=false mMtpReserveSpace=0 mAllowMassStorage=false
D/MountService( 2436): mMaxFileSize=4294967296 mOwner=null mUuid=null mUserLabel=null mState=null
D/MountService( 2436): got storage path: /storage/usb1 description: USB storage primary: false removable: true emulated: false mtpReserve: 0 allowMassStorage: false maxFileSize: 4294967296
D/MountService( 2436): addVolumeLocked() StorageVolume:
D/MountService( 2436): mStorageId=0 mPath=/storage/usb1 mDescriptionId=17040807 mPrimary=false
D/MountService( 2436): mRemovable=true mEmulated=false mMtpReserveSpace=0 mAllowMassStorage=false
D/MountService( 2436): mMaxFileSize=4294967296 mOwner=null mUuid=null mUserLabel=null mState=null
D/MountService( 2436): got storage path: /storage/usb2 description: USB storage primary: false removable: true emulated: false mtpReserve: 0 allowMassStorage: false maxFileSize: 4294967296
D/MountService( 2436): addVolumeLocked() StorageVolume:
D/MountService( 2436): mStorageId=0 mPath=/storage/usb2 mDescriptionId=17040807 mPrimary=false
D/MountService( 2436): mRemovable=true mEmulated=false mMtpReserveSpace=0 mAllowMassStorage=false
D/MountService( 2436): mMaxFileSize=4294967296 mOwner=null mUuid=null mUserLabel=null mState=null
D/MountService( 2436): got storage path: /storage/usb3 description: USB storage primary: false removable: true emulated: false mtpReserve: 0 allowMassStorage: false maxFileSize: 4294967296
D/MountService( 2436): addVolumeLocked() StorageVolume:
D/MountService( 2436): mStorageId=0 mPath=/storage/usb3 mDescriptionId=17040807 mPrimary=false
D/MountService( 2436): mRemovable=true mEmulated=false mMtpReserveSpace=0 mAllowMassStorage=false
D/MountService( 2436): mMaxFileSize=4294967296 mOwner=null mUuid=null mUserLabel=null mState=null
W/PackageManager( 2436): No disk maintenance in 1431038928846; running immediately
W/MountService( 2436): Duplicate state transition (unmounted -> unmounted) for /storage/usb0
W/MountService( 2436): Duplicate state transition (unmounted -> unmounted) for /storage/usb1
W/MountService( 2436): Duplicate state transition (unmounted -> unmounted) for /storage/usb2
W/MountService( 2436): Duplicate state transition (unmounted -> unmounted) for /storage/usb3
I/MountService( 2436): Running fstrim idle maintenance
I/fstrim ( 2094): Starting fstrim work...
I/fstrim ( 2094): Invoking FITRIM ioctl on /cache
E/fstrim ( 2094): FITRIM ioctl failed on /cache (error 25/Not a typewriter)
I/fstrim ( 2094): Finished fstrim work.
W/PackageManager( 2436): Unknown permission com.google.android.googleapps.permission.GOOGLE_AUTH in package com.android.providers.calendar
W/PackageManager( 2436): Unknown permission com.google.android.googleapps.permission.GOOGLE_AUTH.cl in package com.android.providers.calendar
W/PackageManager( 2436): Not granting permission android.permission.GLOBAL_SEARCH to package com.android.quicksearchbox (protectionLevel=18 flags=0x8be45)
W/PackageManager( 2436): Not granting permission android.permission.ACCESS_DOWNLOAD_MANAGER to package com.android.browser (protectionLevel=18 flags=0x9be45)
W/PackageManager( 2436): Not granting permission android.permission.SEND_DOWNLOAD_COMPLETED_INTENTS to package com.android.browser (protectionLevel=2 flags=0x9be45)
W/PackageManager( 2436): Not granting permission android.permission.BIND_WALLPAPER to package com.android.camera2 (protectionLevel=18 flags=0x58bc45)
W/PackageManager( 2436): Unknown permission android.permission.INSTALL_DRM in package com.android.mms
W/PackageManager( 2436): Unknown permission com.google.android.googleapps.permission.GOOGLE_AUTH.mail in package com.android.calendar
W/PackageManager( 2436): Unknown permission com.android.launcher.permission.READ_SETTINGS in package com.android.onetimeinitializer
W/PackageManager( 2436): Unknown permission com.android.launcher.permission.WRITE_SETTINGS in package com.android.onetimeinitializer
W/PackageManager( 2436): Unknown permission com.android.launcher.permission.READ_SETTINGS in package com.cyanogenmod.trebuchet
W/PackageManager( 2436): Unknown permission com.android.launcher.permission.WRITE_SETTINGS in package com.cyanogenmod.trebuchet
W/PackageManager( 2436): Not granting permission android.permission.DELETE_PACKAGES to package com.svox.pico (protectionLevel=18 flags=0x8be45)
W/PackageManager( 2436): Unknown permission com.cyanogenmod.filemanager.permissions.READ_THEME in package com.cyanogenmod.filemanager
W/PackageManager( 2436): Unknown permission com.google.android.googleapps.permission.GOOGLE_AUTH in package com.android.settings
W/PackageManager( 2436): Unknown permission com.android.launcher.permission.READ_SETTINGS in package com.android.settings
W/PackageManager( 2436): Unknown permission com.android.launcher.permission.WRITE_SETTINGS in package com.android.settings
W/PackageManager( 2436): Unknown permission com.android.smspush.WAPPUSH_MANAGER_BIND in package com.android.phone
W/PackageManager( 2436): Not granting permission android.permission.DEVICE_POWER to package com.android.deskclock (protectionLevel=2 flags=0x48be45)
W/PackageManager( 2436): Unknown permission com.google.android.gallery3d.permission.GALLERY_PROVIDER in package com.android.bluetooth
W/PackageManager( 2436): Unknown permission com.google.android.googleapps.permission.ACCESS_GOOGLE_PASSWORD in package com.android.development
W/PackageManager( 2436): Unknown permission com.google.android.googleapps.permission.GOOGLE_AUTH in package com.android.development
W/PackageManager( 2436): Unknown permission com.google.android.googleapps.permission.GOOGLE_AUTH.ALL_SERVICES in package com.android.development
W/PackageManager( 2436): Unknown permission com.google.android.googleapps.permission.GOOGLE_AUTH.YouTubeUser in package com.android.development
I/ActivityManager( 2436): Config changes=78 {1.0 ?mcc?mnc en_US ?layoutDir sw800dp w1280dp h727dp 160dpi xlrg land ?uimode ?night finger qwerty/v/v dpad/v s.4}
I/SystemServer( 2436): LockSettingsService
I/SystemServiceManager( 2436): Starting com.android.server.devicepolicy.DevicePolicyManagerService$Lifecycle
I/SystemServer( 2436): Status Bar
I/SystemServer( 2436): Clipboard Service
I/SystemServer( 2436): NetworkManagement Service
I/SystemServer( 2436): Text Service Manager Service
I/SystemServer( 2436): Network Score Service
I/SystemServer( 2436): NetworkStats Service
I/SystemServer( 2436): NetworkPolicy Service
I/SystemServiceManager( 2436): Starting com.android.server.wifi.p2p.WifiP2pService
I/SystemServiceManager( 2436): Starting com.android.server.wifi.WifiService
I/SystemServiceManager( 2436): Starting com.android.server.wifi.WifiScanningService
I/SystemServiceManager( 2436): Starting com.android.server.wifi.RttService
I/SystemServiceManager( 2436): Starting com.android.server.ethernet.EthernetService
I/SystemServer( 2436): Connectivity Service
D/ConnectivityService( 2436): ConnectivityService starting up
D/ConnectivityService( 2436): wifiOnly=false
E/ConnectivityService( 2436): Ignoring protectedNetwork 14
E/ConnectivityService( 2436): Ignoring protectedNetwork 15
I/SystemServer( 2436): Network Service Discovery Service
D/NsdService( 2436): Network service discovery enabled true
I/SystemServer( 2436): UpdateLock Service
I/SystemServiceManager( 2436): Starting com.android.server.notification.NotificationManagerService
D/ZenLog ( 2436): set_zen_mode: off,setting
I/SystemServiceManager( 2436): Starting com.android.server.storage.DeviceStorageMonitorService
I/SystemServer( 2436): Location Manager
I/SystemServer( 2436): Country Detector
I/SystemServer( 2436): Search Service
I/SystemServer( 2436): DropBox Service
I/SystemServer( 2436): Wallpaper Service
W/WallpaperManagerService( 2436): no current wallpaper -- first boot?
I/SystemServer( 2436): Audio Service
I/SystemServiceManager( 2436): Starting com.android.server.DockObserver
W/DockObserver( 2436): This kernel does not have dock station support
I/SystemServer( 2436): Wired Accessory Manager
W/WiredAccessoryManager( 2436): This kernel does not have usb audio support
W/WiredAccessoryManager( 2436): This kernel does not have HDMI audio support
I/SystemServiceManager( 2436): Starting com.android.server.usb.UsbService$Lifecycle
I/SystemServer( 2436): Serial Service
I/SystemServiceManager( 2436): Starting com.android.server.twilight.TwilightService
I/SystemServiceManager( 2436): Starting com.android.server.UiModeManagerService
I/SystemServiceManager( 2436): Starting com.android.server.job.JobSchedulerService
I/SystemServiceManager( 2436): Starting com.android.server.backup.BackupManagerService$Lifecycle
I/SystemServiceManager( 2436): Starting com.android.server.appwidget.AppWidgetService
I/SystemServiceManager( 2436): Starting com.android.server.voiceinteraction.VoiceInteractionManagerService
W/SoundTriggerHelper( 2436): listModules status=0, # of modules=0
I/SystemServer( 2436): DiskStats Service
I/SystemServer( 2436): SamplingProfiler Service
I/SystemServer( 2436): NetworkTimeUpdateService
I/SystemServer( 2436): CommonTimeManagementService
I/SystemServer( 2436): CertBlacklister
I/SystemServiceManager( 2436): Starting com.android.server.dreams.DreamManagerService
I/SystemServer( 2436): Assets Atlas Service
I/SystemServiceManager( 2436): Starting com.android.server.print.PrintManagerService
I/SystemServiceManager( 2436): Starting com.android.server.restrictions.RestrictionsManagerService
I/SystemServiceManager( 2436): Starting com.android.server.media.MediaSessionService
I/SystemServer( 2436): Media Router Service
I/SystemServiceManager( 2436): Starting com.android.server.trust.TrustManagerService
I/SystemServiceManager( 2436): Starting com.android.server.fingerprint.FingerprintService
I/SystemServer( 2436): BackgroundDexOptService
I/SystemServiceManager( 2436): Starting com.android.server.pm.LauncherAppsService
I/SystemServiceManager( 2436): Starting com.android.server.media.projection.MediaProjectionManagerService
I/SystemServiceManager( 2436): Starting com.android.server.MmsServiceBroker
I/LockSettingsService( 2436): Migrated lock settings to new location
I/LockSettingsService( 2436): Migrated per-user lock settings to new location
E/LockSettingsStorage( 2436): Cannot read file java.io.FileNotFoundException: /data/system/password.key: open failed: ENOENT (No such file or directory)
E/LockSettingsStorage( 2436): Cannot read file java.io.FileNotFoundException: /data/system/gesture.key: open failed: ENOENT (No such file or directory)
I/SystemServiceManager( 2436): Starting phase 480
I/SystemServiceManager( 2436): Starting phase 500
I/WifiService( 2436): WifiService starting up with Wi-Fi disabled
D/WifiService( 2436): New client listening to asynchronous messages
D/WifiScanningService( 2436): New client, channel: null messenger: null
D/ConnectivityService( 2436): Got NetworkFactory Messenger for Ethernet
I/ActivityManager( 2436): Config changes=200 {1.0 ?mcc?mnc en_US ?layoutDir sw800dp w1280dp h727dp 160dpi xlrg land finger qwerty/v/v dpad/v s.5}
V/BackupManagerService( 2436): No ancestral data
D/BackupManagerService( 2436): Now staging backup of com.android.browser
D/BackupManagerService( 2436): Now staging backup of android
D/BackupManagerService( 2436): Now staging backup of com.android.calendar
D/BackupManagerService( 2436): Now staging backup of com.android.providers.settings
D/BackupManagerService( 2436): Now staging backup of com.android.sharedstoragebackup
D/BackupManagerService( 2436): Now staging backup of com.android.dialer
D/BackupManagerService( 2436): Now staging backup of com.android.providers.userdictionary
V/BackupManagerService( 2436): Starting with transport android/com.android.internal.backup.LocalTransport
V/BackupManagerService( 2436): Found transports: 1
I/BackupManagerService( 2436): Binding to transport host ComponentInfo{android/com.android.internal.backup.LocalTransportService}
I/ActivityManager( 2436): Sending system update to ComponentInfo{com.android.providers.calendar/com.android.providers.calendar.CalendarUpgradeReceiver} for user 0
I/ActivityManager( 2436): Sending system update to ComponentInfo{com.android.providers.contacts/com.android.providers.contacts.ContactsUpgradeReceiver} for user 0
I/ActivityManager( 2436): Sending system update to ComponentInfo{com.android.managedprovisioning/com.android.managedprovisioning.PreBootListener} for user 0
I/ActivityManager( 2436): Sending system update to ComponentInfo{com.android.providers.media/com.android.providers.media.MediaUpgradeReceiver} for user 0
I/ActivityManager( 2436): Sending system update to ComponentInfo{com.android.settings/com.android.settings.ManagedProfileSetup} for user 0
I/DisplayManagerService( 2436): Display device changed: DisplayDeviceInfo{"Built-in Screen": uniqueId="local:0", 1280 x 800, 60.000004 fps, supportedRefreshRates [60.000004], density 160, 75.0 x 75.0 dpi, appVsyncOff 0, presDeadline 17666666, touch INTERNAL, rotation 0, type BUILT_IN, state ON, FLAG_DEFAULT_DISPLAY, FLAG_ROTATES_WITH_CONTENT, FLAG_SECURE, FLAG_SUPPORTS_PROTECTED_BUFFERS}
I/ActivityManager( 2436): Start proc 2644:com.android.providers.calendar/u0a1 for broadcast com.android.providers.calendar/.CalendarUpgradeReceiver
V/ActivityManager( 2436): Display changed displayId=0
V/ActivityManager( 2436): Display changed displayId=0
I/ActivityManager( 2436): Launching preboot mode app: ProcessRecord{3fc2a3a8 2644:com.android.providers.calendar/u0a1}
W/ResourcesManager( 2644): Asset path '/system/framework/android.test.runner.jar' does not exist or contains no resources.
V/ActivityManager( 2436): Display changed displayId=0
V/BackupManagerService( 2436): Connected to transport ComponentInfo{android/com.android.internal.backup.LocalTransportService}
V/BackupManagerService( 2436): Registering transport android/com.android.internal.backup.LocalTransportService::android/com.android.internal.backup.LocalTransport = android.app.backup.BackupTransport$TransportImpl@2fad0ec1
I/ActivityManager( 2436): Start proc 2665:android.process.acore/u0a2 for broadcast com.android.providers.contacts/.ContactsUpgradeReceiver
I/ActivityManager( 2436): Launching preboot mode app: ProcessRecord{31744666 2665:android.process.acore/u0a2}
I/ActivityManager( 2436): Start proc 2685:com.android.managedprovisioning/u0a7 for broadcast com.android.managedprovisioning/.PreBootListener
I/ActivityManager( 2436): Launching preboot mode app: ProcessRecord{14d93da7 2685:com.android.managedprovisioning/u0a7}
I/ActivityManager( 2436): Start proc 2703:android.process.media/u0a5 for broadcast com.android.providers.media/.MediaUpgradeReceiver
I/ActivityManager( 2436): Launching preboot mode app: ProcessRecord{27725254 2703:android.process.media/u0a5}
I/ActivityManager( 2436): Start proc 2722:com.android.settings/1000 for broadcast com.android.settings/.ManagedProfileSetup
I/ActivityManager( 2436): Launching preboot mode app: ProcessRecord{21bad5fd 2722:com.android.settings/1000}
I/ActivityManager( 2436): Removing system update proc: ProcessRecord{3fc2a3a8 2644:com.android.providers.calendar/u0a1}
I/ActivityManager( 2436): Killing 2644:com.android.providers.calendar/u0a1 (adj 15): system update done
I/ActivityManager( 2436): Removing system update proc: ProcessRecord{31744666 2665:android.process.acore/u0a2}
I/ActivityManager( 2436): Killing 2665:android.process.acore/u0a2 (adj 15): system update done
I/ActivityManager( 2436): Removing system update proc: ProcessRecord{14d93da7 2685:com.android.managedprovisioning/u0a7}
I/ActivityManager( 2436): Killing 2685:com.android.managedprovisioning/u0a7 (adj 13): system update done
I/ActivityManager( 2436): Removing system update proc: ProcessRecord{27725254 2703:android.process.media/u0a5}
I/ActivityManager( 2436): Killing 2703:android.process.media/u0a5 (adj 11): system update done
I/ActivityManager( 2436): Removing system update proc: ProcessRecord{21bad5fd 2722:com.android.settings/1000}
I/ActivityManager( 2436): Killing 2722:com.android.settings/1000 (adj 9): system update done
I/ActivityManager( 2436): System now ready
W/ActivityManager( 2436): Spurious death for ProcessRecord{3fc2a3a8 2644:com.android.providers.calendar/u0a1}, curProc for 2644: null
W/ActivityManager( 2436): Spurious death for ProcessRecord{31744666 2665:android.process.acore/u0a2}, curProc for 2665: null
W/ActivityManager( 2436): Spurious death for ProcessRecord{27725254 2703:android.process.media/u0a5}, curProc for 2703: null
W/ActivityManager( 2436): Spurious death for ProcessRecord{14d93da7 2685:com.android.managedprovisioning/u0a7}, curProc for 2685: null
W/ActivityManager( 2436): Spurious death for ProcessRecord{21bad5fd 2722:com.android.settings/1000}, curProc for 2722: null
I/SystemServer( 2436): Making services ready
I/SystemServiceManager( 2436): Starting phase 550
I/SystemServer( 2436): WebViewFactory preparation
D/UsbHostManager( 2436): Added device UsbDevice[mName=/dev/bus/usb/001/004,mVendorId=1008,mProductId=44551,mClass=0,mSubclass=0,mProtocol=0,mManufacturerName=HP,mProductName=v250w,mSerialNumber=000000000000AA231112004B,mConfigurations=[
D/UsbHostManager( 2436): UsbConfiguration[mId=1,mName=null,mAttributes=128,mMaxPower=150,mInterfaces=[
D/UsbHostManager( 2436): UsbInterface[mId=0,mAlternateSetting=0,mName=null,mClass=8,mSubclass=6,mProtocol=80,mEndpoints=[
D/UsbHostManager( 2436): UsbEndpoint[mAddress=129,mAttributes=2,mMaxPacketSize=512,mInterval=0]
D/UsbHostManager( 2436): UsbEndpoint[mAddress=2,mAttributes=2,mMaxPacketSize=512,mInterval=0]]]]
W/ContextImpl( 2436): Calling a method in the system process without a qualified user: android.app.ContextImpl.sendBroadcast:1327 com.android.server.usb.UsbSettingsManager.deviceAttached:741 com.android.server.usb.UsbHostManager.endUsbDeviceAdded:224 com.android.server.usb.UsbHostManager.monitorUsbHostBus:-2 com.android.server.usb.UsbHostManager.access$000:42
I/Telecom ( 2436): TelecomGlobals: TelecomGlobals initializing
I/ActivityManager( 2436): Start proc 2748:WebViewLoader-x86/1037 [android.webkit.WebViewFactory$RelroFileCreator] for
D/UsbHostManager( 2436): Added device UsbDevice[mName=/dev/bus/usb/001/003,mVendorId=4119,mProductId=4102,mClass=0,mSubclass=0,mProtocol=0,mManufacturerName=null,mProductName=null,mSerialNumber=null,mConfigurations=[
D/UsbHostManager( 2436): UsbConfiguration[mId=1,mName=null,mAttributes=160,mMaxPower=50,mInterfaces=[
D/UsbHostManager( 2436): UsbInterface[mId=0,mAlternateSetting=0,mName=null,mClass=3,mSubclass=1,mProtocol=1,mEndpoints=[
D/UsbHostManager( 2436): UsbEndpoint[mAddress=129,mAttributes=3,mMaxPacketSize=8,mInterval=10]]
D/UsbHostManager( 2436): UsbInterface[mId=1,mAlternateSetting=0,mName=null,mClass=3,mSubclass=0,mProtocol=0,mEndpoints=[
D/UsbHostManager( 2436): UsbEndpoint[mAddress=130,mAttributes=3,mMaxPacketSize=5,mInterval=10]]]]
W/ContextImpl( 2436): Calling a method in the system process without a qualified user: android.app.ContextImpl.sendBroadcast:1327 com.android.server.usb.UsbSettingsManager.deviceAttached:741 com.android.server.usb.UsbHostManager.endUsbDeviceAdded:224 com.android.server.usb.UsbHostManager.monitorUsbHostBus:-2 com.android.server.usb.UsbHostManager.access$000:42
I/ActivityManager( 2436): Start proc 2766:android.process.acore/u0a2 for content provider com.android.providers.contacts/.CallLogProvider
I/ActivityManager( 2436): Start proc 2784:WebViewLoader-x86_64/1037 [android.webkit.WebViewFactory$RelroFileCreator] for
I/ActivityManager( 2436): Start proc 2802:com.android.systemui/u0a13 for service com.android.systemui/.SystemUIService
I/Vold ( 2094): /dev/block/vold/179:16 being considered for volume usb3
D/Vold ( 2094): Volume usb3 state changing 1 (Idle-Unmounted) -> 3 (Checking)
D/MountService( 2436): volume state changed for /storage/usb3 (unmounted -> checking)
D/MountService( 2436): sendStorageIntent Intent { act=android.intent.action.MEDIA_CHECKING dat=file:///storage/usb3 flg=0x4000000 (has extras) } to UserHandle{-1}
D/NetworkManagementService( 2436): not enabling bandwidth control
I/Telecom ( 2436): TelecomGlobals: CallsManager initialized
W/ContextImpl( 2436): Calling a method in the system process without a qualified user: android.app.ContextImpl.startService:1692 android.content.ContextWrapper.startService:516 com.android.server.telecom.BluetoothPhoneService.start:440 com.android.server.telecom.TelecomGlobals.initialize:93 com.android.server.telecom.TelecomService.onCreate:164
E/Vold ( 2094): Filesystem check failed (not a FAT filesystem)
W/Vold ( 2094): /dev/block/vold/179:16 does not contain a FAT filesystem
E/Vold ( 2094): Volume usb3 found no suitable devices for mounting :(
D/Vold ( 2094): Volume usb3 state changing 3 (Checking) -> 1 (Idle-Unmounted)
W/Vold ( 2094): Returning OperationFailed - no handler for errno 0
D/MountService( 2436): volume state changed for /storage/usb3 (checking -> unmounted)
D/MountService( 2436): sendStorageIntent Intent { act=android.intent.action.MEDIA_UNMOUNTED dat=file:///storage/usb3 flg=0x4000000 (has extras) } to UserHandle{-1}
E/MountService( 2436): Boot-time mount failed (-1)
I/Vold ( 2094): /dev/block/vold/179:24 being considered for volume usb1
D/Vold ( 2094): Volume usb1 state changing 1 (Idle-Unmounted) -> 3 (Checking)
D/MountService( 2436): volume state changed for /storage/usb1 (unmounted -> checking)
D/MountService( 2436): sendStorageIntent Intent { act=android.intent.action.MEDIA_CHECKING dat=file:///storage/usb1 flg=0x4000000 (has extras) } to UserHandle{-1}
E/Vold ( 2094): Filesystem check failed (not a FAT filesystem)
W/Vold ( 2094): /dev/block/vold/179:24 does not contain a FAT filesystem
E/Vold ( 2094): Volume usb1 found no suitable devices for mounting :(
D/Vold ( 2094): Volume usb1 state changing 3 (Checking) -> 1 (Idle-Unmounted)
W/Vold ( 2094): Returning OperationFailed - no handler for errno 0
D/MountService( 2436): volume state changed for /storage/usb1 (checking -> unmounted)
D/MountService( 2436): sendStorageIntent Intent { act=android.intent.action.MEDIA_UNMOUNTED dat=file:///storage/usb1 flg=0x4000000 (has extras) } to UserHandle{-1}
E/MountService( 2436): Boot-time mount failed (-1)
I/Vold ( 2094): /dev/block/vold/8:1 being considered for volume usb0
D/Vold ( 2094): Volume usb0 state changing 1 (Idle-Unmounted) -> 3 (Checking)
D/MountService( 2436): volume state changed for /storage/usb0 (unmounted -> checking)
D/MountService( 2436): sendStorageIntent Intent { act=android.intent.action.MEDIA_CHECKING dat=file:///storage/usb0 flg=0x4000000 (has extras) } to UserHandle{-1}
W/NetworkStats( 2436): bandwidth controls disabled, unable to track stats
W/NetworkPolicy( 2436): bandwidth controls disabled, unable to enforce policy
I/Vold ( 2094): Filesystem check completed OK
E/Vold ( 2094): /dev/block/vold/8:1 failed to mount via VFAT (Device or resource busy)
E/Vold ( 2094): Volume usb0 found no suitable devices for mounting :(
D/Vold ( 2094): Volume usb0 state changing 3 (Checking) -> 1 (Idle-Unmounted)
D/MountService( 2436): volume state changed for /storage/usb0 (checking -> unmounted)
V/FingerprintService( 2436): startListening(android.service.fingerprint.IFingerprintServiceReceiver$Stub$Proxy@922b175)
D/MountService( 2436): sendStorageIntent Intent { act=android.intent.action.MEDIA_UNMOUNTED dat=file:///storage/usb0 flg=0x4000000 (has extras) } to UserHandle{-1}
W/Vold ( 2094): Returning OperationFailed - no handler for errno 0
E/MountService( 2436): Boot-time mount failed (-1)
E/MountService( 2436): Boot-time mount failed (-1)
I/Vold ( 2094): /dev/block/vold/179:8 being considered for volume usb2
D/Vold ( 2094): Volume usb2 state changing 1 (Idle-Unmounted) -> 3 (Checking)
D/MountService( 2436): volume state changed for /storage/usb2 (unmounted -> checking)
D/MountService( 2436): sendStorageIntent Intent { act=android.intent.action.MEDIA_CHECKING dat=file:///storage/usb2 flg=0x4000000 (has extras) } to UserHandle{-1}
E/Vold ( 2094): Filesystem check failed (not a FAT filesystem)
W/Vold ( 2094): /dev/block/vold/179:8 does not contain a FAT filesystem
E/Vold ( 2094): Volume usb2 found no suitable devices for mounting :(
D/Vold ( 2094): Volume usb2 state changing 3 (Checking) -> 1 (Idle-Unmounted)
W/Vold ( 2094): Returning OperationFailed - no handler for errno 0
D/MountService( 2436): volume state changed for /storage/usb2 (checking -> unmounted)
D/MountService( 2436): sendStorageIntent Intent { act=android.intent.action.MEDIA_UNMOUNTED dat=file:///storage/usb2 flg=0x4000000 (has extras) } to UserHandle{-1}
E/MountService( 2436): Boot-time mount failed (-1)
W/MountService( 2436): Duplicate state transition (mounted -> mounted) for /storage/emulated/0
I/SystemServiceManager( 2436): Starting phase 600
D/ZenLog ( 2436): downtime: Autotrigger skipped: not in downtime
I/BackupManagerService( 2436): Backup enabled => false
I/BackupManagerService( 2436): Opting out of backup
E/InputMethodManagerService( 2436): Ignoring setImeWindowStatus due to an invalid token. uid:1000 token:null
W/InputMethodManagerService( 2436): Reset the default IME as "Resource" is ready here.
I/InputMethodManagerService( 2436): Selected default: com.android.inputmethod.latin/.LatinIME
I/ActivityManager( 2436): Start proc 2862:com.android.inputmethod.latin/u0a35 for service com.android.inputmethod.latin/.LatinIME
V/InputMethodManagerService( 2436): Adding window token: android.os.Binder@28d553d4
W/InputMethodManagerService( 2436): Illegal subtype state: old subtype = null, new subtype = android.view.inputmethod.InputMethodSubtype@c9194f98
V/ActivityManager( 2436): Display changed displayId=0
W/LocationManagerService( 2436): no network location provider found
E/LocationManagerService( 2436): no geocoder provider found
E/LocationManagerService( 2436): FLP HAL not supported
W/ResourcesManager( 2436): Asset path '/system/framework/com.android.location.provider.jar' does not exist or contains no resources.
E/LocationManagerService( 2436): Unable to bind FLP Geofence proxy.
E/LocationManagerService( 2436): Hardware Activity-Recognition not supported.
I/MmsServiceBroker( 2436): Delay connecting to MmsService until an API is called
W/VoiceInteractionManagerService( 2436): no available voice interaction services found for user 0
W/VoiceInteractionManagerService( 2436): no available voice recognition services found for user 0
I/ActivityManager( 2436): Start proc 2885:com.android.phone/1001 for added application com.android.phone
I/ActivityManager( 2436): START u0 {act=android.intent.action.MAIN cat=[android.intent.category.HOME] flg=0x10000000 cmp=org.zeroxlab.util.tscal/.TSCalibrationStartup} from uid 0 on display 0
V/WindowManager( 2436): addAppToken: AppWindowToken{3798d473 token=Token{27e408e2 ActivityRecord{14e89dad u0 org.zeroxlab.util.tscal/.TSCalibrationStartup t1}}} to stack=0 task=1 at 0
I/ActivityManager( 2436): Start proc 2906:org.zeroxlab.util.tscal/1000 for activity org.zeroxlab.util.tscal/.TSCalibrationStartup
I/ActivityManager( 2436): Start proc 2935:com.android.externalstorage/u0a6 for broadcast com.android.externalstorage/.MountReceiver
I/ActivityManager( 2436): Start proc 2965:com.android.printspooler/u0a44 for service com.android.printspooler/.model.PrintSpoolerService
V/WiredAccessoryManager( 2436): notifyWiredAccessoryChanged: when=0 bits= mask=54
V/WiredAccessoryManager( 2436): newName=h2w newState=0 headsetState=0 prev headsetState=0
V/WiredAccessoryManager( 2436): init()
W/AppWidgetServiceImpl( 2436): Failed to read state: java.io.FileNotFoundException: /data/system/users/0/appwidgets.xml: open failed: ENOENT (No such file or directory)
V/AppWidgetServiceImpl( 2436): Upgrading widget database from 0 to 1
I/ActivityManager( 2436): Force stopping org.zeroxlab.util.tscal appid=1000 user=0: pkg changed
I/ActivityManager( 2436): Killing 2906:org.zeroxlab.util.tscal/1000 (adj 0): stop org.zeroxlab.util.tscal
I/ActivityManager( 2436): Force finishing activity 3 ActivityRecord{14e89dad u0 org.zeroxlab.util.tscal/.TSCalibrationStartup t1}
I/ActivityManager( 2436): START u0 {act=android.intent.action.MAIN cat=[android.intent.category.HOME] flg=0x10000000 cmp=com.android.settings/.CryptKeeper} from uid 0 on display 0
V/WindowManager( 2436): addAppToken: AppWindowToken{3af35554 token=Token{1f806ca7 ActivityRecord{148ed166 u0 com.android.settings/.CryptKeeper t2}}} to stack=0 task=2 at 0
W/ActivityManager( 2436): Spurious death for ProcessRecord{a269df2 2906:org.zeroxlab.util.tscal/1000}, curProc for 2906: null
D/BackupManagerService( 2436): Received broadcast Intent { act=android.intent.action.PACKAGE_CHANGED dat=package:org.zeroxlab.util.tscal flg=0x4000010 (has extras) }
I/StatusBarManagerService( 2436): registerStatusBar bar=com.android.internal.statusbar.IStatusBar$Stub$Proxy@19abc131
I/ActivityManager( 2436): Start proc 3035:android.process.media/u0a5 for broadcast com.android.providers.media/.MediaScannerReceiver
I/ActivityManager( 2436): Start proc 3061:com.android.exchange/u0a30 for content provider com.android.exchange/.provider.ExchangeDirectoryProvider
I/ActivityManager( 2436): Start proc 3086:com.android.settings/1000 for activity com.android.settings/.CryptKeeper
I/ActivityManager( 2436): Start proc 3126:com.android.email/u0a29 for content provider com.android.email/.provider.EmailProvider
I/ActivityManager( 2436): START u0 {act=android.intent.action.MAIN cat=[android.intent.category.HOME] flg=0x10000000 cmp=com.android.provision/.DefaultActivity} from uid 0 on display 0
V/WindowManager( 2436): addAppToken: AppWindowToken{381f037f token=Token{31b09c9e ActivityRecord{9187ad9 u0 com.android.provision/.DefaultActivity t3}}} to stack=0 task=3 at 0
I/ActivityManager( 2436): Start proc 3152:com.android.provision/u0a45 for activity com.android.provision/.DefaultActivity
W/BackupManagerService( 2436): dataChanged but no participant pkg='com.android.providers.settings' uid=10045
D/ActivityThread( 3126): Loading provider com.android.email.provider;com.android.email.notifier: com.android.email.provider.EmailProvider
D/ActivityThread( 3126): Loading provider com.android.email.provider;com.android.email.notifier: com.android.email.provider.EmailProvider
D/ActivityThread( 3126): Loading provider com.android.email.provider;com.android.email.notifier: com.android.email.provider.EmailProvider
D/ActivityThread( 3126): Loading provider com.android.email.provider;com.android.email.notifier: com.android.email.provider.EmailProvider
I/ValidateNoPeople( 2436): mEvictionCount: 0
W/BackupManagerService( 2436): dataChanged but no participant pkg='com.android.providers.settings' uid=10045
D/ActivityThread( 3126): Loading provider com.android.email.provider;com.android.email.notifier: com.android.email.provider.EmailProvider
I/ActivityManager( 2436): START u0 {act=android.intent.action.MAIN cat=[android.intent.category.HOME] flg=0x10000000 cmp=com.cyanogenmod.trebuchet/com.android.launcher3.Launcher} from uid 0 on display 0
V/WindowManager( 2436): addAppToken: AppWindowToken{3530bb81 token=Token{230a0b68 ActivityRecord{360e9e8b u0 com.cyanogenmod.trebuchet/com.android.launcher3.Launcher t4}}} to stack=0 task=4 at 0
I/ActivityManager( 2436): Start proc 3181:com.cyanogenmod.trebuchet/u0a14 for activity com.cyanogenmod.trebuchet/com.android.launcher3.Launcher
W/ActivityManager( 2436): Unable to start service Intent { act=com.android.mail.action.BACKUP_DATA_CHANGED pkg=com.android.email } U=0: not found
W/ActivityManager( 2436): Unable to start service Intent { act=com.android.mail.action.BACKUP_DATA_CHANGED pkg=com.android.email } U=0: not found
W/ActivityManager( 2436): Unable to start service Intent { act=com.android.mail.action.BACKUP_DATA_CHANGED pkg=com.android.email } U=0: not found
W/ActivityManager( 2436): Unable to start service Intent { act=com.android.mail.action.BACKUP_DATA_CHANGED pkg=com.android.email } U=0: not found
W/ActivityManager( 2436): Unable to start service Intent { act=com.android.mail.action.BACKUP_DATA_CHANGED pkg=com.android.email } U=0: not found
W/ActivityManager( 2436): Unable to start service Intent { act=com.android.mail.action.BACKUP_DATA_CHANGED pkg=com.android.email } U=0: not found
W/ActivityManager( 2436): Unable to start service Intent { act=com.android.mail.action.BACKUP_DATA_CHANGED pkg=com.android.email } U=0: not found
D/WifiService( 2436): New client listening to asynchronous messages
W/ActivityManager( 2436): Unable to start service Intent { cmp=com.android.email/.service.AttachmentService } U=0: not found
W/ActivityManager( 2436): Unable to start service Intent { cmp=com.android.email/.service.AttachmentService } U=0: not found
W/ActivityManager( 2436): Unable to start service Intent { cmp=com.android.email/.service.AttachmentService } U=0: not found
E/ActivityThread( 3181): Failed to find provider info for com.android.launcher2.settings
W/ActivityManager( 2436): Unable to start service Intent { cmp=com.android.email/.service.AttachmentService } U=0: not found
D/ConnectivityService( 2436): listenForNetwork for NetworkRequest [ id=2, legacyType=-1, [] ]
W/ActivityManager( 2436): Unable to start service Intent { cmp=com.android.email/.service.AttachmentService } U=0: not found
W/ActivityManager( 2436): Unable to start service Intent { cmp=com.android.email/.service.AttachmentService } U=0: not found
W/BackupManagerService( 2436): dataChanged but no participant pkg='com.android.providers.settings' uid=10013
V/WindowManager( 2436): Based on layer: Adding window Window{ddae589 u0 com.cyanogenmod.trebuchet/com.android.launcher3.Launcher} at 0 of 5
I/ActivityManager( 2436): Start proc 3242:com.android.gallery3d/u0a32 for broadcast com.android.gallery3d/.app.PackagesMonitor
W/BackupManagerService( 2436): dataChanged but no participant pkg='com.cyanogenmod.trebuchet' uid=10014
W/BackupManagerService( 2436): dataChanged but no participant pkg='com.cyanogenmod.trebuchet' uid=10014
I/ActivityManager( 2436): Start proc 3268:com.android.music/u0a38 for broadcast com.android.music/.MediaButtonIntentReceiver
W/KeyguardServiceDelegate( 2436): onScreenTurnedOn(): no keyguard service!
D/WifiService( 2436): New client listening to asynchronous messages
W/WindowManager( 2436): Keyguard drawn timeout. Setting mKeyguardDrawComplete
E/ConnectivityService( 2436): Failed to find Messenger in unregisterNetworkFactory
D/ConnectivityService( 2436): Got NetworkFactory Messenger for Telephony
W/BackupManagerService( 2436): dataChanged but no participant pkg='com.android.providers.settings' uid=1001
I/PackageManager( 2436): Replacing preferred activity com.android.mms/.ui.ComposeMessageActivity for user 0:
I/PackageManager( 2436): Replacing preferred activity com.android.mms/.ui.ComposeMessageActivity for user 0:
I/PackageManager( 2436): Replacing preferred activity com.android.mms/.ui.ComposeMessageActivity for user 0:
I/PackageManager( 2436): Replacing preferred activity com.android.mms/.ui.ComposeMessageActivity for user 0:
W/WindowManager( 2436): Window freeze timeout expired.
W/WindowManager( 2436): Force clearing orientation change: Window{3efd04fc u0 NavigationBar}
D/BackupManagerService( 2436): Received broadcast Intent { act=android.intent.action.PACKAGE_CHANGED dat=package:com.android.provision flg=0x4000010 (has extras) }
D/BackupManagerService( 2436): Received broadcast Intent { act=android.intent.action.PACKAGE_CHANGED dat=package:com.android.settings flg=0x4000010 (has extras) }
D/BackupManagerService( 2436): Received broadcast Intent { act=android.intent.action.PACKAGE_CHANGED dat=package:com.android.email flg=0x4000010 (has extras) }
W/BackupManagerService( 2436): dataChanged but no participant pkg='com.cyanogenmod.trebuchet' uid=10014
W/BackupManagerService( 2436): dataChanged but no participant pkg='com.cyanogenmod.trebuchet' uid=10014
E/ActivityManager( 2436): Unable to mark boot complete for abi: x86_64
E/ActivityManager( 2436): Unable to mark boot complete for abi: x86
I/SystemServiceManager( 2436): Starting phase 1000
I/ActivityManager( 2436): Start proc 3329:com.android.bluetooth/1002 for service com.android.bluetooth/.btservice.AdapterService
I/ActivityManager( 2436): Start proc 3352:com.android.keychain/1000 for service com.android.keychain/.KeyChainService
W/ResourcesManager( 3329): Asset path '/system/framework/javax.obex.jar' does not exist or contains no resources.
I/ActivityManager( 2436): Start proc 3373:com.android.dialer/u0a4 for broadcast com.android.dialer/.calllog.CallLogReceiver
