E/audio_hw_primary( 2102): pcm_open(out) failed: cannot open device '/dev/snd/pcmC0D0p': Invalid argument
D/audio_hw_primary( 2102): found out /dev/snd/pcmC0D0p
E/audio_hw_primary( 2102): pcm_open(out) failed: cannot open device '/dev/snd/pcmC0D0p': Invalid argument
D/audio_hw_primary( 2102): found out /dev/snd/pcmC0D0p
E/audio_hw_primary( 2102): pcm_open(out) failed: cannot open device '/dev/snd/pcmC0D0p': Invalid argument
D/audio_hw_primary( 2102): found out /dev/snd/pcmC0D0p
E/audio_hw_primary( 2102): pcm_open(out) failed: cannot open device '/dev/snd/pcmC0D0p': Invalid argument
D/audio_hw_primary( 2102): found out /dev/snd/pcmC0D0p
E/audio_hw_primary( 2102): pcm_open(out) failed: cannot open device '/dev/snd/pcmC0D0p': Invalid argument
D/audio_hw_primary( 2102): found out /dev/snd/pcmC0D0p
E/audio_hw_primary( 2102): pcm_open(out) failed: cannot open device '/dev/snd/pcmC0D0p': Invalid argument
D/audio_hw_primary( 2102): found out /dev/snd/pcmC0D0p
E/audio_hw_primary( 2102): pcm_open(out) failed: cannot open device '/dev/snd/pcmC0D0p': Invalid argument
D/audio_hw_primary( 2102): found out /dev/snd/pcmC0D0p
E/audio_hw_primary( 2102): pcm_open(out) failed: cannot open device '/dev/snd/pcmC0D0p': Invalid argument
D/audio_hw_primary( 2102): found out /dev/snd/pcmC0D0p
E/audio_hw_primary( 2102): pcm_open(out) failed: cannot open device '/dev/snd/pcmC0D0p': Invalid argument
D/audio_hw_primary( 2102): found out /dev/snd/pcmC0D0p
E/audio_hw_primary( 2102): pcm_open(out) failed: cannot open device '/dev/snd/pcmC0D0p': Invalid argument
D/audio_hw_primary( 2102): found out /dev/snd/pcmC0D0p
E/audio_hw_primary( 2102): pcm_open(out) failed: cannot open device '/dev/snd/pcmC0D0p': Invalid argument
D/audio_hw_primary( 2102): found out /dev/snd/pcmC0D0p
E/audio_hw_primary( 2102): pcm_open(out) failed: cannot open device '/dev/snd/pcmC0D0p': Invalid argument
E/WifiStateMachine( 2436): WifiStateMachine CMD_START_SCAN source -2 txSuccessRate=-0.00 rxSuccessRate=-0.00 targetRoamBSSID=00:1b:da:33:7a:9f RSSI=-57
E/WifiStateMachine( 2436): WifiStateMachine starting scan for "Technoburst"WPA_PSK with 2462
D/wpa_supplicant( 3763): wlan0: Control interface command 'SCAN TYPE=ONLY freq=2462'
D/wpa_supplicant( 3763): wlan0: Setting scan request: 0.000000 sec
D/wpa_supplicant( 3763): wlan0: Starting AP scan for wildcard SSID
D/wpa_supplicant( 3763): wlan0: Limit manual scan to specified channels
D/wpa_supplicant( 3763): wlan0: Add radio work 'scan'@0x7f6445c1c470
D/wpa_supplicant( 3763): wlan0: First radio work item in the queue - schedule start immediately
D/wpa_supplicant( 3763): wlan0: Starting radio work 'scan'@0x7f6445c1c470 after 0.000040 second wait
D/wpa_supplicant( 3763): wlan0: nl80211: scan request
D/wpa_supplicant( 3763): nl80211: Scan SSID - hexdump(len=0): [NULL]
D/wpa_supplicant( 3763): nl80211: Scan frequency 2462 MHz
D/wpa_supplicant( 3763): Scan requested (ret=0) - scan timeout 30 seconds
D/wpa_supplicant( 3763): nl80211: Event message available
D/wpa_supplicant( 3763): nl80211: Drv Event 33 (NL80211_CMD_TRIGGER_SCAN) received for wlan0
D/wpa_supplicant( 3763): wlan0: nl80211: Scan trigger
D/wpa_supplicant( 3763): wlan0: Event SCAN_STARTED (49) received
D/wpa_supplicant( 3763): wlan0: Own scan request started a scan in 0.000098 seconds
D/wpa_supplicant( 3763): CTRL_IFACE monitor sent successfully to /data/misc/wifi/sockets/wpa_ctrl_2436-4\x00
D/audio_hw_primary( 2102): found out /dev/snd/pcmC0D0p
E/audio_hw_primary( 2102): pcm_open(out) failed: cannot open device '/dev/snd/pcmC0D0p': Invalid argument
D/audio_hw_primary( 2102): found out /dev/snd/pcmC0D0p
E/audio_hw_primary( 2102): pcm_open(out) failed: cannot open device '/dev/snd/pcmC0D0p': Invalid argument
D/audio_hw_primary( 2102): found out /dev/snd/pcmC0D0p
E/audio_hw_primary( 2102): pcm_open(out) failed: cannot open device '/dev/snd/pcmC0D0p': Invalid argument
D/audio_hw_primary( 2102): found out /dev/snd/pcmC0D0p
E/audio_hw_primary( 2102): pcm_open(out) failed: cannot open device '/dev/snd/pcmC0D0p': Invalid argument
D/audio_hw_primary( 2102): found out /dev/snd/pcmC0D0p
E/audio_hw_primary( 2102): pcm_open(out) failed: cannot open device '/dev/snd/pcmC0D0p': Invalid argument
D/audio_hw_primary( 2102): found out /dev/snd/pcmC0D0p
E/audio_hw_primary( 2102): pcm_open(out) failed: cannot open device '/dev/snd/pcmC0D0p': Invalid argument
D/audio_hw_primary( 2102): found out /dev/snd/pcmC0D0p
E/audio_hw_primary( 2102): pcm_open(out) failed: cannot open device '/dev/snd/pcmC0D0p': Invalid argument
D/audio_hw_primary( 2102): found out /dev/snd/pcmC0D0p
E/audio_hw_primary( 2102): pcm_open(out) failed: cannot open device '/dev/snd/pcmC0D0p': Invalid argument
D/audio_hw_primary( 2102): found out /dev/snd/pcmC0D0p
E/audio_hw_primary( 2102): pcm_open(out) failed: cannot open device '/dev/snd/pcmC0D0p': Invalid argument
D/audio_hw_primary( 2102): found out /dev/snd/pcmC0D0p
E/audio_hw_primary( 2102): pcm_open(out) failed: cannot open device '/dev/snd/pcmC0D0p': Invalid argument
D/audio_hw_primary( 2102): found out /dev/snd/pcmC0D0p
E/audio_hw_primary( 2102): pcm_open(out) failed: cannot open device '/dev/snd/pcmC0D0p': Invalid argument
D/audio_hw_primary( 2102): found out /dev/snd/pcmC0D0p
E/audio_hw_primary( 2102): pcm_open(out) failed: cannot open device '/dev/snd/pcmC0D0p': Invalid argument
D/audio_hw_primary( 2102): found out /dev/snd/pcmC0D0p
E/audio_hw_primary( 2102): pcm_open(out) failed: cannot open device '/dev/snd/pcmC0D0p': Invalid argument
D/audio_hw_primary( 2102): found out /dev/snd/pcmC0D0p
E/audio_hw_primary( 2102): pcm_open(out) failed: cannot open device '/dev/snd/pcmC0D0p': Invalid argument
D/audio_hw_primary( 2102): found out /dev/snd/pcmC0D0p
E/audio_hw_primary( 2102): pcm_open(out) failed: cannot open device '/dev/snd/pcmC0D0p': Invalid argument
D/audio_hw_primary( 2102): found out /dev/snd/pcmC0D0p
E/audio_hw_primary( 2102): pcm_open(out) failed: cannot open device '/dev/snd/pcmC0D0p': Invalid argument
D/audio_hw_primary( 2102): found out /dev/snd/pcmC0D0p
E/audio_hw_primary( 2102): pcm_open(out) failed: cannot open device '/dev/snd/pcmC0D0p': Invalid argument
D/audio_hw_primary( 2102): found out /dev/snd/pcmC0D0p
E/audio_hw_primary( 2102): pcm_open(out) failed: cannot open device '/dev/snd/pcmC0D0p': Invalid argument
D/audio_hw_primary( 2102): found out /dev/snd/pcmC0D0p
E/audio_hw_primary( 2102): pcm_open(out) failed: cannot open device '/dev/snd/pcmC0D0p': Invalid argument
D/audio_hw_primary( 2102): found out /dev/snd/pcmC0D0p
E/audio_hw_primary( 2102): pcm_open(out) failed: cannot open device '/dev/snd/pcmC0D0p': Invalid argument
D/audio_hw_primary( 2102): found out /dev/snd/pcmC0D0p
E/audio_hw_primary( 2102): pcm_open(out) failed: cannot open device '/dev/snd/pcmC0D0p': Invalid argument
I/ActivityManager( 2436): Start proc 5224:com.android.phasebeam/u0a42 for service com.android.phasebeam/.PhaseBeamWallpaper
D/audio_hw_primary( 2102): found out /dev/snd/pcmC0D0p
E/audio_hw_primary( 2102): pcm_open(out) failed: cannot open device '/dev/snd/pcmC0D0p': Invalid argument
D/audio_hw_primary( 2102): found out /dev/snd/pcmC0D0p
E/audio_hw_primary( 2102): pcm_open(out) failed: cannot open device '/dev/snd/pcmC0D0p': Invalid argument
D/audio_hw_primary( 2102): found out /dev/snd/pcmC0D0p
E/audio_hw_primary( 2102): pcm_open(out) failed: cannot open device '/dev/snd/pcmC0D0p': Invalid argument
D/audio_hw_primary( 2102): found out /dev/snd/pcmC0D0p
E/audio_hw_primary( 2102): pcm_open(out) failed: cannot open device '/dev/snd/pcmC0D0p': Invalid argument
D/AndroidRuntime( 5224): Shutting down VM
E/AndroidRuntime( 5224): FATAL EXCEPTION: main
E/AndroidRuntime( 5224): Process: com.android.phasebeam, PID: 5224
E/AndroidRuntime( 5224): java.lang.RuntimeException: Unable to instantiate service com.android.phasebeam.PhaseBeamWallpaper: java.lang.ClassNotFoundException: Didn't find class "com.android.phasebeam.PhaseBeamWallpaper" on path: DexPathList[[zip file "/system/app/PhaseBeam/PhaseBeam.apk"],nativeLibraryDirectories=[/vendor/lib, /system/lib]]
E/AndroidRuntime( 5224): at android.app.ActivityThread.handleCreateService(ActivityThread.java:2746)
E/AndroidRuntime( 5224): at android.app.ActivityThread.access$1800(ActivityThread.java:151)
E/AndroidRuntime( 5224): at android.app.ActivityThread$H.handleMessage(ActivityThread.java:1386)
E/AndroidRuntime( 5224): at android.os.Handler.dispatchMessage(Handler.java:102)
E/AndroidRuntime( 5224): at android.os.Looper.loop(Looper.java:135)
E/AndroidRuntime( 5224): at android.app.ActivityThread.main(ActivityThread.java:5254)
E/AndroidRuntime( 5224): at java.lang.reflect.Method.invoke(Native Method)
E/AndroidRuntime( 5224): at java.lang.reflect.Method.invoke(Method.java:372)
E/AndroidRuntime( 5224): at com.android.internal.os.ZygoteInit$MethodAndArgsCaller.run(ZygoteInit.java:903)
E/AndroidRuntime( 5224): at com.android.internal.os.ZygoteInit.main(ZygoteInit.java:698)
E/AndroidRuntime( 5224): Caused by: java.lang.ClassNotFoundException: Didn't find class "com.android.phasebeam.PhaseBeamWallpaper" on path: DexPathList[[zip file "/system/app/PhaseBeam/PhaseBeam.apk"],nativeLibraryDirectories=[/vendor/lib, /system/lib]]
E/AndroidRuntime( 5224): at dalvik.system.BaseDexClassLoader.findClass(BaseDexClassLoader.java:56)
E/AndroidRuntime( 5224): at java.lang.ClassLoader.loadClass(ClassLoader.java:511)
E/AndroidRuntime( 5224): at java.lang.ClassLoader.loadClass(ClassLoader.java:469)
E/AndroidRuntime( 5224): at android.app.ActivityThread.handleCreateService(ActivityThread.java:2743)
E/AndroidRuntime( 5224): ... 9 more
E/AndroidRuntime( 5224): Suppressed: java.io.IOException: Zip archive '/system/app/PhaseBeam/PhaseBeam.apk' doesn't contain classes.dex (error msg: Entry not found)
E/AndroidRuntime( 5224): at dalvik.system.DexFile.openDexFileNative(Native Method)
E/AndroidRuntime( 5224): at dalvik.system.DexFile.openDexFile(DexFile.java:295)
E/AndroidRuntime( 5224): at dalvik.system.DexFile.(DexFile.java:80)
E/AndroidRuntime( 5224): at dalvik.system.DexFile.(DexFile.java:59)
E/AndroidRuntime( 5224): at dalvik.system.DexPathList.loadDexFile(DexPathList.java:262)
E/AndroidRuntime( 5224): at dalvik.system.DexPathList.makeDexElements(DexPathList.java:231)
E/AndroidRuntime( 5224): at dalvik.system.DexPathList.(DexPathList.java:109)
E/AndroidRuntime( 5224): at dalvik.system.BaseDexClassLoader.(BaseDexClassLoader.java:48)
E/AndroidRuntime( 5224): at dalvik.system.PathClassLoader.(PathClassLoader.java:65)
E/AndroidRuntime( 5224): at android.app.ApplicationLoaders.getClassLoader(ApplicationLoaders.java:57)
E/AndroidRuntime( 5224): at android.app.LoadedApk.getClassLoader(LoadedApk.java:361)
E/AndroidRuntime( 5224): at android.app.LoadedApk.makeApplication(LoadedApk.java:553)
E/AndroidRuntime( 5224): at android.app.ActivityThread.handleBindApplication(ActivityThread.java:4526)
E/AndroidRuntime( 5224): at android.app.ActivityThread.access$1500(ActivityThread.java:151)
E/AndroidRuntime( 5224): at android.app.ActivityThread$H.handleMessage(ActivityThread.java:1364)
E/AndroidRuntime( 5224): ... 7 more
E/AndroidRuntime( 5224): Caused by: java.io.IOException: Failed to open oat file from dex location '/system/app/PhaseBeam/PhaseBeam.apk'
E/AndroidRuntime( 5224): ... 22 more
E/AndroidRuntime( 5224): Caused by: java.io.IOException: Failed to open oat file from /system/app/PhaseBeam/x86/PhaseBeam.odex (error Failed to open oat filename for reading: No such file or directory) (no dalvik_cache availible) and relocation failed.
E/AndroidRuntime( 5224): ... 22 more
E/AndroidRuntime( 5224): Caused by: java.io.IOException:
E/AndroidRuntime( 5224): ... 22 more
E/AndroidRuntime( 5224): Suppressed: java.lang.ClassNotFoundException: com.android.phasebeam.PhaseBeamWallpaper
E/AndroidRuntime( 5224): at java.lang.Class.classForName(Native Method)
E/AndroidRuntime( 5224): at java.lang.BootClassLoader.findClass(ClassLoader.java:781)
E/AndroidRuntime( 5224): at java.lang.BootClassLoader.loadClass(ClassLoader.java:841)
E/AndroidRuntime( 5224): at java.lang.ClassLoader.loadClass(ClassLoader.java:504)
E/AndroidRuntime( 5224): ... 11 more
E/AndroidRuntime( 5224): Caused by: java.lang.NoClassDefFoundError: Class not found using the boot class loader; no stack available
D/audio_hw_primary( 2102): found out /dev/snd/pcmC0D0p
E/audio_hw_primary( 2102): pcm_open(out) failed: cannot open device '/dev/snd/pcmC0D0p': Invalid argument
D/audio_hw_primary( 2102): found out /dev/snd/pcmC0D0p
E/audio_hw_primary( 2102): pcm_open(out) failed: cannot open device '/dev/snd/pcmC0D0p': Invalid argument
D/audio_hw_primary( 2102): found out /dev/snd/pcmC0D0p
E/audio_hw_primary( 2102): pcm_open(out) failed: cannot open device '/dev/snd/pcmC0D0p': Invalid argument
D/audio_hw_primary( 2102): found out /dev/snd/pcmC0D0p
E/audio_hw_primary( 2102): pcm_open(out) failed: cannot open device '/dev/snd/pcmC0D0p': Invalid argument
D/audio_hw_primary( 2102): found out /dev/snd/pcmC0D0p
E/audio_hw_primary( 2102): pcm_open(out) failed: cannot open device '/dev/snd/pcmC0D0p': Invalid argument
D/audio_hw_primary( 2102): found out /dev/snd/pcmC0D0p
E/audio_hw_primary( 2102): pcm_open(out) failed: cannot open device '/dev/snd/pcmC0D0p': Invalid argument
D/audio_hw_primary( 2102): found out /dev/snd/pcmC0D0p
E/audio_hw_primary( 2102): pcm_open(out) failed: cannot open device '/dev/snd/pcmC0D0p': Invalid argument
D/audio_hw_primary( 2102): found out /dev/snd/pcmC0D0p
E/audio_hw_primary( 2102): pcm_open(out) failed: cannot open device '/dev/snd/pcmC0D0p': Invalid argument
W/SurfaceFlinger( 2095): couldn't log to binary event log: overflow.
D/audio_hw_primary( 2102): found out /dev/snd/pcmC0D0p
E/audio_hw_primary( 2102): pcm_open(out) failed: cannot open device '/dev/snd/pcmC0D0p': Invalid argument
D/audio_hw_primary( 2102): found out /dev/snd/pcmC0D0p
E/audio_hw_primary( 2102): pcm_open(out) failed: cannot open device '/dev/snd/pcmC0D0p': Invalid argument
D/audio_hw_primary( 2102): found out /dev/snd/pcmC0D0p
E/audio_hw_primary( 2102): pcm_open(out) failed: cannot open device '/dev/snd/pcmC0D0p': Invalid argument
D/audio_hw_primary( 2102): found out /dev/snd/pcmC0D0p
E/audio_hw_primary( 2102): pcm_open(out) failed: cannot open device '/dev/snd/pcmC0D0p': Invalid argument
D/audio_hw_primary( 2102): found out /dev/snd/pcmC0D0p
E/audio_hw_primary( 2102): pcm_open(out) failed: cannot open device '/dev/snd/pcmC0D0p': Invalid argument
D/audio_hw_primary( 2102): found out /dev/snd/pcmC0D0p
E/audio_hw_primary( 2102): pcm_open(out) failed: cannot open device '/dev/snd/pcmC0D0p': Invalid argument
D/audio_hw_primary( 2102): found out /dev/snd/pcmC0D0p
E/audio_hw_primary( 2102): pcm_open(out) failed: cannot open device '/dev/snd/pcmC0D0p': Invalid argument
D/audio_hw_primary( 2102): found out /dev/snd/pcmC0D0p
E/audio_hw_primary( 2102): pcm_open(out) failed: cannot open device '/dev/snd/pcmC0D0p': Invalid argument
D/audio_hw_primary( 2102): found out /dev/snd/pcmC0D0p
E/audio_hw_primary( 2102): pcm_open(out) failed: cannot open device '/dev/snd/pcmC0D0p': Invalid argument
D/audio_hw_primary( 2102): found out /dev/snd/pcmC0D0p
E/audio_hw_primary( 2102): pcm_open(out) failed: cannot open device '/dev/snd/pcmC0D0p': Invalid argument
D/audio_hw_primary( 2102): found out /dev/snd/pcmC0D0p
E/audio_hw_primary( 2102): pcm_open(out) failed: cannot open device '/dev/snd/pcmC0D0p': Invalid argument
D/audio_hw_primary( 2102): found out /dev/snd/pcmC0D0p
E/audio_hw_primary( 2102): pcm_open(out) failed: cannot open device '/dev/snd/pcmC0D0p': Invalid argument
D/audio_hw_primary( 2102): found out /dev/snd/pcmC0D0p
E/audio_hw_primary( 2102): pcm_open(out) failed: cannot open device '/dev/snd/pcmC0D0p': Invalid argument
D/audio_hw_primary( 2102): found out /dev/snd/pcmC0D0p
E/audio_hw_primary( 2102): pcm_open(out) failed: cannot open device '/dev/snd/pcmC0D0p': Invalid argument
D/audio_hw_primary( 2102): found out /dev/snd/pcmC0D0p
E/audio_hw_primary( 2102): pcm_open(out) failed: cannot open device '/dev/snd/pcmC0D0p': Invalid argument
D/audio_hw_primary( 2102): found out /dev/snd/pcmC0D0p
E/audio_hw_primary( 2102): pcm_open(out) failed: cannot open device '/dev/snd/pcmC0D0p': Invalid argument
D/audio_hw_primary( 2102): found out /dev/snd/pcmC0D0p
E/audio_hw_primary( 2102): pcm_open(out) failed: cannot open device '/dev/snd/pcmC0D0p': Invalid argument
I/OpenGLRenderer( 2436): Initialized EGL, version 1.4
D/audio_hw_primary( 2102): found out /dev/snd/pcmC0D0p
E/audio_hw_primary( 2102): pcm_open(out) failed: cannot open device '/dev/snd/pcmC0D0p': Invalid argument
D/audio_hw_primary( 2102): found out /dev/snd/pcmC0D0p
E/audio_hw_primary( 2102): pcm_open(out) failed: cannot open device '/dev/snd/pcmC0D0p': Invalid argument
D/audio_hw_primary( 2102): found out /dev/snd/pcmC0D0p
E/audio_hw_primary( 2102): pcm_open(out) failed: cannot open device '/dev/snd/pcmC0D0p': Invalid argument
D/audio_hw_primary( 2102): found out /dev/snd/pcmC0D0p
E/audio_hw_primary( 2102): pcm_open(out) failed: cannot open device '/dev/snd/pcmC0D0p': Invalid argument
D/audio_hw_primary( 2102): found out /dev/snd/pcmC0D0p
E/audio_hw_primary( 2102): pcm_open(out) failed: cannot open device '/dev/snd/pcmC0D0p': Invalid argument
D/audio_hw_primary( 2102): found out /dev/snd/pcmC0D0p
E/audio_hw_primary( 2102): pcm_open(out) failed: cannot open device '/dev/snd/pcmC0D0p': Invalid argument
D/audio_hw_primary( 2102): found out /dev/snd/pcmC0D0p
E/audio_hw_primary( 2102): pcm_open(out) failed: cannot open device '/dev/snd/pcmC0D0p': Invalid argument
D/audio_hw_primary( 2102): found out /dev/snd/pcmC0D0p
E/audio_hw_primary( 2102): pcm_open(out) failed: cannot open device '/dev/snd/pcmC0D0p': Invalid argument
D/audio_hw_primary( 2102): found out /dev/snd/pcmC0D0p
E/audio_hw_primary( 2102): pcm_open(out) failed: cannot open device '/dev/snd/pcmC0D0p': Invalid argument
D/audio_hw_primary( 2102): found out /dev/snd/pcmC0D0p
E/audio_hw_primary( 2102): pcm_open(out) failed: cannot open device '/dev/snd/pcmC0D0p': Invalid argument
D/audio_hw_primary( 2102): found out /dev/snd/pcmC0D0p
E/audio_hw_primary( 2102): pcm_open(out) failed: cannot open device '/dev/snd/pcmC0D0p': Invalid argument
D/audio_hw_primary( 2102): found out /dev/snd/pcmC0D0p
E/audio_hw_primary( 2102): pcm_open(out) failed: cannot open device '/dev/snd/pcmC0D0p': Invalid argument
D/wpa_supplicant( 3763): RTM_NEWLINK: ifi_index=4 ifname=wlan0 wext ifi_family=0 ifi_flags=0x11043 ([UP][RUNNING][LOWER_UP])
D/wpa_supplicant( 3763): nl80211: Event message available
D/wpa_supplicant( 3763): nl80211: Drv Event 34 (NL80211_CMD_NEW_SCAN_RESULTS) received for wlan0
D/wpa_supplicant( 3763): wlan0: nl80211: New scan results available
D/wpa_supplicant( 3763): nl80211: Scan probed for SSID ''
D/wpa_supplicant( 3763): nl80211: Scan included frequencies: 2462
D/wpa_supplicant( 3763): wlan0: Event SCAN_RESULTS (3) received
D/wpa_supplicant( 3763): wlan0: Scan completed in 0.697189 seconds
D/wpa_supplicant( 3763): nl80211: Associated on 2462 MHz
D/wpa_supplicant( 3763): nl80211: Associated with 00:1b:da:33:7a:9f
D/wpa_supplicant( 3763): nl80211: Received scan results (1 BSSes)
D/wpa_supplicant( 3763): nl80211: Scan results indicate BSS status with 00:1b:da:33:7a:9f as associated
D/wpa_supplicant( 3763): Sorted scan results
D/wpa_supplicant( 3763): 00:1b:da:33:7a:9f freq=2462 qual=0 noise=0 level=-57 flags=0x2b age=1
D/wpa_supplicant( 3763): IEs - hexdump(len=68): 00 0b 54 65 63 68 6e 6f 62 75 72 73 74 01 08 82 84 8b 96 24 30 48 6c 03 01 0b 2a 01 04 2f 01 04 ...
D/wpa_supplicant( 3763): wlan0: BSS: Start scan result update 21
D/wpa_supplicant( 3763): BSS: last_scan_res_used=1/32
D/wpa_supplicant( 3763): Add randomness: count=44 entropy=38
D/wpa_supplicant( 3763): random pool - hexdump(len=128): [REMOVED]
D/wpa_supplicant( 3763): random_mix_pool - hexdump(len=16): [REMOVED]
D/wpa_supplicant( 3763): random_mix_pool - hexdump(len=5): [REMOVED]
D/wpa_supplicant( 3763): random pool - hexdump(len=128): [REMOVED]
D/wpa_supplicant( 3763): wlan0: Scan-only results received
D/wpa_supplicant( 3763): CTRL_IFACE monitor sent successfully to /data/misc/wifi/sockets/wpa_ctrl_2436-4\x00
D/wpa_supplicant( 3763): wlan0: Radio work 'scan'@0x7f6445c1c470 done in 0.697868 seconds
D/wpa_supplicant( 3763): wlan0: Control interface command 'BSS RANGE=0- MASK=0x21987'
D/wpa_supplicant( 3763): wlan0: Control interface command 'STATUS-NO_EVENTS'
D/audio_hw_primary( 2102): found out /dev/snd/pcmC0D0p
E/audio_hw_primary( 2102): pcm_open(out) failed: cannot open device '/dev/snd/pcmC0D0p': Invalid argument
D/audio_hw_primary( 2102): found out /dev/snd/pcmC0D0p
E/audio_hw_primary( 2102): pcm_open(out) failed: cannot open device '/dev/snd/pcmC0D0p': Invalid argument
D/audio_hw_primary( 2102): found out /dev/snd/pcmC0D0p
E/audio_hw_primary( 2102): pcm_open(out) failed: cannot open device '/dev/snd/pcmC0D0p': Invalid argument
D/audio_hw_primary( 2102): found out /dev/snd/pcmC0D0p
E/audio_hw_primary( 2102): pcm_open(out) failed: cannot open device '/dev/snd/pcmC0D0p': Invalid argument
D/audio_hw_primary( 2102): found out /dev/snd/pcmC0D0p
E/audio_hw_primary( 2102): pcm_open(out) failed: cannot open device '/dev/snd/pcmC0D0p': Invalid argument
D/audio_hw_primary( 2102): found out /dev/snd/pcmC0D0p
E/audio_hw_primary( 2102): pcm_open(out) failed: cannot open device '/dev/snd/pcmC0D0p': Invalid argument
D/audio_hw_primary( 2102): found out /dev/snd/pcmC0D0p
E/audio_hw_primary( 2102): pcm_open(out) failed: cannot open device '/dev/snd/pcmC0D0p': Invalid argument
D/audio_hw_primary( 2102): found out /dev/snd/pcmC0D0p
E/audio_hw_primary( 2102): pcm_open(out) failed: cannot open device '/dev/snd/pcmC0D0p': Invalid argument
D/audio_hw_primary( 2102): found out /dev/snd/pcmC0D0p
E/audio_hw_primary( 2102): pcm_open(out) failed: cannot open device '/dev/snd/pcmC0D0p': Invalid argument
D/audio_hw_primary( 2102): found out /dev/snd/pcmC0D0p
E/audio_hw_primary( 2102): pcm_open(out) failed: cannot open device '/dev/snd/pcmC0D0p': Invalid argument
D/audio_hw_primary( 2102): found out /dev/snd/pcmC0D0p
E/audio_hw_primary( 2102): pcm_open(out) failed: cannot open device '/dev/snd/pcmC0D0p': Invalid argument
D/audio_hw_primary( 2102): found out /dev/snd/pcmC0D0p
E/audio_hw_primary( 2102): pcm_open(out) failed: cannot open device '/dev/snd/pcmC0D0p': Invalid argument
D/audio_hw_primary( 2102): found out /dev/snd/pcmC0D0p
E/audio_hw_primary( 2102): pcm_open(out) failed: cannot open device '/dev/snd/pcmC0D0p': Invalid argument
D/audio_hw_primary( 2102): found out /dev/snd/pcmC0D0p
E/audio_hw_primary( 2102): pcm_open(out) failed: cannot open device '/dev/snd/pcmC0D0p': Invalid argument
D/audio_hw_primary( 2102): found out /dev/snd/pcmC0D0p
E/audio_hw_primary( 2102): pcm_open(out) failed: cannot open device '/dev/snd/pcmC0D0p': Invalid argument
D/audio_hw_primary( 2102): found out /dev/snd/pcmC0D0p
E/audio_hw_primary( 2102): pcm_open(out) failed: cannot open device '/dev/snd/pcmC0D0p': Invalid argument
D/audio_hw_primary( 2102): found out /dev/snd/pcmC0D0p
E/audio_hw_primary( 2102): pcm_open(out) failed: cannot open device '/dev/snd/pcmC0D0p': Invalid argument
D/audio_hw_primary( 2102): found out /dev/snd/pcmC0D0p
E/audio_hw_primary( 2102): pcm_open(out) failed: cannot open device '/dev/snd/pcmC0D0p': Invalid argument
D/audio_hw_primary( 2102): found out /dev/snd/pcmC0D0p
E/audio_hw_primary( 2102): pcm_open(out) failed: cannot open device '/dev/snd/pcmC0D0p': Invalid argument
D/audio_hw_primary( 2102): found out /dev/snd/pcmC0D0p
E/audio_hw_primary( 2102): pcm_open(out) failed: cannot open device '/dev/snd/pcmC0D0p': Invalid argument
D/audio_hw_primary( 2102): found out /dev/snd/pcmC0D0p
E/audio_hw_primary( 2102): pcm_open(out) failed: cannot open device '/dev/snd/pcmC0D0p': Invalid argument
D/audio_hw_primary( 2102): found out /dev/snd/pcmC0D0p
E/audio_hw_primary( 2102): pcm_open(out) failed: cannot open device '/dev/snd/pcmC0D0p': Invalid argument
D/audio_hw_primary( 2102): found out /dev/snd/pcmC0D0p
E/audio_hw_primary( 2102): pcm_open(out) failed: cannot open device '/dev/snd/pcmC0D0p': Invalid argument
D/audio_hw_primary( 2102): found out /dev/snd/pcmC0D0p
E/audio_hw_primary( 2102): pcm_open(out) failed: cannot open device '/dev/snd/pcmC0D0p': Invalid argument
D/audio_hw_primary( 2102): found out /dev/snd/pcmC0D0p
E/audio_hw_primary( 2102): pcm_open(out) failed: cannot open device '/dev/snd/pcmC0D0p': Invalid argument
D/audio_hw_primary( 2102): found out /dev/snd/pcmC0D0p
E/audio_hw_primary( 2102): pcm_open(out) failed: cannot open device '/dev/snd/pcmC0D0p': Invalid argument
D/audio_hw_primary( 2102): found out /dev/snd/pcmC0D0p
E/audio_hw_primary( 2102): pcm_open(out) failed: cannot open device '/dev/snd/pcmC0D0p': Invalid argument
D/audio_hw_primary( 2102): found out /dev/snd/pcmC0D0p
E/audio_hw_primary( 2102): pcm_open(out) failed: cannot open device '/dev/snd/pcmC0D0p': Invalid argument
D/audio_hw_primary( 2102): found out /dev/snd/pcmC0D0p
E/audio_hw_primary( 2102): pcm_open(out) failed: cannot open device '/dev/snd/pcmC0D0p': Invalid argument
D/audio_hw_primary( 2102): found out /dev/snd/pcmC0D0p
E/audio_hw_primary( 2102): pcm_open(out) failed: cannot open device '/dev/snd/pcmC0D0p': Invalid argument
D/audio_hw_primary( 2102): found out /dev/snd/pcmC0D0p
E/audio_hw_primary( 2102): pcm_open(out) failed: cannot open device '/dev/snd/pcmC0D0p': Invalid argument
D/audio_hw_primary( 2102): found out /dev/snd/pcmC0D0p
E/audio_hw_primary( 2102): pcm_open(out) failed: cannot open device '/dev/snd/pcmC0D0p': Invalid argument
D/audio_hw_primary( 2102): found out /dev/snd/pcmC0D0p
E/audio_hw_primary( 2102): pcm_open(out) failed: cannot open device '/dev/snd/pcmC0D0p': Invalid argument
D/audio_hw_primary( 2102): found out /dev/snd/pcmC0D0p
E/audio_hw_primary( 2102): pcm_open(out) failed: cannot open device '/dev/snd/pcmC0D0p': Invalid argument
D/audio_hw_primary( 2102): found out /dev/snd/pcmC0D0p
E/audio_hw_primary( 2102): pcm_open(out) failed: cannot open device '/dev/snd/pcmC0D0p': Invalid argument
D/audio_hw_primary( 2102): found out /dev/snd/pcmC0D0p
E/audio_hw_primary( 2102): pcm_open(out) failed: cannot open device '/dev/snd/pcmC0D0p': Invalid argument
D/audio_hw_primary( 2102): found out /dev/snd/pcmC0D0p
E/audio_hw_primary( 2102): pcm_open(out) failed: cannot open device '/dev/snd/pcmC0D0p': Invalid argument
D/audio_hw_primary( 2102): found out /dev/snd/pcmC0D0p
E/audio_hw_primary( 2102): pcm_open(out) failed: cannot open device '/dev/snd/pcmC0D0p': Invalid argument
D/audio_hw_primary( 2102): found out /dev/snd/pcmC0D0p
E/audio_hw_primary( 2102): pcm_open(out) failed: cannot open device '/dev/snd/pcmC0D0p': Invalid argument
D/audio_hw_primary( 2102): found out /dev/snd/pcmC0D0p
E/audio_hw_primary( 2102): pcm_open(out) failed: cannot open device '/dev/snd/pcmC0D0p': Invalid argument
D/audio_hw_primary( 2102): found out /dev/snd/pcmC0D0p
E/audio_hw_primary( 2102): pcm_open(out) failed: cannot open device '/dev/snd/pcmC0D0p': Invalid argument
D/audio_hw_primary( 2102): found out /dev/snd/pcmC0D0p
E/audio_hw_primary( 2102): pcm_open(out) failed: cannot open device '/dev/snd/pcmC0D0p': Invalid argument
D/audio_hw_primary( 2102): found out /dev/snd/pcmC0D0p
E/audio_hw_primary( 2102): pcm_open(out) failed: cannot open device '/dev/snd/pcmC0D0p': Invalid argument
D/audio_hw_primary( 2102): found out /dev/snd/pcmC0D0p
E/audio_hw_primary( 2102): pcm_open(out) failed: cannot open device '/dev/snd/pcmC0D0p': Invalid argument
D/audio_hw_primary( 2102): found out /dev/snd/pcmC0D0p
E/audio_hw_primary( 2102): pcm_open(out) failed: cannot open device '/dev/snd/pcmC0D0p': Invalid argument
D/audio_hw_primary( 2102): found out /dev/snd/pcmC0D0p
E/audio_hw_primary( 2102): pcm_open(out) failed: cannot open device '/dev/snd/pcmC0D0p': Invalid argument
D/audio_hw_primary( 2102): found out /dev/snd/pcmC0D0p
E/audio_hw_primary( 2102): pcm_open(out) failed: cannot open device '/dev/snd/pcmC0D0p': Invalid argument
D/audio_hw_primary( 2102): found out /dev/snd/pcmC0D0p
E/audio_hw_primary( 2102): pcm_open(out) failed: cannot open device '/dev/snd/pcmC0D0p': Invalid argument
D/audio_hw_primary( 2102): found out /dev/snd/pcmC0D0p
E/audio_hw_primary( 2102): pcm_open(out) failed: cannot open device '/dev/snd/pcmC0D0p': Invalid argument
D/audio_hw_primary( 2102): found out /dev/snd/pcmC0D0p
E/audio_hw_primary( 2102): pcm_open(out) failed: cannot open device '/dev/snd/pcmC0D0p': Invalid argument
D/audio_hw_primary( 2102): found out /dev/snd/pcmC0D0p
E/audio_hw_primary( 2102): pcm_open(out) failed: cannot open device '/dev/snd/pcmC0D0p': Invalid argument
D/audio_hw_primary( 2102): found out /dev/snd/pcmC0D0p
E/audio_hw_primary( 2102): pcm_open(out) failed: cannot open device '/dev/snd/pcmC0D0p': Invalid argument
D/audio_hw_primary( 2102): found out /dev/snd/pcmC0D0p
E/audio_hw_primary( 2102): pcm_open(out) failed: cannot open device '/dev/snd/pcmC0D0p': Invalid argument
D/audio_hw_primary( 2102): found out /dev/snd/pcmC0D0p
E/audio_hw_primary( 2102): pcm_open(out) failed: cannot open device '/dev/snd/pcmC0D0p': Invalid argument
D/audio_hw_primary( 2102): found out /dev/snd/pcmC0D0p
E/audio_hw_primary( 2102): pcm_open(out) failed: cannot open device '/dev/snd/pcmC0D0p': Invalid argument
D/audio_hw_primary( 2102): found out /dev/snd/pcmC0D0p
E/audio_hw_primary( 2102): pcm_open(out) failed: cannot open device '/dev/snd/pcmC0D0p': Invalid argument
D/audio_hw_primary( 2102): found out /dev/snd/pcmC0D0p
E/audio_hw_primary( 2102): pcm_open(out) failed: cannot open device '/dev/snd/pcmC0D0p': Invalid argument
D/audio_hw_primary( 2102): found out /dev/snd/pcmC0D0p
E/audio_hw_primary( 2102): pcm_open(out) failed: cannot open device '/dev/snd/pcmC0D0p': Invalid argument
D/audio_hw_primary( 2102): found out /dev/snd/pcmC0D0p
E/audio_hw_primary( 2102): pcm_open(out) failed: cannot open device '/dev/snd/pcmC0D0p': Invalid argument
D/audio_hw_primary( 2102): found out /dev/snd/pcmC0D0p
E/audio_hw_primary( 2102): pcm_open(out) failed: cannot open device '/dev/snd/pcmC0D0p': Invalid argument
D/audio_hw_primary( 2102): found out /dev/snd/pcmC0D0p
E/audio_hw_primary( 2102): pcm_open(out) failed: cannot open device '/dev/snd/pcmC0D0p': Invalid argument
D/audio_hw_primary( 2102): found out /dev/snd/pcmC0D0p
E/audio_hw_primary( 2102): pcm_open(out) failed: cannot open device '/dev/snd/pcmC0D0p': Invalid argument
D/audio_hw_primary( 2102): found out /dev/snd/pcmC0D0p
E/audio_hw_primary( 2102): pcm_open(out) failed: cannot open device '/dev/snd/pcmC0D0p': Invalid argument
D/audio_hw_primary( 2102): found out /dev/snd/pcmC0D0p
E/audio_hw_primary( 2102): pcm_open(out) failed: cannot open device '/dev/snd/pcmC0D0p': Invalid argument
D/audio_hw_primary( 2102): found out /dev/snd/pcmC0D0p
E/audio_hw_primary( 2102): pcm_open(out) failed: cannot open device '/dev/snd/pcmC0D0p': Invalid argument
D/audio_hw_primary( 2102): found out /dev/snd/pcmC0D0p
E/audio_hw_primary( 2102): pcm_open(out) failed: cannot open device '/dev/snd/pcmC0D0p': Invalid argument
D/audio_hw_primary( 2102): found out /dev/snd/pcmC0D0p
E/audio_hw_primary( 2102): pcm_open(out) failed: cannot open device '/dev/snd/pcmC0D0p': Invalid argument
D/audio_hw_primary( 2102): found out /dev/snd/pcmC0D0p
E/audio_hw_primary( 2102): pcm_open(out) failed: cannot open device '/dev/snd/pcmC0D0p': Invalid argument
D/audio_hw_primary( 2102): found out /dev/snd/pcmC0D0p
E/audio_hw_primary( 2102): pcm_open(out) failed: cannot open device '/dev/snd/pcmC0D0p': Invalid argument
D/audio_hw_primary( 2102): found out /dev/snd/pcmC0D0p
E/audio_hw_primary( 2102): pcm_open(out) failed: cannot open device '/dev/snd/pcmC0D0p': Invalid argument
D/audio_hw_primary( 2102): found out /dev/snd/pcmC0D0p
E/audio_hw_primary( 2102): pcm_open(out) failed: cannot open device '/dev/snd/pcmC0D0p': Invalid argument
D/audio_hw_primary( 2102): found out /dev/snd/pcmC0D0p
E/audio_hw_primary( 2102): pcm_open(out) failed: cannot open device '/dev/snd/pcmC0D0p': Invalid argument
D/audio_hw_primary( 2102): found out /dev/snd/pcmC0D0p
E/audio_hw_primary( 2102): pcm_open(out) failed: cannot open device '/dev/snd/pcmC0D0p': Invalid argument
D/audio_hw_primary( 2102): found out /dev/snd/pcmC0D0p
E/audio_hw_primary( 2102): pcm_open(out) failed: cannot open device '/dev/snd/pcmC0D0p': Invalid argument
D/audio_hw_primary( 2102): found out /dev/snd/pcmC0D0p
E/audio_hw_primary( 2102): pcm_open(out) failed: cannot open device '/dev/snd/pcmC0D0p': Invalid argument
D/audio_hw_primary( 2102): found out /dev/snd/pcmC0D0p
E/audio_hw_primary( 2102): pcm_open(out) failed: cannot open device '/dev/snd/pcmC0D0p': Invalid argument
D/audio_hw_primary( 2102): found out /dev/snd/pcmC0D0p
E/audio_hw_primary( 2102): pcm_open(out) failed: cannot open device '/dev/snd/pcmC0D0p': Invalid argument
D/audio_hw_primary( 2102): found out /dev/snd/pcmC0D0p
E/audio_hw_primary( 2102): pcm_open(out) failed: cannot open device '/dev/snd/pcmC0D0p': Invalid argument
D/audio_hw_primary( 2102): found out /dev/snd/pcmC0D0p
E/audio_hw_primary( 2102): pcm_open(out) failed: cannot open device '/dev/snd/pcmC0D0p': Invalid argument
D/audio_hw_primary( 2102): found out /dev/snd/pcmC0D0p
E/audio_hw_primary( 2102): pcm_open(out) failed: cannot open device '/dev/snd/pcmC0D0p': Invalid argument
D/audio_hw_primary( 2102): found out /dev/snd/pcmC0D0p
E/audio_hw_primary( 2102): pcm_open(out) failed: cannot open device '/dev/snd/pcmC0D0p': Invalid argument
D/audio_hw_primary( 2102): found out /dev/snd/pcmC0D0p
E/audio_hw_primary( 2102): pcm_open(out) failed: cannot open device '/dev/snd/pcmC0D0p': Invalid argument
D/audio_hw_primary( 2102): found out /dev/snd/pcmC0D0p
E/audio_hw_primary( 2102): pcm_open(out) failed: cannot open device '/dev/snd/pcmC0D0p': Invalid argument
D/wpa_supplicant( 3763): wlan0: Control interface command 'SIGNAL_POLL'
D/audio_hw_primary( 2102): found out /dev/snd/pcmC0D0p
E/audio_hw_primary( 2102): pcm_open(out) failed: cannot open device '/dev/snd/pcmC0D0p': Invalid argument
D/audio_hw_primary( 2102): found out /dev/snd/pcmC0D0p
E/audio_hw_primary( 2102): pcm_open(out) failed: cannot open device '/dev/snd/pcmC0D0p': Invalid argument
D/audio_hw_primary( 2102): found out /dev/snd/pcmC0D0p
E/audio_hw_primary( 2102): pcm_open(out) failed: cannot open device '/dev/snd/pcmC0D0p': Invalid argument
D/audio_hw_primary( 2102): found out /dev/snd/pcmC0D0p
E/audio_hw_primary( 2102): pcm_open(out) failed: cannot open device '/dev/snd/pcmC0D0p': Invalid argument
D/audio_hw_primary( 2102): found out /dev/snd/pcmC0D0p
E/audio_hw_primary( 2102): pcm_open(out) failed: cannot open device '/dev/snd/pcmC0D0p': Invalid argument
D/audio_hw_primary( 2102): found out /dev/snd/pcmC0D0p
E/audio_hw_primary( 2102): pcm_open(out) failed: cannot open device '/dev/snd/pcmC0D0p': Invalid argument
W/AudioTrack( 2436): AUDIO_OUTPUT_FLAG_FAST denied by client
I/Process ( 5224): Sending signal. PID: 5224 SIG: 9
D/audio_hw_primary( 2102): found out /dev/snd/pcmC0D0p
E/audio_hw_primary( 2102): pcm_open(out) failed: cannot open device '/dev/snd/pcmC0D0p': Invalid argument
D/audio_hw_primary( 2102): found out /dev/snd/pcmC0D0p
E/audio_hw_primary( 2102): pcm_open(out) failed: cannot open device '/dev/snd/pcmC0D0p': Invalid argument
I/ActivityManager( 2436): Process com.android.phasebeam (pid 5224) has died
D/OpenGLRenderer( 2436): endAllStagingAnimators on 0x7f744017d000 (RippleDrawable) with handle 0x7f743fb75b40
W/InputMethodManagerService( 2436): Window already focused, ignoring focus gain of: com.android.internal.view.IInputMethodClient$Stub$Proxy@2a1c1759 attribute=null, token = android.os.BinderProxy@13a12665
D/audio_hw_primary( 2102): found out /dev/snd/pcmC0D0p
E/audio_hw_primary( 2102): pcm_open(out) failed: cannot open device '/dev/snd/pcmC0D0p': Invalid argument
D/audio_hw_primary( 2102): found out /dev/snd/pcmC0D0p
E/audio_hw_primary( 2102): pcm_open(out) failed: cannot open device '/dev/snd/pcmC0D0p': Invalid argument
D/audio_hw_primary( 2102): found out /dev/snd/pcmC0D0p
E/audio_hw_primary( 2102): pcm_open(out) failed: cannot open device '/dev/snd/pcmC0D0p': Invalid argument
D/audio_hw_primary( 2102): found out /dev/snd/pcmC0D0p
E/audio_hw_primary( 2102): pcm_open(out) failed: cannot open device '/dev/snd/pcmC0D0p': Invalid argument
D/audio_hw_primary( 2102): found out /dev/snd/pcmC0D0p
E/audio_hw_primary( 2102): pcm_open(out) failed: cannot open device '/dev/snd/pcmC0D0p': Invalid argument
D/audio_hw_primary( 2102): found out /dev/snd/pcmC0D0p
E/audio_hw_primary( 2102): pcm_open(out) failed: cannot open device '/dev/snd/pcmC0D0p': Invalid argument
D/audio_hw_primary( 2102): found out /dev/snd/pcmC0D0p
E/audio_hw_primary( 2102): pcm_open(out) failed: cannot open device '/dev/snd/pcmC0D0p': Invalid argument
D/audio_hw_primary( 2102): found out /dev/snd/pcmC0D0p
E/audio_hw_primary( 2102): pcm_open(out) failed: cannot open device '/dev/snd/pcmC0D0p': Invalid argument
D/audio_hw_primary( 2102): found out /dev/snd/pcmC0D0p
E/audio_hw_primary( 2102): pcm_open(out) failed: cannot open device '/dev/snd/pcmC0D0p': Invalid argument
D/audio_hw_primary( 2102): found out /dev/snd/pcmC0D0p
E/audio_hw_primary( 2102): pcm_open(out) failed: cannot open device '/dev/snd/pcmC0D0p': Invalid argument
D/audio_hw_primary( 2102): found out /dev/snd/pcmC0D0p
E/audio_hw_primary( 2102): pcm_open(out) failed: cannot open device '/dev/snd/pcmC0D0p': Invalid argument
D/audio_hw_primary( 2102): found out /dev/snd/pcmC0D0p
E/audio_hw_primary( 2102): pcm_open(out) failed: cannot open device '/dev/snd/pcmC0D0p': Invalid argument
D/audio_hw_primary( 2102): found out /dev/snd/pcmC0D0p
E/audio_hw_primary( 2102): pcm_open(out) failed: cannot open device '/dev/snd/pcmC0D0p': Invalid argument
D/audio_hw_primary( 2102): found out /dev/snd/pcmC0D0p
E/audio_hw_primary( 2102): pcm_open(out) failed: cannot open device '/dev/snd/pcmC0D0p': Invalid argument
D/audio_hw_primary( 2102): found out /dev/snd/pcmC0D0p
E/audio_hw_primary( 2102): pcm_open(out) failed: cannot open device '/dev/snd/pcmC0D0p': Invalid argument
D/audio_hw_primary( 2102): found out /dev/snd/pcmC0D0p
E/audio_hw_primary( 2102): pcm_open(out) failed: cannot open device '/dev/snd/pcmC0D0p': Invalid argument
D/audio_hw_primary( 2102): found out /dev/snd/pcmC0D0p
E/audio_hw_primary( 2102): pcm_open(out) failed: cannot open device '/dev/snd/pcmC0D0p': Invalid argument
D/audio_hw_primary( 2102): found out /dev/snd/pcmC0D0p
E/audio_hw_primary( 2102): pcm_open(out) failed: cannot open device '/dev/snd/pcmC0D0p': Invalid argument
D/audio_hw_primary( 2102): found out /dev/snd/pcmC0D0p
E/audio_hw_primary( 2102): pcm_open(out) failed: cannot open device '/dev/snd/pcmC0D0p': Invalid argument
D/audio_hw_primary( 2102): found out /dev/snd/pcmC0D0p
E/audio_hw_primary( 2102): pcm_open(out) failed: cannot open device '/dev/snd/pcmC0D0p': Invalid argument
D/audio_hw_primary( 2102): found out /dev/snd/pcmC0D0p
E/audio_hw_primary( 2102): pcm_open(out) failed: cannot open device '/dev/snd/pcmC0D0p': Invalid argument
D/audio_hw_primary( 2102): found out /dev/snd/pcmC0D0p
E/audio_hw_primary( 2102): pcm_open(out) failed: cannot open device '/dev/snd/pcmC0D0p': Invalid argument
D/audio_hw_primary( 2102): found out /dev/snd/pcmC0D0p
E/audio_hw_primary( 2102): pcm_open(out) failed: cannot open device '/dev/snd/pcmC0D0p': Invalid argument
D/audio_hw_primary( 2102): found out /dev/snd/pcmC0D0p
E/audio_hw_primary( 2102): pcm_open(out) failed: cannot open device '/dev/snd/pcmC0D0p': Invalid argument
D/audio_hw_primary( 2102): found out /dev/snd/pcmC0D0p
E/audio_hw_primary( 2102): pcm_open(out) failed: cannot open device '/dev/snd/pcmC0D0p': Invalid argument
D/audio_hw_primary( 2102): found out /dev/snd/pcmC0D0p
E/audio_hw_primary( 2102): pcm_open(out) failed: cannot open device '/dev/snd/pcmC0D0p': Invalid argument
D/audio_hw_primary( 2102): found out /dev/snd/pcmC0D0p
E/audio_hw_primary( 2102): pcm_open(out) failed: cannot open device '/dev/snd/pcmC0D0p': Invalid argument
D/audio_hw_primary( 2102): found out /dev/snd/pcmC0D0p
E/audio_hw_primary( 2102): pcm_open(out) failed: cannot open device '/dev/snd/pcmC0D0p': Invalid argument
D/audio_hw_primary( 2102): found out /dev/snd/pcmC0D0p
E/audio_hw_primary( 2102): pcm_open(out) failed: cannot open device '/dev/snd/pcmC0D0p': Invalid argument
D/audio_hw_primary( 2102): found out /dev/snd/pcmC0D0p
E/audio_hw_primary( 2102): pcm_open(out) failed: cannot open device '/dev/snd/pcmC0D0p': Invalid argument
D/audio_hw_primary( 2102): found out /dev/snd/pcmC0D0p
E/audio_hw_primary( 2102): pcm_open(out) failed: cannot open device '/dev/snd/pcmC0D0p': Invalid argument
D/audio_hw_primary( 2102): found out /dev/snd/pcmC0D0p
E/audio_hw_primary( 2102): pcm_open(out) failed: cannot open device '/dev/snd/pcmC0D0p': Invalid argument
D/audio_hw_primary( 2102): found out /dev/snd/pcmC0D0p
E/audio_hw_primary( 2102): pcm_open(out) failed: cannot open device '/dev/snd/pcmC0D0p': Invalid argument
D/audio_hw_primary( 2102): found out /dev/snd/pcmC0D0p
E/audio_hw_primary( 2102): pcm_open(out) failed: cannot open device '/dev/snd/pcmC0D0p': Invalid argument
D/audio_hw_primary( 2102): found out /dev/snd/pcmC0D0p
E/audio_hw_primary( 2102): pcm_open(out) failed: cannot open device '/dev/snd/pcmC0D0p': Invalid argument
D/audio_hw_primary( 2102): found out /dev/snd/pcmC0D0p
E/audio_hw_primary( 2102): pcm_open(out) failed: cannot open device '/dev/snd/pcmC0D0p': Invalid argument
D/audio_hw_primary( 2102): found out /dev/snd/pcmC0D0p
E/audio_hw_primary( 2102): pcm_open(out) failed: cannot open device '/dev/snd/pcmC0D0p': Invalid argument
D/audio_hw_primary( 2102): found out /dev/snd/pcmC0D0p
E/audio_hw_primary( 2102): pcm_open(out) failed: cannot open device '/dev/snd/pcmC0D0p': Invalid argument
D/audio_hw_primary( 2102): found out /dev/snd/pcmC0D0p
E/audio_hw_primary( 2102): pcm_open(out) failed: cannot open device '/dev/snd/pcmC0D0p': Invalid argument
D/audio_hw_primary( 2102): found out /dev/snd/pcmC0D0p
E/audio_hw_primary( 2102): pcm_open(out) failed: cannot open device '/dev/snd/pcmC0D0p': Invalid argument
D/audio_hw_primary( 2102): found out /dev/snd/pcmC0D0p
E/audio_hw_primary( 2102): pcm_open(out) failed: cannot open device '/dev/snd/pcmC0D0p': Invalid argument
D/audio_hw_primary( 2102): found out /dev/snd/pcmC0D0p
E/audio_hw_primary( 2102): pcm_open(out) failed: cannot open device '/dev/snd/pcmC0D0p': Invalid argument
D/audio_hw_primary( 2102): found out /dev/snd/pcmC0D0p
E/audio_hw_primary( 2102): pcm_open(out) failed: cannot open device '/dev/snd/pcmC0D0p': Invalid argument
I/ActivityManager( 2436): START u0 {act=android.intent.action.MAIN cat=[android.intent.category.HOME] flg=0x10200000 cmp=com.cyanogenmod.trebuchet/com.android.launcher3.Launcher} from uid 1000 on display 0
D/audio_hw_primary( 2102): found out /dev/snd/pcmC0D0p
E/audio_hw_primary( 2102): pcm_open(out) failed: cannot open device '/dev/snd/pcmC0D0p': Invalid argument
D/audio_hw_primary( 2102): found out /dev/snd/pcmC0D0p
E/audio_hw_primary( 2102): pcm_open(out) failed: cannot open device '/dev/snd/pcmC0D0p': Invalid argument
D/audio_hw_primary( 2102): found out /dev/snd/pcmC0D0p
E/audio_hw_primary( 2102): pcm_open(out) failed: cannot open device '/dev/snd/pcmC0D0p': Invalid argument
D/audio_hw_primary( 2102): found out /dev/snd/pcmC0D0p
E/audio_hw_primary( 2102): pcm_open(out) failed: cannot open device '/dev/snd/pcmC0D0p': Invalid argument
D/audio_hw_primary( 2102): found out /dev/snd/pcmC0D0p
E/audio_hw_primary( 2102): pcm_open(out) failed: cannot open device '/dev/snd/pcmC0D0p': Invalid argument
D/audio_hw_primary( 2102): found out /dev/snd/pcmC0D0p
E/audio_hw_primary( 2102): pcm_open(out) failed: cannot open device '/dev/snd/pcmC0D0p': Invalid argument
D/audio_hw_primary( 2102): found out /dev/snd/pcmC0D0p
E/audio_hw_primary( 2102): pcm_open(out) failed: cannot open device '/dev/snd/pcmC0D0p': Invalid argument
D/audio_hw_primary( 2102): found out /dev/snd/pcmC0D0p
E/audio_hw_primary( 2102): pcm_open(out) failed: cannot open device '/dev/snd/pcmC0D0p': Invalid argument
D/audio_hw_primary( 2102): found out /dev/snd/pcmC0D0p
E/audio_hw_primary( 2102): pcm_open(out) failed: cannot open device '/dev/snd/pcmC0D0p': Invalid argument
D/audio_hw_primary( 2102): found out /dev/snd/pcmC0D0p
E/audio_hw_primary( 2102): pcm_open(out) failed: cannot open device '/dev/snd/pcmC0D0p': Invalid argument
D/audio_hw_primary( 2102): found out /dev/snd/pcmC0D0p
E/audio_hw_primary( 2102): pcm_open(out) failed: cannot open device '/dev/snd/pcmC0D0p': Invalid argument
D/audio_hw_primary( 2102): found out /dev/snd/pcmC0D0p
E/audio_hw_primary( 2102): pcm_open(out) failed: cannot open device '/dev/snd/pcmC0D0p': Invalid argument
D/audio_hw_primary( 2102): found out /dev/snd/pcmC0D0p
E/audio_hw_primary( 2102): pcm_open(out) failed: cannot open device '/dev/snd/pcmC0D0p': Invalid argument
D/audio_hw_primary( 2102): found out /dev/snd/pcmC0D0p
E/audio_hw_primary( 2102): pcm_open(out) failed: cannot open device '/dev/snd/pcmC0D0p': Invalid argument
D/audio_hw_primary( 2102): found out /dev/snd/pcmC0D0p
E/audio_hw_primary( 2102): pcm_open(out) failed: cannot open device '/dev/snd/pcmC0D0p': Invalid argument
D/audio_hw_primary( 2102): found out /dev/snd/pcmC0D0p
E/audio_hw_primary( 2102): pcm_open(out) failed: cannot open device '/dev/snd/pcmC0D0p': Invalid argument
D/audio_hw_primary( 2102): found out /dev/snd/pcmC0D0p
E/audio_hw_primary( 2102): pcm_open(out) failed: cannot open device '/dev/snd/pcmC0D0p': Invalid argument
D/audio_hw_primary( 2102): found out /dev/snd/pcmC0D0p
E/audio_hw_primary( 2102): pcm_open(out) failed: cannot open device '/dev/snd/pcmC0D0p': Invalid argument
D/audio_hw_primary( 2102): found out /dev/snd/pcmC0D0p
E/audio_hw_primary( 2102): pcm_open(out) failed: cannot open device '/dev/snd/pcmC0D0p': Invalid argument
D/audio_hw_primary( 2102): found out /dev/snd/pcmC0D0p
E/audio_hw_primary( 2102): pcm_open(out) failed: cannot open device '/dev/snd/pcmC0D0p': Invalid argument
D/audio_hw_primary( 2102): found out /dev/snd/pcmC0D0p
E/audio_hw_primary( 2102): pcm_open(out) failed: cannot open device '/dev/snd/pcmC0D0p': Invalid argument
D/audio_hw_primary( 2102): found out /dev/snd/pcmC0D0p
E/audio_hw_primary( 2102): pcm_open(out) failed: cannot open device '/dev/snd/pcmC0D0p': Invalid argument
D/audio_hw_primary( 2102): found out /dev/snd/pcmC0D0p
E/audio_hw_primary( 2102): pcm_open(out) failed: cannot open device '/dev/snd/pcmC0D0p': Invalid argument
D/audio_hw_primary( 2102): found out /dev/snd/pcmC0D0p
E/audio_hw_primary( 2102): pcm_open(out) failed: cannot open device '/dev/snd/pcmC0D0p': Invalid argument
D/audio_hw_primary( 2102): found out /dev/snd/pcmC0D0p
E/audio_hw_primary( 2102): pcm_open(out) failed: cannot open device '/dev/snd/pcmC0D0p': Invalid argument
D/audio_hw_primary( 2102): found out /dev/snd/pcmC0D0p
E/audio_hw_primary( 2102): pcm_open(out) failed: cannot open device '/dev/snd/pcmC0D0p': Invalid argument
D/audio_hw_primary( 2102): found out /dev/snd/pcmC0D0p
E/audio_hw_primary( 2102): pcm_open(out) failed: cannot open device '/dev/snd/pcmC0D0p': Invalid argument
D/audio_hw_primary( 2102): found out /dev/snd/pcmC0D0p
E/audio_hw_primary( 2102): pcm_open(out) failed: cannot open device '/dev/snd/pcmC0D0p': Invalid argument
D/audio_hw_primary( 2102): found out /dev/snd/pcmC0D0p
E/audio_hw_primary( 2102): pcm_open(out) failed: cannot open device '/dev/snd/pcmC0D0p': Invalid argument
D/audio_hw_primary( 2102): found out /dev/snd/pcmC0D0p
E/audio_hw_primary( 2102): pcm_open(out) failed: cannot open device '/dev/snd/pcmC0D0p': Invalid argument
D/audio_hw_primary( 2102): found out /dev/snd/pcmC0D0p
E/audio_hw_primary( 2102): pcm_open(out) failed: cannot open device '/dev/snd/pcmC0D0p': Invalid argument
D/audio_hw_primary( 2102): found out /dev/snd/pcmC0D0p
E/audio_hw_primary( 2102): pcm_open(out) failed: cannot open device '/dev/snd/pcmC0D0p': Invalid argument
D/audio_hw_primary( 2102): found out /dev/snd/pcmC0D0p
E/audio_hw_primary( 2102): pcm_open(out) failed: cannot open device '/dev/snd/pcmC0D0p': Invalid argument
I/ActivityManager( 2436): Killing 3520:com.android.onetimeinitializer/u0a10 (adj 15): empty #17
D/audio_hw_primary( 2102): found out /dev/snd/pcmC0D0p
E/audio_hw_primary( 2102): pcm_open(out) failed: cannot open device '/dev/snd/pcmC0D0p': Invalid argument
D/audio_hw_primary( 2102): found out /dev/snd/pcmC0D0p
E/audio_hw_primary( 2102): pcm_open(out) failed: cannot open device '/dev/snd/pcmC0D0p': Invalid argument
D/audio_hw_primary( 2102): found out /dev/snd/pcmC0D0p
E/audio_hw_primary( 2102): pcm_open(out) failed: cannot open device '/dev/snd/pcmC0D0p': Invalid argument
D/audio_hw_primary( 2102): found out /dev/snd/pcmC0D0p
E/audio_hw_primary( 2102): pcm_open(out) failed: cannot open device '/dev/snd/pcmC0D0p': Invalid argument
D/audio_hw_primary( 2102): found out /dev/snd/pcmC0D0p
E/audio_hw_primary( 2102): pcm_open(out) failed: cannot open device '/dev/snd/pcmC0D0p': Invalid argument
D/audio_hw_primary( 2102): found out /dev/snd/pcmC0D0p
E/audio_hw_primary( 2102): pcm_open(out) failed: cannot open device '/dev/snd/pcmC0D0p': Invalid argument
D/audio_hw_primary( 2102): found out /dev/snd/pcmC0D0p
E/audio_hw_primary( 2102): pcm_open(out) failed: cannot open device '/dev/snd/pcmC0D0p': Invalid argument
D/audio_hw_primary( 2102): found out /dev/snd/pcmC0D0p
E/audio_hw_primary( 2102): pcm_open(out) failed: cannot open device '/dev/snd/pcmC0D0p': Invalid argument
D/audio_hw_primary( 2102): found out /dev/snd/pcmC0D0p
E/audio_hw_primary( 2102): pcm_open(out) failed: cannot open device '/dev/snd/pcmC0D0p': Invalid argument
D/audio_hw_primary( 2102): found out /dev/snd/pcmC0D0p
E/audio_hw_primary( 2102): pcm_open(out) failed: cannot open device '/dev/snd/pcmC0D0p': Invalid argument
D/audio_hw_primary( 2102): found out /dev/snd/pcmC0D0p
E/audio_hw_primary( 2102): pcm_open(out) failed: cannot open device '/dev/snd/pcmC0D0p': Invalid argument
D/audio_hw_primary( 2102): found out /dev/snd/pcmC0D0p
