--------- beginning of system
I/Vold ( 0): Vold 2.1 (the revenge) firing up
I/ActivityManager( 2436): Start proc 3899:com.android.bluetooth/1002 for service com.android.bluetooth/.btservice.AdapterService
W/ResourcesManager( 3899): Asset path '/system/framework/javax.obex.jar' does not exist or contains no resources.
W/ContextImpl( 3086): Calling a method in the system process without a qualified user: android.app.ContextImpl.startService:1692 android.content.ContextWrapper.startService:516 android.content.ContextWrapper.startService:516 com.android.settings.bluetooth.DockEventReceiver.beginStartingService:134 com.android.settings.bluetooth.DockEventReceiver.onReceive:115
I/ActivityManager( 2436): Process com.android.bluetooth (pid 3899) has died
I/ActivityManager( 2436): Start proc 3951:com.android.bluetooth/1002 for service com.android.bluetooth/.btservice.AdapterService
W/ResourcesManager( 3951): Asset path '/system/framework/javax.obex.jar' does not exist or contains no resources.
W/ContextImpl( 3086): Calling a method in the system process without a qualified user: android.app.ContextImpl.startService:1692 android.content.ContextWrapper.startService:516 android.content.ContextWrapper.startService:516 com.android.settings.bluetooth.DockEventReceiver.beginStartingService:134 com.android.settings.bluetooth.DockEventReceiver.onReceive:115
I/ActivityManager( 2436): Process com.android.bluetooth (pid 3951) has died
I/ActivityManager( 2436): Start proc 3993:com.android.bluetooth/1002 for service com.android.bluetooth/.btservice.AdapterService
W/ResourcesManager( 3993): Asset path '/system/framework/javax.obex.jar' does not exist or contains no resources.
W/ContextImpl( 3086): Calling a method in the system process without a qualified user: android.app.ContextImpl.startService:1692 android.content.ContextWrapper.startService:516 android.content.ContextWrapper.startService:516 com.android.settings.bluetooth.DockEventReceiver.beginStartingService:134 com.android.settings.bluetooth.DockEventReceiver.onReceive:115
I/ActivityManager( 2436): Process com.android.bluetooth (pid 3993) has died
I/ActivityManager( 2436): Start proc 4033:com.android.bluetooth/1002 for service com.android.bluetooth/.btservice.AdapterService
W/ResourcesManager( 4033): Asset path '/system/framework/javax.obex.jar' does not exist or contains no resources.
W/ContextImpl( 3086): Calling a method in the system process without a qualified user: android.app.ContextImpl.startService:1692 android.content.ContextWrapper.startService:516 android.content.ContextWrapper.startService:516 com.android.settings.bluetooth.DockEventReceiver.beginStartingService:134 com.android.settings.bluetooth.DockEventReceiver.onReceive:115
I/ActivityManager( 2436): Process com.android.bluetooth (pid 4033) has died
I/ActivityManager( 2436): Start proc 4072:com.android.bluetooth/1002 for service com.android.bluetooth/.btservice.AdapterService
W/ResourcesManager( 4072): Asset path '/system/framework/javax.obex.jar' does not exist or contains no resources.
W/ContextImpl( 3086): Calling a method in the system process without a qualified user: android.app.ContextImpl.startService:1692 android.content.ContextWrapper.startService:516 android.content.ContextWrapper.startService:516 com.android.settings.bluetooth.DockEventReceiver.beginStartingService:134 com.android.settings.bluetooth.DockEventReceiver.onReceive:115
I/ActivityManager( 2436): Process com.android.bluetooth (pid 4072) has died
I/ActivityManager( 2436): Start proc 4117:com.android.bluetooth/1002 for service com.android.bluetooth/.btservice.AdapterService
W/ResourcesManager( 4117): Asset path '/system/framework/javax.obex.jar' does not exist or contains no resources.
W/ContextImpl( 3086): Calling a method in the system process without a qualified user: android.app.ContextImpl.startService:1692 android.content.ContextWrapper.startService:516 android.content.ContextWrapper.startService:516 com.android.settings.bluetooth.DockEventReceiver.beginStartingService:134 com.android.settings.bluetooth.DockEventReceiver.onReceive:115
I/ActivityManager( 2436): Process com.android.bluetooth (pid 4117) has died
I/ActivityManager( 2436): START u0 {act=android.settings.BLUETOOTH_SETTINGS flg=0x14000000 cmp=com.android.settings/.Settings$BluetoothSettingsActivity} from uid 10013 on display 0
V/WindowManager( 2436): addAppToken: AppWindowToken{150a37e6 token=Token{2405d641 ActivityRecord{116bd928 u0 com.android.settings/.Settings$BluetoothSettingsActivity t7}}} to stack=1 task=7 at 0
V/WindowManager( 2436): Adding window Window{2ac1fe1f u0 Starting com.android.settings} at 4 of 9 (after Window{2123064d u0 com.android.browser/com.android.browser.BrowserActivity})
I/UsageStatsService( 2436): User[0] Flushing usage stats to disk
I/UsageStatsDatabase( 2436): Moving file /data/system/usagestats/0/daily/1430956800000 to /data/system/usagestats/0/daily/1430936904338
I/UsageStatsDatabase( 2436): Moving file /data/system/usagestats/0/weekly/1430956800000 to /data/system/usagestats/0/weekly/1430936904338
I/UsageStatsDatabase( 2436): Moving file /data/system/usagestats/0/monthly/1430784000000 to /data/system/usagestats/0/monthly/1430764104338
I/UsageStatsDatabase( 2436): Moving file /data/system/usagestats/0/yearly/1419120000000 to /data/system/usagestats/0/yearly/1419100104338
I/UsageStatsService( 2436): User[0] Rollover scheduled @ 2015-05-08 00:00:00(1431043200000)
W/InputMethodManagerService( 2436): Focus gain on non-focused client com.android.internal.view.IInputMethodClient$Stub$Proxy@3b00d56c (uid=10019 pid=3685)
V/WindowManager( 2436): Adding window Window{16a95834 u0 com.android.settings/com.android.settings.Settings$BluetoothSettingsActivity} at 4 of 10 (before Window{2ac1fe1f u0 Starting com.android.settings})
I/ActivityManager( 2436): Start proc 4163:com.android.bluetooth/1002 for service com.android.bluetooth/.btservice.AdapterService
W/ResourcesManager( 4163): Asset path '/system/framework/javax.obex.jar' does not exist or contains no resources.
W/ContextImpl( 3086): Calling a method in the system process without a qualified user: android.app.ContextImpl.startService:1692 android.content.ContextWrapper.startService:516 android.content.ContextWrapper.startService:516 com.android.settings.bluetooth.DockEventReceiver.beginStartingService:134 com.android.settings.bluetooth.DockEventReceiver.onReceive:115
I/ActivityManager( 2436): Process com.android.bluetooth (pid 4163) has died
I/ActivityManager( 2436): Start proc 4204:com.android.bluetooth/1002 for service com.android.bluetooth/.btservice.AdapterService
W/ResourcesManager( 4204): Asset path '/system/framework/javax.obex.jar' does not exist or contains no resources.
W/ContextImpl( 3086): Calling a method in the system process without a qualified user: android.app.ContextImpl.startService:1692 android.content.ContextWrapper.startService:516 android.content.ContextWrapper.startService:516 com.android.settings.bluetooth.DockEventReceiver.beginStartingService:134 com.android.settings.bluetooth.DockEventReceiver.onReceive:115
I/ActivityManager( 2436): Process com.android.bluetooth (pid 4204) has died
V/WindowManager( 2436): Adding window Window{20146919 u0 PopupWindow:2cc172b} at 5 of 10 (after Window{16a95834 u0 com.android.settings/com.android.settings.Settings$BluetoothSettingsActivity})
W/ContextImpl( 3086): Calling a method in the system process without a qualified user: android.app.ContextImpl.sendBroadcast:1327 android.content.ContextWrapper.sendBroadcast:377 com.android.settings.bluetooth.BluetoothSettings.onOptionsItemSelected:235 android.app.Fragment.performOptionsItemSelected:2159 android.app.FragmentManagerImpl.dispatchOptionsItemSelected:1988
W/ViewRootImpl( 3086): Dropping event due to root view being removed: MotionEvent { action=ACTION_HOVER_ENTER, id[0]=0, x[0]=144.76099, y[0]=116.91678, toolType[0]=TOOL_TYPE_MOUSE, buttonState=0, metaState=0, flags=0x0, edgeFlags=0x0, pointerCount=1, historySize=0, eventTime=216974, downTime=216839, deviceId=8, source=0x2002 }
W/ViewRootImpl( 3086): Dropping event due to root view being removed: MotionEvent { action=ACTION_HOVER_MOVE, id[0]=0, x[0]=144.76099, y[0]=116.91678, toolType[0]=TOOL_TYPE_MOUSE, buttonState=0, metaState=0, flags=0x0, edgeFlags=0x0, pointerCount=1, historySize=0, eventTime=216974, downTime=216839, deviceId=8, source=0x2002 }
W/InputMethodManagerService( 2436): Window already focused, ignoring focus gain of: com.android.internal.view.IInputMethodClient$Stub$Proxy@c797dd5 attribute=null, token = android.os.BinderProxy@36d32f07
I/ActivityManager( 2436): Start proc 4250:com.android.bluetooth/1002 for broadcast com.android.bluetooth/.opp.BluetoothOppReceiver
W/ResourcesManager( 4250): Asset path '/system/framework/javax.obex.jar' does not exist or contains no resources.
I/ActivityManager( 2436): START u0 {flg=0x14000000 cmp=com.android.bluetooth/.opp.BluetoothOppTransferHistory (has extras)} from uid 1002 on display 0
W/ResourcesManager( 2436): Asset path '/system/framework/javax.obex.jar' does not exist or contains no resources.
V/WindowManager( 2436): addAppToken: AppWindowToken{22538b78 token=Token{122cd4db ActivityRecord{3bcfa9ea u0 com.android.bluetooth/.opp.BluetoothOppTransferHistory t8}}} to stack=1 task=8 at 0
V/WindowManager( 2436): Adding window Window{2ef85190 u0 Starting com.android.bluetooth} at 6 of 11 (after Window{20146919 u0 PopupWindow:2cc172b EXITING})
I/ActivityManager( 2436): Killing 2965:com.android.printspooler/u0a44 (adj 15): empty #17
V/WindowManager( 2436): Adding window Window{93528a7 u0 com.android.bluetooth/com.android.bluetooth.opp.BluetoothOppTransferHistory} at 5 of 11 (before Window{2ef85190 u0 Starting com.android.bluetooth})
I/ActivityManager( 2436): START u0 {act=android.intent.action.MAIN cat=[android.intent.category.HOME] flg=0x10200000 cmp=com.cyanogenmod.trebuchet/com.android.launcher3.Launcher} from uid 1000 on display 0
I/ActivityManager( 2436): START u0 {act=android.intent.action.MAIN cat=[android.intent.category.HOME] flg=0x10200000 cmp=com.cyanogenmod.trebuchet/com.android.launcher3.Launcher} from uid 1000 on display 0
I/ActivityManager( 2436): START u0 {act=android.intent.action.MAIN cat=[android.intent.category.HOME] flg=0x10200000 cmp=com.cyanogenmod.trebuchet/com.android.launcher3.Launcher} from uid 1000 on display 0
I/ActivityManager( 2436): START u0 {act=android.intent.action.MAIN cat=[android.intent.category.LAUNCHER] flg=0x10200000 cmp=com.android.music/.MusicBrowserActivity} from uid 10014 on display 0
V/WindowManager( 2436): addAppToken: AppWindowToken{3ebe19b4 token=Token{2a240687 ActivityRecord{283b26c6 u0 com.android.music/.MusicBrowserActivity t9}}} to stack=1 task=9 at 0
V/WindowManager( 2436): Adding window Window{1e6556d9 u0 Starting com.android.music} at 5 of 10 (after Window{16a95834 u0 com.android.settings/com.android.settings.Settings$BluetoothSettingsActivity})
I/ActivityManager( 2436): Start proc 4284:com.android.music/u0a38 for activity com.android.music/.MusicBrowserActivity
I/ActivityManager( 2436): START u0 {act=android.intent.action.PICK dat= typ=vnd.android.cursor.dir/artistalbum flg=0x4000000 cmp=com.android.music/.ArtistAlbumBrowserActivity (has extras)} from uid 10038 on display 0
V/WindowManager( 2436): addAppToken: AppWindowToken{3866eb4c token=Token{28fd3f7f ActivityRecord{1672489e u0 com.android.music/.ArtistAlbumBrowserActivity t9}}} to stack=1 task=9 at 1
V/WindowManager( 2436): Based on layer: Adding window Window{1e6556d9 u0 Starting com.android.music} at 5 of 10
V/WindowManager( 2436): Adding window Window{e2b066f u0 com.android.music/com.android.music.ArtistAlbumBrowserActivity} at 5 of 11 (before Window{1e6556d9 u0 Starting com.android.music})
I/ActivityManager( 2436): START u0 {act=android.intent.action.PICK dat= typ=vnd.android.cursor.dir/album flg=0x4000000 cmp=com.android.music/.AlbumBrowserActivity (has extras)} from uid 10038 on display 0
V/WindowManager( 2436): addAppToken: AppWindowToken{6bdab80 token=Token{313ad003 ActivityRecord{1c978b2 u0 com.android.music/.AlbumBrowserActivity t9}}} to stack=1 task=9 at 1
V/WindowManager( 2436): Adding window Window{23543ed6 u0 com.android.music/com.android.music.AlbumBrowserActivity} at 6 of 11 (after Window{e2b066f u0 com.android.music/com.android.music.ArtistAlbumBrowserActivity})
I/ActivityManager( 2436): START u0 {act=android.intent.action.PICK dat= typ=vnd.android.cursor.dir/track flg=0x4000000 cmp=com.android.music/.TrackBrowserActivity (has extras)} from uid 10038 on display 0
V/WindowManager( 2436): addAppToken: AppWindowToken{2e37bd2d token=Token{2ea29844 ActivityRecord{25882557 u0 com.android.music/.TrackBrowserActivity t9}}} to stack=1 task=9 at 1
V/WindowManager( 2436): Adding window Window{13ffff29 u0 com.android.music/com.android.music.TrackBrowserActivity} at 6 of 11 (after Window{23543ed6 u0 com.android.music/com.android.music.AlbumBrowserActivity})
I/ActivityManager( 2436): START u0 {act=android.intent.action.MAIN cat=[android.intent.category.HOME] flg=0x10200000 cmp=com.cyanogenmod.trebuchet/com.android.launcher3.Launcher} from uid 1000 on display 0
I/ActivityManager( 2436): START u0 {act=android.intent.action.MAIN cat=[android.intent.category.LAUNCHER] flg=0x10200000 cmp=com.android.settings/.Settings} from uid 10014 on display 0
V/WindowManager( 2436): addAppToken: AppWindowToken{2a1d5155 token=Token{101ec40c ActivityRecord{2b3e033f u0 com.android.settings/.Settings t10}}} to stack=1 task=10 at 0
V/WindowManager( 2436): Adding window Window{329dc9c2 u0 Starting com.android.settings} at 6 of 11 (after Window{13ffff29 u0 com.android.music/com.android.music.TrackBrowserActivity})
V/WindowManager( 2436): Adding window Window{315ac2e6 u0 com.android.settings/com.android.settings.Settings} at 6 of 12 (before Window{329dc9c2 u0 Starting com.android.settings})
I/ActivityManager( 2436): START u0 {act=android.intent.action.MAIN cmp=com.android.settings/.SubSettings (has extras)} from uid 1000 on display 0
V/WindowManager( 2436): addAppToken: AppWindowToken{2b4ad840 token=Token{bc1b7c3 ActivityRecord{9802772 u0 com.android.settings/.SubSettings t10}}} to stack=1 task=10 at 1
V/WindowManager( 2436): Adding window Window{104c2904 u0 com.android.settings/com.android.settings.SubSettings} at 7 of 12 (after Window{315ac2e6 u0 com.android.settings/com.android.settings.Settings})
I/ActivityManager( 2436): START u0 {act=android.intent.action.RINGTONE_PICKER cmp=com.android.providers.media/.RingtonePickerActivity (has extras)} from uid 1000 on display 0
V/WindowManager( 2436): addAppToken: AppWindowToken{37e85d5d token=Token{70ddb34 ActivityRecord{3dbbde07 u0 com.android.providers.media/.RingtonePickerActivity t10}}} to stack=1 task=10 at 2
V/WindowManager( 2436): Adding window Window{10c7fe1e u0 com.android.providers.media/com.android.providers.media.RingtonePickerActivity} at 8 of 13 (after Window{104c2904 u0 com.android.settings/com.android.settings.SubSettings})
W/InputMethodManagerService( 2436): Window already focused, ignoring focus gain of: com.android.internal.view.IInputMethodClient$Stub$Proxy@3e7e2ace attribute=null, token = android.os.BinderProxy@300e8117
I/ActivityManager( 2436): START u0 {act=android.intent.action.RINGTONE_PICKER cmp=com.android.providers.media/.RingtonePickerActivity (has extras)} from uid 1000 on display 0
V/WindowManager( 2436): addAppToken: AppWindowToken{243db385 token=Token{db790fc ActivityRecord{36172def u0 com.android.providers.media/.RingtonePickerActivity t10}}} to stack=1 task=10 at 2
V/WindowManager( 2436): Adding window Window{3352ba0b u0 com.android.providers.media/com.android.providers.media.RingtonePickerActivity} at 8 of 13 (after Window{104c2904 u0 com.android.settings/com.android.settings.SubSettings})
W/InputMethodManagerService( 2436): Window already focused, ignoring focus gain of: com.android.internal.view.IInputMethodClient$Stub$Proxy@118a3bfb attribute=null, token = android.os.BinderProxy@300e8117
I/ActivityManager( 2436): START u0 {act=android.intent.action.MAIN cmp=com.android.settings/.SubSettings (has extras)} from uid 1000 on display 0
V/WindowManager( 2436): addAppToken: AppWindowToken{20c215e1 token=Token{10b8d348 ActivityRecord{1e5e19eb u0 com.android.settings/.SubSettings t10}}} to stack=1 task=10 at 1
I/ActivityManager( 2436): Start proc 4492:com.android.printspooler/u0a44 for service com.android.printspooler/.model.PrintSpoolerService
V/WindowManager( 2436): Adding window Window{33eb9e78 u0 com.android.settings/com.android.settings.SubSettings} at 7 of 12 (after Window{315ac2e6 u0 com.android.settings/com.android.settings.Settings})
I/ActivityManager( 2436): START u0 {act=android.intent.action.MAIN cmp=com.android.settings/.SubSettings (has extras)} from uid 1000 on display 0
V/WindowManager( 2436): addAppToken: AppWindowToken{233571c0 token=Token{23b8c743 ActivityRecord{3cb3c4f2 u0 com.android.settings/.SubSettings t10}}} to stack=1 task=10 at 1
V/WindowManager( 2436): Adding window Window{303bb431 u0 com.android.settings/com.android.settings.SubSettings} at 7 of 12 (after Window{315ac2e6 u0 com.android.settings/com.android.settings.Settings})
I/ActivityManager( 2436): START u0 {act=android.intent.action.MAIN cmp=android/com.android.internal.app.PlatLogoActivity} from uid 1000 on display 0
V/WindowManager( 2436): addAppToken: AppWindowToken{3413b869 token=Token{468caf0 ActivityRecord{338a0733 u0 android/com.android.internal.app.PlatLogoActivity t10}}} to stack=1 task=10 at 2
I/ActivityManager( 2436): Start proc 4516:android:ui/1000 for activity android/com.android.internal.app.PlatLogoActivity
V/WindowManager( 2436): Adding window Window{1f440ffa u0 android/com.android.internal.app.PlatLogoActivity} at 8 of 13 (after Window{303bb431 u0 com.android.settings/com.android.settings.SubSettings})
I/ActivityManager( 2436): START u0 {act=android.intent.action.MAIN cmp=android/com.android.internal.app.PlatLogoActivity} from uid 1000 on display 0
V/WindowManager( 2436): addAppToken: AppWindowToken{af10ba1 token=Token{28970808 ActivityRecord{223529ab u0 android/com.android.internal.app.PlatLogoActivity t10}}} to stack=1 task=10 at 3
V/WindowManager( 2436): Layouts looping: On entry to LockedInner, mPendingLayoutChanges = 0x4
V/WindowManager( 2436): Layouts looping: loop number 4, mPendingLayoutChanges = 0x0
V/WindowManager( 2436): Layouts looping: after finishPostLayoutPolicyLw, mPendingLayoutChanges = 0x0
V/WindowManager( 2436): Layouts looping: wallpaper and commitFinishDrawingLocked true, mPendingLayoutChanges = 0x4
V/WindowManager( 2436): Layouts looping: WallpaperMayChange, mPendingLayoutChanges = 0x4
V/WindowManager( 2436): Layouts looping: On entry to LockedInner, mPendingLayoutChanges = 0x4
V/WindowManager( 2436): Layouts looping: loop number 5, mPendingLayoutChanges = 0x0
V/WindowManager( 2436): Layouts looping: after finishPostLayoutPolicyLw, mPendingLayoutChanges = 0x0
V/WindowManager( 2436): Layouts looping: wallpaper and commitFinishDrawingLocked true, mPendingLayoutChanges = 0x4
V/WindowManager( 2436): Layouts looping: WallpaperMayChange, mPendingLayoutChanges = 0x4
E/WindowManager( 2436): Performed 6 layouts in a row. Skipping
V/WindowManager( 2436): Layouts looping: On entry to LockedInner, mPendingLayoutChanges = 0x4
V/WindowManager( 2436): Layouts looping: loop number 4, mPendingLayoutChanges = 0x0
V/WindowManager( 2436): Layouts looping: after finishPostLayoutPolicyLw, mPendingLayoutChanges = 0x0
V/WindowManager( 2436): Layouts looping: wallpaper and commitFinishDrawingLocked true, mPendingLayoutChanges = 0x4
V/WindowManager( 2436): Layouts looping: after handleAppTransitionReadyLocked, mPendingLayoutChanges = 0x4
V/WindowManager( 2436): Layouts looping: WallpaperMayChange, mPendingLayoutChanges = 0x4
V/WindowManager( 2436): Layouts looping: On entry to LockedInner, mPendingLayoutChanges = 0x4
V/WindowManager( 2436): Layouts looping: loop number 5, mPendingLayoutChanges = 0x0
V/WindowManager( 2436): Layouts looping: after finishPostLayoutPolicyLw, mPendingLayoutChanges = 0x0
V/WindowManager( 2436): Layouts looping: wallpaper and commitFinishDrawingLocked true, mPendingLayoutChanges = 0x4
V/WindowManager( 2436): Layouts looping: after handleAppTransitionReadyLocked, mPendingLayoutChanges = 0x4
V/WindowManager( 2436): Layouts looping: WallpaperMayChange, mPendingLayoutChanges = 0x4
E/WindowManager( 2436): Performed 6 layouts in a row. Skipping
V/WindowManager( 2436): Layouts looping: On entry to LockedInner, mPendingLayoutChanges = 0x4
V/WindowManager( 2436): Layouts looping: loop number 4, mPendingLayoutChanges = 0x0
V/WindowManager( 2436): Layouts looping: after finishPostLayoutPolicyLw, mPendingLayoutChanges = 0x0
V/WindowManager( 2436): Layouts looping: wallpaper and commitFinishDrawingLocked true, mPendingLayoutChanges = 0x4
V/WindowManager( 2436): Layouts looping: after handleAppTransitionReadyLocked, mPendingLayoutChanges = 0x4
V/WindowManager( 2436): Layouts looping: WallpaperMayChange, mPendingLayoutChanges = 0x4
V/WindowManager( 2436): Layouts looping: On entry to LockedInner, mPendingLayoutChanges = 0x4
V/WindowManager( 2436): Layouts looping: loop number 5, mPendingLayoutChanges = 0x0
V/WindowManager( 2436): Layouts looping: after finishPostLayoutPolicyLw, mPendingLayoutChanges = 0x0
V/WindowManager( 2436): Layouts looping: wallpaper and commitFinishDrawingLocked true, mPendingLayoutChanges = 0x4
V/WindowManager( 2436): Layouts looping: after handleAppTransitionReadyLocked, mPendingLayoutChanges = 0x4
V/WindowManager( 2436): Layouts looping: WallpaperMayChange, mPendingLayoutChanges = 0x4
E/WindowManager( 2436): Performed 6 layouts in a row. Skipping
V/WindowManager( 2436): Layouts looping: On entry to LockedInner, mPendingLayoutChanges = 0x4
V/WindowManager( 2436): Layouts looping: loop number 4, mPendingLayoutChanges = 0x0
V/WindowManager( 2436): Layouts looping: after finishPostLayoutPolicyLw, mPendingLayoutChanges = 0x0
V/WindowManager( 2436): Layouts looping: wallpaper and commitFinishDrawingLocked true, mPendingLayoutChanges = 0x4
V/WindowManager( 2436): Layouts looping: after handleAppTransitionReadyLocked, mPendingLayoutChanges = 0x4
V/WindowManager( 2436): Layouts looping: WallpaperMayChange, mPendingLayoutChanges = 0x4
V/WindowManager( 2436): Layouts looping: On entry to LockedInner, mPendingLayoutChanges = 0x4
V/WindowManager( 2436): Layouts looping: loop number 5, mPendingLayoutChanges = 0x0
V/WindowManager( 2436): Layouts looping: after finishPostLayoutPolicyLw, mPendingLayoutChanges = 0x0
V/WindowManager( 2436): Layouts looping: wallpaper and commitFinishDrawingLocked true, mPendingLayoutChanges = 0x4
V/WindowManager( 2436): Layouts looping: after handleAppTransitionReadyLocked, mPendingLayoutChanges = 0x4
V/WindowManager( 2436): Layouts looping: WallpaperMayChange, mPendingLayoutChanges = 0x4
E/WindowManager( 2436): Performed 6 layouts in a row. Skipping
V/WindowManager( 2436): Adding window Window{15989cb4 u0 android/com.android.internal.app.PlatLogoActivity} at 9 of 14 (after Window{1f440ffa u0 android/com.android.internal.app.PlatLogoActivity})
V/WindowManager( 2436): Layouts looping: On entry to LockedInner, mPendingLayoutChanges = 0x4
V/WindowManager( 2436): Layouts looping: loop number 4, mPendingLayoutChanges = 0x0
V/WindowManager( 2436): Layouts looping: after finishPostLayoutPolicyLw, mPendingLayoutChanges = 0x0
V/WindowManager( 2436): Layouts looping: wallpaper and commitFinishDrawingLocked true, mPendingLayoutChanges = 0x4
V/WindowManager( 2436): Layouts looping: after handleAppTransitionReadyLocked, mPendingLayoutChanges = 0x4
V/WindowManager( 2436): Layouts looping: WallpaperMayChange, mPendingLayoutChanges = 0x4
V/WindowManager( 2436): Layouts looping: On entry to LockedInner, mPendingLayoutChanges = 0x4
V/WindowManager( 2436): Layouts looping: loop number 5, mPendingLayoutChanges = 0x0
V/WindowManager( 2436): Layouts looping: after finishPostLayoutPolicyLw, mPendingLayoutChanges = 0x0
V/WindowManager( 2436): Layouts looping: wallpaper and commitFinishDrawingLocked true, mPendingLayoutChanges = 0x4
V/WindowManager( 2436): Layouts looping: after handleAppTransitionReadyLocked, mPendingLayoutChanges = 0x4
V/WindowManager( 2436): Layouts looping: WallpaperMayChange, mPendingLayoutChanges = 0x4
E/WindowManager( 2436): Performed 6 layouts in a row. Skipping
V/WindowManager( 2436): Layouts looping: On entry to LockedInner, mPendingLayoutChanges = 0x4
V/WindowManager( 2436): Layouts looping: loop number 4, mPendingLayoutChanges = 0x0
V/WindowManager( 2436): Layouts looping: after finishPostLayoutPolicyLw, mPendingLayoutChanges = 0x0
V/WindowManager( 2436): Layouts looping: wallpaper and commitFinishDrawingLocked true, mPendingLayoutChanges = 0x4
V/WindowManager( 2436): Layouts looping: after handleAppTransitionReadyLocked, mPendingLayoutChanges = 0x4
V/WindowManager( 2436): Layouts looping: WallpaperMayChange, mPendingLayoutChanges = 0x4
V/WindowManager( 2436): Layouts looping: On entry to LockedInner, mPendingLayoutChanges = 0x4
V/WindowManager( 2436): Layouts looping: loop number 5, mPendingLayoutChanges = 0x0
V/WindowManager( 2436): Layouts looping: after finishPostLayoutPolicyLw, mPendingLayoutChanges = 0x0
V/WindowManager( 2436): Layouts looping: wallpaper and commitFinishDrawingLocked true, mPendingLayoutChanges = 0x4
V/WindowManager( 2436): Layouts looping: after handleAppTransitionReadyLocked, mPendingLayoutChanges = 0x4
V/WindowManager( 2436): Layouts looping: WallpaperMayChange, mPendingLayoutChanges = 0x4
E/WindowManager( 2436): Performed 6 layouts in a row. Skipping
V/WindowManager( 2436): Layouts looping: On entry to LockedInner, mPendingLayoutChanges = 0x4
V/WindowManager( 2436): Layouts looping: loop number 4, mPendingLayoutChanges = 0x0
V/WindowManager( 2436): Layouts looping: after finishPostLayoutPolicyLw, mPendingLayoutChanges = 0x0
V/WindowManager( 2436): Layouts looping: wallpaper and commitFinishDrawingLocked true, mPendingLayoutChanges = 0x4
V/WindowManager( 2436): Layouts looping: after handleAppTransitionReadyLocked, mPendingLayoutChanges = 0x4
V/WindowManager( 2436): Layouts looping: WallpaperMayChange, mPendingLayoutChanges = 0x4
V/WindowManager( 2436): Layouts looping: On entry to LockedInner, mPendingLayoutChanges = 0x4
V/WindowManager( 2436): Layouts looping: loop number 5, mPendingLayoutChanges = 0x0
V/WindowManager( 2436): Layouts looping: after finishPostLayoutPolicyLw, mPendingLayoutChanges = 0x0
V/WindowManager( 2436): Layouts looping: wallpaper and commitFinishDrawingLocked true, mPendingLayoutChanges = 0x4
V/WindowManager( 2436): Layouts looping: after handleAppTransitionReadyLocked, mPendingLayoutChanges = 0x4
V/WindowManager( 2436): Layouts looping: WallpaperMayChange, mPendingLayoutChanges = 0x4
E/WindowManager( 2436): Performed 6 layouts in a row. Skipping
V/WindowManager( 2436): Layouts looping: On entry to LockedInner, mPendingLayoutChanges = 0x4
V/WindowManager( 2436): Layouts looping: loop number 4, mPendingLayoutChanges = 0x0
V/WindowManager( 2436): Layouts looping: after finishPostLayoutPolicyLw, mPendingLayoutChanges = 0x0
V/WindowManager( 2436): Layouts looping: wallpaper and commitFinishDrawingLocked true, mPendingLayoutChanges = 0x4
V/WindowManager( 2436): Layouts looping: WallpaperMayChange, mPendingLayoutChanges = 0x4
V/WindowManager( 2436): Layouts looping: On entry to LockedInner, mPendingLayoutChanges = 0x4
V/WindowManager( 2436): Layouts looping: loop number 5, mPendingLayoutChanges = 0x0
V/WindowManager( 2436): Layouts looping: after finishPostLayoutPolicyLw, mPendingLayoutChanges = 0x0
V/WindowManager( 2436): Layouts looping: wallpaper and commitFinishDrawingLocked true, mPendingLayoutChanges = 0x4
V/WindowManager( 2436): Layouts looping: WallpaperMayChange, mPendingLayoutChanges = 0x4
E/WindowManager( 2436): Performed 6 layouts in a row. Skipping
V/WindowManager( 2436): Layouts looping: On entry to LockedInner, mPendingLayoutChanges = 0x4
V/WindowManager( 2436): Layouts looping: loop number 4, mPendingLayoutChanges = 0x0
V/WindowManager( 2436): Layouts looping: after finishPostLayoutPolicyLw, mPendingLayoutChanges = 0x0
V/WindowManager( 2436): Layouts looping: wallpaper and commitFinishDrawingLocked true, mPendingLayoutChanges = 0x4
V/WindowManager( 2436): Layouts looping: WallpaperMayChange, mPendingLayoutChanges = 0x4
V/WindowManager( 2436): Layouts looping: On entry to LockedInner, mPendingLayoutChanges = 0x4
V/WindowManager( 2436): Layouts looping: loop number 5, mPendingLayoutChanges = 0x0
V/WindowManager( 2436): Layouts looping: after finishPostLayoutPolicyLw, mPendingLayoutChanges = 0x0
V/WindowManager( 2436): Layouts looping: wallpaper and commitFinishDrawingLocked true, mPendingLayoutChanges = 0x4
V/WindowManager( 2436): Layouts looping: WallpaperMayChange, mPendingLayoutChanges = 0x4
E/WindowManager( 2436): Performed 6 layouts in a row. Skipping
V/WindowManager( 2436): Layouts looping: On entry to LockedInner, mPendingLayoutChanges = 0x4
V/WindowManager( 2436): Layouts looping: loop number 4, mPendingLayoutChanges = 0x0
V/WindowManager( 2436): Layouts looping: after finishPostLayoutPolicyLw, mPendingLayoutChanges = 0x0
V/WindowManager( 2436): Layouts looping: wallpaper and commitFinishDrawingLocked true, mPendingLayoutChanges = 0x4
V/WindowManager( 2436): Layouts looping: WallpaperMayChange, mPendingLayoutChanges = 0x4
V/WindowManager( 2436): Layouts looping: On entry to LockedInner, mPendingLayoutChanges = 0x4
V/WindowManager( 2436): Layouts looping: loop number 5, mPendingLayoutChanges = 0x0
V/WindowManager( 2436): Layouts looping: after finishPostLayoutPolicyLw, mPendingLayoutChanges = 0x0
V/WindowManager( 2436): Layouts looping: wallpaper and commitFinishDrawingLocked true, mPendingLayoutChanges = 0x4
V/WindowManager( 2436): Layouts looping: WallpaperMayChange, mPendingLayoutChanges = 0x4
E/WindowManager( 2436): Performed 6 layouts in a row. Skipping
V/WindowManager( 2436): Layouts looping: On entry to LockedInner, mPendingLayoutChanges = 0x4
V/WindowManager( 2436): Layouts looping: loop number 4, mPendingLayoutChanges = 0x0
V/WindowManager( 2436): Layouts looping: after finishPostLayoutPolicyLw, mPendingLayoutChanges = 0x0
V/WindowManager( 2436): Layouts looping: wallpaper and commitFinishDrawingLocked true, mPendingLayoutChanges = 0x4
V/WindowManager( 2436): Layouts looping: WallpaperMayChange, mPendingLayoutChanges = 0x4
V/WindowManager( 2436): Layouts looping: On entry to LockedInner, mPendingLayoutChanges = 0x4
V/WindowManager( 2436): Layouts looping: loop number 5, mPendingLayoutChanges = 0x0
V/WindowManager( 2436): Layouts looping: after finishPostLayoutPolicyLw, mPendingLayoutChanges = 0x0
V/WindowManager( 2436): Layouts looping: wallpaper and commitFinishDrawingLocked true, mPendingLayoutChanges = 0x4
V/WindowManager( 2436): Layouts looping: WallpaperMayChange, mPendingLayoutChanges = 0x4
E/WindowManager( 2436): Performed 6 layouts in a row. Skipping
I/ActivityManager( 2436): START u0 {act=android.intent.action.MAIN cat=[com.android.internal.category.PLATLOGO] flg=0x10808000 cmp=com.android.systemui/.egg.LLandActivity} from uid 1000 on display 0
V/WindowManager( 2436): addAppToken: AppWindowToken{19aece4c token=Token{12bace7f ActivityRecord{2780b39e u0 com.android.systemui/.egg.LLandActivity t11}}} to stack=1 task=11 at 0
V/WindowManager( 2436): Adding window Window{25b60e77 u0 Starting com.android.systemui} at 10 of 15 (after Window{15989cb4 u0 android/com.android.internal.app.PlatLogoActivity})
I/ActivityManager( 2436): Start proc 4556:com.android.systemui:sweetsweetdesserts/u0a13 for activity com.android.systemui/.egg.LLandActivity
V/WindowManager( 2436): Adding window Window{2aef0b26 u0 com.android.systemui/com.android.systemui.egg.LLandActivity} at 10 of 16 (before Window{25b60e77 u0 Starting com.android.systemui})
I/ActivityManager( 2436): Killing 3373:com.android.dialer/u0a4 (adj 15): empty #17
I/ActivityManager( 2436): START u0 {act=android.intent.action.MAIN cat=[android.intent.category.HOME] flg=0x10200000 cmp=com.cyanogenmod.trebuchet/com.android.launcher3.Launcher} from uid 1000 on display 0
I/ActivityManager( 2436): START u0 {act=android.intent.action.MAIN cat=[android.intent.category.LAUNCHER] flg=0x10200000 cmp=com.android.dialer/.DialtactsActivity} from uid 10014 on display 0
V/WindowManager( 2436): addAppToken: AppWindowToken{57ac42d token=Token{32815b44 ActivityRecord{146c1457 u0 com.android.dialer/.DialtactsActivity t12}}} to stack=1 task=12 at 0
V/WindowManager( 2436): Adding window Window{1f0746ba u0 Starting com.android.dialer} at 9 of 14 (after Window{1f440ffa u0 android/com.android.internal.app.PlatLogoActivity})
I/ActivityManager( 2436): Start proc 4623:com.android.dialer/u0a4 for activity com.android.dialer/.DialtactsActivity
V/WindowManager( 2436): Adding window Window{27822ae3 u0 com.android.dialer/com.android.dialer.DialtactsActivity} at 9 of 15 (before Window{1f0746ba u0 Starting com.android.dialer})
I/ActivityManager( 2436): START u0 {act=android.intent.action.CALL_PRIVILEGED dat=tel:xxxxxxxxx-xxx cmp=com.android.server.telecom/.PrivilegedCallActivity (has extras)} from uid 10004 on display 0
V/WindowManager( 2436): addAppToken: AppWindowToken{a1ed26a token=Token{2061f855 ActivityRecord{2d81a70c u0 com.android.server.telecom/.PrivilegedCallActivity t12}}} to stack=1 task=12 at 1
I/ActivityManager( 2436): Start proc 4672:com.android.server.telecom:ui/1000 for activity com.android.server.telecom/.PrivilegedCallActivity
I/Telecom ( 2436): CallReceiver: onReceive - isUnknownCall: false
W/InputMethodManagerService( 2436): Window already focused, ignoring focus gain of: com.android.internal.view.IInputMethodClient$Stub$Proxy@1b38135b attribute=android.view.inputmethod.EditorInfo@2827f8, token = android.os.BinderProxy@183bf312
I/Telecom ( 2436): CallAudioManager: updateAudioStreamAndMode, mIsRinging: false, mIsTonePlaying: false
I/Telecom ( 2436): InCallController: Attempting to bind to InCall com.android.dialer, is dupe? false
I/Telecom ( 2436): CallAudioManager: updateAudioStreamAndMode, mIsRinging: false, mIsTonePlaying: false
I/Telecom ( 2436): CallAudioManager: requestAudioFocusAndSetMode, stream: -1 -> 0, mode: 2
I/ActivityManager( 2436): START u0 {flg=0x10840000 cmp=com.android.dialer/com.android.incallui.CircularRevealActivity (has extras)} from uid 10004 on display 0
V/WindowManager( 2436): addAppToken: AppWindowToken{2f42eb3c token=Token{162a892f ActivityRecord{1c24eb0e u0 com.android.dialer/com.android.incallui.CircularRevealActivity t13}}} to stack=1 task=13 at 0
V/WindowManager( 2436): Adding window Window{bc8aa1a u0 com.android.dialer/com.android.incallui.CircularRevealActivity} at 10 of 15 (after Window{27822ae3 u0 com.android.dialer/com.android.dialer.DialtactsActivity})
I/Telecom ( 2436): CallAudioManager: changing audio state from [AudioState isMuted: false, route: EARPIECE, supportedRouteMask: EARPIECE, SPEAKER] to [AudioState isMuted: false, route: EARPIECE, supportedRouteMask: EARPIECE, SPEAKER]
I/Telecom ( 2436): InCallController: onConnected to ComponentInfo{com.android.dialer/com.android.incallui.InCallServiceImpl}
I/Telecom ( 2436): InCallController: Adding 1 calls to InCallService after onConnected: ComponentInfo{com.android.dialer/com.android.incallui.InCallServiceImpl}
I/Telecom ( 2436): InCallController: addCall after binding: [81431095, CONNECTING, null, (***) ***-***, 0, childs(0), has_parent(false), [[Capabilities:]]
I/Telecom ( 2436): InCallController: Calling onAudioStateChanged, audioState: null -> [AudioState isMuted: false, route: EARPIECE, supportedRouteMask: EARPIECE, SPEAKER]
I/Telecom ( 2436): InCallController: onCanAddCallChanged : false
I/Telecom ( 2436): Call: CallerInfo received for (***) ***-***: com.android.internal.telephony.CallerInfo@27818441 { name null, phoneNumber non-null }
I/Telecom ( 2436): CallsManager: Creating a new outgoing call with handle: *********
I/Telecom ( 2436): CreateConnectionProcessor: Trying attempt CallAttemptRecord(ComponentInfo{com.android.phone/com.android.services.telephony.TelephonyConnectionService}, [e0184adedf913b076626646d3f52c3b49c39ad6d], UserHandle{0},ComponentInfo{com.android.phone/com.android.services.telephony.TelephonyConnectionService}, [e0184adedf913b076626646d3f52c3b49c39ad6d], UserHandle{0})
I/Telecom ( 2436): CreateConnectionProcessor: Attempting to call from ComponentInfo{com.android.phone/com.android.services.telephony.TelephonyConnectionService}
I/Telecom ( 2436): Call: CallerInfo received for *********: com.android.internal.telephony.CallerInfo@3e8b0b40 { name null, phoneNumber non-null }
I/Telecom ( 2436): ServiceBinderConnection: Service bound ComponentInfo{com.android.phone/com.android.services.telephony.TelephonyConnectionService}
I/Telecom ( 2436): ConnectionServiceWrapper: Service unbound ComponentInfo{com.android.phone/com.android.services.telephony.TelephonyConnectionService}, from unbind.
I/Telecom ( 2436): CallsManager: setCallState CONNECTING -> DISCONNECTED, call: [81431095, CONNECTING, null, *********, 0, childs(0), has_parent(false), [[Capabilities:]]
I/Telecom ( 2436): CallAudioManager: updateAudioStreamAndMode, mIsRinging: false, mIsTonePlaying: false
I/Telecom ( 2436): CallAudioManager: requestAudioFocusAndSetMode, stream: 0 -> 0, mode: 2
I/Telecom ( 2436): CallAudioManager: updateAudioStreamAndMode, mIsRinging: false, mIsTonePlaying: true
I/Telecom ( 2436): CallAudioManager: requestAudioFocusAndSetMode, stream: 0 -> 0, mode: 2
I/ActivityManager( 2436): START u0 {act=android.intent.action.MAIN flg=0x10840000 cmp=com.android.dialer/com.android.incallui.InCallActivity (has extras)} from uid 10004 on display 0
V/WindowManager( 2436): addAppToken: AppWindowToken{39d61c1f token=Token{3e2833be ActivityRecord{32217a79 u0 com.android.dialer/com.android.incallui.InCallActivity t14}}} to stack=1 task=14 at 0
W/ContextImpl( 2436): Calling a method in the system process without a qualified user: android.app.ContextImpl.sendBroadcast:1341 android.content.ContextWrapper.sendBroadcast:382 com.android.server.telecom.CallLogManager.sendAddCallBroadcast:295 com.android.server.telecom.CallLogManager.logCall:184 com.android.server.telecom.CallLogManager.logCall:147
I/Telecom ( 2436): CallAudioManager: updateAudioStreamAndMode, mIsRinging: false, mIsTonePlaying: true
I/Telecom ( 2436): CallAudioManager: requestAudioFocusAndSetMode, stream: 0 -> 0, mode: 2
I/Telecom ( 2436): InCallController: onCanAddCallChanged : true
I/Telecom ( 2436): CallAudioManager: updateAudioStreamAndMode, mIsRinging: false, mIsTonePlaying: true
I/Telecom ( 2436): CallAudioManager: requestAudioFocusAndSetMode, stream: 0 -> 0, mode: 2
I/Telecom ( 2436): InCallController: onCallRemoved: [81431095, DISCONNECTED, null, *********, 0, childs(0), has_parent(false), [[Capabilities:]]
I/Telecom ( 2436): InCallController: Unbinding from InCallService %s
I/Telecom ( 2436): ProximitySensorManager: All calls removed, resetting proximity sensor to default state
V/WindowManager( 2436): Adding window Window{204a5b3b u0 com.android.dialer/com.android.incallui.InCallActivity} at 11 of 16 (after Window{bc8aa1a u0 com.android.dialer/com.android.incallui.CircularRevealActivity})
V/WindowManager( 2436): Adding window Window{3e92ffb1 u0 com.android.dialer/com.android.incallui.InCallActivity} at 11 of 17 (before Window{204a5b3b u0 com.android.dialer/com.android.incallui.InCallActivity})
I/Telecom ( 2436): CallAudioManager: updateAudioStreamAndMode, mIsRinging: false, mIsTonePlaying: false
I/ActivityManager( 2436): START u0 {act=android.intent.action.MAIN cat=[android.intent.category.HOME] flg=0x10200000 cmp=com.cyanogenmod.trebuchet/com.android.launcher3.Launcher} from uid 1000 on display 0
D/TaskPersister( 2436): removeObsoleteFile: deleting file=14_task_thumbnail.png
D/TaskPersister( 2436): removeObsoleteFile: deleting file=13_task_thumbnail.png
I/ActivityManager( 2436): START u0 {act=android.intent.action.MAIN cat=[android.intent.category.LAUNCHER] flg=0x10200000 cmp=com.android.development/.Development} from uid 10014 on display 0
W/ResourcesManager( 2436): Asset path '/system/framework/android.test.runner.jar' does not exist or contains no resources.
V/WindowManager( 2436): addAppToken: AppWindowToken{105e5e34 token=Token{3dc08d07 ActivityRecord{6f3b746 u0 com.android.development/.Development t15}}} to stack=1 task=15 at 0
V/WindowManager( 2436): Adding window Window{16728215 u0 Starting com.android.development} at 10 of 15 (after Window{27822ae3 u0 com.android.dialer/com.android.dialer.DialtactsActivity})
I/ActivityManager( 2436): Start proc 4755:com.android.development/u0a27 for activity com.android.development/.Development
W/ResourcesManager( 4755): Asset path '/system/framework/android.test.runner.jar' does not exist or contains no resources.
V/WindowManager( 2436): Adding window Window{31be7df6 u0 com.android.development/com.android.development.Development} at 10 of 16 (before Window{16728215 u0 Starting com.android.development})
I/ActivityManager( 2436): START u0 {act=android.intent.action.MAIN cat=[android.intent.category.TEST] cmp=com.android.wallpaper.holospiral/.HoloSpiralTestActivity} from uid 10027 on display 0
V/WindowManager( 2436): addAppToken: AppWindowToken{2a9ac9 token=Token{229e3ad0 ActivityRecord{531ca93 u0 com.android.wallpaper.holospiral/.HoloSpiralTestActivity t15}}} to stack=1 task=15 at 1
V/WindowManager( 2436): Adding window Window{2ec300da u0 Starting com.android.wallpaper.holospiral} at 11 of 16 (after Window{31be7df6 u0 com.android.development/com.android.development.Development})
I/ActivityManager( 2436): Start proc 4777:com.android.wallpaper.holospiral/u0a34 for activity com.android.wallpaper.holospiral/.HoloSpiralTestActivity --------- beginning of crash
E/AndroidRuntime( 4777): FATAL EXCEPTION: main
E/AndroidRuntime( 4777): Process: com.android.wallpaper.holospiral, PID: 4777
E/AndroidRuntime( 4777): java.lang.RuntimeException: Unable to instantiate activity ComponentInfo{com.android.wallpaper.holospiral/com.android.wallpaper.holospiral.HoloSpiralTestActivity}: java.lang.ClassNotFoundException: Didn't find class "com.android.wallpaper.holospiral.HoloSpiralTestActivity" on path: DexPathList[[zip file "/system/app/HoloSpiralWallpaper/HoloSpiralWallpaper.apk"],nativeLibraryDirectories=[/vendor/lib, /system/lib]]
E/AndroidRuntime( 4777): at android.app.ActivityThread.performLaunchActivity(ActivityThread.java:2236)
E/AndroidRuntime( 4777): at android.app.ActivityThread.handleLaunchActivity(ActivityThread.java:2387)
E/AndroidRuntime( 4777): at android.app.ActivityThread.access$800(ActivityThread.java:151)
E/AndroidRuntime( 4777): at android.app.ActivityThread$H.handleMessage(ActivityThread.java:1303)
E/AndroidRuntime( 4777): at android.os.Handler.dispatchMessage(Handler.java:102)
E/AndroidRuntime( 4777): at android.os.Looper.loop(Looper.java:135)
E/AndroidRuntime( 4777): at android.app.ActivityThread.main(ActivityThread.java:5254)
E/AndroidRuntime( 4777): at java.lang.reflect.Method.invoke(Native Method)
E/AndroidRuntime( 4777): at java.lang.reflect.Method.invoke(Method.java:372)
E/AndroidRuntime( 4777): at com.android.internal.os.ZygoteInit$MethodAndArgsCaller.run(ZygoteInit.java:903)
E/AndroidRuntime( 4777): at com.android.internal.os.ZygoteInit.main(ZygoteInit.java:698)
E/AndroidRuntime( 4777): Caused by: java.lang.ClassNotFoundException: Didn't find class "com.android.wallpaper.holospiral.HoloSpiralTestActivity" on path: DexPathList[[zip file "/system/app/HoloSpiralWallpaper/HoloSpiralWallpaper.apk"],nativeLibraryDirectories=[/vendor/lib, /system/lib]]
E/AndroidRuntime( 4777): at dalvik.system.BaseDexClassLoader.findClass(BaseDexClassLoader.java:56)
E/AndroidRuntime( 4777): at java.lang.ClassLoader.loadClass(ClassLoader.java:511)
E/AndroidRuntime( 4777): at java.lang.ClassLoader.loadClass(ClassLoader.java:469)
E/AndroidRuntime( 4777): at android.app.Instrumentation.newActivity(Instrumentation.java:1066)
E/AndroidRuntime( 4777): at android.app.ActivityThread.performLaunchActivity(ActivityThread.java:2226)
E/AndroidRuntime( 4777): ... 10 more
E/AndroidRuntime( 4777): Suppressed: java.io.IOException: Zip archive '/system/app/HoloSpiralWallpaper/HoloSpiralWallpaper.apk' doesn't contain classes.dex (error msg: Entry not found)
E/AndroidRuntime( 4777): at dalvik.system.DexFile.openDexFileNative(Native Method)
E/AndroidRuntime( 4777): at dalvik.system.DexFile.openDexFile(DexFile.java:295)
E/AndroidRuntime( 4777): at dalvik.system.DexFile.(DexFile.java:80)
E/AndroidRuntime( 4777): at dalvik.system.DexFile.(DexFile.java:59)
E/AndroidRuntime( 4777): at dalvik.system.DexPathList.loadDexFile(DexPathList.java:262)
E/AndroidRuntime( 4777): at dalvik.system.DexPathList.makeDexElements(DexPathList.java:231)
E/AndroidRuntime( 4777): at dalvik.system.DexPathList.(DexPathList.java:109)
E/AndroidRuntime( 4777): at dalvik.system.BaseDexClassLoader.(BaseDexClassLoader.java:48)
E/AndroidRuntime( 4777): at dalvik.system.PathClassLoader.(PathClassLoader.java:65)
E/AndroidRuntime( 4777): at android.app.ApplicationLoaders.getClassLoader(ApplicationLoaders.java:57)
E/AndroidRuntime( 4777): at android.app.LoadedApk.getClassLoader(LoadedApk.java:361)
E/AndroidRuntime( 4777): at android.app.LoadedApk.makeApplication(LoadedApk.java:553)
E/AndroidRuntime( 4777): at android.app.ActivityThread.handleBindApplication(ActivityThread.java:4526)
E/AndroidRuntime( 4777): at android.app.ActivityThread.access$1500(ActivityThread.java:151)
E/AndroidRuntime( 4777): at android.app.ActivityThread$H.handleMessage(ActivityThread.java:1364)
E/AndroidRuntime( 4777): ... 7 more
E/AndroidRuntime( 4777): Caused by: java.io.IOException: Failed to open oat file from dex location '/system/app/HoloSpiralWallpaper/HoloSpiralWallpaper.apk'
E/AndroidRuntime( 4777): ... 22 more
E/AndroidRuntime( 4777): Caused by: java.io.IOException: Failed to open oat file from /system/app/HoloSpiralWallpaper/x86/HoloSpiralWallpaper.odex (error Failed to open oat filename for reading: No such file or directory) (no dalvik_cache availible) and relocation failed.
E/AndroidRuntime( 4777): ... 22 more
E/AndroidRuntime( 4777): Caused by: java.io.IOException:
E/AndroidRuntime( 4777): ... 22 more
E/AndroidRuntime( 4777): Suppressed: java.lang.ClassNotFoundException: com.android.wallpaper.holospiral.HoloSpiralTestActivity
E/AndroidRuntime( 4777): at java.lang.Class.classForName(Native Method)
E/AndroidRuntime( 4777): at java.lang.BootClassLoader.findClass(ClassLoader.java:781)
E/AndroidRuntime( 4777): at java.lang.BootClassLoader.loadClass(ClassLoader.java:841)
E/AndroidRuntime( 4777): at java.lang.ClassLoader.loadClass(ClassLoader.java:504)
E/AndroidRuntime( 4777): ... 13 more
E/AndroidRuntime( 4777): Caused by: java.lang.NoClassDefFoundError: Class not found using the boot class loader; no stack available
W/ActivityManager( 2436): Force finishing activity 1 com.android.wallpaper.holospiral/.HoloSpiralTestActivity
W/ActivityManager( 2436): Force finishing activity 2 com.android.development/.Development
W/ActivityManager( 2436): Activity pause timeout for ActivityRecord{531ca93 u0 com.android.wallpaper.holospiral/.HoloSpiralTestActivity t15 f}
I/ActivityManager( 2436): Killing 3352:com.android.keychain/1000 (adj 15): empty #17
I/ActivityManager( 2436): Killing 3467:com.android.managedprovisioning/u0a7 (adj 15): empty #17
I/ActivityManager( 2436): Process com.android.wallpaper.holospiral (pid 4777) has died
I/ActivityManager( 2436): START u0 {act=android.intent.action.MAIN cat=[android.intent.category.LAUNCHER] flg=0x10200000 cmp=com.android.gallery3d/.app.GalleryActivity} from uid 10014 on display 0
V/WindowManager( 2436): addAppToken: AppWindowToken{16375ef4 token=Token{ace18c7 ActivityRecord{1a551a06 u0 com.android.gallery3d/.app.GalleryActivity t16}}} to stack=1 task=16 at 0
V/WindowManager( 2436): Adding window Window{1f28c1b7 u0 Starting com.android.gallery3d} at 10 of 15 (after Window{27822ae3 u0 com.android.dialer/com.android.dialer.DialtactsActivity})
E/Vold ( 2094): Failed to find mounted volume for /storage/usb0/Android/data/com.android.gallery3d/cache/
W/Vold ( 2094): Returning OperationFailed - no handler for errno 0
E/Vold ( 2094): Failed to find mounted volume for /storage/usb1/Android/data/com.android.gallery3d/cache/
W/Vold ( 2094): Returning OperationFailed - no handler for errno 0
E/Vold ( 2094): Failed to find mounted volume for /storage/usb2/Android/data/com.android.gallery3d/cache/
W/Vold ( 2094): Returning OperationFailed - no handler for errno 0
E/Vold ( 2094): Failed to find mounted volume for /storage/usb3/Android/data/com.android.gallery3d/cache/
W/Vold ( 2094): Returning OperationFailed - no handler for errno 0
E/Vold ( 2094): Failed to find mounted volume for /storage/sdcard1/Android/data/com.android.gallery3d/cache/
W/Vold ( 2094): Returning OperationFailed - no handler for errno 0
V/WindowManager( 2436): Adding window Window{38dcb889 u0 com.android.gallery3d/com.android.gallery3d.app.GalleryActivity} at 10 of 16 (before Window{1f28c1b7 u0 Starting com.android.gallery3d})
V/WindowManager( 2436): Adding window Window{61830af u0 SurfaceView} at 10 of 17 (before Window{38dcb889 u0 com.android.gallery3d/com.android.gallery3d.app.GalleryActivity})
F/libc ( 3242): Fatal signal 11 (SIGSEGV), code 2, fault addr 0xeb8d5d50 in tid 4806 (RenderThread)
I/DEBUG ( 2098): *** *** *** *** *** *** *** *** *** *** *** *** *** *** *** ***
I/DEBUG ( 2098): Build fingerprint: 'Android-x86/android_x86_64/x86_64:5.1.1/LMY47V/sonic05052324:userdebug/test-keys'
I/DEBUG ( 2098): Revision: '0'
I/DEBUG ( 2098): ABI: 'x86'
I/DEBUG ( 2098): pid: 3242, tid: 4806, name: RenderThread >>> com.android.gallery3d <<<
I/DEBUG ( 2098): signal 11 (SIGSEGV), code 2 (SEGV_ACCERR), fault addr 0xeb8d5d50
I/DEBUG ( 2098): eax 00000000 ebx f6fe053c ecx 00000001 edx f6fc2861
I/DEBUG ( 2098): esi e2e20924 edi 00000003
I/DEBUG ( 2098): xcs 00000023 xds 0000002b xes 0000002b xfs 00000087 xss 0000002b
