D/wpa_supplicant( 3763): IEs - hexdump(len=68): 00 0b 54 65 63 68 6e 6f 62 75 72 73 74 01 08 82 84 8b 96 24 30 48 6c 03 01 0b 2a 01 04 2f 01 04 ...
D/wpa_supplicant( 3763): 00:25:5e:8c:77:4b freq=2447 qual=0 noise=0 level=-71 flags=0xb age=1
D/wpa_supplicant( 3763): IEs - hexdump(len=70): 00 07 42 53 4e 4c 5f 41 50 01 04 82 84 8b 96 03 01 08 07 06 49 4e 49 01 0d 14 2a 01 00 32 08 0c ...
D/wpa_supplicant( 3763): 00:25:5e:9c:ae:21 freq=2427 qual=0 noise=0 level=-73 flags=0xb age=2
D/wpa_supplicant( 3763): IEs - hexdump(len=70): 00 07 42 53 4e 4c 5f 41 50 01 04 82 84 8b 96 03 01 04 07 06 49 4e 49 01 0d 14 2a 01 00 32 08 0c ...
D/wpa_supplicant( 3763): wlan0: BSS: Start scan result update 26
D/wpa_supplicant( 3763): BSS: last_scan_res_used=3/32
D/wpa_supplicant( 3763): Add randomness: count=49 entropy=43
D/wpa_supplicant( 3763): random pool - hexdump(len=128): [REMOVED]
D/wpa_supplicant( 3763): random_mix_pool - hexdump(len=16): [REMOVED]
D/wpa_supplicant( 3763): random_mix_pool - hexdump(len=5): [REMOVED]
D/wpa_supplicant( 3763): random pool - hexdump(len=128): [REMOVED]
D/wpa_supplicant( 3763): Add randomness: count=50 entropy=44
D/wpa_supplicant( 3763): random pool - hexdump(len=128): [REMOVED]
D/wpa_supplicant( 3763): random_mix_pool - hexdump(len=16): [REMOVED]
D/wpa_supplicant( 3763): random_mix_pool - hexdump(len=5): [REMOVED]
D/wpa_supplicant( 3763): random pool - hexdump(len=128): [REMOVED]
D/wpa_supplicant( 3763): Add randomness: count=51 entropy=45
D/wpa_supplicant( 3763): random pool - hexdump(len=128): [REMOVED]
D/wpa_supplicant( 3763): random_mix_pool - hexdump(len=16): [REMOVED]
D/wpa_supplicant( 3763): random_mix_pool - hexdump(len=5): [REMOVED]
D/wpa_supplicant( 3763): random pool - hexdump(len=128): [REMOVED]
D/wpa_supplicant( 3763): wlan0: Scan-only results received
D/wpa_supplicant( 3763): CTRL_IFACE monitor sent successfully to /data/misc/wifi/sockets/wpa_ctrl_2436-4\x00
D/wpa_supplicant( 3763): wlan0: Radio work 'scan'@0x7f6445c1c420 done in 1.439160 seconds
D/wpa_supplicant( 3763): wlan0: Control interface command 'BSS RANGE=0- MASK=0x21987'
D/wpa_supplicant( 3763): wlan0: Control interface command 'STATUS-NO_EVENTS'
D/wpa_supplicant( 3763): wlan0: Control interface command 'SIGNAL_POLL'
D/wpa_supplicant( 3763): wlan0: Control interface command 'SIGNAL_POLL'
D/wpa_supplicant( 3763): wlan0: Control interface command 'SIGNAL_POLL'
D/wpa_supplicant( 3763): wlan0: Control interface command 'SIGNAL_POLL'
D/wpa_supplicant( 3763): wlan0: Control interface command 'SIGNAL_POLL'
D/wpa_supplicant( 3763): wlan0: Control interface command 'SIGNAL_POLL'
E/WifiStateMachine( 2436): WifiStateMachine CMD_START_SCAN source -2 txSuccessRate=-0.00 rxSuccessRate=-0.00 targetRoamBSSID=00:1b:da:33:7a:9f RSSI=-59
E/WifiStateMachine( 2436): WifiStateMachine starting scan for "Technoburst"WPA_PSK with 2462
D/wpa_supplicant( 3763): wlan0: Control interface command 'SCAN TYPE=ONLY freq=2462'
D/wpa_supplicant( 3763): wlan0: Setting scan request: 0.000000 sec
D/wpa_supplicant( 3763): wlan0: Starting AP scan for wildcard SSID
D/wpa_supplicant( 3763): wlan0: Limit manual scan to specified channels
D/wpa_supplicant( 3763): wlan0: Add radio work 'scan'@0x7f6445c1c470
D/wpa_supplicant( 3763): wlan0: First radio work item in the queue - schedule start immediately
D/wpa_supplicant( 3763): wlan0: Starting radio work 'scan'@0x7f6445c1c470 after 0.000069 second wait
D/wpa_supplicant( 3763): wlan0: nl80211: scan request
D/wpa_supplicant( 3763): nl80211: Scan SSID - hexdump(len=0): [NULL]
D/wpa_supplicant( 3763): nl80211: Scan frequency 2462 MHz
D/wpa_supplicant( 3763): Scan requested (ret=0) - scan timeout 30 seconds
D/wpa_supplicant( 3763): nl80211: Event message available
D/wpa_supplicant( 3763): nl80211: Drv Event 33 (NL80211_CMD_TRIGGER_SCAN) received for wlan0
D/wpa_supplicant( 3763): wlan0: nl80211: Scan trigger
D/wpa_supplicant( 3763): wlan0: Event SCAN_STARTED (49) received
D/wpa_supplicant( 3763): wlan0: Own scan request started a scan in 0.000217 seconds
D/wpa_supplicant( 3763): CTRL_IFACE monitor sent successfully to /data/misc/wifi/sockets/wpa_ctrl_2436-4\x00
D/wpa_supplicant( 3763): RTM_NEWLINK: ifi_index=4 ifname=wlan0 wext ifi_family=0 ifi_flags=0x11043 ([UP][RUNNING][LOWER_UP])
D/wpa_supplicant( 3763): nl80211: Event message available
D/wpa_supplicant( 3763): nl80211: Drv Event 34 (NL80211_CMD_NEW_SCAN_RESULTS) received for wlan0
D/wpa_supplicant( 3763): wlan0: nl80211: New scan results available
D/wpa_supplicant( 3763): nl80211: Scan probed for SSID ''
D/wpa_supplicant( 3763): nl80211: Scan included frequencies: 2462
D/wpa_supplicant( 3763): wlan0: Event SCAN_RESULTS (3) received
D/wpa_supplicant( 3763): wlan0: Scan completed in 0.699697 seconds
D/wpa_supplicant( 3763): nl80211: Associated on 2462 MHz
D/wpa_supplicant( 3763): nl80211: Associated with 00:1b:da:33:7a:9f
D/wpa_supplicant( 3763): nl80211: Received scan results (3 BSSes)
D/wpa_supplicant( 3763): nl80211: Scan results indicate BSS status with 00:1b:da:33:7a:9f as associated
D/wpa_supplicant( 3763): Sorted scan results
D/wpa_supplicant( 3763): 00:1b:da:33:7a:9f freq=2462 qual=0 noise=0 level=-59 flags=0x2b age=0
D/wpa_supplicant( 3763): IEs - hexdump(len=68): 00 0b 54 65 63 68 6e 6f 62 75 72 73 74 01 08 82 84 8b 96 24 30 48 6c 03 01 0b 2a 01 04 2f 01 04 ...
D/wpa_supplicant( 3763): 00:25:5e:8c:77:4b freq=2447 qual=0 noise=0 level=-71 flags=0xb age=0
D/wpa_supplicant( 3763): IEs - hexdump(len=70): 00 07 42 53 4e 4c 5f 41 50 01 04 82 84 8b 96 03 01 08 07 06 49 4e 49 01 0d 14 2a 01 00 32 08 0c ...
D/wpa_supplicant( 3763): 00:25:5e:9c:ae:21 freq=2427 qual=0 noise=0 level=-73 flags=0xb age=0
D/wpa_supplicant( 3763): IEs - hexdump(len=70): 00 07 42 53 4e 4c 5f 41 50 01 04 82 84 8b 96 03 01 04 07 06 49 4e 49 01 0d 14 2a 01 00 32 08 0c ...
D/wpa_supplicant( 3763): wlan0: BSS: Start scan result update 27
D/wpa_supplicant( 3763): BSS: last_scan_res_used=3/32
D/wpa_supplicant( 3763): Add randomness: count=52 entropy=46
D/wpa_supplicant( 3763): random pool - hexdump(len=128): [REMOVED]
D/wpa_supplicant( 3763): random_mix_pool - hexdump(len=16): [REMOVED]
D/wpa_supplicant( 3763): random_mix_pool - hexdump(len=5): [REMOVED]
D/wpa_supplicant( 3763): random pool - hexdump(len=128): [REMOVED]
D/wpa_supplicant( 3763): Add randomness: count=53 entropy=47
D/wpa_supplicant( 3763): random pool - hexdump(len=128): [REMOVED]
D/wpa_supplicant( 3763): random_mix_pool - hexdump(len=16): [REMOVED]
D/wpa_supplicant( 3763): random_mix_pool - hexdump(len=5): [REMOVED]
D/wpa_supplicant( 3763): random pool - hexdump(len=128): [REMOVED]
D/wpa_supplicant( 3763): Add randomness: count=54 entropy=48
D/wpa_supplicant( 3763): random pool - hexdump(len=128): [REMOVED]
D/wpa_supplicant( 3763): random_mix_pool - hexdump(len=16): [REMOVED]
D/wpa_supplicant( 3763): random_mix_pool - hexdump(len=5): [REMOVED]
D/wpa_supplicant( 3763): random pool - hexdump(len=128): [REMOVED]
D/wpa_supplicant( 3763): wlan0: Scan-only results received
D/wpa_supplicant( 3763): CTRL_IFACE monitor sent successfully to /data/misc/wifi/sockets/wpa_ctrl_2436-4\x00
D/wpa_supplicant( 3763): wlan0: Radio work 'scan'@0x7f6445c1c470 done in 0.701643 seconds
D/wpa_supplicant( 3763): wlan0: Control interface command 'BSS RANGE=0- MASK=0x21987'
D/wpa_supplicant( 3763): wlan0: Control interface command 'STATUS-NO_EVENTS'
D/wpa_supplicant( 3763): wlan0: Control interface command 'SIGNAL_POLL'
D/wpa_supplicant( 3763): wlan0: Control interface command 'SIGNAL_POLL'
D/wpa_supplicant( 3763): wlan0: Control interface command 'SIGNAL_POLL'
D/wpa_supplicant( 3763): wlan0: Control interface command 'SIGNAL_POLL'
D/wpa_supplicant( 3763): wlan0: Control interface command 'SIGNAL_POLL'
D/wpa_supplicant( 3763): wlan0: Control interface command 'SIGNAL_POLL'
D/wpa_supplicant( 3763): wlan0: Control interface command 'SIGNAL_POLL'
E/WifiStateMachine( 2436): WifiStateMachine CMD_START_SCAN source -2 txSuccessRate=-0.00 rxSuccessRate=-0.00 targetRoamBSSID=00:1b:da:33:7a:9f RSSI=-60
E/WifiStateMachine( 2436): WifiStateMachine starting scan for "Technoburst"WPA_PSK with 2462
D/wpa_supplicant( 3763): wlan0: Control interface command 'SCAN TYPE=ONLY freq=2462'
D/wpa_supplicant( 3763): wlan0: Setting scan request: 0.000000 sec
D/wpa_supplicant( 3763): wlan0: Starting AP scan for wildcard SSID
D/wpa_supplicant( 3763): wlan0: Limit manual scan to specified channels
D/wpa_supplicant( 3763): wlan0: Add radio work 'scan'@0x7f6445c1c420
D/wpa_supplicant( 3763): wlan0: First radio work item in the queue - schedule start immediately
D/wpa_supplicant( 3763): wlan0: Starting radio work 'scan'@0x7f6445c1c420 after 0.000070 second wait
D/wpa_supplicant( 3763): wlan0: nl80211: scan request
D/wpa_supplicant( 3763): nl80211: Scan SSID - hexdump(len=0): [NULL]
D/wpa_supplicant( 3763): nl80211: Scan frequency 2462 MHz
D/wpa_supplicant( 3763): Scan requested (ret=0) - scan timeout 30 seconds
D/wpa_supplicant( 3763): nl80211: Event message available
D/wpa_supplicant( 3763): nl80211: Drv Event 33 (NL80211_CMD_TRIGGER_SCAN) received for wlan0
D/wpa_supplicant( 3763): wlan0: nl80211: Scan trigger
D/wpa_supplicant( 3763): wlan0: Event SCAN_STARTED (49) received
D/wpa_supplicant( 3763): wlan0: Own scan request started a scan in 0.000220 seconds
D/wpa_supplicant( 3763): CTRL_IFACE monitor sent successfully to /data/misc/wifi/sockets/wpa_ctrl_2436-4\x00
D/wpa_supplicant( 3763): nl80211: Event message available
D/wpa_supplicant( 3763): nl80211: Drv Event 34 (NL80211_CMD_NEW_SCAN_RESULTS) received for wlan0
D/wpa_supplicant( 3763): wlan0: nl80211: New scan results available
D/wpa_supplicant( 3763): nl80211: Scan probed for SSID ''
D/wpa_supplicant( 3763): nl80211: Scan included frequencies: 2462
D/wpa_supplicant( 3763): wlan0: Event SCAN_RESULTS (3) received
D/wpa_supplicant( 3763): wlan0: Scan completed in 0.702083 seconds
D/wpa_supplicant( 3763): nl80211: Associated on 2462 MHz
D/wpa_supplicant( 3763): nl80211: Associated with 00:1b:da:33:7a:9f
D/wpa_supplicant( 3763): nl80211: Received scan results (3 BSSes)
D/wpa_supplicant( 3763): nl80211: Scan results indicate BSS status with 00:1b:da:33:7a:9f as associated
D/wpa_supplicant( 3763): Sorted scan results
D/wpa_supplicant( 3763): 00:1b:da:33:7a:9f freq=2462 qual=0 noise=0 level=-60 flags=0x2b age=1
D/wpa_supplicant( 3763): IEs - hexdump(len=68): 00 0b 54 65 63 68 6e 6f 62 75 72 73 74 01 08 82 84 8b 96 24 30 48 6c 03 01 0b 2a 01 04 2f 01 04 ...
D/wpa_supplicant( 3763): 00:25:5e:8c:77:4b freq=2447 qual=0 noise=0 level=-71 flags=0xb age=20005
D/wpa_supplicant( 3763): IEs - hexdump(len=70): 00 07 42 53 4e 4c 5f 41 50 01 04 82 84 8b 96 03 01 08 07 06 49 4e 49 01 0d 14 2a 01 00 32 08 0c ...
D/wpa_supplicant( 3763): 00:25:5e:9c:ae:21 freq=2427 qual=0 noise=0 level=-73 flags=0xb age=20005
D/wpa_supplicant( 3763): IEs - hexdump(len=70): 00 07 42 53 4e 4c 5f 41 50 01 04 82 84 8b 96 03 01 04 07 06 49 4e 49 01 0d 14 2a 01 00 32 08 0c ...
D/wpa_supplicant( 3763): wlan0: BSS: Start scan result update 28
D/wpa_supplicant( 3763): BSS: last_scan_res_used=3/32
D/wpa_supplicant( 3763): Add randomness: count=55 entropy=49
D/wpa_supplicant( 3763): random pool - hexdump(len=128): [REMOVED]
D/wpa_supplicant( 3763): random_mix_pool - hexdump(len=16): [REMOVED]
D/wpa_supplicant( 3763): random_mix_pool - hexdump(len=5): [REMOVED]
D/wpa_supplicant( 3763): random pool - hexdump(len=128): [REMOVED]
D/wpa_supplicant( 3763): Add randomness: count=56 entropy=50
D/wpa_supplicant( 3763): random pool - hexdump(len=128): [REMOVED]
D/wpa_supplicant( 3763): random_mix_pool - hexdump(len=16): [REMOVED]
D/wpa_supplicant( 3763): random_mix_pool - hexdump(len=5): [REMOVED]
D/wpa_supplicant( 3763): random pool - hexdump(len=128): [REMOVED]
D/wpa_supplicant( 3763): Add randomness: count=57 entropy=51
D/wpa_supplicant( 3763): random pool - hexdump(len=128): [REMOVED]
D/wpa_supplicant( 3763): random_mix_pool - hexdump(len=16): [REMOVED]
D/wpa_supplicant( 3763): random_mix_pool - hexdump(len=5): [REMOVED]
D/wpa_supplicant( 3763): random pool - hexdump(len=128): [REMOVED]
D/wpa_supplicant( 3763): wlan0: Scan-only results received
D/wpa_supplicant( 3763): CTRL_IFACE monitor sent successfully to /data/misc/wifi/sockets/wpa_ctrl_2436-4\x00
D/wpa_supplicant( 3763): wlan0: Radio work 'scan'@0x7f6445c1c420 done in 0.704087 seconds
D/wpa_supplicant( 3763): RTM_NEWLINK: ifi_index=4 ifname=wlan0 wext ifi_family=0 ifi_flags=0x11043 ([UP][RUNNING][LOWER_UP])
D/wpa_supplicant( 3763): wlan0: Control interface command 'BSS RANGE=0- MASK=0x21987'
D/wpa_supplicant( 3763): wlan0: Control interface command 'STATUS-NO_EVENTS'
D/wpa_supplicant( 3763): wlan0: Control interface command 'SIGNAL_POLL'
D/wpa_supplicant( 3763): wlan0: Control interface command 'SIGNAL_POLL'
D/wpa_supplicant( 3763): wlan0: Control interface command 'SIGNAL_POLL'
D/wpa_supplicant( 3763): wlan0: Control interface command 'SIGNAL_POLL'
D/wpa_supplicant( 3763): wlan0: Control interface command 'SIGNAL_POLL'
D/wpa_supplicant( 3763): wlan0: Control interface command 'SIGNAL_POLL'
E/WifiStateMachine( 2436): WifiStateMachine CMD_START_SCAN source -2 txSuccessRate=-0.00 rxSuccessRate=-0.00 targetRoamBSSID=00:1b:da:33:7a:9f RSSI=-59
E/WifiStateMachine( 2436): WifiStateMachine starting scan for "Technoburst"WPA_PSK with 2462
D/wpa_supplicant( 3763): wlan0: Control interface command 'SCAN TYPE=ONLY freq=2462'
D/wpa_supplicant( 3763): wlan0: Setting scan request: 0.000000 sec
D/wpa_supplicant( 3763): wlan0: Starting AP scan for wildcard SSID
D/wpa_supplicant( 3763): wlan0: Limit manual scan to specified channels
D/wpa_supplicant( 3763): wlan0: Add radio work 'scan'@0x7f6445c1c3d0
D/wpa_supplicant( 3763): wlan0: First radio work item in the queue - schedule start immediately
D/wpa_supplicant( 3763): wlan0: Starting radio work 'scan'@0x7f6445c1c3d0 after 0.000103 second wait
D/wpa_supplicant( 3763): wlan0: nl80211: scan request
D/wpa_supplicant( 3763): nl80211: Scan SSID - hexdump(len=0): [NULL]
D/wpa_supplicant( 3763): nl80211: Scan frequency 2462 MHz
D/wpa_supplicant( 3763): Scan requested (ret=0) - scan timeout 30 seconds
D/wpa_supplicant( 3763): nl80211: Event message available
D/wpa_supplicant( 3763): nl80211: Drv Event 33 (NL80211_CMD_TRIGGER_SCAN) received for wlan0
D/wpa_supplicant( 3763): wlan0: nl80211: Scan trigger
D/wpa_supplicant( 3763): wlan0: Event SCAN_STARTED (49) received
D/wpa_supplicant( 3763): wlan0: Own scan request started a scan in 0.000289 seconds
D/wpa_supplicant( 3763): CTRL_IFACE monitor sent successfully to /data/misc/wifi/sockets/wpa_ctrl_2436-4\x00
D/wpa_supplicant( 3763): nl80211: Event message available
D/wpa_supplicant( 3763): nl80211: Drv Event 34 (NL80211_CMD_NEW_SCAN_RESULTS) received for wlan0
D/wpa_supplicant( 3763): wlan0: nl80211: New scan results available
D/wpa_supplicant( 3763): nl80211: Scan probed for SSID ''
D/wpa_supplicant( 3763): nl80211: Scan included frequencies: 2462
D/wpa_supplicant( 3763): wlan0: Event SCAN_RESULTS (3) received
D/wpa_supplicant( 3763): wlan0: Scan completed in 0.698690 seconds
D/wpa_supplicant( 3763): nl80211: Associated on 2462 MHz
D/wpa_supplicant( 3763): nl80211: Associated with 00:1b:da:33:7a:9f
D/wpa_supplicant( 3763): nl80211: Received scan results (1 BSSes)
D/wpa_supplicant( 3763): nl80211: Scan results indicate BSS status with 00:1b:da:33:7a:9f as associated
D/wpa_supplicant( 3763): Sorted scan results
D/wpa_supplicant( 3763): 00:1b:da:33:7a:9f freq=2462 qual=0 noise=0 level=-59 flags=0x2b age=1
D/wpa_supplicant( 3763): IEs - hexdump(len=68): 00 0b 54 65 63 68 6e 6f 62 75 72 73 74 01 08 82 84 8b 96 24 30 48 6c 03 01 0b 2a 01 04 2f 01 04 ...
D/wpa_supplicant( 3763): wlan0: BSS: Start scan result update 29
D/wpa_supplicant( 3763): BSS: last_scan_res_used=1/32
D/wpa_supplicant( 3763): Add randomness: count=58 entropy=52
D/wpa_supplicant( 3763): random pool - hexdump(len=128): [REMOVED]
D/wpa_supplicant( 3763): random_mix_pool - hexdump(len=16): [REMOVED]
D/wpa_supplicant( 3763): random_mix_pool - hexdump(len=5): [REMOVED]
D/wpa_supplicant( 3763): random pool - hexdump(len=128): [REMOVED]
D/wpa_supplicant( 3763): wlan0: Scan-only results received
D/wpa_supplicant( 3763): CTRL_IFACE monitor sent successfully to /data/misc/wifi/sockets/wpa_ctrl_2436-4\x00
D/wpa_supplicant( 3763): wlan0: Radio work 'scan'@0x7f6445c1c3d0 done in 0.701640 seconds
D/wpa_supplicant( 3763): RTM_NEWLINK: ifi_index=4 ifname=wlan0 wext ifi_family=0 ifi_flags=0x11043 ([UP][RUNNING][LOWER_UP])
D/wpa_supplicant( 3763): wlan0: Control interface command 'BSS RANGE=0- MASK=0x21987'
D/wpa_supplicant( 3763): wlan0: Control interface command 'STATUS-NO_EVENTS'
D/wpa_supplicant( 3763): wlan0: Control interface command 'SIGNAL_POLL'
D/wpa_supplicant( 3763): wlan0: Control interface command 'SIGNAL_POLL'
D/wpa_supplicant( 3763): wlan0: Control interface command 'SIGNAL_POLL'
D/wpa_supplicant( 3763): wlan0: Control interface command 'SIGNAL_POLL'
D/wpa_supplicant( 3763): wlan0: Control interface command 'SIGNAL_POLL'
D/wpa_supplicant( 3763): wlan0: Control interface command 'SIGNAL_POLL'
D/wpa_supplicant( 3763): wlan0: Control interface command 'SIGNAL_POLL'
E/WifiStateMachine( 2436): WifiStateMachine CMD_START_SCAN source -2 txSuccessRate=-0.00 rxSuccessRate=-0.00 targetRoamBSSID=00:1b:da:33:7a:9f RSSI=-60
E/WifiStateMachine( 2436): WifiStateMachine starting scan for "Technoburst"WPA_PSK with 2462
D/wpa_supplicant( 3763): wlan0: Control interface command 'SCAN TYPE=ONLY freq=2462'
D/wpa_supplicant( 3763): wlan0: Setting scan request: 0.000000 sec
D/wpa_supplicant( 3763): wlan0: Starting AP scan for wildcard SSID
D/wpa_supplicant( 3763): wlan0: Limit manual scan to specified channels
D/wpa_supplicant( 3763): wlan0: Add radio work 'scan'@0x7f6445c1c470
D/wpa_supplicant( 3763): wlan0: First radio work item in the queue - schedule start immediately
D/wpa_supplicant( 3763): wlan0: Starting radio work 'scan'@0x7f6445c1c470 after 0.000090 second wait
D/wpa_supplicant( 3763): wlan0: nl80211: scan request
D/wpa_supplicant( 3763): nl80211: Scan SSID - hexdump(len=0): [NULL]
D/wpa_supplicant( 3763): nl80211: Scan frequency 2462 MHz
D/wpa_supplicant( 3763): Scan requested (ret=0) - scan timeout 30 seconds
D/wpa_supplicant( 3763): nl80211: Event message available
D/wpa_supplicant( 3763): nl80211: Drv Event 33 (NL80211_CMD_TRIGGER_SCAN) received for wlan0
D/wpa_supplicant( 3763): wlan0: nl80211: Scan trigger
D/wpa_supplicant( 3763): wlan0: Event SCAN_STARTED (49) received
D/wpa_supplicant( 3763): wlan0: Own scan request started a scan in 0.000189 seconds
D/wpa_supplicant( 3763): CTRL_IFACE monitor sent successfully to /data/misc/wifi/sockets/wpa_ctrl_2436-4\x00
D/wpa_supplicant( 3763): RTM_NEWLINK: ifi_index=4 ifname=wlan0 wext ifi_family=0 ifi_flags=0x11043 ([UP][RUNNING][LOWER_UP])
D/wpa_supplicant( 3763): nl80211: Event message available
D/wpa_supplicant( 3763): nl80211: Drv Event 34 (NL80211_CMD_NEW_SCAN_RESULTS) received for wlan0
D/wpa_supplicant( 3763): wlan0: nl80211: New scan results available
D/wpa_supplicant( 3763): nl80211: Scan probed for SSID ''
D/wpa_supplicant( 3763): nl80211: Scan included frequencies: 2462
D/wpa_supplicant( 3763): wlan0: Event SCAN_RESULTS (3) received
D/wpa_supplicant( 3763): wlan0: Scan completed in 0.701818 seconds
D/wpa_supplicant( 3763): nl80211: Associated on 2462 MHz
D/wpa_supplicant( 3763): nl80211: Associated with 00:1b:da:33:7a:9f
D/wpa_supplicant( 3763): nl80211: Received scan results (1 BSSes)
D/wpa_supplicant( 3763): nl80211: Scan results indicate BSS status with 00:1b:da:33:7a:9f as associated
D/wpa_supplicant( 3763): Sorted scan results
D/wpa_supplicant( 3763): 00:1b:da:33:7a:9f freq=2462 qual=0 noise=0 level=-60 flags=0x2b age=1
D/wpa_supplicant( 3763): IEs - hexdump(len=68): 00 0b 54 65 63 68 6e 6f 62 75 72 73 74 01 08 82 84 8b 96 24 30 48 6c 03 01 0b 2a 01 04 2f 01 04 ...
D/wpa_supplicant( 3763): wlan0: BSS: Start scan result update 30
D/wpa_supplicant( 3763): BSS: last_scan_res_used=1/32
D/wpa_supplicant( 3763): Add randomness: count=59 entropy=53
D/wpa_supplicant( 3763): random pool - hexdump(len=128): [REMOVED]
D/wpa_supplicant( 3763): random_mix_pool - hexdump(len=16): [REMOVED]
D/wpa_supplicant( 3763): random_mix_pool - hexdump(len=5): [REMOVED]
D/wpa_supplicant( 3763): random pool - hexdump(len=128): [REMOVED]
D/wpa_supplicant( 3763): wlan0: Scan-only results received
D/wpa_supplicant( 3763): CTRL_IFACE monitor sent successfully to /data/misc/wifi/sockets/wpa_ctrl_2436-4\x00
D/wpa_supplicant( 3763): wlan0: Radio work 'scan'@0x7f6445c1c470 done in 0.704527 seconds
D/wpa_supplicant( 3763): wlan0: Control interface command 'BSS RANGE=0- MASK=0x21987'
D/wpa_supplicant( 3763): wlan0: Control interface command 'STATUS-NO_EVENTS'
D/wpa_supplicant( 3763): wlan0: Control interface command 'SIGNAL_POLL'
D/wpa_supplicant( 3763): wlan0: Control interface command 'SIGNAL_POLL'
D/wpa_supplicant( 3763): wlan0: Control interface command 'SIGNAL_POLL'
D/wpa_supplicant( 3763): wlan0: Control interface command 'SIGNAL_POLL'
D/wpa_supplicant( 3763): wlan0: Control interface command 'SIGNAL_POLL'
D/wpa_supplicant( 3763): wlan0: Control interface command 'SIGNAL_POLL'
D/wpa_supplicant( 3763): wlan0: Control interface command 'SIGNAL_POLL'
E/WifiStateMachine( 2436): WifiStateMachine CMD_START_SCAN source -2 txSuccessRate=-0.00 rxSuccessRate=-0.00 targetRoamBSSID=00:1b:da:33:7a:9f RSSI=-60
E/WifiStateMachine( 2436): WifiStateMachine starting scan for "Technoburst"WPA_PSK with 2462
D/wpa_supplicant( 3763): wlan0: Control interface command 'SCAN TYPE=ONLY freq=2462'
D/wpa_supplicant( 3763): wlan0: Setting scan request: 0.000000 sec
D/wpa_supplicant( 3763): wlan0: Starting AP scan for wildcard SSID
D/wpa_supplicant( 3763): wlan0: Limit manual scan to specified channels
D/wpa_supplicant( 3763): wlan0: Add radio work 'scan'@0x7f6445c1c420
D/wpa_supplicant( 3763): wlan0: First radio work item in the queue - schedule start immediately
D/wpa_supplicant( 3763): wlan0: Starting radio work 'scan'@0x7f6445c1c420 after 0.000069 second wait
D/wpa_supplicant( 3763): wlan0: nl80211: scan request
D/wpa_supplicant( 3763): nl80211: Scan SSID - hexdump(len=0): [NULL]
D/wpa_supplicant( 3763): nl80211: Scan frequency 2462 MHz
D/wpa_supplicant( 3763): Scan requested (ret=0) - scan timeout 30 seconds
D/wpa_supplicant( 3763): nl80211: Event message available
D/wpa_supplicant( 3763): nl80211: Drv Event 33 (NL80211_CMD_TRIGGER_SCAN) received for wlan0
D/wpa_supplicant( 3763): wlan0: nl80211: Scan trigger
D/wpa_supplicant( 3763): wlan0: Event SCAN_STARTED (49) received
D/wpa_supplicant( 3763): wlan0: Own scan request started a scan in 0.000463 seconds
D/wpa_supplicant( 3763): CTRL_IFACE monitor sent successfully to /data/misc/wifi/sockets/wpa_ctrl_2436-4\x00
D/wpa_supplicant( 3763): RTM_NEWLINK: ifi_index=4 ifname=wlan0 wext ifi_family=0 ifi_flags=0x11043 ([UP][RUNNING][LOWER_UP])
D/wpa_supplicant( 3763): nl80211: Event message available
D/wpa_supplicant( 3763): nl80211: Drv Event 34 (NL80211_CMD_NEW_SCAN_RESULTS) received for wlan0
D/wpa_supplicant( 3763): wlan0: nl80211: New scan results available
D/wpa_supplicant( 3763): nl80211: Scan probed for SSID ''
D/wpa_supplicant( 3763): nl80211: Scan included frequencies: 2462
D/wpa_supplicant( 3763): wlan0: Event SCAN_RESULTS (3) received
D/wpa_supplicant( 3763): wlan0: Scan completed in 0.698809 seconds
D/wpa_supplicant( 3763): nl80211: Associated on 2462 MHz
D/wpa_supplicant( 3763): nl80211: Associated with 00:1b:da:33:7a:9f
D/wpa_supplicant( 3763): nl80211: Received scan results (1 BSSes)
D/wpa_supplicant( 3763): nl80211: Scan results indicate BSS status with 00:1b:da:33:7a:9f as associated
D/wpa_supplicant( 3763): Sorted scan results
D/wpa_supplicant( 3763): 00:1b:da:33:7a:9f freq=2462 qual=0 noise=0 level=-60 flags=0x2b age=1
D/wpa_supplicant( 3763): IEs - hexdump(len=68): 00 0b 54 65 63 68 6e 6f 62 75 72 73 74 01 08 82 84 8b 96 24 30 48 6c 03 01 0b 2a 01 04 2f 01 04 ...
D/wpa_supplicant( 3763): wlan0: BSS: Start scan result update 31
D/wpa_supplicant( 3763): BSS: last_scan_res_used=1/32
D/wpa_supplicant( 3763): Add randomness: count=60 entropy=54
D/wpa_supplicant( 3763): random pool - hexdump(len=128): [REMOVED]
D/wpa_supplicant( 3763): random_mix_pool - hexdump(len=16): [REMOVED]
D/wpa_supplicant( 3763): random_mix_pool - hexdump(len=5): [REMOVED]
D/wpa_supplicant( 3763): random pool - hexdump(len=128): [REMOVED]
D/wpa_supplicant( 3763): wlan0: Scan-only results received
D/wpa_supplicant( 3763): CTRL_IFACE monitor sent successfully to /data/misc/wifi/sockets/wpa_ctrl_2436-4\x00
D/wpa_supplicant( 3763): wlan0: Radio work 'scan'@0x7f6445c1c420 done in 0.700748 seconds
D/wpa_supplicant( 3763): wlan0: Control interface command 'BSS RANGE=0- MASK=0x21987'
D/wpa_supplicant( 3763): wlan0: Control interface command 'STATUS-NO_EVENTS'
D/wpa_supplicant( 3763): wlan0: Control interface command 'SIGNAL_POLL'
D/wpa_supplicant( 3763): wlan0: Control interface command 'SIGNAL_POLL'
D/wpa_supplicant( 3763): wlan0: Control interface command 'SIGNAL_POLL'
D/wpa_supplicant( 3763): wlan0: Control interface command 'SIGNAL_POLL'
D/wpa_supplicant( 3763): wlan0: Control interface command 'SIGNAL_POLL'
D/wpa_supplicant( 3763): wlan0: Control interface command 'SIGNAL_POLL'
E/WifiStateMachine( 2436): WifiStateMachine CMD_START_SCAN source -2 txSuccessRate=-0.00 rxSuccessRate=-0.00 targetRoamBSSID=00:1b:da:33:7a:9f RSSI=-62
E/WifiStateMachine( 2436): WifiStateMachine starting scan for "Technoburst"WPA_PSK with 2462
D/wpa_supplicant( 3763): wlan0: Control interface command 'SCAN TYPE=ONLY freq=2462'
D/wpa_supplicant( 3763): wlan0: Setting scan request: 0.000000 sec
D/wpa_supplicant( 3763): wlan0: Starting AP scan for wildcard SSID
D/wpa_supplicant( 3763): wlan0: Limit manual scan to specified channels
D/wpa_supplicant( 3763): wlan0: Add radio work 'scan'@0x7f6445c1c3d0
D/wpa_supplicant( 3763): wlan0: First radio work item in the queue - schedule start immediately
D/wpa_supplicant( 3763): wlan0: Starting radio work 'scan'@0x7f6445c1c3d0 after 0.000069 second wait
D/wpa_supplicant( 3763): wlan0: nl80211: scan request
D/wpa_supplicant( 3763): nl80211: Scan SSID - hexdump(len=0): [NULL]
D/wpa_supplicant( 3763): nl80211: Scan frequency 2462 MHz
D/wpa_supplicant( 3763): Scan requested (ret=0) - scan timeout 30 seconds
D/wpa_supplicant( 3763): nl80211: Event message available
D/wpa_supplicant( 3763): nl80211: Drv Event 33 (NL80211_CMD_TRIGGER_SCAN) received for wlan0
D/wpa_supplicant( 3763): wlan0: nl80211: Scan trigger
D/wpa_supplicant( 3763): wlan0: Event SCAN_STARTED (49) received
D/wpa_supplicant( 3763): wlan0: Own scan request started a scan in 0.000193 seconds
D/wpa_supplicant( 3763): CTRL_IFACE monitor sent successfully to /data/misc/wifi/sockets/wpa_ctrl_2436-4\x00
D/wpa_supplicant( 3763): RTM_NEWLINK: ifi_index=4 ifname=wlan0 wext ifi_family=0 ifi_flags=0x11043 ([UP][RUNNING][LOWER_UP])
D/wpa_supplicant( 3763): nl80211: Event message available
D/wpa_supplicant( 3763): nl80211: Drv Event 34 (NL80211_CMD_NEW_SCAN_RESULTS) received for wlan0
D/wpa_supplicant( 3763): wlan0: nl80211: New scan results available
D/wpa_supplicant( 3763): nl80211: Scan probed for SSID ''
D/wpa_supplicant( 3763): nl80211: Scan included frequencies: 2462
D/wpa_supplicant( 3763): wlan0: Event SCAN_RESULTS (3) received
D/wpa_supplicant( 3763): wlan0: Scan completed in 0.697628 seconds
D/wpa_supplicant( 3763): nl80211: Associated on 2462 MHz
D/wpa_supplicant( 3763): nl80211: Associated with 00:1b:da:33:7a:9f
D/wpa_supplicant( 3763): nl80211: Received scan results (1 BSSes)
D/wpa_supplicant( 3763): nl80211: Scan results indicate BSS status with 00:1b:da:33:7a:9f as associated
D/wpa_supplicant( 3763): Sorted scan results
D/wpa_supplicant( 3763): 00:1b:da:33:7a:9f freq=2462 qual=0 noise=0 level=-62 flags=0x2b age=0
D/wpa_supplicant( 3763): IEs - hexdump(len=68): 00 0b 54 65 63 68 6e 6f 62 75 72 73 74 01 08 82 84 8b 96 24 30 48 6c 03 01 0b 2a 01 04 2f 01 04 ...
D/wpa_supplicant( 3763): wlan0: BSS: Start scan result update 32
D/wpa_supplicant( 3763): BSS: last_scan_res_used=1/32
D/wpa_supplicant( 3763): Add randomness: count=61 entropy=55
D/wpa_supplicant( 3763): random pool - hexdump(len=128): [REMOVED]
D/wpa_supplicant( 3763): random_mix_pool - hexdump(len=16): [REMOVED]
D/wpa_supplicant( 3763): random_mix_pool - hexdump(len=5): [REMOVED]
D/wpa_supplicant( 3763): random pool - hexdump(len=128): [REMOVED]
D/wpa_supplicant( 3763): wlan0: Scan-only results received
D/wpa_supplicant( 3763): CTRL_IFACE monitor sent successfully to /data/misc/wifi/sockets/wpa_ctrl_2436-4\x00
D/wpa_supplicant( 3763): wlan0: Radio work 'scan'@0x7f6445c1c3d0 done in 0.700306 seconds
D/wpa_supplicant( 3763): wlan0: Control interface command 'BSS RANGE=0- MASK=0x21987'
D/wpa_supplicant( 3763): wlan0: Control interface command 'STATUS-NO_EVENTS'
D/wpa_supplicant( 3763): wlan0: Control interface command 'SIGNAL_POLL'
D/wpa_supplicant( 3763): wlan0: Control interface command 'SIGNAL_POLL'
D/wpa_supplicant( 3763): wlan0: Control interface command 'SIGNAL_POLL'
D/wpa_supplicant( 3763): wlan0: Control interface command 'SIGNAL_POLL'
D/wpa_supplicant( 3763): wlan0: Control interface command 'SIGNAL_POLL'
D/wpa_supplicant( 3763): wlan0: Control interface command 'SIGNAL_POLL'
D/wpa_supplicant( 3763): wlan0: Control interface command 'SIGNAL_POLL'
E/WifiStateMachine( 2436): WifiStateMachine CMD_START_SCAN source -2 txSuccessRate=-0.00 rxSuccessRate=-0.00 targetRoamBSSID=00:1b:da:33:7a:9f RSSI=-62
E/WifiStateMachine( 2436): WifiStateMachine starting scan for "Technoburst"WPA_PSK with 2462
D/wpa_supplicant( 3763): wlan0: Control interface command 'SCAN TYPE=ONLY freq=2462'
D/wpa_supplicant( 3763): wlan0: Setting scan request: 0.000000 sec
D/wpa_supplicant( 3763): wlan0: Starting AP scan for wildcard SSID
D/wpa_supplicant( 3763): wlan0: Limit manual scan to specified channels
D/wpa_supplicant( 3763): wlan0: Add radio work 'scan'@0x7f6445c1c470
D/wpa_supplicant( 3763): wlan0: First radio work item in the queue - schedule start immediately
D/wpa_supplicant( 3763): wlan0: Starting radio work 'scan'@0x7f6445c1c470 after 0.000070 second wait
D/wpa_supplicant( 3763): wlan0: nl80211: scan request
D/wpa_supplicant( 3763): nl80211: Scan SSID - hexdump(len=0): [NULL]
D/wpa_supplicant( 3763): nl80211: Scan frequency 2462 MHz
D/wpa_supplicant( 3763): Scan requested (ret=0) - scan timeout 30 seconds
D/wpa_supplicant( 3763): nl80211: Event message available
D/wpa_supplicant( 3763): nl80211: Drv Event 33 (NL80211_CMD_TRIGGER_SCAN) received for wlan0
D/wpa_supplicant( 3763): wlan0: nl80211: Scan trigger
D/wpa_supplicant( 3763): wlan0: Event SCAN_STARTED (49) received
D/wpa_supplicant( 3763): wlan0: Own scan request started a scan in 0.000228 seconds
D/wpa_supplicant( 3763): CTRL_IFACE monitor sent successfully to /data/misc/wifi/sockets/wpa_ctrl_2436-4\x00
D/wpa_supplicant( 3763): RTM_NEWLINK: ifi_index=4 ifname=wlan0 wext ifi_family=0 ifi_flags=0x11043 ([UP][RUNNING][LOWER_UP])
D/wpa_supplicant( 3763): nl80211: Event message available
D/wpa_supplicant( 3763): nl80211: Drv Event 34 (NL80211_CMD_NEW_SCAN_RESULTS) received for wlan0
D/wpa_supplicant( 3763): wlan0: nl80211: New scan results available
D/wpa_supplicant( 3763): nl80211: Scan probed for SSID ''
D/wpa_supplicant( 3763): nl80211: Scan included frequencies: 2462
D/wpa_supplicant( 3763): wlan0: Event SCAN_RESULTS (3) received
D/wpa_supplicant( 3763): wlan0: Scan completed in 0.703847 seconds
D/wpa_supplicant( 3763): nl80211: Associated on 2462 MHz
D/wpa_supplicant( 3763): nl80211: Associated with 00:1b:da:33:7a:9f
D/wpa_supplicant( 3763): nl80211: Received scan results (1 BSSes)
D/wpa_supplicant( 3763): nl80211: Scan results indicate BSS status with 00:1b:da:33:7a:9f as associated
D/wpa_supplicant( 3763): Sorted scan results
D/wpa_supplicant( 3763): 00:1b:da:33:7a:9f freq=2462 qual=0 noise=0 level=-62 flags=0x2b age=1
D/wpa_supplicant( 3763): IEs - hexdump(len=68): 00 0b 54 65 63 68 6e 6f 62 75 72 73 74 01 08 82 84 8b 96 24 30 48 6c 03 01 0b 2a 01 04 2f 01 04 ...
D/wpa_supplicant( 3763): wlan0: BSS: Start scan result update 33
D/wpa_supplicant( 3763): BSS: last_scan_res_used=1/32
D/wpa_supplicant( 3763): Add randomness: count=62 entropy=56
D/wpa_supplicant( 3763): random pool - hexdump(len=128): [REMOVED]
D/wpa_supplicant( 3763): random_mix_pool - hexdump(len=16): [REMOVED]
D/wpa_supplicant( 3763): random_mix_pool - hexdump(len=5): [REMOVED]
D/wpa_supplicant( 3763): random pool - hexdump(len=128): [REMOVED]
D/wpa_supplicant( 3763): wlan0: Scan-only results received
D/wpa_supplicant( 3763): CTRL_IFACE monitor sent successfully to /data/misc/wifi/sockets/wpa_ctrl_2436-4\x00
D/wpa_supplicant( 3763): wlan0: Radio work 'scan'@0x7f6445c1c470 done in 0.706515 seconds
D/wpa_supplicant( 3763): wlan0: Control interface command 'BSS RANGE=0- MASK=0x21987'
D/wpa_supplicant( 3763): wlan0: Control interface command 'STATUS-NO_EVENTS'
D/wpa_supplicant( 3763): wlan0: Control interface command 'SIGNAL_POLL'
D/wpa_supplicant( 3763): wlan0: Control interface command 'SIGNAL_POLL'
D/wpa_supplicant( 3763): wlan0: Control interface command 'SIGNAL_POLL'
D/wpa_supplicant( 3763): wlan0: Control interface command 'SIGNAL_POLL'
D/wpa_supplicant( 3763): wlan0: Control interface command 'SIGNAL_POLL'
D/wpa_supplicant( 3763): wlan0: Control interface command 'SIGNAL_POLL'
E/WifiStateMachine( 2436): WifiStateMachine CMD_START_SCAN source -2 txSuccessRate=-0.00 rxSuccessRate=-0.00 targetRoamBSSID=00:1b:da:33:7a:9f RSSI=-58
E/WifiStateMachine( 2436): WifiStateMachine starting scan for "Technoburst"WPA_PSK with 2462
D/wpa_supplicant( 3763): wlan0: Control interface command 'SCAN TYPE=ONLY freq=2462'
D/wpa_supplicant( 3763): wlan0: Setting scan request: 0.000000 sec
D/wpa_supplicant( 3763): wlan0: Starting AP scan for wildcard SSID
D/wpa_supplicant( 3763): wlan0: Limit manual scan to specified channels
D/wpa_supplicant( 3763): wlan0: Add radio work 'scan'@0x7f6445c1c420
D/wpa_supplicant( 3763): wlan0: First radio work item in the queue - schedule start immediately
D/wpa_supplicant( 3763): wlan0: Starting radio work 'scan'@0x7f6445c1c420 after 0.000088 second wait
D/wpa_supplicant( 3763): wlan0: nl80211: scan request
D/wpa_supplicant( 3763): nl80211: Scan SSID - hexdump(len=0): [NULL]
D/wpa_supplicant( 3763): nl80211: Scan frequency 2462 MHz
D/wpa_supplicant( 3763): Scan requested (ret=0) - scan timeout 30 seconds
D/wpa_supplicant( 3763): nl80211: Event message available
D/wpa_supplicant( 3763): nl80211: Drv Event 33 (NL80211_CMD_TRIGGER_SCAN) received for wlan0
D/wpa_supplicant( 3763): wlan0: nl80211: Scan trigger
D/wpa_supplicant( 3763): wlan0: Event SCAN_STARTED (49) received
D/wpa_supplicant( 3763): wlan0: Own scan request started a scan in 0.000189 seconds
D/wpa_supplicant( 3763): CTRL_IFACE monitor sent successfully to /data/misc/wifi/sockets/wpa_ctrl_2436-4\x00
D/wpa_supplicant( 3763): wlan0: Control interface command 'SIGNAL_POLL'
D/wpa_supplicant( 3763): RTM_NEWLINK: ifi_index=4 ifname=wlan0 wext ifi_family=0 ifi_flags=0x11043 ([UP][RUNNING][LOWER_UP])
D/wpa_supplicant( 3763): nl80211: Event message available
D/wpa_supplicant( 3763): nl80211: Drv Event 34 (NL80211_CMD_NEW_SCAN_RESULTS) received for wlan0
D/wpa_supplicant( 3763): wlan0: nl80211: New scan results available
D/wpa_supplicant( 3763): nl80211: Scan probed for SSID ''
D/wpa_supplicant( 3763): nl80211: Scan included frequencies: 2462
D/wpa_supplicant( 3763): wlan0: Event SCAN_RESULTS (3) received
D/wpa_supplicant( 3763): wlan0: Scan completed in 0.700511 seconds
D/wpa_supplicant( 3763): nl80211: Associated on 2462 MHz
D/wpa_supplicant( 3763): nl80211: Associated with 00:1b:da:33:7a:9f
D/wpa_supplicant( 3763): nl80211: Received scan results (1 BSSes)
D/wpa_supplicant( 3763): nl80211: Scan results indicate BSS status with 00:1b:da:33:7a:9f as associated
D/wpa_supplicant( 3763): Sorted scan results
D/wpa_supplicant( 3763): 00:1b:da:33:7a:9f freq=2462 qual=0 noise=0 level=-58 flags=0x2b age=1
D/wpa_supplicant( 3763): IEs - hexdump(len=68): 00 0b 54 65 63 68 6e 6f 62 75 72 73 74 01 08 82 84 8b 96 24 30 48 6c 03 01 0b 2a 01 04 2f 01 04 ...
D/wpa_supplicant( 3763): wlan0: BSS: Start scan result update 34
D/wpa_supplicant( 3763): BSS: last_scan_res_used=1/32
D/wpa_supplicant( 3763): Add randomness: count=63 entropy=57
D/wpa_supplicant( 3763): random pool - hexdump(len=128): [REMOVED]
D/wpa_supplicant( 3763): random_mix_pool - hexdump(len=16): [REMOVED]
D/wpa_supplicant( 3763): random_mix_pool - hexdump(len=5): [REMOVED]
D/wpa_supplicant( 3763): random pool - hexdump(len=128): [REMOVED]
D/wpa_supplicant( 3763): wlan0: Scan-only results received
D/wpa_supplicant( 3763): CTRL_IFACE monitor sent successfully to /data/misc/wifi/sockets/wpa_ctrl_2436-4\x00
D/wpa_supplicant( 3763): wlan0: Radio work 'scan'@0x7f6445c1c420 done in 0.703213 seconds
D/wpa_supplicant( 3763): wlan0: Control interface command 'BSS RANGE=0- MASK=0x21987'
D/wpa_supplicant( 3763): wlan0: Control interface command 'STATUS-NO_EVENTS'
D/wpa_supplicant( 3763): wlan0: Control interface command 'SIGNAL_POLL'
D/wpa_supplicant( 3763): wlan0: Control interface command 'SIGNAL_POLL'
D/wpa_supplicant( 3763): wlan0: Control interface command 'SIGNAL_POLL'
D/wpa_supplicant( 3763): wlan0: Control interface command 'SIGNAL_POLL'
I/ntfs-3g ( 5340): Version 2014.2.15 integrated FUSE 27
I/ntfs-3g ( 5340): Mounted /dev/block/mmcblk0p3 (Read-Write, label "Windows", NTFS 3.1)
I/ntfs-3g ( 5340): Cmdline options:
I/ntfs-3g ( 5340): Mount options: allow_other,nonempty,relatime,fsname=/dev/block/mmcblk0p3,blkdev,blksize=4096
I/ntfs-3g ( 5340): Ownership and permissions disabled, configuration type 1
D/wpa_supplicant( 3763): wlan0: Control interface command 'SIGNAL_POLL'
D/wpa_supplicant( 3763): wlan0: Control interface command 'SIGNAL_POLL'
E/WifiStateMachine( 2436): WifiStateMachine CMD_START_SCAN source -2 txSuccessRate=-0.00 rxSuccessRate=-0.00 targetRoamBSSID=00:1b:da:33:7a:9f RSSI=-58
E/WifiStateMachine( 2436): WifiStateMachine starting scan for "Technoburst"WPA_PSK with 2462
D/wpa_supplicant( 3763): wlan0: Control interface command 'SCAN TYPE=ONLY freq=2462'
D/wpa_supplicant( 3763): wlan0: Setting scan request: 0.000000 sec
D/wpa_supplicant( 3763): wlan0: Starting AP scan for wildcard SSID
D/wpa_supplicant( 3763): wlan0: Limit manual scan to specified channels
D/wpa_supplicant( 3763): wlan0: Add radio work 'scan'@0x7f6445c1c3d0
D/wpa_supplicant( 3763): wlan0: First radio work item in the queue - schedule start immediately
D/wpa_supplicant( 3763): wlan0: Starting radio work 'scan'@0x7f6445c1c3d0 after 0.000072 second wait
D/wpa_supplicant( 3763): wlan0: nl80211: scan request
D/wpa_supplicant( 3763): nl80211: Scan SSID - hexdump(len=0): [NULL]
D/wpa_supplicant( 3763): nl80211: Scan frequency 2462 MHz
D/wpa_supplicant( 3763): Scan requested (ret=0) - scan timeout 30 seconds
D/wpa_supplicant( 3763): nl80211: Event message available
D/wpa_supplicant( 3763): nl80211: Drv Event 33 (NL80211_CMD_TRIGGER_SCAN) received for wlan0
D/wpa_supplicant( 3763): wlan0: nl80211: Scan trigger
D/wpa_supplicant( 3763): wlan0: Event SCAN_STARTED (49) received
D/wpa_supplicant( 3763): wlan0: Own scan request started a scan in 0.000185 seconds
D/wpa_supplicant( 3763): CTRL_IFACE monitor sent successfully to /data/misc/wifi/sockets/wpa_ctrl_2436-4\x00
D/wpa_supplicant( 3763): RTM_NEWLINK: ifi_index=4 ifname=wlan0 wext ifi_family=0 ifi_flags=0x11043 ([UP][RUNNING][LOWER_UP])
D/wpa_supplicant( 3763): nl80211: Event message available
D/wpa_supplicant( 3763): nl80211: Drv Event 34 (NL80211_CMD_NEW_SCAN_RESULTS) received for wlan0
D/wpa_supplicant( 3763): wlan0: nl80211: New scan results available
D/wpa_supplicant( 3763): nl80211: Scan probed for SSID ''
D/wpa_supplicant( 3763): nl80211: Scan included frequencies: 2462
D/wpa_supplicant( 3763): wlan0: Event SCAN_RESULTS (3) received
D/wpa_supplicant( 3763): wlan0: Scan completed in 0.700067 seconds
D/wpa_supplicant( 3763): nl80211: Associated on 2462 MHz
D/wpa_supplicant( 3763): nl80211: Associated with 00:1b:da:33:7a:9f
D/wpa_supplicant( 3763): nl80211: Received scan results (1 BSSes)
D/wpa_supplicant( 3763): nl80211: Scan results indicate BSS status with 00:1b:da:33:7a:9f as associated
D/wpa_supplicant( 3763): Sorted scan results
D/wpa_supplicant( 3763): 00:1b:da:33:7a:9f freq=2462 qual=0 noise=0 level=-58 flags=0x2b age=1
D/wpa_supplicant( 3763): IEs - hexdump(len=68): 00 0b 54 65 63 68 6e 6f 62 75 72 73 74 01 08 82 84 8b 96 24 30 48 6c 03 01 0b 2a 01 04 2f 01 04 ...
D/wpa_supplicant( 3763): wlan0: BSS: Start scan result update 35
D/wpa_supplicant( 3763): BSS: last_scan_res_used=1/32
D/wpa_supplicant( 3763): Add randomness: count=64 entropy=58
D/wpa_supplicant( 3763): random pool - hexdump(len=128): [REMOVED]
D/wpa_supplicant( 3763): random_mix_pool - hexdump(len=16): [REMOVED]
D/wpa_supplicant( 3763): random_mix_pool - hexdump(len=5): [REMOVED]
D/wpa_supplicant( 3763): random pool - hexdump(len=128): [REMOVED]
D/wpa_supplicant( 3763): wlan0: Scan-only results received
D/wpa_supplicant( 3763): CTRL_IFACE monitor sent successfully to /data/misc/wifi/sockets/wpa_ctrl_2436-4\x00
D/wpa_supplicant( 3763): wlan0: Radio work 'scan'@0x7f6445c1c3d0 done in 0.701870 seconds
D/wpa_supplicant( 3763): wlan0: Control interface command 'BSS RANGE=0- MASK=0x21987'
D/wpa_supplicant( 3763): wlan0: Control interface command 'STATUS-NO_EVENTS'
D/wpa_supplicant( 3763): wlan0: Control interface command 'SIGNAL_POLL'
D/wpa_supplicant( 3763): wlan0: Control interface command 'SIGNAL_POLL'
D/wpa_supplicant( 3763): wlan0: Control interface command 'SIGNAL_POLL'
D/wpa_supplicant( 3763): wlan0: Control interface command 'SIGNAL_POLL'
D/wpa_supplicant( 3763): wlan0: Control interface command 'SIGNAL_POLL'
D/wpa_supplicant( 3763): wlan0: Control interface command 'SIGNAL_POLL'
D/wpa_supplicant( 3763): wlan0: Control interface command 'SIGNAL_POLL'
E/Vold ( 2094): Failed to find mounted volume for /storage/usb0/Android/data/com.cyanogenmod.filemanager/cache/
W/Vold ( 2094): Returning OperationFailed - no handler for errno 0
W/ContextImpl( 4820): Failed to ensure directory: /storage/usb0/Android/data/com.cyanogenmod.filemanager/cache
E/Vold ( 2094): Failed to find mounted volume for /storage/usb1/Android/data/com.cyanogenmod.filemanager/cache/
W/Vold ( 2094): Returning OperationFailed - no handler for errno 0
W/ContextImpl( 4820): Failed to ensure directory: /storage/usb1/Android/data/com.cyanogenmod.filemanager/cache
E/Vold ( 2094): Failed to find mounted volume for /storage/usb2/Android/data/com.cyanogenmod.filemanager/cache/
W/Vold ( 2094): Returning OperationFailed - no handler for errno 0
W/ContextImpl( 4820): Failed to ensure directory: /storage/usb2/Android/data/com.cyanogenmod.filemanager/cache
E/Vold ( 2094): Failed to find mounted volume for /storage/usb3/Android/data/com.cyanogenmod.filemanager/cache/
W/Vold ( 2094): Returning OperationFailed - no handler for errno 0
W/ContextImpl( 4820): Failed to ensure directory: /storage/usb3/Android/data/com.cyanogenmod.filemanager/cache
E/WifiStateMachine( 2436): WifiStateMachine CMD_START_SCAN source -2 txSuccessRate=-0.00 rxSuccessRate=-0.00 targetRoamBSSID=00:1b:da:33:7a:9f RSSI=-60
E/WifiStateMachine( 2436): WifiStateMachine starting scan for "Technoburst"WPA_PSK with 2462
D/wpa_supplicant( 3763): wlan0: Control interface command 'SCAN TYPE=ONLY freq=2462'
D/wpa_supplicant( 3763): wlan0: Setting scan request: 0.000000 sec
D/wpa_supplicant( 3763): wlan0: Starting AP scan for wildcard SSID
D/wpa_supplicant( 3763): wlan0: Limit manual scan to specified channels
D/wpa_supplicant( 3763): wlan0: Add radio work 'scan'@0x7f6445c1c470
D/wpa_supplicant( 3763): wlan0: First radio work item in the queue - schedule start immediately
D/wpa_supplicant( 3763): wlan0: Starting radio work 'scan'@0x7f6445c1c470 after 0.000072 second wait
D/wpa_supplicant( 3763): wlan0: nl80211: scan request
D/wpa_supplicant( 3763): nl80211: Scan SSID - hexdump(len=0): [NULL]
D/wpa_supplicant( 3763): nl80211: Scan frequency 2462 MHz
D/wpa_supplicant( 3763): Scan requested (ret=0) - scan timeout 30 seconds
D/wpa_supplicant( 3763): nl80211: Event message available
D/wpa_supplicant( 3763): nl80211: Drv Event 33 (NL80211_CMD_TRIGGER_SCAN) received for wlan0
D/wpa_supplicant( 3763): wlan0: nl80211: Scan trigger
D/wpa_supplicant( 3763): wlan0: Event SCAN_STARTED (49) received
D/wpa_supplicant( 3763): wlan0: Own scan request started a scan in 0.000186 seconds
D/wpa_supplicant( 3763): CTRL_IFACE monitor sent successfully to /data/misc/wifi/sockets/wpa_ctrl_2436-4\x00
D/wpa_supplicant( 3763): RTM_NEWLINK: ifi_index=4 ifname=wlan0 wext ifi_family=0 ifi_flags=0x11043 ([UP][RUNNING][LOWER_UP])
D/wpa_supplicant( 3763): nl80211: Event message available
D/wpa_supplicant( 3763): nl80211: Drv Event 34 (NL80211_CMD_NEW_SCAN_RESULTS) received for wlan0
D/wpa_supplicant( 3763): wlan0: nl80211: New scan results available
D/wpa_supplicant( 3763): nl80211: Scan probed for SSID ''
D/wpa_supplicant( 3763): nl80211: Scan included frequencies: 2462
D/wpa_supplicant( 3763): wlan0: Event SCAN_RESULTS (3) received
D/wpa_supplicant( 3763): wlan0: Scan completed in 0.697747 seconds
D/wpa_supplicant( 3763): nl80211: Associated on 2462 MHz
D/wpa_supplicant( 3763): nl80211: Associated with 00:1b:da:33:7a:9f
D/wpa_supplicant( 3763): nl80211: Received scan results (1 BSSes)
D/wpa_supplicant( 3763): nl80211: Scan results indicate BSS status with 00:1b:da:33:7a:9f as associated
D/wpa_supplicant( 3763): Sorted scan results
D/wpa_supplicant( 3763): 00:1b:da:33:7a:9f freq=2462 qual=0 noise=0 level=-60 flags=0x2b age=1
D/wpa_supplicant( 3763): IEs - hexdump(len=68): 00 0b 54 65 63 68 6e 6f 62 75 72 73 74 01 08 82 84 8b 96 24 30 48 6c 03 01 0b 2a 01 04 2f 01 04 ...
D/wpa_supplicant( 3763): wlan0: BSS: Start scan result update 36
D/wpa_supplicant( 3763): BSS: last_scan_res_used=1/32
D/wpa_supplicant( 3763): Add randomness: count=65 entropy=59
D/wpa_supplicant( 3763): random pool - hexdump(len=128): [REMOVED]
D/wpa_supplicant( 3763): random_mix_pool - hexdump(len=16): [REMOVED]
D/wpa_supplicant( 3763): random_mix_pool - hexdump(len=5): [REMOVED]
D/wpa_supplicant( 3763): random pool - hexdump(len=128): [REMOVED]
D/wpa_supplicant( 3763): wlan0: Scan-only results received
D/wpa_supplicant( 3763): CTRL_IFACE monitor sent successfully to /data/misc/wifi/sockets/wpa_ctrl_2436-4\x00
D/wpa_supplicant( 3763): wlan0: Radio work 'scan'@0x7f6445c1c470 done in 0.699882 seconds
D/wpa_supplicant( 3763): wlan0: Control interface command 'BSS RANGE=0- MASK=0x21987'
D/wpa_supplicant( 3763): wlan0: Control interface command 'STATUS-NO_EVENTS'
D/wpa_supplicant( 3763): wlan0: Control interface command 'SIGNAL_POLL'
D/wpa_supplicant( 3763): wlan0: Control interface command 'SIGNAL_POLL'
I/art ( 2436): Background partial concurrent mark sweep GC freed 114924(5MB) AllocSpace objects, 2(705KB) LOS objects, 33% free, 13MB/19MB, paused 2.117ms total 154.142ms
D/wpa_supplicant( 3763): wlan0: Control interface command 'SIGNAL_POLL'
D/wpa_supplicant( 3763): wlan0: BSS: Remove id 1 BSSID 00:25:5e:8c:77:4b SSID 'BSNL_AP' due to wpa_bss_flush_by_age
D/wpa_supplicant( 3763): CTRL_IFACE monitor sent successfully to /data/misc/wifi/sockets/wpa_ctrl_2436-4\x00
D/wpa_supplicant( 3763): wlan0: BSS: Remove id 2 BSSID 00:25:5e:9c:ae:21 SSID 'BSNL_AP' due to wpa_bss_flush_by_age
D/wpa_supplicant( 3763): CTRL_IFACE monitor sent successfully to /data/misc/wifi/sockets/wpa_ctrl_2436-4\x00
D/wpa_supplicant( 3763): wlan0: Control interface command 'SIGNAL_POLL'
D/wpa_supplicant( 3763): wlan0: Control interface command 'SIGNAL_POLL'
D/wpa_supplicant( 3763): wlan0: Control interface command 'SIGNAL_POLL'
E/WifiStateMachine( 2436): WifiStateMachine CMD_START_SCAN source -2 txSuccessRate=-0.00 rxSuccessRate=-0.00 targetRoamBSSID=00:1b:da:33:7a:9f RSSI=-59
E/WifiStateMachine( 2436): WifiStateMachine starting scan for "Technoburst"WPA_PSK with 2462
D/wpa_supplicant( 3763): wlan0: Control interface command 'SCAN TYPE=ONLY freq=2462'
D/wpa_supplicant( 3763): wlan0: Setting scan request: 0.000000 sec
D/wpa_supplicant( 3763): wlan0: Starting AP scan for wildcard SSID
D/wpa_supplicant( 3763): wlan0: Limit manual scan to specified channels
D/wpa_supplicant( 3763): wlan0: Add radio work 'scan'@0x7f6445c1c420
D/wpa_supplicant( 3763): wlan0: First radio work item in the queue - schedule start immediately
D/wpa_supplicant( 3763): wlan0: Starting radio work 'scan'@0x7f6445c1c420 after 0.000070 second wait
D/wpa_supplicant( 3763): wlan0: nl80211: scan request
D/wpa_supplicant( 3763): nl80211: Scan SSID - hexdump(len=0): [NULL]
D/wpa_supplicant( 3763): nl80211: Scan frequency 2462 MHz
D/wpa_supplicant( 3763): Scan requested (ret=0) - scan timeout 30 seconds
D/wpa_supplicant( 3763): nl80211: Event message available
D/wpa_supplicant( 3763): nl80211: Drv Event 33 (NL80211_CMD_TRIGGER_SCAN) received for wlan0
D/wpa_supplicant( 3763): wlan0: nl80211: Scan trigger
D/wpa_supplicant( 3763): wlan0: Event SCAN_STARTED (49) received
D/wpa_supplicant( 3763): wlan0: Own scan request started a scan in 0.000191 seconds
D/wpa_supplicant( 3763): CTRL_IFACE monitor sent successfully to /data/misc/wifi/sockets/wpa_ctrl_2436-4\x00
D/wpa_supplicant( 3763): wlan0: Control interface command 'SIGNAL_POLL'
D/wpa_supplicant( 3763): nl80211: Event message available
D/wpa_supplicant( 3763): nl80211: Drv Event 34 (NL80211_CMD_NEW_SCAN_RESULTS) received for wlan0
D/wpa_supplicant( 3763): wlan0: nl80211: New scan results available
D/wpa_supplicant( 3763): nl80211: Scan probed for SSID ''
D/wpa_supplicant( 3763): nl80211: Scan included frequencies: 2462
D/wpa_supplicant( 3763): wlan0: Event SCAN_RESULTS (3) received
D/wpa_supplicant( 3763): wlan0: Scan completed in 0.702523 seconds
D/wpa_supplicant( 3763): nl80211: Associated on 2462 MHz
D/wpa_supplicant( 3763): nl80211: Associated with 00:1b:da:33:7a:9f
D/wpa_supplicant( 3763): nl80211: Received scan results (1 BSSes)
D/wpa_supplicant( 3763): nl80211: Scan results indicate BSS status with 00:1b:da:33:7a:9f as associated
