D/audio_hw_primary( 2102): found out /dev/snd/pcmC0D0p
E/audio_hw_primary( 2102): pcm_open(out) failed: cannot open device '/dev/snd/pcmC0D0p': Invalid argument
D/audio_hw_primary( 2102): found out /dev/snd/pcmC0D0p
E/audio_hw_primary( 2102): pcm_open(out) failed: cannot open device '/dev/snd/pcmC0D0p': Invalid argument
D/audio_hw_primary( 2102): found out /dev/snd/pcmC0D0p
E/audio_hw_primary( 2102): pcm_open(out) failed: cannot open device '/dev/snd/pcmC0D0p': Invalid argument
D/audio_hw_primary( 2102): found out /dev/snd/pcmC0D0p
E/audio_hw_primary( 2102): pcm_open(out) failed: cannot open device '/dev/snd/pcmC0D0p': Invalid argument
D/audio_hw_primary( 2102): found out /dev/snd/pcmC0D0p
E/audio_hw_primary( 2102): pcm_open(out) failed: cannot open device '/dev/snd/pcmC0D0p': Invalid argument
D/audio_hw_primary( 2102): found out /dev/snd/pcmC0D0p
E/audio_hw_primary( 2102): pcm_open(out) failed: cannot open device '/dev/snd/pcmC0D0p': Invalid argument
D/audio_hw_primary( 2102): found out /dev/snd/pcmC0D0p
E/audio_hw_primary( 2102): pcm_open(out) failed: cannot open device '/dev/snd/pcmC0D0p': Invalid argument
D/audio_hw_primary( 2102): found out /dev/snd/pcmC0D0p
E/audio_hw_primary( 2102): pcm_open(out) failed: cannot open device '/dev/snd/pcmC0D0p': Invalid argument
D/audio_hw_primary( 2102): found out /dev/snd/pcmC0D0p
E/audio_hw_primary( 2102): pcm_open(out) failed: cannot open device '/dev/snd/pcmC0D0p': Invalid argument
D/audio_hw_primary( 2102): found out /dev/snd/pcmC0D0p
E/audio_hw_primary( 2102): pcm_open(out) failed: cannot open device '/dev/snd/pcmC0D0p': Invalid argument
D/audio_hw_primary( 2102): found out /dev/snd/pcmC0D0p
E/audio_hw_primary( 2102): pcm_open(out) failed: cannot open device '/dev/snd/pcmC0D0p': Invalid argument
D/audio_hw_primary( 2102): found out /dev/snd/pcmC0D0p
E/audio_hw_primary( 2102): pcm_open(out) failed: cannot open device '/dev/snd/pcmC0D0p': Invalid argument
D/audio_hw_primary( 2102): found out /dev/snd/pcmC0D0p
E/audio_hw_primary( 2102): pcm_open(out) failed: cannot open device '/dev/snd/pcmC0D0p': Invalid argument
D/audio_hw_primary( 2102): found out /dev/snd/pcmC0D0p
E/audio_hw_primary( 2102): pcm_open(out) failed: cannot open device '/dev/snd/pcmC0D0p': Invalid argument
I/Process ( 5176): Sending signal. PID: 5176 SIG: 9
D/audio_hw_primary( 2102): found out /dev/snd/pcmC0D0p
E/audio_hw_primary( 2102): pcm_open(out) failed: cannot open device '/dev/snd/pcmC0D0p': Invalid argument
W/AudioTrack( 2436): AUDIO_OUTPUT_FLAG_FAST denied by client
D/audio_hw_primary( 2102): found out /dev/snd/pcmC0D0p
W/InputMethodManagerService( 2436): Window already focused, ignoring focus gain of: com.android.internal.view.IInputMethodClient$Stub$Proxy@353fb03f attribute=null, token = android.os.BinderProxy@13a12665
E/audio_hw_primary( 2102): pcm_open(out) failed: cannot open device '/dev/snd/pcmC0D0p': Invalid argument
I/ActivityManager( 2436): Process com.android.wallpaper.holospiral (pid 5176) has died
W/ActivityManager( 2436): Service crashed 2 times, stopping: ServiceRecord{9c62126 u0 com.android.wallpaper.holospiral/.HoloSpiralWallpaper}
D/audio_hw_primary( 2102): found out /dev/snd/pcmC0D0p
E/audio_hw_primary( 2102): pcm_open(out) failed: cannot open device '/dev/snd/pcmC0D0p': Invalid argument
D/audio_hw_primary( 2102): found out /dev/snd/pcmC0D0p
E/audio_hw_primary( 2102): pcm_open(out) failed: cannot open device '/dev/snd/pcmC0D0p': Invalid argument
D/audio_hw_primary( 2102): found out /dev/snd/pcmC0D0p
E/audio_hw_primary( 2102): pcm_open(out) failed: cannot open device '/dev/snd/pcmC0D0p': Invalid argument
D/audio_hw_primary( 2102): found out /dev/snd/pcmC0D0p
E/audio_hw_primary( 2102): pcm_open(out) failed: cannot open device '/dev/snd/pcmC0D0p': Invalid argument
D/audio_hw_primary( 2102): found out /dev/snd/pcmC0D0p
E/audio_hw_primary( 2102): pcm_open(out) failed: cannot open device '/dev/snd/pcmC0D0p': Invalid argument
D/audio_hw_primary( 2102): found out /dev/snd/pcmC0D0p
E/audio_hw_primary( 2102): pcm_open(out) failed: cannot open device '/dev/snd/pcmC0D0p': Invalid argument
D/audio_hw_primary( 2102): found out /dev/snd/pcmC0D0p
E/audio_hw_primary( 2102): pcm_open(out) failed: cannot open device '/dev/snd/pcmC0D0p': Invalid argument
D/audio_hw_primary( 2102): found out /dev/snd/pcmC0D0p
E/audio_hw_primary( 2102): pcm_open(out) failed: cannot open device '/dev/snd/pcmC0D0p': Invalid argument
D/audio_hw_primary( 2102): found out /dev/snd/pcmC0D0p
E/audio_hw_primary( 2102): pcm_open(out) failed: cannot open device '/dev/snd/pcmC0D0p': Invalid argument
D/audio_hw_primary( 2102): found out /dev/snd/pcmC0D0p
E/audio_hw_primary( 2102): pcm_open(out) failed: cannot open device '/dev/snd/pcmC0D0p': Invalid argument
D/audio_hw_primary( 2102): found out /dev/snd/pcmC0D0p
E/audio_hw_primary( 2102): pcm_open(out) failed: cannot open device '/dev/snd/pcmC0D0p': Invalid argument
D/audio_hw_primary( 2102): found out /dev/snd/pcmC0D0p
E/audio_hw_primary( 2102): pcm_open(out) failed: cannot open device '/dev/snd/pcmC0D0p': Invalid argument
D/audio_hw_primary( 2102): found out /dev/snd/pcmC0D0p
E/audio_hw_primary( 2102): pcm_open(out) failed: cannot open device '/dev/snd/pcmC0D0p': Invalid argument
D/audio_hw_primary( 2102): found out /dev/snd/pcmC0D0p
E/audio_hw_primary( 2102): pcm_open(out) failed: cannot open device '/dev/snd/pcmC0D0p': Invalid argument
D/audio_hw_primary( 2102): found out /dev/snd/pcmC0D0p
E/audio_hw_primary( 2102): pcm_open(out) failed: cannot open device '/dev/snd/pcmC0D0p': Invalid argument
D/audio_hw_primary( 2102): found out /dev/snd/pcmC0D0p
E/audio_hw_primary( 2102): pcm_open(out) failed: cannot open device '/dev/snd/pcmC0D0p': Invalid argument
D/audio_hw_primary( 2102): found out /dev/snd/pcmC0D0p
E/audio_hw_primary( 2102): pcm_open(out) failed: cannot open device '/dev/snd/pcmC0D0p': Invalid argument
D/audio_hw_primary( 2102): found out /dev/snd/pcmC0D0p
E/audio_hw_primary( 2102): pcm_open(out) failed: cannot open device '/dev/snd/pcmC0D0p': Invalid argument
D/audio_hw_primary( 2102): found out /dev/snd/pcmC0D0p
E/audio_hw_primary( 2102): pcm_open(out) failed: cannot open device '/dev/snd/pcmC0D0p': Invalid argument
D/audio_hw_primary( 2102): found out /dev/snd/pcmC0D0p
E/audio_hw_primary( 2102): pcm_open(out) failed: cannot open device '/dev/snd/pcmC0D0p': Invalid argument
D/audio_hw_primary( 2102): found out /dev/snd/pcmC0D0p
E/audio_hw_primary( 2102): pcm_open(out) failed: cannot open device '/dev/snd/pcmC0D0p': Invalid argument
D/audio_hw_primary( 2102): found out /dev/snd/pcmC0D0p
E/audio_hw_primary( 2102): pcm_open(out) failed: cannot open device '/dev/snd/pcmC0D0p': Invalid argument
D/audio_hw_primary( 2102): found out /dev/snd/pcmC0D0p
E/audio_hw_primary( 2102): pcm_open(out) failed: cannot open device '/dev/snd/pcmC0D0p': Invalid argument
D/audio_hw_primary( 2102): found out /dev/snd/pcmC0D0p
E/audio_hw_primary( 2102): pcm_open(out) failed: cannot open device '/dev/snd/pcmC0D0p': Invalid argument
D/audio_hw_primary( 2102): found out /dev/snd/pcmC0D0p
E/audio_hw_primary( 2102): pcm_open(out) failed: cannot open device '/dev/snd/pcmC0D0p': Invalid argument
D/audio_hw_primary( 2102): found out /dev/snd/pcmC0D0p
E/audio_hw_primary( 2102): pcm_open(out) failed: cannot open device '/dev/snd/pcmC0D0p': Invalid argument
D/audio_hw_primary( 2102): found out /dev/snd/pcmC0D0p
E/audio_hw_primary( 2102): pcm_open(out) failed: cannot open device '/dev/snd/pcmC0D0p': Invalid argument
D/audio_hw_primary( 2102): found out /dev/snd/pcmC0D0p
E/audio_hw_primary( 2102): pcm_open(out) failed: cannot open device '/dev/snd/pcmC0D0p': Invalid argument
D/audio_hw_primary( 2102): found out /dev/snd/pcmC0D0p
E/audio_hw_primary( 2102): pcm_open(out) failed: cannot open device '/dev/snd/pcmC0D0p': Invalid argument
D/audio_hw_primary( 2102): found out /dev/snd/pcmC0D0p
E/audio_hw_primary( 2102): pcm_open(out) failed: cannot open device '/dev/snd/pcmC0D0p': Invalid argument
D/audio_hw_primary( 2102): found out /dev/snd/pcmC0D0p
E/audio_hw_primary( 2102): pcm_open(out) failed: cannot open device '/dev/snd/pcmC0D0p': Invalid argument
D/audio_hw_primary( 2102): found out /dev/snd/pcmC0D0p
E/audio_hw_primary( 2102): pcm_open(out) failed: cannot open device '/dev/snd/pcmC0D0p': Invalid argument
D/audio_hw_primary( 2102): found out /dev/snd/pcmC0D0p
E/audio_hw_primary( 2102): pcm_open(out) failed: cannot open device '/dev/snd/pcmC0D0p': Invalid argument
D/audio_hw_primary( 2102): found out /dev/snd/pcmC0D0p
E/audio_hw_primary( 2102): pcm_open(out) failed: cannot open device '/dev/snd/pcmC0D0p': Invalid argument
D/audio_hw_primary( 2102): found out /dev/snd/pcmC0D0p
E/audio_hw_primary( 2102): pcm_open(out) failed: cannot open device '/dev/snd/pcmC0D0p': Invalid argument
D/audio_hw_primary( 2102): found out /dev/snd/pcmC0D0p
E/audio_hw_primary( 2102): pcm_open(out) failed: cannot open device '/dev/snd/pcmC0D0p': Invalid argument
D/audio_hw_primary( 2102): found out /dev/snd/pcmC0D0p
E/audio_hw_primary( 2102): pcm_open(out) failed: cannot open device '/dev/snd/pcmC0D0p': Invalid argument
D/audio_hw_primary( 2102): found out /dev/snd/pcmC0D0p
E/audio_hw_primary( 2102): pcm_open(out) failed: cannot open device '/dev/snd/pcmC0D0p': Invalid argument
D/audio_hw_primary( 2102): found out /dev/snd/pcmC0D0p
E/audio_hw_primary( 2102): pcm_open(out) failed: cannot open device '/dev/snd/pcmC0D0p': Invalid argument
D/audio_hw_primary( 2102): found out /dev/snd/pcmC0D0p
E/audio_hw_primary( 2102): pcm_open(out) failed: cannot open device '/dev/snd/pcmC0D0p': Invalid argument
D/audio_hw_primary( 2102): found out /dev/snd/pcmC0D0p
E/audio_hw_primary( 2102): pcm_open(out) failed: cannot open device '/dev/snd/pcmC0D0p': Invalid argument
D/audio_hw_primary( 2102): found out /dev/snd/pcmC0D0p
E/audio_hw_primary( 2102): pcm_open(out) failed: cannot open device '/dev/snd/pcmC0D0p': Invalid argument
D/audio_hw_primary( 2102): found out /dev/snd/pcmC0D0p
E/audio_hw_primary( 2102): pcm_open(out) failed: cannot open device '/dev/snd/pcmC0D0p': Invalid argument
D/audio_hw_primary( 2102): found out /dev/snd/pcmC0D0p
E/audio_hw_primary( 2102): pcm_open(out) failed: cannot open device '/dev/snd/pcmC0D0p': Invalid argument
D/audio_hw_primary( 2102): found out /dev/snd/pcmC0D0p
E/audio_hw_primary( 2102): pcm_open(out) failed: cannot open device '/dev/snd/pcmC0D0p': Invalid argument
D/audio_hw_primary( 2102): found out /dev/snd/pcmC0D0p
E/audio_hw_primary( 2102): pcm_open(out) failed: cannot open device '/dev/snd/pcmC0D0p': Invalid argument
D/audio_hw_primary( 2102): found out /dev/snd/pcmC0D0p
E/audio_hw_primary( 2102): pcm_open(out) failed: cannot open device '/dev/snd/pcmC0D0p': Invalid argument
D/audio_hw_primary( 2102): found out /dev/snd/pcmC0D0p
E/audio_hw_primary( 2102): pcm_open(out) failed: cannot open device '/dev/snd/pcmC0D0p': Invalid argument
D/audio_hw_primary( 2102): found out /dev/snd/pcmC0D0p
E/audio_hw_primary( 2102): pcm_open(out) failed: cannot open device '/dev/snd/pcmC0D0p': Invalid argument
D/audio_hw_primary( 2102): found out /dev/snd/pcmC0D0p
E/audio_hw_primary( 2102): pcm_open(out) failed: cannot open device '/dev/snd/pcmC0D0p': Invalid argument
D/audio_hw_primary( 2102): found out /dev/snd/pcmC0D0p
E/audio_hw_primary( 2102): pcm_open(out) failed: cannot open device '/dev/snd/pcmC0D0p': Invalid argument
I/ActivityManager( 2436): START u0 {act=android.service.wallpaper.CHANGE_LIVE_WALLPAPER cmp=com.android.wallpaper.livepicker/.LiveWallpaperChange (has extras)} from uid 10014 on display 0
D/audio_hw_primary( 2102): found out /dev/snd/pcmC0D0p
E/audio_hw_primary( 2102): pcm_open(out) failed: cannot open device '/dev/snd/pcmC0D0p': Invalid argument
W/AudioTrack( 2436): AUDIO_OUTPUT_FLAG_FAST denied by client
V/WindowManager( 2436): addAppToken: AppWindowToken{213d086a token=Token{df4655 ActivityRecord{238b6d0c u0 com.android.wallpaper.livepicker/.LiveWallpaperChange t4}}} to stack=0 task=4 at 2
D/audio_hw_primary( 2102): found out /dev/snd/pcmC0D0p
E/audio_hw_primary( 2102): pcm_open(out) failed: cannot open device '/dev/snd/pcmC0D0p': Invalid argument
I/ActivityManager( 2436): START u0 {cmp=com.android.wallpaper.livepicker/.LiveWallpaperPreview (has extras)} from uid 10037 on display 0
D/audio_hw_primary( 2102): found out /dev/snd/pcmC0D0p
E/audio_hw_primary( 2102): pcm_open(out) failed: cannot open device '/dev/snd/pcmC0D0p': Invalid argument
V/WindowManager( 2436): addAppToken: AppWindowToken{151af2d1 token=Token{14084df8 ActivityRecord{2b89115b u0 com.android.wallpaper.livepicker/.LiveWallpaperPreview t4}}} to stack=0 task=4 at 3
D/audio_hw_primary( 2102): found out /dev/snd/pcmC0D0p
E/audio_hw_primary( 2102): pcm_open(out) failed: cannot open device '/dev/snd/pcmC0D0p': Invalid argument
D/audio_hw_primary( 2102): found out /dev/snd/pcmC0D0p
E/audio_hw_primary( 2102): pcm_open(out) failed: cannot open device '/dev/snd/pcmC0D0p': Invalid argument
V/WindowManager( 2436): Adding window Window{3c3d6837 u0 com.android.wallpaper.livepicker/com.android.wallpaper.livepicker.LiveWallpaperPreview} at 13 of 18 (after Window{c6e4f3a u0 com.cyanogenmod.trebuchet/com.android.launcher3.WallpaperPickerActivity})
D/audio_hw_primary( 2102): found out /dev/snd/pcmC0D0p
E/audio_hw_primary( 2102): pcm_open(out) failed: cannot open device '/dev/snd/pcmC0D0p': Invalid argument
V/WindowManager( 2436): Adding window Window{1a8aeb0d u0 Media:com.android.wallpaper.livepicker/com.android.wallpaper.livepicker.LiveWallpaperPreview} at 13 of 19 (before Window{3c3d6837 u0 com.android.wallpaper.livepicker/com.android.wallpaper.livepicker.LiveWallpaperPreview})
D/audio_hw_primary( 2102): found out /dev/snd/pcmC0D0p
E/audio_hw_primary( 2102): pcm_open(out) failed: cannot open device '/dev/snd/pcmC0D0p': Invalid argument
D/audio_hw_primary( 2102): found out /dev/snd/pcmC0D0p
E/audio_hw_primary( 2102): pcm_open(out) failed: cannot open device '/dev/snd/pcmC0D0p': Invalid argument
D/audio_hw_primary( 2102): found out /dev/snd/pcmC0D0p
E/audio_hw_primary( 2102): pcm_open(out) failed: cannot open device '/dev/snd/pcmC0D0p': Invalid argument
D/audio_hw_primary( 2102): found out /dev/snd/pcmC0D0p
E/audio_hw_primary( 2102): pcm_open(out) failed: cannot open device '/dev/snd/pcmC0D0p': Invalid argument
D/audio_hw_primary( 2102): found out /dev/snd/pcmC0D0p
E/audio_hw_primary( 2102): pcm_open(out) failed: cannot open device '/dev/snd/pcmC0D0p': Invalid argument
D/audio_hw_primary( 2102): found out /dev/snd/pcmC0D0p
E/audio_hw_primary( 2102): pcm_open(out) failed: cannot open device '/dev/snd/pcmC0D0p': Invalid argument
D/audio_hw_primary( 2102): found out /dev/snd/pcmC0D0p
E/audio_hw_primary( 2102): pcm_open(out) failed: cannot open device '/dev/snd/pcmC0D0p': Invalid argument
D/audio_hw_primary( 2102): found out /dev/snd/pcmC0D0p
E/audio_hw_primary( 2102): pcm_open(out) failed: cannot open device '/dev/snd/pcmC0D0p': Invalid argument
D/audio_hw_primary( 2102): found out /dev/snd/pcmC0D0p
E/audio_hw_primary( 2102): pcm_open(out) failed: cannot open device '/dev/snd/pcmC0D0p': Invalid argument
D/audio_hw_primary( 2102): found out /dev/snd/pcmC0D0p
E/audio_hw_primary( 2102): pcm_open(out) failed: cannot open device '/dev/snd/pcmC0D0p': Invalid argument
D/audio_hw_primary( 2102): found out /dev/snd/pcmC0D0p
E/audio_hw_primary( 2102): pcm_open(out) failed: cannot open device '/dev/snd/pcmC0D0p': Invalid argument
D/audio_hw_primary( 2102): found out /dev/snd/pcmC0D0p
E/audio_hw_primary( 2102): pcm_open(out) failed: cannot open device '/dev/snd/pcmC0D0p': Invalid argument
D/audio_hw_primary( 2102): found out /dev/snd/pcmC0D0p
E/audio_hw_primary( 2102): pcm_open(out) failed: cannot open device '/dev/snd/pcmC0D0p': Invalid argument
D/audio_hw_primary( 2102): found out /dev/snd/pcmC0D0p
E/audio_hw_primary( 2102): pcm_open(out) failed: cannot open device '/dev/snd/pcmC0D0p': Invalid argument
I/ActivityManager( 2436): Start proc 5199:com.android.phasebeam/u0a42 for service com.android.phasebeam/.PhaseBeamWallpaper
D/audio_hw_primary( 2102): found out /dev/snd/pcmC0D0p
E/audio_hw_primary( 2102): pcm_open(out) failed: cannot open device '/dev/snd/pcmC0D0p': Invalid argument
D/audio_hw_primary( 2102): found out /dev/snd/pcmC0D0p
E/audio_hw_primary( 2102): pcm_open(out) failed: cannot open device '/dev/snd/pcmC0D0p': Invalid argument
D/audio_hw_primary( 2102): found out /dev/snd/pcmC0D0p
E/audio_hw_primary( 2102): pcm_open(out) failed: cannot open device '/dev/snd/pcmC0D0p': Invalid argument
I/ActivityManager( 2436): Displayed com.android.wallpaper.livepicker/.LiveWallpaperPreview: +236ms (total +260ms)
D/audio_hw_primary( 2102): found out /dev/snd/pcmC0D0p
E/audio_hw_primary( 2102): pcm_open(out) failed: cannot open device '/dev/snd/pcmC0D0p': Invalid argument
D/audio_hw_primary( 2102): found out /dev/snd/pcmC0D0p
E/audio_hw_primary( 2102): pcm_open(out) failed: cannot open device '/dev/snd/pcmC0D0p': Invalid argument
D/AndroidRuntime( 5199): Shutting down VM
E/AndroidRuntime( 5199): FATAL EXCEPTION: main
E/AndroidRuntime( 5199): Process: com.android.phasebeam, PID: 5199
E/AndroidRuntime( 5199): java.lang.RuntimeException: Unable to instantiate service com.android.phasebeam.PhaseBeamWallpaper: java.lang.ClassNotFoundException: Didn't find class "com.android.phasebeam.PhaseBeamWallpaper" on path: DexPathList[[zip file "/system/app/PhaseBeam/PhaseBeam.apk"],nativeLibraryDirectories=[/vendor/lib, /system/lib]]
E/AndroidRuntime( 5199): at android.app.ActivityThread.handleCreateService(ActivityThread.java:2746)
E/AndroidRuntime( 5199): at android.app.ActivityThread.access$1800(ActivityThread.java:151)
E/AndroidRuntime( 5199): at android.app.ActivityThread$H.handleMessage(ActivityThread.java:1386)
E/AndroidRuntime( 5199): at android.os.Handler.dispatchMessage(Handler.java:102)
E/AndroidRuntime( 5199): at android.os.Looper.loop(Looper.java:135)
E/AndroidRuntime( 5199): at android.app.ActivityThread.main(ActivityThread.java:5254)
E/AndroidRuntime( 5199): at java.lang.reflect.Method.invoke(Native Method)
E/AndroidRuntime( 5199): at java.lang.reflect.Method.invoke(Method.java:372)
E/AndroidRuntime( 5199): at com.android.internal.os.ZygoteInit$MethodAndArgsCaller.run(ZygoteInit.java:903)
E/AndroidRuntime( 5199): at com.android.internal.os.ZygoteInit.main(ZygoteInit.java:698)
E/AndroidRuntime( 5199): Caused by: java.lang.ClassNotFoundException: Didn't find class "com.android.phasebeam.PhaseBeamWallpaper" on path: DexPathList[[zip file "/system/app/PhaseBeam/PhaseBeam.apk"],nativeLibraryDirectories=[/vendor/lib, /system/lib]]
E/AndroidRuntime( 5199): at dalvik.system.BaseDexClassLoader.findClass(BaseDexClassLoader.java:56)
E/AndroidRuntime( 5199): at java.lang.ClassLoader.loadClass(ClassLoader.java:511)
E/AndroidRuntime( 5199): at java.lang.ClassLoader.loadClass(ClassLoader.java:469)
E/AndroidRuntime( 5199): at android.app.ActivityThread.handleCreateService(ActivityThread.java:2743)
E/AndroidRuntime( 5199): ... 9 more
E/AndroidRuntime( 5199): Suppressed: java.io.IOException: Zip archive '/system/app/PhaseBeam/PhaseBeam.apk' doesn't contain classes.dex (error msg: Entry not found)
E/AndroidRuntime( 5199): at dalvik.system.DexFile.openDexFileNative(Native Method)
E/AndroidRuntime( 5199): at dalvik.system.DexFile.openDexFile(DexFile.java:295)
E/AndroidRuntime( 5199): at dalvik.system.DexFile.(DexFile.java:80)
E/AndroidRuntime( 5199): at dalvik.system.DexFile.(DexFile.java:59)
E/AndroidRuntime( 5199): at dalvik.system.DexPathList.loadDexFile(DexPathList.java:262)
E/AndroidRuntime( 5199): at dalvik.system.DexPathList.makeDexElements(DexPathList.java:231)
E/AndroidRuntime( 5199): at dalvik.system.DexPathList.(DexPathList.java:109)
E/AndroidRuntime( 5199): at dalvik.system.BaseDexClassLoader.(BaseDexClassLoader.java:48)
E/AndroidRuntime( 5199): at dalvik.system.PathClassLoader.(PathClassLoader.java:65)
E/AndroidRuntime( 5199): at android.app.ApplicationLoaders.getClassLoader(ApplicationLoaders.java:57)
E/AndroidRuntime( 5199): at android.app.LoadedApk.getClassLoader(LoadedApk.java:361)
E/AndroidRuntime( 5199): at android.app.LoadedApk.makeApplication(LoadedApk.java:553)
E/AndroidRuntime( 5199): at android.app.ActivityThread.handleBindApplication(ActivityThread.java:4526)
E/AndroidRuntime( 5199): at android.app.ActivityThread.access$1500(ActivityThread.java:151)
E/AndroidRuntime( 5199): at android.app.ActivityThread$H.handleMessage(ActivityThread.java:1364)
E/AndroidRuntime( 5199): ... 7 more
E/AndroidRuntime( 5199): Caused by: java.io.IOException: Failed to open oat file from dex location '/system/app/PhaseBeam/PhaseBeam.apk'
E/AndroidRuntime( 5199): ... 22 more
E/AndroidRuntime( 5199): Caused by: java.io.IOException: Failed to open oat file from /system/app/PhaseBeam/x86/PhaseBeam.odex (error Failed to open oat filename for reading: No such file or directory) (no dalvik_cache availible) and relocation failed.
E/AndroidRuntime( 5199): ... 22 more
E/AndroidRuntime( 5199): Caused by: java.io.IOException:
E/AndroidRuntime( 5199): ... 22 more
E/AndroidRuntime( 5199): Suppressed: java.lang.ClassNotFoundException: com.android.phasebeam.PhaseBeamWallpaper
E/AndroidRuntime( 5199): at java.lang.Class.classForName(Native Method)
E/AndroidRuntime( 5199): at java.lang.BootClassLoader.findClass(ClassLoader.java:781)
E/AndroidRuntime( 5199): at java.lang.BootClassLoader.loadClass(ClassLoader.java:841)
E/AndroidRuntime( 5199): at java.lang.ClassLoader.loadClass(ClassLoader.java:504)
E/AndroidRuntime( 5199): ... 11 more
E/AndroidRuntime( 5199): Caused by: java.lang.NoClassDefFoundError: Class not found using the boot class loader; no stack available
D/audio_hw_primary( 2102): found out /dev/snd/pcmC0D0p
E/audio_hw_primary( 2102): pcm_open(out) failed: cannot open device '/dev/snd/pcmC0D0p': Invalid argument
D/audio_hw_primary( 2102): found out /dev/snd/pcmC0D0p
E/audio_hw_primary( 2102): pcm_open(out) failed: cannot open device '/dev/snd/pcmC0D0p': Invalid argument
D/audio_hw_primary( 2102): found out /dev/snd/pcmC0D0p
E/audio_hw_primary( 2102): pcm_open(out) failed: cannot open device '/dev/snd/pcmC0D0p': Invalid argument
D/audio_hw_primary( 2102): found out /dev/snd/pcmC0D0p
E/audio_hw_primary( 2102): pcm_open(out) failed: cannot open device '/dev/snd/pcmC0D0p': Invalid argument
D/audio_hw_primary( 2102): found out /dev/snd/pcmC0D0p
E/audio_hw_primary( 2102): pcm_open(out) failed: cannot open device '/dev/snd/pcmC0D0p': Invalid argument
D/audio_hw_primary( 2102): found out /dev/snd/pcmC0D0p
E/audio_hw_primary( 2102): pcm_open(out) failed: cannot open device '/dev/snd/pcmC0D0p': Invalid argument
D/audio_hw_primary( 2102): found out /dev/snd/pcmC0D0p
E/audio_hw_primary( 2102): pcm_open(out) failed: cannot open device '/dev/snd/pcmC0D0p': Invalid argument
D/audio_hw_primary( 2102): found out /dev/snd/pcmC0D0p
E/audio_hw_primary( 2102): pcm_open(out) failed: cannot open device '/dev/snd/pcmC0D0p': Invalid argument
D/audio_hw_primary( 2102): found out /dev/snd/pcmC0D0p
E/audio_hw_primary( 2102): pcm_open(out) failed: cannot open device '/dev/snd/pcmC0D0p': Invalid argument
D/audio_hw_primary( 2102): found out /dev/snd/pcmC0D0p
E/audio_hw_primary( 2102): pcm_open(out) failed: cannot open device '/dev/snd/pcmC0D0p': Invalid argument
D/audio_hw_primary( 2102): found out /dev/snd/pcmC0D0p
E/audio_hw_primary( 2102): pcm_open(out) failed: cannot open device '/dev/snd/pcmC0D0p': Invalid argument
D/audio_hw_primary( 2102): found out /dev/snd/pcmC0D0p
E/audio_hw_primary( 2102): pcm_open(out) failed: cannot open device '/dev/snd/pcmC0D0p': Invalid argument
D/audio_hw_primary( 2102): found out /dev/snd/pcmC0D0p
E/audio_hw_primary( 2102): pcm_open(out) failed: cannot open device '/dev/snd/pcmC0D0p': Invalid argument
D/audio_hw_primary( 2102): found out /dev/snd/pcmC0D0p
E/audio_hw_primary( 2102): pcm_open(out) failed: cannot open device '/dev/snd/pcmC0D0p': Invalid argument
D/audio_hw_primary( 2102): found out /dev/snd/pcmC0D0p
E/audio_hw_primary( 2102): pcm_open(out) failed: cannot open device '/dev/snd/pcmC0D0p': Invalid argument
D/audio_hw_primary( 2102): found out /dev/snd/pcmC0D0p
E/audio_hw_primary( 2102): pcm_open(out) failed: cannot open device '/dev/snd/pcmC0D0p': Invalid argument
D/audio_hw_primary( 2102): found out /dev/snd/pcmC0D0p
E/audio_hw_primary( 2102): pcm_open(out) failed: cannot open device '/dev/snd/pcmC0D0p': Invalid argument
D/audio_hw_primary( 2102): found out /dev/snd/pcmC0D0p
E/audio_hw_primary( 2102): pcm_open(out) failed: cannot open device '/dev/snd/pcmC0D0p': Invalid argument
D/audio_hw_primary( 2102): found out /dev/snd/pcmC0D0p
E/audio_hw_primary( 2102): pcm_open(out) failed: cannot open device '/dev/snd/pcmC0D0p': Invalid argument
D/audio_hw_primary( 2102): found out /dev/snd/pcmC0D0p
E/audio_hw_primary( 2102): pcm_open(out) failed: cannot open device '/dev/snd/pcmC0D0p': Invalid argument
D/audio_hw_primary( 2102): found out /dev/snd/pcmC0D0p
E/audio_hw_primary( 2102): pcm_open(out) failed: cannot open device '/dev/snd/pcmC0D0p': Invalid argument
D/audio_hw_primary( 2102): found out /dev/snd/pcmC0D0p
E/audio_hw_primary( 2102): pcm_open(out) failed: cannot open device '/dev/snd/pcmC0D0p': Invalid argument
D/audio_hw_primary( 2102): found out /dev/snd/pcmC0D0p
E/audio_hw_primary( 2102): pcm_open(out) failed: cannot open device '/dev/snd/pcmC0D0p': Invalid argument
D/audio_hw_primary( 2102): found out /dev/snd/pcmC0D0p
E/audio_hw_primary( 2102): pcm_open(out) failed: cannot open device '/dev/snd/pcmC0D0p': Invalid argument
D/audio_hw_primary( 2102): found out /dev/snd/pcmC0D0p
E/audio_hw_primary( 2102): pcm_open(out) failed: cannot open device '/dev/snd/pcmC0D0p': Invalid argument
D/audio_hw_primary( 2102): found out /dev/snd/pcmC0D0p
E/audio_hw_primary( 2102): pcm_open(out) failed: cannot open device '/dev/snd/pcmC0D0p': Invalid argument
D/audio_hw_primary( 2102): found out /dev/snd/pcmC0D0p
E/audio_hw_primary( 2102): pcm_open(out) failed: cannot open device '/dev/snd/pcmC0D0p': Invalid argument
D/audio_hw_primary( 2102): found out /dev/snd/pcmC0D0p
E/audio_hw_primary( 2102): pcm_open(out) failed: cannot open device '/dev/snd/pcmC0D0p': Invalid argument
I/OpenGLRenderer( 2436): Initialized EGL, version 1.4
D/audio_hw_primary( 2102): found out /dev/snd/pcmC0D0p
E/audio_hw_primary( 2102): pcm_open(out) failed: cannot open device '/dev/snd/pcmC0D0p': Invalid argument
D/audio_hw_primary( 2102): found out /dev/snd/pcmC0D0p
E/audio_hw_primary( 2102): pcm_open(out) failed: cannot open device '/dev/snd/pcmC0D0p': Invalid argument
D/audio_hw_primary( 2102): found out /dev/snd/pcmC0D0p
E/audio_hw_primary( 2102): pcm_open(out) failed: cannot open device '/dev/snd/pcmC0D0p': Invalid argument
D/audio_hw_primary( 2102): found out /dev/snd/pcmC0D0p
E/audio_hw_primary( 2102): pcm_open(out) failed: cannot open device '/dev/snd/pcmC0D0p': Invalid argument
D/audio_hw_primary( 2102): found out /dev/snd/pcmC0D0p
E/audio_hw_primary( 2102): pcm_open(out) failed: cannot open device '/dev/snd/pcmC0D0p': Invalid argument
D/audio_hw_primary( 2102): found out /dev/snd/pcmC0D0p
E/audio_hw_primary( 2102): pcm_open(out) failed: cannot open device '/dev/snd/pcmC0D0p': Invalid argument
D/audio_hw_primary( 2102): found out /dev/snd/pcmC0D0p
E/audio_hw_primary( 2102): pcm_open(out) failed: cannot open device '/dev/snd/pcmC0D0p': Invalid argument
D/audio_hw_primary( 2102): found out /dev/snd/pcmC0D0p
E/audio_hw_primary( 2102): pcm_open(out) failed: cannot open device '/dev/snd/pcmC0D0p': Invalid argument
D/audio_hw_primary( 2102): found out /dev/snd/pcmC0D0p
E/audio_hw_primary( 2102): pcm_open(out) failed: cannot open device '/dev/snd/pcmC0D0p': Invalid argument
D/audio_hw_primary( 2102): found out /dev/snd/pcmC0D0p
E/audio_hw_primary( 2102): pcm_open(out) failed: cannot open device '/dev/snd/pcmC0D0p': Invalid argument
D/audio_hw_primary( 2102): found out /dev/snd/pcmC0D0p
E/audio_hw_primary( 2102): pcm_open(out) failed: cannot open device '/dev/snd/pcmC0D0p': Invalid argument
D/audio_hw_primary( 2102): found out /dev/snd/pcmC0D0p
E/audio_hw_primary( 2102): pcm_open(out) failed: cannot open device '/dev/snd/pcmC0D0p': Invalid argument
D/audio_hw_primary( 2102): found out /dev/snd/pcmC0D0p
E/audio_hw_primary( 2102): pcm_open(out) failed: cannot open device '/dev/snd/pcmC0D0p': Invalid argument
D/audio_hw_primary( 2102): found out /dev/snd/pcmC0D0p
E/audio_hw_primary( 2102): pcm_open(out) failed: cannot open device '/dev/snd/pcmC0D0p': Invalid argument
D/audio_hw_primary( 2102): found out /dev/snd/pcmC0D0p
E/audio_hw_primary( 2102): pcm_open(out) failed: cannot open device '/dev/snd/pcmC0D0p': Invalid argument
D/audio_hw_primary( 2102): found out /dev/snd/pcmC0D0p
E/audio_hw_primary( 2102): pcm_open(out) failed: cannot open device '/dev/snd/pcmC0D0p': Invalid argument
D/audio_hw_primary( 2102): found out /dev/snd/pcmC0D0p
E/audio_hw_primary( 2102): pcm_open(out) failed: cannot open device '/dev/snd/pcmC0D0p': Invalid argument
D/audio_hw_primary( 2102): found out /dev/snd/pcmC0D0p
E/audio_hw_primary( 2102): pcm_open(out) failed: cannot open device '/dev/snd/pcmC0D0p': Invalid argument
D/audio_hw_primary( 2102): found out /dev/snd/pcmC0D0p
E/audio_hw_primary( 2102): pcm_open(out) failed: cannot open device '/dev/snd/pcmC0D0p': Invalid argument
D/audio_hw_primary( 2102): found out /dev/snd/pcmC0D0p
E/audio_hw_primary( 2102): pcm_open(out) failed: cannot open device '/dev/snd/pcmC0D0p': Invalid argument
D/audio_hw_primary( 2102): found out /dev/snd/pcmC0D0p
E/audio_hw_primary( 2102): pcm_open(out) failed: cannot open device '/dev/snd/pcmC0D0p': Invalid argument
D/audio_hw_primary( 2102): found out /dev/snd/pcmC0D0p
E/audio_hw_primary( 2102): pcm_open(out) failed: cannot open device '/dev/snd/pcmC0D0p': Invalid argument
D/audio_hw_primary( 2102): found out /dev/snd/pcmC0D0p
E/audio_hw_primary( 2102): pcm_open(out) failed: cannot open device '/dev/snd/pcmC0D0p': Invalid argument
D/audio_hw_primary( 2102): found out /dev/snd/pcmC0D0p
E/audio_hw_primary( 2102): pcm_open(out) failed: cannot open device '/dev/snd/pcmC0D0p': Invalid argument
D/audio_hw_primary( 2102): found out /dev/snd/pcmC0D0p
E/audio_hw_primary( 2102): pcm_open(out) failed: cannot open device '/dev/snd/pcmC0D0p': Invalid argument
D/audio_hw_primary( 2102): found out /dev/snd/pcmC0D0p
E/audio_hw_primary( 2102): pcm_open(out) failed: cannot open device '/dev/snd/pcmC0D0p': Invalid argument
D/audio_hw_primary( 2102): found out /dev/snd/pcmC0D0p
E/audio_hw_primary( 2102): pcm_open(out) failed: cannot open device '/dev/snd/pcmC0D0p': Invalid argument
D/audio_hw_primary( 2102): found out /dev/snd/pcmC0D0p
E/audio_hw_primary( 2102): pcm_open(out) failed: cannot open device '/dev/snd/pcmC0D0p': Invalid argument
D/audio_hw_primary( 2102): found out /dev/snd/pcmC0D0p
E/audio_hw_primary( 2102): pcm_open(out) failed: cannot open device '/dev/snd/pcmC0D0p': Invalid argument
D/audio_hw_primary( 2102): found out /dev/snd/pcmC0D0p
E/audio_hw_primary( 2102): pcm_open(out) failed: cannot open device '/dev/snd/pcmC0D0p': Invalid argument
D/audio_hw_primary( 2102): found out /dev/snd/pcmC0D0p
E/audio_hw_primary( 2102): pcm_open(out) failed: cannot open device '/dev/snd/pcmC0D0p': Invalid argument
D/audio_hw_primary( 2102): found out /dev/snd/pcmC0D0p
E/audio_hw_primary( 2102): pcm_open(out) failed: cannot open device '/dev/snd/pcmC0D0p': Invalid argument
D/audio_hw_primary( 2102): found out /dev/snd/pcmC0D0p
E/audio_hw_primary( 2102): pcm_open(out) failed: cannot open device '/dev/snd/pcmC0D0p': Invalid argument
D/audio_hw_primary( 2102): found out /dev/snd/pcmC0D0p
E/audio_hw_primary( 2102): pcm_open(out) failed: cannot open device '/dev/snd/pcmC0D0p': Invalid argument
D/audio_hw_primary( 2102): found out /dev/snd/pcmC0D0p
E/audio_hw_primary( 2102): pcm_open(out) failed: cannot open device '/dev/snd/pcmC0D0p': Invalid argument
D/audio_hw_primary( 2102): found out /dev/snd/pcmC0D0p
E/audio_hw_primary( 2102): pcm_open(out) failed: cannot open device '/dev/snd/pcmC0D0p': Invalid argument
D/audio_hw_primary( 2102): found out /dev/snd/pcmC0D0p
E/audio_hw_primary( 2102): pcm_open(out) failed: cannot open device '/dev/snd/pcmC0D0p': Invalid argument
D/audio_hw_primary( 2102): found out /dev/snd/pcmC0D0p
E/audio_hw_primary( 2102): pcm_open(out) failed: cannot open device '/dev/snd/pcmC0D0p': Invalid argument
D/wpa_supplicant( 3763): wlan0: Control interface command 'SIGNAL_POLL'
D/audio_hw_primary( 2102): found out /dev/snd/pcmC0D0p
E/audio_hw_primary( 2102): pcm_open(out) failed: cannot open device '/dev/snd/pcmC0D0p': Invalid argument
D/audio_hw_primary( 2102): found out /dev/snd/pcmC0D0p
E/audio_hw_primary( 2102): pcm_open(out) failed: cannot open device '/dev/snd/pcmC0D0p': Invalid argument
D/audio_hw_primary( 2102): found out /dev/snd/pcmC0D0p
E/audio_hw_primary( 2102): pcm_open(out) failed: cannot open device '/dev/snd/pcmC0D0p': Invalid argument
D/audio_hw_primary( 2102): found out /dev/snd/pcmC0D0p
E/audio_hw_primary( 2102): pcm_open(out) failed: cannot open device '/dev/snd/pcmC0D0p': Invalid argument
D/audio_hw_primary( 2102): found out /dev/snd/pcmC0D0p
E/audio_hw_primary( 2102): pcm_open(out) failed: cannot open device '/dev/snd/pcmC0D0p': Invalid argument
D/audio_hw_primary( 2102): found out /dev/snd/pcmC0D0p
E/audio_hw_primary( 2102): pcm_open(out) failed: cannot open device '/dev/snd/pcmC0D0p': Invalid argument
D/audio_hw_primary( 2102): found out /dev/snd/pcmC0D0p
E/audio_hw_primary( 2102): pcm_open(out) failed: cannot open device '/dev/snd/pcmC0D0p': Invalid argument
D/audio_hw_primary( 2102): found out /dev/snd/pcmC0D0p
E/audio_hw_primary( 2102): pcm_open(out) failed: cannot open device '/dev/snd/pcmC0D0p': Invalid argument
D/audio_hw_primary( 2102): found out /dev/snd/pcmC0D0p
E/audio_hw_primary( 2102): pcm_open(out) failed: cannot open device '/dev/snd/pcmC0D0p': Invalid argument
D/audio_hw_primary( 2102): found out /dev/snd/pcmC0D0p
E/audio_hw_primary( 2102): pcm_open(out) failed: cannot open device '/dev/snd/pcmC0D0p': Invalid argument
D/audio_hw_primary( 2102): found out /dev/snd/pcmC0D0p
E/audio_hw_primary( 2102): pcm_open(out) failed: cannot open device '/dev/snd/pcmC0D0p': Invalid argument
D/audio_hw_primary( 2102): found out /dev/snd/pcmC0D0p
E/audio_hw_primary( 2102): pcm_open(out) failed: cannot open device '/dev/snd/pcmC0D0p': Invalid argument
D/audio_hw_primary( 2102): found out /dev/snd/pcmC0D0p
E/audio_hw_primary( 2102): pcm_open(out) failed: cannot open device '/dev/snd/pcmC0D0p': Invalid argument
D/audio_hw_primary( 2102): found out /dev/snd/pcmC0D0p
E/audio_hw_primary( 2102): pcm_open(out) failed: cannot open device '/dev/snd/pcmC0D0p': Invalid argument
D/audio_hw_primary( 2102): found out /dev/snd/pcmC0D0p
E/audio_hw_primary( 2102): pcm_open(out) failed: cannot open device '/dev/snd/pcmC0D0p': Invalid argument
D/audio_hw_primary( 2102): found out /dev/snd/pcmC0D0p
E/audio_hw_primary( 2102): pcm_open(out) failed: cannot open device '/dev/snd/pcmC0D0p': Invalid argument
D/audio_hw_primary( 2102): found out /dev/snd/pcmC0D0p
E/audio_hw_primary( 2102): pcm_open(out) failed: cannot open device '/dev/snd/pcmC0D0p': Invalid argument
D/audio_hw_primary( 2102): found out /dev/snd/pcmC0D0p
E/audio_hw_primary( 2102): pcm_open(out) failed: cannot open device '/dev/snd/pcmC0D0p': Invalid argument
D/audio_hw_primary( 2102): found out /dev/snd/pcmC0D0p
E/audio_hw_primary( 2102): pcm_open(out) failed: cannot open device '/dev/snd/pcmC0D0p': Invalid argument
D/audio_hw_primary( 2102): found out /dev/snd/pcmC0D0p
E/audio_hw_primary( 2102): pcm_open(out) failed: cannot open device '/dev/snd/pcmC0D0p': Invalid argument
D/audio_hw_primary( 2102): found out /dev/snd/pcmC0D0p
E/audio_hw_primary( 2102): pcm_open(out) failed: cannot open device '/dev/snd/pcmC0D0p': Invalid argument
D/audio_hw_primary( 2102): found out /dev/snd/pcmC0D0p
E/audio_hw_primary( 2102): pcm_open(out) failed: cannot open device '/dev/snd/pcmC0D0p': Invalid argument
D/audio_hw_primary( 2102): found out /dev/snd/pcmC0D0p
E/audio_hw_primary( 2102): pcm_open(out) failed: cannot open device '/dev/snd/pcmC0D0p': Invalid argument
D/audio_hw_primary( 2102): found out /dev/snd/pcmC0D0p
E/audio_hw_primary( 2102): pcm_open(out) failed: cannot open device '/dev/snd/pcmC0D0p': Invalid argument
D/audio_hw_primary( 2102): found out /dev/snd/pcmC0D0p
E/audio_hw_primary( 2102): pcm_open(out) failed: cannot open device '/dev/snd/pcmC0D0p': Invalid argument
D/audio_hw_primary( 2102): found out /dev/snd/pcmC0D0p
E/audio_hw_primary( 2102): pcm_open(out) failed: cannot open device '/dev/snd/pcmC0D0p': Invalid argument
D/audio_hw_primary( 2102): found out /dev/snd/pcmC0D0p
E/audio_hw_primary( 2102): pcm_open(out) failed: cannot open device '/dev/snd/pcmC0D0p': Invalid argument
D/audio_hw_primary( 2102): found out /dev/snd/pcmC0D0p
E/audio_hw_primary( 2102): pcm_open(out) failed: cannot open device '/dev/snd/pcmC0D0p': Invalid argument
D/audio_hw_primary( 2102): found out /dev/snd/pcmC0D0p
E/audio_hw_primary( 2102): pcm_open(out) failed: cannot open device '/dev/snd/pcmC0D0p': Invalid argument
D/audio_hw_primary( 2102): found out /dev/snd/pcmC0D0p
E/audio_hw_primary( 2102): pcm_open(out) failed: cannot open device '/dev/snd/pcmC0D0p': Invalid argument
D/audio_hw_primary( 2102): found out /dev/snd/pcmC0D0p
E/audio_hw_primary( 2102): pcm_open(out) failed: cannot open device '/dev/snd/pcmC0D0p': Invalid argument
D/audio_hw_primary( 2102): found out /dev/snd/pcmC0D0p
E/audio_hw_primary( 2102): pcm_open(out) failed: cannot open device '/dev/snd/pcmC0D0p': Invalid argument
D/audio_hw_primary( 2102): found out /dev/snd/pcmC0D0p
E/audio_hw_primary( 2102): pcm_open(out) failed: cannot open device '/dev/snd/pcmC0D0p': Invalid argument
D/audio_hw_primary( 2102): found out /dev/snd/pcmC0D0p
E/audio_hw_primary( 2102): pcm_open(out) failed: cannot open device '/dev/snd/pcmC0D0p': Invalid argument
D/audio_hw_primary( 2102): found out /dev/snd/pcmC0D0p
E/audio_hw_primary( 2102): pcm_open(out) failed: cannot open device '/dev/snd/pcmC0D0p': Invalid argument
D/audio_hw_primary( 2102): found out /dev/snd/pcmC0D0p
E/audio_hw_primary( 2102): pcm_open(out) failed: cannot open device '/dev/snd/pcmC0D0p': Invalid argument
D/audio_hw_primary( 2102): found out /dev/snd/pcmC0D0p
E/audio_hw_primary( 2102): pcm_open(out) failed: cannot open device '/dev/snd/pcmC0D0p': Invalid argument
D/audio_hw_primary( 2102): found out /dev/snd/pcmC0D0p
E/audio_hw_primary( 2102): pcm_open(out) failed: cannot open device '/dev/snd/pcmC0D0p': Invalid argument
D/audio_hw_primary( 2102): found out /dev/snd/pcmC0D0p
E/audio_hw_primary( 2102): pcm_open(out) failed: cannot open device '/dev/snd/pcmC0D0p': Invalid argument
D/audio_hw_primary( 2102): found out /dev/snd/pcmC0D0p
E/audio_hw_primary( 2102): pcm_open(out) failed: cannot open device '/dev/snd/pcmC0D0p': Invalid argument
D/audio_hw_primary( 2102): found out /dev/snd/pcmC0D0p
E/audio_hw_primary( 2102): pcm_open(out) failed: cannot open device '/dev/snd/pcmC0D0p': Invalid argument
D/audio_hw_primary( 2102): found out /dev/snd/pcmC0D0p
E/audio_hw_primary( 2102): pcm_open(out) failed: cannot open device '/dev/snd/pcmC0D0p': Invalid argument
D/audio_hw_primary( 2102): found out /dev/snd/pcmC0D0p
E/audio_hw_primary( 2102): pcm_open(out) failed: cannot open device '/dev/snd/pcmC0D0p': Invalid argument
D/audio_hw_primary( 2102): found out /dev/snd/pcmC0D0p
E/audio_hw_primary( 2102): pcm_open(out) failed: cannot open device '/dev/snd/pcmC0D0p': Invalid argument
D/audio_hw_primary( 2102): found out /dev/snd/pcmC0D0p
E/audio_hw_primary( 2102): pcm_open(out) failed: cannot open device '/dev/snd/pcmC0D0p': Invalid argument
D/audio_hw_primary( 2102): found out /dev/snd/pcmC0D0p
E/audio_hw_primary( 2102): pcm_open(out) failed: cannot open device '/dev/snd/pcmC0D0p': Invalid argument
D/audio_hw_primary( 2102): found out /dev/snd/pcmC0D0p
E/audio_hw_primary( 2102): pcm_open(out) failed: cannot open device '/dev/snd/pcmC0D0p': Invalid argument
W/AudioTrack( 2436): AUDIO_OUTPUT_FLAG_FAST denied by client
I/Process ( 5199): Sending signal. PID: 5199 SIG: 9
D/OpenGLRenderer( 2436): endAllStagingAnimators on 0x7f743fffbc00 (RippleDrawable) with handle 0x7f743f865a60
D/audio_hw_primary( 2102): found out /dev/snd/pcmC0D0p
E/audio_hw_primary( 2102): pcm_open(out) failed: cannot open device '/dev/snd/pcmC0D0p': Invalid argument
W/InputMethodManagerService( 2436): Window already focused, ignoring focus gain of: com.android.internal.view.IInputMethodClient$Stub$Proxy@d022858 attribute=null, token = android.os.BinderProxy@111b4136
I/ActivityManager( 2436): Process com.android.phasebeam (pid 5199) has died
W/ActivityManager( 2436): Scheduling restart of crashed service com.android.phasebeam/.PhaseBeamWallpaper in 1000ms
D/audio_hw_primary( 2102): found out /dev/snd/pcmC0D0p
E/audio_hw_primary( 2102): pcm_open(out) failed: cannot open device '/dev/snd/pcmC0D0p': Invalid argument
D/audio_hw_primary( 2102): found out /dev/snd/pcmC0D0p
E/audio_hw_primary( 2102): pcm_open(out) failed: cannot open device '/dev/snd/pcmC0D0p': Invalid argument
D/audio_hw_primary( 2102): found out /dev/snd/pcmC0D0p
E/audio_hw_primary( 2102): pcm_open(out) failed: cannot open device '/dev/snd/pcmC0D0p': Invalid argument
D/audio_hw_primary( 2102): found out /dev/snd/pcmC0D0p
E/audio_hw_primary( 2102): pcm_open(out) failed: cannot open device '/dev/snd/pcmC0D0p': Invalid argument
D/audio_hw_primary( 2102): found out /dev/snd/pcmC0D0p
E/audio_hw_primary( 2102): pcm_open(out) failed: cannot open device '/dev/snd/pcmC0D0p': Invalid argument
D/audio_hw_primary( 2102): found out /dev/snd/pcmC0D0p
E/audio_hw_primary( 2102): pcm_open(out) failed: cannot open device '/dev/snd/pcmC0D0p': Invalid argument
D/audio_hw_primary( 2102): found out /dev/snd/pcmC0D0p
E/audio_hw_primary( 2102): pcm_open(out) failed: cannot open device '/dev/snd/pcmC0D0p': Invalid argument
D/audio_hw_primary( 2102): found out /dev/snd/pcmC0D0p
E/audio_hw_primary( 2102): pcm_open(out) failed: cannot open device '/dev/snd/pcmC0D0p': Invalid argument
D/audio_hw_primary( 2102): found out /dev/snd/pcmC0D0p
E/audio_hw_primary( 2102): pcm_open(out) failed: cannot open device '/dev/snd/pcmC0D0p': Invalid argument
D/audio_hw_primary( 2102): found out /dev/snd/pcmC0D0p
E/audio_hw_primary( 2102): pcm_open(out) failed: cannot open device '/dev/snd/pcmC0D0p': Invalid argument
D/audio_hw_primary( 2102): found out /dev/snd/pcmC0D0p
E/audio_hw_primary( 2102): pcm_open(out) failed: cannot open device '/dev/snd/pcmC0D0p': Invalid argument
D/audio_hw_primary( 2102): found out /dev/snd/pcmC0D0p
E/audio_hw_primary( 2102): pcm_open(out) failed: cannot open device '/dev/snd/pcmC0D0p': Invalid argument
D/audio_hw_primary( 2102): found out /dev/snd/pcmC0D0p
E/audio_hw_primary( 2102): pcm_open(out) failed: cannot open device '/dev/snd/pcmC0D0p': Invalid argument
D/audio_hw_primary( 2102): found out /dev/snd/pcmC0D0p
E/audio_hw_primary( 2102): pcm_open(out) failed: cannot open device '/dev/snd/pcmC0D0p': Invalid argument
D/audio_hw_primary( 2102): found out /dev/snd/pcmC0D0p
E/audio_hw_primary( 2102): pcm_open(out) failed: cannot open device '/dev/snd/pcmC0D0p': Invalid argument
D/audio_hw_primary( 2102): found out /dev/snd/pcmC0D0p
E/audio_hw_primary( 2102): pcm_open(out) failed: cannot open device '/dev/snd/pcmC0D0p': Invalid argument
D/audio_hw_primary( 2102): found out /dev/snd/pcmC0D0p
E/audio_hw_primary( 2102): pcm_open(out) failed: cannot open device '/dev/snd/pcmC0D0p': Invalid argument
D/audio_hw_primary( 2102): found out /dev/snd/pcmC0D0p
E/audio_hw_primary( 2102): pcm_open(out) failed: cannot open device '/dev/snd/pcmC0D0p': Invalid argument
D/audio_hw_primary( 2102): found out /dev/snd/pcmC0D0p
E/audio_hw_primary( 2102): pcm_open(out) failed: cannot open device '/dev/snd/pcmC0D0p': Invalid argument
D/audio_hw_primary( 2102): found out /dev/snd/pcmC0D0p
E/audio_hw_primary( 2102): pcm_open(out) failed: cannot open device '/dev/snd/pcmC0D0p': Invalid argument
D/audio_hw_primary( 2102): found out /dev/snd/pcmC0D0p
E/audio_hw_primary( 2102): pcm_open(out) failed: cannot open device '/dev/snd/pcmC0D0p': Invalid argument
D/audio_hw_primary( 2102): found out /dev/snd/pcmC0D0p
E/audio_hw_primary( 2102): pcm_open(out) failed: cannot open device '/dev/snd/pcmC0D0p': Invalid argument
D/audio_hw_primary( 2102): found out /dev/snd/pcmC0D0p
E/audio_hw_primary( 2102): pcm_open(out) failed: cannot open device '/dev/snd/pcmC0D0p': Invalid argument
D/audio_hw_primary( 2102): found out /dev/snd/pcmC0D0p
E/audio_hw_primary( 2102): pcm_open(out) failed: cannot open device '/dev/snd/pcmC0D0p': Invalid argument
D/audio_hw_primary( 2102): found out /dev/snd/pcmC0D0p
E/audio_hw_primary( 2102): pcm_open(out) failed: cannot open device '/dev/snd/pcmC0D0p': Invalid argument
D/audio_hw_primary( 2102): found out /dev/snd/pcmC0D0p
E/audio_hw_primary( 2102): pcm_open(out) failed: cannot open device '/dev/snd/pcmC0D0p': Invalid argument
D/audio_hw_primary( 2102): found out /dev/snd/pcmC0D0p
E/audio_hw_primary( 2102): pcm_open(out) failed: cannot open device '/dev/snd/pcmC0D0p': Invalid argument
D/audio_hw_primary( 2102): found out /dev/snd/pcmC0D0p
E/audio_hw_primary( 2102): pcm_open(out) failed: cannot open device '/dev/snd/pcmC0D0p': Invalid argument
D/audio_hw_primary( 2102): found out /dev/snd/pcmC0D0p
E/audio_hw_primary( 2102): pcm_open(out) failed: cannot open device '/dev/snd/pcmC0D0p': Invalid argument
D/audio_hw_primary( 2102): found out /dev/snd/pcmC0D0p
E/audio_hw_primary( 2102): pcm_open(out) failed: cannot open device '/dev/snd/pcmC0D0p': Invalid argument
D/audio_hw_primary( 2102): found out /dev/snd/pcmC0D0p
E/audio_hw_primary( 2102): pcm_open(out) failed: cannot open device '/dev/snd/pcmC0D0p': Invalid argument
D/audio_hw_primary( 2102): found out /dev/snd/pcmC0D0p
E/audio_hw_primary( 2102): pcm_open(out) failed: cannot open device '/dev/snd/pcmC0D0p': Invalid argument
D/audio_hw_primary( 2102): found out /dev/snd/pcmC0D0p
E/audio_hw_primary( 2102): pcm_open(out) failed: cannot open device '/dev/snd/pcmC0D0p': Invalid argument
D/audio_hw_primary( 2102): found out /dev/snd/pcmC0D0p
E/audio_hw_primary( 2102): pcm_open(out) failed: cannot open device '/dev/snd/pcmC0D0p': Invalid argument
D/audio_hw_primary( 2102): found out /dev/snd/pcmC0D0p
E/audio_hw_primary( 2102): pcm_open(out) failed: cannot open device '/dev/snd/pcmC0D0p': Invalid argument
D/audio_hw_primary( 2102): found out /dev/snd/pcmC0D0p
E/audio_hw_primary( 2102): pcm_open(out) failed: cannot open device '/dev/snd/pcmC0D0p': Invalid argument
D/audio_hw_primary( 2102): found out /dev/snd/pcmC0D0p
E/audio_hw_primary( 2102): pcm_open(out) failed: cannot open device '/dev/snd/pcmC0D0p': Invalid argument
D/audio_hw_primary( 2102): found out /dev/snd/pcmC0D0p
E/audio_hw_primary( 2102): pcm_open(out) failed: cannot open device '/dev/snd/pcmC0D0p': Invalid argument
D/audio_hw_primary( 2102): found out /dev/snd/pcmC0D0p
E/audio_hw_primary( 2102): pcm_open(out) failed: cannot open device '/dev/snd/pcmC0D0p': Invalid argument
D/audio_hw_primary( 2102): found out /dev/snd/pcmC0D0p
E/audio_hw_primary( 2102): pcm_open(out) failed: cannot open device '/dev/snd/pcmC0D0p': Invalid argument
D/audio_hw_primary( 2102): found out /dev/snd/pcmC0D0p
E/audio_hw_primary( 2102): pcm_open(out) failed: cannot open device '/dev/snd/pcmC0D0p': Invalid argument
D/audio_hw_primary( 2102): found out /dev/snd/pcmC0D0p
E/audio_hw_primary( 2102): pcm_open(out) failed: cannot open device '/dev/snd/pcmC0D0p': Invalid argument
D/audio_hw_primary( 2102): found out /dev/snd/pcmC0D0p
E/audio_hw_primary( 2102): pcm_open(out) failed: cannot open device '/dev/snd/pcmC0D0p': Invalid argument
D/audio_hw_primary( 2102): found out /dev/snd/pcmC0D0p
E/audio_hw_primary( 2102): pcm_open(out) failed: cannot open device '/dev/snd/pcmC0D0p': Invalid argument
D/audio_hw_primary( 2102): found out /dev/snd/pcmC0D0p
E/audio_hw_primary( 2102): pcm_open(out) failed: cannot open device '/dev/snd/pcmC0D0p': Invalid argument
D/audio_hw_primary( 2102): found out /dev/snd/pcmC0D0p
E/audio_hw_primary( 2102): pcm_open(out) failed: cannot open device '/dev/snd/pcmC0D0p': Invalid argument
D/audio_hw_primary( 2102): found out /dev/snd/pcmC0D0p
E/audio_hw_primary( 2102): pcm_open(out) failed: cannot open device '/dev/snd/pcmC0D0p': Invalid argument
D/audio_hw_primary( 2102): found out /dev/snd/pcmC0D0p
E/audio_hw_primary( 2102): pcm_open(out) failed: cannot open device '/dev/snd/pcmC0D0p': Invalid argument
D/audio_hw_primary( 2102): found out /dev/snd/pcmC0D0p
E/audio_hw_primary( 2102): pcm_open(out) failed: cannot open device '/dev/snd/pcmC0D0p': Invalid argument
D/audio_hw_primary( 2102): found out /dev/snd/pcmC0D0p
E/audio_hw_primary( 2102): pcm_open(out) failed: cannot open device '/dev/snd/pcmC0D0p': Invalid argument
D/audio_hw_primary( 2102): found out /dev/snd/pcmC0D0p
E/audio_hw_primary( 2102): pcm_open(out) failed: cannot open device '/dev/snd/pcmC0D0p': Invalid argument
D/audio_hw_primary( 2102): found out /dev/snd/pcmC0D0p
E/audio_hw_primary( 2102): pcm_open(out) failed: cannot open device '/dev/snd/pcmC0D0p': Invalid argument
D/audio_hw_primary( 2102): found out /dev/snd/pcmC0D0p
E/audio_hw_primary( 2102): pcm_open(out) failed: cannot open device '/dev/snd/pcmC0D0p': Invalid argument
D/audio_hw_primary( 2102): found out /dev/snd/pcmC0D0p
E/audio_hw_primary( 2102): pcm_open(out) failed: cannot open device '/dev/snd/pcmC0D0p': Invalid argument
D/audio_hw_primary( 2102): found out /dev/snd/pcmC0D0p
E/audio_hw_primary( 2102): pcm_open(out) failed: cannot open device '/dev/snd/pcmC0D0p': Invalid argument
W/AudioTrack( 2436): AUDIO_OUTPUT_FLAG_FAST denied by client
D/audio_hw_primary( 2102): found out /dev/snd/pcmC0D0p
E/audio_hw_primary( 2102): pcm_open(out) failed: cannot open device '/dev/snd/pcmC0D0p': Invalid argument
D/audio_hw_primary( 2102): found out /dev/snd/pcmC0D0p
E/audio_hw_primary( 2102): pcm_open(out) failed: cannot open device '/dev/snd/pcmC0D0p': Invalid argument
D/audio_hw_primary( 2102): found out /dev/snd/pcmC0D0p
