E/audio_hw_primary( 2102): pcm_open(out) failed: cannot open device '/dev/snd/pcmC0D0p': Invalid argument
D/audio_hw_primary( 2102): found out /dev/snd/pcmC0D0p
E/audio_hw_primary( 2102): pcm_open(out) failed: cannot open device '/dev/snd/pcmC0D0p': Invalid argument
D/audio_hw_primary( 2102): found out /dev/snd/pcmC0D0p
E/audio_hw_primary( 2102): pcm_open(out) failed: cannot open device '/dev/snd/pcmC0D0p': Invalid argument
D/audio_hw_primary( 2102): found out /dev/snd/pcmC0D0p
E/audio_hw_primary( 2102): pcm_open(out) failed: cannot open device '/dev/snd/pcmC0D0p': Invalid argument
D/audio_hw_primary( 2102): found out /dev/snd/pcmC0D0p
E/audio_hw_primary( 2102): pcm_open(out) failed: cannot open device '/dev/snd/pcmC0D0p': Invalid argument
D/audio_hw_primary( 2102): found out /dev/snd/pcmC0D0p
E/audio_hw_primary( 2102): pcm_open(out) failed: cannot open device '/dev/snd/pcmC0D0p': Invalid argument
W/OpenGLRenderer( 3181): Failed to wait for the fence 0x300c
D/audio_hw_primary( 2102): found out /dev/snd/pcmC0D0p
E/audio_hw_primary( 2102): pcm_open(out) failed: cannot open device '/dev/snd/pcmC0D0p': Invalid argument
D/audio_hw_primary( 2102): found out /dev/snd/pcmC0D0p
E/audio_hw_primary( 2102): pcm_open(out) failed: cannot open device '/dev/snd/pcmC0D0p': Invalid argument
D/audio_hw_primary( 2102): found out /dev/snd/pcmC0D0p
E/audio_hw_primary( 2102): pcm_open(out) failed: cannot open device '/dev/snd/pcmC0D0p': Invalid argument
D/audio_hw_primary( 2102): found out /dev/snd/pcmC0D0p
E/audio_hw_primary( 2102): pcm_open(out) failed: cannot open device '/dev/snd/pcmC0D0p': Invalid argument
D/audio_hw_primary( 2102): found out /dev/snd/pcmC0D0p
E/audio_hw_primary( 2102): pcm_open(out) failed: cannot open device '/dev/snd/pcmC0D0p': Invalid argument
D/audio_hw_primary( 2102): found out /dev/snd/pcmC0D0p
E/audio_hw_primary( 2102): pcm_open(out) failed: cannot open device '/dev/snd/pcmC0D0p': Invalid argument
D/audio_hw_primary( 2102): found out /dev/snd/pcmC0D0p
E/audio_hw_primary( 2102): pcm_open(out) failed: cannot open device '/dev/snd/pcmC0D0p': Invalid argument
D/audio_hw_primary( 2102): found out /dev/snd/pcmC0D0p
E/audio_hw_primary( 2102): pcm_open(out) failed: cannot open device '/dev/snd/pcmC0D0p': Invalid argument
D/audio_hw_primary( 2102): found out /dev/snd/pcmC0D0p
E/audio_hw_primary( 2102): pcm_open(out) failed: cannot open device '/dev/snd/pcmC0D0p': Invalid argument
D/audio_hw_primary( 2102): found out /dev/snd/pcmC0D0p
E/audio_hw_primary( 2102): pcm_open(out) failed: cannot open device '/dev/snd/pcmC0D0p': Invalid argument
D/audio_hw_primary( 2102): found out /dev/snd/pcmC0D0p
E/audio_hw_primary( 2102): pcm_open(out) failed: cannot open device '/dev/snd/pcmC0D0p': Invalid argument
D/audio_hw_primary( 2102): found out /dev/snd/pcmC0D0p
E/audio_hw_primary( 2102): pcm_open(out) failed: cannot open device '/dev/snd/pcmC0D0p': Invalid argument
D/audio_hw_primary( 2102): found out /dev/snd/pcmC0D0p
E/audio_hw_primary( 2102): pcm_open(out) failed: cannot open device '/dev/snd/pcmC0D0p': Invalid argument
D/audio_hw_primary( 2102): found out /dev/snd/pcmC0D0p
E/audio_hw_primary( 2102): pcm_open(out) failed: cannot open device '/dev/snd/pcmC0D0p': Invalid argument
D/audio_hw_primary( 2102): found out /dev/snd/pcmC0D0p
E/audio_hw_primary( 2102): pcm_open(out) failed: cannot open device '/dev/snd/pcmC0D0p': Invalid argument
D/audio_hw_primary( 2102): found out /dev/snd/pcmC0D0p
E/audio_hw_primary( 2102): pcm_open(out) failed: cannot open device '/dev/snd/pcmC0D0p': Invalid argument
D/audio_hw_primary( 2102): found out /dev/snd/pcmC0D0p
E/audio_hw_primary( 2102): pcm_open(out) failed: cannot open device '/dev/snd/pcmC0D0p': Invalid argument
D/audio_hw_primary( 2102): found out /dev/snd/pcmC0D0p
E/audio_hw_primary( 2102): pcm_open(out) failed: cannot open device '/dev/snd/pcmC0D0p': Invalid argument
D/audio_hw_primary( 2102): found out /dev/snd/pcmC0D0p
E/audio_hw_primary( 2102): pcm_open(out) failed: cannot open device '/dev/snd/pcmC0D0p': Invalid argument
D/audio_hw_primary( 2102): found out /dev/snd/pcmC0D0p
E/audio_hw_primary( 2102): pcm_open(out) failed: cannot open device '/dev/snd/pcmC0D0p': Invalid argument
D/audio_hw_primary( 2102): found out /dev/snd/pcmC0D0p
E/audio_hw_primary( 2102): pcm_open(out) failed: cannot open device '/dev/snd/pcmC0D0p': Invalid argument
D/audio_hw_primary( 2102): found out /dev/snd/pcmC0D0p
E/audio_hw_primary( 2102): pcm_open(out) failed: cannot open device '/dev/snd/pcmC0D0p': Invalid argument
D/audio_hw_primary( 2102): found out /dev/snd/pcmC0D0p
E/audio_hw_primary( 2102): pcm_open(out) failed: cannot open device '/dev/snd/pcmC0D0p': Invalid argument
D/audio_hw_primary( 2102): found out /dev/snd/pcmC0D0p
E/audio_hw_primary( 2102): pcm_open(out) failed: cannot open device '/dev/snd/pcmC0D0p': Invalid argument
D/audio_hw_primary( 2102): found out /dev/snd/pcmC0D0p
E/audio_hw_primary( 2102): pcm_open(out) failed: cannot open device '/dev/snd/pcmC0D0p': Invalid argument
D/audio_hw_primary( 2102): found out /dev/snd/pcmC0D0p
E/audio_hw_primary( 2102): pcm_open(out) failed: cannot open device '/dev/snd/pcmC0D0p': Invalid argument
D/audio_hw_primary( 2102): found out /dev/snd/pcmC0D0p
E/audio_hw_primary( 2102): pcm_open(out) failed: cannot open device '/dev/snd/pcmC0D0p': Invalid argument
D/audio_hw_primary( 2102): found out /dev/snd/pcmC0D0p
E/audio_hw_primary( 2102): pcm_open(out) failed: cannot open device '/dev/snd/pcmC0D0p': Invalid argument
D/audio_hw_primary( 2102): found out /dev/snd/pcmC0D0p
E/audio_hw_primary( 2102): pcm_open(out) failed: cannot open device '/dev/snd/pcmC0D0p': Invalid argument
D/audio_hw_primary( 2102): found out /dev/snd/pcmC0D0p
E/audio_hw_primary( 2102): pcm_open(out) failed: cannot open device '/dev/snd/pcmC0D0p': Invalid argument
D/audio_hw_primary( 2102): found out /dev/snd/pcmC0D0p
E/audio_hw_primary( 2102): pcm_open(out) failed: cannot open device '/dev/snd/pcmC0D0p': Invalid argument
D/audio_hw_primary( 2102): found out /dev/snd/pcmC0D0p
E/audio_hw_primary( 2102): pcm_open(out) failed: cannot open device '/dev/snd/pcmC0D0p': Invalid argument
D/audio_hw_primary( 2102): found out /dev/snd/pcmC0D0p
E/audio_hw_primary( 2102): pcm_open(out) failed: cannot open device '/dev/snd/pcmC0D0p': Invalid argument
D/audio_hw_primary( 2102): found out /dev/snd/pcmC0D0p
E/audio_hw_primary( 2102): pcm_open(out) failed: cannot open device '/dev/snd/pcmC0D0p': Invalid argument
D/audio_hw_primary( 2102): found out /dev/snd/pcmC0D0p
E/audio_hw_primary( 2102): pcm_open(out) failed: cannot open device '/dev/snd/pcmC0D0p': Invalid argument
D/audio_hw_primary( 2102): found out /dev/snd/pcmC0D0p
E/audio_hw_primary( 2102): pcm_open(out) failed: cannot open device '/dev/snd/pcmC0D0p': Invalid argument
D/audio_hw_primary( 2102): found out /dev/snd/pcmC0D0p
E/audio_hw_primary( 2102): pcm_open(out) failed: cannot open device '/dev/snd/pcmC0D0p': Invalid argument
D/audio_hw_primary( 2102): found out /dev/snd/pcmC0D0p
E/audio_hw_primary( 2102): pcm_open(out) failed: cannot open device '/dev/snd/pcmC0D0p': Invalid argument
D/audio_hw_primary( 2102): found out /dev/snd/pcmC0D0p
E/audio_hw_primary( 2102): pcm_open(out) failed: cannot open device '/dev/snd/pcmC0D0p': Invalid argument
D/audio_hw_primary( 2102): found out /dev/snd/pcmC0D0p
E/audio_hw_primary( 2102): pcm_open(out) failed: cannot open device '/dev/snd/pcmC0D0p': Invalid argument
D/audio_hw_primary( 2102): found out /dev/snd/pcmC0D0p
E/audio_hw_primary( 2102): pcm_open(out) failed: cannot open device '/dev/snd/pcmC0D0p': Invalid argument
D/audio_hw_primary( 2102): found out /dev/snd/pcmC0D0p
E/audio_hw_primary( 2102): pcm_open(out) failed: cannot open device '/dev/snd/pcmC0D0p': Invalid argument
D/audio_hw_primary( 2102): found out /dev/snd/pcmC0D0p
E/audio_hw_primary( 2102): pcm_open(out) failed: cannot open device '/dev/snd/pcmC0D0p': Invalid argument
D/audio_hw_primary( 2102): found out /dev/snd/pcmC0D0p
E/audio_hw_primary( 2102): pcm_open(out) failed: cannot open device '/dev/snd/pcmC0D0p': Invalid argument
D/audio_hw_primary( 2102): found out /dev/snd/pcmC0D0p
E/audio_hw_primary( 2102): pcm_open(out) failed: cannot open device '/dev/snd/pcmC0D0p': Invalid argument
D/audio_hw_primary( 2102): found out /dev/snd/pcmC0D0p
E/audio_hw_primary( 2102): pcm_open(out) failed: cannot open device '/dev/snd/pcmC0D0p': Invalid argument
D/audio_hw_primary( 2102): found out /dev/snd/pcmC0D0p
E/audio_hw_primary( 2102): pcm_open(out) failed: cannot open device '/dev/snd/pcmC0D0p': Invalid argument
D/audio_hw_primary( 2102): found out /dev/snd/pcmC0D0p
E/audio_hw_primary( 2102): pcm_open(out) failed: cannot open device '/dev/snd/pcmC0D0p': Invalid argument
D/audio_hw_primary( 2102): found out /dev/snd/pcmC0D0p
E/audio_hw_primary( 2102): pcm_open(out) failed: cannot open device '/dev/snd/pcmC0D0p': Invalid argument
D/audio_hw_primary( 2102): found out /dev/snd/pcmC0D0p
E/audio_hw_primary( 2102): pcm_open(out) failed: cannot open device '/dev/snd/pcmC0D0p': Invalid argument
D/audio_hw_primary( 2102): found out /dev/snd/pcmC0D0p
E/audio_hw_primary( 2102): pcm_open(out) failed: cannot open device '/dev/snd/pcmC0D0p': Invalid argument
D/audio_hw_primary( 2102): found out /dev/snd/pcmC0D0p
E/audio_hw_primary( 2102): pcm_open(out) failed: cannot open device '/dev/snd/pcmC0D0p': Invalid argument
D/audio_hw_primary( 2102): found out /dev/snd/pcmC0D0p
E/audio_hw_primary( 2102): pcm_open(out) failed: cannot open device '/dev/snd/pcmC0D0p': Invalid argument
D/audio_hw_primary( 2102): found out /dev/snd/pcmC0D0p
E/audio_hw_primary( 2102): pcm_open(out) failed: cannot open device '/dev/snd/pcmC0D0p': Invalid argument
D/audio_hw_primary( 2102): found out /dev/snd/pcmC0D0p
E/audio_hw_primary( 2102): pcm_open(out) failed: cannot open device '/dev/snd/pcmC0D0p': Invalid argument
D/audio_hw_primary( 2102): found out /dev/snd/pcmC0D0p
E/audio_hw_primary( 2102): pcm_open(out) failed: cannot open device '/dev/snd/pcmC0D0p': Invalid argument
D/audio_hw_primary( 2102): found out /dev/snd/pcmC0D0p
E/audio_hw_primary( 2102): pcm_open(out) failed: cannot open device '/dev/snd/pcmC0D0p': Invalid argument
D/audio_hw_primary( 2102): found out /dev/snd/pcmC0D0p
E/audio_hw_primary( 2102): pcm_open(out) failed: cannot open device '/dev/snd/pcmC0D0p': Invalid argument
D/audio_hw_primary( 2102): found out /dev/snd/pcmC0D0p
E/audio_hw_primary( 2102): pcm_open(out) failed: cannot open device '/dev/snd/pcmC0D0p': Invalid argument
D/audio_hw_primary( 2102): found out /dev/snd/pcmC0D0p
E/audio_hw_primary( 2102): pcm_open(out) failed: cannot open device '/dev/snd/pcmC0D0p': Invalid argument
D/audio_hw_primary( 2102): found out /dev/snd/pcmC0D0p
E/audio_hw_primary( 2102): pcm_open(out) failed: cannot open device '/dev/snd/pcmC0D0p': Invalid argument
D/audio_hw_primary( 2102): found out /dev/snd/pcmC0D0p
E/audio_hw_primary( 2102): pcm_open(out) failed: cannot open device '/dev/snd/pcmC0D0p': Invalid argument
D/audio_hw_primary( 2102): found out /dev/snd/pcmC0D0p
E/audio_hw_primary( 2102): pcm_open(out) failed: cannot open device '/dev/snd/pcmC0D0p': Invalid argument
D/audio_hw_primary( 2102): found out /dev/snd/pcmC0D0p
E/audio_hw_primary( 2102): pcm_open(out) failed: cannot open device '/dev/snd/pcmC0D0p': Invalid argument
D/audio_hw_primary( 2102): found out /dev/snd/pcmC0D0p
E/audio_hw_primary( 2102): pcm_open(out) failed: cannot open device '/dev/snd/pcmC0D0p': Invalid argument
D/audio_hw_primary( 2102): found out /dev/snd/pcmC0D0p
E/audio_hw_primary( 2102): pcm_open(out) failed: cannot open device '/dev/snd/pcmC0D0p': Invalid argument
D/audio_hw_primary( 2102): found out /dev/snd/pcmC0D0p
E/audio_hw_primary( 2102): pcm_open(out) failed: cannot open device '/dev/snd/pcmC0D0p': Invalid argument
D/audio_hw_primary( 2102): found out /dev/snd/pcmC0D0p
E/audio_hw_primary( 2102): pcm_open(out) failed: cannot open device '/dev/snd/pcmC0D0p': Invalid argument
D/audio_hw_primary( 2102): found out /dev/snd/pcmC0D0p
E/audio_hw_primary( 2102): pcm_open(out) failed: cannot open device '/dev/snd/pcmC0D0p': Invalid argument
D/audio_hw_primary( 2102): found out /dev/snd/pcmC0D0p
E/audio_hw_primary( 2102): pcm_open(out) failed: cannot open device '/dev/snd/pcmC0D0p': Invalid argument
D/audio_hw_primary( 2102): found out /dev/snd/pcmC0D0p
E/audio_hw_primary( 2102): pcm_open(out) failed: cannot open device '/dev/snd/pcmC0D0p': Invalid argument
D/audio_hw_primary( 2102): found out /dev/snd/pcmC0D0p
E/audio_hw_primary( 2102): pcm_open(out) failed: cannot open device '/dev/snd/pcmC0D0p': Invalid argument
D/audio_hw_primary( 2102): found out /dev/snd/pcmC0D0p
E/audio_hw_primary( 2102): pcm_open(out) failed: cannot open device '/dev/snd/pcmC0D0p': Invalid argument
D/audio_hw_primary( 2102): found out /dev/snd/pcmC0D0p
E/audio_hw_primary( 2102): pcm_open(out) failed: cannot open device '/dev/snd/pcmC0D0p': Invalid argument
D/audio_hw_primary( 2102): found out /dev/snd/pcmC0D0p
E/audio_hw_primary( 2102): pcm_open(out) failed: cannot open device '/dev/snd/pcmC0D0p': Invalid argument
D/audio_hw_primary( 2102): found out /dev/snd/pcmC0D0p
E/audio_hw_primary( 2102): pcm_open(out) failed: cannot open device '/dev/snd/pcmC0D0p': Invalid argument
D/audio_hw_primary( 2102): found out /dev/snd/pcmC0D0p
E/audio_hw_primary( 2102): pcm_open(out) failed: cannot open device '/dev/snd/pcmC0D0p': Invalid argument
D/audio_hw_primary( 2102): found out /dev/snd/pcmC0D0p
E/audio_hw_primary( 2102): pcm_open(out) failed: cannot open device '/dev/snd/pcmC0D0p': Invalid argument
D/audio_hw_primary( 2102): found out /dev/snd/pcmC0D0p
E/audio_hw_primary( 2102): pcm_open(out) failed: cannot open device '/dev/snd/pcmC0D0p': Invalid argument
D/audio_hw_primary( 2102): found out /dev/snd/pcmC0D0p
E/audio_hw_primary( 2102): pcm_open(out) failed: cannot open device '/dev/snd/pcmC0D0p': Invalid argument
D/audio_hw_primary( 2102): found out /dev/snd/pcmC0D0p
E/audio_hw_primary( 2102): pcm_open(out) failed: cannot open device '/dev/snd/pcmC0D0p': Invalid argument
D/audio_hw_primary( 2102): found out /dev/snd/pcmC0D0p
E/audio_hw_primary( 2102): pcm_open(out) failed: cannot open device '/dev/snd/pcmC0D0p': Invalid argument
D/audio_hw_primary( 2102): found out /dev/snd/pcmC0D0p
E/audio_hw_primary( 2102): pcm_open(out) failed: cannot open device '/dev/snd/pcmC0D0p': Invalid argument
D/audio_hw_primary( 2102): found out /dev/snd/pcmC0D0p
E/audio_hw_primary( 2102): pcm_open(out) failed: cannot open device '/dev/snd/pcmC0D0p': Invalid argument
D/audio_hw_primary( 2102): found out /dev/snd/pcmC0D0p
E/audio_hw_primary( 2102): pcm_open(out) failed: cannot open device '/dev/snd/pcmC0D0p': Invalid argument
D/audio_hw_primary( 2102): found out /dev/snd/pcmC0D0p
E/audio_hw_primary( 2102): pcm_open(out) failed: cannot open device '/dev/snd/pcmC0D0p': Invalid argument
D/audio_hw_primary( 2102): found out /dev/snd/pcmC0D0p
E/audio_hw_primary( 2102): pcm_open(out) failed: cannot open device '/dev/snd/pcmC0D0p': Invalid argument
D/audio_hw_primary( 2102): found out /dev/snd/pcmC0D0p
E/audio_hw_primary( 2102): pcm_open(out) failed: cannot open device '/dev/snd/pcmC0D0p': Invalid argument
D/audio_hw_primary( 2102): found out /dev/snd/pcmC0D0p
E/audio_hw_primary( 2102): pcm_open(out) failed: cannot open device '/dev/snd/pcmC0D0p': Invalid argument
D/audio_hw_primary( 2102): found out /dev/snd/pcmC0D0p
E/audio_hw_primary( 2102): pcm_open(out) failed: cannot open device '/dev/snd/pcmC0D0p': Invalid argument
D/audio_hw_primary( 2102): found out /dev/snd/pcmC0D0p
E/audio_hw_primary( 2102): pcm_open(out) failed: cannot open device '/dev/snd/pcmC0D0p': Invalid argument
D/audio_hw_primary( 2102): found out /dev/snd/pcmC0D0p
E/audio_hw_primary( 2102): pcm_open(out) failed: cannot open device '/dev/snd/pcmC0D0p': Invalid argument
D/audio_hw_primary( 2102): found out /dev/snd/pcmC0D0p
E/audio_hw_primary( 2102): pcm_open(out) failed: cannot open device '/dev/snd/pcmC0D0p': Invalid argument
D/audio_hw_primary( 2102): found out /dev/snd/pcmC0D0p
E/audio_hw_primary( 2102): pcm_open(out) failed: cannot open device '/dev/snd/pcmC0D0p': Invalid argument
D/audio_hw_primary( 2102): found out /dev/snd/pcmC0D0p
E/audio_hw_primary( 2102): pcm_open(out) failed: cannot open device '/dev/snd/pcmC0D0p': Invalid argument
D/audio_hw_primary( 2102): found out /dev/snd/pcmC0D0p
E/audio_hw_primary( 2102): pcm_open(out) failed: cannot open device '/dev/snd/pcmC0D0p': Invalid argument
D/audio_hw_primary( 2102): found out /dev/snd/pcmC0D0p
E/audio_hw_primary( 2102): pcm_open(out) failed: cannot open device '/dev/snd/pcmC0D0p': Invalid argument
D/audio_hw_primary( 2102): found out /dev/snd/pcmC0D0p
E/audio_hw_primary( 2102): pcm_open(out) failed: cannot open device '/dev/snd/pcmC0D0p': Invalid argument
D/audio_hw_primary( 2102): found out /dev/snd/pcmC0D0p
E/audio_hw_primary( 2102): pcm_open(out) failed: cannot open device '/dev/snd/pcmC0D0p': Invalid argument
D/audio_hw_primary( 2102): found out /dev/snd/pcmC0D0p
E/audio_hw_primary( 2102): pcm_open(out) failed: cannot open device '/dev/snd/pcmC0D0p': Invalid argument
D/audio_hw_primary( 2102): found out /dev/snd/pcmC0D0p
E/audio_hw_primary( 2102): pcm_open(out) failed: cannot open device '/dev/snd/pcmC0D0p': Invalid argument
D/audio_hw_primary( 2102): found out /dev/snd/pcmC0D0p
E/audio_hw_primary( 2102): pcm_open(out) failed: cannot open device '/dev/snd/pcmC0D0p': Invalid argument
D/audio_hw_primary( 2102): found out /dev/snd/pcmC0D0p
E/audio_hw_primary( 2102): pcm_open(out) failed: cannot open device '/dev/snd/pcmC0D0p': Invalid argument
D/audio_hw_primary( 2102): found out /dev/snd/pcmC0D0p
E/audio_hw_primary( 2102): pcm_open(out) failed: cannot open device '/dev/snd/pcmC0D0p': Invalid argument
D/audio_hw_primary( 2102): found out /dev/snd/pcmC0D0p
E/audio_hw_primary( 2102): pcm_open(out) failed: cannot open device '/dev/snd/pcmC0D0p': Invalid argument
D/audio_hw_primary( 2102): found out /dev/snd/pcmC0D0p
E/audio_hw_primary( 2102): pcm_open(out) failed: cannot open device '/dev/snd/pcmC0D0p': Invalid argument
D/audio_hw_primary( 2102): found out /dev/snd/pcmC0D0p
E/audio_hw_primary( 2102): pcm_open(out) failed: cannot open device '/dev/snd/pcmC0D0p': Invalid argument
D/audio_hw_primary( 2102): found out /dev/snd/pcmC0D0p
E/audio_hw_primary( 2102): pcm_open(out) failed: cannot open device '/dev/snd/pcmC0D0p': Invalid argument
D/audio_hw_primary( 2102): found out /dev/snd/pcmC0D0p
E/audio_hw_primary( 2102): pcm_open(out) failed: cannot open device '/dev/snd/pcmC0D0p': Invalid argument
D/audio_hw_primary( 2102): found out /dev/snd/pcmC0D0p
E/audio_hw_primary( 2102): pcm_open(out) failed: cannot open device '/dev/snd/pcmC0D0p': Invalid argument
D/audio_hw_primary( 2102): found out /dev/snd/pcmC0D0p
E/audio_hw_primary( 2102): pcm_open(out) failed: cannot open device '/dev/snd/pcmC0D0p': Invalid argument
D/audio_hw_primary( 2102): found out /dev/snd/pcmC0D0p
E/audio_hw_primary( 2102): pcm_open(out) failed: cannot open device '/dev/snd/pcmC0D0p': Invalid argument
D/audio_hw_primary( 2102): found out /dev/snd/pcmC0D0p
E/audio_hw_primary( 2102): pcm_open(out) failed: cannot open device '/dev/snd/pcmC0D0p': Invalid argument
D/audio_hw_primary( 2102): found out /dev/snd/pcmC0D0p
E/audio_hw_primary( 2102): pcm_open(out) failed: cannot open device '/dev/snd/pcmC0D0p': Invalid argument
D/audio_hw_primary( 2102): found out /dev/snd/pcmC0D0p
E/audio_hw_primary( 2102): pcm_open(out) failed: cannot open device '/dev/snd/pcmC0D0p': Invalid argument
D/audio_hw_primary( 2102): found out /dev/snd/pcmC0D0p
E/audio_hw_primary( 2102): pcm_open(out) failed: cannot open device '/dev/snd/pcmC0D0p': Invalid argument
D/audio_hw_primary( 2102): found out /dev/snd/pcmC0D0p
E/audio_hw_primary( 2102): pcm_open(out) failed: cannot open device '/dev/snd/pcmC0D0p': Invalid argument
D/audio_hw_primary( 2102): found out /dev/snd/pcmC0D0p
E/audio_hw_primary( 2102): pcm_open(out) failed: cannot open device '/dev/snd/pcmC0D0p': Invalid argument
D/audio_hw_primary( 2102): found out /dev/snd/pcmC0D0p
E/audio_hw_primary( 2102): pcm_open(out) failed: cannot open device '/dev/snd/pcmC0D0p': Invalid argument
D/audio_hw_primary( 2102): found out /dev/snd/pcmC0D0p
E/audio_hw_primary( 2102): pcm_open(out) failed: cannot open device '/dev/snd/pcmC0D0p': Invalid argument
D/audio_hw_primary( 2102): found out /dev/snd/pcmC0D0p
E/audio_hw_primary( 2102): pcm_open(out) failed: cannot open device '/dev/snd/pcmC0D0p': Invalid argument
D/audio_hw_primary( 2102): found out /dev/snd/pcmC0D0p
E/audio_hw_primary( 2102): pcm_open(out) failed: cannot open device '/dev/snd/pcmC0D0p': Invalid argument
D/audio_hw_primary( 2102): found out /dev/snd/pcmC0D0p
E/audio_hw_primary( 2102): pcm_open(out) failed: cannot open device '/dev/snd/pcmC0D0p': Invalid argument
D/audio_hw_primary( 2102): found out /dev/snd/pcmC0D0p
E/audio_hw_primary( 2102): pcm_open(out) failed: cannot open device '/dev/snd/pcmC0D0p': Invalid argument
D/audio_hw_primary( 2102): found out /dev/snd/pcmC0D0p
E/audio_hw_primary( 2102): pcm_open(out) failed: cannot open device '/dev/snd/pcmC0D0p': Invalid argument
D/audio_hw_primary( 2102): found out /dev/snd/pcmC0D0p
E/audio_hw_primary( 2102): pcm_open(out) failed: cannot open device '/dev/snd/pcmC0D0p': Invalid argument
D/audio_hw_primary( 2102): found out /dev/snd/pcmC0D0p
E/audio_hw_primary( 2102): pcm_open(out) failed: cannot open device '/dev/snd/pcmC0D0p': Invalid argument
D/audio_hw_primary( 2102): found out /dev/snd/pcmC0D0p
E/audio_hw_primary( 2102): pcm_open(out) failed: cannot open device '/dev/snd/pcmC0D0p': Invalid argument
D/audio_hw_primary( 2102): found out /dev/snd/pcmC0D0p
E/audio_hw_primary( 2102): pcm_open(out) failed: cannot open device '/dev/snd/pcmC0D0p': Invalid argument
D/audio_hw_primary( 2102): found out /dev/snd/pcmC0D0p
E/audio_hw_primary( 2102): pcm_open(out) failed: cannot open device '/dev/snd/pcmC0D0p': Invalid argument
D/audio_hw_primary( 2102): found out /dev/snd/pcmC0D0p
E/audio_hw_primary( 2102): pcm_open(out) failed: cannot open device '/dev/snd/pcmC0D0p': Invalid argument
D/audio_hw_primary( 2102): found out /dev/snd/pcmC0D0p
E/audio_hw_primary( 2102): pcm_open(out) failed: cannot open device '/dev/snd/pcmC0D0p': Invalid argument
D/audio_hw_primary( 2102): found out /dev/snd/pcmC0D0p
E/audio_hw_primary( 2102): pcm_open(out) failed: cannot open device '/dev/snd/pcmC0D0p': Invalid argument
D/audio_hw_primary( 2102): found out /dev/snd/pcmC0D0p
E/audio_hw_primary( 2102): pcm_open(out) failed: cannot open device '/dev/snd/pcmC0D0p': Invalid argument
D/audio_hw_primary( 2102): found out /dev/snd/pcmC0D0p
E/audio_hw_primary( 2102): pcm_open(out) failed: cannot open device '/dev/snd/pcmC0D0p': Invalid argument
D/audio_hw_primary( 2102): found out /dev/snd/pcmC0D0p
E/audio_hw_primary( 2102): pcm_open(out) failed: cannot open device '/dev/snd/pcmC0D0p': Invalid argument
D/audio_hw_primary( 2102): found out /dev/snd/pcmC0D0p
E/audio_hw_primary( 2102): pcm_open(out) failed: cannot open device '/dev/snd/pcmC0D0p': Invalid argument
D/audio_hw_primary( 2102): found out /dev/snd/pcmC0D0p
E/audio_hw_primary( 2102): pcm_open(out) failed: cannot open device '/dev/snd/pcmC0D0p': Invalid argument
D/audio_hw_primary( 2102): found out /dev/snd/pcmC0D0p
E/audio_hw_primary( 2102): pcm_open(out) failed: cannot open device '/dev/snd/pcmC0D0p': Invalid argument
D/audio_hw_primary( 2102): found out /dev/snd/pcmC0D0p
E/audio_hw_primary( 2102): pcm_open(out) failed: cannot open device '/dev/snd/pcmC0D0p': Invalid argument
D/audio_hw_primary( 2102): found out /dev/snd/pcmC0D0p
E/audio_hw_primary( 2102): pcm_open(out) failed: cannot open device '/dev/snd/pcmC0D0p': Invalid argument
D/audio_hw_primary( 2102): found out /dev/snd/pcmC0D0p
E/audio_hw_primary( 2102): pcm_open(out) failed: cannot open device '/dev/snd/pcmC0D0p': Invalid argument
D/audio_hw_primary( 2102): found out /dev/snd/pcmC0D0p
E/audio_hw_primary( 2102): pcm_open(out) failed: cannot open device '/dev/snd/pcmC0D0p': Invalid argument
D/audio_hw_primary( 2102): found out /dev/snd/pcmC0D0p
E/audio_hw_primary( 2102): pcm_open(out) failed: cannot open device '/dev/snd/pcmC0D0p': Invalid argument
D/audio_hw_primary( 2102): found out /dev/snd/pcmC0D0p
E/audio_hw_primary( 2102): pcm_open(out) failed: cannot open device '/dev/snd/pcmC0D0p': Invalid argument
D/audio_hw_primary( 2102): found out /dev/snd/pcmC0D0p
E/audio_hw_primary( 2102): pcm_open(out) failed: cannot open device '/dev/snd/pcmC0D0p': Invalid argument
D/audio_hw_primary( 2102): found out /dev/snd/pcmC0D0p
E/audio_hw_primary( 2102): pcm_open(out) failed: cannot open device '/dev/snd/pcmC0D0p': Invalid argument
D/audio_hw_primary( 2102): found out /dev/snd/pcmC0D0p
E/audio_hw_primary( 2102): pcm_open(out) failed: cannot open device '/dev/snd/pcmC0D0p': Invalid argument
D/audio_hw_primary( 2102): found out /dev/snd/pcmC0D0p
E/audio_hw_primary( 2102): pcm_open(out) failed: cannot open device '/dev/snd/pcmC0D0p': Invalid argument
D/audio_hw_primary( 2102): found out /dev/snd/pcmC0D0p
E/audio_hw_primary( 2102): pcm_open(out) failed: cannot open device '/dev/snd/pcmC0D0p': Invalid argument
D/audio_hw_primary( 2102): found out /dev/snd/pcmC0D0p
E/audio_hw_primary( 2102): pcm_open(out) failed: cannot open device '/dev/snd/pcmC0D0p': Invalid argument
D/audio_hw_primary( 2102): found out /dev/snd/pcmC0D0p
E/audio_hw_primary( 2102): pcm_open(out) failed: cannot open device '/dev/snd/pcmC0D0p': Invalid argument
D/audio_hw_primary( 2102): found out /dev/snd/pcmC0D0p
E/audio_hw_primary( 2102): pcm_open(out) failed: cannot open device '/dev/snd/pcmC0D0p': Invalid argument
D/audio_hw_primary( 2102): found out /dev/snd/pcmC0D0p
E/audio_hw_primary( 2102): pcm_open(out) failed: cannot open device '/dev/snd/pcmC0D0p': Invalid argument
D/audio_hw_primary( 2102): found out /dev/snd/pcmC0D0p
E/audio_hw_primary( 2102): pcm_open(out) failed: cannot open device '/dev/snd/pcmC0D0p': Invalid argument
D/audio_hw_primary( 2102): found out /dev/snd/pcmC0D0p
E/audio_hw_primary( 2102): pcm_open(out) failed: cannot open device '/dev/snd/pcmC0D0p': Invalid argument
D/audio_hw_primary( 2102): found out /dev/snd/pcmC0D0p
E/audio_hw_primary( 2102): pcm_open(out) failed: cannot open device '/dev/snd/pcmC0D0p': Invalid argument
D/audio_hw_primary( 2102): found out /dev/snd/pcmC0D0p
E/audio_hw_primary( 2102): pcm_open(out) failed: cannot open device '/dev/snd/pcmC0D0p': Invalid argument
D/audio_hw_primary( 2102): found out /dev/snd/pcmC0D0p
E/audio_hw_primary( 2102): pcm_open(out) failed: cannot open device '/dev/snd/pcmC0D0p': Invalid argument
D/audio_hw_primary( 2102): found out /dev/snd/pcmC0D0p
E/audio_hw_primary( 2102): pcm_open(out) failed: cannot open device '/dev/snd/pcmC0D0p': Invalid argument
D/wpa_supplicant( 3763): wlan0: Control interface command 'SIGNAL_POLL'
D/audio_hw_primary( 2102): found out /dev/snd/pcmC0D0p
E/audio_hw_primary( 2102): pcm_open(out) failed: cannot open device '/dev/snd/pcmC0D0p': Invalid argument
D/audio_hw_primary( 2102): found out /dev/snd/pcmC0D0p
E/audio_hw_primary( 2102): pcm_open(out) failed: cannot open device '/dev/snd/pcmC0D0p': Invalid argument
D/audio_hw_primary( 2102): found out /dev/snd/pcmC0D0p
E/audio_hw_primary( 2102): pcm_open(out) failed: cannot open device '/dev/snd/pcmC0D0p': Invalid argument
D/audio_hw_primary( 2102): found out /dev/snd/pcmC0D0p
E/audio_hw_primary( 2102): pcm_open(out) failed: cannot open device '/dev/snd/pcmC0D0p': Invalid argument
D/audio_hw_primary( 2102): found out /dev/snd/pcmC0D0p
E/audio_hw_primary( 2102): pcm_open(out) failed: cannot open device '/dev/snd/pcmC0D0p': Invalid argument
D/audio_hw_primary( 2102): found out /dev/snd/pcmC0D0p
E/audio_hw_primary( 2102): pcm_open(out) failed: cannot open device '/dev/snd/pcmC0D0p': Invalid argument
D/audio_hw_primary( 2102): found out /dev/snd/pcmC0D0p
E/audio_hw_primary( 2102): pcm_open(out) failed: cannot open device '/dev/snd/pcmC0D0p': Invalid argument
D/audio_hw_primary( 2102): found out /dev/snd/pcmC0D0p
E/audio_hw_primary( 2102): pcm_open(out) failed: cannot open device '/dev/snd/pcmC0D0p': Invalid argument
D/audio_hw_primary( 2102): found out /dev/snd/pcmC0D0p
E/audio_hw_primary( 2102): pcm_open(out) failed: cannot open device '/dev/snd/pcmC0D0p': Invalid argument
D/audio_hw_primary( 2102): found out /dev/snd/pcmC0D0p
E/audio_hw_primary( 2102): pcm_open(out) failed: cannot open device '/dev/snd/pcmC0D0p': Invalid argument
D/audio_hw_primary( 2102): found out /dev/snd/pcmC0D0p
E/audio_hw_primary( 2102): pcm_open(out) failed: cannot open device '/dev/snd/pcmC0D0p': Invalid argument
D/audio_hw_primary( 2102): found out /dev/snd/pcmC0D0p
E/audio_hw_primary( 2102): pcm_open(out) failed: cannot open device '/dev/snd/pcmC0D0p': Invalid argument
D/audio_hw_primary( 2102): found out /dev/snd/pcmC0D0p
E/audio_hw_primary( 2102): pcm_open(out) failed: cannot open device '/dev/snd/pcmC0D0p': Invalid argument
D/audio_hw_primary( 2102): found out /dev/snd/pcmC0D0p
E/audio_hw_primary( 2102): pcm_open(out) failed: cannot open device '/dev/snd/pcmC0D0p': Invalid argument
D/audio_hw_primary( 2102): found out /dev/snd/pcmC0D0p
E/audio_hw_primary( 2102): pcm_open(out) failed: cannot open device '/dev/snd/pcmC0D0p': Invalid argument
D/audio_hw_primary( 2102): found out /dev/snd/pcmC0D0p
E/audio_hw_primary( 2102): pcm_open(out) failed: cannot open device '/dev/snd/pcmC0D0p': Invalid argument
D/audio_hw_primary( 2102): found out /dev/snd/pcmC0D0p
E/audio_hw_primary( 2102): pcm_open(out) failed: cannot open device '/dev/snd/pcmC0D0p': Invalid argument
D/PhoneStatusBar( 2802): disable: < expand ICONS* alerts SYSTEM_INFO* back home recent clock search > D/PhoneStatusBar( 2802): disable: < expand icons* alerts system_info* back home recent clock search > W/InputMethodManagerService( 2436): Window already focused, ignoring focus gain of: com.android.internal.view.IInputMethodClient$Stub$Proxy@3c1013f6 attribute=null, token = android.os.BinderProxy@2289f890
D/PhoneStatusBar( 2802): disable: < expand ICONS* alerts SYSTEM_INFO* back home recent clock search > D/wpa_supplicant( 3763): wlan0: Control interface command 'SIGNAL_POLL'
D/BluetoothAdapter( 2802): 370702638: getState() : mService = null. Returning STATE_OFF
D/BluetoothAdapter( 2802): 370702638: getState() : mService = null. Returning STATE_OFF
D/BluetoothAdapter( 2802): 370702638: getState() : mService = null. Returning STATE_OFF
D/BluetoothAdapter( 2802): 370702638: getState() : mService = null. Returning STATE_OFF
D/wpa_supplicant( 3763): wlan0: Control interface command 'SIGNAL_POLL'
D/wpa_supplicant( 3763): wlan0: Control interface command 'SIGNAL_POLL'
D/wpa_supplicant( 3763): wlan0: Control interface command 'SIGNAL_POLL'
D/wpa_supplicant( 3763): wlan0: Control interface command 'SIGNAL_POLL'
E/WifiStateMachine( 2436): WifiStateMachine CMD_START_SCAN source -2 txSuccessRate=-0.00 rxSuccessRate=-0.00 targetRoamBSSID=00:1b:da:33:7a:9f RSSI=-57
E/WifiStateMachine( 2436): WifiStateMachine starting scan for "Technoburst"WPA_PSK with 2462
D/wpa_supplicant( 3763): wlan0: Control interface command 'SCAN TYPE=ONLY freq=2462'
D/wpa_supplicant( 3763): wlan0: Setting scan request: 0.000000 sec
D/wpa_supplicant( 3763): wlan0: Starting AP scan for wildcard SSID
D/wpa_supplicant( 3763): wlan0: Limit manual scan to specified channels
D/wpa_supplicant( 3763): wlan0: Add radio work 'scan'@0x7f6445c1c3d0
D/wpa_supplicant( 3763): wlan0: First radio work item in the queue - schedule start immediately
D/wpa_supplicant( 3763): wlan0: Starting radio work 'scan'@0x7f6445c1c3d0 after 0.000069 second wait
D/wpa_supplicant( 3763): wlan0: nl80211: scan request
D/wpa_supplicant( 3763): nl80211: Scan SSID - hexdump(len=0): [NULL]
D/wpa_supplicant( 3763): nl80211: Scan frequency 2462 MHz
D/wpa_supplicant( 3763): Scan requested (ret=0) - scan timeout 30 seconds
D/wpa_supplicant( 3763): nl80211: Event message available
D/wpa_supplicant( 3763): nl80211: Drv Event 33 (NL80211_CMD_TRIGGER_SCAN) received for wlan0
D/wpa_supplicant( 3763): wlan0: nl80211: Scan trigger
D/wpa_supplicant( 3763): wlan0: Event SCAN_STARTED (49) received
D/wpa_supplicant( 3763): wlan0: Own scan request started a scan in 0.000181 seconds
D/wpa_supplicant( 3763): CTRL_IFACE monitor sent successfully to /data/misc/wifi/sockets/wpa_ctrl_2436-4\x00
D/wpa_supplicant( 3763): RTM_NEWLINK: ifi_index=4 ifname=wlan0 wext ifi_family=0 ifi_flags=0x11043 ([UP][RUNNING][LOWER_UP])
D/wpa_supplicant( 3763): nl80211: Event message available
D/wpa_supplicant( 3763): nl80211: Drv Event 34 (NL80211_CMD_NEW_SCAN_RESULTS) received for wlan0
D/wpa_supplicant( 3763): wlan0: nl80211: New scan results available
D/wpa_supplicant( 3763): nl80211: Scan probed for SSID ''
D/wpa_supplicant( 3763): nl80211: Scan included frequencies: 2462
D/wpa_supplicant( 3763): wlan0: Event SCAN_RESULTS (3) received
D/wpa_supplicant( 3763): wlan0: Scan completed in 0.694388 seconds
D/wpa_supplicant( 3763): nl80211: Associated on 2462 MHz
D/wpa_supplicant( 3763): nl80211: Associated with 00:1b:da:33:7a:9f
D/wpa_supplicant( 3763): nl80211: Received scan results (1 BSSes)
D/wpa_supplicant( 3763): nl80211: Scan results indicate BSS status with 00:1b:da:33:7a:9f as associated
D/wpa_supplicant( 3763): Sorted scan results
D/wpa_supplicant( 3763): 00:1b:da:33:7a:9f freq=2462 qual=0 noise=0 level=-57 flags=0x2b age=1
D/wpa_supplicant( 3763): IEs - hexdump(len=68): 00 0b 54 65 63 68 6e 6f 62 75 72 73 74 01 08 82 84 8b 96 24 30 48 6c 03 01 0b 2a 01 04 2f 01 04 ...
D/wpa_supplicant( 3763): wlan0: BSS: Start scan result update 22
D/wpa_supplicant( 3763): BSS: last_scan_res_used=1/32
D/wpa_supplicant( 3763): Add randomness: count=45 entropy=39
D/wpa_supplicant( 3763): random pool - hexdump(len=128): [REMOVED]
D/wpa_supplicant( 3763): random_mix_pool - hexdump(len=16): [REMOVED]
D/wpa_supplicant( 3763): random_mix_pool - hexdump(len=5): [REMOVED]
D/wpa_supplicant( 3763): random pool - hexdump(len=128): [REMOVED]
D/wpa_supplicant( 3763): wlan0: Scan-only results received
D/wpa_supplicant( 3763): CTRL_IFACE monitor sent successfully to /data/misc/wifi/sockets/wpa_ctrl_2436-4\x00
D/wpa_supplicant( 3763): wlan0: Radio work 'scan'@0x7f6445c1c3d0 done in 0.696226 seconds
D/wpa_supplicant( 3763): wlan0: Control interface command 'BSS RANGE=0- MASK=0x21987'
D/wpa_supplicant( 3763): wlan0: Control interface command 'STATUS-NO_EVENTS'
I/ActivityManager( 2436): START u0 {act=android.intent.action.MAIN cat=[android.intent.category.HOME] flg=0x10200000 cmp=com.cyanogenmod.trebuchet/com.android.launcher3.Launcher} from uid 1000 on display 0
W/InputMethodManagerService( 2436): Window already focused, ignoring focus gain of: com.android.internal.view.IInputMethodClient$Stub$Proxy@14a3e885 attribute=null, token = android.os.BinderProxy@2289f890
D/PhoneStatusBar( 2802): disable: < expand icons* alerts system_info* back home recent clock search > D/SurfaceFlinger( 2095): Set power mode=0, type=0 flinger=0x7fdf1fc62000
D/wpa_supplicant( 3763): wlan0: Control interface command 'SIGNAL_POLL'
D/wpa_supplicant( 3763): wlan0: Control interface command 'SIGNAL_POLL'
D/wpa_supplicant( 3763): wlan0: Control interface command 'SIGNAL_POLL'
D/wpa_supplicant( 3763): wlan0: Control interface command 'SIGNAL_POLL'
D/wpa_supplicant( 3763): wlan0: Control interface command 'SIGNAL_POLL'
D/wpa_supplicant( 3763): wlan0: Control interface command 'SIGNAL_POLL'
E/WifiStateMachine( 2436): WifiStateMachine CMD_START_SCAN source -2 txSuccessRate=-0.00 rxSuccessRate=-0.00 targetRoamBSSID=00:1b:da:33:7a:9f RSSI=-60
E/WifiStateMachine( 2436): WifiStateMachine starting scan for "Technoburst"WPA_PSK with 2462
D/wpa_supplicant( 3763): wlan0: Control interface command 'SCAN TYPE=ONLY freq=2462'
D/wpa_supplicant( 3763): wlan0: Setting scan request: 0.000000 sec
D/wpa_supplicant( 3763): wlan0: Starting AP scan for wildcard SSID
D/wpa_supplicant( 3763): wlan0: Limit manual scan to specified channels
D/wpa_supplicant( 3763): wlan0: Add radio work 'scan'@0x7f6445c1c420
D/wpa_supplicant( 3763): wlan0: First radio work item in the queue - schedule start immediately
D/wpa_supplicant( 3763): wlan0: Starting radio work 'scan'@0x7f6445c1c420 after 0.000071 second wait
D/wpa_supplicant( 3763): wlan0: nl80211: scan request
D/wpa_supplicant( 3763): nl80211: Scan SSID - hexdump(len=0): [NULL]
D/wpa_supplicant( 3763): nl80211: Scan frequency 2462 MHz
D/wpa_supplicant( 3763): Scan requested (ret=0) - scan timeout 30 seconds
D/wpa_supplicant( 3763): nl80211: Event message available
D/wpa_supplicant( 3763): nl80211: Drv Event 33 (NL80211_CMD_TRIGGER_SCAN) received for wlan0
D/wpa_supplicant( 3763): wlan0: nl80211: Scan trigger
D/wpa_supplicant( 3763): wlan0: Event SCAN_STARTED (49) received
D/wpa_supplicant( 3763): wlan0: Own scan request started a scan in 0.000352 seconds
D/wpa_supplicant( 3763): CTRL_IFACE monitor sent successfully to /data/misc/wifi/sockets/wpa_ctrl_2436-4\x00
D/wpa_supplicant( 3763): RTM_NEWLINK: ifi_index=4 ifname=wlan0 wext ifi_family=0 ifi_flags=0x11043 ([UP][RUNNING][LOWER_UP])
D/wpa_supplicant( 3763): nl80211: Event message available
D/wpa_supplicant( 3763): nl80211: Drv Event 34 (NL80211_CMD_NEW_SCAN_RESULTS) received for wlan0
D/wpa_supplicant( 3763): wlan0: nl80211: New scan results available
D/wpa_supplicant( 3763): nl80211: Scan probed for SSID ''
D/wpa_supplicant( 3763): nl80211: Scan included frequencies: 2462
D/wpa_supplicant( 3763): wlan0: Event SCAN_RESULTS (3) received
D/wpa_supplicant( 3763): wlan0: Scan completed in 0.698208 seconds
D/wpa_supplicant( 3763): nl80211: Associated on 2462 MHz
D/wpa_supplicant( 3763): nl80211: Associated with 00:1b:da:33:7a:9f
D/wpa_supplicant( 3763): nl80211: Received scan results (1 BSSes)
D/wpa_supplicant( 3763): nl80211: Scan results indicate BSS status with 00:1b:da:33:7a:9f as associated
D/wpa_supplicant( 3763): Sorted scan results
D/wpa_supplicant( 3763): 00:1b:da:33:7a:9f freq=2462 qual=0 noise=0 level=-60 flags=0x2b age=1
D/wpa_supplicant( 3763): IEs - hexdump(len=68): 00 0b 54 65 63 68 6e 6f 62 75 72 73 74 01 08 82 84 8b 96 24 30 48 6c 03 01 0b 2a 01 04 2f 01 04 ...
D/wpa_supplicant( 3763): wlan0: BSS: Start scan result update 23
D/wpa_supplicant( 3763): BSS: last_scan_res_used=1/32
D/wpa_supplicant( 3763): Add randomness: count=46 entropy=40
D/wpa_supplicant( 3763): random pool - hexdump(len=128): [REMOVED]
D/wpa_supplicant( 3763): random_mix_pool - hexdump(len=16): [REMOVED]
D/wpa_supplicant( 3763): random_mix_pool - hexdump(len=5): [REMOVED]
D/wpa_supplicant( 3763): random pool - hexdump(len=128): [REMOVED]
D/wpa_supplicant( 3763): wlan0: Scan-only results received
D/wpa_supplicant( 3763): CTRL_IFACE monitor sent successfully to /data/misc/wifi/sockets/wpa_ctrl_2436-4\x00
D/wpa_supplicant( 3763): wlan0: Radio work 'scan'@0x7f6445c1c420 done in 0.700181 seconds
D/wpa_supplicant( 3763): wlan0: Control interface command 'BSS RANGE=0- MASK=0x21987'
D/wpa_supplicant( 3763): wlan0: Control interface command 'STATUS-NO_EVENTS'
D/wpa_supplicant( 3763): wlan0: Control interface command 'SIGNAL_POLL'
D/wpa_supplicant( 3763): wlan0: Control interface command 'SIGNAL_POLL'
D/wpa_supplicant( 3763): wlan0: Control interface command 'SIGNAL_POLL'
D/wpa_supplicant( 3763): wlan0: Control interface command 'SIGNAL_POLL'
D/wpa_supplicant( 3763): wlan0: Control interface command 'SIGNAL_POLL'
D/wpa_supplicant( 3763): wlan0: Control interface command 'SIGNAL_POLL'
D/wpa_supplicant( 3763): wlan0: Control interface command 'SIGNAL_POLL'
E/WifiStateMachine( 2436): WifiStateMachine CMD_START_SCAN source -2 txSuccessRate=-0.00 rxSuccessRate=-0.00 targetRoamBSSID=00:1b:da:33:7a:9f RSSI=-60
E/WifiStateMachine( 2436): WifiStateMachine starting scan for "Technoburst"WPA_PSK with 2462
D/wpa_supplicant( 3763): wlan0: Control interface command 'SCAN TYPE=ONLY freq=2462'
D/wpa_supplicant( 3763): wlan0: Setting scan request: 0.000000 sec
D/wpa_supplicant( 3763): wlan0: Starting AP scan for wildcard SSID
D/wpa_supplicant( 3763): wlan0: Limit manual scan to specified channels
D/wpa_supplicant( 3763): wlan0: Add radio work 'scan'@0x7f6445c1c470
D/wpa_supplicant( 3763): wlan0: First radio work item in the queue - schedule start immediately
D/wpa_supplicant( 3763): wlan0: Starting radio work 'scan'@0x7f6445c1c470 after 0.000072 second wait
D/wpa_supplicant( 3763): wlan0: nl80211: scan request
D/wpa_supplicant( 3763): nl80211: Scan SSID - hexdump(len=0): [NULL]
D/wpa_supplicant( 3763): nl80211: Scan frequency 2462 MHz
D/wpa_supplicant( 3763): Scan requested (ret=0) - scan timeout 30 seconds
D/wpa_supplicant( 3763): nl80211: Event message available
D/wpa_supplicant( 3763): nl80211: Drv Event 33 (NL80211_CMD_TRIGGER_SCAN) received for wlan0
D/wpa_supplicant( 3763): wlan0: nl80211: Scan trigger
D/wpa_supplicant( 3763): wlan0: Event SCAN_STARTED (49) received
D/wpa_supplicant( 3763): wlan0: Own scan request started a scan in 0.000240 seconds
D/wpa_supplicant( 3763): CTRL_IFACE monitor sent successfully to /data/misc/wifi/sockets/wpa_ctrl_2436-4\x00
D/wpa_supplicant( 3763): RTM_NEWLINK: ifi_index=4 ifname=wlan0 wext ifi_family=0 ifi_flags=0x11043 ([UP][RUNNING][LOWER_UP])
D/wpa_supplicant( 3763): nl80211: Event message available
D/wpa_supplicant( 3763): nl80211: Drv Event 34 (NL80211_CMD_NEW_SCAN_RESULTS) received for wlan0
D/wpa_supplicant( 3763): wlan0: nl80211: New scan results available
D/wpa_supplicant( 3763): nl80211: Scan probed for SSID ''
D/wpa_supplicant( 3763): nl80211: Scan included frequencies: 2462
D/wpa_supplicant( 3763): wlan0: Event SCAN_RESULTS (3) received
D/wpa_supplicant( 3763): wlan0: Scan completed in 0.698888 seconds
D/wpa_supplicant( 3763): nl80211: Associated on 2462 MHz
D/wpa_supplicant( 3763): nl80211: Associated with 00:1b:da:33:7a:9f
D/wpa_supplicant( 3763): nl80211: Received scan results (1 BSSes)
D/wpa_supplicant( 3763): nl80211: Scan results indicate BSS status with 00:1b:da:33:7a:9f as associated
D/wpa_supplicant( 3763): Sorted scan results
D/wpa_supplicant( 3763): 00:1b:da:33:7a:9f freq=2462 qual=0 noise=0 level=-60 flags=0x2b age=1
D/wpa_supplicant( 3763): IEs - hexdump(len=68): 00 0b 54 65 63 68 6e 6f 62 75 72 73 74 01 08 82 84 8b 96 24 30 48 6c 03 01 0b 2a 01 04 2f 01 04 ...
D/wpa_supplicant( 3763): wlan0: BSS: Start scan result update 24
D/wpa_supplicant( 3763): BSS: last_scan_res_used=1/32
D/wpa_supplicant( 3763): Add randomness: count=47 entropy=41
D/wpa_supplicant( 3763): random pool - hexdump(len=128): [REMOVED]
D/wpa_supplicant( 3763): random_mix_pool - hexdump(len=16): [REMOVED]
D/wpa_supplicant( 3763): random_mix_pool - hexdump(len=5): [REMOVED]
D/wpa_supplicant( 3763): random pool - hexdump(len=128): [REMOVED]
D/wpa_supplicant( 3763): wlan0: Scan-only results received
D/wpa_supplicant( 3763): CTRL_IFACE monitor sent successfully to /data/misc/wifi/sockets/wpa_ctrl_2436-4\x00
D/wpa_supplicant( 3763): wlan0: Radio work 'scan'@0x7f6445c1c470 done in 0.701991 seconds
D/wpa_supplicant( 3763): wlan0: Control interface command 'BSS RANGE=0- MASK=0x21987'
D/wpa_supplicant( 3763): wlan0: Control interface command 'STATUS-NO_EVENTS'
D/wpa_supplicant( 3763): wlan0: Control interface command 'SIGNAL_POLL'
D/wpa_supplicant( 3763): wlan0: Control interface command 'SIGNAL_POLL'
D/wpa_supplicant( 3763): wlan0: Control interface command 'SIGNAL_POLL'
D/wpa_supplicant( 3763): wlan0: Control interface command 'SIGNAL_POLL'
D/wpa_supplicant( 3763): wlan0: Control interface command 'SIGNAL_POLL'
D/wpa_supplicant( 3763): wlan0: Control interface command 'SIGNAL_POLL'
D/wpa_supplicant( 3763): wlan0: Control interface command 'SIGNAL_POLL'
E/WifiStateMachine( 2436): WifiStateMachine CMD_START_SCAN source -2 txSuccessRate=-0.00 rxSuccessRate=-0.00 targetRoamBSSID=00:1b:da:33:7a:9f RSSI=-60
E/WifiStateMachine( 2436): WifiStateMachine starting scan for "Technoburst"WPA_PSK with 2462
D/wpa_supplicant( 3763): wlan0: Control interface command 'SCAN TYPE=ONLY freq=2462'
D/wpa_supplicant( 3763): wlan0: Setting scan request: 0.000000 sec
D/wpa_supplicant( 3763): wlan0: Starting AP scan for wildcard SSID
D/wpa_supplicant( 3763): wlan0: Limit manual scan to specified channels
D/wpa_supplicant( 3763): wlan0: Add radio work 'scan'@0x7f6445c1c3d0
D/wpa_supplicant( 3763): wlan0: First radio work item in the queue - schedule start immediately
D/wpa_supplicant( 3763): wlan0: Starting radio work 'scan'@0x7f6445c1c3d0 after 0.000071 second wait
D/wpa_supplicant( 3763): wlan0: nl80211: scan request
D/wpa_supplicant( 3763): nl80211: Scan SSID - hexdump(len=0): [NULL]
D/wpa_supplicant( 3763): nl80211: Scan frequency 2462 MHz
D/wpa_supplicant( 3763): Scan requested (ret=0) - scan timeout 30 seconds
D/wpa_supplicant( 3763): nl80211: Event message available
D/wpa_supplicant( 3763): nl80211: Drv Event 33 (NL80211_CMD_TRIGGER_SCAN) received for wlan0
D/wpa_supplicant( 3763): wlan0: nl80211: Scan trigger
D/wpa_supplicant( 3763): wlan0: Event SCAN_STARTED (49) received
D/wpa_supplicant( 3763): wlan0: Own scan request started a scan in 0.000242 seconds
D/wpa_supplicant( 3763): CTRL_IFACE monitor sent successfully to /data/misc/wifi/sockets/wpa_ctrl_2436-4\x00
D/wpa_supplicant( 3763): RTM_NEWLINK: ifi_index=4 ifname=wlan0 wext ifi_family=0 ifi_flags=0x11043 ([UP][RUNNING][LOWER_UP])
D/wpa_supplicant( 3763): nl80211: Event message available
D/wpa_supplicant( 3763): nl80211: Drv Event 34 (NL80211_CMD_NEW_SCAN_RESULTS) received for wlan0
D/wpa_supplicant( 3763): wlan0: nl80211: New scan results available
D/wpa_supplicant( 3763): nl80211: Scan probed for SSID ''
D/wpa_supplicant( 3763): nl80211: Scan included frequencies: 2462
D/wpa_supplicant( 3763): wlan0: Event SCAN_RESULTS (3) received
D/wpa_supplicant( 3763): wlan0: Scan completed in 0.700875 seconds
D/wpa_supplicant( 3763): nl80211: Associated on 2462 MHz
D/wpa_supplicant( 3763): nl80211: Associated with 00:1b:da:33:7a:9f
D/wpa_supplicant( 3763): nl80211: Received scan results (1 BSSes)
D/wpa_supplicant( 3763): nl80211: Scan results indicate BSS status with 00:1b:da:33:7a:9f as associated
D/wpa_supplicant( 3763): Sorted scan results
D/wpa_supplicant( 3763): 00:1b:da:33:7a:9f freq=2462 qual=0 noise=0 level=-60 flags=0x2b age=1
D/wpa_supplicant( 3763): IEs - hexdump(len=68): 00 0b 54 65 63 68 6e 6f 62 75 72 73 74 01 08 82 84 8b 96 24 30 48 6c 03 01 0b 2a 01 04 2f 01 04 ...
D/wpa_supplicant( 3763): wlan0: BSS: Start scan result update 25
D/wpa_supplicant( 3763): BSS: last_scan_res_used=1/32
D/wpa_supplicant( 3763): Add randomness: count=48 entropy=42
D/wpa_supplicant( 3763): random pool - hexdump(len=128): [REMOVED]
D/wpa_supplicant( 3763): random_mix_pool - hexdump(len=16): [REMOVED]
D/wpa_supplicant( 3763): random_mix_pool - hexdump(len=5): [REMOVED]
D/wpa_supplicant( 3763): random pool - hexdump(len=128): [REMOVED]
D/wpa_supplicant( 3763): wlan0: Scan-only results received
D/wpa_supplicant( 3763): CTRL_IFACE monitor sent successfully to /data/misc/wifi/sockets/wpa_ctrl_2436-4\x00
D/wpa_supplicant( 3763): wlan0: Radio work 'scan'@0x7f6445c1c3d0 done in 0.703884 seconds
D/wpa_supplicant( 3763): wlan0: Control interface command 'BSS RANGE=0- MASK=0x21987'
D/wpa_supplicant( 3763): wlan0: Control interface command 'STATUS-NO_EVENTS'
D/wpa_supplicant( 3763): wlan0: Control interface command 'SIGNAL_POLL'
D/wpa_supplicant( 3763): wlan0: Control interface command 'SIGNAL_POLL'
D/wpa_supplicant( 3763): wlan0: Control interface command 'SIGNAL_POLL'
D/wpa_supplicant( 3763): wlan0: Control interface command 'SIGNAL_POLL'
D/wpa_supplicant( 3763): wlan0: Control interface command 'SIGNAL_POLL'
D/wpa_supplicant( 3763): wlan0: Control interface command 'SIGNAL_POLL'
E/WifiStateMachine( 2436): WifiStateMachine CMD_START_SCAN source -2 txSuccessRate=-0.00 rxSuccessRate=-0.00 targetRoamBSSID=00:1b:da:33:7a:9f RSSI=-60
D/wpa_supplicant( 3763): wlan0: Control interface command 'SCAN TYPE=ONLY'
D/wpa_supplicant( 3763): wlan0: Setting scan request: 0.000000 sec
D/wpa_supplicant( 3763): wlan0: Starting AP scan for wildcard SSID
D/wpa_supplicant( 3763): wlan0: Add radio work 'scan'@0x7f6445c1c420
D/wpa_supplicant( 3763): wlan0: First radio work item in the queue - schedule start immediately
D/wpa_supplicant( 3763): wlan0: Starting radio work 'scan'@0x7f6445c1c420 after 0.000096 second wait
D/wpa_supplicant( 3763): wlan0: nl80211: scan request
D/wpa_supplicant( 3763): nl80211: Scan SSID - hexdump(len=0): [NULL]
D/wpa_supplicant( 3763): Scan requested (ret=0) - scan timeout 30 seconds
D/wpa_supplicant( 3763): nl80211: Event message available
D/wpa_supplicant( 3763): nl80211: Drv Event 33 (NL80211_CMD_TRIGGER_SCAN) received for wlan0
D/wpa_supplicant( 3763): wlan0: nl80211: Scan trigger
D/wpa_supplicant( 3763): wlan0: Event SCAN_STARTED (49) received
D/wpa_supplicant( 3763): wlan0: Own scan request started a scan in 0.000188 seconds
D/wpa_supplicant( 3763): CTRL_IFACE monitor sent successfully to /data/misc/wifi/sockets/wpa_ctrl_2436-4\x00
D/wpa_supplicant( 3763): wlan0: Control interface command 'SIGNAL_POLL'
D/wpa_supplicant( 3763): RTM_NEWLINK: ifi_index=4 ifname=wlan0 wext ifi_family=0 ifi_flags=0x11043 ([UP][RUNNING][LOWER_UP])
D/wpa_supplicant( 3763): nl80211: Event message available
D/wpa_supplicant( 3763): nl80211: Drv Event 34 (NL80211_CMD_NEW_SCAN_RESULTS) received for wlan0
D/wpa_supplicant( 3763): wlan0: nl80211: New scan results available
D/wpa_supplicant( 3763): nl80211: Scan probed for SSID ''
D/wpa_supplicant( 3763): nl80211: Scan included frequencies: 2412 2417 2422 2427 2432 2437 2442 2447 2452 2457 2462 2467 2472
D/wpa_supplicant( 3763): wlan0: Event SCAN_RESULTS (3) received
D/wpa_supplicant( 3763): wlan0: Scan completed in 1.435699 seconds
D/wpa_supplicant( 3763): nl80211: Associated on 2462 MHz
D/wpa_supplicant( 3763): nl80211: Associated with 00:1b:da:33:7a:9f
D/wpa_supplicant( 3763): nl80211: Received scan results (3 BSSes)
D/wpa_supplicant( 3763): nl80211: Scan results indicate BSS status with 00:1b:da:33:7a:9f as associated
D/wpa_supplicant( 3763): Sorted scan results
D/wpa_supplicant( 3763): 00:1b:da:33:7a:9f freq=2462 qual=0 noise=0 level=-60 flags=0x2b age=2
