I/BootReceiver( 2436): Copying audit failures to DropBox
I/BootReceiver( 2436): Checking for fsck errors
D/WifiService( 2436): New client listening to asynchronous messages
D/ConnectivityService( 2436): Got NetworkFactory Messenger for WIFI
D/ConnectivityService( 2436): Got NetworkFactory Messenger for WIFI_UT
I/ActivityManager( 2436): Start proc 3424:com.android.calendar/u0a22 for broadcast com.android.calendar/.UpgradeReceiver
I/ActivityManager( 2436): Start proc 3445:com.android.providers.calendar/u0a1 for broadcast com.android.providers.calendar/.CalendarReceiver
W/ResourcesManager( 3445): Asset path '/system/framework/android.test.runner.jar' does not exist or contains no resources.
I/ActivityManager( 2436): Start proc 3467:com.android.managedprovisioning/u0a7 for broadcast com.android.managedprovisioning/.BootReminder
I/ActivityManager( 2436): Start proc 3488:com.android.mms/u0a8 for broadcast com.android.mms/.transaction.MmsSystemEventReceiver
D/CountryDetector( 2436): The first listener is added
I/ActivityManager( 2436): Start proc 3520:com.android.onetimeinitializer/u0a10 for broadcast com.android.onetimeinitializer/.OneTimeInitializerReceiver
E/ActivityThread( 3520): Failed to find provider info for com.android.launcher2.settings
I/ActivityManager( 2436): Start proc 3544:com.android.camera2/u0a23 for broadcast com.android.camera2/com.android.camera.DisableCameraReceiver
E/Vold ( 2094): Failed to find mounted volume for /storage/usb0/Android/data/com.android.camera2/cache/
W/Vold ( 2094): Returning OperationFailed - no handler for errno 0
E/Vold ( 2094): Failed to find mounted volume for /storage/usb1/Android/data/com.android.camera2/cache/
W/Vold ( 2094): Returning OperationFailed - no handler for errno 0
E/Vold ( 2094): Failed to find mounted volume for /storage/usb2/Android/data/com.android.camera2/cache/
W/Vold ( 2094): Returning OperationFailed - no handler for errno 0
E/Vold ( 2094): Failed to find mounted volume for /storage/usb3/Android/data/com.android.camera2/cache/
W/Vold ( 2094): Returning OperationFailed - no handler for errno 0
E/Vold ( 2094): Failed to find mounted volume for /storage/sdcard1/Android/data/com.android.camera2/cache/
W/Vold ( 2094): Returning OperationFailed - no handler for errno 0
E/Vold ( 2094): Failed to find mounted volume for /storage/usb0/Android/data/com.android.camera2/files/
W/Vold ( 2094): Returning OperationFailed - no handler for errno 0
E/Vold ( 2094): Failed to find mounted volume for /storage/usb1/Android/data/com.android.camera2/files/
W/Vold ( 2094): Returning OperationFailed - no handler for errno 0
E/Vold ( 2094): Failed to find mounted volume for /storage/usb2/Android/data/com.android.camera2/files/
W/Vold ( 2094): Returning OperationFailed - no handler for errno 0
E/Vold ( 2094): Failed to find mounted volume for /storage/usb3/Android/data/com.android.camera2/files/
W/Vold ( 2094): Returning OperationFailed - no handler for errno 0
E/Vold ( 2094): Failed to find mounted volume for /storage/sdcard1/Android/data/com.android.camera2/files/
W/Vold ( 2094): Returning OperationFailed - no handler for errno 0
I/ActivityManager( 2436): Start proc 3564:com.android.deskclock/u0a26 for broadcast com.android.deskclock/.AlarmInitReceiver
W/BackupManagerService( 2436): dataChanged but no participant pkg='com.android.providers.settings' uid=10005
I/ActivityManager( 2436): Killing 2935:com.android.externalstorage/u0a6 (adj 15): empty #17
I/ActivityManager( 2436): Process com.android.bluetooth (pid 3329) has died
I/ActivityManager( 2436): Waited long enough for: ServiceRecord{98ad09a u0 com.android.music/.MediaPlaybackService}
D/BackupManagerService( 2436): Received broadcast Intent { act=android.intent.action.PACKAGE_CHANGED dat=package:com.android.camera2 flg=0x4000010 (has extras) }
D/BackupManagerService( 2436): Received broadcast Intent { act=android.intent.action.PACKAGE_CHANGED dat=package:com.android.calendar flg=0x4000010 (has extras) }
D/BackupManagerService( 2436): Received broadcast Intent { act=android.intent.action.PACKAGE_CHANGED dat=package:com.android.gallery3d flg=0x4000010 (has extras) }
W/BackupManagerService( 2436): dataChanged but no participant pkg='com.cyanogenmod.trebuchet' uid=10014
D/BackupManagerService( 2436): Received broadcast Intent { act=android.intent.action.PACKAGE_CHANGED dat=package:com.android.inputmethod.latin flg=0x4000010 (has extras) }
D/BackupManagerService( 2436): Received broadcast Intent { act=android.intent.action.PACKAGE_CHANGED dat=package:com.android.email flg=0x4000010 (has extras) }
W/BackupManagerService( 2436): dataChanged but no participant pkg='com.cyanogenmod.trebuchet' uid=10014
I/ActivityManager( 2436): Waited long enough for: ServiceRecord{2d977ab3 u0 com.android.calendar/.alerts.InitAlarmsService}
W/BackupManagerService( 2436): dataChanged but no participant pkg='com.android.providers.settings' uid=10013
I/ActivityManager( 2436): Killing 3152:com.android.provision/u0a45 (adj 15): empty #17
D/WifiService( 2436): setWifiEnabled: true pid=2802, uid=10013
E/WifiService( 2436): Invoking mWifiStateMachine.setWifiEnabled
I/ActivityManager( 2436): START u0 {act=android.settings.WIFI_SETTINGS flg=0x14000000 cmp=com.android.settings/.Settings$WifiSettingsActivity (has extras)} from uid 10013 on display 0
V/WindowManager( 2436): addAppToken: AppWindowToken{23e7e2cf token=Token{1dbf272e ActivityRecord{61755a9 u0 com.android.settings/.Settings$WifiSettingsActivity t5}}} to stack=1 task=5 at 0
W/InputMethodManagerService( 2436): Window already focused, ignoring focus gain of: com.android.internal.view.IInputMethodClient$Stub$Proxy@2bf0d45c attribute=android.view.inputmethod.EditorInfo@3166a365, token = android.os.BinderProxy@2289f890
V/WindowManager( 2436): Adding window Window{30c5e492 u0 Starting com.android.settings} at 2 of 7 (after Window{ddae589 u0 com.cyanogenmod.trebuchet/com.android.launcher3.Launcher})
D/WifiService( 2436): New client listening to asynchronous messages
V/WindowManager( 2436): Adding window Window{317b05b7 u0 Technoburst} at 2 of 8 (before Window{30c5e492 u0 Starting com.android.settings})
V/WindowManager( 2436): Adding window Window{14e7e766 u0 com.android.settings/com.android.settings.Settings$WifiSettingsActivity} at 2 of 9 (before Window{317b05b7 u0 Technoburst})
I/ActivityManager( 2436): Start proc 3651:com.android.musicfx/u0a9 for broadcast com.android.musicfx/.ControlPanelReceiver
I/ActivityManager( 2436): Killing 3268:com.android.music/u0a38 (adj 15): empty #17
E/WiFiServiceImpl ( 2436): CONNECT nid=-1 uid=1000
D/WifiService( 2436): Connect with config* ID: -1 SSID: "Technoburst" BSSID: null FQDN: null REALM: null PRIO: 0
D/WifiService( 2436): KeyMgmt: WPA_PSK Protocols:
D/WifiService( 2436): AuthAlgorithms:
D/WifiService( 2436): PairwiseCiphers:
D/WifiService( 2436): GroupCiphers:
D/WifiService( 2436): PSK: *
D/WifiService( 2436): Enterprise config:
D/WifiService( 2436): IP config:
D/WifiService( 2436): IP assignment: DHCP
D/WifiService( 2436): Proxy settings: NONE
D/WifiService( 2436): uid=1000roamingFailureBlackListTimeMilli: 1000
D/WifiService( 2436): triggeredLow: 0 triggeredBad: 0 triggeredNotHigh: 0
D/WifiService( 2436): ticksLow: 0 ticksBad: 0 ticksNotHigh: 0
D/WifiService( 2436): triggeredJoin: 0
D/WifiService( 2436): autoJoinBailedDueToLowRssi: false
D/WifiService( 2436): autoJoinUseAggressiveJoinAttemptThreshold: 0
I/ActivityManager( 2436): START u0 {act=android.intent.action.MAIN cat=[android.intent.category.HOME] flg=0x10200000 cmp=com.cyanogenmod.trebuchet/com.android.launcher3.Launcher} from uid 1000 on display 0
I/ActivityManager( 2436): START u0 {act=android.intent.action.MAIN cat=[android.intent.category.LAUNCHER] flg=0x10200000 cmp=com.android.browser/.BrowserActivity bnds=[834,669][958,745]} from uid 10014 on display 0
V/WindowManager( 2436): addAppToken: AppWindowToken{11d5f1f0 token=Token{21676a33 ActivityRecord{19c5da2 u0 com.android.browser/.BrowserActivity t6}}} to stack=1 task=6 at 0
V/WindowManager( 2436): Adding window Window{328aa887 u0 Starting com.android.browser} at 3 of 8 (after Window{14e7e766 u0 com.android.settings/com.android.settings.Settings$WifiSettingsActivity})
I/ActivityManager( 2436): Start proc 3685:com.android.browser/u0a19 for activity com.android.browser/.BrowserActivity
E/Vold ( 2094): Failed to find mounted volume for /storage/usb0/Android/data/com.android.browser/files/
W/Vold ( 2094): Returning OperationFailed - no handler for errno 0
E/Vold ( 2094): Failed to find mounted volume for /storage/usb1/Android/data/com.android.browser/files/
W/Vold ( 2094): Returning OperationFailed - no handler for errno 0
E/Vold ( 2094): Failed to find mounted volume for /storage/usb2/Android/data/com.android.browser/files/
W/Vold ( 2094): Returning OperationFailed - no handler for errno 0
E/Vold ( 2094): Failed to find mounted volume for /storage/usb3/Android/data/com.android.browser/files/
W/Vold ( 2094): Returning OperationFailed - no handler for errno 0
E/Vold ( 2094): Failed to find mounted volume for /storage/sdcard1/Android/data/com.android.browser/files/
W/Vold ( 2094): Returning OperationFailed - no handler for errno 0
E/ActivityThread( 3685): Failed to find provider info for com.google.settings
E/ActivityThread( 3685): Failed to find provider info for com.google.settings
E/ActivityThread( 3685): Failed to find provider info for com.google.settings
E/ActivityThread( 3685): Failed to find provider info for com.google.settings
E/ActivityThread( 3685): Failed to find provider info for com.google.settings
E/ActivityThread( 3685): Failed to find provider info for com.google.settings
E/ActivityThread( 3685): Failed to find provider info for com.google.settings
E/ActivityThread( 3685): Failed to find provider info for com.google.settings
E/ActivityThread( 3685): Failed to find provider info for com.google.settings
E/ActivityThread( 3685): Failed to find provider info for com.google.settings
E/ActivityThread( 3685): Failed to find provider info for com.google.settings
E/ActivityThread( 3685): Failed to find provider info for com.google.settings
E/ActivityThread( 3685): Failed to find provider info for com.google.settings
E/ActivityThread( 3685): Failed to find provider info for com.google.settings
E/ActivityThread( 3685): Failed to find provider info for com.google.settings
E/ActivityThread( 3685): Failed to find provider info for com.google.settings
V/WindowManager( 2436): Adding window Window{2123064d u0 com.android.browser/com.android.browser.BrowserActivity} at 3 of 9 (before Window{328aa887 u0 Starting com.android.browser})
D/WifiService( 2436): setWifiEnabled: false pid=2802, uid=10013
E/WifiService( 2436): Invoking mWifiStateMachine.setWifiEnabled
D/WifiService( 2436): setWifiEnabled: true pid=2802, uid=10013
E/WifiService( 2436): Invoking mWifiStateMachine.setWifiEnabled
I/ActivityManager( 2436): Start proc 3770:com.android.bluetooth/1002 for service com.android.bluetooth/.btservice.AdapterService
W/ResourcesManager( 3770): Asset path '/system/framework/javax.obex.jar' does not exist or contains no resources.
W/ContextImpl( 3086): Calling a method in the system process without a qualified user: android.app.ContextImpl.startService:1692 android.content.ContextWrapper.startService:516 android.content.ContextWrapper.startService:516 com.android.settings.bluetooth.DockEventReceiver.beginStartingService:134 com.android.settings.bluetooth.DockEventReceiver.onReceive:115
I/ActivityManager( 2436): Process com.android.bluetooth (pid 3770) has died
I/ActivityManager( 2436): Start proc 3810:com.android.bluetooth/1002 for service com.android.bluetooth/.btservice.AdapterService
W/ResourcesManager( 3810): Asset path '/system/framework/javax.obex.jar' does not exist or contains no resources.
D/ConnectivityService( 2436): registerNetworkAgent NetworkAgentInfo{ ni{[type: WIFI[], state: CONNECTING/CONNECTING, reason: (unspecified), extra: "Technoburst", roaming: false, failover: false, isAvailable: true, isConnectedToProvisioningNetwork: false]} network{null} lp{{LinkAddresses: [] Routes: [] DnsAddresses: [] Domains: null MTU: 0 TcpBufferSizes: 524288,1048576,2097152,262144,524288,1048576}} nc{[ Transports: WIFI Capabilities: INTERNET&NOT_RESTRICTED&TRUSTED&NOT_VPN LinkUpBandwidth>=1048576Kbps LinkDnBandwidth>=1048576Kbps]} Score{20} everValidated{false} lastValidated{false} created{false} explicitlySelected{false} }
D/ConnectivityService( 2436): NetworkAgentInfo [WIFI () - 100] EVENT_NETWORK_INFO_CHANGED, going from null to CONNECTING
D/ConnectivityService( 2436): updateNetworkScore for NetworkAgentInfo [WIFI () - 100] to 60
W/ProcessCpuTracker( 2436): Skipping unknown process pid 3858
D/ConnectivityService( 2436): NetworkAgentInfo [WIFI () - 100] EVENT_NETWORK_INFO_CHANGED, going from CONNECTING to CONNECTED
D/ConnectivityService( 2436): Adding iface wlan0 to network 100
E/ConnectivityService( 2436): Unexpected mtu value: 0, wlan0
D/ConnectivityService( 2436): Adding Route [fe80::/64 -> :: wlan0] to network 100
D/ConnectivityService( 2436): Adding Route [192.168.1.0/24 -> 0.0.0.0 wlan0] to network 100
D/ConnectivityService( 2436): Adding Route [0.0.0.0/0 -> 192.168.1.1 wlan0] to network 100
D/ConnectivityService( 2436): Setting Dns servers for network 100 to [/192.168.1.1]
D/ConnectivityService( 2436): notifyType IP_CHANGED for NetworkAgentInfo [WIFI () - 100]
D/ConnectivityService( 2436): notifyType PRECHECK for NetworkAgentInfo [WIFI () - 100]
D/ConnectivityService( 2436): rematching NetworkAgentInfo [WIFI () - 100]
D/ConnectivityService( 2436): accepting network in place of null
D/ConnectivityService( 2436): Switching to new default network: NetworkAgentInfo{ ni{[type: WIFI[], state: CONNECTED/CONNECTED, reason: (unspecified), extra: "Technoburst", roaming: false, failover: false, isAvailable: true, isConnectedToProvisioningNetwork: false]} network{100} lp{{InterfaceName: wlan0 LinkAddresses: [fe80::56e4:bdff:fe58:36c9/64,192.168.1.4/24,] Routes: [fe80::/64 -> :: wlan0,192.168.1.0/24 -> 0.0.0.0 wlan0,0.0.0.0/0 -> 192.168.1.1 wlan0,] DnsAddresses: [192.168.1.1,] Domains: MTU: 0 TcpBufferSizes: 524288,1048576,2097152,262144,524288,1048576}} nc{[ Transports: WIFI Capabilities: INTERNET&NOT_RESTRICTED&TRUSTED&NOT_VPN LinkUpBandwidth>=1048576Kbps LinkDnBandwidth>=1048576Kbps]} Score{20} everValidated{false} lastValidated{false} created{true} explicitlySelected{false} }
D/ConnectivityService( 2436): Setting tx/rx TCP buffers to 524288,1048576,2097152,262144,524288,1048576
D/ConnectivityService( 2436): notifyType AVAILABLE for NetworkAgentInfo [WIFI () - 100]
D/CSLegacyTypeTracker( 2436): Sending connected broadcast for type 1 NetworkAgentInfo [WIFI () - 100] isDefaultNetwork=true
D/ConnectivityService( 2436): sendStickyBroadcast: action=android.net.conn.CONNECTIVITY_CHANGE_IMMEDIATE
D/ConnectivityService( 2436): sendStickyBroadcast: action=android.net.conn.CONNECTIVITY_CHANGE
D/ConnectivityService( 2436): setProvNotificationVisibleIntent: E visible=false networkType=0 extraInfo=null
D/ConnectivityService( 2436): Validated NetworkAgentInfo [WIFI () - 100]
D/ConnectivityService( 2436): rematching NetworkAgentInfo [WIFI () - 100]
D/ConnectivityService( 2436): Network NetworkAgentInfo [WIFI () - 100] was already satisfying request 1. No change.
D/ConnectivityService( 2436): notifyType AVAILABLE for NetworkAgentInfo [WIFI () - 100]
D/ConnectivityService( 2436): sendStickyBroadcast: action=android.net.conn.INET_CONDITION_ACTION
W/ContextImpl( 3086): Calling a method in the system process without a qualified user: android.app.ContextImpl.startService:1692 android.content.ContextWrapper.startService:516 android.content.ContextWrapper.startService:516 com.android.settings.bluetooth.DockEventReceiver.beginStartingService:134 com.android.settings.bluetooth.DockEventReceiver.onReceive:115
I/ActivityManager( 2436): Process com.android.bluetooth (pid 3810) has died
W/InputMethodManagerService( 2436): Window already focused, ignoring focus gain of: com.android.internal.view.IInputMethodClient$Stub$Proxy@551961b attribute=null, token = android.os.BinderProxy@19b6d1e4
W/ActivityManager( 2436): Force finishing activity 1 com.android.gallery3d/.app.GalleryActivity
I/WindowState( 2436): WIN DEATH: Window{38dcb889 u0 com.android.gallery3d/com.android.gallery3d.app.GalleryActivity}
I/WindowState( 2436): WIN DEATH: Window{61830af u0 SurfaceView}
W/ActivityManager( 2436): Exception thrown during pause
W/ActivityManager( 2436): android.os.DeadObjectException
W/ActivityManager( 2436): at android.os.BinderProxy.transactNative(Native Method)
W/ActivityManager( 2436): at android.os.BinderProxy.transact(Binder.java:496)
W/ActivityManager( 2436): at android.app.ApplicationThreadProxy.schedulePauseActivity(ApplicationThreadNative.java:704)
W/ActivityManager( 2436): at com.android.server.am.ActivityStack.startPausingLocked(ActivityStack.java:825)
W/ActivityManager( 2436): at com.android.server.am.ActivityStack.finishActivityLocked(ActivityStack.java:2726)
W/ActivityManager( 2436): at com.android.server.am.ActivityStack.finishTopRunningActivityLocked(ActivityStack.java:2583)
W/ActivityManager( 2436): at com.android.server.am.ActivityStackSupervisor.finishTopRunningActivityLocked(ActivityStackSupervisor.java:2497)
W/ActivityManager( 2436): at com.android.server.am.ActivityManagerService.handleAppCrashLocked(ActivityManagerService.java:11500)
W/ActivityManager( 2436): at com.android.server.am.ActivityManagerService.makeAppCrashingLocked(ActivityManagerService.java:11397)
W/ActivityManager( 2436): at com.android.server.am.ActivityManagerService.crashApplication(ActivityManagerService.java:12081)
W/ActivityManager( 2436): at com.android.server.am.ActivityManagerService.handleApplicationCrashInner(ActivityManagerService.java:11592)
W/ActivityManager( 2436): at com.android.server.am.NativeCrashListener$NativeCrashReporter.run(NativeCrashListener.java:86)
I/ActivityManager( 2436): Process com.android.gallery3d (pid 3242) has died
W/InputMethodManagerService( 2436): Window already focused, ignoring focus gain of: com.android.internal.view.IInputMethodClient$Stub$Proxy@307e293e attribute=null, token = android.os.BinderProxy@2289f890
W/InputMethodManagerService( 2436): Window already focused, ignoring focus gain of: com.android.internal.view.IInputMethodClient$Stub$Proxy@3151dabb attribute=null, token = android.os.BinderProxy@2289f890
I/ActivityManager( 2436): START u0 {act=android.intent.action.MAIN cat=[android.intent.category.LAUNCHER] flg=0x10200000 cmp=com.cyanogenmod.filemanager/.activities.NavigationActivity} from uid 10014 on display 0
V/WindowManager( 2436): addAppToken: AppWindowToken{2fd42216 token=Token{2c594b31 ActivityRecord{18214bd8 u0 com.cyanogenmod.filemanager/.activities.NavigationActivity t17}}} to stack=1 task=17 at 0
V/WindowManager( 2436): Adding window Window{156d2f69 u0 Starting com.cyanogenmod.filemanager} at 10 of 15 (after Window{27822ae3 u0 com.android.dialer/com.android.dialer.DialtactsActivity})
I/ActivityManager( 2436): Start proc 4820:com.cyanogenmod.filemanager/u0a20 for activity com.cyanogenmod.filemanager/.activities.NavigationActivity
E/Vold ( 2094): Failed to find mounted volume for /storage/usb0/Android/data/com.cyanogenmod.filemanager/files/
W/Vold ( 2094): Returning OperationFailed - no handler for errno 0
E/Vold ( 2094): Failed to find mounted volume for /storage/usb1/Android/data/com.cyanogenmod.filemanager/files/
W/Vold ( 2094): Returning OperationFailed - no handler for errno 0
E/Vold ( 2094): Failed to find mounted volume for /storage/usb2/Android/data/com.cyanogenmod.filemanager/files/
W/Vold ( 2094): Returning OperationFailed - no handler for errno 0
E/Vold ( 2094): Failed to find mounted volume for /storage/usb3/Android/data/com.cyanogenmod.filemanager/files/
W/Vold ( 2094): Returning OperationFailed - no handler for errno 0
E/Vold ( 2094): Failed to find mounted volume for /storage/sdcard1/Android/data/com.cyanogenmod.filemanager/files/
W/Vold ( 2094): Returning OperationFailed - no handler for errno 0
V/WindowManager( 2436): Adding window Window{3a73c4d9 u0 com.cyanogenmod.filemanager/com.cyanogenmod.filemanager.activities.NavigationActivity} at 10 of 16 (before Window{156d2f69 u0 Starting com.cyanogenmod.filemanager})
V/WindowManager( 2436): Adding window Window{35145d7f u0 com.cyanogenmod.filemanager/com.cyanogenmod.filemanager.activities.NavigationActivity} at 10 of 17 (before Window{3a73c4d9 u0 com.cyanogenmod.filemanager/com.cyanogenmod.filemanager.activities.NavigationActivity})
I/ActivityManager( 2436): START u0 {cmp=com.cyanogenmod.filemanager/.activities.preferences.SettingsPreferences} from uid 10020 on display 0
V/WindowManager( 2436): addAppToken: AppWindowToken{df9224d token=Token{11e3dde4 ActivityRecord{9d27d77 u0 com.cyanogenmod.filemanager/.activities.preferences.SettingsPreferences t17}}} to stack=1 task=17 at 1
V/WindowManager( 2436): Adding window Window{351a6b4e u0 com.cyanogenmod.filemanager/com.cyanogenmod.filemanager.activities.preferences.SettingsPreferences} at 11 of 16 (after Window{35145d7f u0 com.cyanogenmod.filemanager/com.cyanogenmod.filemanager.activities.NavigationActivity})
V/WindowManager( 2436): not Base app: Adding window Window{a21c581 u0 com.cyanogenmod.filemanager/com.cyanogenmod.filemanager.activities.preferences.SettingsPreferences} at 12 of 17
W/InputMethodManagerService( 2436): Window already focused, ignoring focus gain of: com.android.internal.view.IInputMethodClient$Stub$Proxy@12a438bd attribute=null, token = android.os.BinderProxy@3fc29649
I/WindowManager( 2436): Input event dispatching timed out sending to com.cyanogenmod.filemanager/com.cyanogenmod.filemanager.activities.preferences.SettingsPreferences. Reason: Waiting to send key event because the focused window has not finished processing all of the input events that were previously delivered to it. Outbound queue length: 0. Wait queue length: 2.
E/ActivityManager( 2436): ANR in com.cyanogenmod.filemanager (com.cyanogenmod.filemanager/.activities.preferences.SettingsPreferences)
E/ActivityManager( 2436): PID: 4820
E/ActivityManager( 2436): Reason: Input dispatching timed out (Waiting to send key event because the focused window has not finished processing all of the input events that were previously delivered to it. Outbound queue length: 0. Wait queue length: 2.)
E/ActivityManager( 2436): Load: 1.33 / 1.26 / 0.73
E/ActivityManager( 2436): CPU usage from 5278ms to 0ms ago:
E/ActivityManager( 2436): 5.1% 2436/system_server: 2% user + 3% kernel / faults: 128 minor
E/ActivityManager( 2436): 0.5% 2802/com.android.systemui: 0.3% user + 0.1% kernel / faults: 73 minor
E/ActivityManager( 2436): 0.7% 2095/surfaceflinger: 0.3% user + 0.3% kernel / faults: 23 minor
E/ActivityManager( 2436): 0.3% 1106/irq/187-mmc1: 0% user + 0.3% kernel
E/ActivityManager( 2436): 0.3% 4594/kworker/0:2: 0% user + 0.3% kernel
E/ActivityManager( 2436): 0.1% 7/rcu_preempt: 0% user + 0.1% kernel
E/ActivityManager( 2436): 0% 28/rcuop/2: 0% user + 0% kernel
E/ActivityManager( 2436): 0.1% 2102/mediaserver: 0% user + 0.1% kernel
E/ActivityManager( 2436): 0.1% 3631/RTW_CMD_THREAD: 0% user + 0.1% kernel
E/ActivityManager( 2436): 2.4% TOTAL: 1% user + 1.1% kernel + 0.1% iowait + 0% irq + 0% softirq
E/ActivityManager( 2436): CPU usage from 3819ms to 4332ms later:
E/ActivityManager( 2436): 13% 2436/system_server: 5.6% user + 7.5% kernel
E/ActivityManager( 2436): 5.6% 2448/FinalizerDaemon: 3.7% user + 1.8% kernel
E/ActivityManager( 2436): 3.7% 2447/ReferenceQueueD: 1.8% user + 1.8% kernel
E/ActivityManager( 2436): 3.7% 2460/ActivityManager: 0% user + 3.7% kernel
E/ActivityManager( 2436): 1.3% 1106/irq/187-mmc1: 0% user + 1.3% kernel
E/ActivityManager( 2436): 1.5% 2885/com.android.phone: 1.5% user + 0% kernel
E/ActivityManager( 2436): 3.4% TOTAL: 1.9% user + 1.4% kernel
W/ViewRootImpl( 2436): Dropping event due to no window focus: KeyEvent { action=ACTION_DOWN, keyCode=KEYCODE_BACK, scanCode=0, metaState=0, flags=0xc8, repeatCount=1, eventTime=453546, downTime=453042, deviceId=-1, source=0x101 }
W/ViewRootImpl( 2436): Cancelling event due to no window focus: KeyEvent { action=ACTION_UP, keyCode=KEYCODE_BACK, scanCode=0, metaState=0, flags=0x68, repeatCount=0, eventTime=458076, downTime=453042, deviceId=-1, source=0x101 }
W/ViewRootImpl( 2436): Cancelling event due to no window focus: KeyEvent { action=ACTION_UP, keyCode=KEYCODE_BACK, scanCode=0, metaState=0, flags=0x68, repeatCount=0, eventTime=458076, downTime=453042, deviceId=-1, source=0x101 }
W/ViewRootImpl( 2436): Cancelling event due to no window focus: KeyEvent { action=ACTION_UP, keyCode=KEYCODE_BACK, scanCode=0, metaState=0, flags=0x68, repeatCount=0, eventTime=458076, downTime=453042, deviceId=-1, source=0x101 }
W/ViewRootImpl( 2436): Cancelling event due to no window focus: KeyEvent { action=ACTION_UP, keyCode=KEYCODE_BACK, scanCode=0, metaState=0, flags=0x68, repeatCount=0, eventTime=458076, downTime=453042, deviceId=-1, source=0x101 }
W/ViewRootImpl( 2436): Cancelling event due to no window focus: KeyEvent { action=ACTION_UP, keyCode=KEYCODE_BACK, scanCode=0, metaState=0, flags=0x68, repeatCount=0, eventTime=458076, downTime=453042, deviceId=-1, source=0x101 }
W/ViewRootImpl( 2436): Cancelling event due to no window focus: KeyEvent { action=ACTION_UP, keyCode=KEYCODE_BACK, scanCode=0, metaState=0, flags=0x68, repeatCount=0, eventTime=458076, downTime=453042, deviceId=-1, source=0x101 }
V/WindowManager( 2436): not Base app: Adding window Window{1a108e3c u0 com.cyanogenmod.filemanager/com.cyanogenmod.filemanager.activities.preferences.SettingsPreferences} at 12 of 18
W/InputMethodManagerService( 2436): Window already focused, ignoring focus gain of: com.android.internal.view.IInputMethodClient$Stub$Proxy@3078c84b attribute=null, token = android.os.BinderProxy@3fc29649
V/WindowManager( 2436): not Base app: Adding window Window{33595b41 u0 com.cyanogenmod.filemanager/com.cyanogenmod.filemanager.activities.preferences.SettingsPreferences} at 12 of 17
W/InputMethodManagerService( 2436): Window already focused, ignoring focus gain of: com.android.internal.view.IInputMethodClient$Stub$Proxy@2c1fd8e6 attribute=null, token = android.os.BinderProxy@3fc29649
W/InputMethodManagerService( 2436): Window already focused, ignoring focus gain of: com.android.internal.view.IInputMethodClient$Stub$Proxy@27864796 attribute=null, token = android.os.BinderProxy@3fc29649
I/ActivityManager( 2436): START u0 {act=android.intent.action.MAIN cat=[android.intent.category.HOME] flg=0x10200000 cmp=com.cyanogenmod.trebuchet/com.android.launcher3.Launcher} from uid 1000 on display 0
I/ActivityManager( 2436): START u0 {act=android.intent.action.MAIN cat=[android.intent.category.HOME] flg=0x10200000 cmp=com.cyanogenmod.trebuchet/com.android.launcher3.Launcher} from uid 1000 on display 0
W/BackupManagerService( 2436): dataChanged but no participant pkg='com.cyanogenmod.trebuchet' uid=10014
I/ActivityManager( 2436): START u0 {act=android.intent.action.SET_WALLPAPER cmp=com.cyanogenmod.trebuchet/com.android.launcher3.WallpaperPickerActivity} from uid 10014 on display 0
V/WindowManager( 2436): addAppToken: AppWindowToken{194bdba6 token=Token{28fcb101 ActivityRecord{365e66e8 u0 com.cyanogenmod.trebuchet/com.android.launcher3.WallpaperPickerActivity t4}}} to stack=0 task=4 at 1
V/WindowManager( 2436): Adding window Window{541f72c u0 Starting com.cyanogenmod.trebuchet} at 11 of 16 (after Window{ddae589 u0 com.cyanogenmod.trebuchet/com.android.launcher3.Launcher})
I/ActivityManager( 2436): Start proc 5056:com.cyanogenmod.trebuchet:wallpaper_chooser/u0a14 for activity com.cyanogenmod.trebuchet/com.android.launcher3.WallpaperPickerActivity
V/WindowManager( 2436): Adding window Window{c6e4f3a u0 com.cyanogenmod.trebuchet/com.android.launcher3.WallpaperPickerActivity} at 11 of 17 (before Window{541f72c u0 Starting com.cyanogenmod.trebuchet})
V/WindowManager( 2436): Adding window Window{1f777948 u0 SurfaceView} at 11 of 18 (before Window{c6e4f3a u0 com.cyanogenmod.trebuchet/com.android.launcher3.WallpaperPickerActivity})
I/ActivityManager( 2436): START u0 {act=android.service.wallpaper.CHANGE_LIVE_WALLPAPER cmp=com.android.wallpaper.livepicker/.LiveWallpaperChange (has extras)} from uid 10014 on display 0
V/WindowManager( 2436): addAppToken: AppWindowToken{c3d1963 token=Token{96b8b92 ActivityRecord{586bd1d u0 com.android.wallpaper.livepicker/.LiveWallpaperChange t4}}} to stack=0 task=4 at 2
V/WindowManager( 2436): Adding window Window{3fa07b8c u0 Starting com.android.wallpaper.livepicker} at 13 of 18 (after Window{c6e4f3a u0 com.cyanogenmod.trebuchet/com.android.launcher3.WallpaperPickerActivity})
I/ActivityManager( 2436): Start proc 5085:com.android.wallpaper.livepicker/u0a37 for activity com.android.wallpaper.livepicker/.LiveWallpaperChange
I/ActivityManager( 2436): START u0 {cmp=com.android.wallpaper.livepicker/.LiveWallpaperPreview (has extras)} from uid 10037 on display 0
V/WindowManager( 2436): addAppToken: AppWindowToken{1269fd42 token=Token{2c76278d ActivityRecord{2848b024 u0 com.android.wallpaper.livepicker/.LiveWallpaperPreview t4}}} to stack=0 task=4 at 3
V/WindowManager( 2436): Adding window Window{3fa07b8c u0 Starting com.android.wallpaper.livepicker} at 13 of 18 (after Window{c6e4f3a u0 com.cyanogenmod.trebuchet/com.android.launcher3.WallpaperPickerActivity EXITING})
V/WindowManager( 2436): Adding window Window{1ca87faf u0 com.android.wallpaper.livepicker/com.android.wallpaper.livepicker.LiveWallpaperPreview} at 13 of 19 (before Window{3fa07b8c u0 Starting com.android.wallpaper.livepicker})
V/WindowManager( 2436): Adding window Window{1c85bb45 u0 Media:com.android.wallpaper.livepicker/com.android.wallpaper.livepicker.LiveWallpaperPreview} at 13 of 20 (before Window{1ca87faf u0 com.android.wallpaper.livepicker/com.android.wallpaper.livepicker.LiveWallpaperPreview})
I/ActivityManager( 2436): Start proc 5105:com.android.galaxy4/u0a31 for service com.android.galaxy4/.Galaxy4Wallpaper
E/AndroidRuntime( 5105): FATAL EXCEPTION: main
E/AndroidRuntime( 5105): Process: com.android.galaxy4, PID: 5105
E/AndroidRuntime( 5105): java.lang.RuntimeException: Unable to instantiate service com.android.galaxy4.Galaxy4Wallpaper: java.lang.ClassNotFoundException: Didn't find class "com.android.galaxy4.Galaxy4Wallpaper" on path: DexPathList[[zip file "/system/app/Galaxy4/Galaxy4.apk"],nativeLibraryDirectories=[/vendor/lib, /system/lib]]
E/AndroidRuntime( 5105): at android.app.ActivityThread.handleCreateService(ActivityThread.java:2746)
E/AndroidRuntime( 5105): at android.app.ActivityThread.access$1800(ActivityThread.java:151)
E/AndroidRuntime( 5105): at android.app.ActivityThread$H.handleMessage(ActivityThread.java:1386)
E/AndroidRuntime( 5105): at android.os.Handler.dispatchMessage(Handler.java:102)
E/AndroidRuntime( 5105): at android.os.Looper.loop(Looper.java:135)
E/AndroidRuntime( 5105): at android.app.ActivityThread.main(ActivityThread.java:5254)
E/AndroidRuntime( 5105): at java.lang.reflect.Method.invoke(Native Method)
E/AndroidRuntime( 5105): at java.lang.reflect.Method.invoke(Method.java:372)
E/AndroidRuntime( 5105): at com.android.internal.os.ZygoteInit$MethodAndArgsCaller.run(ZygoteInit.java:903)
E/AndroidRuntime( 5105): at com.android.internal.os.ZygoteInit.main(ZygoteInit.java:698)
E/AndroidRuntime( 5105): Caused by: java.lang.ClassNotFoundException: Didn't find class "com.android.galaxy4.Galaxy4Wallpaper" on path: DexPathList[[zip file "/system/app/Galaxy4/Galaxy4.apk"],nativeLibraryDirectories=[/vendor/lib, /system/lib]]
E/AndroidRuntime( 5105): at dalvik.system.BaseDexClassLoader.findClass(BaseDexClassLoader.java:56)
E/AndroidRuntime( 5105): at java.lang.ClassLoader.loadClass(ClassLoader.java:511)
E/AndroidRuntime( 5105): at java.lang.ClassLoader.loadClass(ClassLoader.java:469)
E/AndroidRuntime( 5105): at android.app.ActivityThread.handleCreateService(ActivityThread.java:2743)
E/AndroidRuntime( 5105): ... 9 more
E/AndroidRuntime( 5105): Suppressed: java.io.IOException: Zip archive '/system/app/Galaxy4/Galaxy4.apk' doesn't contain classes.dex (error msg: Entry not found)
E/AndroidRuntime( 5105): at dalvik.system.DexFile.openDexFileNative(Native Method)
E/AndroidRuntime( 5105): at dalvik.system.DexFile.openDexFile(DexFile.java:295)
E/AndroidRuntime( 5105): at dalvik.system.DexFile.(DexFile.java:80)
E/AndroidRuntime( 5105): at dalvik.system.DexFile.(DexFile.java:59)
E/AndroidRuntime( 5105): at dalvik.system.DexPathList.loadDexFile(DexPathList.java:262)
E/AndroidRuntime( 5105): at dalvik.system.DexPathList.makeDexElements(DexPathList.java:231)
E/AndroidRuntime( 5105): at dalvik.system.DexPathList.(DexPathList.java:109)
E/AndroidRuntime( 5105): at dalvik.system.BaseDexClassLoader.(BaseDexClassLoader.java:48)
E/AndroidRuntime( 5105): at dalvik.system.PathClassLoader.(PathClassLoader.java:65)
E/AndroidRuntime( 5105): at android.app.ApplicationLoaders.getClassLoader(ApplicationLoaders.java:57)
E/AndroidRuntime( 5105): at android.app.LoadedApk.getClassLoader(LoadedApk.java:361)
E/AndroidRuntime( 5105): at android.app.LoadedApk.makeApplication(LoadedApk.java:553)
E/AndroidRuntime( 5105): at android.app.ActivityThread.handleBindApplication(ActivityThread.java:4526)
E/AndroidRuntime( 5105): at android.app.ActivityThread.access$1500(ActivityThread.java:151)
E/AndroidRuntime( 5105): at android.app.ActivityThread$H.handleMessage(ActivityThread.java:1364)
E/AndroidRuntime( 5105): ... 7 more
E/AndroidRuntime( 5105): Caused by: java.io.IOException: Failed to open oat file from dex location '/system/app/Galaxy4/Galaxy4.apk'
E/AndroidRuntime( 5105): ... 22 more
E/AndroidRuntime( 5105): Caused by: java.io.IOException: Failed to open oat file from /system/app/Galaxy4/x86/Galaxy4.odex (error Failed to open oat filename for reading: No such file or directory) (no dalvik_cache availible) and relocation failed.
E/AndroidRuntime( 5105): ... 22 more
E/AndroidRuntime( 5105): Caused by: java.io.IOException:
E/AndroidRuntime( 5105): ... 22 more
E/AndroidRuntime( 5105): Suppressed: java.lang.ClassNotFoundException: com.android.galaxy4.Galaxy4Wallpaper
E/AndroidRuntime( 5105): at java.lang.Class.classForName(Native Method)
E/AndroidRuntime( 5105): at java.lang.BootClassLoader.findClass(ClassLoader.java:781)
E/AndroidRuntime( 5105): at java.lang.BootClassLoader.loadClass(ClassLoader.java:841)
E/AndroidRuntime( 5105): at java.lang.ClassLoader.loadClass(ClassLoader.java:504)
E/AndroidRuntime( 5105): ... 11 more
E/AndroidRuntime( 5105): Caused by: java.lang.NoClassDefFoundError: Class not found using the boot class loader; no stack available
W/InputMethodManagerService( 2436): Window already focused, ignoring focus gain of: com.android.internal.view.IInputMethodClient$Stub$Proxy@b3944a2 attribute=null, token = android.os.BinderProxy@2f9eab8e
I/ActivityManager( 2436): Process com.android.galaxy4 (pid 5105) has died
W/ActivityManager( 2436): Scheduling restart of crashed service com.android.galaxy4/.Galaxy4Wallpaper in 1000ms --------- beginning of main
D/audio_hw_primary( 2102): found out /dev/snd/pcmC0D0p
E/audio_hw_primary( 2102): pcm_open(out) failed: cannot open device '/dev/snd/pcmC0D0p': Invalid argument
D/audio_hw_primary( 2102): found out /dev/snd/pcmC0D0p
E/audio_hw_primary( 2102): pcm_open(out) failed: cannot open device '/dev/snd/pcmC0D0p': Invalid argument
D/audio_hw_primary( 2102): found out /dev/snd/pcmC0D0p
E/audio_hw_primary( 2102): pcm_open(out) failed: cannot open device '/dev/snd/pcmC0D0p': Invalid argument
D/audio_hw_primary( 2102): found out /dev/snd/pcmC0D0p
E/audio_hw_primary( 2102): pcm_open(out) failed: cannot open device '/dev/snd/pcmC0D0p': Invalid argument
D/audio_hw_primary( 2102): found out /dev/snd/pcmC0D0p
E/audio_hw_primary( 2102): pcm_open(out) failed: cannot open device '/dev/snd/pcmC0D0p': Invalid argument
D/audio_hw_primary( 2102): found out /dev/snd/pcmC0D0p
E/audio_hw_primary( 2102): pcm_open(out) failed: cannot open device '/dev/snd/pcmC0D0p': Invalid argument
D/audio_hw_primary( 2102): found out /dev/snd/pcmC0D0p
E/audio_hw_primary( 2102): pcm_open(out) failed: cannot open device '/dev/snd/pcmC0D0p': Invalid argument
D/audio_hw_primary( 2102): found out /dev/snd/pcmC0D0p
E/audio_hw_primary( 2102): pcm_open(out) failed: cannot open device '/dev/snd/pcmC0D0p': Invalid argument
D/audio_hw_primary( 2102): found out /dev/snd/pcmC0D0p
E/audio_hw_primary( 2102): pcm_open(out) failed: cannot open device '/dev/snd/pcmC0D0p': Invalid argument
I/ActivityManager( 2436): Start proc 5128:com.android.galaxy4/u0a31 for service com.android.galaxy4/.Galaxy4Wallpaper
D/audio_hw_primary( 2102): found out /dev/snd/pcmC0D0p
E/audio_hw_primary( 2102): pcm_open(out) failed: cannot open device '/dev/snd/pcmC0D0p': Invalid argument
D/audio_hw_primary( 2102): found out /dev/snd/pcmC0D0p
E/audio_hw_primary( 2102): pcm_open(out) failed: cannot open device '/dev/snd/pcmC0D0p': Invalid argument
D/audio_hw_primary( 2102): found out /dev/snd/pcmC0D0p
E/audio_hw_primary( 2102): pcm_open(out) failed: cannot open device '/dev/snd/pcmC0D0p': Invalid argument
D/audio_hw_primary( 2102): found out /dev/snd/pcmC0D0p
E/audio_hw_primary( 2102): pcm_open(out) failed: cannot open device '/dev/snd/pcmC0D0p': Invalid argument
D/AndroidRuntime( 5128): Shutting down VM
E/AndroidRuntime( 5128): FATAL EXCEPTION: main
E/AndroidRuntime( 5128): Process: com.android.galaxy4, PID: 5128
E/AndroidRuntime( 5128): java.lang.RuntimeException: Unable to instantiate service com.android.galaxy4.Galaxy4Wallpaper: java.lang.ClassNotFoundException: Didn't find class "com.android.galaxy4.Galaxy4Wallpaper" on path: DexPathList[[zip file "/system/app/Galaxy4/Galaxy4.apk"],nativeLibraryDirectories=[/vendor/lib, /system/lib]]
E/AndroidRuntime( 5128): at android.app.ActivityThread.handleCreateService(ActivityThread.java:2746)
E/AndroidRuntime( 5128): at android.app.ActivityThread.access$1800(ActivityThread.java:151)
E/AndroidRuntime( 5128): at android.app.ActivityThread$H.handleMessage(ActivityThread.java:1386)
E/AndroidRuntime( 5128): at android.os.Handler.dispatchMessage(Handler.java:102)
E/AndroidRuntime( 5128): at android.os.Looper.loop(Looper.java:135)
E/AndroidRuntime( 5128): at android.app.ActivityThread.main(ActivityThread.java:5254)
E/AndroidRuntime( 5128): at java.lang.reflect.Method.invoke(Native Method)
E/AndroidRuntime( 5128): at java.lang.reflect.Method.invoke(Method.java:372)
E/AndroidRuntime( 5128): at com.android.internal.os.ZygoteInit$MethodAndArgsCaller.run(ZygoteInit.java:903)
E/AndroidRuntime( 5128): at com.android.internal.os.ZygoteInit.main(ZygoteInit.java:698)
E/AndroidRuntime( 5128): Caused by: java.lang.ClassNotFoundException: Didn't find class "com.android.galaxy4.Galaxy4Wallpaper" on path: DexPathList[[zip file "/system/app/Galaxy4/Galaxy4.apk"],nativeLibraryDirectories=[/vendor/lib, /system/lib]]
E/AndroidRuntime( 5128): at dalvik.system.BaseDexClassLoader.findClass(BaseDexClassLoader.java:56)
E/AndroidRuntime( 5128): at java.lang.ClassLoader.loadClass(ClassLoader.java:511)
E/AndroidRuntime( 5128): at java.lang.ClassLoader.loadClass(ClassLoader.java:469)
E/AndroidRuntime( 5128): at android.app.ActivityThread.handleCreateService(ActivityThread.java:2743)
E/AndroidRuntime( 5128): ... 9 more
E/AndroidRuntime( 5128): Suppressed: java.io.IOException: Zip archive '/system/app/Galaxy4/Galaxy4.apk' doesn't contain classes.dex (error msg: Entry not found)
E/AndroidRuntime( 5128): at dalvik.system.DexFile.openDexFileNative(Native Method)
E/AndroidRuntime( 5128): at dalvik.system.DexFile.openDexFile(DexFile.java:295)
E/AndroidRuntime( 5128): at dalvik.system.DexFile.(DexFile.java:80)
E/AndroidRuntime( 5128): at dalvik.system.DexFile.(DexFile.java:59)
E/AndroidRuntime( 5128): at dalvik.system.DexPathList.loadDexFile(DexPathList.java:262)
E/AndroidRuntime( 5128): at dalvik.system.DexPathList.makeDexElements(DexPathList.java:231)
E/AndroidRuntime( 5128): at dalvik.system.DexPathList.(DexPathList.java:109)
E/AndroidRuntime( 5128): at dalvik.system.BaseDexClassLoader.(BaseDexClassLoader.java:48)
E/AndroidRuntime( 5128): at dalvik.system.PathClassLoader.(PathClassLoader.java:65)
E/AndroidRuntime( 5128): at android.app.ApplicationLoaders.getClassLoader(ApplicationLoaders.java:57)
E/AndroidRuntime( 5128): at android.app.LoadedApk.getClassLoader(LoadedApk.java:361)
E/AndroidRuntime( 5128): at android.app.LoadedApk.makeApplication(LoadedApk.java:553)
E/AndroidRuntime( 5128): at android.app.ActivityThread.handleBindApplication(ActivityThread.java:4526)
E/AndroidRuntime( 5128): at android.app.ActivityThread.access$1500(ActivityThread.java:151)
E/AndroidRuntime( 5128): at android.app.ActivityThread$H.handleMessage(ActivityThread.java:1364)
E/AndroidRuntime( 5128): ... 7 more
E/AndroidRuntime( 5128): Caused by: java.io.IOException: Failed to open oat file from dex location '/system/app/Galaxy4/Galaxy4.apk'
E/AndroidRuntime( 5128): ... 22 more
E/AndroidRuntime( 5128): Caused by: java.io.IOException: Failed to open oat file from /system/app/Galaxy4/x86/Galaxy4.odex (error Failed to open oat filename for reading: No such file or directory) (no dalvik_cache availible) and relocation failed.
E/AndroidRuntime( 5128): ... 22 more
E/AndroidRuntime( 5128): Caused by: java.io.IOException:
E/AndroidRuntime( 5128): ... 22 more
E/AndroidRuntime( 5128): Suppressed: java.lang.ClassNotFoundException: com.android.galaxy4.Galaxy4Wallpaper
E/AndroidRuntime( 5128): at java.lang.Class.classForName(Native Method)
E/AndroidRuntime( 5128): at java.lang.BootClassLoader.findClass(ClassLoader.java:781)
E/AndroidRuntime( 5128): at java.lang.BootClassLoader.loadClass(ClassLoader.java:841)
E/AndroidRuntime( 5128): at java.lang.ClassLoader.loadClass(ClassLoader.java:504)
E/AndroidRuntime( 5128): ... 11 more
E/AndroidRuntime( 5128): Caused by: java.lang.NoClassDefFoundError: Class not found using the boot class loader; no stack available
D/audio_hw_primary( 2102): found out /dev/snd/pcmC0D0p
E/audio_hw_primary( 2102): pcm_open(out) failed: cannot open device '/dev/snd/pcmC0D0p': Invalid argument
D/audio_hw_primary( 2102): found out /dev/snd/pcmC0D0p
E/audio_hw_primary( 2102): pcm_open(out) failed: cannot open device '/dev/snd/pcmC0D0p': Invalid argument
D/audio_hw_primary( 2102): found out /dev/snd/pcmC0D0p
E/audio_hw_primary( 2102): pcm_open(out) failed: cannot open device '/dev/snd/pcmC0D0p': Invalid argument
D/audio_hw_primary( 2102): found out /dev/snd/pcmC0D0p
E/audio_hw_primary( 2102): pcm_open(out) failed: cannot open device '/dev/snd/pcmC0D0p': Invalid argument
D/audio_hw_primary( 2102): found out /dev/snd/pcmC0D0p
E/audio_hw_primary( 2102): pcm_open(out) failed: cannot open device '/dev/snd/pcmC0D0p': Invalid argument
D/audio_hw_primary( 2102): found out /dev/snd/pcmC0D0p
E/audio_hw_primary( 2102): pcm_open(out) failed: cannot open device '/dev/snd/pcmC0D0p': Invalid argument
D/audio_hw_primary( 2102): found out /dev/snd/pcmC0D0p
E/audio_hw_primary( 2102): pcm_open(out) failed: cannot open device '/dev/snd/pcmC0D0p': Invalid argument
D/audio_hw_primary( 2102): found out /dev/snd/pcmC0D0p
E/audio_hw_primary( 2102): pcm_open(out) failed: cannot open device '/dev/snd/pcmC0D0p': Invalid argument
D/audio_hw_primary( 2102): found out /dev/snd/pcmC0D0p
E/audio_hw_primary( 2102): pcm_open(out) failed: cannot open device '/dev/snd/pcmC0D0p': Invalid argument
D/audio_hw_primary( 2102): found out /dev/snd/pcmC0D0p
E/audio_hw_primary( 2102): pcm_open(out) failed: cannot open device '/dev/snd/pcmC0D0p': Invalid argument
D/audio_hw_primary( 2102): found out /dev/snd/pcmC0D0p
E/audio_hw_primary( 2102): pcm_open(out) failed: cannot open device '/dev/snd/pcmC0D0p': Invalid argument
D/audio_hw_primary( 2102): found out /dev/snd/pcmC0D0p
E/audio_hw_primary( 2102): pcm_open(out) failed: cannot open device '/dev/snd/pcmC0D0p': Invalid argument
D/audio_hw_primary( 2102): found out /dev/snd/pcmC0D0p
E/audio_hw_primary( 2102): pcm_open(out) failed: cannot open device '/dev/snd/pcmC0D0p': Invalid argument
D/audio_hw_primary( 2102): found out /dev/snd/pcmC0D0p
E/audio_hw_primary( 2102): pcm_open(out) failed: cannot open device '/dev/snd/pcmC0D0p': Invalid argument
D/audio_hw_primary( 2102): found out /dev/snd/pcmC0D0p
E/audio_hw_primary( 2102): pcm_open(out) failed: cannot open device '/dev/snd/pcmC0D0p': Invalid argument
D/audio_hw_primary( 2102): found out /dev/snd/pcmC0D0p
E/audio_hw_primary( 2102): pcm_open(out) failed: cannot open device '/dev/snd/pcmC0D0p': Invalid argument
D/audio_hw_primary( 2102): found out /dev/snd/pcmC0D0p
E/audio_hw_primary( 2102): pcm_open(out) failed: cannot open device '/dev/snd/pcmC0D0p': Invalid argument
D/audio_hw_primary( 2102): found out /dev/snd/pcmC0D0p
E/audio_hw_primary( 2102): pcm_open(out) failed: cannot open device '/dev/snd/pcmC0D0p': Invalid argument
I/OpenGLRenderer( 2436): Initialized EGL, version 1.4
D/audio_hw_primary( 2102): found out /dev/snd/pcmC0D0p
E/audio_hw_primary( 2102): pcm_open(out) failed: cannot open device '/dev/snd/pcmC0D0p': Invalid argument
D/audio_hw_primary( 2102): found out /dev/snd/pcmC0D0p
E/audio_hw_primary( 2102): pcm_open(out) failed: cannot open device '/dev/snd/pcmC0D0p': Invalid argument
D/audio_hw_primary( 2102): found out /dev/snd/pcmC0D0p
E/audio_hw_primary( 2102): pcm_open(out) failed: cannot open device '/dev/snd/pcmC0D0p': Invalid argument
D/audio_hw_primary( 2102): found out /dev/snd/pcmC0D0p
E/audio_hw_primary( 2102): pcm_open(out) failed: cannot open device '/dev/snd/pcmC0D0p': Invalid argument
D/audio_hw_primary( 2102): found out /dev/snd/pcmC0D0p
E/audio_hw_primary( 2102): pcm_open(out) failed: cannot open device '/dev/snd/pcmC0D0p': Invalid argument
D/audio_hw_primary( 2102): found out /dev/snd/pcmC0D0p
E/audio_hw_primary( 2102): pcm_open(out) failed: cannot open device '/dev/snd/pcmC0D0p': Invalid argument
D/audio_hw_primary( 2102): found out /dev/snd/pcmC0D0p
E/audio_hw_primary( 2102): pcm_open(out) failed: cannot open device '/dev/snd/pcmC0D0p': Invalid argument
D/audio_hw_primary( 2102): found out /dev/snd/pcmC0D0p
E/audio_hw_primary( 2102): pcm_open(out) failed: cannot open device '/dev/snd/pcmC0D0p': Invalid argument
D/audio_hw_primary( 2102): found out /dev/snd/pcmC0D0p
E/audio_hw_primary( 2102): pcm_open(out) failed: cannot open device '/dev/snd/pcmC0D0p': Invalid argument
D/audio_hw_primary( 2102): found out /dev/snd/pcmC0D0p
E/audio_hw_primary( 2102): pcm_open(out) failed: cannot open device '/dev/snd/pcmC0D0p': Invalid argument
D/audio_hw_primary( 2102): found out /dev/snd/pcmC0D0p
E/audio_hw_primary( 2102): pcm_open(out) failed: cannot open device '/dev/snd/pcmC0D0p': Invalid argument
D/audio_hw_primary( 2102): found out /dev/snd/pcmC0D0p
E/audio_hw_primary( 2102): pcm_open(out) failed: cannot open device '/dev/snd/pcmC0D0p': Invalid argument
D/audio_hw_primary( 2102): found out /dev/snd/pcmC0D0p
E/audio_hw_primary( 2102): pcm_open(out) failed: cannot open device '/dev/snd/pcmC0D0p': Invalid argument
D/audio_hw_primary( 2102): found out /dev/snd/pcmC0D0p
E/audio_hw_primary( 2102): pcm_open(out) failed: cannot open device '/dev/snd/pcmC0D0p': Invalid argument
D/audio_hw_primary( 2102): found out /dev/snd/pcmC0D0p
E/audio_hw_primary( 2102): pcm_open(out) failed: cannot open device '/dev/snd/pcmC0D0p': Invalid argument
D/audio_hw_primary( 2102): found out /dev/snd/pcmC0D0p
E/audio_hw_primary( 2102): pcm_open(out) failed: cannot open device '/dev/snd/pcmC0D0p': Invalid argument
D/audio_hw_primary( 2102): found out /dev/snd/pcmC0D0p
E/audio_hw_primary( 2102): pcm_open(out) failed: cannot open device '/dev/snd/pcmC0D0p': Invalid argument
D/audio_hw_primary( 2102): found out /dev/snd/pcmC0D0p
E/audio_hw_primary( 2102): pcm_open(out) failed: cannot open device '/dev/snd/pcmC0D0p': Invalid argument
D/audio_hw_primary( 2102): found out /dev/snd/pcmC0D0p
E/audio_hw_primary( 2102): pcm_open(out) failed: cannot open device '/dev/snd/pcmC0D0p': Invalid argument
D/audio_hw_primary( 2102): found out /dev/snd/pcmC0D0p
E/audio_hw_primary( 2102): pcm_open(out) failed: cannot open device '/dev/snd/pcmC0D0p': Invalid argument
D/audio_hw_primary( 2102): found out /dev/snd/pcmC0D0p
E/audio_hw_primary( 2102): pcm_open(out) failed: cannot open device '/dev/snd/pcmC0D0p': Invalid argument
D/audio_hw_primary( 2102): found out /dev/snd/pcmC0D0p
E/audio_hw_primary( 2102): pcm_open(out) failed: cannot open device '/dev/snd/pcmC0D0p': Invalid argument
D/audio_hw_primary( 2102): found out /dev/snd/pcmC0D0p
E/audio_hw_primary( 2102): pcm_open(out) failed: cannot open device '/dev/snd/pcmC0D0p': Invalid argument
D/audio_hw_primary( 2102): found out /dev/snd/pcmC0D0p
E/audio_hw_primary( 2102): pcm_open(out) failed: cannot open device '/dev/snd/pcmC0D0p': Invalid argument
D/audio_hw_primary( 2102): found out /dev/snd/pcmC0D0p
E/audio_hw_primary( 2102): pcm_open(out) failed: cannot open device '/dev/snd/pcmC0D0p': Invalid argument
D/audio_hw_primary( 2102): found out /dev/snd/pcmC0D0p
E/audio_hw_primary( 2102): pcm_open(out) failed: cannot open device '/dev/snd/pcmC0D0p': Invalid argument
D/audio_hw_primary( 2102): found out /dev/snd/pcmC0D0p
E/audio_hw_primary( 2102): pcm_open(out) failed: cannot open device '/dev/snd/pcmC0D0p': Invalid argument
D/audio_hw_primary( 2102): found out /dev/snd/pcmC0D0p
E/audio_hw_primary( 2102): pcm_open(out) failed: cannot open device '/dev/snd/pcmC0D0p': Invalid argument
D/audio_hw_primary( 2102): found out /dev/snd/pcmC0D0p
E/audio_hw_primary( 2102): pcm_open(out) failed: cannot open device '/dev/snd/pcmC0D0p': Invalid argument
D/audio_hw_primary( 2102): found out /dev/snd/pcmC0D0p
E/audio_hw_primary( 2102): pcm_open(out) failed: cannot open device '/dev/snd/pcmC0D0p': Invalid argument
D/audio_hw_primary( 2102): found out /dev/snd/pcmC0D0p
E/audio_hw_primary( 2102): pcm_open(out) failed: cannot open device '/dev/snd/pcmC0D0p': Invalid argument
D/audio_hw_primary( 2102): found out /dev/snd/pcmC0D0p
E/audio_hw_primary( 2102): pcm_open(out) failed: cannot open device '/dev/snd/pcmC0D0p': Invalid argument
