I/PackageManager( 1897): Adding preferred activity ComponentInfo{com.android.mms/com.android.mms.ui.ComposeMessageActivity} for user 0 :
I/PackageManager( 1897): Adding preferred activity ComponentInfo{com.android.mms/com.android.mms.ui.ComposeMessageActivity} for user 0 :
I/PackageManager( 1897): Adding preferred activity ComponentInfo{com.android.mms/com.android.mms.ui.ComposeMessageActivity} for user 0 :
I/PackageManager( 1897): Adding preferred activity ComponentInfo{com.android.mms/com.android.mms.ui.ComposeMessageActivity} for user 0 :
I/PackageManager( 1897): Adding preferred activity ComponentInfo{com.android.mms/com.android.mms.ui.ComposeMessageActivity} for user 0 :
I/PackageManager( 1897): Adding preferred activity ComponentInfo{com.android.mms/com.android.mms.ui.ComposeMessageActivity} for user 0 :
I/PackageManager( 1897): Adding preferred activity ComponentInfo{com.android.mms/com.android.mms.ui.ComposeMessageActivity} for user 0 :
I/PackageManager( 1897): Adding preferred activity ComponentInfo{com.android.mms/com.android.mms.ui.ComposeMessageActivity} for user 0 :
I/PackageManager( 1897): Adding preferred activity ComponentInfo{com.android.mms/com.android.mms.ui.ComposeMessageActivity} for user 0 :
I/PackageManager( 1897): Adding preferred activity ComponentInfo{com.android.mms/com.android.mms.ui.ComposeMessageActivity} for user 0 :
I/PackageManager( 1897): Adding preferred activity ComponentInfo{com.android.mms/com.android.mms.ui.ComposeMessageActivity} for user 0 :
I/PackageManager( 1897): Adding preferred activity ComponentInfo{com.android.mms/com.android.mms.ui.ComposeMessageActivity} for user 0 :
I/PackageManager( 1897): Adding preferred activity ComponentInfo{com.android.mms/com.android.mms.ui.ComposeMessageActivity} for user 0 :
I/PackageManager( 1897): Adding preferred activity ComponentInfo{com.android.mms/com.android.mms.ui.ComposeMessageActivity} for user 0 :
I/PackageManager( 1897): Adding preferred activity ComponentInfo{com.android.mms/com.android.mms.ui.ComposeMessageActivity} for user 0 :
I/PackageManager( 1897): Adding preferred activity ComponentInfo{com.android.mms/com.android.mms.ui.ComposeMessageActivity} for user 0 :
I/PackageManager( 1897): Adding preferred activity ComponentInfo{com.android.mms/com.android.mms.ui.ComposeMessageActivity} for user 0 :
I/PackageManager( 1897): Adding preferred activity ComponentInfo{com.android.mms/com.android.mms.ui.ComposeMessageActivity} for user 0 :
I/PackageManager( 1897): Adding preferred activity ComponentInfo{com.android.mms/com.android.mms.ui.ComposeMessageActivity} for user 0 :
I/PackageManager( 1897): Adding preferred activity ComponentInfo{com.android.mms/com.android.mms.ui.ComposeMessageActivity} for user 0 :
I/PackageManager( 1897): Adding preferred activity ComponentInfo{com.android.mms/com.android.mms.ui.ComposeMessageActivity} for user 0 :
I/PackageManager( 1897): Adding preferred activity ComponentInfo{com.android.mms/com.android.mms.ui.ComposeMessageActivity} for user 0 :
I/PackageManager( 1897): Adding preferred activity ComponentInfo{com.android.mms/com.android.mms.ui.ComposeMessageActivity} for user 0 :
I/PackageManager( 1897): Adding preferred activity ComponentInfo{com.android.mms/com.android.mms.ui.ComposeMessageActivity} for user 0 :
I/PackageManager( 1897): Adding preferred activity ComponentInfo{com.android.mms/com.android.mms.ui.ComposeMessageActivity} for user 0 :
I/PackageManager( 1897): Adding preferred activity ComponentInfo{com.android.mms/com.android.mms.ui.ComposeMessageActivity} for user 0 :
I/PackageManager( 1897): Adding preferred activity ComponentInfo{com.android.mms/com.android.mms.ui.ComposeMessageActivity} for user 0 :
I/PackageManager( 1897): Adding preferred activity ComponentInfo{com.android.mms/com.android.mms.ui.ComposeMessageActivity} for user 0 :
I/PackageManager( 1897): Adding preferred activity ComponentInfo{com.android.mms/com.android.mms.ui.ComposeMessageActivity} for user 0 :
I/ActivityManager( 1897): Start proc com.google.android.apps.maps for broadcast com.google.android.apps.maps/com.google.android.apps.gmm.iamhere.ble.StartBleServiceReceiver: pid=2396 uid=10060 gids={50060, 3003, 1028, 1015, 1023, 3002, 3001}
I/ActivityManager( 1897): Start proc com.google.android.gms.wearable for service com.google.android.gms/.wearable.service.WearableService: pid=2423 uid=10008 gids={50008, 3003, 1007, 1028, 1015, 1023, 3002, 3001, 3007, 2001, 3006}
I/PowerUI ( 1963): closing low battery warning: level=2
I/EntropyMixer( 1897): Writing entropy...
W/ContextImpl( 2155): Calling a method in the system process without a qualified user: android.app.ContextImpl.bindService:1551 android.content.ContextWrapper.bindService:517 android.bluetooth.BluetoothInputDevice.doBind:245 android.bluetooth.BluetoothInputDevice.:238 android.bluetooth.BluetoothAdapter.getProfileProxy:1367
W/ContextImpl( 2155): Calling a method in the system process without a qualified user: android.app.ContextImpl.bindService:1551 android.content.ContextWrapper.bindService:517 android.bluetooth.BluetoothPan.doBind:149 android.bluetooth.BluetoothPan.:141 android.bluetooth.BluetoothAdapter.getProfileProxy:1370
W/ContextImpl( 2155): Calling a method in the system process without a qualified user: android.app.ContextImpl.bindService:1551 android.content.ContextWrapper.bindService:517 android.bluetooth.BluetoothMap.doBind:109 android.bluetooth.BluetoothMap.:102 android.bluetooth.BluetoothAdapter.getProfileProxy:1376
W/ContextImpl( 2155): Calling a method in the system process without a qualified user: android.app.ContextImpl.bindService:1551 android.content.ContextWrapper.bindService:517 android.bluetooth.BluetoothPbap.doBind:164 android.bluetooth.BluetoothPbap.:157 com.android.settings.bluetooth.PbapServerProfile.:68
I/ActivityManager( 1897): Start proc com.android.externalstorage for broadcast com.android.externalstorage/.MountReceiver: pid=2462 uid=10007 gids={50007, 1028, 1015, 1023}
I/ActivityManager( 1897): Start proc android.process.media for broadcast com.android.providers.media/.MediaScannerReceiver: pid=2475 uid=10006 gids={50006, 1028, 1015, 1023, 1024, 2001, 3003, 3007}
I/ActivityManager( 1897): Start proc com.google.android.apps.magazines for broadcast com.google.android.apps.magazines/com.google.apps.dots.android.newsstand.audio.MediaButtonIntentReceiver: pid=2491 uid=10058 gids={50058, 3003, 1028, 1015, 1023}
W/Vold ( 1559): Returning OperationFailed - no handler for errno 30
W/Vold ( 1559): Returning OperationFailed - no handler for errno 30
W/Vold ( 1559): Returning OperationFailed - no handler for errno 30
W/Vold ( 1559): Returning OperationFailed - no handler for errno 30
E/Vold ( 1559): Failed to find volume for /storage/sdcard1/Android/data/com.google.android.apps.magazines/cache/
W/Vold ( 1559): Returning OperationFailed - no handler for errno 30
W/Vold ( 1559): Returning OperationFailed - no handler for errno 30
W/Vold ( 1559): Returning OperationFailed - no handler for errno 30
W/Vold ( 1559): Returning OperationFailed - no handler for errno 30
W/Vold ( 1559): Returning OperationFailed - no handler for errno 30
E/Vold ( 1559): Failed to find volume for /storage/sdcard1/Android/data/com.google.android.apps.magazines/files/
W/Vold ( 1559): Returning OperationFailed - no handler for errno 30
W/Vold ( 1559): Returning OperationFailed - no handler for errno 30
W/Vold ( 1559): Returning OperationFailed - no handler for errno 30
W/Vold ( 1559): Returning OperationFailed - no handler for errno 30
W/Vold ( 1559): Returning OperationFailed - no handler for errno 30
E/Vold ( 1559): Failed to find volume for /storage/sdcard1/Android/data/com.google.android.apps.magazines/files/
W/Vold ( 1559): Returning OperationFailed - no handler for errno 30
W/Vold ( 1559): Returning OperationFailed - no handler for errno 30
W/Vold ( 1559): Returning OperationFailed - no handler for errno 30
W/Vold ( 1559): Returning OperationFailed - no handler for errno 30
W/Vold ( 1559): Returning OperationFailed - no handler for errno 30
E/Vold ( 1559): Failed to find volume for /storage/sdcard1/Android/data/com.google.android.apps.magazines/cache/
W/Vold ( 1559): Returning OperationFailed - no handler for errno 30
W/Vold ( 1559): Returning OperationFailed - no handler for errno 30
W/Vold ( 1559): Returning OperationFailed - no handler for errno 30
W/Vold ( 1559): Returning OperationFailed - no handler for errno 30
W/Vold ( 1559): Returning OperationFailed - no handler for errno 30
E/Vold ( 1559): Failed to find volume for /storage/sdcard1/Android/data/com.google.android.apps.magazines/cache/
W/Vold ( 1559): Returning OperationFailed - no handler for errno 30
W/Vold ( 1559): Returning OperationFailed - no handler for errno 30
W/Vold ( 1559): Returning OperationFailed - no handler for errno 30
W/Vold ( 1559): Returning OperationFailed - no handler for errno 30
W/Vold ( 1559): Returning OperationFailed - no handler for errno 30
E/Vold ( 1559): Failed to find volume for /storage/sdcard1/Android/data/com.google.android.apps.magazines/files/
W/Vold ( 1559): Returning OperationFailed - no handler for errno 30
I/ActivityManager( 1897): Start proc com.android.music for broadcast com.android.music/.MediaButtonIntentReceiver: pid=2546 uid=10061 gids={50061, 3003, 1028, 1015, 1023}
I/ActivityManager( 1897): Start proc com.android.vending for broadcast com.android.vending/com.google.android.finsky.widget.consumption.NowPlayingWidgetProvider: pid=2568 uid=10016 gids={50016, 3003, 1028, 1015, 1023}
I/ActivityManager( 1897): Start proc com.cyanogenmod.trebuchet for broadcast com.cyanogenmod.trebuchet/com.android.launcher3.PackageChangedReceiver: pid=2616 uid=10020 gids={50020, 1028}
E/ActivityThread( 2616): Failed to find provider info for com.android.launcher2.settings
I/ActivityManager( 1897): Start proc com.google.android.googlequicksearchbox:search for broadcast com.google.android.googlequicksearchbox/com.google.android.search.core.icingsync.IcingCorporaChangedReceiver: pid=2636 uid=10021 gids={50021, 3003, 3001, 1028, 3002, 1015, 1023}
I/ActivityManager( 1897): Start proc com.android.gallery3d for broadcast com.android.gallery3d/.app.PackagesMonitor: pid=2650 uid=10048 gids={50048, 3003, 1028, 1015, 1023}
E/ActivityThread( 2636): Failed to find provider info for com.google.android.voicesearch
I/ActivityManager( 1897): Delay finish: com.android.gallery3d/.app.PackagesMonitor
I/ActivityManager( 1897): Resuming delayed broadcast
I/ActivityManager( 1897): Start proc com.google.android.partnersetup for content provider com.google.android.partnersetup/.RlzAppProvider: pid=2677 uid=10011 gids={50011, 3003}
I/ActivityManager( 1897): Delay finish: com.android.phone/.SipBroadcastReceiver
I/ActivityManager( 1897): Resuming delayed broadcast
I/ActivityManager( 1897): Start proc com.android.dialer for broadcast com.android.dialer/.calllog.CallLogReceiver: pid=2706 uid=10005 gids={50005, 3003, 1028, 1015, 1023}
I/ActivityManager( 1897): Delay finish: com.android.dialer/.calllog.CallLogReceiver
I/ActivityManager( 1897): Resuming delayed broadcast
I/ActivityManager( 1897): Start proc com.android.bluetooth for service com.android.bluetooth/.btservice.AdapterService: pid=2725 uid=1002 gids={41002, 3003, 3002, 3001, 1028, 1015, 1023, 3005, 1016, 3008}
W/ContextImpl( 1897): Calling a method in the system process without a qualified user: android.app.ContextImpl.bindService:1551 android.bluetooth.BluetoothHeadset.doBind:283 android.bluetooth.BluetoothHeadset.:276 android.bluetooth.BluetoothAdapter.getProfileProxy:1361 android.media.AudioService.getBluetoothHeadset:2251
W/ContextImpl( 1897): Calling a method in the system process without a qualified user: android.app.ContextImpl.bindService:1551 android.bluetooth.BluetoothA2dp.doBind:165 android.bluetooth.BluetoothA2dp.:158 android.bluetooth.BluetoothAdapter.getProfileProxy:1364 android.media.AudioService$AudioServiceBroadcastReceiver.onReceive:4172
V/WiredAccessoryManager( 1897): notifyWiredAccessoryChanged: when=0 bits= mask=14
V/WiredAccessoryManager( 1897): newName=h2w newState=0 headsetState=0 prev headsetState=0
V/WiredAccessoryManager( 1897): init()
I/PowerManagerService( 1897): Boot animation finished.
I/ActivityManager( 1897): Start proc com.android.calendar for broadcast com.android.calendar/.UpgradeReceiver: pid=2742 uid=10031 gids={50031, 3003}
I/BootReceiver( 1897): Copying audit failures to DropBox
I/BootReceiver( 1897): Checking for fsck errors
I/ActivityManager( 1897): Start proc com.android.providers.calendar for broadcast com.android.providers.calendar/.CalendarReceiver: pid=2772 uid=10001 gids={50001, 3003, 1028, 1015, 1023}
I/ActivityManager( 1897): Delay finish: com.android.providers.calendar/.CalendarReceiver
I/ActivityManager( 1897): Resuming delayed broadcast
I/ActivityManager( 1897): Start proc com.google.android.configupdater for broadcast com.google.android.configupdater/.CertPin.CertPinUpdateRequestReceiver: pid=2801 uid=10002 gids={50002, 3003, 2001}
I/ActivityManager( 1897): Delay finish: com.android.providers.downloads/.DownloadReceiver
I/ActivityManager( 1897): Resuming delayed broadcast
I/ActivityManager( 1897): Killing 2350:com.android.exchange/u0a40 (adj 15): empty #17
I/ActivityManager( 1897): Delay finish: com.google.android.gms/.fitness.service.FitnessInitReceiver
I/ActivityManager( 1897): Resuming delayed broadcast
I/ActivityManager( 1897): Start proc com.google.android.onetimeinitializer for broadcast com.google.android.onetimeinitializer/.OneTimeInitializerReceiver: pid=2847 uid=10010 gids={50010}
I/ActivityManager( 1897): Delay finish: com.google.android.onetimeinitializer/.OneTimeInitializerReceiver
E/ActivityThread( 2847): Failed to find provider info for com.android.launcher2.settings
I/ActivityManager( 1897): Resuming delayed broadcast
I/ActivityManager( 1897): Delay finish: com.google.android.partnersetup/.GooglePartnerSetup
I/ActivityManager( 1897): Resuming delayed broadcast
I/ActivityManager( 1897): Delay finish: com.google.android.partnersetup/.RlzPingBroadcastReceiver
I/ActivityManager( 1897): Resuming delayed broadcast
I/ActivityManager( 1897): Killing 2365:com.android.email/u0a39 (adj 15): empty #17
D/ConnectivityService( 1897): handleInetConditionChange: no active default network - ignore
I/ActivityManager( 1897): Start proc com.android.mms for broadcast com.android.mms/.transaction.MmsSystemEventReceiver: pid=2913 uid=10013 gids={50013, 3003, 1028, 1015, 1023}
D/CountryDetector( 1897): The first listener is added
I/ActivityManager( 1897): Delay finish: com.android.mms/.transaction.MmsSystemEventReceiver
I/ActivityManager( 1897): Resuming delayed broadcast
I/ActivityManager( 1897): Delay finish: com.android.mms/.transaction.SmsReceiver
I/ActivityManager( 1897): Resuming delayed broadcast
I/ActivityManager( 1897): Start proc com.android.onetimeinitializer for broadcast com.android.onetimeinitializer/.OneTimeInitializerReceiver: pid=2944 uid=10015 gids={50015}
I/ActivityManager( 1897): Delay finish: com.android.onetimeinitializer/.OneTimeInitializerReceiver
E/ActivityThread( 2944): Failed to find provider info for com.android.launcher2.settings
I/ActivityManager( 1897): Resuming delayed broadcast
I/ActivityManager( 1897): Start proc com.thirdparty.superuser for broadcast com.thirdparty.superuser/com.koushikdutta.superuser.SuCheckerReceiver: pid=2959 uid=1000 gids={41000, 1028, 1015, 1023, 3002, 3001, 3003}
I/ActivityManager( 1897): Killing 2134:com.android.printspooler/u0a70 (adj 15): empty #17
I/ActivityManager( 1897): Config changes=2004 {1.0 ?mcc?mnc de_DE ldltr sw800dp w1280dp h727dp 160dpi xlrg land -touch qwerty/v/v -nav/h s.5}
I/ActivityManager( 1897): Killing 2462:com.android.externalstorage/u0a7 (adj 15): empty #17
W/InputMethodUtils( 1897): Found no subtypes in a system IME: net.toload.main.hd
W/InputMethodUtils( 1897): Found no subtypes in a system IME: com.android.inputmethod.pinyin
W/InputMethodUtils( 1897): Found no subtypes in a system IME: net.toload.main.hd
I/InputMethodManagerService( 1897): Selected default: com.android.inputmethod.latin/.LatinIME
W/InputMethodManagerService( 1897): Illegal subtype state: old subtype = null, new subtype = android.view.inputmethod.InputMethodSubtype@2e2cbe61
I/ActivityManager( 1897): Process com.android.vending (pid 2568) has died.
W/ActivityManager( 1897): Scheduling restart of crashed service com.android.vending/com.google.android.finsky.services.DailyHygiene in 1000ms
I/ActivityManager( 1897): Start proc com.android.deskclock for broadcast com.android.deskclock/.AlarmInitReceiver: pid=3005 uid=10035 gids={50035, 1028}
I/ActivityManager( 1897): Start proc com.android.camera2 for broadcast com.android.camera2/com.android.camera.DisableCameraReceiver: pid=3018 uid=10032 gids={50032, 3003, 1028, 1015, 1023}
W/BackupManagerService( 1897): dataChanged but no participant pkg='com.android.providers.settings' uid=10035
I/ActivityManager( 1897): Delay finish: com.android.camera2/com.android.camera.DisableCameraReceiver
I/ActivityManager( 1897): Start proc com.google.android.gm for broadcast com.google.android.gm/.MailIntentReceiver: pid=3038 uid=10049 gids={50049, 3003, 1028, 1015, 1023}
W/Vold ( 1559): Returning OperationFailed - no handler for errno 30
W/Vold ( 1559): Returning OperationFailed - no handler for errno 30
W/Vold ( 1559): Returning OperationFailed - no handler for errno 30
W/Vold ( 1559): Returning OperationFailed - no handler for errno 30
E/Vold ( 1559): Failed to find volume for /storage/sdcard1/Android/data/com.google.android.googlequicksearchbox/files/pending_blobs/
W/Vold ( 1559): Returning OperationFailed - no handler for errno 30
D/ActivityThread( 3038): Loading provider com.android.gmail.ui: com.google.android.gm.provider.GmailProvider
D/ActivityThread( 3038): Loading provider com.google.android.gmail.provider;com.android.mail.notifier;com.google.android.gm.email.provider;com.google.android.gm.email.notifier: com.android.email.provider.EmailProvider
W/BackupManagerService( 1897): dataChanged but no participant pkg='com.android.providers.settings' uid=10006
W/ActivityManager( 1897): Unable to start service Intent { act=com.google.android.gm.email.EXCHANGE_INTENT pkg=com.google.android.gm.exchange } U=0: not found
W/ActivityManager( 1897): Unable to start service Intent { act=com.google.android.gm.email.EXCHANGE_INTENT pkg=com.google.android.gm.exchange } U=0: not found
W/ActivityManager( 1897): Unable to start service Intent { act=com.android.mail.action.BACKUP_DATA_CHANGED pkg=com.google.android.gm } U=0: not found
W/ActivityManager( 1897): Unable to start service Intent { act=com.google.android.gm.email.EXCHANGE_INTENT pkg=com.google.android.gm.exchange } U=0: not found
W/ActivityManager( 1897): Unable to start service Intent { act=com.android.mail.action.BACKUP_DATA_CHANGED pkg=com.google.android.gm } U=0: not found
I/ActivityManager( 1897): Start proc com.google.android.inputmethod.latin for broadcast com.google.android.inputmethod.latin/com.android.inputmethod.latin.SystemBroadcastReceiver: pid=3084 uid=10055 gids={50055, 3003, 1028, 1015, 1023}
W/ActivityManager( 1897): Unable to start service Intent { act=com.android.mail.action.BACKUP_DATA_CHANGED pkg=com.google.android.gm } U=0: not found
W/ActivityManager( 1897): Unable to start service Intent { act=com.android.mail.action.BACKUP_DATA_CHANGED pkg=com.google.android.gm } U=0: not found
W/ActivityManager( 1897): Unable to start service Intent { act=com.android.mail.action.BACKUP_DATA_CHANGED pkg=com.google.android.gm } U=0: not found
W/ActivityManager( 1897): Unable to start service Intent { act=com.android.mail.action.BACKUP_DATA_CHANGED pkg=com.google.android.gm } U=0: not found
W/ActivityManager( 1897): Unable to start service Intent { act=com.android.mail.action.BACKUP_DATA_CHANGED pkg=com.google.android.gm } U=0: not found
W/ActivityManager( 1897): Unable to start service Intent { cmp=com.google.android.gm/com.android.email.service.AttachmentService } U=0: not found
I/ActivityManager( 1897): Killing 2491:com.google.android.apps.magazines/u0a58 (adj 15): empty #17
W/ActivityManager( 1897): Unable to start service Intent { act=com.google.android.gm.email.EXCHANGE_INTENT pkg=com.google.android.gm.exchange } U=0: not found
I/ActivityManager( 1897): Process com.google.android.inputmethod.latin (pid 3084) has died.
I/ActivityManager( 1897): Start proc com.google.android.apps.magazines for broadcast com.google.android.apps.magazines/com.google.apps.dots.android.newsstand.receivers.LocaleReceiver: pid=3121 uid=10058 gids={50058, 3003, 1028, 1015, 1023}
W/Vold ( 1559): Returning OperationFailed - no handler for errno 30
W/Vold ( 1559): Returning OperationFailed - no handler for errno 30
W/Vold ( 1559): Returning OperationFailed - no handler for errno 30
W/Vold ( 1559): Returning OperationFailed - no handler for errno 30
E/Vold ( 1559): Failed to find volume for /storage/sdcard1/Android/data/com.google.android.apps.magazines/cache/
W/Vold ( 1559): Returning OperationFailed - no handler for errno 30
W/Vold ( 1559): Returning OperationFailed - no handler for errno 30
W/Vold ( 1559): Returning OperationFailed - no handler for errno 30
W/Vold ( 1559): Returning OperationFailed - no handler for errno 30
W/Vold ( 1559): Returning OperationFailed - no handler for errno 30
E/Vold ( 1559): Failed to find volume for /storage/sdcard1/Android/data/com.google.android.apps.magazines/files/
W/Vold ( 1559): Returning OperationFailed - no handler for errno 30
W/Vold ( 1559): Returning OperationFailed - no handler for errno 30
W/Vold ( 1559): Returning OperationFailed - no handler for errno 30
W/Vold ( 1559): Returning OperationFailed - no handler for errno 30
I/ActivityManager( 1897): Resuming delayed broadcast
W/Vold ( 1559): Returning OperationFailed - no handler for errno 30
E/Vold ( 1559): Failed to find volume for /storage/sdcard1/Android/data/com.google.android.apps.magazines/cache/
W/Vold ( 1559): Returning OperationFailed - no handler for errno 30
W/Vold ( 1559): Returning OperationFailed - no handler for errno 30
W/Vold ( 1559): Returning OperationFailed - no handler for errno 30
W/Vold ( 1559): Returning OperationFailed - no handler for errno 30
W/Vold ( 1559): Returning OperationFailed - no handler for errno 30
E/Vold ( 1559): Failed to find volume for /storage/sdcard1/Android/data/com.google.android.apps.magazines/files/
W/Vold ( 1559): Returning OperationFailed - no handler for errno 30
I/ActivityManager( 1897): Start proc com.android.email for broadcast com.android.email/.service.EmailUpgradeBroadcastReceiver: pid=3143 uid=10039 gids={50039, 3003, 1028, 1015, 1023}
I/ActivityManager( 1897): Killing 2616:com.cyanogenmod.trebuchet/u0a20 (adj 15): empty #17
I/ActivityManager( 1897): Killing 2650:com.android.gallery3d/u0a48 (adj 15): empty #17
I/ActivityManager( 1897): Delay finish: com.android.email/.service.EmailUpgradeBroadcastReceiver
W/ActivityManager( 1897): Unable to start service Intent { cmp=com.android.email/.service.AttachmentDownloadService } U=0: not found
I/ActivityManager( 1897): Resuming delayed broadcast
I/ActivityManager( 1897): Delay finish: com.android.email/.service.EmailBroadcastReceiver
I/ActivityManager( 1897): Killing 2155:com.android.settings/1000 (adj 15): empty #17
I/ActivityManager( 1897): Start proc com.google.android.youtube for broadcast com.google.android.youtube/com.google.android.apps.youtube.app.system.LocaleUpdatedReceiver: pid=3194 uid=10081 gids={50081, 3003, 1028, 1015, 1023}
I/ActivityManager( 1897): Killing 2396:com.google.android.apps.maps/u0a60 (adj 15): empty #17
I/ActivityManager( 1897): Delaying start of: ServiceRecord{21a2d5bc u0 com.android.exchange/.service.EmailSyncAdapterService}
I/ActivityManager( 1897): Start proc com.android.exchange for service com.android.exchange/.service.EmailSyncAdapterService: pid=3208 uid=10040 gids={50040, 3003, 1028, 1015, 1023}
I/ActivityManager( 1897): Killing 2706:com.android.dialer/u0a5 (adj 15): empty #17
I/ActivityManager( 1897): Resuming delayed broadcast
I/ActivityManager( 1897): Start proc com.android.gallery3d for broadcast com.android.gallery3d/com.android.camera.DisableCameraReceiver: pid=3223 uid=10048 gids={50048, 3003, 1028, 1015, 1023}
I/ActivityManager( 1897): Killing 2801:com.google.android.configupdater/u0a2 (adj 15): empty #17
I/ActivityManager( 1897): Delay finish: com.google.android.gm/.GoogleMailDeviceStartupReceiver
I/ActivityManager( 1897): Resuming delayed broadcast
I/ActivityManager( 1897): Delay finish: com.google.android.gm/.MailIntentReceiver
I/ActivityManager( 1897): Resuming delayed broadcast
I/ActivityManager( 1897): Delay finish: com.google.android.gm/com.android.email.service.EmailUpgradeBroadcastReceiver
I/ActivityManager( 1897): Resuming delayed broadcast
I/ActivityManager( 1897): Delay finish: com.google.android.gm/com.android.email.service.EmailBroadcastReceiver
W/ActivityManager( 1897): Unable to start service Intent { act=com.google.android.gm.email.EXCHANGE_INTENT pkg=com.google.android.gm.exchange } U=0: not found
W/ActivityManager( 1897): Unable to start service Intent { act=com.google.android.gm.email.EXCHANGE_INTENT pkg=com.google.android.gm.exchange } U=0: not found
I/ActivityManager( 1897): Resuming delayed broadcast
I/ActivityManager( 1897): Killing 2847:com.google.android.onetimeinitializer/u0a10 (adj 15): empty #17
E/ActivityThread( 3038): Service com.android.email.service.EmailBroadcastProcessorService has leaked ServiceConnection com.android.emailcommon.service.am@21729e0c that was originally bound here
E/ActivityThread( 3038): android.app.ServiceConnectionLeaked: Service com.android.email.service.EmailBroadcastProcessorService has leaked ServiceConnection com.android.emailcommon.service.am@21729e0c that was originally bound here
E/ActivityThread( 3038): at android.app.LoadedApk$ServiceDispatcher.(LoadedApk.java:970)
E/ActivityThread( 3038): at android.app.LoadedApk.getServiceDispatcher(LoadedApk.java:864)
E/ActivityThread( 3038): at android.app.ContextImpl.bindServiceCommon(ContextImpl.java:1569)
E/ActivityThread( 3038): at android.app.ContextImpl.bindService(ContextImpl.java:1552)
E/ActivityThread( 3038): at android.content.ContextWrapper.bindService(ContextWrapper.java:517)
E/ActivityThread( 3038): at com.android.emailcommon.service.ak.a(SourceFile:181)
E/ActivityThread( 3038): at com.android.emailcommon.service.ak.e(SourceFile:224)
E/ActivityThread( 3038): at com.android.email.service.n.c(SourceFile:177)
E/ActivityThread( 3038): at com.android.email.provider.b.a(SourceFile:198)
E/ActivityThread( 3038): at com.android.email.provider.b.a(SourceFile:142)
E/ActivityThread( 3038): at com.android.email.service.EmailBroadcastProcessorService.c(SourceFile:349)
E/ActivityThread( 3038): at com.android.email.service.EmailBroadcastProcessorService.onHandleIntent(SourceFile:1334)
E/ActivityThread( 3038): at android.app.IntentService$ServiceHandler.handleMessage(IntentService.java:65)
E/ActivityThread( 3038): at android.os.Handler.dispatchMessage(Handler.java:102)
E/ActivityThread( 3038): at android.os.Looper.loop(Looper.java:136)
E/ActivityThread( 3038): at android.os.HandlerThread.run(HandlerThread.java:61)
W/ActivityManager( 1897): Unbind failed: could not find connection for android.os.BinderProxy@219db024
I/ActivityManager( 1897): Start proc com.google.android.inputmethod.latin for broadcast com.google.android.inputmethod.latin/com.android.inputmethod.latin.SystemBroadcastReceiver: pid=3258 uid=10055 gids={50055, 3003, 1028, 1015, 1023}
I/ActivityManager( 1897): Process com.google.android.inputmethod.latin (pid 3258) has died.
W/Vold ( 1559): Returning OperationFailed - no handler for errno 30
W/Vold ( 1559): Returning OperationFailed - no handler for errno 30
W/Vold ( 1559): Returning OperationFailed - no handler for errno 30
W/Vold ( 1559): Returning OperationFailed - no handler for errno 30
E/Vold ( 1559): Failed to find volume for /storage/sdcard1/Android/data/com.google.android.youtube/cache/
W/Vold ( 1559): Returning OperationFailed - no handler for errno 30
W/Vold ( 1559): Returning OperationFailed - no handler for errno 30
W/Vold ( 1559): Returning OperationFailed - no handler for errno 30
W/Vold ( 1559): Returning OperationFailed - no handler for errno 30
W/Vold ( 1559): Returning OperationFailed - no handler for errno 30
E/Vold ( 1559): Failed to find volume for /storage/sdcard1/Android/data/com.google.android.youtube/cache/
W/Vold ( 1559): Returning OperationFailed - no handler for errno 30
W/Vold ( 1559): Returning OperationFailed - no handler for errno 30
W/Vold ( 1559): Returning OperationFailed - no handler for errno 30
W/Vold ( 1559): Returning OperationFailed - no handler for errno 30
W/Vold ( 1559): Returning OperationFailed - no handler for errno 30
E/Vold ( 1559): Failed to find volume for /storage/sdcard1/Android/data/com.google.android.youtube/files/
W/Vold ( 1559): Returning OperationFailed - no handler for errno 30
W/Vold ( 1559): Returning OperationFailed - no handler for errno 30
W/Vold ( 1559): Returning OperationFailed - no handler for errno 30
W/Vold ( 1559): Returning OperationFailed - no handler for errno 30
W/Vold ( 1559): Returning OperationFailed - no handler for errno 30
E/Vold ( 1559): Failed to find volume for /storage/sdcard1/Android/data/com.google.android.youtube/files/
W/Vold ( 1559): Returning OperationFailed - no handler for errno 30
I/ActivityManager( 1897): Start proc com.google.android.apps.maps for broadcast com.google.android.apps.maps/com.google.android.apps.gmm.iamhere.ble.StartBleServiceReceiver: pid=3299 uid=10060 gids={50060, 3003, 1028, 1015, 1023, 3002, 3001}
I/ActivityManager( 1897): Killing 2677:com.google.android.partnersetup/u0a11 (adj 15): empty #17
I/PackageManager( 1897): Adding preferred activity ComponentInfo{com.android.mms/com.android.mms.ui.ComposeMessageActivity} for user 0 :
I/PackageManager( 1897): Adding preferred activity ComponentInfo{com.android.mms/com.android.mms.ui.ComposeMessageActivity} for user 0 :
I/PackageManager( 1897): Adding preferred activity ComponentInfo{com.android.mms/com.android.mms.ui.ComposeMessageActivity} for user 0 :
I/PackageManager( 1897): Adding preferred activity ComponentInfo{com.android.mms/com.android.mms.ui.ComposeMessageActivity} for user 0 :
I/PackageManager( 1897): Adding preferred activity ComponentInfo{com.android.mms/com.android.mms.ui.ComposeMessageActivity} for user 0 :
I/PackageManager( 1897): Adding preferred activity ComponentInfo{com.android.mms/com.android.mms.ui.ComposeMessageActivity} for user 0 :
I/PackageManager( 1897): Adding preferred activity ComponentInfo{com.android.mms/com.android.mms.ui.ComposeMessageActivity} for user 0 :
I/PackageManager( 1897): Adding preferred activity ComponentInfo{com.android.mms/com.android.mms.ui.ComposeMessageActivity} for user 0 :
I/PackageManager( 1897): Adding preferred activity ComponentInfo{com.android.mms/com.android.mms.ui.ComposeMessageActivity} for user 0 :
I/PackageManager( 1897): Adding preferred activity ComponentInfo{com.android.mms/com.android.mms.ui.ComposeMessageActivity} for user 0 :
I/PackageManager( 1897): Adding preferred activity ComponentInfo{com.android.mms/com.android.mms.ui.ComposeMessageActivity} for user 0 :
I/PackageManager( 1897): Adding preferred activity ComponentInfo{com.android.mms/com.android.mms.ui.ComposeMessageActivity} for user 0 :
I/ActivityManager( 1897): Delay finish: com.google.android.youtube/com.google.android.libraries.youtube.upload.service.UploadService$BootReceiver
I/PackageManager( 1897): Adding preferred activity ComponentInfo{com.android.mms/com.android.mms.ui.ComposeMessageActivity} for user 0 :
I/PackageManager( 1897): Adding preferred activity ComponentInfo{com.android.mms/com.android.mms.ui.ComposeMessageActivity} for user 0 :
I/PackageManager( 1897): Adding preferred activity ComponentInfo{com.android.mms/com.android.mms.ui.ComposeMessageActivity} for user 0 :
I/PackageManager( 1897): Adding preferred activity ComponentInfo{com.android.mms/com.android.mms.ui.ComposeMessageActivity} for user 0 :
I/PackageManager( 1897): Adding preferred activity ComponentInfo{com.android.mms/com.android.mms.ui.ComposeMessageActivity} for user 0 :
I/ActivityManager( 1897): Resuming delayed broadcast
I/PackageManager( 1897): Adding preferred activity ComponentInfo{com.android.mms/com.android.mms.ui.ComposeMessageActivity} for user 0 :
I/PackageManager( 1897): Adding preferred activity ComponentInfo{com.android.mms/com.android.mms.ui.ComposeMessageActivity} for user 0 :
I/PackageManager( 1897): Adding preferred activity ComponentInfo{com.android.mms/com.android.mms.ui.ComposeMessageActivity} for user 0 :
I/PackageManager( 1897): Adding preferred activity ComponentInfo{com.android.mms/com.android.mms.ui.ComposeMessageActivity} for user 0 :
I/PackageManager( 1897): Adding preferred activity ComponentInfo{com.android.mms/com.android.mms.ui.ComposeMessageActivity} for user 0 :
I/PackageManager( 1897): Adding preferred activity ComponentInfo{com.android.mms/com.android.mms.ui.ComposeMessageActivity} for user 0 :
I/PackageManager( 1897): Adding preferred activity ComponentInfo{com.android.mms/com.android.mms.ui.ComposeMessageActivity} for user 0 :
I/ActivityManager( 1897): Start proc com.android.vending for broadcast com.android.vending/com.google.android.finsky.widget.consumption.NowPlayingWidgetProvider: pid=3352 uid=10016 gids={50016, 3003, 1028, 1015, 1023}
I/PackageManager( 1897): Adding preferred activity ComponentInfo{com.android.mms/com.android.mms.ui.ComposeMessageActivity} for user 0 :
I/PackageManager( 1897): Adding preferred activity ComponentInfo{com.android.mms/com.android.mms.ui.ComposeMessageActivity} for user 0 :
I/PackageManager( 1897): Adding preferred activity ComponentInfo{com.android.mms/com.android.mms.ui.ComposeMessageActivity} for user 0 :
I/PackageManager( 1897): Adding preferred activity ComponentInfo{com.android.mms/com.android.mms.ui.ComposeMessageActivity} for user 0 :
I/PackageManager( 1897): Adding preferred activity ComponentInfo{com.android.mms/com.android.mms.ui.ComposeMessageActivity} for user 0 :
I/PackageManager( 1897): Adding preferred activity ComponentInfo{com.android.mms/com.android.mms.ui.ComposeMessageActivity} for user 0 :
I/PackageManager( 1897): Adding preferred activity ComponentInfo{com.android.mms/com.android.mms.ui.ComposeMessageActivity} for user 0 :
I/PackageManager( 1897): Adding preferred activity ComponentInfo{com.android.mms/com.android.mms.ui.ComposeMessageActivity} for user 0 :
I/PackageManager( 1897): Adding preferred activity ComponentInfo{com.android.mms/com.android.mms.ui.ComposeMessageActivity} for user 0 :
I/PackageManager( 1897): Adding preferred activity ComponentInfo{com.android.mms/com.android.mms.ui.ComposeMessageActivity} for user 0 :
I/PackageManager( 1897): Adding preferred activity ComponentInfo{com.android.mms/com.android.mms.ui.ComposeMessageActivity} for user 0 :
I/PackageManager( 1897): Adding preferred activity ComponentInfo{com.android.mms/com.android.mms.ui.ComposeMessageActivity} for user 0 :
I/PackageManager( 1897): Adding preferred activity ComponentInfo{com.android.mms/com.android.mms.ui.ComposeMessageActivity} for user 0 :
I/PackageManager( 1897): Adding preferred activity ComponentInfo{com.android.mms/com.android.mms.ui.ComposeMessageActivity} for user 0 :
I/PackageManager( 1897): Adding preferred activity ComponentInfo{com.android.mms/com.android.mms.ui.ComposeMessageActivity} for user 0 :
I/PackageManager( 1897): Adding preferred activity ComponentInfo{com.android.mms/com.android.mms.ui.ComposeMessageActivity} for user 0 :
I/PackageManager( 1897): Adding preferred activity ComponentInfo{com.android.mms/com.android.mms.ui.ComposeMessageActivity} for user 0 :
I/PackageManager( 1897): Adding preferred activity ComponentInfo{com.android.mms/com.android.mms.ui.ComposeMessageActivity} for user 0 :
I/PackageManager( 1897): Adding preferred activity ComponentInfo{com.android.mms/com.android.mms.ui.ComposeMessageActivity} for user 0 :
I/PackageManager( 1897): Adding preferred activity ComponentInfo{com.android.mms/com.android.mms.ui.ComposeMessageActivity} for user 0 :
I/PackageManager( 1897): Adding preferred activity ComponentInfo{com.android.mms/com.android.mms.ui.ComposeMessageActivity} for user 0 :
I/PackageManager( 1897): Adding preferred activity ComponentInfo{com.android.mms/com.android.mms.ui.ComposeMessageActivity} for user 0 :
I/PackageManager( 1897): Adding preferred activity ComponentInfo{com.android.mms/com.android.mms.ui.ComposeMessageActivity} for user 0 :
I/PackageManager( 1897): Adding preferred activity ComponentInfo{com.android.mms/com.android.mms.ui.ComposeMessageActivity} for user 0 :
I/PackageManager( 1897): Adding preferred activity ComponentInfo{com.android.mms/com.android.mms.ui.ComposeMessageActivity} for user 0 :
I/PackageManager( 1897): Adding preferred activity ComponentInfo{com.android.mms/com.android.mms.ui.ComposeMessageActivity} for user 0 :
I/PackageManager( 1897): Adding preferred activity ComponentInfo{com.android.mms/com.android.mms.ui.ComposeMessageActivity} for user 0 :
I/PackageManager( 1897): Adding preferred activity ComponentInfo{com.android.mms/com.android.mms.ui.ComposeMessageActivity} for user 0 :
I/PackageManager( 1897): Adding preferred activity ComponentInfo{com.android.mms/com.android.mms.ui.ComposeMessageActivity} for user 0 :
I/PackageManager( 1897): Adding preferred activity ComponentInfo{com.android.mms/com.android.mms.ui.ComposeMessageActivity} for user 0 :
I/PackageManager( 1897): Adding preferred activity ComponentInfo{com.android.mms/com.android.mms.ui.ComposeMessageActivity} for user 0 :
I/PackageManager( 1897): Adding preferred activity ComponentInfo{com.android.mms/com.android.mms.ui.ComposeMessageActivity} for user 0 :
I/PackageManager( 1897): Adding preferred activity ComponentInfo{com.android.mms/com.android.mms.ui.ComposeMessageActivity} for user 0 :
I/PackageManager( 1897): Adding preferred activity ComponentInfo{com.android.mms/com.android.mms.ui.ComposeMessageActivity} for user 0 :
I/PackageManager( 1897): Adding preferred activity ComponentInfo{com.android.mms/com.android.mms.ui.ComposeMessageActivity} for user 0 :
I/PackageManager( 1897): Adding preferred activity ComponentInfo{com.android.mms/com.android.mms.ui.ComposeMessageActivity} for user 0 :
I/PackageManager( 1897): Adding preferred activity ComponentInfo{com.android.mms/com.android.mms.ui.ComposeMessageActivity} for user 0 :
I/PackageManager( 1897): Adding preferred activity ComponentInfo{com.android.mms/com.android.mms.ui.ComposeMessageActivity} for user 0 :
I/PackageManager( 1897): Adding preferred activity ComponentInfo{com.android.mms/com.android.mms.ui.ComposeMessageActivity} for user 0 :
I/PackageManager( 1897): Adding preferred activity ComponentInfo{com.android.mms/com.android.mms.ui.ComposeMessageActivity} for user 0 :
I/PackageManager( 1897): Adding preferred activity ComponentInfo{com.android.mms/com.android.mms.ui.ComposeMessageActivity} for user 0 :
I/PackageManager( 1897): Adding preferred activity ComponentInfo{com.android.mms/com.android.mms.ui.ComposeMessageActivity} for user 0 :
I/PackageManager( 1897): Adding preferred activity ComponentInfo{com.android.mms/com.android.mms.ui.ComposeMessageActivity} for user 0 :
I/PackageManager( 1897): Adding preferred activity ComponentInfo{com.android.mms/com.android.mms.ui.ComposeMessageActivity} for user 0 :
I/PackageManager( 1897): Adding preferred activity ComponentInfo{com.android.mms/com.android.mms.ui.ComposeMessageActivity} for user 0 :
I/PackageManager( 1897): Adding preferred activity ComponentInfo{com.android.mms/com.android.mms.ui.ComposeMessageActivity} for user 0 :
I/PackageManager( 1897): Adding preferred activity ComponentInfo{com.android.mms/com.android.mms.ui.ComposeMessageActivity} for user 0 :
I/PackageManager( 1897): Adding preferred activity ComponentInfo{com.android.mms/com.android.mms.ui.ComposeMessageActivity} for user 0 :
I/PackageManager( 1897): Adding preferred activity ComponentInfo{com.android.mms/com.android.mms.ui.ComposeMessageActivity} for user 0 :
I/PackageManager( 1897): Adding preferred activity ComponentInfo{com.android.mms/com.android.mms.ui.ComposeMessageActivity} for user 0 :
I/PackageManager( 1897): Adding preferred activity ComponentInfo{com.android.mms/com.android.mms.ui.ComposeMessageActivity} for user 0 :
I/PackageManager( 1897): Adding preferred activity ComponentInfo{com.android.mms/com.android.mms.ui.ComposeMessageActivity} for user 0 :
I/PackageManager( 1897): Adding preferred activity ComponentInfo{com.android.mms/com.android.mms.ui.ComposeMessageActivity} for user 0 :
I/PackageManager( 1897): Adding preferred activity ComponentInfo{com.android.mms/com.android.mms.ui.ComposeMessageActivity} for user 0 :
I/PackageManager( 1897): Adding preferred activity ComponentInfo{com.android.mms/com.android.mms.ui.ComposeMessageActivity} for user 0 :
I/PackageManager( 1897): Adding preferred activity ComponentInfo{com.android.mms/com.android.mms.ui.ComposeMessageActivity} for user 0 :
I/PackageManager( 1897): Adding preferred activity ComponentInfo{com.android.mms/com.android.mms.ui.ComposeMessageActivity} for user 0 :
I/PackageManager( 1897): Adding preferred activity ComponentInfo{com.android.mms/com.android.mms.ui.ComposeMessageActivity} for user 0 :
I/PackageManager( 1897): Adding preferred activity ComponentInfo{com.android.mms/com.android.mms.ui.ComposeMessageActivity} for user 0 :
I/PackageManager( 1897): Adding preferred activity ComponentInfo{com.android.mms/com.android.mms.ui.ComposeMessageActivity} for user 0 :
I/PackageManager( 1897): Adding preferred activity ComponentInfo{com.android.mms/com.android.mms.ui.ComposeMessageActivity} for user 0 :
I/ActivityManager( 1897): Start proc com.cyanogenmod.trebuchet for broadcast com.cyanogenmod.trebuchet/com.android.launcher3.PackageChangedReceiver: pid=3395 uid=10020 gids={50020, 1028}
I/ActivityManager( 1897): Killing 2913:com.android.mms/u0a13 (adj 15): empty #17
I/PackageManager( 1897): Adding preferred activity ComponentInfo{com.android.mms/com.android.mms.ui.ComposeMessageActivity} for user 0 :
I/PackageManager( 1897): Adding preferred activity ComponentInfo{com.android.mms/com.android.mms.ui.ComposeMessageActivity} for user 0 :
I/PackageManager( 1897): Adding preferred activity ComponentInfo{com.android.mms/com.android.mms.ui.ComposeMessageActivity} for user 0 :
D/CountryDetector( 1897): No listener is left
I/PackageManager( 1897): Adding preferred activity ComponentInfo{com.android.mms/com.android.mms.ui.ComposeMessageActivity} for user 0 :
I/PackageManager( 1897): Adding preferred activity ComponentInfo{com.android.mms/com.android.mms.ui.ComposeMessageActivity} for user 0 :
I/PackageManager( 1897): Adding preferred activity ComponentInfo{com.android.mms/com.android.mms.ui.ComposeMessageActivity} for user 0 :
I/PackageManager( 1897): Adding preferred activity ComponentInfo{com.android.mms/com.android.mms.ui.ComposeMessageActivity} for user 0 :
I/PackageManager( 1897): Adding preferred activity ComponentInfo{com.android.mms/com.android.mms.ui.ComposeMessageActivity} for user 0 :
I/PackageManager( 1897): Adding preferred activity ComponentInfo{com.android.mms/com.android.mms.ui.ComposeMessageActivity} for user 0 :
I/PackageManager( 1897): Adding preferred activity ComponentInfo{com.android.mms/com.android.mms.ui.ComposeMessageActivity} for user 0 :
I/PackageManager( 1897): Adding preferred activity ComponentInfo{com.android.mms/com.android.mms.ui.ComposeMessageActivity} for user 0 :
I/PackageManager( 1897): Adding preferred activity ComponentInfo{com.android.mms/com.android.mms.ui.ComposeMessageActivity} for user 0 :
I/PackageManager( 1897): Adding preferred activity ComponentInfo{com.android.mms/com.android.mms.ui.ComposeMessageActivity} for user 0 :
I/PackageManager( 1897): Adding preferred activity ComponentInfo{com.android.mms/com.android.mms.ui.ComposeMessageActivity} for user 0 :
I/PackageManager( 1897): Adding preferred activity ComponentInfo{com.android.mms/com.android.mms.ui.ComposeMessageActivity} for user 0 :
I/PackageManager( 1897): Adding preferred activity ComponentInfo{com.android.mms/com.android.mms.ui.ComposeMessageActivity} for user 0 :
I/PackageManager( 1897): Adding preferred activity ComponentInfo{com.android.mms/com.android.mms.ui.ComposeMessageActivity} for user 0 :
I/PackageManager( 1897): Adding preferred activity ComponentInfo{com.android.mms/com.android.mms.ui.ComposeMessageActivity} for user 0 :
I/PackageManager( 1897): Adding preferred activity ComponentInfo{com.android.mms/com.android.mms.ui.ComposeMessageActivity} for user 0 :
I/ActivityManager( 1897): Delay finish: com.google.android.googlequicksearchbox/com.google.android.search.core.icingsync.IcingCorporaChangedReceiver
I/ActivityManager( 1897): Resuming delayed broadcast
I/ActivityManager( 1897): Delay finish: com.android.gallery3d/.app.PackagesMonitor
I/ActivityManager( 1897): Resuming delayed broadcast
I/ActivityManager( 1897): Killing 2944:com.android.onetimeinitializer/u0a15 (adj 15): empty #17
I/ActivityManager( 1897): Delay finish: com.google.android.googlequicksearchbox/com.google.android.search.core.icingsync.IcingCorporaChangedReceiver
I/ActivityManager( 1897): Resuming delayed broadcast
I/ActivityManager( 1897): Delay finish: com.android.gallery3d/.app.PackagesMonitor
I/ActivityManager( 1897): Resuming delayed broadcast
I/ActivityManager( 1897): Delay finish: com.google.android.googlequicksearchbox/com.google.android.search.core.icingsync.IcingCorporaChangedReceiver
I/ActivityManager( 1897): Resuming delayed broadcast
I/ActivityManager( 1897): Delay finish: com.android.gallery3d/.app.PackagesMonitor
I/ActivityManager( 1897): Resuming delayed broadcast
I/ActivityManager( 1897): Delay finish: com.google.android.googlequicksearchbox/com.google.android.search.core.icingsync.IcingCorporaChangedReceiver
I/ActivityManager( 1897): Resuming delayed broadcast
I/ActivityManager( 1897): Delay finish: com.android.gallery3d/.app.PackagesMonitor
I/ActivityManager( 1897): Resuming delayed broadcast
I/ActivityManager( 1897): Delay finish: com.google.android.gms/.nearby.messages.NearbyMessagesBroadcastReceiver
I/ActivityManager( 1897): Resuming delayed broadcast
I/ActivityManager( 1897): Start proc com.google.android.inputmethod.latin for broadcast com.google.android.inputmethod.latin/com.android.inputmethod.latin.PowerConnectionBroadcastReceiver: pid=3457 uid=10055 gids={50055, 3003, 1028, 1015, 1023}
I/ActivityManager( 1897): Delay finish: com.google.android.gms/.gcm.ServiceAutoStarter
I/ActivityManager( 1897): Resuming delayed broadcast
W/ActivityManager( 1897): Unable to start service Intent { act=INITIALIZE_SUBSCRIPTIONS cmp=com.google.android.gms/.nearby.sharing.NearbySharingIntentService } U=0: not found
I/ActivityManager( 1897): Delay finish: com.android.calendar/.alerts.AlertReceiver
I/ActivityManager( 1897): Waited long enough for: ServiceRecord{21ac3f18 u0 com.android.music/.MediaPlaybackService}
I/ActivityManager( 1897): Resuming delayed broadcast
I/ActivityManager( 1897): Start proc com.google.android.music:main for broadcast com.google.android.music/.store.MediaStoreImportService$Receiver: pid=3494 uid=10062 gids={50062, 3003, 1028, 1015, 1023}
W/Vold ( 1559): Returning OperationFailed - no handler for errno 30
W/Vold ( 1559): Returning OperationFailed - no handler for errno 30
W/Vold ( 1559): Returning OperationFailed - no handler for errno 30
W/Vold ( 1559): Returning OperationFailed - no handler for errno 30
E/Vold ( 1559): Failed to find volume for /storage/sdcard1/Android/data/com.google.android.music/cache/
W/Vold ( 1559): Returning OperationFailed - no handler for errno 30
W/Vold ( 1559): Returning OperationFailed - no handler for errno 30
W/Vold ( 1559): Returning OperationFailed - no handler for errno 30
W/Vold ( 1559): Returning OperationFailed - no handler for errno 30
W/Vold ( 1559): Returning OperationFailed - no handler for errno 30
E/Vold ( 1559): Failed to find volume for /storage/sdcard1/Android/data/com.google.android.music/files/
W/Vold ( 1559): Returning OperationFailed - no handler for errno 30
W/Vold ( 1559): Returning OperationFailed - no handler for errno 30
W/Vold ( 1559): Returning OperationFailed - no handler for errno 30
W/Vold ( 1559): Returning OperationFailed - no handler for errno 30
W/Vold ( 1559): Returning OperationFailed - no handler for errno 30
E/Vold ( 1559): Failed to find volume for /storage/sdcard1/Android/data/com.google.android.music/cache/
W/Vold ( 1559): Returning OperationFailed - no handler for errno 30
W/Vold ( 1559): Returning OperationFailed - no handler for errno 30
W/Vold ( 1559): Returning OperationFailed - no handler for errno 30
W/Vold ( 1559): Returning OperationFailed - no handler for errno 30
W/Vold ( 1559): Returning OperationFailed - no handler for errno 30
E/Vold ( 1559): Failed to find volume for /storage/sdcard1/Android/data/com.google.android.music/files/
W/Vold ( 1559): Returning OperationFailed - no handler for errno 30
W/Vold ( 1559): Returning OperationFailed - no handler for errno 30
W/Vold ( 1559): Returning OperationFailed - no handler for errno 30
W/Vold ( 1559): Returning OperationFailed - no handler for errno 30
W/Vold ( 1559): Returning OperationFailed - no handler for errno 30
E/Vold ( 1559): Failed to find volume for /storage/sdcard1/Android/data/com.google.android.music/files/
W/Vold ( 1559): Returning OperationFailed - no handler for errno 30
W/Vold ( 1559): Returning OperationFailed - no handler for errno 30
W/Vold ( 1559): Returning OperationFailed - no handler for errno 30
W/Vold ( 1559): Returning OperationFailed - no handler for errno 30
W/Vold ( 1559): Returning OperationFailed - no handler for errno 30
E/Vold ( 1559): Failed to find volume for /storage/sdcard1/Android/data/com.google.android.music/files/
