I/GLSUser ( 4955): [GLSUser] getTokenFromCache: [account: , callingPkg: com.google.android.gms, service: oauth2:https://www.googleapis.com/auth/plus.circles.read https://www.googleapis.com/auth/plus.circles.write https://www.googleapis.com/auth/plus.media.upload https://www.googleapis.com/auth/plus.pages.manage https://www.googleapis.com/auth/plus.me https://www.googleapis.com/auth/plus.profiles.read https://www.googleapis.com/auth/plus.profiles.write https://www.googleapis.com/auth/plus.stream.read https://www.googleapis.com/auth/plus.peopleapi.readwrite https://www.googleapis.com/auth/plus.applications.manage https://www.googleapis.com/auth/plus.settings]
I/Auth.Core( 4955): [TokenCache] Missing snowballing token: no granted scopes set.
E/Volley ( 4248): [216] BasicNetwork.performRequest: Unexpected response code 500 for https://android.clients.google.com/fdfe/delivery?doc=com.google.android.apps.magazines&ot=1&st=EKPaprAFGVK4_khrgtVB&vc=2015081216&bvc=2015061020&pf=1&pf=2&ch=OJGKRT0HGZNU-LGa8F7GViztV4g
D/Finsky ( 4248): [1] 2.onErrorResponse: Received VolleyError 921 (Fehler beim Abrufen von Informationen vom Server: [RPC:S-7:AEC-7 42QF-FPSW-BMK3S])
D/Finsky ( 4248): [1] InstallerTask.cancelCleanup: Cancel running installation of com.google.android.apps.magazines (null)
E/cutils ( 1559): Failed to mkdirat(/storage/usb0/Android): Read-only file system
W/Vold ( 1559): Returning OperationFailed - no handler for errno 30
W/ContextImpl( 4248): Failed to ensure directory: /storage/usb0/Android/data/com.android.vending/files
E/cutils ( 1559): Failed to mkdirat(/storage/usb1/Android): Read-only file system
W/Vold ( 1559): Returning OperationFailed - no handler for errno 30
W/ContextImpl( 4248): Failed to ensure directory: /storage/usb1/Android/data/com.android.vending/files
E/cutils ( 1559): Failed to mkdirat(/storage/usb2/Android): Read-only file system
W/Vold ( 1559): Returning OperationFailed - no handler for errno 30
W/ContextImpl( 4248): Failed to ensure directory: /storage/usb2/Android/data/com.android.vending/files
E/cutils ( 1559): Failed to mkdirat(/storage/usb3/Android): Read-only file system
W/Vold ( 1559): Returning OperationFailed - no handler for errno 30
W/ContextImpl( 4248): Failed to ensure directory: /storage/usb3/Android/data/com.android.vending/files
E/Vold ( 1559): Failed to find volume for /storage/sdcard1/Android/data/com.android.vending/files/
W/Vold ( 1559): Returning OperationFailed - no handler for errno 30
W/ContextImpl( 4248): Failed to ensure directory: /storage/sdcard1/Android/data/com.android.vending/files
D/Finsky ( 4248): [1] InstallerImpl.kick: Installer kick - starting com.google.android.apps.maps
I/GLSUser ( 4955): [GLSUser] getTokenFromCache: [account: , callingPkg: com.android.vending, service: androidmarket]
D/dalvikvm( 2197): GC_CONCURRENT freed 248K, 19% free 3871K/4752K, paused 1ms+2ms, total 12ms
I/GLSUser ( 4955): [GLSUser] getTokenFromCache: [account: , callingPkg: com.google.android.gms, service: oauth2:https://www.googleapis.com/auth/plus.circles.read https://www.googleapis.com/auth/plus.circles.write https://www.googleapis.com/auth/plus.media.upload https://www.googleapis.com/auth/plus.pages.manage https://www.googleapis.com/auth/plus.me https://www.googleapis.com/auth/plus.profiles.read https://www.googleapis.com/auth/plus.profiles.write https://www.googleapis.com/auth/plus.stream.read https://www.googleapis.com/auth/plus.peopleapi.readwrite https://www.googleapis.com/auth/plus.applications.manage https://www.googleapis.com/auth/plus.settings]
I/Auth.Core( 4955): [TokenCache] Missing snowballing token: no granted scopes set.
D/ConnectivityService( 1897): special network not available ni=mobile_hipri
E/Volley ( 4248): [217] BasicNetwork.performRequest: Unexpected response code 500 for https://android.clients.google.com/fdfe/delivery?doc=com.google.android.apps.maps&ot=1&st=EKPaprAFGVK4_khrgtVB&vc=914018321&bvc=911100322&pf=1&pf=2&ch=OJGKRT0HGZNU-LGa8F7GViztV4g
D/Finsky ( 4248): [1] 2.onErrorResponse: Received VolleyError 921 (Fehler beim Abrufen von Informationen vom Server: [RPC:S-7:AEC-7 O3O5-X7QS-APKAQ])
D/Finsky ( 4248): [1] InstallerTask.cancelCleanup: Cancel running installation of com.google.android.apps.maps (null)
E/cutils ( 1559): Failed to mkdirat(/storage/usb0/Android): Read-only file system
W/Vold ( 1559): Returning OperationFailed - no handler for errno 30
W/ContextImpl( 4248): Failed to ensure directory: /storage/usb0/Android/data/com.android.vending/files
E/cutils ( 1559): Failed to mkdirat(/storage/usb1/Android): Read-only file system
W/Vold ( 1559): Returning OperationFailed - no handler for errno 30
W/ContextImpl( 4248): Failed to ensure directory: /storage/usb1/Android/data/com.android.vending/files
E/cutils ( 1559): Failed to mkdirat(/storage/usb2/Android): Read-only file system
W/Vold ( 1559): Returning OperationFailed - no handler for errno 30
W/ContextImpl( 4248): Failed to ensure directory: /storage/usb2/Android/data/com.android.vending/files
E/cutils ( 1559): Failed to mkdirat(/storage/usb3/Android): Read-only file system
D/dalvikvm( 2197): GC_CONCURRENT freed 296K, 17% free 3969K/4752K, paused 5ms+0ms, total 14ms
W/Vold ( 1559): Returning OperationFailed - no handler for errno 30
W/ContextImpl( 4248): Failed to ensure directory: /storage/usb3/Android/data/com.android.vending/files
E/Vold ( 1559): Failed to find volume for /storage/sdcard1/Android/data/com.android.vending/files/
W/Vold ( 1559): Returning OperationFailed - no handler for errno 30
W/ContextImpl( 4248): Failed to ensure directory: /storage/sdcard1/Android/data/com.android.vending/files
D/Finsky ( 4248): [1] InstallerImpl.kick: Installer kick - starting com.google.android.youtube
I/GLSUser ( 4955): [GLSUser] getTokenFromCache: [account: , callingPkg: com.android.vending, service: androidmarket]
I/DownloadManager( 5334): Download 6 finished with status SUCCESS
I/PeopleSync( 2314): Sync finished, successful=true, took 2302ms
I/PeopleSync( 2314): ***Sync finished***, duration: 2439 [5d2d5f67]
D/dalvikvm( 4955): GC_CONCURRENT freed 453K, 22% free 4397K/5572K, paused 0ms+2ms, total 21ms
I/GLSUser ( 4955): [GLSUser] getTokenFromCache: [account: , callingPkg: com.google.android.gm, service: mail]
D/dalvikvm( 1897): GC_EXPLICIT freed 1103K, 23% free 9346K/11984K, paused 4ms+3ms, total 42ms
D/ChimeraRcvrProxy( 2314): Creating receiver proxy ComponentInfo{com.google.android.gms/com.google.android.gms.games.chimera.GamesSystemBroadcastReceiverProxy}
D/ChimeraRcvrProxy( 2314): Proxying container receiver ComponentInfo{com.google.android.gms/com.google.android.gms.games.chimera.GamesSystemBroadcastReceiverProxy} to Chimera receiver impl com.google.android.gms.games.receiver.PlaySystemBroadcastReceiver
D/ChimeraCfgMgr( 2314): Loading module com.google.android.gms.games from APK com.google.android.play.games
D/ChimeraModuleLdr( 2314): Loading module APK com.google.android.play.games
E/dalvikvm( 2314): Dex cache directory isn't writable: /data/dalvik-cache
I/dalvikvm( 2314): Unable to open or create cache for /system/app/PlayGames.apk (/data/dalvik-cache/system@app@PlayGames.apk@classes.dex)
E/ChimeraModuleLdr( 2314): Initialization failed for module com.google.android.play.games
E/ChimeraModuleLdr( 2314): java.lang.ClassNotFoundException: Didn't find class "com.google.android.gms.chimera.GmsModuleInitializer" on path: DexPathList[[zip file "/system/app/PlayGames.apk"],nativeLibraryDirectories=[/system/lib, /system/lib/arm]]
E/ChimeraModuleLdr( 2314): at dalvik.system.BaseDexClassLoader.findClass(BaseDexClassLoader.java:56)
E/ChimeraModuleLdr( 2314): at java.lang.ClassLoader.loadClass(ClassLoader.java:497)
E/ChimeraModuleLdr( 2314): at java.lang.ClassLoader.loadClass(ClassLoader.java:457)
E/ChimeraModuleLdr( 2314): at com.google.android.gms.chimera.container.GmsModuleApi.onApkLoaded(SourceFile:39)
E/ChimeraModuleLdr( 2314): at com.google.android.chimera.container.a.i.a(SourceFile:105)
E/ChimeraModuleLdr( 2314): at com.google.android.chimera.container.a.a(SourceFile:308)
E/ChimeraModuleLdr( 2314): at com.google.android.chimera.BroadcastReceiverProxy.onReceive(SourceFile:65)
E/ChimeraModuleLdr( 2314): at android.app.ActivityThread.handleReceiver(ActivityThread.java:2407)
E/ChimeraModuleLdr( 2314): at android.app.ActivityThread.access$1700(ActivityThread.java:135)
E/ChimeraModuleLdr( 2314): at android.app.ActivityThread$H.handleMessage(ActivityThread.java:1272)
E/ChimeraModuleLdr( 2314): at android.os.Handler.dispatchMessage(Handler.java:102)
E/ChimeraModuleLdr( 2314): at android.os.Looper.loop(Looper.java:136)
E/ChimeraModuleLdr( 2314): at android.app.ActivityThread.main(ActivityThread.java:5001)
E/ChimeraModuleLdr( 2314): at java.lang.reflect.Method.invokeNative(Native Method)
E/ChimeraModuleLdr( 2314): at java.lang.reflect.Method.invoke(Method.java:515)
E/ChimeraModuleLdr( 2314): at com.android.internal.os.ZygoteInit$MethodAndArgsCaller.run(ZygoteInit.java:785)
E/ChimeraModuleLdr( 2314): at com.android.internal.os.ZygoteInit.main(ZygoteInit.java:601)
E/ChimeraModuleLdr( 2314): at dalvik.system.NativeStart.main(Native Method)
E/ChimeraModuleLdr( 2314): Suppressed: java.io.IOException: unable to open DEX file
E/ChimeraModuleLdr( 2314): at dalvik.system.DexFile.openDexFileNative(Native Method)
E/ChimeraModuleLdr( 2314): at dalvik.system.DexFile.openDexFile(DexFile.java:296)
E/ChimeraModuleLdr( 2314): at dalvik.system.DexFile.(DexFile.java:80)
E/ChimeraModuleLdr( 2314): at dalvik.system.DexFile.(DexFile.java:59)
E/ChimeraModuleLdr( 2314): at dalvik.system.DexPathList.loadDexFile(DexPathList.java:263)
E/ChimeraModuleLdr( 2314): at dalvik.system.DexPathList.makeDexElements(DexPathList.java:230)
E/ChimeraModuleLdr( 2314): at dalvik.system.DexPathList.(DexPathList.java:112)
E/ChimeraModuleLdr( 2314): at dalvik.system.BaseDexClassLoader.(BaseDexClassLoader.java:48)
E/ChimeraModuleLdr( 2314): at dalvik.system.PathClassLoader.(PathClassLoader.java:65)
E/ChimeraModuleLdr( 2314): at com.google.android.chimera.container.f.a(SourceFile:30)
E/ChimeraModuleLdr( 2314): at com.google.android.chimera.container.a.i.a(SourceFile:87)
E/ChimeraModuleLdr( 2314): ... 13 more
E/ChimeraRcvrProxy( 2314): Failed to load module containing Chimera receiver impl for ComponentInfo{com.google.android.gms/com.google.android.gms.games.chimera.GamesSystemBroadcastReceiverProxy}, dropping broadcast
E/Volley ( 4248): [216] BasicNetwork.performRequest: Unexpected response code 500 for https://android.clients.google.com/fdfe/delivery?doc=com.google.android.youtube&ot=1&st=EKPaprAFGVK4_khrgtVB&vc=107758171&bvc=102557172&pf=1&pf=2&ch=JLskwF5H4K76aKWKdmF52bYTpgA
D/Finsky ( 4248): [1] 2.onErrorResponse: Received VolleyError 921 (Fehler beim Abrufen von Informationen vom Server: [RPC:S-7:AEC-7 IJOX-WN72-MZF6I])
D/Finsky ( 4248): [1] InstallerTask.cancelCleanup: Cancel running installation of com.google.android.youtube (null)
E/cutils ( 1559): Failed to mkdirat(/storage/usb0/Android): Read-only file system
W/Vold ( 1559): Returning OperationFailed - no handler for errno 30
W/ContextImpl( 4248): Failed to ensure directory: /storage/usb0/Android/data/com.android.vending/files
E/cutils ( 1559): Failed to mkdirat(/storage/usb1/Android): Read-only file system
W/Vold ( 1559): Returning OperationFailed - no handler for errno 30
W/ContextImpl( 4248): Failed to ensure directory: /storage/usb1/Android/data/com.android.vending/files
E/cutils ( 1559): Failed to mkdirat(/storage/usb2/Android): Read-only file system
W/Vold ( 1559): Returning OperationFailed - no handler for errno 30
W/ContextImpl( 4248): Failed to ensure directory: /storage/usb2/Android/data/com.android.vending/files
E/cutils ( 1559): Failed to mkdirat(/storage/usb3/Android): Read-only file system
W/Vold ( 1559): Returning OperationFailed - no handler for errno 30
W/ContextImpl( 4248): Failed to ensure directory: /storage/usb3/Android/data/com.android.vending/files
E/Vold ( 1559): Failed to find volume for /storage/sdcard1/Android/data/com.android.vending/files/
W/Vold ( 1559): Returning OperationFailed - no handler for errno 30
W/ContextImpl( 4248): Failed to ensure directory: /storage/sdcard1/Android/data/com.android.vending/files
D/Finsky ( 4248): [1] InstallerImpl.kick: Installer kick - starting com.google.android.googlequicksearchbox
I/PeopleSync( 2314): onPerformSync() [5d2d5f67]
I/GLSUser ( 4955): [GLSUser] getTokenFromCache: [account: , callingPkg: com.android.vending, service: androidmarket]
D/dalvikvm( 2197): GC_CONCURRENT freed 391K, 17% free 3984K/4752K, paused 0ms+2ms, total 13ms
I/DownloadManager( 5334): Download 7 starting
I/PeopleSync( 2314): Setting subscription: result=true [5d2d5f67]
I/GLSActivity( 4955): [ab] getting account id
I/GLSUser ( 4955): [t] Fetched account id for flotux2@googlemail.com : 117364650477547732255
I/ActivityManager( 1897): Start proc com.google.android.apps.cloudprint:sync for service com.google.android.apps.cloudprint/.printdialog.services.CloudPrintSyncService: pid=5524 uid=10034 gids={50034, 3003, 1028}
D/dalvikvm( 2197): GC_CONCURRENT freed 352K, 16% free 4019K/4752K, paused 2ms+2ms, total 12ms
I/ActivityManager( 1897): Start proc com.google.android.apps.cloudprint for service com.google.android.apps.cloudprint/.printdialog.services.NotificationIntentService: pid=5537 uid=10034 gids={50034, 3003, 1028}
D/dalvikvm( 1564): GC_EXPLICIT freed 41K, 5% free 2668K/2796K, paused 0ms+1ms, total 10ms
D/dalvikvm( 1564): GC_EXPLICIT freed <1K, 5% free 2668K/2796K, paused 0ms+1ms, total 16ms
E/Volley ( 4248): [217] BasicNetwork.performRequest: Unexpected response code 500 for https://android.clients.google.com/fdfe/delivery?doc=com.google.android.googlequicksearchbox&ot=1&st=EKPaprAFGVK4_khrgtVB&vc=300515428&bvc=300412128&pf=1&pf=2&ch=OJGKRT0HGZNU-LGa8F7GViztV4g
D/Finsky ( 4248): [1] 2.onErrorResponse: Received VolleyError 921 (Fehler beim Abrufen von Informationen vom Server: [RPC:S-7:AEC-7 BTVI-FPOF-5JGRI])
D/Finsky ( 4248): [1] InstallerTask.cancelCleanup: Cancel running installation of com.google.android.googlequicksearchbox (null)
D/dalvikvm( 1564): GC_EXPLICIT freed <1K, 5% free 2668K/2796K, paused 0ms+1ms, total 7ms
E/cutils ( 1559): Failed to mkdirat(/storage/usb0/Android): Read-only file system
W/Vold ( 1559): Returning OperationFailed - no handler for errno 30
W/ContextImpl( 4248): Failed to ensure directory: /storage/usb0/Android/data/com.android.vending/files
E/cutils ( 1559): Failed to mkdirat(/storage/usb1/Android): Read-only file system
W/Vold ( 1559): Returning OperationFailed - no handler for errno 30
W/ContextImpl( 4248): Failed to ensure directory: /storage/usb1/Android/data/com.android.vending/files
E/cutils ( 1559): Failed to mkdirat(/storage/usb2/Android): Read-only file system
W/Vold ( 1559): Returning OperationFailed - no handler for errno 30
W/ContextImpl( 4248): Failed to ensure directory: /storage/usb2/Android/data/com.android.vending/files
E/cutils ( 1559): Failed to mkdirat(/storage/usb3/Android): Read-only file system
W/Vold ( 1559): Returning OperationFailed - no handler for errno 30
W/ContextImpl( 4248): Failed to ensure directory: /storage/usb3/Android/data/com.android.vending/files I/com.google.android.apps.cloudprint.printdialog.database.CloudPrintSyncAdapter( 5524): Sync request not initiated by GCP app. Dropping
E/Vold ( 1559): Failed to find volume for /storage/sdcard1/Android/data/com.android.vending/files/
W/Vold ( 1559): Returning OperationFailed - no handler for errno 30
W/ContextImpl( 4248): Failed to ensure directory: /storage/sdcard1/Android/data/com.android.vending/files
D/Finsky ( 4248): [1] InstallerImpl.kick: Installer kick - starting com.google.android.play.games
I/ActivityManager( 1897): Killing 4391:com.android.email/u0a39 (adj 15): empty #17
I/GLSUser ( 4955): [GLSUser] getTokenFromCache: [account: , callingPkg: com.android.vending, service: androidmarket]
D/SurfaceFlinger( 1563): Screen released, type=0 flinger=0x41b23820
D/dalvikvm( 2197): GC_CONCURRENT freed 399K, 15% free 4042K/4752K, paused 1ms+1ms, total 10ms
I/GLSUser ( 4955): [GLSUser] getTokenFromCache: [account: , callingPkg: com.google.android.gsf, service: mail]
I/GLSUser ( 4955): [GLSUser] getTokenFromGoogle [account: , callingPkg: com.google.android.gsf, service: mail
D/dalvikvm( 4955): GC_CONCURRENT freed 454K, 21% free 4412K/5572K, paused 2ms+2ms, total 17ms
D/dalvikvm( 2197): GC_CONCURRENT freed 316K, 13% free 4145K/4752K, paused 1ms+4ms, total 13ms
I/DownloadManager( 5334): Download 7 finished with status SUCCESS
I/ActivityManager( 1897): Killing 4992:com.google.android.apps.maps/u0a60 (adj 15): empty #17
E/Volley ( 4248): [216] BasicNetwork.performRequest: Unexpected response code 500 for https://android.clients.google.com/fdfe/delivery?doc=com.google.android.play.games&ot=1&st=EKPaprAFGVK4_khrgtVB&vc=33570070&bvc=31110070&pf=1&pf=2&ch=OJGKRT0HGZNU-LGa8F7GViztV4g
D/Finsky ( 4248): [1] 2.onErrorResponse: Received VolleyError 921 (Fehler beim Abrufen von Informationen vom Server: [RPC:S-7:AEC-7 6NI6-4SIP-AVJ76])
D/Finsky ( 4248): [1] InstallerTask.cancelCleanup: Cancel running installation of com.google.android.play.games (null)
E/cutils ( 1559): Failed to mkdirat(/storage/usb0/Android): Read-only file system
W/Vold ( 1559): Returning OperationFailed - no handler for errno 30
W/ContextImpl( 4248): Failed to ensure directory: /storage/usb0/Android/data/com.android.vending/files
E/cutils ( 1559): Failed to mkdirat(/storage/usb1/Android): Read-only file system
W/Vold ( 1559): Returning OperationFailed - no handler for errno 30
W/ContextImpl( 4248): Failed to ensure directory: /storage/usb1/Android/data/com.android.vending/files
E/cutils ( 1559): Failed to mkdirat(/storage/usb2/Android): Read-only file system
W/Vold ( 1559): Returning OperationFailed - no handler for errno 30
W/ContextImpl( 4248): Failed to ensure directory: /storage/usb2/Android/data/com.android.vending/files
E/cutils ( 1559): Failed to mkdirat(/storage/usb3/Android): Read-only file system
W/Vold ( 1559): Returning OperationFailed - no handler for errno 30
W/ContextImpl( 4248): Failed to ensure directory: /storage/usb3/Android/data/com.android.vending/files
E/Vold ( 1559): Failed to find volume for /storage/sdcard1/Android/data/com.android.vending/files/
W/Vold ( 1559): Returning OperationFailed - no handler for errno 30
W/ContextImpl( 4248): Failed to ensure directory: /storage/sdcard1/Android/data/com.android.vending/files
D/Finsky ( 4248): [1] InstallerImpl.kick: Installer kick - starting com.google.android.apps.docs
D/dalvikvm( 4955): GC_CONCURRENT freed 632K, 23% free 4319K/5572K, paused 2ms+1ms, total 11ms
D/dalvikvm( 2197): GC_CONCURRENT freed 855K, 20% free 3802K/4752K, paused 1ms+1ms, total 8ms
D/dalvikvm( 2197): WAIT_FOR_CONCURRENT_GC blocked 4ms
D/ConnectivityService( 1897): special network not available ni=mobile_hipri
I/GLSUser ( 4955): [GLSUser] getAuthtoken(, mail) -> status: null)
I/GLSUser ( 4955): [GLSUser] Extracting token using key: Auth
W/GLSUser ( 4955): [GLSUser] Permission for com.google.android.gsf to access mail will be managed locally.
I/GLSUser ( 4955): [GLSUser] getTokenFromCache: [account: , callingPkg: com.google.android.gm, service: mail]
I/GLSUser ( 4955): [GLSUser] getTokenFromCache: [account: , callingPkg: com.android.vending, service: androidmarket]
I/DownloadManager( 5334): Download 8 starting
D/dalvikvm( 2197): GC_CONCURRENT freed 240K, 17% free 3961K/4752K, paused 0ms+0ms, total 10ms
D/dalvikvm( 2197): GC_CONCURRENT freed 340K, 15% free 4043K/4752K, paused 0ms+1ms, total 9ms
E/Volley ( 4248): [217] BasicNetwork.performRequest: Unexpected response code 500 for https://android.clients.google.com/fdfe/delivery?doc=com.google.android.apps.docs&ot=1&st=EKPaprAFGVK4_khrgtVB&vc=52833172&bvc=52333173&pf=1&pf=2&ch=OJGKRT0HGZNU-LGa8F7GViztV4g
D/Finsky ( 4248): [1] 2.onErrorResponse: Received VolleyError 921 (Fehler beim Abrufen von Informationen vom Server: [RPC:S-7:AEC-7 OKTE-W6X4-5TGKU])
D/Finsky ( 4248): [1] InstallerTask.cancelCleanup: Cancel running installation of com.google.android.apps.docs (null)
E/cutils ( 1559): Failed to mkdirat(/storage/usb0/Android): Read-only file system
W/Vold ( 1559): Returning OperationFailed - no handler for errno 30
W/ContextImpl( 4248): Failed to ensure directory: /storage/usb0/Android/data/com.android.vending/files
E/cutils ( 1559): Failed to mkdirat(/storage/usb1/Android): Read-only file system
W/Vold ( 1559): Returning OperationFailed - no handler for errno 30
W/ContextImpl( 4248): Failed to ensure directory: /storage/usb1/Android/data/com.android.vending/files
E/cutils ( 1559): Failed to mkdirat(/storage/usb2/Android): Read-only file system
W/Vold ( 1559): Returning OperationFailed - no handler for errno 30
W/ContextImpl( 4248): Failed to ensure directory: /storage/usb2/Android/data/com.android.vending/files
E/cutils ( 1559): Failed to mkdirat(/storage/usb3/Android): Read-only file system
W/Vold ( 1559): Returning OperationFailed - no handler for errno 30
W/ContextImpl( 4248): Failed to ensure directory: /storage/usb3/Android/data/com.android.vending/files
D/dalvikvm( 1897): GC_EXPLICIT freed 1444K, 23% free 9333K/11984K, paused 1ms+2ms, total 46ms
E/Vold ( 1559): Failed to find volume for /storage/sdcard1/Android/data/com.android.vending/files/
W/Vold ( 1559): Returning OperationFailed - no handler for errno 30
W/ContextImpl( 4248): Failed to ensure directory: /storage/sdcard1/Android/data/com.android.vending/files
D/Finsky ( 4248): [1] InstallerImpl.kick: Installer kick - starting com.google.android.music
D/dalvikvm( 4955): GC_CONCURRENT freed 434K, 22% free 4368K/5572K, paused 0ms+2ms, total 26ms
I/GLSUser ( 4955): [GLSUser] getTokenFromCache: [account: , callingPkg: com.android.vending, service: androidmarket]
D/dalvikvm( 4248): GC_CONCURRENT freed 1295K, 16% free 7781K/9260K, paused 36ms+3ms, total 58ms
D/dalvikvm( 5334): GC_CONCURRENT freed 280K, 11% free 3194K/3560K, paused 0ms+2ms, total 11ms
I/DownloadManager( 5334): Download 8 finished with status SUCCESS
D/dalvikvm( 2197): GC_CONCURRENT freed 376K, 15% free 4050K/4752K, paused 2ms+2ms, total 15ms
I/GLSUser ( 4955): [GLSUser] getTokenFromCache: [account: , callingPkg: com.google.android.gm, service: mail]
E/Volley ( 4248): [216] BasicNetwork.performRequest: Unexpected response code 500 for https://android.clients.google.com/fdfe/delivery?doc=com.google.android.music&ot=1&st=EKPaprAFGVK4_khrgtVB&vc=1995&bvc=1950&pf=1&pf=2&ch=OJGKRT0HGZNU-LGa8F7GViztV4g
D/Finsky ( 4248): [1] 2.onErrorResponse: Received VolleyError 921 (Fehler beim Abrufen von Informationen vom Server: [RPC:S-7:AEC-7 UB4G-E5IJ-KGINW])
D/Finsky ( 4248): [1] InstallerTask.cancelCleanup: Cancel running installation of com.google.android.music (null)
E/cutils ( 1559): Failed to mkdirat(/storage/usb0/Android): Read-only file system
W/Vold ( 1559): Returning OperationFailed - no handler for errno 30
W/ContextImpl( 4248): Failed to ensure directory: /storage/usb0/Android/data/com.android.vending/files
E/cutils ( 1559): Failed to mkdirat(/storage/usb1/Android): Read-only file system
W/Vold ( 1559): Returning OperationFailed - no handler for errno 30
W/ContextImpl( 4248): Failed to ensure directory: /storage/usb1/Android/data/com.android.vending/files
E/cutils ( 1559): Failed to mkdirat(/storage/usb2/Android): Read-only file system
W/ContextImpl( 4248): Failed to ensure directory: /storage/usb2/Android/data/com.android.vending/files
W/Vold ( 1559): Returning OperationFailed - no handler for errno 30
E/cutils ( 1559): Failed to mkdirat(/storage/usb3/Android): Read-only file system
W/Vold ( 1559): Returning OperationFailed - no handler for errno 30
W/ContextImpl( 4248): Failed to ensure directory: /storage/usb3/Android/data/com.android.vending/files
E/Vold ( 1559): Failed to find volume for /storage/sdcard1/Android/data/com.android.vending/files/
W/Vold ( 1559): Returning OperationFailed - no handler for errno 30
W/ContextImpl( 4248): Failed to ensure directory: /storage/sdcard1/Android/data/com.android.vending/files
D/Finsky ( 4248): [1] InstallerImpl.kick: Installer kick - starting com.google.android.apps.books
I/GLSUser ( 4955): [GLSUser] getTokenFromCache: [account: , callingPkg: com.android.vending, service: androidmarket]
I/DownloadManager( 5334): Download 9 starting
D/dalvikvm( 2197): GC_CONCURRENT freed 384K, 15% free 4071K/4752K, paused 1ms+4ms, total 18ms
D/dalvikvm( 2197): GC_FOR_ALLOC freed 328K, 15% free 4078K/4752K, paused 9ms, total 9ms
E/Volley ( 4248): [217] BasicNetwork.performRequest: Unexpected response code 500 for https://android.clients.google.com/fdfe/delivery?doc=com.google.android.apps.books&ot=1&st=EKPaprAFGVK4_khrgtVB&vc=30609&bvc=30515&pf=1&pf=2&ch=OJGKRT0HGZNU-LGa8F7GViztV4g
D/Finsky ( 4248): [1] 2.onErrorResponse: Received VolleyError 921 (Fehler beim Abrufen von Informationen vom Server: [RPC:S-7:AEC-7 WPGU-IKZP-QGJU4])
D/Finsky ( 4248): [1] InstallerTask.cancelCleanup: Cancel running installation of com.google.android.apps.books (null)
D/dalvikvm( 2197): GC_CONCURRENT freed 324K, 13% free 4160K/4752K, paused 2ms+1ms, total 13ms
E/cutils ( 1559): Failed to mkdirat(/storage/usb0/Android): Read-only file system
W/Vold ( 1559): Returning OperationFailed - no handler for errno 30
W/ContextImpl( 4248): Failed to ensure directory: /storage/usb0/Android/data/com.android.vending/files
E/cutils ( 1559): Failed to mkdirat(/storage/usb1/Android): Read-only file system
W/ContextImpl( 4248): Failed to ensure directory: /storage/usb1/Android/data/com.android.vending/files
W/Vold ( 1559): Returning OperationFailed - no handler for errno 30
E/cutils ( 1559): Failed to mkdirat(/storage/usb2/Android): Read-only file system
W/Vold ( 1559): Returning OperationFailed - no handler for errno 30
W/ContextImpl( 4248): Failed to ensure directory: /storage/usb2/Android/data/com.android.vending/files
E/cutils ( 1559): Failed to mkdirat(/storage/usb3/Android): Read-only file system
W/Vold ( 1559): Returning OperationFailed - no handler for errno 30
W/ContextImpl( 4248): Failed to ensure directory: /storage/usb3/Android/data/com.android.vending/files
E/Vold ( 1559): Failed to find volume for /storage/sdcard1/Android/data/com.android.vending/files/
W/Vold ( 1559): Returning OperationFailed - no handler for errno 30
W/ContextImpl( 4248): Failed to ensure directory: /storage/sdcard1/Android/data/com.android.vending/files
D/Finsky ( 4248): [1] InstallerImpl.kick: Installer kick - starting com.google.android.gm
I/GLSUser ( 4955): [GLSUser] getTokenFromCache: [account: , callingPkg: com.android.vending, service: androidmarket]
D/dalvikvm( 4955): GC_CONCURRENT freed 458K, 21% free 4418K/5572K, paused 1ms+2ms, total 17ms
D/ConnectivityService( 1897): special network not available ni=mobile_hipri
D/dalvikvm( 4955): GC_CONCURRENT freed 654K, 24% free 4266K/5572K, paused 2ms+2ms, total 13ms
D/dalvikvm( 2197): GC_CONCURRENT freed 914K, 22% free 3723K/4752K, paused 1ms+5ms, total 15ms
I/DownloadManager( 5334): Download 9 finished with status SUCCESS
E/Volley ( 4248): [216] BasicNetwork.performRequest: Unexpected response code 500 for https://android.clients.google.com/fdfe/delivery?doc=com.google.android.gm&ot=1&st=EKPaprAFGVK4_khrgtVB&vc=56008678&bvc=54000876&pf=1&pf=2&ch=OJGKRT0HGZNU-LGa8F7GViztV4g
D/Finsky ( 4248): [1] 2.onErrorResponse: Received VolleyError 921 (Fehler beim Abrufen von Informationen vom Server: [RPC:S-7:AEC-7 Q3AR-UMXK-725S2])
D/Finsky ( 4248): [1] InstallerTask.cancelCleanup: Cancel running installation of com.google.android.gm (null)
E/cutils ( 1559): Failed to mkdirat(/storage/usb0/Android): Read-only file system
W/Vold ( 1559): Returning OperationFailed - no handler for errno 30
W/ContextImpl( 4248): Failed to ensure directory: /storage/usb0/Android/data/com.android.vending/files
E/cutils ( 1559): Failed to mkdirat(/storage/usb1/Android): Read-only file system
W/Vold ( 1559): Returning OperationFailed - no handler for errno 30
W/ContextImpl( 4248): Failed to ensure directory: /storage/usb1/Android/data/com.android.vending/files
E/cutils ( 1559): Failed to mkdirat(/storage/usb2/Android): Read-only file system
W/Vold ( 1559): Returning OperationFailed - no handler for errno 30
W/ContextImpl( 4248): Failed to ensure directory: /storage/usb2/Android/data/com.android.vending/files
E/cutils ( 1559): Failed to mkdirat(/storage/usb3/Android): Read-only file system
W/Vold ( 1559): Returning OperationFailed - no handler for errno 30
W/ContextImpl( 4248): Failed to ensure directory: /storage/usb3/Android/data/com.android.vending/files
E/Vold ( 1559): Failed to find volume for /storage/sdcard1/Android/data/com.android.vending/files/
W/Vold ( 1559): Returning OperationFailed - no handler for errno 30
W/ContextImpl( 4248): Failed to ensure directory: /storage/sdcard1/Android/data/com.android.vending/files
D/dalvikvm( 4753): GC_CONCURRENT freed 348K, 13% free 4053K/4632K, paused 0ms+2ms, total 13ms
I/GLSUser ( 4955): [GLSUser] getTokenFromCache: [account: , callingPkg: com.google.android.gm, service: mail]
I/DownloadManager( 5334): Download 10 starting
D/dalvikvm( 2197): GC_CONCURRENT freed 319K, 20% free 3803K/4752K, paused 1ms+1ms, total 8ms
D/dalvikvm( 2197): GC_CONCURRENT freed 342K, 19% free 3874K/4752K, paused 0ms+0ms, total 8ms
D/dalvikvm( 2197): GC_CONCURRENT freed 395K, 18% free 3897K/4752K, paused 1ms+1ms, total 11ms
D/dalvikvm( 2197): GC_CONCURRENT freed 369K, 18% free 3937K/4752K, paused 0ms+1ms, total 8ms
D/dalvikvm( 4955): GC_CONCURRENT freed 440K, 24% free 4261K/5572K, paused 1ms+1ms, total 10ms
D/dalvikvm( 1897): GC_EXPLICIT freed 884K, 23% free 9303K/11984K, paused 2ms+2ms, total 33ms
I/DownloadManager( 5334): Download 10 finished with status SUCCESS
I/GLSUser ( 4955): [GLSUser] getTokenFromCache: [account: , callingPkg: com.google.android.gm, service: mail]
D/dalvikvm( 5334): GC_CONCURRENT freed 392K, 13% free 3203K/3676K, paused 0ms+0ms, total 7ms
I/DownloadManager( 5334): Download 11 starting
D/ConnectivityService( 1897): special network not available ni=mobile_hipri
D/dalvikvm( 2197): GC_FOR_ALLOC freed 781K, 27% free 3509K/4752K, paused 6ms, total 6ms
D/dalvikvm( 4955): GC_CONCURRENT freed 535K, 26% free 4154K/5572K, paused 1ms+3ms, total 12ms
I/DownloadManager( 5334): Download 11 finished with status SUCCESS
I/GLSUser ( 4955): [GLSUser] getTokenFromCache: [account: , callingPkg: com.google.android.gm, service: mail]
I/DownloadManager( 5334): Download 12 starting
D/dalvikvm( 2197): GC_FOR_ALLOC freed 325K, 29% free 3397K/4752K, paused 5ms, total 5ms
I/DownloadManager( 5334): Download 12 finished with status SUCCESS
I/GLSUser ( 4955): [GLSUser] getTokenFromCache: [account: , callingPkg: com.google.android.gm, service: mail]
D/dalvikvm( 4955): GC_CONCURRENT freed 416K, 26% free 4157K/5572K, paused 2ms+3ms, total 15ms
I/DownloadManager( 5334): Download 13 starting
D/ConnectivityService( 1897): special network not available ni=mobile_hipri
D/dalvikvm( 2197): GC_FOR_ALLOC freed 216K, 29% free 3398K/4752K, paused 5ms, total 5ms
I/DownloadManager( 5334): Download 13 finished with status SUCCESS
D/dalvikvm( 5334): GC_CONCURRENT freed 382K, 13% free 3210K/3676K, paused 1ms+1ms, total 7ms
D/dalvikvm( 1897): GC_EXPLICIT freed 350K, 23% free 9291K/11984K, paused 1ms+3ms, total 42ms
I/GLSUser ( 4955): [GLSUser] getTokenFromCache: [account: , callingPkg: com.google.android.gm, service: mail]
I/DownloadManager( 5334): Download 14 starting
D/dalvikvm( 2197): GC_FOR_ALLOC freed 233K, 29% free 3398K/4752K, paused 6ms, total 6ms
I/DownloadManager( 5334): Download 14 finished with status SUCCESS
I/GLSUser ( 4955): [GLSUser] getTokenFromCache: [account: , callingPkg: com.google.android.gm, service: mail]
D/dalvikvm( 4955): GC_CONCURRENT freed 412K, 26% free 4144K/5572K, paused 0ms+9ms, total 18ms
I/DownloadManager( 5334): Download 15 starting
I/DownloadManager( 5334): Download 15 finished with status SUCCESS
D/ConnectivityService( 1897): special network not available ni=mobile_hipri
D/dalvikvm( 2197): GC_FOR_ALLOC freed 213K, 29% free 3399K/4752K, paused 22ms, total 35ms
I/GLSUser ( 4955): [GLSUser] getTokenFromCache: [account: , callingPkg: com.google.android.gm, service: mail]
D/dalvikvm( 5334): GC_CONCURRENT freed 366K, 13% free 3233K/3680K, paused 1ms+2ms, total 8ms
I/DownloadManager( 5334): Download 16 starting
D/dalvikvm( 2197): GC_FOR_ALLOC freed 215K, 29% free 3401K/4752K, paused 5ms, total 5ms
I/DownloadManager( 5334): Download 16 finished with status SUCCESS
D/dalvikvm( 4753): GC_CONCURRENT freed 364K, 12% free 4077K/4632K, paused 1ms+1ms, total 9ms
D/dalvikvm( 4955): GC_CONCURRENT freed 411K, 26% free 4132K/5572K, paused 0ms+1ms, total 8ms
I/GLSUser ( 4955): [GLSUser] getTokenFromCache: [account: , callingPkg: com.google.android.gm, service: mail]
D/dalvikvm( 1897): GC_EXPLICIT freed 375K, 23% free 9294K/11984K, paused 1ms+3ms, total 40ms
I/DownloadManager( 5334): Download 17 starting
D/ConnectivityService( 1897): special network not available ni=mobile_hipri
D/dalvikvm( 2197): GC_FOR_ALLOC freed 218K, 29% free 3401K/4752K, paused 5ms, total 5ms
I/DownloadManager( 5334): Download 17 finished with status SUCCESS
I/GLSUser ( 4955): [GLSUser] getTokenFromCache: [account: , callingPkg: com.google.android.gm, service: mail]
D/dalvikvm( 4955): GC_CONCURRENT freed 385K, 26% free 4131K/5572K, paused 1ms+1ms, total 9ms
I/DownloadManager( 5334): Download 18 starting
D/dalvikvm( 2197): GC_FOR_ALLOC freed 217K, 29% free 3400K/4752K, paused 6ms, total 6ms
I/DownloadManager( 5334): Download 18 finished with status SUCCESS
D/dalvikvm( 5334): GC_CONCURRENT freed 402K, 14% free 3220K/3708K, paused 0ms+1ms, total 8ms
I/GLSUser ( 4955): [GLSUser] getTokenFromCache: [account: , callingPkg: com.google.android.gm, service: mail]
I/DownloadManager( 5334): Download 19 starting
D/dalvikvm( 4955): GC_CONCURRENT freed 366K, 26% free 4154K/5572K, paused 0ms+1ms, total 7ms
D/dalvikvm( 2197): GC_FOR_ALLOC freed 218K, 29% free 3400K/4752K, paused 5ms, total 5ms
D/ConnectivityService( 1897): special network not available ni=mobile_hipri
I/DownloadManager( 5334): Download 19 finished with status SUCCESS
I/GLSUser ( 4955): [GLSUser] getTokenFromCache: [account: , callingPkg: com.google.android.gm, service: mail]
I/DownloadManager( 5334): Download 20 starting
D/dalvikvm( 2197): GC_FOR_ALLOC freed 217K, 29% free 3400K/4752K, paused 7ms, total 7ms
I/DownloadManager( 5334): Download 20 finished with status SUCCESS
D/dalvikvm( 1897): GC_EXPLICIT freed 351K, 23% free 9288K/11984K, paused 1ms+3ms, total 32ms
D/dalvikvm( 4955): GC_CONCURRENT freed 425K, 26% free 4152K/5572K, paused 2ms+2ms, total 16ms
I/GLSUser ( 4955): [GLSUser] getTokenFromCache: [account: , callingPkg: com.google.android.gm, service: mail]
D/dalvikvm( 5334): GC_CONCURRENT freed 381K, 13% free 3229K/3708K, paused 2ms+1ms, total 9ms
I/GLSUser ( 4955): [GLSUser] getTokenFromCache: [account: , callingPkg: com.google.android.gsf, service: mail]
I/DownloadManager( 5334): Download 21 starting
I/CalendarProvider2( 2772): No events to update: uri=content://com.android.calendar/events?account_name=flotux2%40googlemail.com&account_type=com.google&caller_is_syncadapter=true selection=_sync_id IS NOT NULL AND calendar_id=? selectionArgs=[4]
I/GLSUser ( 4955): [GLSUser] getTokenFromCache: [account: , callingPkg: com.google.android.syncadapters.calendar, service: oauth2:https://www.googleapis.com/auth/calendar]
I/Auth.Core( 4955): [TokenCache] Missing snowballing token: no granted scopes set.
D/dalvikvm( 2197): GC_FOR_ALLOC freed 230K, 29% free 3401K/4752K, paused 4ms, total 4ms
D/ConnectivityService( 1897): special network not available ni=mobile_hipri
V/CalendarSyncAdapter( 5296): Saving inProgress state: {calendarId=claumix2@googlemail.com, maxAttendees=50, maxResults=200, timeMax=2016-10-26T00:00:00.000Z, timeMin=2014-09-28T21:12:16.000Z}
D/dalvikvm( 5296): GC_CONCURRENT freed 368K, 13% free 3193K/3632K, paused 1ms+2ms, total 11ms
D/dalvikvm( 5296): GC_CONCURRENT freed 509K, 16% free 3128K/3720K, paused 1ms+2ms, total 7ms
D/dalvikvm( 5296): GC_CONCURRENT freed 436K, 16% free 3135K/3720K, paused 1ms+2ms, total 7ms
D/dalvikvm( 5296): GC_CONCURRENT freed 454K, 16% free 3144K/3720K, paused 0ms+0ms, total 6ms
D/dalvikvm( 5296): GC_CONCURRENT freed 411K, 15% free 3198K/3720K, paused 2ms+2ms, total 10ms
D/dalvikvm( 5296): GC_CONCURRENT freed 402K, 15% free 3192K/3720K, paused 1ms+2ms, total 11ms
D/dalvikvm( 5296): GC_CONCURRENT freed 414K, 14% free 3207K/3720K, paused 1ms+4ms, total 10ms
D/dalvikvm( 5296): GC_CONCURRENT freed 447K, 15% free 3213K/3748K, paused 0ms+1ms, total 5ms
D/dalvikvm( 5296): GC_CONCURRENT freed 421K, 14% free 3228K/3748K, paused 1ms+1ms, total 7ms
D/dalvikvm( 5296): GC_CONCURRENT freed 451K, 14% free 3276K/3780K, paused 1ms+2ms, total 10ms
D/dalvikvm( 5296): GC_CONCURRENT freed 471K, 15% free 3271K/3816K, paused 1ms+1ms, total 8ms
D/dalvikvm( 5296): GC_CONCURRENT freed 456K, 14% free 3301K/3816K, paused 2ms+1ms, total 10ms
D/dalvikvm( 2772): GC_CONCURRENT freed 322K, 12% free 3050K/3456K, paused 0ms+2ms, total 6ms
D/dalvikvm( 5296): GC_CONCURRENT freed 468K, 15% free 3281K/3836K, paused 2ms+1ms, total 9ms
D/dalvikvm( 5296): GC_CONCURRENT freed 424K, 15% free 3275K/3836K, paused 1ms+2ms, total 8ms
I/DownloadManager( 5334): Download 21 finished with status SUCCESS
D/dalvikvm( 5296): GC_CONCURRENT freed 447K, 15% free 3282K/3836K, paused 0ms+0ms, total 8ms
D/dalvikvm( 5296): GC_CONCURRENT freed 454K, 15% free 3295K/3836K, paused 1ms+1ms, total 9ms
D/dalvikvm( 4955): GC_CONCURRENT freed 459K, 26% free 4123K/5572K, paused 1ms+2ms, total 15ms
I/GLSUser ( 4955): [GLSUser] getTokenFromCache: [account: , callingPkg: com.google.android.gm, service: mail]
D/dalvikvm( 5296): GC_CONCURRENT freed 485K, 15% free 3296K/3872K, paused 2ms+5ms, total 14ms
D/dalvikvm( 1897): GC_EXPLICIT freed 515K, 23% free 9302K/11984K, paused 1ms+3ms, total 37ms
D/dalvikvm( 5296): GC_CONCURRENT freed 429K, 15% free 3301K/3872K, paused 1ms+2ms, total 8ms
D/dalvikvm( 2772): GC_CONCURRENT freed 332K, 12% free 3119K/3536K, paused 1ms+2ms, total 6ms
I/DownloadManager( 5334): Download 22 starting
D/dalvikvm( 5296): GC_CONCURRENT freed 391K, 15% free 3303K/3872K, paused 1ms+1ms, total 8ms
D/dalvikvm( 5296): GC_CONCURRENT freed 391K, 15% free 3311K/3872K, paused 1ms+0ms, total 8ms
D/dalvikvm( 2197): GC_FOR_ALLOC freed 236K, 29% free 3399K/4752K, paused 10ms, total 10ms
D/dalvikvm( 5296): GC_CONCURRENT freed 493K, 17% free 3249K/3872K, paused 2ms+2ms, total 11ms
D/dalvikvm( 5296): GC_CONCURRENT freed 440K, 15% free 3297K/3872K, paused 0ms+0ms, total 8ms
D/ConnectivityService( 1897): special network not available ni=mobile_hipri
D/dalvikvm( 5296): GC_CONCURRENT freed 465K, 14% free 3347K/3872K, paused 1ms+1ms, total 15ms
D/dalvikvm( 5296): GC_CONCURRENT freed 482K, 15% free 3323K/3876K, paused 1ms+2ms, total 10ms
D/dalvikvm( 5296): GC_CONCURRENT freed 480K, 13% free 3417K/3888K, paused 2ms+1ms, total 14ms
D/dalvikvm( 2772): GC_CONCURRENT freed 505K, 17% free 3014K/3604K, paused 0ms+1ms, total 4ms
D/dalvikvm( 5296): GC_CONCURRENT freed 511K, 15% free 3359K/3916K, paused 1ms+2ms, total 11ms
D/dalvikvm( 5296): GC_CONCURRENT freed 482K, 15% free 3330K/3916K, paused 1ms+2ms, total 9ms
I/DownloadManager( 5334): Download 22 finished with status SUCCESS
D/dalvikvm( 2772): GC_CONCURRENT freed 289K, 14% free 3117K/3604K, paused 1ms+0ms, total 5ms
D/dalvikvm( 5296): GC_CONCURRENT freed 427K, 16% free 3323K/3916K, paused 1ms+1ms, total 8ms
I/GLSUser ( 4955): [GLSUser] getTokenFromCache: [account: , callingPkg: com.google.android.gm, service: mail]
D/dalvikvm( 5296): GC_CONCURRENT freed 399K, 16% free 3326K/3916K, paused 2ms+2ms, total 11ms
D/dalvikvm( 5296): GC_CONCURRENT freed 433K, 15% free 3365K/3916K, paused 2ms+0ms, total 9ms
I/DownloadManager( 5334): Download 23 starting
D/dalvikvm( 5296): GC_CONCURRENT freed 588K, 17% free 3278K/3936K, paused 0ms+1ms, total 10ms
D/dalvikvm( 5296): GC_CONCURRENT freed 472K, 17% free 3279K/3936K, paused 1ms+1ms, total 9ms
D/dalvikvm( 1897): GC_EXPLICIT freed 210K, 23% free 9271K/11984K, paused 1ms+3ms, total 39ms
D/dalvikvm( 5296): GC_CONCURRENT freed 443K, 17% free 3276K/3936K, paused 1ms+1ms, total 8ms
D/dalvikvm( 2197): GC_FOR_ALLOC freed 217K, 29% free 3400K/4752K, paused 11ms, total 11ms
D/dalvikvm( 5296): GC_CONCURRENT freed 409K, 17% free 3299K/3936K, paused 0ms+1ms, total 6ms
D/dalvikvm( 5296): GC_CONCURRENT freed 429K, 15% free 3347K/3936K, paused 1ms+1ms, total 8ms
D/dalvikvm( 5296): GC_CONCURRENT freed 470K, 15% free 3361K/3936K, paused 0ms+1ms, total 10ms
D/dalvikvm( 2772): GC_CONCURRENT freed 461K, 16% free 3041K/3604K, paused 0ms+1ms, total 5ms
D/dalvikvm( 5296): GC_CONCURRENT freed 408K, 16% free 3342K/3936K, paused 1ms+1ms, total 6ms
D/dalvikvm( 5296): GC_CONCURRENT freed 446K, 16% free 3343K/3936K, paused 0ms+2ms, total 7ms
D/dalvikvm( 5296): GC_CONCURRENT freed 431K, 15% free 3345K/3936K, paused 1ms+1ms, total 7ms
D/dalvikvm( 2772): GC_CONCURRENT freed 306K, 13% free 3136K/3604K, paused 1ms+1ms, total 5ms
D/dalvikvm( 5296): GC_CONCURRENT freed 449K, 13% free 3429K/3936K, paused 0ms+2ms, total 13ms
D/dalvikvm( 5296): GC_CONCURRENT freed 582K, 17% free 3309K/3960K, paused 1ms+0ms, total 9ms
D/dalvikvm( 5296): GC_CONCURRENT freed 482K, 17% free 3295K/3960K, paused 1ms+1ms, total 7ms
D/dalvikvm( 5296): GC_CONCURRENT freed 439K, 16% free 3340K/3960K, paused 1ms+1ms, total 8ms
D/dalvikvm( 5296): GC_CONCURRENT freed 424K, 15% free 3367K/3960K, paused 1ms+0ms, total 9ms
D/dalvikvm( 5296): GC_CONCURRENT freed 478K, 15% free 3398K/3960K, paused 1ms+2ms, total 11ms
D/dalvikvm( 2772): GC_CONCURRENT freed 454K, 15% free 3097K/3636K, paused 1ms+0ms, total 5ms
D/dalvikvm( 5296): GC_CONCURRENT freed 501K, 16% free 3355K/3960K, paused 2ms+2ms, total 9ms
D/ConnectivityService( 1897): special network not available ni=mobile_hipri
D/dalvikvm( 5296): GC_CONCURRENT freed 438K, 16% free 3356K/3960K, paused 1ms+1ms, total 10ms
D/dalvikvm( 5296): GC_CONCURRENT freed 381K, 16% free 3361K/3960K, paused 2ms+0ms, total 8ms
D/dalvikvm( 5296): GC_CONCURRENT freed 379K, 15% free 3367K/3960K, paused 2ms+0ms, total 9ms
D/dalvikvm( 2772): GC_CONCURRENT freed 326K, 13% free 3168K/3636K, paused 1ms+0ms, total 6ms
D/dalvikvm( 5296): GC_CONCURRENT freed 430K, 15% free 3380K/3960K, paused 1ms+2ms, total 9ms
D/dalvikvm( 5296): GC_CONCURRENT freed 539K, 17% free 3317K/3960K, paused 1ms+1ms, total 10ms
D/dalvikvm( 5334): GC_CONCURRENT freed 399K, 14% free 3215K/3708K, paused 1ms+4ms, total 9ms
I/DownloadManager( 5334): Download 23 finished with status SUCCESS
D/dalvikvm( 5296): GC_CONCURRENT freed 398K, 17% free 3304K/3960K, paused 1ms+0ms, total 7ms
D/dalvikvm( 4753): GC_CONCURRENT freed 382K, 12% free 4085K/4632K, paused 0ms+1ms, total 9ms
D/dalvikvm( 5296): GC_CONCURRENT freed 423K, 14% free 3429K/3960K, paused 1ms+0ms, total 15ms
D/dalvikvm( 5296): GC_CONCURRENT freed 555K, 17% free 3334K/3980K, paused 0ms+1ms, total 7ms
D/dalvikvm( 1897): GC_EXPLICIT freed 146K, 23% free 9271K/11984K, paused 1ms+3ms, total 46ms
D/dalvikvm( 5296): GC_CONCURRENT freed 464K, 17% free 3336K/3980K, paused 0ms+1ms, total 6ms
I/GLSUser ( 4955): [GLSUser] getTokenFromCache: [account: , callingPkg: com.google.android.gm, service: mail]
D/dalvikvm( 5296): GC_CONCURRENT freed 454K, 16% free 3356K/3980K, paused 0ms+2ms, total 11ms
D/dalvikvm( 5296): GC_CONCURRENT freed 445K, 16% free 3369K/3980K, paused 0ms+1ms, total 8ms
I/DownloadManager( 5334): Download 24 starting
D/dalvikvm( 2772): GC_CONCURRENT freed 447K, 15% free 3124K/3656K, paused 0ms+1ms, total 6ms
D/dalvikvm( 2772): GC_CONCURRENT freed 333K, 13% free 3194K/3656K, paused 1ms+1ms, total 6ms
D/dalvikvm( 5296): GC_CONCURRENT freed 457K, 17% free 3315K/3980K, paused 0ms+3ms, total 10ms
D/dalvikvm( 2197): GC_FOR_ALLOC freed 215K, 29% free 3400K/4752K, paused 7ms, total 7ms
D/dalvikvm( 2772): GC_CONCURRENT freed 466K, 15% free 3143K/3692K, paused 1ms+1ms, total 8ms
D/dalvikvm( 1897): GC_EXPLICIT freed 176K, 23% free 9263K/11984K, paused 0ms+2ms, total 29ms
I/DownloadManager( 5334): Download 24 finished with status SUCCESS
D/dalvikvm( 4955): GC_CONCURRENT freed 435K, 27% free 4107K/5572K, paused 2ms+1ms, total 15ms
I/GLSUser ( 4955): [GLSUser] getTokenFromCache: [account: , callingPkg: com.google.android.gm, service: mail]
I/DownloadManager( 5334): Download 25 starting
D/ConnectivityService( 1897): special network not available ni=mobile_hipri
D/dalvikvm( 5296): GC_CONCURRENT freed 428K, 18% free 3271K/3980K, paused 0ms+1ms, total 5ms
D/dalvikvm( 2772): GC_CONCURRENT freed 499K, 16% free 3134K/3716K, paused 1ms+1ms, total 6ms
D/dalvikvm( 2772): GC_CONCURRENT freed 363K, 15% free 3178K/3716K, paused 1ms+1ms, total 7ms
D/dalvikvm( 2772): GC_CONCURRENT freed 466K, 17% free 3113K/3716K, paused 0ms+1ms, total 6ms
D/CalendarSyncAdapter( 5296): Found 0 events marked dirty & lastSynced
D/dalvikvm( 1897): GC_EXPLICIT freed 173K, 23% free 9271K/11984K, paused 1ms+2ms, total 28ms
D/dalvikvm( 5296): GC_CONCURRENT freed 514K, 22% free 3141K/3980K, paused 1ms+1ms, total 6ms
I/CalendarProvider2( 2772): No events to update: uri=content://com.android.calendar/events?account_name=flotux2%40googlemail.com&account_type=com.google&caller_is_syncadapter=true selection=_sync_id IS NOT NULL AND calendar_id=? selectionArgs=[5]
I/GLSUser ( 4955): [GLSUser] getTokenFromCache: [account: , callingPkg: com.google.android.syncadapters.calendar, service: oauth2:https://www.googleapis.com/auth/calendar]
I/Auth.Core( 4955): [TokenCache] Missing snowballing token: no granted scopes set.
D/dalvikvm( 2197): GC_FOR_ALLOC freed 219K, 29% free 3400K/4752K, paused 5ms, total 5ms
I/DownloadManager( 5334): Download 25 finished with status SUCCESS
I/GLSUser ( 4955): [GLSUser] getTokenFromCache: [account: , callingPkg: com.google.android.gm, service: mail]
D/dalvikvm( 5334): GC_CONCURRENT freed 378K, 13% free 3231K/3708K, paused 1ms+1ms, total 8ms
I/DownloadManager( 5334): Download 26 starting
V/CalendarSyncAdapter( 5296): Saving inProgress state: {calendarId=#contacts@group.v.calendar.google.com, maxAttendees=50, maxResults=200, timeMax=2016-10-26T00:00:00.000Z, timeMin=2014-09-28T21:12:19.000Z}
D/dalvikvm( 5296): GC_CONCURRENT freed 435K, 21% free 3144K/3980K, paused 1ms+2ms, total 7ms
D/dalvikvm( 5296): GC_CONCURRENT freed 435K, 22% free 3142K/3980K, paused 2ms+0ms, total 7ms
D/ConnectivityService( 1897): special network not available ni=mobile_hipri
D/dalvikvm( 5296): GC_CONCURRENT freed 432K, 21% free 3147K/3980K, paused 0ms+1ms, total 6ms
D/dalvikvm( 5296): GC_CONCURRENT freed 427K, 21% free 3146K/3980K, paused 0ms+2ms, total 8ms
D/dalvikvm( 5296): GC_CONCURRENT freed 431K, 21% free 3151K/3980K, paused 0ms+1ms, total 5ms
D/dalvikvm( 5296): GC_CONCURRENT freed 450K, 21% free 3159K/3980K, paused 0ms+0ms, total 8ms
D/dalvikvm( 5296): GC_CONCURRENT freed 447K, 21% free 3154K/3980K, paused 1ms+2ms, total 7ms
D/dalvikvm( 5296): GC_CONCURRENT freed 438K, 21% free 3158K/3980K, paused 1ms+1ms, total 6ms
D/dalvikvm( 5296): GC_CONCURRENT freed 438K, 21% free 3158K/3980K, paused 0ms+1ms, total 6ms
D/dalvikvm( 2772): GC_CONCURRENT freed 525K, 20% free 2981K/3716K, paused 0ms+1ms, total 5ms
D/dalvikvm( 5296): GC_CONCURRENT freed 424K, 20% free 3184K/3980K, paused 0ms+1ms, total 8ms
I/DownloadManager( 5334): Download 26 finished with status SUCCESS
D/dalvikvm( 2197): GC_FOR_ALLOC freed 215K, 29% free 3399K/4752K, paused 10ms, total 10ms
D/dalvikvm( 5296): GC_CONCURRENT freed 434K, 20% free 3194K/3980K, paused 1ms+0ms, total 7ms
D/dalvikvm( 4955): GC_CONCURRENT freed 429K, 27% free 4104K/5572K, paused 2ms+2ms, total 18ms
I/GLSUser ( 4955): [GLSUser] getTokenFromCache: [account: , callingPkg: com.google.android.gm, service: mail]
D/dalvikvm( 5296): GC_CONCURRENT freed 382K, 20% free 3196K/3980K, paused 1ms+1ms, total 7ms
I/DownloadManager( 5334): Download 27 starting
D/dalvikvm( 5296): GC_CONCURRENT freed 435K, 20% free 3200K/3980K, paused 1ms+2ms, total 7ms
D/dalvikvm( 5296): GC_CONCURRENT freed 442K, 20% free 3203K/3980K, paused 1ms+1ms, total 6ms
D/dalvikvm( 5296): GC_CONCURRENT freed 443K, 20% free 3203K/3980K, paused 1ms+1ms, total 7ms
D/dalvikvm( 5296): GC_CONCURRENT freed 438K, 20% free 3208K/3980K, paused 0ms+0ms, total 5ms
D/dalvikvm( 5296): GC_CONCURRENT freed 438K, 20% free 3210K/3980K, paused 0ms+1ms, total 5ms
D/dalvikvm( 5296): GC_CONCURRENT freed 438K, 20% free 3210K/3980K, paused 2ms+1ms, total 7ms
D/dalvikvm( 5296): GC_CONCURRENT freed 439K, 19% free 3224K/3980K, paused 0ms+0ms, total 6ms
D/dalvikvm( 5296): GC_CONCURRENT freed 383K, 17% free 3310K/3980K, paused 0ms+1ms, total 10ms
D/dalvikvm( 5296): GC_CONCURRENT freed 456K, 19% free 3249K/3980K, paused 1ms+1ms, total 6ms
D/dalvikvm( 5296): GC_CONCURRENT freed 392K, 19% free 3247K/3980K, paused 2ms+1ms, total 7ms
D/dalvikvm( 5296): GC_CONCURRENT freed 407K, 19% free 3250K/3980K, paused 1ms+0ms, total 7ms
D/dalvikvm( 1897): GC_EXPLICIT freed 362K, 23% free 9277K/11984K, paused 1ms+2ms, total 34ms
D/dalvikvm( 2772): GC_CONCURRENT freed 274K, 17% free 3092K/3716K, paused 1ms+1ms, total 5ms
D/dalvikvm( 5296): GC_CONCURRENT freed 392K, 19% free 3252K/3980K, paused 1ms+0ms, total 6ms
D/dalvikvm( 5296): GC_CONCURRENT freed 421K, 19% free 3254K/3980K, paused 1ms+0ms, total 6ms
I/DownloadManager( 5334): Download 27 finished with status SUCCESS
D/dalvikvm( 5296): GC_CONCURRENT freed 398K, 18% free 3270K/3980K, paused 2ms+2ms, total 12ms
I/GLSUser ( 4955): [GLSUser] getTokenFromCache: [account: , callingPkg: com.google.android.gm, service: mail]
D/dalvikvm( 5296): GC_CONCURRENT freed 555K, 21% free 3173K/3980K, paused 1ms+1ms, total 10ms
I/DownloadManager( 5334): Download 28 starting
D/dalvikvm( 5296): GC_CONCURRENT freed 435K, 21% free 3170K/3980K, paused 1ms+1ms, total 6ms
D/dalvikvm( 5296): GC_CONCURRENT freed 403K, 21% free 3171K/3980K, paused 2ms+0ms, total 7ms
D/dalvikvm( 2197): GC_FOR_ALLOC freed 217K, 29% free 3400K/4752K, paused 5ms, total 5ms
D/ConnectivityService( 1897): special network not available ni=mobile_hipri
