W/Vold ( 1559): Returning OperationFailed - no handler for errno 30
W/Vold ( 1559): Returning OperationFailed - no handler for errno 30
W/Vold ( 1559): Returning OperationFailed - no handler for errno 30
W/Vold ( 1559): Returning OperationFailed - no handler for errno 30
W/Vold ( 1559): Returning OperationFailed - no handler for errno 30
E/Vold ( 1559): Failed to find volume for /storage/sdcard1/Android/data/com.google.android.music/files/
W/Vold ( 1559): Returning OperationFailed - no handler for errno 30
I/ActivityManager( 1897): Delay finish: com.google.android.music/.store.MediaStoreImportService$Receiver
I/ActivityManager( 1897): Resuming delayed broadcast
I/ActivityManager( 1897): Start proc com.android.mms for broadcast com.android.mms/.transaction.SmsReceiver: pid=3521 uid=10013 gids={50013, 3003, 1028, 1015, 1023}
D/CountryDetector( 1897): The first listener is added
I/ActivityManager( 1897): Delay finish: com.android.mms/.transaction.SmsReceiver
I/ActivityManager( 1897): Resuming delayed broadcast
I/ActivityManager( 1897): Delay finish: com.google.android.gm/.MailIntentReceiver
I/ActivityManager( 1897): Resuming delayed broadcast
I/ActivityManager( 1897): Delay finish: com.google.android.gm/.widget.GmailWidgetProvider
I/ActivityManager( 1897): Resuming delayed broadcast
I/ActivityManager( 1897): Delay finish: com.google.android.gm/.widget.GoogleMailWidgetProvider
I/ActivityManager( 1897): Resuming delayed broadcast
I/ActivityManager( 1897): Delay finish: com.google.android.gm/.widget.GmailWidgetProvider
I/ActivityManager( 1897): Resuming delayed broadcast
I/ActivityManager( 1897): Delay finish: com.google.android.gm/.widget.GoogleMailWidgetProvider
I/ActivityManager( 1897): Resuming delayed broadcast
I/ActivityManager( 1897): Delay finish: com.android.providers.calendar/.CalendarProviderBroadcastReceiver
I/ActivityManager( 1897): Resuming delayed broadcast
I/ActivityManager( 1897): Killing 2959:com.thirdparty.superuser/1000 (adj 15): empty #17
I/ActivityManager( 1897): Delay finish: com.google.android.music/.store.MediaStoreImportService$Receiver
I/ActivityManager( 1897): Resuming delayed broadcast
I/ActivityManager( 1897): Delay finish: com.google.android.music/.store.MediaStoreImportService$Receiver
W/Vold ( 1559): Returning OperationFailed - no handler for errno 30
W/Vold ( 1559): Returning OperationFailed - no handler for errno 30
W/Vold ( 1559): Returning OperationFailed - no handler for errno 30
W/Vold ( 1559): Returning OperationFailed - no handler for errno 30
E/Vold ( 1559): Failed to find volume for /storage/sdcard1/Android/data/com.google.android.music/files/
W/Vold ( 1559): Returning OperationFailed - no handler for errno 30
I/ActivityManager( 1897): Resuming delayed broadcast
I/ActivityManager( 1897): Delay finish: com.google.android.googlequicksearchbox/com.google.android.search.core.icingsync.IcingCorporaChangedReceiver
I/ActivityManager( 1897): Resuming delayed broadcast
I/ActivityManager( 1897): Delay finish: com.android.gallery3d/.app.PackagesMonitor
I/ActivityManager( 1897): Resuming delayed broadcast
I/ActivityManager( 1897): Delay finish: com.google.android.googlequicksearchbox/com.google.android.search.core.icingsync.IcingCorporaChangedReceiver
I/ActivityManager( 1897): Resuming delayed broadcast
I/ActivityManager( 1897): Delay finish: com.android.gallery3d/.app.PackagesMonitor
I/ActivityManager( 1897): Resuming delayed broadcast
I/ActivityManager( 1897): Delay finish: com.google.android.googlequicksearchbox/com.google.android.search.core.icingsync.IcingCorporaChangedReceiver
I/ActivityManager( 1897): Resuming delayed broadcast
I/ActivityManager( 1897): Delay finish: com.android.gallery3d/.app.PackagesMonitor
I/ActivityManager( 1897): Resuming delayed broadcast
I/ActivityManager( 1897): Delay finish: com.google.android.googlequicksearchbox/com.google.android.search.core.icingsync.IcingCorporaChangedReceiver
I/ActivityManager( 1897): Resuming delayed broadcast
I/ActivityManager( 1897): Delay finish: com.android.gallery3d/.app.PackagesMonitor
I/ActivityManager( 1897): Resuming delayed broadcast
I/ActivityManager( 1897): Delay finish: com.google.android.googlequicksearchbox/com.google.android.search.core.icingsync.IcingCorporaChangedReceiver
I/ActivityManager( 1897): Resuming delayed broadcast
I/ActivityManager( 1897): Delay finish: com.android.gallery3d/.app.PackagesMonitor
I/ActivityManager( 1897): Resuming delayed broadcast
I/ActivityManager( 1897): Delay finish: com.google.android.googlequicksearchbox/com.google.android.search.core.icingsync.IcingCorporaChangedReceiver
I/ActivityManager( 1897): Resuming delayed broadcast
I/ActivityManager( 1897): Delay finish: com.android.gallery3d/.app.PackagesMonitor
I/ActivityManager( 1897): Resuming delayed broadcast
I/ActivityManager( 1897): Delay finish: com.google.android.googlequicksearchbox/com.google.android.search.core.icingsync.IcingCorporaChangedReceiver
I/ActivityManager( 1897): Resuming delayed broadcast
I/ActivityManager( 1897): Delay finish: com.android.gallery3d/.app.PackagesMonitor
I/ActivityManager( 1897): Resuming delayed broadcast
I/ActivityManager( 1897): Delay finish: com.google.android.googlequicksearchbox/com.google.android.search.core.icingsync.IcingCorporaChangedReceiver
I/ActivityManager( 1897): Resuming delayed broadcast
I/ActivityManager( 1897): Delay finish: com.android.gallery3d/.app.PackagesMonitor
I/ActivityManager( 1897): Resuming delayed broadcast
I/ActivityManager( 1897): Delay finish: com.google.android.googlequicksearchbox/com.google.android.search.core.icingsync.IcingCorporaChangedReceiver
I/ActivityManager( 1897): Resuming delayed broadcast
I/ActivityManager( 1897): Delay finish: com.android.gallery3d/.app.PackagesMonitor
I/ActivityManager( 1897): Resuming delayed broadcast
I/ActivityManager( 1897): Delay finish: com.google.android.googlequicksearchbox/com.google.android.search.core.icingsync.IcingCorporaChangedReceiver
I/ActivityManager( 1897): Resuming delayed broadcast
I/ActivityManager( 1897): Delay finish: com.android.gallery3d/.app.PackagesMonitor
I/ActivityManager( 1897): Resuming delayed broadcast
I/ActivityManager( 1897): Delay finish: com.google.android.googlequicksearchbox/com.google.android.search.core.icingsync.IcingCorporaChangedReceiver
I/ActivityManager( 1897): Resuming delayed broadcast
I/ActivityManager( 1897): Delay finish: com.android.gallery3d/.app.PackagesMonitor
I/ActivityManager( 1897): Resuming delayed broadcast
I/ActivityManager( 1897): Delay finish: com.google.android.googlequicksearchbox/com.google.android.search.core.icingsync.IcingCorporaChangedReceiver
I/ActivityManager( 1897): Resuming delayed broadcast
I/ActivityManager( 1897): Delay finish: com.android.gallery3d/.app.PackagesMonitor
I/ActivityManager( 1897): Resuming delayed broadcast
I/ActivityManager( 1897): Delay finish: com.google.android.googlequicksearchbox/com.google.android.search.core.icingsync.IcingCorporaChangedReceiver
I/ActivityManager( 1897): Resuming delayed broadcast
I/ActivityManager( 1897): Delay finish: com.android.gallery3d/.app.PackagesMonitor
I/ActivityManager( 1897): Resuming delayed broadcast
W/SocketClient( 1560): write error (Broken pipe)
D/ConnectivityService( 1897): handleInetConditionChange: no active default network - ignore
I/ActivityManager( 1897): Start proc com.google.android.gms.ui for broadcast com.google.android.gms/.mdm.receivers.MdmDeviceAdminReceiver: pid=3621 uid=10008 gids={50008, 3003, 1007, 1028, 1015, 1023, 3002, 3001, 3007, 2001, 3006}
I/ActivityManager( 1897): Killing 3018:com.android.camera2/u0a32 (adj 15): empty #17
I/ActivityManager( 1897): Killing 3121:com.google.android.apps.magazines/u0a58 (adj 15): empty #17
I/ActivityManager( 1897): Delay finish: com.google.android.gm/.widget.GmailWidgetProvider
I/ActivityManager( 1897): Resuming delayed broadcast
I/ActivityManager( 1897): Waited long enough for: ServiceRecord{21a17470 u0 com.android.calendar/.alerts.InitAlarmsService}
I/PackageManager( 1897): Adding preferred activity ComponentInfo{com.android.mms/com.android.mms.ui.ComposeMessageActivity} for user 0 :
I/PackageManager( 1897): Adding preferred activity ComponentInfo{com.android.mms/com.android.mms.ui.ComposeMessageActivity} for user 0 :
I/PackageManager( 1897): Adding preferred activity ComponentInfo{com.android.mms/com.android.mms.ui.ComposeMessageActivity} for user 0 :
I/PackageManager( 1897): Adding preferred activity ComponentInfo{com.android.mms/com.android.mms.ui.ComposeMessageActivity} for user 0 :
I/PackageManager( 1897): Adding preferred activity ComponentInfo{com.android.mms/com.android.mms.ui.ComposeMessageActivity} for user 0 :
I/PackageManager( 1897): Adding preferred activity ComponentInfo{com.android.mms/com.android.mms.ui.ComposeMessageActivity} for user 0 :
I/PackageManager( 1897): Adding preferred activity ComponentInfo{com.android.mms/com.android.mms.ui.ComposeMessageActivity} for user 0 :
I/PackageManager( 1897): Adding preferred activity ComponentInfo{com.android.mms/com.android.mms.ui.ComposeMessageActivity} for user 0 :
I/PackageManager( 1897): Adding preferred activity ComponentInfo{com.android.mms/com.android.mms.ui.ComposeMessageActivity} for user 0 :
I/PackageManager( 1897): Adding preferred activity ComponentInfo{com.android.mms/com.android.mms.ui.ComposeMessageActivity} for user 0 :
I/PackageManager( 1897): Adding preferred activity ComponentInfo{com.android.mms/com.android.mms.ui.ComposeMessageActivity} for user 0 :
I/PackageManager( 1897): Adding preferred activity ComponentInfo{com.android.mms/com.android.mms.ui.ComposeMessageActivity} for user 0 :
I/PackageManager( 1897): Adding preferred activity ComponentInfo{com.android.mms/com.android.mms.ui.ComposeMessageActivity} for user 0 :
I/PackageManager( 1897): Adding preferred activity ComponentInfo{com.android.mms/com.android.mms.ui.ComposeMessageActivity} for user 0 :
I/PackageManager( 1897): Adding preferred activity ComponentInfo{com.android.mms/com.android.mms.ui.ComposeMessageActivity} for user 0 :
I/PackageManager( 1897): Adding preferred activity ComponentInfo{com.android.mms/com.android.mms.ui.ComposeMessageActivity} for user 0 :
I/PackageManager( 1897): Adding preferred activity ComponentInfo{com.android.mms/com.android.mms.ui.ComposeMessageActivity} for user 0 :
I/PackageManager( 1897): Adding preferred activity ComponentInfo{com.android.mms/com.android.mms.ui.ComposeMessageActivity} for user 0 :
I/PackageManager( 1897): Adding preferred activity ComponentInfo{com.android.mms/com.android.mms.ui.ComposeMessageActivity} for user 0 :
I/PackageManager( 1897): Adding preferred activity ComponentInfo{com.android.mms/com.android.mms.ui.ComposeMessageActivity} for user 0 :
I/PackageManager( 1897): Adding preferred activity ComponentInfo{com.android.mms/com.android.mms.ui.ComposeMessageActivity} for user 0 :
I/PackageManager( 1897): Adding preferred activity ComponentInfo{com.android.mms/com.android.mms.ui.ComposeMessageActivity} for user 0 :
I/PackageManager( 1897): Adding preferred activity ComponentInfo{com.android.mms/com.android.mms.ui.ComposeMessageActivity} for user 0 :
I/PackageManager( 1897): Adding preferred activity ComponentInfo{com.android.mms/com.android.mms.ui.ComposeMessageActivity} for user 0 :
I/PackageManager( 1897): Adding preferred activity ComponentInfo{com.android.mms/com.android.mms.ui.ComposeMessageActivity} for user 0 :
I/PackageManager( 1897): Adding preferred activity ComponentInfo{com.android.mms/com.android.mms.ui.ComposeMessageActivity} for user 0 :
I/PackageManager( 1897): Adding preferred activity ComponentInfo{com.android.mms/com.android.mms.ui.ComposeMessageActivity} for user 0 :
I/PackageManager( 1897): Adding preferred activity ComponentInfo{com.android.mms/com.android.mms.ui.ComposeMessageActivity} for user 0 :
I/PackageManager( 1897): Adding preferred activity ComponentInfo{com.android.mms/com.android.mms.ui.ComposeMessageActivity} for user 0 :
I/PackageManager( 1897): Adding preferred activity ComponentInfo{com.android.mms/com.android.mms.ui.ComposeMessageActivity} for user 0 :
I/PackageManager( 1897): Adding preferred activity ComponentInfo{com.android.mms/com.android.mms.ui.ComposeMessageActivity} for user 0 :
I/PackageManager( 1897): Adding preferred activity ComponentInfo{com.android.mms/com.android.mms.ui.ComposeMessageActivity} for user 0 :
I/ActivityManager( 1897): Killing 3208:com.android.exchange/u0a40 (adj 15): empty #17
D/ConnectivityService( 1897): Sampling interval elapsed, updating statistics ..
D/ConnectivityService( 1897): Done.
D/ConnectivityService( 1897): Setting timer for 720seconds
W/SocketClient( 1560): write error (Broken pipe)
D/ConnectivityService( 1897): handleInetConditionChange: no active default network - ignore
I/ActivityManager( 1897): Start proc com.android.musicfx for broadcast com.android.musicfx/.ControlPanelReceiver: pid=3690 uid=10014 gids={50014, 3003, 3002}
I/ActivityManager( 1897): Killing 2546:com.android.music/u0a61 (adj 15): empty #17
I/ActivityManager( 1897): Killing 3299:com.google.android.apps.maps/u0a60 (adj 15): empty #17
I/ActivityManager( 1897): START u0 {cmp=com.google.android.setupwizard/.WifiSettingsActivity (has extras)} from pid 2175
D/WifiService( 1897): setWifiEnabled: true pid=2175, uid=10018
I/ActivityManager( 1897): START u0 {act=com.android.net.wifi.SETUP_WIFI_NETWORK cmp=com.android.settings/.wifi.WifiSetupActivity (has extras)} from pid 2175
I/ActivityManager( 1897): Start proc com.android.settings for activity com.android.settings/.wifi.WifiSetupActivity: pid=3709 uid=1000 gids={41000, 1028, 1015, 1023, 3002, 3001, 3003}
W/ContextImpl( 3709): Calling a method in the system process without a qualified user: android.app.ContextImpl.bindService:1551 android.content.ContextWrapper.bindService:517 android.bluetooth.BluetoothInputDevice.doBind:245 android.bluetooth.BluetoothInputDevice.:238 android.bluetooth.BluetoothAdapter.getProfileProxy:1367
W/ContextImpl( 3709): Calling a method in the system process without a qualified user: android.app.ContextImpl.bindService:1551 android.content.ContextWrapper.bindService:517 android.bluetooth.BluetoothPan.doBind:149 android.bluetooth.BluetoothPan.:141 android.bluetooth.BluetoothAdapter.getProfileProxy:1370
W/ContextImpl( 3709): Calling a method in the system process without a qualified user: android.app.ContextImpl.bindService:1551 android.content.ContextWrapper.bindService:517 android.bluetooth.BluetoothMap.doBind:109 android.bluetooth.BluetoothMap.:102 android.bluetooth.BluetoothAdapter.getProfileProxy:1376
W/ContextImpl( 3709): Calling a method in the system process without a qualified user: android.app.ContextImpl.bindService:1551 android.content.ContextWrapper.bindService:517 android.bluetooth.BluetoothPbap.doBind:164 android.bluetooth.BluetoothPbap.:157 com.android.settings.bluetooth.PbapServerProfile.:68
W/SocketClient( 1560): write error (Broken pipe)
W/SocketClient( 1560): write error (Broken pipe)
D/ConnectivityService( 1897): handleInetConditionChange: no active default network - ignore
W/SocketClient( 1560): write error (Broken pipe)
I/PowerManagerService( 1897): Going to sleep due to screen timeout...
I/WindowManager( 1897): No lock screen! windowToken=null
I/PowerManagerService( 1897): Waking up from sleep...
I/WindowManager( 1897): No lock screen! windowToken=null
D/DisplayPowerController( 1897): Unblocked screen on after 270187 ms
D/ConnectivityService( 1897): handleInetConditionChange: no active default network - ignore
W/SocketClient( 1560): write error (Broken pipe)
D/ConnectivityService( 1897): ConnectivityChange for WIFI: DISCONNECTED/DISCONNECTED
D/ConnectivityService( 1897): Attempting to switch to mobile
D/ConnectivityService( 1897): Attempting to switch to ETHERNET
D/Nat464Xlat( 1897): requiresClat: netType=1, hasIPv4Address=false
D/ConnectivityService( 1897): ConnectivityChange for WIFI: DISCONNECTED/DISCONNECTED
D/ConnectivityService( 1897): Attempting to switch to mobile
D/ConnectivityService( 1897): Attempting to switch to ETHERNET
D/Nat464Xlat( 1897): requiresClat: netType=1, hasIPv4Address=false
D/ConnectivityService( 1897): Captive portal check NetworkInfo: type: WIFI[], state: CONNECTING/CAPTIVE_PORTAL_CHECK, reason: (unspecified), extra: "FloClaudi-WLAN", roaming: false, failover: false, isAvailable: true, isConnectedToProvisioningNetwork: false
D/ConnectivityService( 1897): handleCaptivePortalTrackerCheck: call captivePortalCheckComplete ni=NetworkInfo: type: WIFI[], state: CONNECTING/CAPTIVE_PORTAL_CHECK, reason: (unspecified), extra: "FloClaudi-WLAN", roaming: false, failover: false, isAvailable: true, isConnectedToProvisioningNetwork: false
D/ConnectivityService( 1897): Captive portal check NetworkInfo: type: WIFI[], state: CONNECTING/CAPTIVE_PORTAL_CHECK, reason: (unspecified), extra: "FloClaudi-WLAN", roaming: false, failover: false, isAvailable: true, isConnectedToProvisioningNetwork: false
D/ConnectivityService( 1897): handleCaptivePortalTrackerCheck: call captivePortalCheckComplete ni=NetworkInfo: type: WIFI[], state: CONNECTING/CAPTIVE_PORTAL_CHECK, reason: (unspecified), extra: "FloClaudi-WLAN", roaming: false, failover: false, isAvailable: true, isConnectedToProvisioningNetwork: false
D/ConnectivityService( 1897): ConnectivityChange for WIFI: CONNECTED/CONNECTED
E/ConnectivityService( 1897): Unexpected mtu value: android.net.wifi.WifiStateTracker@21a5c950
D/Nat464Xlat( 1897): requiresClat: netType=1, hasIPv4Address=true
D/ConnectivityService( 1897): ConnectivityChange for WIFI: CONNECTED/CONNECTED
D/ConnectivityService( 1897): setProvNotificationVisible: E visible=false networkType=1 extraInfo=null url=null
E/ConnectivityService( 1897): Unexpected mtu value: android.net.wifi.WifiStateTracker@21a5c950
D/ConnectivityService( 1897): handleConnectivityChange: address are the same reset per doReset linkProperty[1]: resetMask=0
D/Nat464Xlat( 1897): requiresClat: netType=1, hasIPv4Address=true
I/ActivityManager( 1897): START u0 {cmp=com.google.android.setupwizard/.WalledGardenActivity (has extras)} from pid 2175
D/ConnectivityService( 1897): captivePortalCheckCompleted: ni=NetworkInfo: type: WIFI[], state: CONNECTED/CONNECTED, reason: (unspecified), extra: "FloClaudi-WLAN", roaming: false, failover: false, isAvailable: true, isConnectedToProvisioningNetwork: false captive=false
W/ContextImpl( 1897): Calling a method in the system process without a qualified user: android.app.ContextImpl.sendBroadcast:1131 android.net.CaptivePortalTracker$DelayedCaptiveCheckState.processMessage:306 com.android.internal.util.StateMachine$SmHandler.processMsg:966 com.android.internal.util.StateMachine$SmHandler.handleMessage:789 android.os.Handler.dispatchMessage:102
I/ActivityManager( 1897): Start proc com.google.android.gms.unstable for service com.google.android.gms/.droidguard.DroidGuardService: pid=3921 uid=10008 gids={50008, 3003, 1007, 1028, 1015, 1023, 3002, 3001, 3007, 2001, 3006}
W/ActivityThread( 2208): ClassLoader.loadClass: The class loader returned by Thread.getContextClassLoader() may fail for processes that host multiple applications. You should explicitly specify a context class loader. For example: Thread.setContextClassLoader(getClass().getClassLoader());
D/ConnectivityService( 1897): handleConnectivityChange: addresses changed linkProperty[1]: resetMask=0
D/ConnectivityService( 1897): car=removed=[] added=[fe80::222:5fff:fe0a:7d75/64,]
D/Nat464Xlat( 1897): requiresClat: netType=1, hasIPv4Address=true
D/ConnectivityService( 1897): handleConnectivityChange: address are the same reset per doReset linkProperty[1]: resetMask=0
D/Nat464Xlat( 1897): requiresClat: netType=1, hasIPv4Address=true
W/ActivityThread( 2314): ClassLoader.loadClass: The class loader returned by Thread.getContextClassLoader() may fail for processes that host multiple applications. You should explicitly specify a context class loader. For example: Thread.setContextClassLoader(getClass().getClassLoader());
I/ActivityManager( 1897): Start proc com.google.android.apps.magazines for broadcast com.google.android.apps.magazines/com.google.apps.dots.android.newsstand.appwidget.NewsWidgetProvider: pid=3973 uid=10058 gids={50058, 3003, 1028, 1015, 1023}
W/Vold ( 1559): Returning OperationFailed - no handler for errno 30
W/Vold ( 1559): Returning OperationFailed - no handler for errno 30
W/Vold ( 1559): Returning OperationFailed - no handler for errno 30
W/Vold ( 1559): Returning OperationFailed - no handler for errno 30
E/Vold ( 1559): Failed to find volume for /storage/sdcard1/Android/data/com.google.android.apps.magazines/cache/
W/Vold ( 1559): Returning OperationFailed - no handler for errno 30
W/Vold ( 1559): Returning OperationFailed - no handler for errno 30
W/Vold ( 1559): Returning OperationFailed - no handler for errno 30
W/Vold ( 1559): Returning OperationFailed - no handler for errno 30
W/Vold ( 1559): Returning OperationFailed - no handler for errno 30
E/Vold ( 1559): Failed to find volume for /storage/sdcard1/Android/data/com.google.android.apps.magazines/files/
W/Vold ( 1559): Returning OperationFailed - no handler for errno 30
W/Vold ( 1559): Returning OperationFailed - no handler for errno 30
W/Vold ( 1559): Returning OperationFailed - no handler for errno 30
W/Vold ( 1559): Returning OperationFailed - no handler for errno 30
W/Vold ( 1559): Returning OperationFailed - no handler for errno 30
E/Vold ( 1559): Failed to find volume for /storage/sdcard1/Android/data/com.google.android.apps.magazines/cache/
W/Vold ( 1559): Returning OperationFailed - no handler for errno 30
W/Vold ( 1559): Returning OperationFailed - no handler for errno 30
W/Vold ( 1559): Returning OperationFailed - no handler for errno 30
W/Vold ( 1559): Returning OperationFailed - no handler for errno 30
W/Vold ( 1559): Returning OperationFailed - no handler for errno 30
E/Vold ( 1559): Failed to find volume for /storage/sdcard1/Android/data/com.google.android.apps.magazines/files/
W/Vold ( 1559): Returning OperationFailed - no handler for errno 30
I/ActivityManager( 1897): Killing 3457:com.google.android.inputmethod.latin/u0a55 (adj 15): empty #17
D/ConnectivityService( 1897): handleInetConditionHoldEnd: net=1, condition=0, published condition=0
I/ActivityManager( 1897): Waited long enough for: ServiceRecord{21802190 u0 com.google.android.music/com.google.android.wearable.datatransfer.DataSyncService}
E/ActivityThread( 2314): Failed to find provider info for com.google.android.wearable.settings
I/CertBlacklister( 1897): Certificate blacklist changed, updating...
I/CertBlacklister( 1897): Certificate blacklist updated
I/CertBlacklister( 1897): Certificate blacklist changed, updating...
I/CertBlacklister( 1897): Certificate blacklist updated
I/ActivityManager( 1897): Start proc com.google.android.configupdater for broadcast com.google.android.configupdater/.CertPin.CertPinUpdateRequestReceiver: pid=4055 uid=10002 gids={50002, 3003, 2001}
I/ActivityManager( 1897): START u0 {cmp=com.google.android.setupwizard/.OtaUpdateActivity (has extras)} from pid 2175
I/ActivityManager( 1897): Delay finish: com.google.android.configupdater/.SmsShortCodes.SmsShortCodesUpdateRequestReceiver
I/ActivityManager( 1897): Resuming delayed broadcast
I/ActivityManager( 1897): Delay finish: com.google.android.gms/.analytics.internal.GServicesChangedReceiver
I/ActivityManager( 1897): START u0 {cmp=com.google.android.setupwizard/.AccountSetupActivity (has extras)} from pid 2175
I/ActivityManager( 1897): Resuming delayed broadcast
W/ActivityThread( 2475): ClassLoader.loadClass: The class loader returned by Thread.getContextClassLoader() may fail for processes that host multiple applications. You should explicitly specify a context class loader. For example: Thread.setContextClassLoader(getClass().getClassLoader());
I/ActivityManager( 1897): START u0 {act=com.google.android.accounts.AccountIntro cmp=com.google.android.gsf.login/.AccountIntroActivity (has extras)} from pid 2175
I/ActivityManager( 1897): Delay finish: com.google.android.gms/.chromesync.sync.SyncReceiverService$Receiver
I/ActivityManager( 1897): Resuming delayed broadcast
I/ActivityManager( 1897): Delay finish: com.google.android.gms/com.google.android.location.reporting.service.ExternalChangeReceiver
I/ActivityManager( 1897): Resuming delayed broadcast
I/ActivityManager( 1897): Start proc com.google.android.gsf.login for activity com.google.android.gsf.login/.AccountIntroActivity: pid=4100 uid=10008 gids={50008, 3003, 1007, 1028, 1015, 1023, 3002, 3001, 3007, 2001, 3006}
I/ActivityManager( 1897): Killing 3143:com.android.email/u0a39 (adj 15): empty #17
E/ActivityThread( 2314): Failed to find provider info for com.google.android.wearable.settings
I/ActivityManager( 1897): START u0 {cmp=com.google.android.gsf.login/.AccountPreIntroUIActivity (has extras)} from pid 4100
I/ActivityManager( 1897): Start proc com.google.android.partnersetup for broadcast com.google.android.partnersetup/.GservicesChangedReceiver: pid=4123 uid=10011 gids={50011, 3003}
I/ActivityManager( 1897): Delay finish: com.google.android.partnersetup/.GservicesChangedReceiver
I/ActivityManager( 1897): Resuming delayed broadcast
I/ActivityManager( 1897): Force stopping com.google.android.youtube appid=10081 user=0: pkg changed
I/ActivityManager( 1897): Killing 3194:com.google.android.youtube/u0a81 (adj 8): stop com.google.android.youtube
W/ActivityManager( 1897): Scheduling restart of crashed service com.google.android.youtube/com.google.android.apps.youtube.app.offline.transfer.OfflineTransferService in 1000ms
I/ActivityManager( 1897): Force stopping service ServiceRecord{21ad5b3c u0 com.google.android.youtube/com.google.android.apps.youtube.app.offline.transfer.OfflineTransferService}
I/ActivityManager( 1897): Force stopping com.google.android.apps.maps appid=10060 user=0: pkg changed
I/ActivityManager( 1897): Force stopping com.google.android.apps.magazines appid=10058 user=0: pkg changed
I/ActivityManager( 1897): Killing 3973:com.google.android.apps.magazines/u0a58 (adj 13): stop com.google.android.apps.magazines
I/PackageManager( 1897): Adding preferred activity ComponentInfo{com.android.mms/com.android.mms.ui.ComposeMessageActivity} for user 0 :
I/ActivityManager( 1897): Force stopping com.android.vending appid=10016 user=0: pkg changed
I/ActivityManager( 1897): Killing 3352:com.android.vending/u0a16 (adj 8): stop com.android.vending
W/ActivityManager( 1897): Scheduling restart of crashed service com.android.vending/com.google.android.finsky.services.DailyHygiene in 1000ms
I/PackageManager( 1897): Adding preferred activity ComponentInfo{com.android.mms/com.android.mms.ui.ComposeMessageActivity} for user 0 :
I/ActivityManager( 1897): Force stopping com.google.android.apps.books appid=10027 user=0: pkg changed
I/PackageManager( 1897): Adding preferred activity ComponentInfo{com.android.mms/com.android.mms.ui.ComposeMessageActivity} for user 0 :
I/PackageManager( 1897): Adding preferred activity ComponentInfo{com.android.mms/com.android.mms.ui.ComposeMessageActivity} for user 0 :
I/PackageManager( 1897): Adding preferred activity ComponentInfo{com.android.mms/com.android.mms.ui.ComposeMessageActivity} for user 0 :
I/PackageManager( 1897): Adding preferred activity ComponentInfo{com.android.mms/com.android.mms.ui.ComposeMessageActivity} for user 0 :
I/PackageManager( 1897): Adding preferred activity ComponentInfo{com.android.mms/com.android.mms.ui.ComposeMessageActivity} for user 0 :
I/PackageManager( 1897): Adding preferred activity ComponentInfo{com.android.mms/com.android.mms.ui.ComposeMessageActivity} for user 0 :
I/PackageManager( 1897): Adding preferred activity ComponentInfo{com.android.mms/com.android.mms.ui.ComposeMessageActivity} for user 0 :
I/PackageManager( 1897): Adding preferred activity ComponentInfo{com.android.mms/com.android.mms.ui.ComposeMessageActivity} for user 0 :
I/PackageManager( 1897): Adding preferred activity ComponentInfo{com.android.mms/com.android.mms.ui.ComposeMessageActivity} for user 0 :
I/PackageManager( 1897): Adding preferred activity ComponentInfo{com.android.mms/com.android.mms.ui.ComposeMessageActivity} for user 0 :
I/PackageManager( 1897): Adding preferred activity ComponentInfo{com.android.mms/com.android.mms.ui.ComposeMessageActivity} for user 0 :
I/PackageManager( 1897): Adding preferred activity ComponentInfo{com.android.mms/com.android.mms.ui.ComposeMessageActivity} for user 0 :
I/PackageManager( 1897): Adding preferred activity ComponentInfo{com.android.mms/com.android.mms.ui.ComposeMessageActivity} for user 0 :
I/PackageManager( 1897): Adding preferred activity ComponentInfo{com.android.mms/com.android.mms.ui.ComposeMessageActivity} for user 0 :
I/PackageManager( 1897): Adding preferred activity ComponentInfo{com.android.mms/com.android.mms.ui.ComposeMessageActivity} for user 0 :
I/PackageManager( 1897): Adding preferred activity ComponentInfo{com.android.mms/com.android.mms.ui.ComposeMessageActivity} for user 0 :
I/PackageManager( 1897): Adding preferred activity ComponentInfo{com.android.mms/com.android.mms.ui.ComposeMessageActivity} for user 0 :
I/PackageManager( 1897): Adding preferred activity ComponentInfo{com.android.mms/com.android.mms.ui.ComposeMessageActivity} for user 0 :
I/PackageManager( 1897): Adding preferred activity ComponentInfo{com.android.mms/com.android.mms.ui.ComposeMessageActivity} for user 0 :
I/PackageManager( 1897): Adding preferred activity ComponentInfo{com.android.mms/com.android.mms.ui.ComposeMessageActivity} for user 0 :
I/PackageManager( 1897): Adding preferred activity ComponentInfo{com.android.mms/com.android.mms.ui.ComposeMessageActivity} for user 0 :
I/PackageManager( 1897): Adding preferred activity ComponentInfo{com.android.mms/com.android.mms.ui.ComposeMessageActivity} for user 0 :
I/ActivityManager( 1897): Delay finish: com.google.android.configupdater/.CertPin.CertPinUpdateRequestReceiver
I/PackageManager( 1897): Adding preferred activity ComponentInfo{com.android.mms/com.android.mms.ui.ComposeMessageActivity} for user 0 :
I/PackageManager( 1897): Adding preferred activity ComponentInfo{com.android.mms/com.android.mms.ui.ComposeMessageActivity} for user 0 :
I/PackageManager( 1897): Adding preferred activity ComponentInfo{com.android.mms/com.android.mms.ui.ComposeMessageActivity} for user 0 :
I/PackageManager( 1897): Adding preferred activity ComponentInfo{com.android.mms/com.android.mms.ui.ComposeMessageActivity} for user 0 :
I/ActivityManager( 1897): Resuming delayed broadcast
I/PackageManager( 1897): Adding preferred activity ComponentInfo{com.android.mms/com.android.mms.ui.ComposeMessageActivity} for user 0 :
I/PackageManager( 1897): Adding preferred activity ComponentInfo{com.android.mms/com.android.mms.ui.ComposeMessageActivity} for user 0 :
I/PackageManager( 1897): Adding preferred activity ComponentInfo{com.android.mms/com.android.mms.ui.ComposeMessageActivity} for user 0 :
I/PackageManager( 1897): Adding preferred activity ComponentInfo{com.android.mms/com.android.mms.ui.ComposeMessageActivity} for user 0 :
I/PackageManager( 1897): Adding preferred activity ComponentInfo{com.android.mms/com.android.mms.ui.ComposeMessageActivity} for user 0 :
I/PackageManager( 1897): Adding preferred activity ComponentInfo{com.android.mms/com.android.mms.ui.ComposeMessageActivity} for user 0 :
I/PackageManager( 1897): Adding preferred activity ComponentInfo{com.android.mms/com.android.mms.ui.ComposeMessageActivity} for user 0 :
I/ActivityManager( 1897): Delay finish: com.google.android.gms/.gcm.gmsproc.GmsAutoStarter
I/PackageManager( 1897): Adding preferred activity ComponentInfo{com.android.mms/com.android.mms.ui.ComposeMessageActivity} for user 0 :
I/PackageManager( 1897): Adding preferred activity ComponentInfo{com.android.mms/com.android.mms.ui.ComposeMessageActivity} for user 0 :
I/PackageManager( 1897): Adding preferred activity ComponentInfo{com.android.mms/com.android.mms.ui.ComposeMessageActivity} for user 0 :
I/PackageManager( 1897): Adding preferred activity ComponentInfo{com.android.mms/com.android.mms.ui.ComposeMessageActivity} for user 0 :
I/PackageManager( 1897): Adding preferred activity ComponentInfo{com.android.mms/com.android.mms.ui.ComposeMessageActivity} for user 0 :
I/ActivityManager( 1897): Resuming delayed broadcast
I/ActivityManager( 1897): Delay finish: com.google.android.gms/.app.receiver.SystemBroadcastReceiver
I/ActivityManager( 1897): Resuming delayed broadcast
I/ActivityManager( 1897): Start proc com.android.vending for broadcast com.android.vending/com.google.android.finsky.receivers.PackageMonitorReceiver$RegisteredReceiver: pid=4248 uid=10016 gids={50016, 3003, 1028, 1015, 1023}
I/ActivityManager( 1897): Delay finish: com.google.android.googlequicksearchbox/com.google.android.search.core.icingsync.IcingCorporaChangedReceiver
I/ActivityManager( 1897): Resuming delayed broadcast
I/ActivityManager( 1897): Delay finish: com.android.gallery3d/.app.PackagesMonitor
I/ActivityManager( 1897): Resuming delayed broadcast
I/ActivityManager( 1897): Delay finish: com.google.android.gms/.app.receiver.SystemBroadcastReceiver
I/ActivityManager( 1897): Resuming delayed broadcast
I/ActivityManager( 1897): Delay finish: com.android.vending/com.google.android.finsky.widget.consumption.NowPlayingWidgetProvider
I/ActivityManager( 1897): Resuming delayed broadcast
I/ActivityManager( 1897): Delay finish: com.google.android.googlequicksearchbox/com.google.android.search.core.icingsync.IcingCorporaChangedReceiver
I/ActivityManager( 1897): Resuming delayed broadcast
I/ActivityManager( 1897): Delay finish: com.android.gallery3d/.app.PackagesMonitor
I/ActivityManager( 1897): Resuming delayed broadcast
I/ActivityManager( 1897): Delay finish: com.android.gallery3d/.app.PackagesMonitor
I/ActivityManager( 1897): Resuming delayed broadcast
I/ActivityManager( 1897): Delay finish: com.google.android.gms/.gcm.gmsproc.GroupRegisterReceiver
I/ActivityManager( 1897): Resuming delayed broadcast
I/ActivityManager( 1897): Delay finish: com.google.android.gms/.auth.authzen.GcmReceiverService$Receiver
I/ActivityManager( 1897): Resuming delayed broadcast
I/ConfigUpdateInstallReceiver( 1897): Couldn't find current metadata, assuming first update
I/ConfigUpdateInstallReceiver( 1897): Failed to read current content, assuming first update!
I/ConfigUpdateInstallReceiver( 1897): Couldn't find current metadata, assuming first update
I/ConfigUpdateInstallReceiver( 1897): Failed to read current content, assuming first update!
I/ConfigUpdateInstallReceiver( 1897): Found new update, installing...
I/ConfigUpdateInstallReceiver( 1897): Installation successful
I/ConfigUpdateInstallReceiver( 1897): Found new update, installing...
I/ConfigUpdateInstallReceiver( 1897): Installation successful
I/ActivityManager( 1897): Killing 3621:com.google.android.gms.ui/u0a8 (adj 15): empty #17
D/ConnectivityService( 1897): handleInetConditionHoldEnd: net=1, condition=100, published condition=0
I/ActivityManager( 1897): START u0 {cmp=com.google.android.gsf.login/.LoginActivity (has extras)} from pid 4100
I/ActivityManager( 1897): START u0 {cmp=com.google.android.gsf.login/.UsernamePasswordActivity (has extras)} from pid 4100
I/PackageManager( 1897): Adding preferred activity ComponentInfo{com.android.mms/com.android.mms.ui.ComposeMessageActivity} for user 0 :
I/PackageManager( 1897): Adding preferred activity ComponentInfo{com.android.mms/com.android.mms.ui.ComposeMessageActivity} for user 0 :
I/PackageManager( 1897): Adding preferred activity ComponentInfo{com.android.mms/com.android.mms.ui.ComposeMessageActivity} for user 0 :
I/PackageManager( 1897): Adding preferred activity ComponentInfo{com.android.mms/com.android.mms.ui.ComposeMessageActivity} for user 0 :
I/PackageManager( 1897): Adding preferred activity ComponentInfo{com.android.mms/com.android.mms.ui.ComposeMessageActivity} for user 0 :
I/PackageManager( 1897): Adding preferred activity ComponentInfo{com.android.mms/com.android.mms.ui.ComposeMessageActivity} for user 0 :
I/PackageManager( 1897): Adding preferred activity ComponentInfo{com.android.mms/com.android.mms.ui.ComposeMessageActivity} for user 0 :
I/PackageManager( 1897): Adding preferred activity ComponentInfo{com.android.mms/com.android.mms.ui.ComposeMessageActivity} for user 0 :
I/ActivityManager( 1897): Delay finish: com.android.gallery3d/.app.PackagesMonitor
I/ActivityManager( 1897): Resuming delayed broadcast
I/ActivityManager( 1897): START u0 {cmp=com.google.android.gsf.login/.LoginActivityTask (has extras)} from pid 4100
I/ActivityManager( 1897): Start proc com.google.android.music:ui for service com.google.android.music/.tutorial.SignupStatus$SignupCheckService: pid=4358 uid=10062 gids={50062, 3003, 1028, 1015, 1023}
I/ActivityManager( 1897): Delay finish: com.google.android.gms/.gcm.gmsproc.GroupRegisterReceiver
I/ActivityManager( 1897): Start proc com.android.exchange for content provider com.android.exchange/.provider.ExchangeDirectoryProvider: pid=4378 uid=10040 gids={50040, 3003, 1028, 1015, 1023}
I/ActivityManager( 1897): Start proc com.android.email for content provider com.android.email/.provider.EmailProvider: pid=4391 uid=10039 gids={50039, 3003, 1028, 1015, 1023}
I/ActivityManager( 1897): Start proc com.google.android.inputmethod.latin for service com.google.android.inputmethod.latin/com.android.inputmethod.latin.sync.BeanstalkAdapterService: pid=4406 uid=10055 gids={50055, 3003, 1028, 1015, 1023}
I/ActivityManager( 1897): Start proc com.google.android.apps.magazines for service com.google.android.apps.magazines/com.google.apps.dots.android.newsstand.service.SyncAdapterService: pid=4421 uid=10058 gids={50058, 3003, 1028, 1015, 1023}
W/Vold ( 1559): Returning OperationFailed - no handler for errno 30
W/Vold ( 1559): Returning OperationFailed - no handler for errno 30
W/Vold ( 1559): Returning OperationFailed - no handler for errno 30
W/Vold ( 1559): Returning OperationFailed - no handler for errno 30
E/Vold ( 1559): Failed to find volume for /storage/sdcard1/Android/data/com.google.android.music/files/
W/Vold ( 1559): Returning OperationFailed - no handler for errno 30
W/Vold ( 1559): Returning OperationFailed - no handler for errno 30
W/Vold ( 1559): Returning OperationFailed - no handler for errno 30
W/Vold ( 1559): Returning OperationFailed - no handler for errno 30
W/Vold ( 1559): Returning OperationFailed - no handler for errno 30
W/Vold ( 1559): Returning OperationFailed - no handler for errno 30
W/Vold ( 1559): Returning OperationFailed - no handler for errno 30
W/Vold ( 1559): Returning OperationFailed - no handler for errno 30
E/Vold ( 1559): Failed to find volume for /storage/sdcard1/Android/data/com.google.android.music/files/
W/Vold ( 1559): Returning OperationFailed - no handler for errno 30
W/ActivityManager( 1897): Unable to start service Intent { cmp=com.android.email/.service.AttachmentDownloadService } U=0: not found
W/Vold ( 1559): Returning OperationFailed - no handler for errno 30
W/Vold ( 1559): Returning OperationFailed - no handler for errno 30
W/Vold ( 1559): Returning OperationFailed - no handler for errno 30
W/Vold ( 1559): Returning OperationFailed - no handler for errno 30
W/Vold ( 1559): Returning OperationFailed - no handler for errno 30
E/Vold ( 1559): Failed to find volume for /storage/sdcard1/Android/data/com.google.android.music/files/
W/Vold ( 1559): Returning OperationFailed - no handler for errno 30
E/Vold ( 1559): Failed to find volume for /storage/sdcard1/Android/data/com.google.android.apps.magazines/cache/
W/Vold ( 1559): Returning OperationFailed - no handler for errno 30
W/Vold ( 1559): Returning OperationFailed - no handler for errno 30
W/Vold ( 1559): Returning OperationFailed - no handler for errno 30
W/Vold ( 1559): Returning OperationFailed - no handler for errno 30
W/Vold ( 1559): Returning OperationFailed - no handler for errno 30
E/Vold ( 1559): Failed to find volume for /storage/sdcard1/Android/data/com.google.android.apps.magazines/files/
W/Vold ( 1559): Returning OperationFailed - no handler for errno 30
W/Vold ( 1559): Returning OperationFailed - no handler for errno 30
W/Vold ( 1559): Returning OperationFailed - no handler for errno 30
W/Vold ( 1559): Returning OperationFailed - no handler for errno 30
W/Vold ( 1559): Returning OperationFailed - no handler for errno 30
E/Vold ( 1559): Failed to find volume for /storage/sdcard1/Android/data/com.google.android.apps.magazines/cache/
W/Vold ( 1559): Returning OperationFailed - no handler for errno 30
W/Vold ( 1559): Returning OperationFailed - no handler for errno 30
W/Vold ( 1559): Returning OperationFailed - no handler for errno 30
W/Vold ( 1559): Returning OperationFailed - no handler for errno 30
W/Vold ( 1559): Returning OperationFailed - no handler for errno 30
E/Vold ( 1559): Failed to find volume for /storage/sdcard1/Android/data/com.google.android.apps.magazines/files/
W/Vold ( 1559): Returning OperationFailed - no handler for errno 30
I/ActivityManager( 1897): Killing 3038:com.google.android.gm/u0a49 (adj 15): empty #17
W/Vold ( 1559): Returning OperationFailed - no handler for errno 30
W/Vold ( 1559): Returning OperationFailed - no handler for errno 30
W/Vold ( 1559): Returning OperationFailed - no handler for errno 30
I/ActivityManager( 1897): Resuming delayed broadcast
I/ActivityManager( 1897): Killing 3690:com.android.musicfx/u0a14 (adj 15): empty #17
W/Vold ( 1559): Returning OperationFailed - no handler for errno 30
E/Vold ( 1559): Failed to find volume for /storage/sdcard1/Android/data/com.google.android.music/cache/
W/Vold ( 1559): Returning OperationFailed - no handler for errno 30
W/Vold ( 1559): Returning OperationFailed - no handler for errno 30
W/Vold ( 1559): Returning OperationFailed - no handler for errno 30
W/Vold ( 1559): Returning OperationFailed - no handler for errno 30
W/Vold ( 1559): Returning OperationFailed - no handler for errno 30
E/Vold ( 1559): Failed to find volume for /storage/sdcard1/Android/data/com.google.android.gms/files/
W/Vold ( 1559): Returning OperationFailed - no handler for errno 30
I/ActivityManager( 1897): Killing 3709:com.android.settings/1000 (adj 15): empty #17
I/ActivityManager( 1897): Start proc com.google.android.apps.docs for service com.google.android.apps.docs/.sync.syncadapter.DocsSyncAdapterService: pid=4528 uid=10038 gids={50038, 1028, 3003, 1015, 1023}
I/ActivityManager( 1897): Start proc com.google.android.apps.cloudprint:sync for service com.google.android.apps.cloudprint/.printdialog.services.CloudPrintSyncService: pid=4562 uid=10034 gids={50034, 3003, 1028}
W/Vold ( 1559): Returning OperationFailed - no handler for errno 30
W/Vold ( 1559): Returning OperationFailed - no handler for errno 30
W/Vold ( 1559): Returning OperationFailed - no handler for errno 30
W/Vold ( 1559): Returning OperationFailed - no handler for errno 30
E/Vold ( 1559): Failed to find volume for /storage/sdcard1/Android/data/com.google.android.apps.docs/cache/
W/Vold ( 1559): Returning OperationFailed - no handler for errno 30
I/ActivityManager( 1897): Start proc com.google.android.apps.cloudprint for service com.google.android.apps.cloudprint/.printdialog.services.NotificationIntentService: pid=4580 uid=10034 gids={50034, 3003, 1028}
I/ActivityManager( 1897): Killing 3521:com.android.mms/u0a13 (adj 15): empty #17
D/CountryDetector( 1897): No listener is left
I/ActivityManager( 1897): Killing 2423:com.google.android.gms.wearable/u0a8 (adj 15): empty #17
I/ActivityManager( 1897): Killing 4123:com.google.android.partnersetup/u0a11 (adj 15): empty #17
I/ActivityManager( 1897): Start proc com.google.android.apps.books for service com.google.android.apps.books/.service.SyncService: pid=4599 uid=10027 gids={50027, 3003, 1028, 1015, 1023}
I/ActivityManager( 1897): Killing 2742:com.android.calendar/u0a31 (adj 15): empty #17
I/PackageManager( 1897): Adding preferred activity ComponentInfo{com.android.mms/com.android.mms.ui.ComposeMessageActivity} for user 0 :
I/PackageManager( 1897): Adding preferred activity ComponentInfo{com.android.mms/com.android.mms.ui.ComposeMessageActivity} for user 0 :
I/PackageManager( 1897): Adding preferred activity ComponentInfo{com.android.mms/com.android.mms.ui.ComposeMessageActivity} for user 0 :
I/PackageManager( 1897): Adding preferred activity ComponentInfo{com.android.mms/com.android.mms.ui.ComposeMessageActivity} for user 0 :
I/PackageManager( 1897): Adding preferred activity ComponentInfo{com.android.mms/com.android.mms.ui.ComposeMessageActivity} for user 0 :
I/PackageManager( 1897): Adding preferred activity ComponentInfo{com.android.mms/com.android.mms.ui.ComposeMessageActivity} for user 0 :
I/PackageManager( 1897): Adding preferred activity ComponentInfo{com.android.mms/com.android.mms.ui.ComposeMessageActivity} for user 0 :
I/PackageManager( 1897): Adding preferred activity ComponentInfo{com.android.mms/com.android.mms.ui.ComposeMessageActivity} for user 0 :
I/ActivityManager( 1897): Waited long enough for: ServiceRecord{2188dd34 u0 com.google.android.music/.tutorial.SignupStatus$SignupCheckService}
I/ActivityManager( 1897): Waited long enough for: ServiceRecord{21ad422c u0 com.google.android.gms/.gcm.gmsproc.GcmReceiverService}
W/BroadcastQueue( 1897): Timeout of broadcast BroadcastRecord{216ed6a0 u0 android.accounts.LOGIN_ACCOUNTS_CHANGED} - receiver=android.os.BinderProxy@21910838, started 118602ms ago
W/BroadcastQueue( 1897): Receiver during timeout: ResolveInfo{21841858 com.google.android.gms/.auth.be.change.LoginAccountsChangedWakefulBroadcastReceiver m=0x108000}
E/ActivityManager( 1897): ANR in com.google.process.gapps
E/ActivityManager( 1897): PID: 2208
E/ActivityManager( 1897): Reason: Broadcast of Intent { act=android.accounts.LOGIN_ACCOUNTS_CHANGED flg=0x4000010 cmp=com.google.android.gms/.auth.be.change.LoginAccountsChangedWakefulBroadcastReceiver }
E/ActivityManager( 1897): Load: 1.33 / 1.2 / 0.71
E/ActivityManager( 1897): CPU usage from 53597ms to 0ms ago:
E/ActivityManager( 1897): 4.2% 4100/com.google.android.gsf.login: 2.6% user + 1.5% kernel / faults: 4293 minor
E/ActivityManager( 1897): 3.6% 1563/surfaceflinger: 2.3% user + 1.2% kernel / faults: 2324 minor
E/ActivityManager( 1897): 0.5% 1897/system_server: 0.2% user + 0.3% kernel / faults: 104 minor
E/ActivityManager( 1897): 0.1% 3815/irq/17-b43: 0% user + 0.1% kernel
E/ActivityManager( 1897): 0% 1963/com.android.systemui: 0% user + 0% kernel / faults: 22 minor
E/ActivityManager( 1897): 0% 3793/kworker/u4:56: 0% user + 0% kernel
E/ActivityManager( 1897): 0% 3794/kworker/u4:57: 0% user + 0% kernel
E/ActivityManager( 1897): 0% 4045/wget: 0% user + 0% kernel
E/ActivityManager( 1897): 0% 7/rcu_preempt: 0% user + 0% kernel
E/ActivityManager( 1897): 0% 10/rcuop/0: 0% user + 0% kernel
E/ActivityManager( 1897): 0% 20/rcuop/1: 0% user + 0% kernel
E/ActivityManager( 1897): 0% 1337/kworker/1:3: 0% user + 0% kernel
E/ActivityManager( 1897): 0% 1557/healthd: 0% user + 0% kernel
E/ActivityManager( 1897): 0% 3708/wpa_supplicant: 0% user + 0% kernel
E/ActivityManager( 1897): 3.7% TOTAL: 2.2% user + 1.5% kernel
E/ActivityManager( 1897): CPU usage from 1466ms to 1977ms later:
E/ActivityManager( 1897): 3.9% 4100/com.google.android.gsf.login: 1.9% user + 1.9% kernel / faults: 40 minor
E/ActivityManager( 1897): 3.9% 4100/droid.gsf.login: 1.9% user + 1.9% kernel
E/ActivityManager( 1897): 1.9% 1563/surfaceflinger: 1.9% user + 0% kernel / faults: 20 minor
E/ActivityManager( 1897): 3.9% 1563/surfaceflinger: 1.9% user + 1.9% kernel
E/ActivityManager( 1897): 1.9% 1624/DispSync: 1.9% user + 0% kernel
E/ActivityManager( 1897): 1.9% 1897/system_server: 0% user + 1.9% kernel
E/ActivityManager( 1897): 1.9% 1912/ActivityManager: 0% user + 1.9% kernel
E/ActivityManager( 1897): 3.9% TOTAL: 1.9% user + 1.9% kernel
I/ActivityManager( 1897): Killing 2208:com.google.process.gapps/u0a8 (adj 0): background ANR
W/ActivityManager( 1897): Exception when unbinding service com.google.android.gms/.auth.be.GoogleAccountDataService
W/ActivityManager( 1897): android.os.DeadObjectException
W/ActivityManager( 1897): at android.os.BinderProxy.transact(Native Method)
W/ActivityManager( 1897): at android.app.ApplicationThreadProxy.scheduleUnbindService(ApplicationThreadNative.java:874)
W/ActivityManager( 1897): at com.android.server.am.ActiveServices.removeConnectionLocked(ActiveServices.java:1713)
W/ActivityManager( 1897): at com.android.server.am.ActiveServices.unbindServiceLocked(ActiveServices.java:860)
W/ActivityManager( 1897): at com.android.server.am.ActivityManagerService.unbindService(ActivityManagerService.java:12776)
W/ActivityManager( 1897): at android.app.ActivityManagerNative.onTransact(ActivityManagerNative.java:869)
W/ActivityManager( 1897): at com.android.server.am.ActivityManagerService.onTransact(ActivityManagerService.java:2071)
W/ActivityManager( 1897): at android.os.Binder.execTransact(Binder.java:404)
W/ActivityManager( 1897): at dalvik.system.NativeStart.run(Native Method)
W/ActivityManager( 1897): Scheduling restart of crashed service com.google.android.gms/.clearcut.service.ClearcutLoggerService in 1000ms
W/ActivityManager( 1897): Scheduling restart of crashed service com.google.android.gms/.auth.GetToken in 11000ms
F/ActivityManager( 1897): Service ServiceRecord{21a41cb0 u0 com.google.android.gms/.backup.BackupAccountManagerService} in process ProcessRecord{21a2a1d4 2208:com.google.process.gapps/u0a8} not same as in map: null
W/ActivityManager( 1897): Scheduling restart of crashed service com.google.android.gsf/.subscribedfeeds.SubscribedFeedsSyncAdapterService in 20999ms
W/ActivityManager( 1897): Scheduling restart of crashed service com.google.android.gms/.gcm.GcmService in 30998ms
W/ActivityManager( 1897): Scheduling restart of crashed service com.google.android.gms/.clearcut.service.ClearcutLoggerIntentService in 241032ms
W/ActivityManager( 1897): Scheduling restart of crashed service com.google.android.gsf.login/com.google.android.gsf.loginservice.GoogleLoginService in 40998ms
