I/dalvikvm( 5369): Could not find method android.accounts.AccountManager.getPreviousName, referenced from method com.google.apps.dots.android.newsstand.auth.AccountManagerDelegate.getPreviousName
W/dalvikvm( 5369): VFY: unable to resolve virtual method 9: Landroid/accounts/AccountManager;.getPreviousName (Landroid/accounts/Account;)Ljava/lang/String;
D/dalvikvm( 5369): VFY: replacing opcode 0x6e at 0x0002
I/dalvikvm( 5369): Could not find method android.os.Environment.isExternalStorageEmulated, referenced from method com.google.apps.dots.android.newsstand.diskcache.StorageHelper.isExternalStorageEmulated
W/dalvikvm( 5369): VFY: unable to resolve static method 1149: Landroid/os/Environment;.isExternalStorageEmulated (Ljava/io/File;)Z
D/dalvikvm( 5369): VFY: replacing opcode 0x71 at 0x0009
I/dalvikvm( 5369): Could not find method android.content.pm.PackageManager.getPackageInstaller, referenced from method com.google.android.gms.common.GooglePlayServicesUtil.zzl
W/dalvikvm( 5369): VFY: unable to resolve virtual method 537: Landroid/content/pm/PackageManager;.getPackageInstaller ()Landroid/content/pm/PackageInstaller;
D/dalvikvm( 5369): VFY: replacing opcode 0x6e at 0x000b
I/GAv4 ( 5369): Google Analytics 7.5.71 is starting up. To enable debug logging on a device run:
I/GAv4 ( 5369): adb shell setprop log.tag.GAv4 DEBUG
I/GAv4 ( 5369): adb logcat -s GAv4
D/dalvikvm( 5369): GC_CONCURRENT freed 252K, 11% free 2813K/3148K, paused 2ms+2ms, total 10ms
E/cutils ( 1559): Failed to mkdirat(/storage/usb0/Android): Read-only file system
W/Vold ( 1559): Returning OperationFailed - no handler for errno 30
W/ContextImpl( 5369): Failed to ensure directory: /storage/usb0/Android/data/com.google.android.apps.magazines/cache
E/cutils ( 1559): Failed to mkdirat(/storage/usb1/Android): Read-only file system
W/Vold ( 1559): Returning OperationFailed - no handler for errno 30
W/ContextImpl( 5369): Failed to ensure directory: /storage/usb1/Android/data/com.google.android.apps.magazines/cache
E/cutils ( 1559): Failed to mkdirat(/storage/usb2/Android): Read-only file system
W/Vold ( 1559): Returning OperationFailed - no handler for errno 30
W/ContextImpl( 5369): Failed to ensure directory: /storage/usb2/Android/data/com.google.android.apps.magazines/cache
E/cutils ( 1559): Failed to mkdirat(/storage/usb3/Android): Read-only file system
W/Vold ( 1559): Returning OperationFailed - no handler for errno 30
W/ContextImpl( 5369): Failed to ensure directory: /storage/usb3/Android/data/com.google.android.apps.magazines/cache
E/Vold ( 1559): Failed to find volume for /storage/sdcard1/Android/data/com.google.android.apps.magazines/cache/
W/Vold ( 1559): Returning OperationFailed - no handler for errno 30
W/ContextImpl( 5369): Failed to ensure directory: /storage/sdcard1/Android/data/com.google.android.apps.magazines/cache
W/GAv4 ( 5369): AnalyticsReceiver is not registered or is disabled. Register the receiver for reliable dispatching on non-Google Play devices. See http://goo.gl/8Rd3yj for instructions.
E/cutils ( 1559): Failed to mkdirat(/storage/usb0/Android): Read-only file system
W/Vold ( 1559): Returning OperationFailed - no handler for errno 30
W/ContextImpl( 5369): Failed to ensure directory: /storage/usb0/Android/data/com.google.android.apps.magazines/files
E/cutils ( 1559): Failed to mkdirat(/storage/usb1/Android): Read-only file system
W/Vold ( 1559): Returning OperationFailed - no handler for errno 30
W/GAv4 ( 5369): CampaignTrackingReceiver is not registered, not exported or is disabled. Installation campaign tracking is not possible. See http://goo.gl/8Rd3yj for instructions.
W/ContextImpl( 5369): Failed to ensure directory: /storage/usb1/Android/data/com.google.android.apps.magazines/files
E/cutils ( 1559): Failed to mkdirat(/storage/usb2/Android): Read-only file system
W/Vold ( 1559): Returning OperationFailed - no handler for errno 30
W/ContextImpl( 5369): Failed to ensure directory: /storage/usb2/Android/data/com.google.android.apps.magazines/files
W/GAv4 ( 5369): AnalyticsService not registered in the app manifest. Hits might not be delivered reliably. See http://goo.gl/8Rd3yj for instructions.
E/cutils ( 1559): Failed to mkdirat(/storage/usb3/Android): Read-only file system
W/Vold ( 1559): Returning OperationFailed - no handler for errno 30
W/ContextImpl( 5369): Failed to ensure directory: /storage/usb3/Android/data/com.google.android.apps.magazines/files
D/dalvikvm( 5369): GC_CONCURRENT freed 271K, 11% free 2930K/3292K, paused 2ms+2ms, total 7ms
E/Vold ( 1559): Failed to find volume for /storage/sdcard1/Android/data/com.google.android.apps.magazines/files/
W/Vold ( 1559): Returning OperationFailed - no handler for errno 30
W/ContextImpl( 5369): Failed to ensure directory: /storage/sdcard1/Android/data/com.google.android.apps.magazines/files
D/ConnectivityService( 1897): special network not available ni=mobile_hipri
E/cutils ( 1559): Failed to mkdirat(/storage/usb0/Android): Read-only file system
W/Vold ( 1559): Returning OperationFailed - no handler for errno 30
W/ContextImpl( 5369): Failed to ensure directory: /storage/usb0/Android/data/com.google.android.apps.magazines/cache
E/cutils ( 1559): Failed to mkdirat(/storage/usb1/Android): Read-only file system
W/Vold ( 1559): Returning OperationFailed - no handler for errno 30
W/ContextImpl( 5369): Failed to ensure directory: /storage/usb1/Android/data/com.google.android.apps.magazines/cache
E/cutils ( 1559): Failed to mkdirat(/storage/usb2/Android): Read-only file system
W/Vold ( 1559): Returning OperationFailed - no handler for errno 30
W/ContextImpl( 5369): Failed to ensure directory: /storage/usb2/Android/data/com.google.android.apps.magazines/cache
E/cutils ( 1559): Failed to mkdirat(/storage/usb3/Android): Read-only file system
W/Vold ( 1559): Returning OperationFailed - no handler for errno 30
W/ContextImpl( 5369): Failed to ensure directory: /storage/usb3/Android/data/com.google.android.apps.magazines/cache
E/Vold ( 1559): Failed to find volume for /storage/sdcard1/Android/data/com.google.android.apps.magazines/cache/
W/Vold ( 1559): Returning OperationFailed - no handler for errno 30
W/ContextImpl( 5369): Failed to ensure directory: /storage/sdcard1/Android/data/com.google.android.apps.magazines/cache
E/cutils ( 1559): Failed to mkdirat(/storage/usb0/Android): Read-only file system
W/ContextImpl( 5369): Failed to ensure directory: /storage/usb0/Android/data/com.google.android.apps.magazines/files
W/Vold ( 1559): Returning OperationFailed - no handler for errno 30
E/cutils ( 1559): Failed to mkdirat(/storage/usb1/Android): Read-only file system
W/Vold ( 1559): Returning OperationFailed - no handler for errno 30
W/ContextImpl( 5369): Failed to ensure directory: /storage/usb1/Android/data/com.google.android.apps.magazines/files
D/dalvikvm( 2197): GC_CONCURRENT freed 250K, 9% free 3768K/4104K, paused 2ms+11ms, total 26ms
E/cutils ( 1559): Failed to mkdirat(/storage/usb2/Android): Read-only file system
W/Vold ( 1559): Returning OperationFailed - no handler for errno 30
W/ContextImpl( 5369): Failed to ensure directory: /storage/usb2/Android/data/com.google.android.apps.magazines/files
E/cutils ( 1559): Failed to mkdirat(/storage/usb3/Android): Read-only file system
W/Vold ( 1559): Returning OperationFailed - no handler for errno 30
W/ContextImpl( 5369): Failed to ensure directory: /storage/usb3/Android/data/com.google.android.apps.magazines/files
E/Vold ( 1559): Failed to find volume for /storage/sdcard1/Android/data/com.google.android.apps.magazines/files/
W/Vold ( 1559): Returning OperationFailed - no handler for errno 30
W/ContextImpl( 5369): Failed to ensure directory: /storage/sdcard1/Android/data/com.google.android.apps.magazines/files
D/dalvikvm( 1897): GC_CONCURRENT freed 1475K, 25% free 8800K/11708K, paused 1ms+5ms, total 57ms
I/dalvikvm( 5369): Could not find method android.os.PowerManager.isPowerSaveMode, referenced from method com.google.apps.dots.android.newsstand.net.NSConnectivityManager.isPowerSaveMode
W/dalvikvm( 5369): VFY: unable to resolve virtual method 1258: Landroid/os/PowerManager;.isPowerSaveMode ()Z
D/dalvikvm( 5369): VFY: replacing opcode 0x6e at 0x000e
D/dalvikvm( 5369): GC_CONCURRENT freed 284K, 11% free 3079K/3448K, paused 2ms+2ms, total 14ms
V/WebViewChromiumFactoryProvider( 5369): Binding Chromium to main looper Looper (main, tid 1) {216ce860}
I/LibraryLoader( 5369): Expected native library version number "",actual native library version number ""
I/chromium( 5369): [INFO:library_loader_hooks.cc(116)] Chromium logging enabled: level = 0, default verbosity = 0
I/BrowserStartupController( 5369): Initializing chromium process, renderers=0
E/AudioManagerAndroid( 5369): BLUETOOTH permission is missing!
W/GRALLOC-PIPE( 5369): failed to create pipe screen for i965
I/GRALLOC-DRM( 5369): create intel for driver i915
I/NSApplication( 5369): Starting up...
I/SyncAdapterService( 5369): Ignoring sync request for non-current account
I/ActivityManager( 1897): Killing 2302:com.svox.pico/u0a67 (adj 15): empty #17
I/DEBUG ( 1561): eax 00000000 ebx 77b02f30 ecx 79128738 edx 3b9aca00
I/DEBUG ( 1561): esi 799c1730 edi 799c1750
I/DEBUG ( 1561): xcs 00000073 xds 0000007b xes 0000007b xfs 00000000 xss 0000007b
I/DEBUG ( 1561): eip 77af53b3 ebp 78ac3140 esp 7842b0b0 flags 00210246
I/DEBUG ( 1561):
I/DEBUG ( 1561): backtrace:
I/DEBUG ( 1561): #00 pc 000103b3 /system/lib/egl/libGLES_mesa.so (dri2_client_wait_sync+115)
I/DEBUG ( 1561): #01 pc 00004ab9 /system/lib/egl/libGLES_mesa.so (eglClientWaitSync+249)
I/DEBUG ( 1561): #02 pc 0001220d /system/lib/libEGL.so (eglClientWaitSyncKHR+125)
I/DEBUG ( 1561): #03 pc 00030314 /system/lib/libgui.so (android::BufferQueue::dequeueBuffer(int*, android::sp*, bool, unsigned int, unsigned int, unsigned int, unsigned int)+1508)
I/DEBUG ( 1561): #04 pc 0003e692 /system/lib/libgui.so (android::BnGraphicBufferProducer::onTransact(unsigned int, android::Parcel const&, android::Parcel*, unsigned int)+674)
I/DEBUG ( 1561): #05 pc 0001d364 /system/lib/libbinder.so (android::BBinder::transact(unsigned int, android::Parcel const&, android::Parcel*, unsigned int)+100)
I/DEBUG ( 1561): #06 pc 0002b1e2 /system/lib/libbinder.so (android::IPCThreadState::executeCommand(int)+610)
I/DEBUG ( 1561): #07 pc 0002c439 /system/lib/libbinder.so (android::IPCThreadState::joinThreadPool(bool)+553)
I/DEBUG ( 1561): #08 pc 0003ba4f /system/lib/libbinder.so (android::PoolThread::threadLoop()+47)
I/DEBUG ( 1561): #09 pc 00017cb9 /system/lib/libutils.so (android::Thread::_threadLoop(void*)+585)
I/DEBUG ( 1561): #10 pc 0005f18d /system/lib/libandroid_runtime.so (android::AndroidRuntime::javaThreadShell(void*)+109)
I/DEBUG ( 1561): #11 pc 00017e76 /system/lib/libutils.so (thread_data_t::trampoline(thread_data_t const*)+246)
I/DEBUG ( 1561): #12 pc 0000bcec /system/lib/libc.so (__thread_entry+236)
I/DEBUG ( 1561): #13 pc 0003e4f5 /system/lib/libc.so (__pthread_clone+69)
I/DEBUG ( 1561): #14 pc 00017d7f /system/lib/libutils.so
I/DEBUG ( 1561): #15 pc 0001ddbf
I/DEBUG ( 1561): #16 pc 0000182f
I/DEBUG ( 1561): #17 pc 0000000f
I/DEBUG ( 1561): #18 pc 0001caaf
I/DEBUG ( 1561): #19 pc 0001c53f
I/DEBUG ( 1561): #20 pc 0001f86f
I/DEBUG ( 1561): #21 pc 0001ef9f
I/DEBUG ( 1561): #22 pc 00007a1f
I/DEBUG ( 1561): #23 pc 00020bbf
I/DEBUG ( 1561): #24 pc 000216af
I/DEBUG ( 1561):
I/DEBUG ( 1561): stack:
I/DEBUG ( 1561): 7842b070 400eb800
I/DEBUG ( 1561): 7842b074 1d200492
I/DEBUG ( 1561): 7842b078 6ea68768 /dev/ashmem/dalvik-LinearAlloc (deleted)
I/DEBUG ( 1561): 7842b07c 40058fe9 /system/lib/libc.so (pthread_mutex_unlock+25)
I/DEBUG ( 1561): 7842b080 000000f0
I/DEBUG ( 1561): 7842b084 4021ed56 /system/lib/libandroid_runtime.so (android::AndroidRuntime::getJNIEnv()+6)
I/DEBUG ( 1561): 7842b088 402fd3d8 /system/lib/libandroid_runtime.so
I/DEBUG ( 1561): 7842b08c 77af07a3 /system/lib/egl/libGLES_mesa.so (_eglGetCurrentContext+51)
I/DEBUG ( 1561): 7842b090 00000018
I/DEBUG ( 1561): 7842b094 1d200492
I/DEBUG ( 1561): 7842b098 6ea68768 /dev/ashmem/dalvik-LinearAlloc (deleted)
I/DEBUG ( 1561): 7842b09c 40058fe9 /system/lib/libc.so (pthread_mutex_unlock+25)
I/DEBUG ( 1561): 7842b0a0 77b02f30 /system/lib/egl/libGLES_mesa.so
I/DEBUG ( 1561): 7842b0a4 799c1730
I/DEBUG ( 1561): 7842b0a8 00000000
I/DEBUG ( 1561): 7842b0ac 77af5378 /system/lib/egl/libGLES_mesa.so (dri2_client_wait_sync+56)
I/DEBUG ( 1561): #00 7842b0b0 00000000
I/DEBUG ( 1561): 7842b0b4 797af4a0
I/DEBUG ( 1561): 7842b0b8 00000000
I/DEBUG ( 1561): 7842b0bc 3b9aca00
I/DEBUG ( 1561): 7842b0c0 00000000
I/DEBUG ( 1561): 7842b0c4 00000000
I/DEBUG ( 1561): 7842b0c8 40058e19 /system/lib/libc.so (pthread_mutex_lock+9)
I/DEBUG ( 1561): 7842b0cc 77b02f30 /system/lib/egl/libGLES_mesa.so
I/DEBUG ( 1561): 7842b0d0 79128738 /system/lib/dri/i965_dri.so
I/DEBUG ( 1561): 7842b0d4 77b03020 /system/lib/egl/libGLES_mesa.so
I/DEBUG ( 1561): 7842b0d8 3b9aca00
I/DEBUG ( 1561): 7842b0dc 00000000
I/DEBUG ( 1561): 7842b0e0 77b0329c /system/lib/egl/libGLES_mesa.so
I/DEBUG ( 1561): 7842b0e4 00000014
I/DEBUG ( 1561): 7842b0e8 40058e19 /system/lib/libc.so (pthread_mutex_lock+9)
I/DEBUG ( 1561): 7842b0ec 77b02f30 /system/lib/egl/libGLES_mesa.so
I/DEBUG ( 1561): ........ ........
I/DEBUG ( 1561): #01 7842b100 7296d350
I/DEBUG ( 1561): 7842b104 7296f230
I/DEBUG ( 1561): 7842b108 799c1730
I/DEBUG ( 1561): 7842b10c 00000000
I/DEBUG ( 1561): 7842b110 3b9aca00
I/DEBUG ( 1561): 7842b114 00000000
I/DEBUG ( 1561): 7842b118 7842b17c [stack:5326]
I/DEBUG ( 1561): 7842b11c 404dd419 /system/lib/libEGL.so (android::validate_display(void*)+121)
I/DEBUG ( 1561): 7842b120 4056e08c /system/lib/libEGL.so
I/DEBUG ( 1561): 7842b124 00000000
I/DEBUG ( 1561): 7842b128 40568df4 /system/lib/libEGL.so
I/DEBUG ( 1561): 7842b12c 7296f234
I/DEBUG ( 1561): 7842b130 400420cc /system/lib/libcutils.so
I/DEBUG ( 1561): 7842b134 404e06d6 /system/lib/libEGL.so (eglGetError+6)
I/DEBUG ( 1561): 7842b138 40568df4 /system/lib/libEGL.so
I/DEBUG ( 1561): 7842b13c 40568df4 /system/lib/libEGL.so
I/DEBUG ( 1561): ........ ........
I/DEBUG ( 1561): #02 7842b150 7296f230
I/DEBUG ( 1561): 7842b154 799c1730
I/DEBUG ( 1561): 7842b158 00000000
I/DEBUG ( 1561): 7842b15c 3b9aca00
I/DEBUG ( 1561): 7842b160 00000000
I/DEBUG ( 1561): 7842b164 00000001
I/DEBUG ( 1561): 7842b168 00195ba0
I/DEBUG ( 1561): 7842b16c 799c0d20
I/DEBUG ( 1561): 7842b170 4a1c8b06 /dev/ashmem/dalvik-heap (deleted)
I/DEBUG ( 1561): 7842b174 000000a5
I/DEBUG ( 1561): 7842b178 40058e19 /system/lib/libc.so (pthread_mutex_lock+9)
I/DEBUG ( 1561): 7842b17c 4056e040 /system/lib/libEGL.so
I/DEBUG ( 1561): 7842b180 404cac84 /system/lib/libgui.so
I/DEBUG ( 1561): 7842b184 799c1730
I/DEBUG ( 1561): 7842b188 42adcbc0
I/DEBUG ( 1561): 7842b18c 40489315 /system/lib/libgui.so (android::BufferQueue::dequeueBuffer(int*, android::sp*, bool, unsigned int, unsigned int, unsigned int, unsigned int)+1509)
D/dalvikvm( 2197): GC_CONCURRENT freed 336K, 10% free 3849K/4268K, paused 1ms+4ms, total 12ms
D/dalvikvm( 2314): GC_CONCURRENT freed 860K, 24% free 6826K/8876K, paused 12ms+25ms, total 74ms
E/Auth.Api.Credentials( 2314): [CredentialSyncAdapter] Unknown sync event.
I/BooksSync( 4599): Starting books sync for -868725537, extras: ade
I/BooksConfig( 4599): GmsCore Version = 7.5.74 (1997312-070)
W/ActivityManager( 1897): Force finishing activity com.android.camera2/com.android.camera.CameraLauncher
E/JavaBinder( 1897): !!! FAILED BINDER TRANSACTION !!!
W/ActivityManager( 1897): Exception thrown during pause
W/ActivityManager( 1897): android.os.TransactionTooLargeException
W/ActivityManager( 1897): at android.os.BinderProxy.transact(Native Method)
W/ActivityManager( 1897): at android.app.ApplicationThreadProxy.schedulePauseActivity(ApplicationThreadNative.java:660)
W/ActivityManager( 1897): at com.android.server.am.ActivityStack.startPausingLocked(ActivityStack.java:761)
W/ActivityManager( 1897): at com.android.server.am.ActivityStack.finishActivityLocked(ActivityStack.java:2443)
W/ActivityManager( 1897): at com.android.server.am.ActivityStack.finishTopRunningActivityLocked(ActivityStack.java:2320)
W/ActivityManager( 1897): at com.android.server.am.ActivityStackSupervisor.finishTopRunningActivityLocked(ActivityStackSupervisor.java:2050)
W/ActivityManager( 1897): at com.android.server.am.ActivityManagerService.handleAppCrashLocked(ActivityManagerService.java:9548)
W/ActivityManager( 1897): at com.android.server.am.ActivityManagerService.makeAppCrashingLocked(ActivityManagerService.java:9441)
W/ActivityManager( 1897): at com.android.server.am.ActivityManagerService.crashApplication(ActivityManagerService.java:10086)
W/ActivityManager( 1897): at com.android.server.am.ActivityManagerService.handleApplicationCrashInner(ActivityManagerService.java:9637)
W/ActivityManager( 1897): at com.android.server.am.NativeCrashListener$NativeCrashReporter.run(NativeCrashListener.java:86)
I/InputDispatcher( 1897): Dropping event because there is no touchable window at (611, 451).
I/InputDispatcher( 1897): Dropping event because there is no touchable window at (568, 463).
I/InputDispatcher( 1897): Dropping event because there is no touchable window at (550, 466).
I/InputDispatcher( 1897): Dropping event because there is no touchable window at (539, 466).
I/InputDispatcher( 1897): Dropping event because there is no touchable window at (531, 466).
I/InputDispatcher( 1897): Dropping event because there is no touchable window at (518, 466).
I/InputDispatcher( 1897): Dropping event because there is no touchable window at (513, 466).
I/InputDispatcher( 1897): Dropping event because there is no touchable window at (510, 464).
I/InputDispatcher( 1897): Dropping event because there is no touchable window at (508, 462).
I/InputDispatcher( 1897): Dropping event because there is no touchable window at (504, 459).
I/InputDispatcher( 1897): Dropping event because there is no touchable window at (504, 458).
I/InputDispatcher( 1897): Dropping event because there is no touchable window at (504, 457).
I/InputDispatcher( 1897): Dropping event because there is no touchable window at (502, 456).
I/InputDispatcher( 1897): Dropping event because there is no touchable window at (500, 454).
I/InputDispatcher( 1897): Dropping event because there is no touchable window at (498, 453).
I/InputDispatcher( 1897): Dropping event because there is no touchable window at (495, 452).
I/InputDispatcher( 1897): Dropping event because there is no touchable window at (492, 451).
I/InputDispatcher( 1897): Dropping event because there is no touchable window at (490, 451).
I/InputDispatcher( 1897): Dropping event because there is no touchable window at (488, 451).
I/InputDispatcher( 1897): Dropping event because there is no touchable window at (487, 450).
I/InputDispatcher( 1897): Dropping event because there is no touchable window at (486, 450).
I/InputDispatcher( 1897): Dropping event because there is no touchable window at (486, 450).
I/InputDispatcher( 1897): Dropping event because there is no touchable window at (486, 450).
W/InputDispatcher( 1897): channel '2173c054 com.android.camera2/com.android.camera.CameraLauncher (server)' ~ Consumer closed input channel or an error occurred. events=0x9
E/InputDispatcher( 1897): channel '2173c054 com.android.camera2/com.android.camera.CameraLauncher (server)' ~ Channel is unrecoverably broken and will be disposed!
E/CameraHardware( 1566): fillPreviewWindow: Unable to dequeue preview window buffer: 32 -> Broken pipe
D/CameraHardware( 1566): CameraHardware::disableMsgType: 65535
D/CameraHardware( 1566): CameraHardware::stopPreview
D/CameraHardware( 1566): CameraHardware::stopPreviewLocked
D/CameraHardware( 1566): CameraHardware::stopPreviewLocked: stopping PreviewThread
D/KbdSensor( 1897): poll_setDelay: dev=0x72978720 delay-ns=66667000
D/KbdSensor( 1897): poll_setDelay: dev=0x72978720 delay-ns=66667000
I/WindowState( 1897): WIN DEATH: Window{217b435c u0 com.android.camera2/com.android.camera.CameraLauncher}
D/Zygote ( 1564): Process 5313 terminated by signal (11)
D/CameraHardware( 1566): CameraHardware::stopPreviewLocked: Uninit
D/CameraHardware( 1566): CameraHardware::stopPreviewLocked: StopStreaming
D/dalvikvm( 1897): GC_FOR_ALLOC freed 515K, 25% free 8897K/11708K, paused 38ms, total 38ms
I/dalvikvm-heap( 1897): Grow heap (frag case) to 9.044MB for 281892-byte allocation
D/CameraHardware( 1566): CameraHardware::stopPreviewLocked: Close
D/CameraHardware( 1566): CameraHardware::stopPreviewLocked: OK
D/CameraHardware( 1566): CameraHardware::cancelPicture
D/CameraHardware( 1566): CameraHardware::releaseCamera
W/CameraClient( 1566): native_window_api_disconnect failed: Broken pipe (-32)
D/CameraHardware( 1566): CameraHardware::setPreviewWindow: preview_stream_ops: 0x0
I/CameraClient( 1566): Destroying camera 0
D/CameraHardware( 1566): CameraHardware::closeCamera
D/CameraHardware( 1566): CameraHardware::releaseCamera
D/dalvikvm( 1897): GC_FOR_ALLOC freed <1K, 24% free 9172K/11984K, paused 33ms, total 33ms
W/InputDispatcher( 1897): Attempted to unregister already unregistered input channel '2173c054 com.android.camera2/com.android.camera.CameraLauncher (server)'
I/WindowState( 1897): WIN DEATH: Window{2173c054 u0 com.android.camera2/com.android.camera.CameraLauncher}
I/ActivityManager( 1897): Process com.android.camera2 (pid 5313) has died.
F/ActivityManager( 1897): Service ServiceRecord{21b1fdf4 u0 com.android.camera2/com.android.camera.MediaSaveService} in process ProcessRecord{217c470c 5313:com.android.camera2/u0a32} not same as in map: null
D/dalvikvm( 2197): GC_CONCURRENT freed 393K, 11% free 3880K/4356K, paused 0ms+0ms, total 8ms
D/dalvikvm( 4599): GC_CONCURRENT freed 360K, 12% free 3832K/4336K, paused 5ms+7ms, total 24ms
D/dalvikvm( 2314): GC_CONCURRENT freed 915K, 20% free 7178K/8876K, paused 1ms+11ms, total 39ms
D/ConnectivityService( 1897): special network not available ni=mobile_hipri
D/dalvikvm( 2197): GC_FOR_ALLOC freed 356K, 14% free 3876K/4476K, paused 17ms, total 17ms
D/dalvikvm( 4599): GC_CONCURRENT freed 398K, 12% free 3878K/4368K, paused 1ms+1ms, total 10ms
D/dalvikvm( 2197): GC_CONCURRENT freed 283K, 11% free 3986K/4476K, paused 4ms+3ms, total 17ms
D/dalvikvm( 4955): GC_CONCURRENT freed 523K, 12% free 4533K/5140K, paused 2ms+3ms, total 18ms
D/Volley ( 2314): [1] Request.finish: 3209 ms: [ ] https://www.googleapis.com/plus/v2whitelisted/people/me/people/all?prettyPrint=true&fields=items(etag,id,names,nicknames,images,urls,sortKeys,taglines,emails,phoneNumbers,addresses,metadata,memberships,legacyFields/mobileOwnerId),nextPageToken,nextSyncToken&customResponseMaskingType=menagerie&includeAffinity=gplusAutocomplete&includeAffinity=chatAutocomplete&includeAffinity=emailAutocomplete&includeOthers=true&maxResults=100&orderBy=modified&pageToken=CGQQ0bqwroEq 0x30b75e1c NORMAL 12
D/dalvikvm( 2197): GC_CONCURRENT freed 707K, 18% free 3790K/4580K, paused 1ms+1ms, total 8ms
D/dalvikvm( 2197): WAIT_FOR_CONCURRENT_GC blocked 2ms
I/BooksSync( 4599): Finished books sync
I/ActivityManager( 1897): Killing 4888:com.android.provision/u0a71 (adj 15): empty #17
W/Gmail ( 4753): Sync started for account: account:-868725537
I/Gmail ( 4753): notifyAccountChanged
I/Gmail ( 4753): getAccountsCursor
D/dalvikvm( 4753): GC_CONCURRENT freed 331K, 12% free 3264K/3680K, paused 1ms+2ms, total 8ms
E/Gmail.LabelManager( 4753): Unable to get label ^i for account flotux2@googlemail.com
E/Gmail ( 4753): Couldn't find label: ^i
D/dalvikvm( 2314): GC_CONCURRENT freed 1398K, 19% free 7191K/8876K, paused 1ms+9ms, total 32ms
D/dalvikvm( 4753): Trying to load lib /data/app-lib/GmsCore/libgmscore.so 0x42e59530
E/houdini_hook( 4753): Unable to open libdvm_houdini lib
E/houdini_hook( 4753): Unable to open libdvm_houdini lib
E/houdini_hook( 4753): Unable to open libdvm_houdini lib
E/houdini_hook( 4753): Unable to open libdvm_houdini lib
E/houdini_hook( 4753): Unable to open libdvm_houdini lib
E/houdini_hook( 4753): Unable to open libdvm_houdini lib
E/dalvikvm( 4753): dlopen("/data/app-lib/GmsCore/libgmscore.so") failed: dlopen failed: library "/data/app-lib/GmsCore/libgmscore.so" not found
E/ProviderInstaller( 4753): Unable to load native code from /data/app-lib/GmsCore/libgmscore.so
E/houdini_hook( 4753): Unable to open libdvm_houdini lib
E/houdini_hook( 4753): Unable to open libdvm_houdini lib
E/houdini_hook( 4753): Unable to open libdvm_houdini lib
E/houdini_hook( 4753): Unable to open libdvm_houdini lib
E/houdini_hook( 4753): Unable to open libdvm_houdini lib
E/houdini_hook( 4753): Unable to open libdvm_houdini lib
D/dalvikvm( 4753): No JNI_OnLoad found in /system/lib/libgmscore.so 0x42e59530, skipping init
D/dalvikvm( 4753): Trying to load lib /data/app-lib/GmsCore/libconscrypt_gmscore_jni.so 0x42e59530
E/houdini_hook( 4753): Unable to open libdvm_houdini lib
E/houdini_hook( 4753): Unable to open libdvm_houdini lib
E/houdini_hook( 4753): Unable to open libdvm_houdini lib
E/houdini_hook( 4753): Unable to open libdvm_houdini lib
E/houdini_hook( 4753): Unable to open libdvm_houdini lib
E/houdini_hook( 4753): Unable to open libdvm_houdini lib
E/dalvikvm( 4753): dlopen("/data/app-lib/GmsCore/libconscrypt_gmscore_jni.so") failed: dlopen failed: library "/data/app-lib/GmsCore/libconscrypt_gmscore_jni.so" not found
E/ProviderInstaller( 4753): Unable to load native code from /data/app-lib/GmsCore/libconscrypt_gmscore_jni.so
E/houdini_hook( 4753): Unable to open libdvm_houdini lib
E/houdini_hook( 4753): Unable to open libdvm_houdini lib
E/houdini_hook( 4753): Unable to open libdvm_houdini lib
E/houdini_hook( 4753): Unable to open libdvm_houdini lib
E/houdini_hook( 4753): Unable to open libdvm_houdini lib
E/houdini_hook( 4753): Unable to open libdvm_houdini lib
V/JNIHelp ( 4753): Registering com/google/android/gms/org/conscrypt/NativeCrypto's 227 native methods...
D/dalvikvm( 4753): GC_CONCURRENT freed 322K, 11% free 3375K/3784K, paused 3ms+2ms, total 13ms
I/ProviderInstaller( 4753): Installed default security provider GmsCore_OpenSSL
D/dalvikvm( 2197): GC_CONCURRENT freed 314K, 16% free 3865K/4580K, paused 1ms+10ms, total 21ms
I/GLSUser ( 4955): [GLSUser] getTokenFromCache: [account: , callingPkg: com.google.android.gm, service: mail]
I/GLSUser ( 4955): [GLSUser] getTokenFromGoogle [account: , callingPkg: com.google.android.gm, service: mail
D/dalvikvm( 2197): GC_CONCURRENT freed 351K, 15% free 3903K/4580K, paused 1ms+3ms, total 13ms
D/ConnectivityService( 1897): special network not available ni=mobile_hipri
D/dalvikvm( 2197): GC_CONCURRENT freed 400K, 15% free 3921K/4580K, paused 1ms+1ms, total 10ms
D/dalvikvm( 2314): GC_CONCURRENT freed 2108K, 26% free 6592K/8876K, paused 4ms+2ms, total 46ms
D/dalvikvm( 2314): WAIT_FOR_CONCURRENT_GC blocked 14ms
I/GLSUser ( 4955): [GLSUser] getAuthtoken(, mail) -> status: null)
I/GLSUser ( 4955): [GLSUser] Extracting token using key: Auth
W/GLSUser ( 4955): [GLSUser] Permission for com.google.android.gm to access mail will be managed locally.
D/dalvikvm( 4955): GC_CONCURRENT freed 438K, 11% free 4606K/5140K, paused 1ms+1ms, total 39ms
D/dalvikvm( 4753): GC_CONCURRENT freed 216K, 9% free 3578K/3904K, paused 2ms+3ms, total 14ms
D/dalvikvm( 2197): GC_CONCURRENT freed 375K, 15% free 3937K/4580K, paused 2ms+1ms, total 32ms
I/GlobalDismissManager( 5098): no sender configured
D/AlertService( 5098): Beginning updateAlertNotification
D/AlertService( 5098): No fired or scheduled alerts
D/AlertService( 5098): Scheduling next alarm with AlarmScheduler. sEventReminderReceived: null
D/AlarmScheduler( 5098): No events found starting within 1 week.
D/dalvikvm( 2197): GC_CONCURRENT freed 783K, 23% free 3538K/4580K, paused 0ms+1ms, total 9ms
D/audio_hw_primary( 1566): found out /dev/snd/pcmC0D0p
W/InputMethodManagerService( 1897): Got RemoteException sending setActive(false) notification to pid 5313 uid 10032
W/Binder ( 2082): Caught a RuntimeException from the binder stub implementation.
W/Binder ( 2082): java.lang.NullPointerException
W/Binder ( 2082): at android.inputmethodservice.IInputMethodWrapper.setSessionEnabled(IInputMethodWrapper.java:280)
W/Binder ( 2082): at com.android.internal.view.IInputMethod$Stub.onTransact(IInputMethod.java:129)
W/Binder ( 2082): at android.os.Binder.execTransact(Binder.java:404)
W/Binder ( 2082): at dalvik.system.NativeStart.run(Native Method)
D/dalvikvm( 4955): GC_CONCURRENT freed 588K, 13% free 4565K/5240K, paused 5ms+2ms, total 32ms
D/dalvikvm( 2197): GC_CONCURRENT freed 204K, 17% free 3822K/4580K, paused 0ms+1ms, total 9ms
D/dalvikvm( 4753): GC_CONCURRENT freed 254K, 9% free 3746K/4088K, paused 1ms+4ms, total 12ms
I/GLSUser ( 4955): [GLSUser] getTokenFromCache: [account: , callingPkg: com.google.android.gms, service: oauth2:https://www.googleapis.com/auth/plus.circles.read https://www.googleapis.com/auth/plus.circles.write https://www.googleapis.com/auth/plus.media.upload https://www.googleapis.com/auth/plus.pages.manage https://www.googleapis.com/auth/plus.me https://www.googleapis.com/auth/plus.profiles.read https://www.googleapis.com/auth/plus.profiles.write https://www.googleapis.com/auth/plus.stream.read https://www.googleapis.com/auth/plus.peopleapi.readwrite https://www.googleapis.com/auth/plus.applications.manage https://www.googleapis.com/auth/plus.settings]
I/Auth.Core( 4955): [TokenCache] Missing snowballing token: no granted scopes set.
I/PeopleSync( 2314): Sync finished, successful=true, took 55115ms
D/dalvikvm( 2314): GC_FOR_ALLOC freed 2208K, 39% free 5475K/8876K, paused 18ms, total 18ms
D/dalvikvm( 2197): GC_CONCURRENT freed 292K, 15% free 3918K/4580K, paused 0ms+0ms, total 7ms
I/PeopleSync( 2314): ***Sync finished***, duration: 177230 [5d2d5f67]
D/ChimeraRcvrProxy( 2314): Creating receiver proxy ComponentInfo{com.google.android.gms/com.google.android.gms.games.chimera.GamesSystemBroadcastReceiverProxy}
D/ChimeraRcvrProxy( 2314): Proxying container receiver ComponentInfo{com.google.android.gms/com.google.android.gms.games.chimera.GamesSystemBroadcastReceiverProxy} to Chimera receiver impl com.google.android.gms.games.receiver.PlaySystemBroadcastReceiver
D/ChimeraCfgMgr( 2314): Loading module com.google.android.gms.games from APK com.google.android.play.games
D/ChimeraModuleLdr( 2314): Loading module APK com.google.android.play.games
E/dalvikvm( 2314): Dex cache directory isn't writable: /data/dalvik-cache
I/dalvikvm( 2314): Unable to open or create cache for /system/app/PlayGames.apk (/data/dalvik-cache/system@app@PlayGames.apk@classes.dex)
E/ChimeraModuleLdr( 2314): Initialization failed for module com.google.android.play.games
E/ChimeraModuleLdr( 2314): java.lang.ClassNotFoundException: Didn't find class "com.google.android.gms.chimera.GmsModuleInitializer" on path: DexPathList[[zip file "/system/app/PlayGames.apk"],nativeLibraryDirectories=[/system/lib, /system/lib/arm]]
E/ChimeraModuleLdr( 2314): at dalvik.system.BaseDexClassLoader.findClass(BaseDexClassLoader.java:56)
E/ChimeraModuleLdr( 2314): at java.lang.ClassLoader.loadClass(ClassLoader.java:497)
E/ChimeraModuleLdr( 2314): at java.lang.ClassLoader.loadClass(ClassLoader.java:457)
E/ChimeraModuleLdr( 2314): at com.google.android.gms.chimera.container.GmsModuleApi.onApkLoaded(SourceFile:39)
E/ChimeraModuleLdr( 2314): at com.google.android.chimera.container.a.i.a(SourceFile:105)
E/ChimeraModuleLdr( 2314): at com.google.android.chimera.container.a.a(SourceFile:308)
E/ChimeraModuleLdr( 2314): at com.google.android.chimera.BroadcastReceiverProxy.onReceive(SourceFile:65)
E/ChimeraModuleLdr( 2314): at android.app.ActivityThread.handleReceiver(ActivityThread.java:2407)
E/ChimeraModuleLdr( 2314): at android.app.ActivityThread.access$1700(ActivityThread.java:135)
E/ChimeraModuleLdr( 2314): at android.app.ActivityThread$H.handleMessage(ActivityThread.java:1272)
E/ChimeraModuleLdr( 2314): at android.os.Handler.dispatchMessage(Handler.java:102)
E/ChimeraModuleLdr( 2314): at android.os.Looper.loop(Looper.java:136)
E/ChimeraModuleLdr( 2314): at android.app.ActivityThread.main(ActivityThread.java:5001)
E/ChimeraModuleLdr( 2314): at java.lang.reflect.Method.invokeNative(Native Method)
E/ChimeraModuleLdr( 2314): at java.lang.reflect.Method.invoke(Method.java:515)
E/ChimeraModuleLdr( 2314): at com.android.internal.os.ZygoteInit$MethodAndArgsCaller.run(ZygoteInit.java:785)
E/ChimeraModuleLdr( 2314): at com.android.internal.os.ZygoteInit.main(ZygoteInit.java:601)
E/ChimeraModuleLdr( 2314): at dalvik.system.NativeStart.main(Native Method)
E/ChimeraModuleLdr( 2314): Suppressed: java.io.IOException: unable to open DEX file
E/ChimeraModuleLdr( 2314): at dalvik.system.DexFile.openDexFileNative(Native Method)
E/ChimeraModuleLdr( 2314): at dalvik.system.DexFile.openDexFile(DexFile.java:296)
E/ChimeraModuleLdr( 2314): at dalvik.system.DexFile.(DexFile.java:80)
E/ChimeraModuleLdr( 2314): at dalvik.system.DexFile.(DexFile.java:59)
E/ChimeraModuleLdr( 2314): at dalvik.system.DexPathList.loadDexFile(DexPathList.java:263)
E/ChimeraModuleLdr( 2314): at dalvik.system.DexPathList.makeDexElements(DexPathList.java:230)
E/ChimeraModuleLdr( 2314): at dalvik.system.DexPathList.(DexPathList.java:112)
E/ChimeraModuleLdr( 2314): at dalvik.system.BaseDexClassLoader.(BaseDexClassLoader.java:48)
E/ChimeraModuleLdr( 2314): at dalvik.system.PathClassLoader.(PathClassLoader.java:65)
E/ChimeraModuleLdr( 2314): at com.google.android.chimera.container.f.a(SourceFile:30)
E/ChimeraModuleLdr( 2314): at com.google.android.chimera.container.a.i.a(SourceFile:87)
E/ChimeraModuleLdr( 2314): ... 13 more
E/ChimeraRcvrProxy( 2314): Failed to load module containing Chimera receiver impl for ComponentInfo{com.google.android.gms/com.google.android.gms.games.chimera.GamesSystemBroadcastReceiverProxy}, dropping broadcast
D/dalvikvm( 2197): GC_CONCURRENT freed 377K, 14% free 3949K/4580K, paused 0ms+2ms, total 9ms
D/dalvikvm( 2197): GC_CONCURRENT freed 386K, 14% free 3978K/4580K, paused 2ms+1ms, total 10ms
D/ConnectivityService( 1897): special network not available ni=mobile_hipri
D/dalvikvm( 2197): GC_FOR_ALLOC freed 319K, 14% free 3967K/4580K, paused 6ms, total 6ms
I/Gmail ( 4753): notifyAccountChanged
I/Gmail ( 4753): getAccountsCursor
D/dalvikvm( 2197): GC_CONCURRENT freed 285K, 11% free 4090K/4580K, paused 0ms+2ms, total 13ms
D/dalvikvm( 4753): GC_EXPLICIT freed 390K, 12% free 3696K/4172K, paused 1ms+1ms, total 22ms
E/Gmail.LabelManager( 4753): Unable to get label ^i for account flotux2@googlemail.com
E/Gmail ( 4753): Couldn't find label: ^i
D/dalvikvm( 4955): GC_CONCURRENT freed 307K, 9% free 4823K/5280K, paused 2ms+3ms, total 15ms
D/dalvikvm( 1897): GC_EXPLICIT freed 639K, 23% free 9249K/11984K, paused 1ms+3ms, total 42ms
I/Gmail ( 4753): getStartSyncRequest: handledServerOpId: 0, upperFetchedConvoId: 0, lowerFetchedConvoId: 0, ackedClientOp: 0
V/NQFileLogger( 4955): [309] e.a: about to write to file
D/dalvikvm( 4955): GC_CONCURRENT freed 795K, 16% free 4690K/5572K, paused 1ms+3ms, total 17ms
D/dalvikvm( 2197): GC_CONCURRENT freed 822K, 21% free 3658K/4580K, paused 2ms+1ms, total 11ms
I/GLSUser ( 4955): [GLSUser] getTokenFromCache: [account: , callingPkg: com.google.android.gm, service: mail]
D/dalvikvm( 2197): GC_CONCURRENT freed 87K, 14% free 3972K/4580K, paused 1ms+0ms, total 17ms
I/InputReader( 1897): Reconfiguring input devices. changes=0x00000010
I/PackageManager( 1897): Action: "android.intent.action.SENDTO"
I/PackageManager( 1897): Category: "android.intent.category.DEFAULT"
I/PackageManager( 1897): Scheme: "sms"
I/PackageManager( 1897): Adding preferred activity ComponentInfo{com.android.mms/com.android.mms.ui.ComposeMessageActivity} for user 0 :
I/PackageManager( 1897): Action: "android.intent.action.SENDTO"
I/PackageManager( 1897): Category: "android.intent.category.DEFAULT"
I/PackageManager( 1897): Scheme: "smsto"
I/PackageManager( 1897): Adding preferred activity ComponentInfo{com.android.mms/com.android.mms.ui.ComposeMessageActivity} for user 0 :
W/Launcher( 3395): setApplicationContext called twice! old=com.android.launcher3.LauncherApplication@216d41dc new=com.android.launcher3.LauncherApplication@216d41dc
I/PackageManager( 1897): Action: "android.intent.action.SENDTO"
I/PackageManager( 1897): Category: "android.intent.category.DEFAULT"
I/PackageManager( 1897): Scheme: "mms"
I/PackageManager( 1897): Adding preferred activity ComponentInfo{com.android.mms/com.android.mms.ui.ComposeMessageActivity} for user 0 :
W/Launcher.Model( 5220): Nobody to tell about the new app. Launcher is probably loading.
D/PackageBroadcastService( 2314): Received broadcast action=android.intent.action.PACKAGE_CHANGED and uri=com.google.android.music
W/BackupManagerService( 1897): dataChanged but no participant pkg='com.cyanogenmod.trebuchet' uid=10020
I/UpdateIcingCorporaServi( 2636): Updating corpora: APPS=com.google.android.music, CONTACTS=MAYBE
I/PackageManager( 1897): Action: "android.intent.action.SENDTO"
I/PackageManager( 1897): Category: "android.intent.category.DEFAULT"
I/PackageManager( 1897): Scheme: "mmsto"
I/PackageManager( 1897): Adding preferred activity ComponentInfo{com.android.mms/com.android.mms.ui.ComposeMessageActivity} for user 0 :
I/PeopleContactsSync( 2314): CP2 sync disabled
I/PackageManager( 1897): Action: "android.intent.action.SENDTO"
I/PackageManager( 1897): Category: "android.intent.category.DEFAULT"
I/PackageManager( 1897): Scheme: "sms"
I/PackageManager( 1897): Adding preferred activity ComponentInfo{com.android.mms/com.android.mms.ui.ComposeMessageActivity} for user 0 :
I/PackageManager( 1897): Action: "android.intent.action.SENDTO"
I/PackageManager( 1897): Category: "android.intent.category.DEFAULT"
I/PackageManager( 1897): Scheme: "smsto"
I/PackageManager( 1897): Adding preferred activity ComponentInfo{com.android.mms/com.android.mms.ui.ComposeMessageActivity} for user 0 :
I/UpdateIcingCorporaServi( 2636): UpdateCorporaTask done [took 47 ms] updated apps [took 47 ms]
I/PackageManager( 1897): Action: "android.intent.action.SENDTO"
I/PackageManager( 1897): Category: "android.intent.category.DEFAULT"
I/PackageManager( 1897): Scheme: "mms"
I/PackageManager( 1897): Adding preferred activity ComponentInfo{com.android.mms/com.android.mms.ui.ComposeMessageActivity} for user 0 :
I/PackageManager( 1897): Action: "android.intent.action.SENDTO"
I/PackageManager( 1897): Category: "android.intent.category.DEFAULT"
I/PackageManager( 1897): Scheme: "mmsto"
I/PackageManager( 1897): Adding preferred activity ComponentInfo{com.android.mms/com.android.mms.ui.ComposeMessageActivity} for user 0 :
W/LocationProviderProxy-fused( 1897): com.google.android.gms resolves service com.android.location.service.FusedLocationProvider, but has wrong signature, ignoring
V/NQFileLogger( 4955): [312] e.a: about to write to file
D/ConnectivityService( 1897): special network not available ni=mobile_hipri
I/Gmail ( 4753): StartSyncInfoProto: Personal inbox enabled: true
W/Gmail ( 4753): Could not find personal inbox android config protobuf
W/Gmail ( 4753): Could not find personal inbox android config protobuf
W/Gmail ( 4753): Could not find personal inbox android config protobuf
W/Gmail ( 4753): Could not find personal inbox android config protobuf
W/Gmail ( 4753): Could not find personal inbox android config protobuf
W/Gmail ( 4753): Could not find personal inbox android config protobuf
I/Gmail ( 4753): Migrating sync settings from ^i to ^sq_ig_i_personal /// [^sq_ig_i_personal]
I/Gmail ( 4753): config changed locally to changed the label sets to: included(), partial([^i, ^f, ^iim, ^sq_ig_i_personal])
I/Gmail ( 4753): calculateUnknownSyncRationalesAndPurgeInBackground: exiting (labelMap not synced
D/dalvikvm( 4753): GC_CONCURRENT freed 342K, 12% free 3742K/4244K, paused 1ms+1ms, total 9ms
I/Gmail ( 4753): Migrating notification settings from ^i to ^sq_ig_i_personal
W/ActivityManager( 1897): Unable to start service Intent { act=com.android.mail.action.BACKUP_DATA_CHANGED pkg=com.google.android.gm } U=0: not found
W/ActivityManager( 1897): Unable to start service Intent { act=com.android.mail.action.BACKUP_DATA_CHANGED pkg=com.google.android.gm } U=0: not found
W/ActivityManager( 1897): Unable to start service Intent { act=com.android.mail.action.BACKUP_DATA_CHANGED pkg=com.google.android.gm } U=0: not found
W/ActivityManager( 1897): Unable to start service Intent { act=com.android.mail.action.BACKUP_DATA_CHANGED pkg=com.google.android.gm } U=0: not found
W/ActivityManager( 1897): Unable to start service Intent { act=com.android.mail.action.BACKUP_DATA_CHANGED pkg=com.google.android.gm } U=0: not found
I/Gmail ( 4753): config changed locally to changed the label sets to: included(), partial([^f, ^iim, ^sq_ig_i_personal])
I/Gmail ( 4753): calculateUnknownSyncRationalesAndPurgeInBackground: exiting (labelMap not synced
I/Gmail ( 4753): notifyAccountChanged
I/Gmail ( 4753): getAccountsCursor
E/Gmail.LabelManager( 4753): Unable to get label ^sq_ig_i_personal for account flotux2@googlemail.com
E/Gmail ( 4753): Couldn't find label: ^sq_ig_i_personal
E/Gmail.LabelManager( 4753): Unable to get label ^sq_ig_i_personal for account flotux2@googlemail.com
E/Gmail ( 4753): Couldn't find label: ^sq_ig_i_personal
I/Gmail ( 4753): StartSyncInfoProto: Personal inbox android config: com.google.c.c.a.a@217713f0
W/Gmail ( 4753): Could not find personal inbox android config protobuf
D/dalvikvm( 4753): GC_CONCURRENT freed 411K, 13% free 3772K/4336K, paused 1ms+2ms, total 13ms
I/Gmail ( 4753): config changed locally to changed the label sets to: included(), partial([^sq_ig_i_social, ^f, ^sq_ig_i_promo, ^iim, ^sq_ig_i_personal])
I/Gmail ( 4753): calculateUnknownSyncRationalesAndPurgeInBackground: exiting (labelMap not synced
I/Gmail ( 4753): notifyAccountChanged
I/Gmail ( 4753): getAccountsCursor
E/Gmail.LabelManager( 4753): Unable to get label ^sq_ig_i_personal for account flotux2@googlemail.com
E/Gmail ( 4753): Couldn't find label: ^sq_ig_i_personal
D/dalvikvm( 4753): GC_CONCURRENT freed 393K, 13% free 3790K/4336K, paused 0ms+1ms, total 7ms
D/dalvikvm( 4753): GC_CONCURRENT freed 449K, 14% free 3797K/4396K, paused 0ms+1ms, total 8ms
D/dalvikvm( 4753): GC_CONCURRENT freed 464K, 14% free 3781K/4396K, paused 0ms+1ms, total 7ms
D/dalvikvm( 4753): GC_CONCURRENT freed 410K, 13% free 3829K/4396K, paused 0ms+1ms, total 7ms
D/dalvikvm( 4753): GC_CONCURRENT freed 463K, 14% free 3857K/4440K, paused 1ms+1ms, total 10ms
D/dalvikvm( 4753): GC_CONCURRENT freed 497K, 15% free 3806K/4452K, paused 1ms+1ms, total 8ms
D/dalvikvm( 4753): GC_CONCURRENT freed 407K, 13% free 3875K/4452K, paused 0ms+0ms, total 9ms
D/dalvikvm( 4753): GC_CONCURRENT freed 469K, 14% free 3863K/4480K, paused 1ms+1ms, total 8ms
D/dalvikvm( 4753): GC_CONCURRENT freed 472K, 15% free 3845K/4480K, paused 0ms+1ms, total 7ms
D/dalvikvm( 4753): GC_CONCURRENT freed 471K, 15% free 3825K/4480K, paused 1ms+1ms, total 8ms
D/dalvikvm( 4753): GC_CONCURRENT freed 439K, 15% free 3836K/4480K, paused 0ms+1ms, total 7ms
D/dalvikvm( 4753): GC_CONCURRENT freed 439K, 14% free 3860K/4480K, paused 0ms+1ms, total 8ms
I/Gmail ( 4753): notifyAccountChanged
I/Gmail ( 4753): getAccountsCursor
D/dalvikvm( 4753): GC_CONCURRENT freed 501K, 15% free 3838K/4484K, paused 1ms+1ms, total 9ms
D/dalvikvm( 4753): GC_CONCURRENT freed 450K, 15% free 3842K/4484K, paused 1ms+0ms, total 8ms
D/dalvikvm( 4753): GC_CONCURRENT freed 458K, 15% free 3846K/4484K, paused 0ms+1ms, total 8ms
D/dalvikvm( 4753): GC_CONCURRENT freed 411K, 13% free 3911K/4484K, paused 1ms+2ms, total 11ms
I/Gmail ( 4753): checkLabelsSets changed the label sets to: included([^r, ^^out]), partial([^sq_ig_i_social, ^f, ^sq_ig_i_promo, ^sq_ig_i_personal, ^iim]), all([^sq_ig_i_social, userlabel:1123230114, ^p_bs, userlabel:-1392717094, userlabel:90242001, userlabel:2914456, ^smartlabel_social, ^io_im, ^smartlabel_promo, ^p_abs, userlabel:90241997, ^smartlabel_notification, userlabel:-55606566, userlabel:382548592, userlabel:94101, ^p_mtunsub, userlabel:93982, userlabel:-934726650, ^smartlabel_personal, userlabel:1680828287, userlabel:90242029, userlabel:-1409638305, userlabel:-1492276990, userlabel:-1492276991, userlabel:-1492276992, userlabel:2914615, ^p_aunsub, userlabel:94076, ^imi, userlabel:-244132349, ^iim, userlabel:-812318908, ^all, ^smartlabel_group, userlabel:1749496644, ^sq_ig_i_personal, userlabel:956638479, ^imn, userlabel:2896756, userlabel:614875005, userlabel:-1492276993, userlabel:-1492276994, ^i, ^g, ^f, ^sq_ig_i_promo, userlabel:-979976414, userlabel:-1508083783, ^k, userlabel:3011, userlabel:-1711782184, userlabel:93692, ^b, userlabel:3026, userlabel:3025, userlabel:105008833, ^t, ^u, ^punsub, ^r, userlabel:-1492383895, ^s])
I/Gmail ( 4753): calculateUnknownSyncRationalesAndPurgeInBackground: queueing
I/Gmail ( 4753): calculateUnknownSyncRationalesAndPurgeInBackground: running
D/dalvikvm( 4753): GC_CONCURRENT freed 454K, 15% free 3854K/4484K, paused 2ms+2ms, total 13ms
D/dalvikvm( 4753): GC_EXPLICIT freed 65K, 15% free 3812K/4484K, paused 1ms+0ms, total 9ms
I/GLSUser ( 4955): [GLSUser] getTokenFromCache: [account: , callingPkg: com.google.android.gm, service: mail]
D/ConnectivityService( 1897): special network not available ni=mobile_hipri
D/dalvikvm( 4753): GC_EXPLICIT freed 53K, 15% free 3812K/4484K, paused 2ms+1ms, total 15ms
I/Gmail ( 4753): getStartSyncRequest: handledServerOpId: 144095, upperFetchedConvoId: 0, lowerFetchedConvoId: 0, ackedClientOp: 0
V/NQFileLogger( 4955): [315] e.a: about to write to file
I/GLSUser ( 4955): [GLSUser] getTokenFromCache: [account: , callingPkg: com.google.android.gm, service: mail]
D/dalvikvm( 4955): GC_CONCURRENT freed 562K, 16% free 4735K/5572K, paused 2ms+3ms, total 19ms
V/NQFileLogger( 4955): [315] e.a: about to write to file
I/Gmail ( 4753): StartSyncInfoProto: Personal inbox enabled: true
I/Gmail ( 4753): StartSyncInfoProto: Personal inbox android config: com.google.c.c.a.a@216ecd80
I/Icing ( 2314): Indexing 23E083F6CA563EB079E44EB5D2A420F59D302FE8 from com.google.android.apps.books
D/dalvikvm( 4753): GC_CONCURRENT freed 403K, 15% free 3836K/4484K, paused 4ms+0ms, total 17ms
I/Icing ( 2314): Indexing done 23E083F6CA563EB079E44EB5D2A420F59D302FE8
D/dalvikvm( 4753): GC_CONCURRENT freed 421K, 15% free 3818K/4484K, paused 2ms+2ms, total 15ms
D/dalvikvm( 4753): GC_CONCURRENT freed 436K, 15% free 3845K/4484K, paused 0ms+1ms, total 8ms
D/dalvikvm( 4753): GC_CONCURRENT freed 446K, 14% free 3870K/4484K, paused 2ms+1ms, total 9ms
D/dalvikvm( 4753): GC_CONCURRENT freed 442K, 14% free 3896K/4488K, paused 0ms+1ms, total 8ms
D/ConnectivityService( 1897): special network not available ni=mobile_hipri
D/dalvikvm( 4753): GC_CONCURRENT freed 502K, 15% free 3869K/4520K, paused 2ms+1ms, total 9ms
D/dalvikvm( 4753): GC_CONCURRENT freed 430K, 15% free 3864K/4520K, paused 1ms+3ms, total 13ms
D/audio_hw_primary( 1566): found out /dev/snd/pcmC0D0p
I/ActivityManager( 1897): START u0 {act=android.intent.action.MAIN cat=[android.intent.category.LAUNCHER] flg=0x10200000 cmp=com.android.camera2/com.android.camera.CameraLauncher} from pid 3395
D/dalvikvm( 4753): GC_CONCURRENT freed 443K, 15% free 3866K/4520K, paused 1ms+2ms, total 10ms
W/BroadcastQueue( 1897): Permission Denial: broadcasting Intent { act=com.android.launcher3.action.LAUNCH flg=0x10 (has extras) } from com.cyanogenmod.trebuchet (pid=3395, uid=10020) requires com.google.android.launcher.permission.RECEIVE_LAUNCH_BROADCASTS due to receiver com.google.android.googlequicksearchbox/com.google.android.search.core.icingsync.ApplicationLaunchReceiver
W/BroadcastQueue( 1897): Permission Denial: receiving Intent { act=com.android.launcher3.action.LAUNCH flg=0x10 (has extras) } to com.google.android.googlequicksearchbox/com.google.android.search.core.icingsync.ApplicationLaunchReceiver requires com.android.launcher3.permission.RECEIVE_LAUNCH_BROADCASTS due to sender com.cyanogenmod.trebuchet (uid 10020)
I/ActivityManager( 1897): Start proc com.android.camera2 for activity com.android.camera2/com.android.camera.CameraLauncher: pid=5457 uid=10032 gids={50032, 3003, 1028, 1015, 1023}
D/dalvikvm( 1897): GC_CONCURRENT freed 1380K, 22% free 9459K/11984K, paused 1ms+4ms, total 40ms
D/dalvikvm( 4753): GC_CONCURRENT freed 419K, 15% free 3862K/4520K, paused 4ms+20ms, total 40ms
D/dalvikvm( 5457): GC_CONCURRENT freed 101K, 7% free 2979K/3172K, paused 2ms+1ms, total 7ms
D/dalvikvm( 4753): GC_CONCURRENT freed 421K, 15% free 3842K/4520K, paused 1ms+1ms, total 18ms
D/dalvikvm( 5457): GC_CONCURRENT freed 82K, 5% free 3364K/3532K, paused 1ms+1ms, total 5ms
D/dalvikvm( 4753): GC_CONCURRENT freed 376K, 15% free 3862K/4520K, paused 1ms+3ms, total 11ms
V/NFC ( 5457): this device does not have NFC support
D/dalvikvm( 4753): GC_CONCURRENT freed 423K, 15% free 3858K/4520K, paused 2ms+2ms, total 12ms
D/KbdSensor( 1897): poll_setDelay: dev=0x72978720 delay-ns=66667000
V/CAM_PhotoModule( 5457): On resume.
V/CAM_PhotoModule( 5457): Executing onResumeTasks.
V/CAM_PhotoModule( 5457): Open camera device.
D/Camera_Factory( 1566): CameraFactory::get_camera_info
D/Camera_Factory( 1566): CameraFactory::getCameraInfo: id = 0, info = 0x43a66a00
D/Camera_Factory( 1566): CameraFactory::getCameraNum: 1
D/CameraHardware( 1566): CameraHardware::getCameraInfo
V/CameraHolder( 5457): open camera 0
D/Camera_Factory( 1566): CameraFactory::get_camera_info
D/Camera_Factory( 1566): CameraFactory::getCameraInfo: id = 0, info = 0xbfaadafc
D/Camera_Factory( 1566): CameraFactory::getCameraNum: 1
D/CameraHardware( 1566): CameraHardware::getCameraInfo
D/Camera_Factory( 1566): CameraFactory::get_camera_info
D/Camera_Factory( 1566): CameraFactory::getCameraInfo: id = 0, info = 0xbfaadafc
D/Camera_Factory( 1566): CameraFactory::getCameraNum: 1
D/CameraHardware( 1566): CameraHardware::getCameraInfo
I/AwesomePlayer( 1566): setDataSource_l(URL suppressed)
I/FFmpegExtractor( 1566): android-source:0x42df6cb0
D/FFMPEG ( 1566): android source begin open
D/FFMPEG ( 1566): android open, url: android-source:0x42df6cb0
D/FFMPEG ( 1566): ffmpeg open android data source success, source ptr: 0x42df6cb0
D/FFMPEG ( 1566): android source open success
I/FFMPEG ( 1566): Input #0, ogg, from 'android-source:0x42df6cb0':
