W/ActivityManager( 1897): Scheduling restart of crashed service com.google.android.gms/.config.ConfigService in 50998ms
W/ActivityManager( 1897): Scheduling restart of crashed service com.google.android.gms/.gcm.http.GoogleHttpService in 60997ms
I/ActivityManager( 1897): Start proc com.google.process.gapps for service com.google.android.gms/.gcm.http.GoogleHttpService: pid=4647 uid=10008 gids={50008, 3003, 1007, 1028, 1015, 1023, 3002, 3001, 3007, 2001, 3006}
I/ActivityManager( 1897): START u0 {cmp=com.google.android.gsf.login/.ShowErrorActivity (has extras)} from pid 4100
I/ActivityManager( 1897): Start proc com.google.android.partnersetup for broadcast com.google.android.partnersetup/.RlzPingBroadcastReceiver: pid=4683 uid=10011 gids={50011, 3003}
W/ActivityThread( 4647): ClassLoader.loadClass: The class loader returned by Thread.getContextClassLoader() may fail for processes that host multiple applications. You should explicitly specify a context class loader. For example: Thread.setContextClassLoader(getClass().getClassLoader());
I/ActivityManager( 1897): Start proc com.android.browser for broadcast com.android.browser/.AccountsChangedReceiver: pid=4709 uid=10028 gids={50028, 3003, 1028, 1015, 1023}
W/Vold ( 1559): Returning OperationFailed - no handler for errno 30
W/Vold ( 1559): Returning OperationFailed - no handler for errno 30
W/Vold ( 1559): Returning OperationFailed - no handler for errno 30
W/Vold ( 1559): Returning OperationFailed - no handler for errno 30
E/Vold ( 1559): Failed to find volume for /storage/sdcard1/Android/data/com.android.browser/files/
W/Vold ( 1559): Returning OperationFailed - no handler for errno 30
I/ActivityManager( 1897): Start proc com.google.android.gm for broadcast com.google.android.gm/.AccountsChangedReceiver: pid=4753 uid=10049 gids={50049, 3003, 1028, 1015, 1023}
D/ActivityThread( 4753): Loading provider com.android.gmail.ui: com.google.android.gm.provider.GmailProvider
D/ActivityThread( 4753): Loading provider com.google.android.gmail.provider;com.android.mail.notifier;com.google.android.gm.email.provider;com.google.android.gm.email.notifier: com.android.email.provider.EmailProvider
W/ActivityManager( 1897): Unable to start service Intent { act=com.google.android.gm.email.EXCHANGE_INTENT pkg=com.google.android.gm.exchange } U=0: not found
W/ActivityManager( 1897): Unable to start service Intent { act=com.google.android.gm.email.EXCHANGE_INTENT pkg=com.google.android.gm.exchange } U=0: not found
I/ActivityManager( 1897): Delay finish: com.google.android.gm/.AccountsChangedReceiver
W/ActivityManager( 1897): Unable to start service Intent { act=com.google.android.gm.email.EXCHANGE_INTENT pkg=com.google.android.gm.exchange } U=0: not found
I/ActivityManager( 1897): Resuming delayed broadcast
I/ActivityManager( 1897): Delay finish: com.google.android.gm/com.android.email.service.EmailBroadcastReceiver
D/ConnectivityService( 1897): handleInetConditionHoldEnd: net=1, condition=100, published condition=100
W/ActivityManager( 1897): Unable to start service Intent { act=com.google.android.gm.email.EXCHANGE_INTENT pkg=com.google.android.gm.exchange } U=0: not found
W/ActivityManager( 1897): Unable to start service Intent { cmp=com.google.android.gm/com.android.email.service.AttachmentService } U=0: not found
W/ActivityManager( 1897): Unable to start service Intent { act=com.google.android.gm.email.EXCHANGE_INTENT pkg=com.google.android.gm.exchange } U=0: not found
I/ActivityManager( 1897): Resuming delayed broadcast
E/ActivityThread( 4753): Service com.android.email.service.EmailBroadcastProcessorService has leaked ServiceConnection com.android.emailcommon.service.am@21721bb4 that was originally bound here
E/ActivityThread( 4753): android.app.ServiceConnectionLeaked: Service com.android.email.service.EmailBroadcastProcessorService has leaked ServiceConnection com.android.emailcommon.service.am@21721bb4 that was originally bound here
E/ActivityThread( 4753): at android.app.LoadedApk$ServiceDispatcher.(LoadedApk.java:970)
E/ActivityThread( 4753): at android.app.LoadedApk.getServiceDispatcher(LoadedApk.java:864)
E/ActivityThread( 4753): at android.app.ContextImpl.bindServiceCommon(ContextImpl.java:1569)
E/ActivityThread( 4753): at android.app.ContextImpl.bindService(ContextImpl.java:1552)
E/ActivityThread( 4753): at android.content.ContextWrapper.bindService(ContextWrapper.java:517)
E/ActivityThread( 4753): at com.android.emailcommon.service.ak.a(SourceFile:181)
E/ActivityThread( 4753): at com.android.emailcommon.service.ak.e(SourceFile:224)
E/ActivityThread( 4753): at com.android.email.service.n.c(SourceFile:177)
E/ActivityThread( 4753): at com.android.email.provider.b.a(SourceFile:198)
E/ActivityThread( 4753): at com.android.email.provider.b.a(SourceFile:142)
E/ActivityThread( 4753): at com.android.email.service.EmailBroadcastProcessorService.c(SourceFile:349)
E/ActivityThread( 4753): at com.android.email.service.EmailBroadcastProcessorService.onHandleIntent(SourceFile:1458)
E/ActivityThread( 4753): at android.app.IntentService$ServiceHandler.handleMessage(IntentService.java:65)
E/ActivityThread( 4753): at android.os.Handler.dispatchMessage(Handler.java:102)
E/ActivityThread( 4753): at android.os.Looper.loop(Looper.java:136)
E/ActivityThread( 4753): at android.os.HandlerThread.run(HandlerThread.java:61)
I/ActivityManager( 1897): Start proc com.google.android.syncadapters.calendar for broadcast com.google.android.syncadapters.calendar/.CalendarSyncAdapterBroadcastReceiver: pid=4792 uid=10050 gids={50050, 3003}
W/ActivityManager( 1897): Unable to start service Intent { act=com.google.android.gm.email.EXCHANGE_INTENT pkg=com.google.android.gm.exchange } U=0: not found
W/ActivityManager( 1897): Unbind failed: could not find connection for android.os.BinderProxy@216ddbe4
W/ActivityThread( 2123): ClassLoader.loadClass: The class loader returned by Thread.getContextClassLoader() may fail for processes that host multiple applications. You should explicitly specify a context class loader. For example: Thread.setContextClassLoader(getClass().getClassLoader());
I/ActivityManager( 1897): Delay finish: com.google.android.syncadapters.calendar/.CalendarSyncAdapterBroadcastReceiver
I/ActivityManager( 1897): Resuming delayed broadcast
I/ActivityManager( 1897): Killing 3005:com.android.deskclock/u0a35 (adj 15): empty #17
I/ActivityManager( 1897): Killing 2475:android.process.media/u0a6 (adj 15): empty #17
I/ActivityManager( 1897): START u0 {cmp=com.google.android.gsf.login/.LoginActivityTask (has extras)} from pid 4100
I/ActivityManager( 1897): START u0 {cmp=com.google.android.setupwizard/.GoogleServicesActivity (has extras)} from pid 4100
W/InputMethodManagerService( 1897): Focus gain on non-focused client com.android.internal.view.IInputMethodClient$Stub$Proxy@21a2a1b8 (uid=10008 pid=4100)
I/ActivityManager( 1897): START u0 {cmp=com.google.android.gsf.login/.SyncIntroActivity (has extras)} from pid 4100
I/BackupManagerService( 1897): Backup enabled => false
I/BackupManagerService( 1897): Opting out of backup
I/ActivityManager( 1897): START u0 {cmp=com.google.android.gsf.login/.NameActivity (has extras)} from pid 2175
I/ActivityManager( 1897): Waited long enough for: ServiceRecord{21973d9c u0 com.android.providers.calendar/.EmptyService}
I/ActivityManager( 1897): START u0 {cmp=com.google.android.setupwizard/.GoogleNowActivity (has extras)} from pid 2175
I/ActivityManager( 1897): START u0 {act=com.google.android.apps.now.OPT_IN_WIZARD (has extras)} from pid 2175
D/ConnectivityService( 1897): checkMobileProvisioning: E suggestedTimeOutMs=60000
D/ConnectivityService( 1897): setProvNotificationVisible: E visible=false networkType=5 extraInfo=null url=null
D/ConnectivityService( 1897): checkMobileProvisioning: params={ url=http://clients3.google.com/generate_204 mTimeOutMs=60000 mCb=com.android.server.ConnectivityService$5@219768d8}
D/ConnectivityService( 1897): checkMobileProvisioning: X
D/MobileDataStateTracker( 1897): default: isProvisioningNetwork: retVal=false
D/ConnectivityService( 1897): [CheckMp] isMobileOk: isDefaultProvisioning=false
D/MobileDataStateTracker( 1897): hipri: isProvisioningNetwork: retVal=false
D/ConnectivityService( 1897): [CheckMp] isMobileOk: isHipriProvisioning=false
D/ConnectivityService( 1897): [CheckMp] isMobileOk: start hipri url=http://clients3.google.com/generate_204
D/ConnectivityService( 1897): special network not available ni=mobile_hipri
I/ActivityManager( 1897): START u0 {act=android.intent.action.MAIN cat=[android.intent.category.HOME] flg=0x10200000 cmp=com.android.provision/.DefaultActivity} from pid 2175
I/ActivityManager( 1897): Process com.google.android.setupwizard (pid 2175) has died.
I/StatusBarManagerService( 1897): binder died for pkg=com.google.android.setupwizard
I/WindowState( 1897): WIN DEATH: Window{21af49d4 u0 com.google.android.setupwizard/com.google.android.setupwizard.WifiSettingsActivity}
I/StatusBarManagerService( 1897): binder died for pkg=com.google.android.setupwizard
I/StatusBarManagerService( 1897): binder died for pkg=com.google.android.setupwizard
I/StatusBarManagerService( 1897): binder died for pkg=com.google.android.setupwizard
I/StatusBarManagerService( 1897): binder died for pkg=com.google.android.setupwizard
I/StatusBarManagerService( 1897): binder died for pkg=com.google.android.setupwizard
I/WindowState( 1897): WIN DEATH: Window{217e5624 u0 com.google.android.setupwizard/com.google.android.setupwizard.WelcomeActivity}
I/WindowState( 1897): WIN DEATH: Window{217cd73c u0 com.google.android.setupwizard/com.google.android.setupwizard.AccountSetupActivity}
W/ActivityManager( 1897): Force removing ActivityRecord{2182f8d8 u0 com.google.android.setupwizard/.AccountSetupActivity t3}: app died, no saved state
I/ActivityManager( 1897): Start proc com.android.provision for activity com.android.provision/.DefaultActivity: pid=4888 uid=10071 gids={50071}
I/ActivityManager( 1897): Killing 4055:com.google.android.configupdater/u0a2 (adj 15): empty #17
I/ActivityManager( 1897): Start proc com.google.android.setupwizard for activity com.google.android.setupwizard/.WifiSettingsActivity: pid=4901 uid=10018 gids={50018, 3003}
D/ConnectivityService( 1897): checkMobileProvisioning: E suggestedTimeOutMs=60000
D/ConnectivityService( 1897): checkMobileProvisioning: X already checking ignore for the moment
D/ConnectivityService( 1897): checkMobileProvisioning: X
I/ActivityManager( 1897): START u0 {act=android.intent.action.MAIN cat=[android.intent.category.HOME] flg=0x10200000 cmp=com.cyanogenmod.trebuchet/com.android.launcher3.Launcher} from pid 4901
I/ActivityManager( 1897): Process com.google.android.setupwizard (pid 4901) has died.
W/BackupManagerService( 1897): dataChanged but no participant pkg='com.cyanogenmod.trebuchet' uid=10020
W/BackupManagerService( 1897): dataChanged but no participant pkg='com.cyanogenmod.trebuchet' uid=10020
D/ConnectivityService( 1897): special network not available ni=mobile_hipri
I/ActivityManager( 1897): Killing 3223:com.android.gallery3d/u0a48 (adj 15): empty #17
W/BackupManagerService( 1897): dataChanged but no participant pkg='com.cyanogenmod.trebuchet' uid=10020
W/BackupManagerService( 1897): dataChanged but no participant pkg='com.cyanogenmod.trebuchet' uid=10020
W/BackupManagerService( 1897): dataChanged but no participant pkg='com.cyanogenmod.trebuchet' uid=10020
D/ConnectivityService( 1897): special network not available ni=mobile_hipri
D/ConnectivityService( 1897): special network not available ni=mobile_hipri
D/ConnectivityService( 1897): special network not available ni=mobile_hipri
D/ConnectivityService( 1897): special network not available ni=mobile_hipri
D/ConnectivityService( 1897): special network not available ni=mobile_hipri
D/ConnectivityService( 1897): special network not available ni=mobile_hipri
D/ConnectivityService( 1897): special network not available ni=mobile_hipri
I/ActivityManager( 1897): Killing 4406:com.google.android.inputmethod.latin/u0a55 (adj 15): empty #17
D/ConnectivityService( 1897): special network not available ni=mobile_hipri
D/ConnectivityService( 1897): special network not available ni=mobile_hipri
I/PackageManager( 1897): Adding preferred activity ComponentInfo{com.android.mms/com.android.mms.ui.ComposeMessageActivity} for user 0 :
I/PackageManager( 1897): Adding preferred activity ComponentInfo{com.android.mms/com.android.mms.ui.ComposeMessageActivity} for user 0 :
I/PackageManager( 1897): Adding preferred activity ComponentInfo{com.android.mms/com.android.mms.ui.ComposeMessageActivity} for user 0 :
I/PackageManager( 1897): Adding preferred activity ComponentInfo{com.android.mms/com.android.mms.ui.ComposeMessageActivity} for user 0 :
I/PackageManager( 1897): Adding preferred activity ComponentInfo{com.android.mms/com.android.mms.ui.ComposeMessageActivity} for user 0 :
I/PackageManager( 1897): Adding preferred activity ComponentInfo{com.android.mms/com.android.mms.ui.ComposeMessageActivity} for user 0 :
I/PackageManager( 1897): Adding preferred activity ComponentInfo{com.android.mms/com.android.mms.ui.ComposeMessageActivity} for user 0 :
I/PackageManager( 1897): Adding preferred activity ComponentInfo{com.android.mms/com.android.mms.ui.ComposeMessageActivity} for user 0 :
I/PackageManager( 1897): Adding preferred activity ComponentInfo{com.android.mms/com.android.mms.ui.ComposeMessageActivity} for user 0 :
I/PackageManager( 1897): Adding preferred activity ComponentInfo{com.android.mms/com.android.mms.ui.ComposeMessageActivity} for user 0 :
I/PackageManager( 1897): Adding preferred activity ComponentInfo{com.android.mms/com.android.mms.ui.ComposeMessageActivity} for user 0 :
I/PackageManager( 1897): Adding preferred activity ComponentInfo{com.android.mms/com.android.mms.ui.ComposeMessageActivity} for user 0 :
E/WindowManager( 1897): Starting window AppWindowToken{21ac9150 token=Token{21977f7c ActivityRecord{2179a914 u0 com.google.android.setupwizard/.WifiSettingsActivity t3}}} timed out
I/PackageManager( 1897): Adding preferred activity ComponentInfo{com.android.mms/com.android.mms.ui.ComposeMessageActivity} for user 0 :
I/PackageManager( 1897): Adding preferred activity ComponentInfo{com.android.mms/com.android.mms.ui.ComposeMessageActivity} for user 0 :
I/PackageManager( 1897): Adding preferred activity ComponentInfo{com.android.mms/com.android.mms.ui.ComposeMessageActivity} for user 0 :
I/PackageManager( 1897): Adding preferred activity ComponentInfo{com.android.mms/com.android.mms.ui.ComposeMessageActivity} for user 0 :
D/ConnectivityService( 1897): special network not available ni=mobile_hipri
D/ConnectivityService( 1897): special network not available ni=mobile_hipri
D/ConnectivityService( 1897): special network not available ni=mobile_hipri
D/ConnectivityService( 1897): special network not available ni=mobile_hipri
D/ConnectivityService( 1897): special network not available ni=mobile_hipri
D/ConnectivityService( 1897): special network not available ni=mobile_hipri
D/ConnectivityService( 1897): special network not available ni=mobile_hipri
D/ConnectivityService( 1897): special network not available ni=mobile_hipri
W/ActivityManager( 1897): Timeout executing service: ServiceRecord{21af7328 u0 com.google.android.gms/.auth.GetToken}
D/ConnectivityService( 1897): special network not available ni=mobile_hipri
D/ConnectivityService( 1897): special network not available ni=mobile_hipri
E/ActivityManager( 1897): ANR in com.google.process.gapps
E/ActivityManager( 1897): PID: 4647
E/ActivityManager( 1897): Reason: Executing service com.google.android.gms/.auth.GetToken
E/ActivityManager( 1897): Load: 0.82 / 1.09 / 0.7
E/ActivityManager( 1897): CPU usage from 12184ms to 0ms ago:
E/ActivityManager( 1897): 5.8% 3395/com.cyanogenmod.trebuchet: 4.6% user + 1.1% kernel / faults: 10120 minor 6 major
E/ActivityManager( 1897): 3.4% 1897/system_server: 2.3% user + 1% kernel / faults: 1251 minor
E/ActivityManager( 1897): 2.2% 1563/surfaceflinger: 1.7% user + 0.5% kernel / faults: 329 minor
E/ActivityManager( 1897): 1.5% 2314/com.google.android.gms: 1.4% user + 0.1% kernel / faults: 591 minor
E/ActivityManager( 1897): 0.2% 3815/irq/17-b43: 0% user + 0.2% kernel
E/ActivityManager( 1897): 0.1% 2123/com.google.android.gms.persistent: 0.1% user + 0% kernel / faults: 69 minor
E/ActivityManager( 1897): 0.1% 3793/kworker/u4:56: 0% user + 0.1% kernel
E/ActivityManager( 1897): 0.1% 4647/com.google.process.gapps: 0.1% user + 0% kernel / faults: 37 minor
E/ActivityManager( 1897): 0.1% 1566/mediaserver: 0% user + 0% kernel / faults: 2 minor
E/ActivityManager( 1897): 0% 4045/wget: 0% user + 0% kernel
E/ActivityManager( 1897): 0% 7/rcu_preempt: 0% user + 0% kernel
E/ActivityManager( 1897): 0% 10/rcuop/0: 0% user + 0% kernel
E/ActivityManager( 1897): 0% 1147/kworker/u5:33: 0% user + 0% kernel
E/ActivityManager( 1897): 0% 1963/com.android.systemui: 0% user + 0% kernel / faults: 10 minor
E/ActivityManager( 1897): 0% 2097/com.android.phone: 0% user + 0% kernel / faults: 3 minor
E/ActivityManager( 1897): 7.2% TOTAL: 5.5% user + 1.7% kernel
E/ActivityManager( 1897): CPU usage from 1487ms to 2000ms later:
E/ActivityManager( 1897): 47% 3395/com.cyanogenmod.trebuchet: 41% user + 5.8% kernel / faults: 472 minor 4 major
E/ActivityManager( 1897): 43% 3395/enmod.trebuchet: 37% user + 5.8% kernel
E/ActivityManager( 1897): 3.9% 3402/Compiler: 3.9% user + 0% kernel
E/ActivityManager( 1897): 9.8% 1563/surfaceflinger: 5.8% user + 3.9% kernel / faults: 44 minor
E/ActivityManager( 1897): 5.8% 1563/surfaceflinger: 3.9% user + 1.9% kernel
E/ActivityManager( 1897): 1.9% 1623/Binder_1: 0% user + 1.9% kernel
E/ActivityManager( 1897): 1.9% 1624/DispSync: 0% user + 1.9% kernel
E/ActivityManager( 1897): 1.9% 1625/Binder_2: 1.9% user + 0% kernel
E/ActivityManager( 1897): 3.9% 1897/system_server: 1.9% user + 1.9% kernel / faults: 1 minor
E/ActivityManager( 1897): 1.9% 1911/WindowManager: 1.9% user + 0% kernel
E/ActivityManager( 1897): 1.9% 1912/ActivityManager: 0% user + 1.9% kernel
E/ActivityManager( 1897): +0% 4950/AudioTrack: 0% user + 0% kernel
E/ActivityManager( 1897): 1.4% 1566/mediaserver: 0% user + 1.4% kernel
E/ActivityManager( 1897): 1.4% 1881/kworker/u5:119: 0% user + 1.4% kernel
E/ActivityManager( 1897): 1.5% 3708/wpa_supplicant: 1.5% user + 0% kernel
E/ActivityManager( 1897): 1.5% 3793/kworker/u4:56: 0% user + 1.5% kernel
E/ActivityManager( 1897): 32% TOTAL: 24% user + 8% kernel
I/ActivityManager( 1897): Killing 4647:com.google.process.gapps/u0a8 (adj 0): background ANR
W/ActivityManager( 1897): Scheduling restart of crashed service com.google.android.gms/.clearcut.service.ClearcutLoggerService in 4000ms
W/ActivityManager( 1897): Scheduling restart of crashed service com.google.android.gsf.login/com.google.android.gsf.loginservice.GoogleLoginService in 14000ms
W/ActivityManager( 1897): Scheduling restart of crashed service com.google.android.gsf/.gtalkservice.PushMessagingRegistrarProxy in 83072ms
W/ActivityManager( 1897): Scheduling restart of crashed service com.google.android.gms/.auth.GetToken in 24000ms
W/ActivityManager( 1897): Scheduling restart of crashed service com.google.android.gms/.gcm.GcmService in 123992ms
W/ActivityManager( 1897): Scheduling restart of crashed service com.google.android.gms/.clearcut.service.ClearcutLoggerIntentService in 964128ms
W/ActivityManager( 1897): Scheduling restart of crashed service com.google.android.gms/.config.ConfigService in 203992ms
W/ActivityManager( 1897): Scheduling restart of crashed service com.google.android.gms/.gcm.http.GoogleHttpService in 33999ms
I/ActivityManager( 1897): Start proc com.google.process.gapps for service com.google.android.gms/.gcm.http.GoogleHttpService: pid=4955 uid=10008 gids={50008, 3003, 1007, 1028, 1015, 1023, 3002, 3001, 3007, 2001, 3006}
I/ActivityManager( 1897): Start proc com.google.android.inputmethod.latin for broadcast com.google.android.inputmethod.latin/com.android.inputmethod.latin.accounts.AccountsChangedReceiver: pid=4972 uid=10055 gids={50055, 3003, 1028, 1015, 1023}
I/ActivityManager( 1897): Start proc com.google.android.apps.maps for broadcast com.google.android.apps.maps/com.google.android.apps.gmm.ulr.UlrSettingsReceiver: pid=4992 uid=10060 gids={50060, 3003, 1028, 1015, 1023, 3002, 3001}
I/ActivityManager( 1897): Killing 4580:com.google.android.apps.cloudprint/u0a34 (adj 15): empty #17
D/ConnectivityService( 1897): special network not available ni=mobile_hipri
W/ActivityThread( 4992): ClassLoader.loadClass: The class loader returned by Thread.getContextClassLoader() may fail for processes that host multiple applications. You should explicitly specify a context class loader. For example: Thread.setContextClassLoader(getClass().getClassLoader());
I/ActivityManager( 1897): Start proc com.google.android.youtube for broadcast com.google.android.youtube/com.google.android.libraries.youtube.account.AccountsChangedReceiver: pid=5022 uid=10081 gids={50081, 3003, 1028, 1015, 1023}
I/ActivityManager( 1897): Killing 4562:com.google.android.apps.cloudprint:sync/u0a34 (adj 15): empty #17
W/ActivityThread( 4955): ClassLoader.loadClass: The class loader returned by Thread.getContextClassLoader() may fail for processes that host multiple applications. You should explicitly specify a context class loader. For example: Thread.setContextClassLoader(getClass().getClassLoader());
W/Vold ( 1559): Returning OperationFailed - no handler for errno 30
W/Vold ( 1559): Returning OperationFailed - no handler for errno 30
W/Vold ( 1559): Returning OperationFailed - no handler for errno 30
W/Vold ( 1559): Returning OperationFailed - no handler for errno 30
E/Vold ( 1559): Failed to find volume for /storage/sdcard1/Android/data/com.google.android.youtube/cache/
W/Vold ( 1559): Returning OperationFailed - no handler for errno 30
W/Vold ( 1559): Returning OperationFailed - no handler for errno 30
W/Vold ( 1559): Returning OperationFailed - no handler for errno 30
W/Vold ( 1559): Returning OperationFailed - no handler for errno 30
W/Vold ( 1559): Returning OperationFailed - no handler for errno 30
E/Vold ( 1559): Failed to find volume for /storage/sdcard1/Android/data/com.google.android.youtube/cache/
W/Vold ( 1559): Returning OperationFailed - no handler for errno 30
W/Vold ( 1559): Returning OperationFailed - no handler for errno 30
W/Vold ( 1559): Returning OperationFailed - no handler for errno 30
W/Vold ( 1559): Returning OperationFailed - no handler for errno 30
W/Vold ( 1559): Returning OperationFailed - no handler for errno 30
E/Vold ( 1559): Failed to find volume for /storage/sdcard1/Android/data/com.google.android.youtube/files/
W/Vold ( 1559): Returning OperationFailed - no handler for errno 30
W/Vold ( 1559): Returning OperationFailed - no handler for errno 30
W/Vold ( 1559): Returning OperationFailed - no handler for errno 30
W/Vold ( 1559): Returning OperationFailed - no handler for errno 30
W/Vold ( 1559): Returning OperationFailed - no handler for errno 30
E/Vold ( 1559): Failed to find volume for /storage/sdcard1/Android/data/com.google.android.youtube/files/
W/Vold ( 1559): Returning OperationFailed - no handler for errno 30
D/ConnectivityService( 1897): special network not available ni=mobile_hipri
I/ActivityManager( 1897): Start proc com.android.calendar for broadcast com.android.calendar/.alerts.AlertReceiver: pid=5098 uid=10031 gids={50031, 3003}
I/ActivityManager( 1897): Killing 4683:com.google.android.partnersetup/u0a11 (adj 15): empty #17
D/ConnectivityService( 1897): handleInetConditionHoldEnd: net=1, condition=100, published condition=100
I/ActivityManager( 1897): Start proc com.android.gallery3d for broadcast com.android.gallery3d/.app.PackagesMonitor: pid=5144 uid=10048 gids={50048, 3003, 1028, 1015, 1023}
I/ActivityManager( 1897): Killing 4709:com.android.browser/u0a28 (adj 15): empty #17
I/ActivityManager( 1897): Start proc com.google.android.gms.wearable for service com.google.android.gms/.wearable.service.WearableService: pid=5173 uid=10008 gids={50008, 3003, 1007, 1028, 1015, 1023, 3002, 3001, 3007, 2001, 3006}
I/ActivityManager( 1897): Delay finish: com.google.android.gm/.widget.GmailWidgetProvider
I/ActivityManager( 1897): Resuming delayed broadcast
D/ConnectivityService( 1897): special network not available ni=mobile_hipri
I/ActivityManager( 1897): Start proc com.android.settings for broadcast com.android.settings/.widget.SettingsAppWidgetProvider: pid=5198 uid=1000 gids={41000, 1028, 1015, 1023, 3002, 3001, 3003}
W/ContextImpl( 5198): Calling a method in the system process without a qualified user: android.app.ContextImpl.bindService:1551 android.content.ContextWrapper.bindService:517 android.bluetooth.BluetoothInputDevice.doBind:245 android.bluetooth.BluetoothInputDevice.:238 android.bluetooth.BluetoothAdapter.getProfileProxy:1367
W/ContextImpl( 5198): Calling a method in the system process without a qualified user: android.app.ContextImpl.bindService:1551 android.content.ContextWrapper.bindService:517 android.bluetooth.BluetoothPan.doBind:149 android.bluetooth.BluetoothPan.:141 android.bluetooth.BluetoothAdapter.getProfileProxy:1370
W/ContextImpl( 5198): Calling a method in the system process without a qualified user: android.app.ContextImpl.bindService:1551 android.content.ContextWrapper.bindService:517 android.bluetooth.BluetoothMap.doBind:109 android.bluetooth.BluetoothMap.:102 android.bluetooth.BluetoothAdapter.getProfileProxy:1376
W/ContextImpl( 5198): Calling a method in the system process without a qualified user: android.app.ContextImpl.bindService:1551 android.content.ContextWrapper.bindService:517 android.bluetooth.BluetoothPbap.doBind:164 android.bluetooth.BluetoothPbap.:157 com.android.settings.bluetooth.PbapServerProfile.:68
I/ActivityManager( 1897): Killing 4378:com.android.exchange/u0a40 (adj 15): empty #17
W/BroadcastQueue( 1897): Permission Denial: broadcasting Intent { act=com.google.android.gsf.settings.GoogleLocationSettings.UPDATE_LOCATION_SETTINGS flg=0x10 } from com.google.android.setupwizard (pid=2175, uid=10018) is not exported from uid 10008 due to receiver com.google.android.gms/com.google.android.location.reporting.service.ExternalChangeReceiver
W/BroadcastQueue( 1897): Permission Denial: broadcasting Intent { act=com.google.android.gsf.settings.GoogleLocationSettings.UPDATE_LOCATION_SETTINGS flg=0x10 } from com.google.android.setupwizard (pid=4901, uid=10018) is not exported from uid 10008 due to receiver com.google.android.gms/com.google.android.location.reporting.service.ExternalChangeReceiver
I/ActivityManager( 1897): Start proc com.google.android.googlequicksearchbox for broadcast com.google.android.googlequicksearchbox/com.android.launcher3.WallpaperChangedReceiver: pid=5220 uid=10021 gids={50021, 3003, 3001, 1028, 3002, 1015, 1023}
I/ActivityManager( 1897): Killing 4358:com.google.android.music:ui/u0a62 (adj 15): empty #17
I/ActivityManager( 1897): Killing 4792:com.google.android.syncadapters.calendar/u0a50 (adj 15): empty #17
I/ActivityManager( 1897): Delay finish: com.android.gallery3d/.app.PackagesMonitor
I/ActivityManager( 1897): Resuming delayed broadcast
I/ActivityManager( 1897): Delay finish: com.google.android.youtube/com.google.ipc.invalidation.external.client2.contrib.MultiplexingGcmListener$GCMReceiver
I/ActivityManager( 1897): Resuming delayed broadcast
D/ConnectivityService( 1897): special network not available ni=mobile_hipri
I/ActivityManager( 1897): Delay finish: com.android.vending/com.google.android.finsky.widget.consumption.NowPlayingWidgetProvider
I/ActivityManager( 1897): Resuming delayed broadcast
D/ConnectivityService( 1897): special network not available ni=mobile_hipri
D/ConnectivityService( 1897): special network not available ni=mobile_hipri
I/ActivityManager( 1897): Start proc com.google.android.syncadapters.calendar for service com.google.android.syncadapters.calendar/.CalendarSyncAdapterService: pid=5296 uid=10050 gids={50050, 3003}
D/ConnectivityService( 1897): special network not available ni=mobile_hipri
I/ActivityManager( 1897): START u0 {act=android.intent.action.MAIN cat=[android.intent.category.LAUNCHER] flg=0x10200000 cmp=com.android.camera2/com.android.camera.CameraLauncher} from pid 3395
W/BroadcastQueue( 1897): Permission Denial: broadcasting Intent { act=com.android.launcher3.action.LAUNCH flg=0x10 (has extras) } from com.cyanogenmod.trebuchet (pid=3395, uid=10020) requires com.google.android.launcher.permission.RECEIVE_LAUNCH_BROADCASTS due to receiver com.google.android.googlequicksearchbox/com.google.android.search.core.icingsync.ApplicationLaunchReceiver
W/BroadcastQueue( 1897): Permission Denial: receiving Intent { act=com.android.launcher3.action.LAUNCH flg=0x10 (has extras) } to com.google.android.googlequicksearchbox/com.google.android.search.core.icingsync.ApplicationLaunchReceiver requires com.android.launcher3.permission.RECEIVE_LAUNCH_BROADCASTS due to sender com.cyanogenmod.trebuchet (uid 10020)
I/ActivityManager( 1897): Start proc com.android.camera2 for activity com.android.camera2/com.android.camera.CameraLauncher: pid=5313 uid=10032 gids={50032, 3003, 1028, 1015, 1023}
W/BackupManagerService( 1897): dataChanged but no participant pkg='com.android.camera2' uid=10032
W/BackupManagerService( 1897): dataChanged but no participant pkg='com.android.camera2' uid=10032
W/BackupManagerService( 1897): dataChanged but no participant pkg='com.android.camera2' uid=10032
W/BackupManagerService( 1897): dataChanged but no participant pkg='com.android.camera2' uid=10032
I/ActivityManager( 1897): Start proc android.process.media for content provider com.android.providers.media/.MediaProvider: pid=5334 uid=10006 gids={50006, 1028, 1015, 1023, 1024, 2001, 3003, 3007} --------- beginning of /dev/log/main
I/FFMPEG ( 1566): Metadata:
I/FFMPEG ( 1566): TITLE : Video Record
I/FFMPEG ( 1566): ARTIST : (c) 2012 Android Open Source Project
I/FFmpegExtractor( 1566): FFmpegExtrator, url: android-source:0x42df2cb0, format_name: ogg, format_long_name: Ogg
I/FFmpegExtractor( 1566): list the formats suppoted by ffmpeg:
I/FFmpegExtractor( 1566): ========================================
I/FFmpegExtractor( 1566): ========================================
I/FFmpegExtractor( 1566): adjust mime(application/ogg -> audio/vorbis)
D/FFmpegExtractor( 1566): suppoted codec(vorbis) by official Stagefright
D/FFMPEG ( 1566): android source close
I/FFmpegExtractor( 1566): sniff through BetterSniffFFMPEG success
D/FFmpegExtractor( 1566): ffmpeg detected media content as 'audio/vorbis' with confidence 0.08
D/SoftFFmpegAudio( 1566): SoftFFmpegAudio component: OMX.ffmpeg.vorbis.decoder mMode: 3
D/SoftFFmpegAudio( 1566): set OMX_IndexParamAudioVorbis, nChannels=1, nSampleRate=44100, nBitRate=0, nMinBitRate=0, nMaxBitRate=0
I/OMXCodec( 1566): [OMX.ffmpeg.vorbis.decoder] allocating 4 buffers of size 20480 on input port
I/OMXCodec( 1566): [OMX.ffmpeg.vorbis.decoder] allocated buffer 0x43a7ff20 on input port
I/OMXCodec( 1566): [OMX.ffmpeg.vorbis.decoder] allocated buffer 0x4325ec10 on input port
I/OMXCodec( 1566): [OMX.ffmpeg.vorbis.decoder] allocated buffer 0x4325ecf0 on input port
I/OMXCodec( 1566): [OMX.ffmpeg.vorbis.decoder] allocated buffer 0x42dfab80 on input port
I/OMXCodec( 1566): [OMX.ffmpeg.vorbis.decoder] allocating 4 buffers of size 9216 on output port
I/OMXCodec( 1566): [OMX.ffmpeg.vorbis.decoder] allocated buffer 0x42dfad40 on output port
I/OMXCodec( 1566): [OMX.ffmpeg.vorbis.decoder] allocated buffer 0x42dfaf80 on output port
I/OMXCodec( 1566): [OMX.ffmpeg.vorbis.decoder] allocated buffer 0x42dfb0e0 on output port
I/OMXCodec( 1566): [OMX.ffmpeg.vorbis.decoder] allocated buffer 0x42dfb220 on output port
I/CameraClient( 1566): Opening camera 0
D/Camera_Factory( 1566): CameraFactory::device_open: name = 0
D/Camera_Factory( 1566): CameraFactory::cameraDeviceOpen: id = 0
D/Camera_Factory( 1566): CameraFactory::getCameraNum: 1
D/CameraHardware( 1566): CameraHardware::PowerOn: Power ON camera.
D/CameraHardware( 1566): CameraHardware::PowerOn: no power_file set
D/CameraHardware( 1566): CameraHardware::initDefaultParameters
I/GLSUser ( 4955): [GLSUser] getTokenFromCache: [account: , callingPkg: com.google.android.syncadapters.calendar, service: oauth2:https://www.googleapis.com/auth/calendar]
D/V4L2Camera( 1566): V4L2Camera::EnumFrameFormats
D/V4L2Camera( 1566): { pixelformat = 'MJPG', description = 'MJPEG' }
D/V4L2Camera( 1566): V4L2Camera::EnumFrameSizes: pixfmt: 0x47504a4d
D/V4L2Camera( 1566): { discrete: width = 640, height = 480 }
D/V4L2Camera( 1566): V4L2Camera::EnumFrameIntervals: pixfmt: 0x47504a4d, w:640, h:480
D/V4L2Camera( 1566): Time interval between frame:
D/V4L2Camera( 1566): 1/30
D/V4L2Camera( 1566): { discrete: width = 160, height = 120 }
D/V4L2Camera( 1566): V4L2Camera::EnumFrameIntervals: pixfmt: 0x47504a4d, w:160, h:120
D/V4L2Camera( 1566): Time interval between frame:
D/V4L2Camera( 1566): 1/30
D/V4L2Camera( 1566): { discrete: width = 176, height = 144 }
D/V4L2Camera( 1566): V4L2Camera::EnumFrameIntervals: pixfmt: 0x47504a4d, w:176, h:144
D/V4L2Camera( 1566): Time interval between frame:
D/V4L2Camera( 1566): 1/30
D/V4L2Camera( 1566): { discrete: width = 320, height = 240 }
D/V4L2Camera( 1566): V4L2Camera::EnumFrameIntervals: pixfmt: 0x47504a4d, w:320, h:240
D/V4L2Camera( 1566): Time interval between frame:
D/V4L2Camera( 1566): 1/30
D/V4L2Camera( 1566): { discrete: width = 352, height = 288 }
D/V4L2Camera( 1566): V4L2Camera::EnumFrameIntervals: pixfmt: 0x47504a4d, w:352, h:288
D/V4L2Camera( 1566): Time interval between frame:
D/V4L2Camera( 1566): 1/30
D/V4L2Camera( 1566): { discrete: width = 800, height = 600 }
D/V4L2Camera( 1566): V4L2Camera::EnumFrameIntervals: pixfmt: 0x47504a4d, w:800, h:600
D/V4L2Camera( 1566): Time interval between frame:
D/V4L2Camera( 1566): 1/30
D/V4L2Camera( 1566): { discrete: width = 1024, height = 768 }
D/V4L2Camera( 1566): V4L2Camera::EnumFrameIntervals: pixfmt: 0x47504a4d, w:1024, h:768
D/V4L2Camera( 1566): Time interval between frame:
D/V4L2Camera( 1566): 1/10
D/V4L2Camera( 1566): { discrete: width = 1280, height = 1024 }
D/V4L2Camera( 1566): V4L2Camera::EnumFrameIntervals: pixfmt: 0x47504a4d, w:1280, h:1024
D/V4L2Camera( 1566): Time interval between frame:
D/V4L2Camera( 1566): 1/10
D/V4L2Camera( 1566): { discrete: width = 1600, height = 1200 }
D/V4L2Camera( 1566): V4L2Camera::EnumFrameIntervals: pixfmt: 0x47504a4d, w:1600, h:1200
D/V4L2Camera( 1566): Time interval between frame:
D/V4L2Camera( 1566): 1/10
D/V4L2Camera( 1566): { pixelformat = 'YUYV', description = 'YUV 4:2:2 (YUYV)' }
D/V4L2Camera( 1566): V4L2Camera::EnumFrameSizes: pixfmt: 0x56595559
D/V4L2Camera( 1566): { discrete: width = 640, height = 480 }
D/V4L2Camera( 1566): V4L2Camera::EnumFrameIntervals: pixfmt: 0x56595559, w:640, h:480
D/V4L2Camera( 1566): Time interval between frame:
D/V4L2Camera( 1566): 1/10
D/V4L2Camera( 1566): { discrete: width = 160, height = 120 }
D/V4L2Camera( 1566): V4L2Camera::EnumFrameIntervals: pixfmt: 0x56595559, w:160, h:120
D/V4L2Camera( 1566): Time interval between frame:
D/V4L2Camera( 1566): 1/30
D/V4L2Camera( 1566): { discrete: width = 176, height = 144 }
D/V4L2Camera( 1566): V4L2Camera::EnumFrameIntervals: pixfmt: 0x56595559, w:176, h:144
D/V4L2Camera( 1566): Time interval between frame:
D/V4L2Camera( 1566): 1/30
D/V4L2Camera( 1566): { discrete: width = 320, height = 240 }
D/V4L2Camera( 1566): V4L2Camera::EnumFrameIntervals: pixfmt: 0x56595559, w:320, h:240
D/V4L2Camera( 1566): Time interval between frame:
D/V4L2Camera( 1566): 1/30
D/V4L2Camera( 1566): { discrete: width = 352, height = 288 }
D/V4L2Camera( 1566): V4L2Camera::EnumFrameIntervals: pixfmt: 0x56595559, w:352, h:288
D/V4L2Camera( 1566): Time interval between frame:
D/V4L2Camera( 1566): 1/30
D/V4L2Camera( 1566): V4L2Camera::getAvailableSizes
D/V4L2Camera( 1566): V4L2Camera::getAvailableFps
I/CameraHardware( 1566): Default preview size: (800 x 600), fps:30
I/CameraHardware( 1566): All available formats: 160x120,176x144,240x160,320x200,320x240,352x288,432x320,480x320,640x480,800x600,1024x768,1280x1024,1600x1200
I/CameraHardware( 1566): All available fps: (10,10),(30,30)
I/CameraHardware( 1566): Default picture size: (1600 x 1200)
D/CameraHardware( 1566): CameraHardware::setParameters
D/CameraHardware( 1566): CameraHardware::setParameters: PREVIEW: Size 800x600, 30 fps, format: yuv422sp
D/CameraHardware( 1566): CameraHardware::setParameters: PICTURE: Size 1600x1200, format: jpeg
D/CameraHardware( 1566): CameraHardware::setParameters: VIDEO: Size 800x600, format: yuv420p
D/CameraHardware( 1566): CameraHardware::initHeapLocked
E/CameraHardware( 1566): No memory allocator available
D/CameraHardware( 1566): CameraHardware::setParameters: OK
D/CameraHardware( 1566): CameraHardware::connectCamera
D/CameraHardware( 1566): CameraHardware::setCallbacks
D/CameraHardware( 1566): CameraHardware::enableMsgType: 3085
I/Auth.Core( 4955): [TokenCache] Missing snowballing token: no granted scopes set.
D/CameraHardware( 1566): CameraHardware::getParameters
D/CameraHardware( 1566): CameraHardware::putParameters
D/CameraHardware( 1566): CameraHardware::getParameters
D/CameraHardware( 1566): CameraHardware::putParameters
E/Util ( 5313): Can't find an appropiate frame rate range!
W/BackupManagerService( 1897): dataChanged but no participant pkg='com.android.camera2' uid=10032
W/CAM_PhotoModule( 5313): startPreview: surfaceTexture is not ready.
V/CAM_PhotoModule( 5313): Preview size is 1024x768
D/dalvikvm( 4955): GC_CONCURRENT freed 428K, 12% free 3943K/4440K, paused 2ms+2ms, total 17ms
W/CAM_PhotoModule( 5313): startPreview: surfaceTexture is not ready.
D/KbdSensor( 1897): poll_setDelay: dev=0x72978720 delay-ns=66667000
D/dalvikvm( 5313): GC_CONCURRENT freed 171K, 7% free 3611K/3868K, paused 1ms+1ms, total 8ms
D/CameraHardware( 1566): CameraHardware::setParameters
D/CameraHardware( 1566): CameraHardware::setParameters: PREVIEW: Size 1024x768, 30 fps, format: yuv422sp
D/CameraHardware( 1566): CameraHardware::setParameters: PICTURE: Size 1600x1200, format: jpeg
D/CameraHardware( 1566): CameraHardware::setParameters: VIDEO: Size 800x600, format: yuv420p
D/CameraHardware( 1566): CameraHardware::initHeapLocked
D/CameraHardware( 1566): CameraHardware::initHeapLocked: preview size=1024x768
D/CameraHardware( 1566): CameraHardware::initHeapLocked: picture size=1600x1200
D/CameraHardware( 1566): CameraHardware::initHeapLocked: video size=800x600
D/CameraHardware( 1566): CameraHardware::initHeapLocked: Raw preview heap allocated
D/CameraHardware( 1566): CameraHardware::initHeapLocked: preview heap allocated
D/CameraHardware( 1566): CameraHardware::initHeapLocked: recording heap allocated
D/CameraHardware( 1566): CameraHardware::initHeapLocked: Raw picture heap allocated
D/CameraHardware( 1566): CameraHardware::initHeapLocked: Jpeg picture heap allocated
D/CameraHardware( 1566): CameraHardware::initHeapLocked: OK
D/CameraHardware( 1566): CameraHardware::setParameters: OK
I/GLSUser ( 4955): [GLSUser] getTokenFromGoogle [account: , callingPkg: com.google.android.syncadapters.calendar, service: oauth2:https://www.googleapis.com/auth/calendar
D/CameraStorage( 5313): External storage state=mounted
W/GRALLOC-PIPE( 5313): failed to create pipe screen for i965
I/GRALLOC-DRM( 5313): create intel for driver i915
D/OpenGLRenderer( 5313): Enabling debug mode 0
V/CAM_UI ( 5313): SurfaceTexture ready.
D/Camera_Factory( 1566): CameraFactory::get_camera_info
D/Camera_Factory( 1566): CameraFactory::getCameraInfo: id = 0, info = 0x43b9da00
D/Camera_Factory( 1566): CameraFactory::getCameraNum: 1
D/CameraHardware( 1566): CameraHardware::getCameraInfo
E/Util ( 5313): Can't find an appropiate frame rate range!
V/CAM_PhotoModule( 5313): Preview size is 1024x768
V/CAM_PhotoModule( 5313): startPreview
D/CameraHardware( 1566): CameraHardware::setParameters
D/CameraHardware( 1566): Trivially accept it. No changes detected
D/CameraHardware( 1566): CameraHardware::isPreviewEnabled: 0
D/CameraHardware( 1566): CameraHardware::isPreviewEnabled: 0
D/CameraHardware( 1566): CameraHardware::setPreviewWindow: preview_stream_ops: 0x42dfb550
D/CameraHardware( 1566): CameraHardware::startPreview
D/CameraHardware( 1566): CameraHardware::startPreviewLocked
D/CameraHardware( 1566): CameraHardware::startPreviewLocked: Open, 1024x768
D/V4L2Camera( 1566): V4L2Camera::EnumFrameFormats
D/V4L2Camera( 1566): { pixelformat = 'MJPG', description = 'MJPEG' }
D/V4L2Camera( 1566): V4L2Camera::EnumFrameSizes: pixfmt: 0x47504a4d
D/V4L2Camera( 1566): { discrete: width = 640, height = 480 }
D/V4L2Camera( 1566): V4L2Camera::EnumFrameIntervals: pixfmt: 0x47504a4d, w:640, h:480
D/V4L2Camera( 1566): Time interval between frame:
D/V4L2Camera( 1566): 1/30
D/V4L2Camera( 1566): { discrete: width = 160, height = 120 }
D/V4L2Camera( 1566): V4L2Camera::EnumFrameIntervals: pixfmt: 0x47504a4d, w:160, h:120
D/V4L2Camera( 1566): Time interval between frame:
D/V4L2Camera( 1566): 1/30
D/V4L2Camera( 1566): { discrete: width = 176, height = 144 }
D/V4L2Camera( 1566): V4L2Camera::EnumFrameIntervals: pixfmt: 0x47504a4d, w:176, h:144
D/V4L2Camera( 1566): Time interval between frame:
D/V4L2Camera( 1566): 1/30
D/V4L2Camera( 1566): { discrete: width = 320, height = 240 }
D/V4L2Camera( 1566): V4L2Camera::EnumFrameIntervals: pixfmt: 0x47504a4d, w:320, h:240
D/V4L2Camera( 1566): Time interval between frame:
D/V4L2Camera( 1566): 1/30
D/V4L2Camera( 1566): { discrete: width = 352, height = 288 }
D/V4L2Camera( 1566): V4L2Camera::EnumFrameIntervals: pixfmt: 0x47504a4d, w:352, h:288
D/V4L2Camera( 1566): Time interval between frame:
D/V4L2Camera( 1566): 1/30
D/V4L2Camera( 1566): { discrete: width = 800, height = 600 }
D/V4L2Camera( 1566): V4L2Camera::EnumFrameIntervals: pixfmt: 0x47504a4d, w:800, h:600
D/V4L2Camera( 1566): Time interval between frame:
D/V4L2Camera( 1566): 1/30
D/V4L2Camera( 1566): { discrete: width = 1024, height = 768 }
D/V4L2Camera( 1566): V4L2Camera::EnumFrameIntervals: pixfmt: 0x47504a4d, w:1024, h:768
D/V4L2Camera( 1566): Time interval between frame:
D/V4L2Camera( 1566): 1/10
D/V4L2Camera( 1566): { discrete: width = 1280, height = 1024 }
D/V4L2Camera( 1566): V4L2Camera::EnumFrameIntervals: pixfmt: 0x47504a4d, w:1280, h:1024
D/V4L2Camera( 1566): Time interval between frame:
D/V4L2Camera( 1566): 1/10
D/V4L2Camera( 1566): { discrete: width = 1600, height = 1200 }
D/V4L2Camera( 1566): V4L2Camera::EnumFrameIntervals: pixfmt: 0x47504a4d, w:1600, h:1200
D/V4L2Camera( 1566): Time interval between frame:
D/V4L2Camera( 1566): 1/10
D/V4L2Camera( 1566): { pixelformat = 'YUYV', description = 'YUV 4:2:2 (YUYV)' }
D/V4L2Camera( 1566): V4L2Camera::EnumFrameSizes: pixfmt: 0x56595559
D/V4L2Camera( 1566): { discrete: width = 640, height = 480 }
D/V4L2Camera( 1566): V4L2Camera::EnumFrameIntervals: pixfmt: 0x56595559, w:640, h:480
D/V4L2Camera( 1566): Time interval between frame:
D/V4L2Camera( 1566): 1/10
D/V4L2Camera( 1566): { discrete: width = 160, height = 120 }
D/V4L2Camera( 1566): V4L2Camera::EnumFrameIntervals: pixfmt: 0x56595559, w:160, h:120
D/V4L2Camera( 1566): Time interval between frame:
D/V4L2Camera( 1566): 1/30
D/V4L2Camera( 1566): { discrete: width = 176, height = 144 }
D/V4L2Camera( 1566): V4L2Camera::EnumFrameIntervals: pixfmt: 0x56595559, w:176, h:144
D/V4L2Camera( 1566): Time interval between frame:
D/V4L2Camera( 1566): 1/30
D/V4L2Camera( 1566): { discrete: width = 320, height = 240 }
D/V4L2Camera( 1566): V4L2Camera::EnumFrameIntervals: pixfmt: 0x56595559, w:320, h:240
D/V4L2Camera( 1566): Time interval between frame:
D/V4L2Camera( 1566): 1/30
D/V4L2Camera( 1566): { discrete: width = 352, height = 288 }
D/V4L2Camera( 1566): V4L2Camera::EnumFrameIntervals: pixfmt: 0x56595559, w:352, h:288
D/V4L2Camera( 1566): Time interval between frame:
D/V4L2Camera( 1566): 1/30
D/CameraHardware( 1566): CameraHardware::startPreviewLocked: Init
D/V4L2Camera( 1566): V4L2Camera::Init
D/V4L2Camera( 1566): Trying format: (1024 x 768), Fps: 10 [difArea:0, difFps:20, cDifArea:-1, cDifFps:-1]
D/V4L2Camera( 1566): Trying format: (1280 x 1024), Fps: 10 [difArea:524288, difFps:20, cDifArea:0, cDifFps:20]
D/V4L2Camera( 1566): Trying format: (1600 x 1200), Fps: 10 [difArea:1133568, difFps:20, cDifArea:0, cDifFps:20]
D/V4L2Camera( 1566): Selected format: (1024 x 768), Fps: 10
I/V4L2Camera( 1566): Cropping from origin: 0x0 - size: 1024x768 (offset:0)
I/V4L2Camera( 1566): Actual format: (1024 x 768), Fps: 10, pixfmt: 'MJPG', bytesperline: 2048
E/V4L2Camera( 1566): VIDIOC_G_COMP:
D/dalvikvm( 5313): GC_FOR_ALLOC freed 113K, 6% free 3795K/3996K, paused 9ms, total 10ms
D/CameraHardware( 1566): CameraHardware::startPreviewLocked: effective size: 1024x768
D/CameraHardware( 1566): CameraHardware::initHeapLocked
D/CameraHardware( 1566): CameraHardware::initHeapLocked: preview size=1024x768
D/CameraHardware( 1566): CameraHardware::initHeapLocked: picture size=1600x1200
D/CameraHardware( 1566): CameraHardware::initHeapLocked: video size=800x600
D/CameraHardware( 1566): CameraHardware::initHeapLocked: OK
D/CameraHardware( 1566): CameraHardware::startPreviewLocked: StartStreaming
D/CameraHardware( 1566): CameraHardware::setPreviewWindow - Negotiating preview format
D/CameraHardware( 1566): CameraHardware::NegotiatePreviewFormat
D/CameraHardware( 1566): Trying to set preview window geometry to 1024x768
D/CameraHardware( 1566): CameraHardware::startPreviewLocked: starting PreviewThread
D/CameraHardware( 1566): CameraHardware::startPreviewLocked: O - this:0x0x42dfa560
D/dalvikvm( 2314): GC_CONCURRENT freed 1489K, 27% free 6514K/8876K, paused 2ms+4ms, total 36ms
I/GLSUser ( 4955): [GLSUser] getAuthtoken(, oauth2:https://www.googleapis.com/auth/calendar) -> status: null)
I/GLSUser ( 4955): [GLSUser] Extracting token using key: Auth
W/GLSUser ( 4955): [GLSUser] Permission for com.google.android.syncadapters.calendar to access oauth2:https://www.googleapis.com/auth/calendar will be managed locally.
D/dalvikvm( 4955): GC_CONCURRENT freed 413K, 13% free 3923K/4472K, paused 2ms+1ms, total 14ms
D/ConnectivityService( 1897): special network not available ni=mobile_hipri
D/dalvikvm( 5296): GC_CONCURRENT freed 172K, 8% free 3025K/3284K, paused 3ms+0ms, total 9ms
I/GLSUser ( 4955): [GLSUser] getTokenFromCache: [account: , callingPkg: com.google.android.gms, service: oauth2:https://www.googleapis.com/auth/plus.circles.read https://www.googleapis.com/auth/plus.circles.write https://www.googleapis.com/auth/plus.media.upload https://www.googleapis.com/auth/plus.pages.manage https://www.googleapis.com/auth/plus.me https://www.googleapis.com/auth/plus.profiles.read https://www.googleapis.com/auth/plus.profiles.write https://www.googleapis.com/auth/plus.stream.read https://www.googleapis.com/auth/plus.peopleapi.readwrite https://www.googleapis.com/auth/plus.applications.manage https://www.googleapis.com/auth/plus.settings]
I/Auth.Core( 4955): [TokenCache] Missing snowballing token: no granted scopes set.
I/ActivityManager( 1897): Displayed com.android.camera2/com.android.camera.CameraLauncher: +1s18ms
D/dalvikvm( 4955): GC_CONCURRENT freed 264K, 9% free 4090K/4472K, paused 4ms+4ms, total 22ms
D/dalvikvm( 2197): GC_CONCURRENT freed 329K, 14% free 3133K/3608K, paused 2ms+0ms, total 7ms
D/dalvikvm( 5296): GC_CONCURRENT freed 347K, 13% free 3071K/3504K, paused 11ms+4ms, total 23ms
D/dalvikvm( 4955): GC_CONCURRENT freed 253K, 8% free 4234K/4572K, paused 2ms+8ms, total 22ms
D/dalvikvm( 2314): GC_CONCURRENT freed 1665K, 33% free 6020K/8876K, paused 2ms+21ms, total 48ms
D/dalvikvm( 5296): GC_CONCURRENT freed 407K, 14% free 3099K/3576K, paused 5ms+21ms, total 34ms
D/dalvikvm( 2197): GC_CONCURRENT freed 144K, 7% free 3393K/3624K, paused 2ms+0ms, total 11ms
D/dalvikvm( 5296): GC_CONCURRENT freed 459K, 16% free 3085K/3632K, paused 3ms+5ms, total 18ms
W/GRALLOC-PIPE( 1566): failed to create pipe screen for i965
I/GRALLOC-DRM( 1566): create intel for driver i915
D/ConnectivityService( 1897): special network not available ni=mobile_hipri
D/dalvikvm( 4955): GC_CONCURRENT freed 184K, 6% free 4485K/4756K, paused 2ms+2ms, total 18ms
F/libc ( 5313): Fatal signal 11 (SIGSEGV) at 0x0000003c (code=1), thread 5326 (Binder_2)
D/CalendarSyncAdapter( 5296): Found 0 events marked dirty & lastSynced
I/ActivityManager( 1897): Killing 4421:com.google.android.apps.magazines/u0a58 (adj 15): empty #17
D/CountryDetector( 1897): The first listener is added
I/DEBUG ( 1561): *** *** *** *** *** *** *** *** *** *** *** *** *** *** *** ***
I/DEBUG ( 1561): Build fingerprint: 'Android-x86/android_x86/x86:4.4.4/KTU84Q/eng.utente.20150919.141140:eng/test-keys'
I/DEBUG ( 1561): Revision: '0'
I/DEBUG ( 1561): pid: 5313, tid: 5326, name: Binder_2 >>> com.android.camera2 <<<
I/DEBUG ( 1561): signal 11 (SIGSEGV), code 1 (SEGV_MAPERR), fault addr 0000003c
D/dalvikvm( 2314): GC_CONCURRENT freed 540K, 28% free 6478K/8876K, paused 3ms+9ms, total 36ms
D/dalvikvm( 2197): GC_CONCURRENT freed 154K, 7% free 3627K/3868K, paused 2ms+4ms, total 33ms
W/BaseAppContext( 2314): Using Auth Proxy for data requests.
W/BaseAppContext( 2314): Using Auth Proxy for data requests.
W/BaseAppContext( 2314): Using Auth Proxy for data requests.
W/BaseAppContext( 2314): Using Auth Proxy for data requests.
W/BaseAppContext( 2314): Using Auth Proxy for data requests.
W/BaseAppContext( 2314): Using Auth Proxy for data requests.
W/BaseAppContext( 2314): Using Auth Proxy for data requests.
I/ActivityManager( 1897): Start proc com.google.android.apps.magazines for service com.google.android.apps.magazines/com.google.apps.dots.android.newsstand.service.SyncAdapterService: pid=5369 uid=10058 gids={50058, 3003, 1028, 1015, 1023}
I/dalvikvm( 5369): Could not find method android.os.PowerManager.isInteractive, referenced from method com.google.apps.dots.android.newsstand.util.AndroidUtil.isDeviceInteractive
W/dalvikvm( 5369): VFY: unable to resolve virtual method 1257: Landroid/os/PowerManager;.isInteractive ()Z
D/dalvikvm( 5369): VFY: replacing opcode 0x6e at 0x000a
