D/dalvikvm( 5296): GC_CONCURRENT freed 387K, 21% free 3154K/3980K, paused 2ms+1ms, total 8ms
D/dalvikvm( 5296): GC_CONCURRENT freed 410K, 21% free 3169K/3980K, paused 2ms+1ms, total 9ms
D/dalvikvm( 5296): GC_CONCURRENT freed 401K, 21% free 3182K/3980K, paused 1ms+1ms, total 8ms
D/dalvikvm( 5296): GC_CONCURRENT freed 420K, 20% free 3206K/3980K, paused 2ms+3ms, total 10ms
D/dalvikvm( 5296): GC_CONCURRENT freed 431K, 20% free 3219K/3980K, paused 2ms+4ms, total 11ms
D/dalvikvm( 5334): GC_CONCURRENT freed 231K, 18% free 3401K/4100K, paused 1ms+1ms, total 7ms
D/dalvikvm( 5296): GC_CONCURRENT freed 400K, 20% free 3218K/3980K, paused 0ms+0ms, total 7ms
D/dalvikvm( 5296): GC_CONCURRENT freed 414K, 19% free 3251K/3980K, paused 2ms+1ms, total 9ms
D/dalvikvm( 5296): GC_CONCURRENT freed 437K, 19% free 3251K/3980K, paused 1ms+2ms, total 9ms
D/dalvikvm( 5296): GC_CONCURRENT freed 417K, 18% free 3280K/3980K, paused 1ms+2ms, total 11ms
D/dalvikvm( 2772): GC_CONCURRENT freed 351K, 17% free 3117K/3716K, paused 2ms+1ms, total 7ms
D/dalvikvm( 5296): GC_CONCURRENT freed 439K, 18% free 3291K/3980K, paused 0ms+2ms, total 8ms
D/dalvikvm( 5296): GC_CONCURRENT freed 465K, 18% free 3293K/3980K, paused 0ms+2ms, total 9ms
D/dalvikvm( 5296): GC_CONCURRENT freed 391K, 18% free 3285K/3980K, paused 2ms+1ms, total 15ms
D/dalvikvm( 5296): GC_CONCURRENT freed 384K, 18% free 3300K/3980K, paused 1ms+0ms, total 9ms
D/dalvikvm( 5296): GC_CONCURRENT freed 415K, 18% free 3297K/3980K, paused 2ms+4ms, total 14ms
D/dalvikvm( 2772): GC_CONCURRENT freed 341K, 15% free 3162K/3716K, paused 1ms+1ms, total 6ms
D/dalvikvm( 5296): GC_CONCURRENT freed 388K, 18% free 3302K/3980K, paused 1ms+2ms, total 12ms
D/dalvikvm( 5334): GC_CONCURRENT freed 319K, 16% free 3478K/4100K, paused 0ms+4ms, total 10ms
D/dalvikvm( 5296): GC_CONCURRENT freed 397K, 17% free 3307K/3980K, paused 8ms+1ms, total 16ms
D/dalvikvm( 1897): GC_EXPLICIT freed 260K, 23% free 9275K/11984K, paused 1ms+4ms, total 44ms
D/dalvikvm( 5296): GC_CONCURRENT freed 422K, 17% free 3314K/3980K, paused 0ms+1ms, total 6ms
D/dalvikvm( 5296): GC_CONCURRENT freed 410K, 17% free 3333K/3980K, paused 0ms+1ms, total 10ms
D/dalvikvm( 2772): GC_CONCURRENT freed 363K, 15% free 3184K/3716K, paused 0ms+1ms, total 7ms
D/dalvikvm( 5334): GC_FOR_ALLOC freed 277K, 15% free 3509K/4100K, paused 6ms, total 7ms
I/dalvikvm-heap( 5334): Grow heap (frag case) to 3.521MB for 16396-byte allocation
D/dalvikvm( 5334): GC_FOR_ALLOC freed <1K, 15% free 3525K/4120K, paused 5ms, total 5ms
D/dalvikvm( 5296): GC_CONCURRENT freed 509K, 19% free 3246K/3980K, paused 1ms+2ms, total 11ms
D/dalvikvm( 5296): GC_CONCURRENT freed 437K, 18% free 3298K/3980K, paused 1ms+3ms, total 19ms
D/dalvikvm( 5296): GC_CONCURRENT freed 473K, 18% free 3274K/3980K, paused 1ms+0ms, total 7ms
D/dalvikvm( 5296): GC_CONCURRENT freed 479K, 18% free 3290K/3980K, paused 0ms+2ms, total 10ms
D/dalvikvm( 5296): GC_CONCURRENT freed 388K, 17% free 3311K/3980K, paused 1ms+1ms, total 9ms
D/dalvikvm( 5296): GC_CONCURRENT freed 456K, 17% free 3330K/3980K, paused 4ms+0ms, total 12ms
D/dalvikvm( 5296): GC_CONCURRENT freed 422K, 17% free 3313K/3980K, paused 2ms+1ms, total 8ms
D/dalvikvm( 5334): GC_FOR_ALLOC freed 258K, 14% free 3560K/4120K, paused 20ms, total 20ms
D/dalvikvm( 2772): GC_CONCURRENT freed 482K, 17% free 3103K/3716K, paused 0ms+0ms, total 5ms
D/dalvikvm( 5296): GC_CONCURRENT freed 380K, 17% free 3317K/3980K, paused 1ms+1ms, total 8ms
D/dalvikvm( 5334): GC_FOR_ALLOC freed 124K, 17% free 3476K/4140K, paused 15ms, total 15ms
D/dalvikvm( 5296): GC_CONCURRENT freed 397K, 17% free 3318K/3980K, paused 1ms+2ms, total 10ms
D/dalvikvm( 5334): GC_FOR_ALLOC freed 39K, 16% free 3477K/4140K, paused 6ms, total 6ms
D/dalvikvm( 5334): GC_FOR_ALLOC freed 38K, 16% free 3479K/4140K, paused 6ms, total 6ms
D/dalvikvm( 5334): GC_FOR_ALLOC freed 38K, 16% free 3480K/4140K, paused 15ms, total 15ms
D/dalvikvm( 5296): GC_CONCURRENT freed 540K, 19% free 3230K/3980K, paused 3ms+0ms, total 13ms
D/dalvikvm( 5334): GC_FOR_ALLOC freed 39K, 16% free 3481K/4140K, paused 8ms, total 8ms
D/dalvikvm( 5334): GC_FOR_ALLOC freed 38K, 16% free 3483K/4140K, paused 8ms, total 8ms
D/dalvikvm( 5296): GC_CONCURRENT freed 424K, 18% free 3263K/3980K, paused 1ms+1ms, total 7ms
D/dalvikvm( 5296): GC_CONCURRENT freed 378K, 18% free 3276K/3980K, paused 2ms+2ms, total 10ms
D/dalvikvm( 2772): GC_CONCURRENT freed 477K, 20% free 3009K/3716K, paused 0ms+1ms, total 5ms
W/MediaScanner( 5334): Error opening directory '/storage/usb2/', skipping: Permission denied.
W/MediaScanner( 5334): Error opening directory '/storage/usb3/', skipping: Permission denied.
D/dalvikvm( 5296): GC_CONCURRENT freed 442K, 17% free 3309K/3980K, paused 1ms+1ms, total 9ms
D/dalvikvm( 5296): GC_CONCURRENT freed 422K, 17% free 3314K/3980K, paused 2ms+4ms, total 14ms
D/dalvikvm( 5296): GC_CONCURRENT freed 381K, 17% free 3321K/3980K, paused 2ms+1ms, total 8ms
D/dalvikvm( 5334): GC_CONCURRENT freed 322K, 15% free 3545K/4140K, paused 1ms+3ms, total 12ms
D/dalvikvm( 5296): GC_CONCURRENT freed 404K, 17% free 3331K/3980K, paused 1ms+2ms, total 7ms
D/dalvikvm( 5296): GC_CONCURRENT freed 435K, 17% free 3330K/3980K, paused 1ms+4ms, total 11ms
D/dalvikvm( 5296): GC_CONCURRENT freed 440K, 17% free 3335K/3980K, paused 3ms+2ms, total 12ms
D/dalvikvm( 2772): GC_CONCURRENT freed 304K, 16% free 3123K/3716K, paused 2ms+4ms, total 12ms
D/dalvikvm( 5296): GC_CONCURRENT freed 379K, 16% free 3376K/3980K, paused 1ms+5ms, total 13ms
D/dalvikvm( 5334): GC_CONCURRENT freed 492K, 17% free 3443K/4140K, paused 2ms+7ms, total 16ms
D/dalvikvm( 5296): GC_CONCURRENT freed 482K, 16% free 3349K/3980K, paused 0ms+3ms, total 11ms
D/dalvikvm( 1897): GC_EXPLICIT freed 130K, 23% free 9258K/11984K, paused 2ms+3ms, total 58ms
D/dalvikvm( 5296): GC_CONCURRENT freed 463K, 17% free 3333K/3980K, paused 2ms+2ms, total 11ms
D/dalvikvm( 5296): GC_CONCURRENT freed 501K, 19% free 3237K/3980K, paused 1ms+6ms, total 13ms
D/dalvikvm( 5334): GC_CONCURRENT freed 384K, 17% free 3443K/4140K, paused 1ms+1ms, total 8ms
D/dalvikvm( 2772): GC_CONCURRENT freed 459K, 18% free 3055K/3716K, paused 2ms+1ms, total 7ms
D/dalvikvm( 5334): GC_CONCURRENT freed 411K, 17% free 3450K/4140K, paused 0ms+2ms, total 12ms
D/dalvikvm( 2772): GC_CONCURRENT freed 309K, 16% free 3130K/3716K, paused 2ms+1ms, total 6ms
D/dalvikvm( 5334): GC_CONCURRENT freed 387K, 17% free 3452K/4140K, paused 2ms+1ms, total 10ms
D/dalvikvm( 5296): GC_CONCURRENT freed 423K, 20% free 3206K/3980K, paused 0ms+1ms, total 6ms
V/MediaScanner( 5334): pruneDeadThumbnailFiles... android.database.sqlite.SQLiteCursor@21722cb0
V/MediaScanner( 5334): /pruneDeadThumbnailFiles... android.database.sqlite.SQLiteCursor@21722cb0
D/audio_hw_primary( 1566): found out /dev/snd/pcmC0D0p
I/ActivityManager( 1897): START u0 {act=android.intent.action.MAIN cat=[android.intent.category.LAUNCHER] flg=0x10200000 cmp=com.android.settings/.Settings} from pid 3395
I/ActivityManager( 1897): Start proc com.android.settings for activity com.android.settings/.Settings: pid=5838 uid=1000 gids={41000, 1028, 1015, 1023, 3002, 3001, 3003}
W/BroadcastQueue( 1897): Permission Denial: broadcasting Intent { act=com.android.launcher3.action.LAUNCH flg=0x10 (has extras) } from com.cyanogenmod.trebuchet (pid=3395, uid=10020) requires com.google.android.launcher.permission.RECEIVE_LAUNCH_BROADCASTS due to receiver com.google.android.googlequicksearchbox/com.google.android.search.core.icingsync.ApplicationLaunchReceiver
W/BroadcastQueue( 1897): Permission Denial: receiving Intent { act=com.android.launcher3.action.LAUNCH flg=0x10 (has extras) } to com.google.android.googlequicksearchbox/com.google.android.search.core.icingsync.ApplicationLaunchReceiver requires com.android.launcher3.permission.RECEIVE_LAUNCH_BROADCASTS due to sender com.cyanogenmod.trebuchet (uid 10020)
D/dalvikvm( 5838): GC_CONCURRENT freed 82K, 6% free 3094K/3264K, paused 1ms+1ms, total 6ms
I/MediaStoreImporter( 3494): Update: incremental Added music: 0 Updated music: 0 Deleted music: 0 Created playlists: 0 Updated playlists: 0 Deleted playlists: 0 Inserted playlist items: 0 Deleted playlist items: 0 Removed orphaned playlist items: 0
D/BluetoothManagerService( 1897): Message: 20
D/BluetoothManagerService( 1897): Added callback: android.bluetooth.IBluetoothManagerCallback$Stub$Proxy@216f97d8:true
D/BluetoothAdapter( 5838): 561066296: getState() : mService = null. Returning STATE_OFF
D/BluetoothManagerService( 1897): Message: 30
W/ContextImpl( 5838): Calling a method in the system process without a qualified user: android.app.ContextImpl.bindService:1551 android.content.ContextWrapper.bindService:517 android.bluetooth.BluetoothInputDevice.doBind:245 android.bluetooth.BluetoothInputDevice.:238 android.bluetooth.BluetoothAdapter.getProfileProxy:1367
D/BluetoothManagerService( 1897): Message: 30
W/ContextImpl( 5838): Calling a method in the system process without a qualified user: android.app.ContextImpl.bindService:1551 android.content.ContextWrapper.bindService:517 android.bluetooth.BluetoothPan.doBind:149 android.bluetooth.BluetoothPan.:141 android.bluetooth.BluetoothAdapter.getProfileProxy:1370
D/LocalBluetoothProfileManager( 5838): Adding local MAP profile
D/BluetoothMap( 5838): Create BluetoothMap proxy object
D/BluetoothManagerService( 1897): Message: 30
W/ContextImpl( 5838): Calling a method in the system process without a qualified user: android.app.ContextImpl.bindService:1551 android.content.ContextWrapper.bindService:517 android.bluetooth.BluetoothMap.doBind:109 android.bluetooth.BluetoothMap.:102 android.bluetooth.BluetoothAdapter.getProfileProxy:1376
D/BluetoothManagerService( 1897): Message: 30
W/ContextImpl( 5838): Calling a method in the system process without a qualified user: android.app.ContextImpl.bindService:1551 android.content.ContextWrapper.bindService:517 android.bluetooth.BluetoothPbap.doBind:164 android.bluetooth.BluetoothPbap.:157 com.android.settings.bluetooth.PbapServerProfile.:68
D/LocalBluetoothProfileManager( 5838): LocalBluetoothProfileManager construction complete
D/BluetoothAdapter( 5838): 561066296: getState() : mService = null. Returning STATE_OFF
D/BluetoothAdapter( 5838): 561066296: getState() : mService = null. Returning STATE_OFF
D/BluetoothInputDevice( 5838): Proxy object connected
D/HidProfile( 5838): Bluetooth service connected
D/BluetoothAdapter( 5838): 561066296: getState() : mService = null. Returning STATE_OFF
D/BluetoothPan( 5838): BluetoothPAN Proxy object connected
D/PanProfile( 5838): Bluetooth service connected
D/BluetoothMap( 5838): Proxy object connected
D/MapProfile( 5838): Bluetooth service connected
D/BluetoothMap( 5838): getConnectedDevices()
D/BluetoothAdapter( 5838): 561066296: getState() : mService = null. Returning STATE_OFF
D/BluetoothMap( 5838): Bluetooth is Not enabled
D/dalvikvm( 2772): GC_CONCURRENT freed 411K, 17% free 3115K/3716K, paused 0ms+0ms, total 6ms
W/GRALLOC-PIPE( 5838): failed to create pipe screen for i965
I/GRALLOC-DRM( 5838): create intel for driver i915
D/OpenGLRenderer( 5838): Enabling debug mode 0
D/dalvikvm( 1897): GC_EXPLICIT freed 228K, 21% free 9483K/11984K, paused 2ms+5ms, total 48ms
D/WifiService( 1897): setWifiEnabled: true pid=5838, uid=1000
D/BluetoothAdapter( 5838): 561066296: getState() : mService = null. Returning STATE_OFF
D/dalvikvm( 5838): GC_CONCURRENT freed 159K, 7% free 3331K/3576K, paused 1ms+2ms, total 7ms
D/dalvikvm( 5296): GC_CONCURRENT freed 431K, 21% free 3160K/3980K, paused 1ms+1ms, total 7ms
D/dalvikvm( 2772): GC_CONCURRENT freed 487K, 19% free 3013K/3716K, paused 0ms+1ms, total 5ms
I/ActivityManager( 1897): Displayed com.android.settings/.Settings: +598ms
D/CalendarSyncAdapter( 5296): Found 0 events marked dirty & lastSynced
I/DownloadManager( 5334): Download 42 finished with status SUCCESS
I/ActivityManager( 1897): Killing 5220:com.google.android.googlequicksearchbox/u0a21 (adj 15): empty #17
I/GLSUser ( 4955): [GLSUser] getTokenFromCache: [account: , callingPkg: com.google.android.gm, service: mail]
I/DownloadManager( 5334): Download 43 starting
I/DownloadManager( 5334): Ignoring Content-Length since Transfer-Encoding is also defined
D/dalvikvm( 5334): GC_CONCURRENT freed 592K, 22% free 3255K/4140K, paused 1ms+1ms, total 10ms
I/DownloadManager( 5334): Download 43 finished with status SUCCESS
D/dalvikvm( 4753): GC_CONCURRENT freed 431K, 13% free 4062K/4660K, paused 0ms+2ms, total 14ms
D/dalvikvm( 4955): GC_CONCURRENT freed 417K, 26% free 4112K/5548K, paused 1ms+1ms, total 14ms
I/GLSUser ( 4955): [GLSUser] getTokenFromCache: [account: , callingPkg: com.google.android.gm, service: mail]
I/DownloadManager( 5334): Download 44 starting
I/DownloadManager( 5334): Ignoring Content-Length since Transfer-Encoding is also defined
I/DownloadManager( 5334): Download 44 finished with status SUCCESS
D/dalvikvm( 1897): GC_EXPLICIT freed 319K, 21% free 9481K/11984K, paused 1ms+5ms, total 39ms
I/GLSUser ( 4955): [GLSUser] getTokenFromCache: [account: , callingPkg: com.google.android.gm, service: mail]
I/DownloadManager( 5334): Download 45 starting
I/DownloadManager( 5334): Ignoring Content-Length since Transfer-Encoding is also defined
I/DownloadManager( 5334): Download 45 finished with status SUCCESS
D/dalvikvm( 5334): GC_CONCURRENT freed 307K, 20% free 3337K/4140K, paused 1ms+1ms, total 7ms
I/GLSUser ( 4955): [GLSUser] getTokenFromCache: [account: , callingPkg: com.google.android.gm, service: mail]
I/DownloadManager( 5334): Download 46 starting
I/DownloadManager( 5334): Ignoring Content-Length since Transfer-Encoding is also defined
I/DownloadManager( 5334): Download 46 finished with status SUCCESS
I/GLSUser ( 4955): [GLSUser] getTokenFromCache: [account: , callingPkg: com.google.android.gm, service: mail]
I/DownloadManager( 5334): Download 47 starting
D/dalvikvm( 2314): GC_CONCURRENT freed 894K, 39% free 5480K/8868K, paused 1ms+2ms, total 19ms
I/DownloadManager( 5334): Ignoring Content-Length since Transfer-Encoding is also defined
D/dalvikvm( 5334): GC_CONCURRENT freed 388K, 20% free 3336K/4140K, paused 1ms+2ms, total 11ms
D/dalvikvm( 1897): GC_EXPLICIT freed 434K, 22% free 9403K/11984K, paused 1ms+2ms, total 34ms
D/dalvikvm( 5334): GC_EXPLICIT freed 420K, 21% free 3272K/4140K, paused 0ms+1ms, total 8ms
D/dalvikvm( 2314): GC_EXPLICIT freed 586K, 40% free 5404K/8868K, paused 1ms+2ms, total 18ms
I/iu.UploadsManager( 2314): End new media; added: 26, uploading: 0, time: 633 ms
W/dalvikvm( 2314): VFY: unable to find class referenced in signature (Landroid/net/Network;)
W/dalvikvm( 2314): VFY: unable to find class referenced in signature (Landroid/net/Network;)
I/ActivityManager( 1897): START u0 {act=android.intent.action.MAIN cmp=com.android.settings/.SubSettings (has extras)} from pid 5838
D/audio_hw_primary( 1566): found out /dev/snd/pcmC0D0p
D/dalvikvm( 4955): GC_CONCURRENT freed 430K, 27% free 4098K/5548K, paused 1ms+2ms, total 18ms
D/SubSettings( 5838): Launching fragment com.android.settings.deviceinfo.Memory
D/dalvikvm( 1897): GC_EXPLICIT freed 167K, 22% free 9379K/11984K, paused 1ms+3ms, total 34ms
I/GLSUser ( 4955): [GLSUser] getTokenFromCache: [account: , callingPkg: com.google.android.gms, service: oauth2:https://www.googleapis.com/auth/emeraldsea.mobileapps.doritos.cookie]
I/Auth.Core( 4955): [TokenCache] Missing snowballing token: no granted scopes set.
I/GLSUser ( 4955): [GLSUser] getTokenFromGoogle [account: , callingPkg: com.google.android.gms, service: oauth2:https://www.googleapis.com/auth/emeraldsea.mobileapps.doritos.cookie
I/ActivityManager( 1897): Start proc com.android.defcontainer for service com.android.defcontainer/.DefaultContainerService: pid=5899 uid=10004 gids={50004, 1028, 1015, 1023, 2001, 1035}
D/dalvikvm( 5838): GC_CONCURRENT freed 81K, 5% free 3654K/3820K, paused 2ms+3ms, total 11ms
I/ActivityManager( 1897): Displayed com.android.settings/.SubSettings: +306ms
I/GLSUser ( 4955): [GLSUser] getAuthtoken(, oauth2:https://www.googleapis.com/auth/emeraldsea.mobileapps.doritos.cookie) -> status: null)
I/GLSUser ( 4955): [GLSUser] Extracting token using key: Auth
W/GLSUser ( 4955): [GLSUser] Permission for com.google.android.gms to access oauth2:https://www.googleapis.com/auth/emeraldsea.mobileapps.doritos.cookie will be managed locally.
E/houdini_hook( 5899): Unable to open libdvm_houdini lib
E/houdini_hook( 5899): Unable to open libdvm_houdini lib
E/houdini_hook( 5899): Unable to open libdvm_houdini lib
E/houdini_hook( 5899): Unable to open libdvm_houdini lib
E/houdini_hook( 5899): Unable to open libdvm_houdini lib
E/houdini_hook( 5899): Unable to open libdvm_houdini lib
D/StorageMeasurement( 5838): getDirectorySize(/storage/emulated/0) returned 4096
D/StorageMeasurement( 5838): getDirectorySize(/storage/emulated/0/Android) returned 4096
D/StorageMeasurement( 5838): getDirectorySize(/storage/emulated/0) returned 4096
D/StorageMeasurement( 5838): getDirectorySize(/storage/emulated/0) returned 4096
D/StorageMeasurement( 5838): getDirectorySize(/storage/emulated/0) returned 4096
D/StorageMeasurement( 5838): getDirectorySize(/storage/emulated/0) returned 4096
D/StorageMeasurement( 5838): getDirectorySize(/storage/emulated/0/Podcasts) returned 0
D/StorageMeasurement( 5838): getDirectorySize(/storage/emulated/0/DCIM) returned 0
D/StorageMeasurement( 5838): getDirectorySize(/storage/emulated/0/Ringtones) returned 0
D/StorageMeasurement( 5838): getDirectorySize(/storage/emulated/0/Movies) returned 0
D/StorageMeasurement( 5838): getDirectorySize(/storage/emulated/0/Alarms) returned 0
D/StorageMeasurement( 5838): getDirectorySize(/storage/emulated/0/Music) returned 0
D/StorageMeasurement( 5838): getDirectorySize(/storage/emulated/0/Notifications) returned 0
D/StorageMeasurement( 5838): getDirectorySize(/storage/emulated/0/Pictures) returned 0
D/StorageMeasurement( 5838): getDirectorySize(/storage/emulated/0/Download) returned 0
D/StorageMeasurement( 5838): getDirectorySize(/storage/emulated/0/obb) returned 0
D/StorageMeasurement( 5838): getDirectorySize(/storage/emulated/0) returned 4096
E/houdini_hook( 2314): Unable to open libdvm_houdini lib
E/houdini_hook( 2314): Unable to open libdvm_houdini lib
E/houdini_hook( 2314): Unable to open libdvm_houdini lib
E/houdini_hook( 2314): Unable to open libdvm_houdini lib
E/houdini_hook( 2314): Unable to open libdvm_houdini lib
E/houdini_hook( 2314): Unable to open libdvm_houdini lib
D/dalvikvm( 2314): No JNI_OnLoad found in /system/lib/libgmscore.so 0x42dafb20, skipping init
E/houdini_hook( 2314): Unable to open libdvm_houdini lib
E/houdini_hook( 2314): Unable to open libdvm_houdini lib
E/houdini_hook( 2314): Unable to open libdvm_houdini lib
E/houdini_hook( 2314): Unable to open libdvm_houdini lib
E/houdini_hook( 2314): Unable to open libdvm_houdini lib
E/houdini_hook( 2314): Unable to open libdvm_houdini lib
V/JNIHelp ( 2314): Registering com/google/android/gms/org/conscrypt/NativeCrypto's 227 native methods...
D/dalvikvm( 5899): GC_CONCURRENT freed 361K, 15% free 2693K/3140K, paused 0ms+0ms, total 5ms
D/dalvikvm( 5899): GC_CONCURRENT freed 386K, 15% free 2692K/3164K, paused 1ms+1ms, total 5ms
D/dalvikvm( 1897): GC_CONCURRENT freed 1572K, 22% free 9400K/11984K, paused 1ms+3ms, total 55ms
D/dalvikvm( 5899): GC_CONCURRENT freed 386K, 15% free 2692K/3164K, paused 0ms+0ms, total 4ms
D/dalvikvm( 5899): GC_CONCURRENT freed 386K, 15% free 2692K/3164K, paused 0ms+0ms, total 3ms
D/dalvikvm( 1897): GC_CONCURRENT freed 1661K, 22% free 9364K/11984K, paused 2ms+3ms, total 45ms
D/dalvikvm( 5838): GC_CONCURRENT freed 249K, 9% free 3794K/4128K, paused 2ms+2ms, total 16ms
I/DownloadManager( 5334): Download 47 finished with status SUCCESS
I/GLSUser ( 4955): [GLSUser] getTokenFromCache: [account: , callingPkg: com.google.android.gm, service: mail]
D/dalvikvm( 5334): GC_CONCURRENT freed 421K, 22% free 3251K/4124K, paused 1ms+1ms, total 12ms
I/DownloadManager( 5334): Download 48 starting
D/audio_hw_primary( 1566): found out /dev/snd/pcmC0D0p
D/BluetoothAdapter( 5838): 561066296: getState() : mService = null. Returning STATE_OFF
I/DownloadManager( 5334): Ignoring Content-Length since Transfer-Encoding is also defined
D/dalvikvm( 1897): GC_FOR_ALLOC freed 756K, 22% free 9373K/11984K, paused 25ms, total 25ms
I/dalvikvm-heap( 1897): Grow heap (frag case) to 9.359MB for 124212-byte allocation
D/dalvikvm( 1897): GC_FOR_ALLOC freed 3K, 22% free 9491K/12108K, paused 24ms, total 24ms
D/dalvikvm( 1897): GC_FOR_ALLOC freed <1K, 22% free 9491K/12108K, paused 25ms, total 25ms
I/dalvikvm-heap( 1897): Grow heap (frag case) to 9.474MB for 124212-byte allocation
D/dalvikvm( 1897): GC_FOR_ALLOC freed <1K, 22% free 9611K/12232K, paused 25ms, total 25ms
D/dalvikvm( 1963): GC_CONCURRENT freed 2597K, 16% free 14863K/17540K, paused 1ms+1ms, total 15ms
W/MediaPlayer-JNI( 1963): MediaPlayer finalized without being released
I/DownloadManager( 5334): Download 48 finished with status SUCCESS
I/ActivityManager( 1897): Killing 5098:com.android.calendar/u0a31 (adj 15): empty #17
D/dalvikvm( 4753): GC_CONCURRENT freed 353K, 12% free 4097K/4620K, paused 1ms+1ms, total 8ms
D/dalvikvm( 4955): GC_CONCURRENT freed 398K, 27% free 4087K/5548K, paused 0ms+2ms, total 8ms
I/GLSUser ( 4955): [GLSUser] getTokenFromCache: [account: , callingPkg: com.google.android.gm, service: mail]
I/DownloadManager( 5334): Download 49 starting
I/DownloadManager( 5334): Download 49 finished with status SUCCESS
I/GLSUser ( 4955): [GLSUser] getTokenFromCache: [account: , callingPkg: com.google.android.gm, service: mail]
I/DownloadManager( 5334): Download 50 starting
D/dalvikvm( 5334): GC_CONCURRENT freed 375K, 21% free 3260K/4124K, paused 2ms+1ms, total 7ms
I/DownloadManager( 5334): Download 50 finished with status SUCCESS
I/GLSUser ( 4955): [GLSUser] getTokenFromCache: [account: , callingPkg: com.google.android.gm, service: mail]
I/DownloadManager( 5334): Download 51 starting
I/DownloadManager( 5334): Download 51 finished with status SUCCESS
I/ActivityManager( 1897): Killing 5022:com.google.android.youtube/u0a81 (adj 15): empty #17
F/ActivityManager( 1897): Service ServiceRecord{219502f4 u0 com.google.android.youtube/com.google.android.apps.youtube.app.offline.transfer.OfflineTransferService} in process ProcessRecord{2183ce48 5022:com.google.android.youtube/u0a81} not same as in map: null
D/dalvikvm( 1897): GC_EXPLICIT freed 557K, 23% free 9515K/12232K, paused 2ms+2ms, total 33ms
I/GLSUser ( 4955): [GLSUser] getTokenFromCache: [account: , callingPkg: com.google.android.gm, service: mail]
I/DownloadManager( 5334): Download 52 starting
I/DownloadManager( 5334): Download 52 finished with status SUCCESS
D/dalvikvm( 5334): GC_CONCURRENT freed 377K, 21% free 3267K/4124K, paused 0ms+1ms, total 6ms
D/dalvikvm( 4753): GC_CONCURRENT freed 382K, 12% free 4101K/4636K, paused 1ms+1ms, total 11ms
D/dalvikvm( 4955): GC_CONCURRENT freed 404K, 27% free 4086K/5548K, paused 0ms+2ms, total 12ms
I/GLSUser ( 4955): [GLSUser] getTokenFromCache: [account: , callingPkg: com.google.android.gm, service: mail]
I/DownloadManager( 5334): Download 53 starting
I/DownloadManager( 5334): Download 53 finished with status SUCCESS
I/GLSUser ( 4955): [GLSUser] getTokenFromCache: [account: , callingPkg: com.google.android.gm, service: mail]
I/DownloadManager( 5334): Download 54 starting
I/DownloadManager( 5334): Download 54 finished with status SUCCESS
I/GLSUser ( 4955): [GLSUser] getTokenFromCache: [account: , callingPkg: com.google.android.gm, service: mail]
I/DownloadManager( 5334): Download 55 starting
D/dalvikvm( 5334): GC_CONCURRENT freed 388K, 21% free 3273K/4124K, paused 2ms+1ms, total 9ms
I/DownloadManager( 5334): Download 55 finished with status SUCCESS
D/dalvikvm( 1897): GC_EXPLICIT freed 417K, 23% free 9506K/12232K, paused 1ms+2ms, total 29ms
I/GLSUser ( 4955): [GLSUser] getTokenFromCache: [account: , callingPkg: com.google.android.gm, service: mail]
I/DownloadManager( 5334): Download 56 starting
I/DownloadManager( 5334): Download 56 finished with status SUCCESS
I/GLSUser ( 4955): [GLSUser] getTokenFromCache: [account: , callingPkg: com.google.android.gm, service: mail]
D/dalvikvm( 4955): GC_CONCURRENT freed 391K, 27% free 4086K/5548K, paused 1ms+1ms, total 16ms
I/DownloadManager( 5334): Download 57 starting
I/DownloadManager( 5334): Download 57 finished with status SUCCESS
D/dalvikvm( 5334): GC_CONCURRENT freed 372K, 21% free 3288K/4124K, paused 1ms+1ms, total 10ms
D/dalvikvm( 4753): GC_CONCURRENT freed 372K, 12% free 4122K/4644K, paused 2ms+2ms, total 12ms
I/GLSUser ( 4955): [GLSUser] getTokenFromCache: [account: , callingPkg: com.google.android.gm, service: mail]
I/DownloadManager( 5334): Download 58 starting
I/DownloadManager( 5334): Download 58 finished with status SUCCESS
I/GLSUser ( 4955): [GLSUser] getTokenFromCache: [account: , callingPkg: com.google.android.gm, service: mail]
D/dalvikvm( 1897): GC_EXPLICIT freed 413K, 23% free 9504K/12232K, paused 1ms+3ms, total 30ms
I/DownloadManager( 5334): Download 59 starting
D/SurfaceFlinger( 1563): Screen released, type=0 flinger=0x41b23820
I/DownloadManager( 5334): Download 59 finished with status SUCCESS
I/GLSUser ( 4955): [GLSUser] getTokenFromCache: [account: , callingPkg: com.google.android.gm, service: mail]
D/dalvikvm( 5334): GC_CONCURRENT freed 389K, 21% free 3292K/4124K, paused 1ms+2ms, total 7ms
I/DownloadManager( 5334): Download 60 starting
I/DownloadManager( 5334): Download 60 finished with status SUCCESS
I/GLSUser ( 4955): [GLSUser] getTokenFromCache: [account: , callingPkg: com.google.android.gm, service: mail]
I/DownloadManager( 5334): Download 61 starting
I/DownloadManager( 5334): Download 61 finished with status SUCCESS
D/dalvikvm( 4955): GC_CONCURRENT freed 388K, 27% free 4085K/5548K, paused 1ms+1ms, total 8ms
I/GLSUser ( 4955): [GLSUser] getTokenFromCache: [account: , callingPkg: com.google.android.gm, service: mail]
I/DownloadManager( 5334): Download 62 starting
I/Choreographer( 3395): Skipped 49 frames! The application may be doing too much work on its main thread.
D/dalvikvm( 5334): GC_CONCURRENT freed 388K, 20% free 3299K/4124K, paused 0ms+1ms, total 7ms
I/DownloadManager( 5334): Download 62 finished with status SUCCESS
D/dalvikvm( 4753): GC_CONCURRENT freed 383K, 12% free 4127K/4660K, paused 0ms+1ms, total 8ms
D/dalvikvm( 1897): GC_EXPLICIT freed 391K, 23% free 9500K/12232K, paused 1ms+3ms, total 32ms
I/GLSUser ( 4955): [GLSUser] getTokenFromCache: [account: , callingPkg: com.google.android.gm, service: mail]
I/DownloadManager( 5334): Download 63 starting
I/DownloadManager( 5334): Download 63 finished with status SUCCESS
I/GLSUser ( 4955): [GLSUser] getTokenFromCache: [account: , callingPkg: com.google.android.gm, service: mail]
I/DownloadManager( 5334): Download 64 starting
I/DownloadManager( 5334): Download 64 finished with status SUCCESS
I/GLSUser ( 4955): [GLSUser] getTokenFromCache: [account: , callingPkg: com.google.android.gm, service: mail]
D/dalvikvm( 5334): GC_CONCURRENT freed 378K, 20% free 3312K/4124K, paused 2ms+2ms, total 10ms
I/DownloadManager( 5334): Download 65 starting
I/DownloadManager( 5334): Download 65 finished with status SUCCESS
D/dalvikvm( 4955): GC_CONCURRENT freed 387K, 27% free 4087K/5548K, paused 1ms+1ms, total 9ms
I/GLSUser ( 4955): [GLSUser] getTokenFromCache: [account: , callingPkg: com.google.android.gm, service: mail]
I/DownloadManager( 5334): Download 66 starting
D/dalvikvm( 1897): GC_EXPLICIT freed 423K, 23% free 9496K/12232K, paused 1ms+2ms, total 31ms
I/DownloadManager( 5334): Download 66 finished with status SUCCESS
D/dalvikvm( 4753): GC_CONCURRENT freed 386K, 12% free 4136K/4672K, paused 0ms+1ms, total 10ms
I/GLSUser ( 4955): [GLSUser] getTokenFromCache: [account: , callingPkg: com.google.android.gm, service: mail]
I/DownloadManager( 5334): Download 67 starting
D/dalvikvm( 5334): GC_CONCURRENT freed 408K, 21% free 3297K/4124K, paused 1ms+1ms, total 8ms
I/DownloadManager( 5334): Download 67 finished with status SUCCESS
I/GLSUser ( 4955): [GLSUser] getTokenFromCache: [account: , callingPkg: com.google.android.gm, service: mail]
I/DownloadManager( 5334): Download 68 starting
I/DownloadManager( 5334): Download 68 finished with status SUCCESS
I/GLSUser ( 4955): [GLSUser] getTokenFromCache: [account: , callingPkg: com.google.android.gm, service: mail]
I/DownloadManager( 5334): Download 69 starting
I/DownloadManager( 5334): Download 69 finished with status SUCCESS
I/GLSUser ( 4955): [GLSUser] getTokenFromCache: [account: , callingPkg: com.google.android.gm, service: mail]
D/dalvikvm( 4955): GC_CONCURRENT freed 391K, 27% free 4087K/5548K, paused 1ms+3ms, total 17ms
D/dalvikvm( 1897): GC_EXPLICIT freed 399K, 23% free 9504K/12232K, paused 1ms+2ms, total 32ms
D/dalvikvm( 5334): GC_CONCURRENT freed 387K, 20% free 3306K/4124K, paused 2ms+2ms, total 10ms
I/DownloadManager( 5334): Download 70 starting
I/DownloadManager( 5334): Download 70 finished with status SUCCESS
I/GLSUser ( 4955): [GLSUser] getTokenFromCache: [account: , callingPkg: com.google.android.gm, service: mail]
I/DownloadManager( 5334): Download 71 starting
I/DownloadManager( 5334): Download 71 finished with status SUCCESS
D/dalvikvm( 4753): GC_CONCURRENT freed 377K, 12% free 4145K/4672K, paused 2ms+1ms, total 9ms
I/GLSUser ( 4955): [GLSUser] getTokenFromCache: [account: , callingPkg: com.google.android.gm, service: mail]
I/DownloadManager( 5334): Download 72 starting
D/dalvikvm( 5334): GC_CONCURRENT freed 379K, 20% free 3315K/4124K, paused 2ms+2ms, total 9ms
I/DownloadManager( 5334): Download 72 finished with status SUCCESS
I/GLSUser ( 4955): [GLSUser] getTokenFromCache: [account: , callingPkg: com.google.android.gm, service: mail]
I/GLSUser ( 4955): [GLSUser] getTokenFromCache: [account: , callingPkg: com.google.android.gsf, service: mail]
I/DownloadManager( 5334): Download 73 starting
D/dalvikvm( 4955): GC_CONCURRENT freed 402K, 26% free 4106K/5548K, paused 0ms+2ms, total 10ms
I/DownloadManager( 5334): Download 73 finished with status SUCCESS
D/dalvikvm( 1897): GC_EXPLICIT freed 447K, 23% free 9505K/12232K, paused 1ms+3ms, total 30ms
I/GLSUser ( 4955): [GLSUser] getTokenFromCache: [account: , callingPkg: com.google.android.gm, service: mail]
I/DownloadManager( 5334): Download 74 starting
I/DownloadManager( 5334): Download 74 finished with status SUCCESS
D/dalvikvm( 4955): GC_CONCURRENT freed 353K, 26% free 4155K/5548K, paused 1ms+1ms, total 9ms
D/dalvikvm( 2314): GC_CONCURRENT freed 672K, 38% free 5550K/8868K, paused 1ms+2ms, total 18ms
I/CalendarProvider2( 2772): Sending notification intent: Intent { act=android.intent.action.PROVIDER_CHANGED dat=content://com.android.calendar }
W/ContentResolver( 2772): Failed to get type for: content://com.android.calendar (Unknown URL content://com.android.calendar)
I/ActivityManager( 1897): Start proc com.android.calendar for broadcast com.android.calendar/.alerts.AlertReceiver: pid=6120 uid=10031 gids={50031, 3003}
I/ActivityManager( 1897): Killing 5173:com.google.android.gms.wearable/u0a8 (adj 15): empty #17
D/ExtensionsFactory( 6120): No custom extensions.
D/AlertReceiver( 6120): onReceive: a=android.intent.action.PROVIDER_CHANGED Intent { act=android.intent.action.PROVIDER_CHANGED dat=content://com.android.calendar flg=0x10 cmp=com.android.calendar/.alerts.AlertReceiver }
D/AlertService( 6120): 0 Action = android.intent.action.PROVIDER_CHANGED
D/dalvikvm( 2772): GC_CONCURRENT freed 440K, 20% free 2957K/3680K, paused 0ms+0ms, total 5ms
D/dalvikvm( 6120): GC_CONCURRENT freed 279K, 12% free 2778K/3140K, paused 2ms+2ms, total 8ms
I/GlobalDismissManager( 6120): no sender configured
D/AlertService( 6120): Beginning updateAlertNotification
D/AlertService( 6120): No fired or scheduled alerts
D/AlertService( 6120): Scheduling next alarm with AlarmScheduler. sEventReminderReceived: null
D/AlarmScheduler( 6120): Query result count for events starting within 1 week: 8
I/ActivityManager( 1897): Killing 5369:com.google.android.apps.magazines/u0a58 (adj 15): empty #17
D/ConnectivityService( 1897): Sampling interval elapsed, updating statistics ..
D/ConnectivityService( 1897): Done.
D/ConnectivityService( 1897): Setting timer for 720seconds
D/SurfaceFlinger( 1563): Screen acquired, type=0 flinger=0x41b23820
D/GRALLOC-DRM( 1563): set master
I/Choreographer( 3395): Skipped 51 frames! The application may be doing too much work on its main thread.
I/ActivityManager( 1897): START u0 {act=android.intent.action.MAIN cat=[android.intent.category.LAUNCHER] flg=0x10200000 cmp=com.android.camera2/com.android.camera.CameraLauncher} from pid 3395
D/audio_hw_primary( 1566): found out /dev/snd/pcmC0D0p
W/BroadcastQueue( 1897): Permission Denial: broadcasting Intent { act=com.android.launcher3.action.LAUNCH flg=0x10 (has extras) } from com.cyanogenmod.trebuchet (pid=3395, uid=10020) requires com.google.android.launcher.permission.RECEIVE_LAUNCH_BROADCASTS due to receiver com.google.android.googlequicksearchbox/com.google.android.search.core.icingsync.ApplicationLaunchReceiver
W/BroadcastQueue( 1897): Permission Denial: receiving Intent { act=com.android.launcher3.action.LAUNCH flg=0x10 (has extras) } to com.google.android.googlequicksearchbox/com.google.android.search.core.icingsync.ApplicationLaunchReceiver requires com.android.launcher3.permission.RECEIVE_LAUNCH_BROADCASTS due to sender com.cyanogenmod.trebuchet (uid 10020)
I/ActivityManager( 1897): Start proc com.android.camera2 for activity com.android.camera2/com.android.camera.CameraLauncher: pid=6146 uid=10032 gids={50032, 3003, 1028, 1015, 1023}
D/dalvikvm( 6146): GC_CONCURRENT freed 86K, 6% free 3056K/3236K, paused 1ms+1ms, total 5ms
D/dalvikvm( 6146): WAIT_FOR_CONCURRENT_GC blocked 3ms
D/dalvikvm( 6146): GC_CONCURRENT freed 81K, 5% free 3364K/3532K, paused 0ms+1ms, total 4ms
D/dalvikvm( 6146): WAIT_FOR_CONCURRENT_GC blocked 1ms
V/NFC ( 6146): this device does not have NFC support
D/KbdSensor( 1897): poll_setDelay: dev=0x72978720 delay-ns=66667000
V/CAM_PhotoModule( 6146): On resume.
V/CAM_PhotoModule( 6146): Executing onResumeTasks.
V/CAM_PhotoModule( 6146): Open camera device.
D/Camera_Factory( 1566): CameraFactory::get_camera_info
D/Camera_Factory( 1566): CameraFactory::getCameraInfo: id = 0, info = 0x43b9da00
D/Camera_Factory( 1566): CameraFactory::getCameraNum: 1
D/CameraHardware( 1566): CameraHardware::getCameraInfo
V/CameraHolder( 6146): open camera 0
D/Camera_Factory( 1566): CameraFactory::get_camera_info
D/Camera_Factory( 1566): CameraFactory::getCameraInfo: id = 0, info = 0x43a6698c
D/Camera_Factory( 1566): CameraFactory::getCameraNum: 1
D/CameraHardware( 1566): CameraHardware::getCameraInfo
D/Camera_Factory( 1566): CameraFactory::get_camera_info
D/Camera_Factory( 1566): CameraFactory::getCameraInfo: id = 0, info = 0x43a6698c
D/Camera_Factory( 1566): CameraFactory::getCameraNum: 1
D/CameraHardware( 1566): CameraHardware::getCameraInfo
I/AwesomePlayer( 1566): setDataSource_l(URL suppressed)
I/FFmpegExtractor( 1566): android-source:0x42ddc8d0
D/FFMPEG ( 1566): android source begin open
D/FFMPEG ( 1566): android open, url: android-source:0x42ddc8d0
D/FFMPEG ( 1566): ffmpeg open android data source success, source ptr: 0x42ddc8d0
D/FFMPEG ( 1566): android source open success
I/FFMPEG ( 1566): Input #0, ogg, from 'android-source:0x42ddc8d0':
I/FFMPEG ( 1566): Duration: 00:00:00.42, start: 0.000000, bitrate: 113 kb/s
I/FFMPEG ( 1566): Stream #0:0: Audio: vorbis, 44100 Hz, mono, fltp, 48 kb/s
I/FFMPEG ( 1566): Metadata:
I/FFMPEG ( 1566): TITLE : Camera Shutter
I/FFMPEG ( 1566): ARTIST : (c) 2012 Android Open Source Project
I/FFmpegExtractor( 1566): FFmpegExtrator, url: android-source:0x42ddc8d0, format_name: ogg, format_long_name: Ogg
I/FFmpegExtractor( 1566): list the formats suppoted by ffmpeg:
I/FFmpegExtractor( 1566): ========================================
I/FFmpegExtractor( 1566): ========================================
I/FFmpegExtractor( 1566): adjust mime(application/ogg -> audio/vorbis)
D/FFmpegExtractor( 1566): suppoted codec(vorbis) by official Stagefright
D/FFMPEG ( 1566): android source close
I/FFmpegExtractor( 1566): sniff through BetterSniffFFMPEG success
D/FFmpegExtractor( 1566): ffmpeg detected media content as 'audio/vorbis' with confidence 0.08
D/SoftFFmpegAudio( 1566): SoftFFmpegAudio component: OMX.ffmpeg.vorbis.decoder mMode: 3
D/dalvikvm( 5334): GC_CONCURRENT freed 411K, 20% free 3290K/4096K, paused 2ms+4ms, total 16ms
D/SoftFFmpegAudio( 1566): set OMX_IndexParamAudioVorbis, nChannels=1, nSampleRate=44100, nBitRate=0, nMinBitRate=0, nMaxBitRate=0
I/OMXCodec( 1566): [OMX.ffmpeg.vorbis.decoder] allocating 4 buffers of size 20480 on input port
I/OMXCodec( 1566): [OMX.ffmpeg.vorbis.decoder] allocated buffer 0x42dcfd30 on input port
I/OMXCodec( 1566): [OMX.ffmpeg.vorbis.decoder] allocated buffer 0x42dcfea0 on input port
I/OMXCodec( 1566): [OMX.ffmpeg.vorbis.decoder] allocated buffer 0x42dcff50 on input port
I/OMXCodec( 1566): [OMX.ffmpeg.vorbis.decoder] allocated buffer 0x42dd4020 on input port
I/OMXCodec( 1566): [OMX.ffmpeg.vorbis.decoder] allocating 4 buffers of size 9216 on output port
I/OMXCodec( 1566): [OMX.ffmpeg.vorbis.decoder] allocated buffer 0x42dd41b0 on output port
I/OMXCodec( 1566): [OMX.ffmpeg.vorbis.decoder] allocated buffer 0x42dd43f0 on output port
I/OMXCodec( 1566): [OMX.ffmpeg.vorbis.decoder] allocated buffer 0x42dd4550 on output port
I/OMXCodec( 1566): [OMX.ffmpeg.vorbis.decoder] allocated buffer 0x41d41990 on output port
I/AwesomePlayer( 1566): setDataSource_l(URL suppressed)
I/FFmpegExtractor( 1566): android-source:0x42dfec00
D/FFMPEG ( 1566): android source begin open
D/FFMPEG ( 1566): android open, url: android-source:0x42dfec00
D/FFMPEG ( 1566): ffmpeg open android data source success, source ptr: 0x42dfec00
D/FFMPEG ( 1566): android source open success
I/FFMPEG ( 1566): Input #0, ogg, from 'android-source:0x42dfec00':
I/FFMPEG ( 1566): Duration: 00:00:00.54, start: 0.000000, bitrate: 93 kb/s
I/FFMPEG ( 1566): Stream #0:0: Audio: vorbis, 44100 Hz, mono, fltp, 48 kb/s
I/FFMPEG ( 1566): Metadata:
I/FFMPEG ( 1566): TITLE : Video Record
I/FFMPEG ( 1566): ARTIST : (c) 2012 Android Open Source Project
I/FFmpegExtractor( 1566): FFmpegExtrator, url: android-source:0x42dfec00, format_name: ogg, format_long_name: Ogg
I/FFmpegExtractor( 1566): list the formats suppoted by ffmpeg:
I/FFmpegExtractor( 1566): ========================================
I/FFmpegExtractor( 1566): ========================================
I/FFmpegExtractor( 1566): adjust mime(application/ogg -> audio/vorbis)
D/FFmpegExtractor( 1566): suppoted codec(vorbis) by official Stagefright
D/FFMPEG ( 1566): android source close
I/FFmpegExtractor( 1566): sniff through BetterSniffFFMPEG success
D/FFmpegExtractor( 1566): ffmpeg detected media content as 'audio/vorbis' with confidence 0.08
D/SoftFFmpegAudio( 1566): SoftFFmpegAudio component: OMX.ffmpeg.vorbis.decoder mMode: 3
D/SoftFFmpegAudio( 1566): set OMX_IndexParamAudioVorbis, nChannels=1, nSampleRate=44100, nBitRate=0, nMinBitRate=0, nMaxBitRate=0
I/OMXCodec( 1566): [OMX.ffmpeg.vorbis.decoder] allocating 4 buffers of size 20480 on input port
I/OMXCodec( 1566): [OMX.ffmpeg.vorbis.decoder] allocated buffer 0x43a82410 on input port
I/OMXCodec( 1566): [OMX.ffmpeg.vorbis.decoder] allocated buffer 0x43a82b60 on input port
I/OMXCodec( 1566): [OMX.ffmpeg.vorbis.decoder] allocated buffer 0x43a82c40 on input port
I/OMXCodec( 1566): [OMX.ffmpeg.vorbis.decoder] allocated buffer 0x43a82d00 on input port
I/OMXCodec( 1566): [OMX.ffmpeg.vorbis.decoder] allocating 4 buffers of size 9216 on output port
I/OMXCodec( 1566): [OMX.ffmpeg.vorbis.decoder] allocated buffer 0x43a82ec0 on output port
I/OMXCodec( 1566): [OMX.ffmpeg.vorbis.decoder] allocated buffer 0x43a83100 on output port
I/OMXCodec( 1566): [OMX.ffmpeg.vorbis.decoder] allocated buffer 0x43a83260 on output port
I/OMXCodec( 1566): [OMX.ffmpeg.vorbis.decoder] allocated buffer 0x43a833a0 on output port
I/CameraClient( 1566): Opening camera 0
D/Camera_Factory( 1566): CameraFactory::device_open: name = 0
D/Camera_Factory( 1566): CameraFactory::cameraDeviceOpen: id = 0
D/Camera_Factory( 1566): CameraFactory::getCameraNum: 1
D/CameraHardware( 1566): CameraHardware::connectCamera
D/CameraHardware( 1566): CameraHardware::setCallbacks
D/CameraHardware( 1566): CameraHardware::enableMsgType: 3085
D/CameraHardware( 1566): CameraHardware::getParameters
D/CameraHardware( 1566): CameraHardware::putParameters
D/CameraHardware( 1566): CameraHardware::getParameters
D/CameraHardware( 1566): CameraHardware::putParameters
E/Util ( 6146): Can't find an appropiate frame rate range!
V/CAM_PhotoModule( 6146): Preview size is 1024x768
W/CAM_PhotoModule( 6146): startPreview: surfaceTexture is not ready.
D/CameraHardware( 1566): CameraHardware::setParameters
D/CameraHardware( 1566): Trivially accept it. No changes detected
D/dalvikvm( 6146): GC_CONCURRENT freed 178K, 7% free 3603K/3864K, paused 2ms+1ms, total 8ms
D/KbdSensor( 1897): poll_setDelay: dev=0x72978720 delay-ns=66667000
D/CameraStorage( 6146): External storage state=mounted
W/GRALLOC-PIPE( 6146): failed to create pipe screen for i965
I/GRALLOC-DRM( 6146): create intel for driver i915
D/OpenGLRenderer( 6146): Enabling debug mode 0
V/CAM_UI ( 6146): SurfaceTexture ready.
D/Camera_Factory( 1566): CameraFactory::get_camera_info
D/Camera_Factory( 1566): CameraFactory::getCameraInfo: id = 0, info = 0x41abca00
D/Camera_Factory( 1566): CameraFactory::getCameraNum: 1
D/CameraHardware( 1566): CameraHardware::getCameraInfo
E/Util ( 6146): Can't find an appropiate frame rate range!
V/CAM_PhotoModule( 6146): Preview size is 1024x768
V/CAM_PhotoModule( 6146): startPreview
D/CameraHardware( 1566): CameraHardware::setParameters
D/CameraHardware( 1566): Trivially accept it. No changes detected
D/CameraHardware( 1566): CameraHardware::isPreviewEnabled: 0
D/CameraHardware( 1566): CameraHardware::isPreviewEnabled: 0
D/CameraHardware( 1566): CameraHardware::setPreviewWindow: preview_stream_ops: 0x43a835d0
D/CameraHardware( 1566): CameraHardware::startPreview
D/CameraHardware( 1566): CameraHardware::startPreviewLocked
D/CameraHardware( 1566): CameraHardware::startPreviewLocked: Open, 1024x768
D/dalvikvm( 6146): GC_FOR_ALLOC freed 111K, 5% free 3792K/3992K, paused 5ms, total 6ms
D/V4L2Camera( 1566): V4L2Camera::EnumFrameFormats
D/V4L2Camera( 1566): { pixelformat = 'MJPG', description = 'MJPEG' }
D/V4L2Camera( 1566): V4L2Camera::EnumFrameSizes: pixfmt: 0x47504a4d
D/V4L2Camera( 1566): { discrete: width = 640, height = 480 }
D/V4L2Camera( 1566): V4L2Camera::EnumFrameIntervals: pixfmt: 0x47504a4d, w:640, h:480
D/V4L2Camera( 1566): Time interval between frame:
D/V4L2Camera( 1566): 1/30
D/V4L2Camera( 1566): { discrete: width = 160, height = 120 }
D/V4L2Camera( 1566): V4L2Camera::EnumFrameIntervals: pixfmt: 0x47504a4d, w:160, h:120
D/V4L2Camera( 1566): Time interval between frame:
D/V4L2Camera( 1566): 1/30
D/V4L2Camera( 1566): { discrete: width = 176, height = 144 }
D/V4L2Camera( 1566): V4L2Camera::EnumFrameIntervals: pixfmt: 0x47504a4d, w:176, h:144
D/V4L2Camera( 1566): Time interval between frame:
D/V4L2Camera( 1566): 1/30
D/V4L2Camera( 1566): { discrete: width = 320, height = 240 }
D/V4L2Camera( 1566): V4L2Camera::EnumFrameIntervals: pixfmt: 0x47504a4d, w:320, h:240
D/V4L2Camera( 1566): Time interval between frame:
D/V4L2Camera( 1566): 1/30
D/V4L2Camera( 1566): { discrete: width = 352, height = 288 }
D/V4L2Camera( 1566): V4L2Camera::EnumFrameIntervals: pixfmt: 0x47504a4d, w:352, h:288
D/V4L2Camera( 1566): Time interval between frame:
D/V4L2Camera( 1566): 1/30
D/V4L2Camera( 1566): { discrete: width = 800, height = 600 }
D/V4L2Camera( 1566): V4L2Camera::EnumFrameIntervals: pixfmt: 0x47504a4d, w:800, h:600
D/V4L2Camera( 1566): Time interval between frame:
D/V4L2Camera( 1566): 1/30
D/V4L2Camera( 1566): { discrete: width = 1024, height = 768 }
D/V4L2Camera( 1566): V4L2Camera::EnumFrameIntervals: pixfmt: 0x47504a4d, w:1024, h:768
D/V4L2Camera( 1566): Time interval between frame:
D/V4L2Camera( 1566): 1/10
D/V4L2Camera( 1566): { discrete: width = 1280, height = 1024 }
D/V4L2Camera( 1566): V4L2Camera::EnumFrameIntervals: pixfmt: 0x47504a4d, w:1280, h:1024
D/V4L2Camera( 1566): Time interval between frame:
D/V4L2Camera( 1566): 1/10
D/V4L2Camera( 1566): { discrete: width = 1600, height = 1200 }
D/V4L2Camera( 1566): V4L2Camera::EnumFrameIntervals: pixfmt: 0x47504a4d, w:1600, h:1200
D/V4L2Camera( 1566): Time interval between frame:
D/V4L2Camera( 1566): 1/10
D/V4L2Camera( 1566): { pixelformat = 'YUYV', description = 'YUV 4:2:2 (YUYV)' }
D/V4L2Camera( 1566): V4L2Camera::EnumFrameSizes: pixfmt: 0x56595559
D/V4L2Camera( 1566): { discrete: width = 640, height = 480 }
D/V4L2Camera( 1566): V4L2Camera::EnumFrameIntervals: pixfmt: 0x56595559, w:640, h:480
D/V4L2Camera( 1566): Time interval between frame:
D/V4L2Camera( 1566): 1/10
D/V4L2Camera( 1566): { discrete: width = 160, height = 120 }
D/V4L2Camera( 1566): V4L2Camera::EnumFrameIntervals: pixfmt: 0x56595559, w:160, h:120
D/V4L2Camera( 1566): Time interval between frame:
D/V4L2Camera( 1566): 1/30
D/V4L2Camera( 1566): { discrete: width = 176, height = 144 }
D/V4L2Camera( 1566): V4L2Camera::EnumFrameIntervals: pixfmt: 0x56595559, w:176, h:144
D/V4L2Camera( 1566): Time interval between frame:
D/V4L2Camera( 1566): 1/30
D/V4L2Camera( 1566): { discrete: width = 320, height = 240 }
D/V4L2Camera( 1566): V4L2Camera::EnumFrameIntervals: pixfmt: 0x56595559, w:320, h:240
D/V4L2Camera( 1566): Time interval between frame:
D/V4L2Camera( 1566): 1/30
D/V4L2Camera( 1566): { discrete: width = 352, height = 288 }
D/V4L2Camera( 1566): V4L2Camera::EnumFrameIntervals: pixfmt: 0x56595559, w:352, h:288
D/V4L2Camera( 1566): Time interval between frame:
D/V4L2Camera( 1566): 1/30
D/CameraHardware( 1566): CameraHardware::startPreviewLocked: Init
D/V4L2Camera( 1566): V4L2Camera::Init
D/V4L2Camera( 1566): Trying format: (1024 x 768), Fps: 10 [difArea:0, difFps:20, cDifArea:-1, cDifFps:-1]
D/V4L2Camera( 1566): Trying format: (1280 x 1024), Fps: 10 [difArea:524288, difFps:20, cDifArea:0, cDifFps:20]
D/V4L2Camera( 1566): Trying format: (1600 x 1200), Fps: 10 [difArea:1133568, difFps:20, cDifArea:0, cDifFps:20]
D/V4L2Camera( 1566): Selected format: (1024 x 768), Fps: 10
I/V4L2Camera( 1566): Cropping from origin: 0x0 - size: 1024x768 (offset:0)
I/V4L2Camera( 1566): Actual format: (1024 x 768), Fps: 10, pixfmt: 'MJPG', bytesperline: 2048
E/V4L2Camera( 1566): VIDIOC_G_COMP:
D/CameraHardware( 1566): CameraHardware::startPreviewLocked: effective size: 1024x768
D/CameraHardware( 1566): CameraHardware::initHeapLocked
D/CameraHardware( 1566): CameraHardware::initHeapLocked: preview size=1024x768
D/CameraHardware( 1566): CameraHardware::initHeapLocked: picture size=1600x1200
D/CameraHardware( 1566): CameraHardware::initHeapLocked: video size=800x600
D/CameraHardware( 1566): CameraHardware::initHeapLocked: OK
D/CameraHardware( 1566): CameraHardware::startPreviewLocked: StartStreaming
D/CameraHardware( 1566): CameraHardware::setPreviewWindow - Negotiating preview format
D/CameraHardware( 1566): CameraHardware::NegotiatePreviewFormat
D/CameraHardware( 1566): Trying to set preview window geometry to 1024x768
D/CameraHardware( 1566): CameraHardware::startPreviewLocked: starting PreviewThread
D/CameraHardware( 1566): CameraHardware::startPreviewLocked: O - this:0x0x42dfa560
I/ActivityManager( 1897): Displayed com.android.camera2/com.android.camera.CameraLauncher: +623ms
F/libc ( 6146): Fatal signal 11 (SIGSEGV) at 0x0000003c (code=1), thread 6158 (Binder_2)
I/DEBUG ( 1561): *** *** *** *** *** *** *** *** *** *** *** *** *** *** *** ***
I/DEBUG ( 1561): Build fingerprint: 'Android-x86/android_x86/x86:4.4.4/KTU84Q/eng.utente.20150919.141140:eng/test-keys'
I/DEBUG ( 1561): Revision: '0'
I/DEBUG ( 1561): pid: 6146, tid: 6158, name: Binder_2 >>> com.android.camera2 <<<
I/DEBUG ( 1561): signal 11 (SIGSEGV), code 1 (SEGV_MAPERR), fault addr 0000003c
I/DEBUG ( 1561): eax 00000000 ebx 77b02f30 ecx 79054738 edx 3b9aca00
I/DEBUG ( 1561): esi 798c1940 edi 798c1960
I/DEBUG ( 1561): xcs 00000073 xds 0000007b xes 0000007b xfs 00000000 xss 0000007b
I/DEBUG ( 1561): eip 77af53b3 ebp 788bb940 esp 7842b0b0 flags 00210246
I/DEBUG ( 1561):
I/DEBUG ( 1561): backtrace:
I/DEBUG ( 1561): #00 pc 000103b3 /system/lib/egl/libGLES_mesa.so (dri2_client_wait_sync+115)
I/DEBUG ( 1561): #01 pc 00004ab9 /system/lib/egl/libGLES_mesa.so (eglClientWaitSync+249)
I/DEBUG ( 1561): #02 pc 0001220d /system/lib/libEGL.so (eglClientWaitSyncKHR+125)
I/DEBUG ( 1561): #03 pc 00030314 /system/lib/libgui.so (android::BufferQueue::dequeueBuffer(int*, android::sp*, bool, unsigned int, unsigned int, unsigned int, unsigned int)+1508)
I/DEBUG ( 1561): #04 pc 0003e692 /system/lib/libgui.so (android::BnGraphicBufferProducer::onTransact(unsigned int, android::Parcel const&, android::Parcel*, unsigned int)+674)
I/DEBUG ( 1561): #05 pc 0001d364 /system/lib/libbinder.so (android::BBinder::transact(unsigned int, android::Parcel const&, android::Parcel*, unsigned int)+100)
I/DEBUG ( 1561): #06 pc 0002b1e2 /system/lib/libbinder.so (android::IPCThreadState::executeCommand(int)+610)
I/DEBUG ( 1561): #07 pc 0002c439 /system/lib/libbinder.so (android::IPCThreadState::joinThreadPool(bool)+553)
I/DEBUG ( 1561): #08 pc 0003ba4f /system/lib/libbinder.so (android::PoolThread::threadLoop()+47)
I/DEBUG ( 1561): #09 pc 00017cb9 /system/lib/libutils.so (android::Thread::_threadLoop(void*)+585)
I/DEBUG ( 1561): #10 pc 0005f18d /system/lib/libandroid_runtime.so (android::AndroidRuntime::javaThreadShell(void*)+109)
I/DEBUG ( 1561): #11 pc 00017e76 /system/lib/libutils.so (thread_data_t::trampoline(thread_data_t const*)+246)
I/DEBUG ( 1561): #12 pc 0000bcec /system/lib/libc.so (__thread_entry+236)
I/DEBUG ( 1561): #13 pc 0003e4f5 /system/lib/libc.so (__pthread_clone+69)
I/DEBUG ( 1561): #14 pc 00017d7f /system/lib/libutils.so
I/DEBUG ( 1561): #15 pc 0001d75f
I/DEBUG ( 1561): #16 pc 00002ccf
I/DEBUG ( 1561): #17 pc 0001d77f
I/DEBUG ( 1561): #18 pc 0001caaf
I/DEBUG ( 1561): #19 pc 0001c53f
I/DEBUG ( 1561): #20 pc 0001f86f
I/DEBUG ( 1561): #21 pc 0001ef9f
I/DEBUG ( 1561): #22 pc 00020aef
