I/FFMPEG ( 1566): Duration: 00:00:00.42, start: 0.000000, bitrate: 113 kb/s
I/FFMPEG ( 1566): Stream #0:0: Audio: vorbis, 44100 Hz, mono, fltp, 48 kb/s
I/FFMPEG ( 1566): Metadata:
I/FFMPEG ( 1566): TITLE : Camera Shutter
I/FFMPEG ( 1566): ARTIST : (c) 2012 Android Open Source Project
I/FFmpegExtractor( 1566): FFmpegExtrator, url: android-source:0x42df6cb0, format_name: ogg, format_long_name: Ogg
I/FFmpegExtractor( 1566): list the formats suppoted by ffmpeg:
I/FFmpegExtractor( 1566): ========================================
I/FFmpegExtractor( 1566): ========================================
I/FFmpegExtractor( 1566): adjust mime(application/ogg -> audio/vorbis)
D/FFmpegExtractor( 1566): suppoted codec(vorbis) by official Stagefright
D/FFMPEG ( 1566): android source close
I/FFmpegExtractor( 1566): sniff through BetterSniffFFMPEG success
D/FFmpegExtractor( 1566): ffmpeg detected media content as 'audio/vorbis' with confidence 0.08
D/SoftFFmpegAudio( 1566): SoftFFmpegAudio component: OMX.ffmpeg.vorbis.decoder mMode: 3
D/SoftFFmpegAudio( 1566): set OMX_IndexParamAudioVorbis, nChannels=1, nSampleRate=44100, nBitRate=0, nMinBitRate=0, nMaxBitRate=0
I/OMXCodec( 1566): [OMX.ffmpeg.vorbis.decoder] allocating 4 buffers of size 20480 on input port
I/OMXCodec( 1566): [OMX.ffmpeg.vorbis.decoder] allocated buffer 0x42e031c0 on input port
I/OMXCodec( 1566): [OMX.ffmpeg.vorbis.decoder] allocated buffer 0x42e038d0 on input port
I/OMXCodec( 1566): [OMX.ffmpeg.vorbis.decoder] allocated buffer 0x42e039b0 on input port
I/OMXCodec( 1566): [OMX.ffmpeg.vorbis.decoder] allocated buffer 0x42e03a70 on input port
I/OMXCodec( 1566): [OMX.ffmpeg.vorbis.decoder] allocating 4 buffers of size 9216 on output port
I/OMXCodec( 1566): [OMX.ffmpeg.vorbis.decoder] allocated buffer 0x42e03c30 on output port
I/OMXCodec( 1566): [OMX.ffmpeg.vorbis.decoder] allocated buffer 0x42e03df0 on output port
I/OMXCodec( 1566): [OMX.ffmpeg.vorbis.decoder] allocated buffer 0x42e03f50 on output port
I/OMXCodec( 1566): [OMX.ffmpeg.vorbis.decoder] allocated buffer 0x42e04090 on output port
I/AwesomePlayer( 1566): setDataSource_l(URL suppressed)
I/FFmpegExtractor( 1566): android-source:0x42e04580
D/FFMPEG ( 1566): android source begin open
D/FFMPEG ( 1566): android open, url: android-source:0x42e04580
D/FFMPEG ( 1566): ffmpeg open android data source success, source ptr: 0x42e04580
D/FFMPEG ( 1566): android source open success
I/FFMPEG ( 1566): Input #0, ogg, from 'android-source:0x42e04580':
I/FFMPEG ( 1566): Duration: 00:00:00.54, start: 0.000000, bitrate: 93 kb/s
I/FFMPEG ( 1566): Stream #0:0: Audio: vorbis, 44100 Hz, mono, fltp, 48 kb/s
I/FFMPEG ( 1566): Metadata:
I/FFMPEG ( 1566): TITLE : Video Record
I/FFMPEG ( 1566): ARTIST : (c) 2012 Android Open Source Project
I/FFmpegExtractor( 1566): FFmpegExtrator, url: android-source:0x42e04580, format_name: ogg, format_long_name: Ogg
I/FFmpegExtractor( 1566): list the formats suppoted by ffmpeg:
I/FFmpegExtractor( 1566): ========================================
I/FFmpegExtractor( 1566): ========================================
I/FFmpegExtractor( 1566): adjust mime(application/ogg -> audio/vorbis)
D/FFmpegExtractor( 1566): suppoted codec(vorbis) by official Stagefright
D/FFMPEG ( 1566): android source close
I/FFmpegExtractor( 1566): sniff through BetterSniffFFMPEG success
D/FFmpegExtractor( 1566): ffmpeg detected media content as 'audio/vorbis' with confidence 0.08
D/SoftFFmpegAudio( 1566): SoftFFmpegAudio component: OMX.ffmpeg.vorbis.decoder mMode: 3
D/SoftFFmpegAudio( 1566): set OMX_IndexParamAudioVorbis, nChannels=1, nSampleRate=44100, nBitRate=0, nMinBitRate=0, nMaxBitRate=0
I/OMXCodec( 1566): [OMX.ffmpeg.vorbis.decoder] allocating 4 buffers of size 20480 on input port
I/OMXCodec( 1566): [OMX.ffmpeg.vorbis.decoder] allocated buffer 0x42e00500 on input port
I/OMXCodec( 1566): [OMX.ffmpeg.vorbis.decoder] allocated buffer 0x4326ef70 on input port
I/OMXCodec( 1566): [OMX.ffmpeg.vorbis.decoder] allocated buffer 0x4326f050 on input port
I/OMXCodec( 1566): [OMX.ffmpeg.vorbis.decoder] allocated buffer 0x4326f110 on input port
I/OMXCodec( 1566): [OMX.ffmpeg.vorbis.decoder] allocating 4 buffers of size 9216 on output port
I/OMXCodec( 1566): [OMX.ffmpeg.vorbis.decoder] allocated buffer 0x42df24d0 on output port
I/OMXCodec( 1566): [OMX.ffmpeg.vorbis.decoder] allocated buffer 0x42df2710 on output port
I/OMXCodec( 1566): [OMX.ffmpeg.vorbis.decoder] allocated buffer 0x42df2870 on output port
I/OMXCodec( 1566): [OMX.ffmpeg.vorbis.decoder] allocated buffer 0x42df29b0 on output port
D/dalvikvm( 4753): GC_CONCURRENT freed 419K, 15% free 3865K/4520K, paused 2ms+2ms, total 17ms
I/CameraClient( 1566): Opening camera 0
D/Camera_Factory( 1566): CameraFactory::device_open: name = 0
D/Camera_Factory( 1566): CameraFactory::cameraDeviceOpen: id = 0
D/Camera_Factory( 1566): CameraFactory::getCameraNum: 1
D/CameraHardware( 1566): CameraHardware::connectCamera
D/CameraHardware( 1566): CameraHardware::setCallbacks
D/CameraHardware( 1566): CameraHardware::enableMsgType: 3085
D/CameraHardware( 1566): CameraHardware::getParameters
D/CameraHardware( 1566): CameraHardware::putParameters
D/CameraHardware( 1566): CameraHardware::getParameters
D/CameraHardware( 1566): CameraHardware::putParameters
E/Util ( 5457): Can't find an appropiate frame rate range!
V/CAM_PhotoModule( 5457): Preview size is 1024x768
W/CAM_PhotoModule( 5457): startPreview: surfaceTexture is not ready.
D/CameraHardware( 1566): CameraHardware::setParameters
D/dalvikvm( 5457): GC_CONCURRENT freed 149K, 6% free 3632K/3852K, paused 2ms+0ms, total 10ms
D/CameraHardware( 1566): Trivially accept it. No changes detected
D/KbdSensor( 1897): poll_setDelay: dev=0x72978720 delay-ns=66667000
I/Gmail ( 4753): checkLabelsSets changed the label sets to: included([^r, ^^out]), partial([^sq_ig_i_social, ^f, ^sq_ig_i_promo, ^sq_ig_i_personal, ^iim]), all([^sq_ig_i_social, userlabel:1123230114, ^p_bs, userlabel:-1392717094, userlabel:90242001, userlabel:2914456, ^smartlabel_social, ^io_im, ^smartlabel_promo, ^p_abs, userlabel:90241997, ^smartlabel_notification, userlabel:-55606566, userlabel:382548592, userlabel:94101, ^p_mtunsub, userlabel:93982, userlabel:-934726650, ^smartlabel_personal, userlabel:1680828287, userlabel:90242029, userlabel:-1409638305, userlabel:-1492276990, userlabel:-1492276991, userlabel:-1492276992, userlabel:2914615, ^p_aunsub, userlabel:94076, ^imi, userlabel:-244132349, ^iim, userlabel:-812318908, ^all, ^smartlabel_group, userlabel:1749496644, ^sq_ig_i_personal, userlabel:956638479, ^imn, userlabel:2896756, userlabel:614875005, userlabel:-1492276993, userlabel:-1492276994, ^i, ^g, ^f, ^sq_ig_i_promo, userlabel:-979976414, userlabel:-1508083783, ^k, userlabel:3011, userlabel:-1711782184, userlabel:93692, ^b, userlabel:3026, userlabel:3025, userlabel:105008833, ^t, ^u, ^punsub, ^r, userlabel:-1492383895, ^s])
D/CameraStorage( 5457): External storage state=mounted
D/dalvikvm( 4753): GC_EXPLICIT freed 384K, 16% free 3810K/4520K, paused 0ms+0ms, total 15ms
I/Gmail ( 4753): MainSyncRequestProto: lowestBkwdConvoId: 1513592948963409921, highestHandledServerOp: 144095, normalSync: true
W/GRALLOC-PIPE( 5457): failed to create pipe screen for i965
I/GRALLOC-DRM( 5457): create intel for driver i915
D/OpenGLRenderer( 5457): Enabling debug mode 0
I/GLSUser ( 4955): [GLSUser] getTokenFromCache: [account: , callingPkg: com.google.android.gm, service: mail]
V/CAM_UI ( 5457): SurfaceTexture ready.
D/Camera_Factory( 1566): CameraFactory::get_camera_info
D/Camera_Factory( 1566): CameraFactory::getCameraInfo: id = 0, info = 0x42f72a00
D/Camera_Factory( 1566): CameraFactory::getCameraNum: 1
D/CameraHardware( 1566): CameraHardware::getCameraInfo
E/Util ( 5457): Can't find an appropiate frame rate range!
V/CAM_PhotoModule( 5457): Preview size is 1024x768
V/CAM_PhotoModule( 5457): startPreview
D/CameraHardware( 1566): CameraHardware::setParameters
D/CameraHardware( 1566): Trivially accept it. No changes detected
D/CameraHardware( 1566): CameraHardware::isPreviewEnabled: 0
D/CameraHardware( 1566): CameraHardware::isPreviewEnabled: 0
D/CameraHardware( 1566): CameraHardware::setPreviewWindow: preview_stream_ops: 0x42df2cb0
D/CameraHardware( 1566): CameraHardware::startPreview
D/CameraHardware( 1566): CameraHardware::startPreviewLocked
D/CameraHardware( 1566): CameraHardware::startPreviewLocked: Open, 1024x768
D/dalvikvm( 5457): GC_FOR_ALLOC freed 140K, 6% free 3792K/4020K, paused 4ms, total 4ms
D/V4L2Camera( 1566): V4L2Camera::EnumFrameFormats
D/V4L2Camera( 1566): { pixelformat = 'MJPG', description = 'MJPEG' }
D/V4L2Camera( 1566): V4L2Camera::EnumFrameSizes: pixfmt: 0x47504a4d
D/V4L2Camera( 1566): { discrete: width = 640, height = 480 }
D/V4L2Camera( 1566): V4L2Camera::EnumFrameIntervals: pixfmt: 0x47504a4d, w:640, h:480
D/V4L2Camera( 1566): Time interval between frame:
D/V4L2Camera( 1566): 1/30
D/V4L2Camera( 1566): { discrete: width = 160, height = 120 }
D/V4L2Camera( 1566): V4L2Camera::EnumFrameIntervals: pixfmt: 0x47504a4d, w:160, h:120
D/V4L2Camera( 1566): Time interval between frame:
D/V4L2Camera( 1566): 1/30
D/V4L2Camera( 1566): { discrete: width = 176, height = 144 }
D/V4L2Camera( 1566): V4L2Camera::EnumFrameIntervals: pixfmt: 0x47504a4d, w:176, h:144
D/V4L2Camera( 1566): Time interval between frame:
D/V4L2Camera( 1566): 1/30
D/V4L2Camera( 1566): { discrete: width = 320, height = 240 }
D/V4L2Camera( 1566): V4L2Camera::EnumFrameIntervals: pixfmt: 0x47504a4d, w:320, h:240
D/V4L2Camera( 1566): Time interval between frame:
D/V4L2Camera( 1566): 1/30
D/V4L2Camera( 1566): { discrete: width = 352, height = 288 }
D/V4L2Camera( 1566): V4L2Camera::EnumFrameIntervals: pixfmt: 0x47504a4d, w:352, h:288
D/V4L2Camera( 1566): Time interval between frame:
D/V4L2Camera( 1566): 1/30
D/V4L2Camera( 1566): { discrete: width = 800, height = 600 }
D/V4L2Camera( 1566): V4L2Camera::EnumFrameIntervals: pixfmt: 0x47504a4d, w:800, h:600
D/V4L2Camera( 1566): Time interval between frame:
D/V4L2Camera( 1566): 1/30
D/V4L2Camera( 1566): { discrete: width = 1024, height = 768 }
D/V4L2Camera( 1566): V4L2Camera::EnumFrameIntervals: pixfmt: 0x47504a4d, w:1024, h:768
D/V4L2Camera( 1566): Time interval between frame:
D/V4L2Camera( 1566): 1/10
D/V4L2Camera( 1566): { discrete: width = 1280, height = 1024 }
D/V4L2Camera( 1566): V4L2Camera::EnumFrameIntervals: pixfmt: 0x47504a4d, w:1280, h:1024
D/V4L2Camera( 1566): Time interval between frame:
D/V4L2Camera( 1566): 1/10
D/V4L2Camera( 1566): { discrete: width = 1600, height = 1200 }
D/V4L2Camera( 1566): V4L2Camera::EnumFrameIntervals: pixfmt: 0x47504a4d, w:1600, h:1200
D/V4L2Camera( 1566): Time interval between frame:
D/V4L2Camera( 1566): 1/10
D/V4L2Camera( 1566): { pixelformat = 'YUYV', description = 'YUV 4:2:2 (YUYV)' }
D/V4L2Camera( 1566): V4L2Camera::EnumFrameSizes: pixfmt: 0x56595559
D/V4L2Camera( 1566): { discrete: width = 640, height = 480 }
D/V4L2Camera( 1566): V4L2Camera::EnumFrameIntervals: pixfmt: 0x56595559, w:640, h:480
D/V4L2Camera( 1566): Time interval between frame:
D/V4L2Camera( 1566): 1/10
D/V4L2Camera( 1566): { discrete: width = 160, height = 120 }
D/V4L2Camera( 1566): V4L2Camera::EnumFrameIntervals: pixfmt: 0x56595559, w:160, h:120
D/V4L2Camera( 1566): Time interval between frame:
D/V4L2Camera( 1566): 1/30
D/V4L2Camera( 1566): { discrete: width = 176, height = 144 }
D/V4L2Camera( 1566): V4L2Camera::EnumFrameIntervals: pixfmt: 0x56595559, w:176, h:144
D/V4L2Camera( 1566): Time interval between frame:
D/V4L2Camera( 1566): 1/30
D/V4L2Camera( 1566): { discrete: width = 320, height = 240 }
D/V4L2Camera( 1566): V4L2Camera::EnumFrameIntervals: pixfmt: 0x56595559, w:320, h:240
D/V4L2Camera( 1566): Time interval between frame:
D/V4L2Camera( 1566): 1/30
D/V4L2Camera( 1566): { discrete: width = 352, height = 288 }
D/V4L2Camera( 1566): V4L2Camera::EnumFrameIntervals: pixfmt: 0x56595559, w:352, h:288
D/V4L2Camera( 1566): Time interval between frame:
D/V4L2Camera( 1566): 1/30
D/CameraHardware( 1566): CameraHardware::startPreviewLocked: Init
D/V4L2Camera( 1566): V4L2Camera::Init
D/V4L2Camera( 1566): Trying format: (1024 x 768), Fps: 10 [difArea:0, difFps:20, cDifArea:-1, cDifFps:-1]
D/V4L2Camera( 1566): Trying format: (1280 x 1024), Fps: 10 [difArea:524288, difFps:20, cDifArea:0, cDifFps:20]
D/V4L2Camera( 1566): Trying format: (1600 x 1200), Fps: 10 [difArea:1133568, difFps:20, cDifArea:0, cDifFps:20]
D/V4L2Camera( 1566): Selected format: (1024 x 768), Fps: 10
I/V4L2Camera( 1566): Cropping from origin: 0x0 - size: 1024x768 (offset:0)
I/V4L2Camera( 1566): Actual format: (1024 x 768), Fps: 10, pixfmt: 'MJPG', bytesperline: 2048
E/V4L2Camera( 1566): VIDIOC_G_COMP:
D/CameraHardware( 1566): CameraHardware::startPreviewLocked: effective size: 1024x768
D/CameraHardware( 1566): CameraHardware::initHeapLocked
D/CameraHardware( 1566): CameraHardware::initHeapLocked: preview size=1024x768
D/CameraHardware( 1566): CameraHardware::initHeapLocked: picture size=1600x1200
D/CameraHardware( 1566): CameraHardware::initHeapLocked: video size=800x600
D/CameraHardware( 1566): CameraHardware::initHeapLocked: OK
D/CameraHardware( 1566): CameraHardware::startPreviewLocked: StartStreaming
D/CameraHardware( 1566): CameraHardware::setPreviewWindow - Negotiating preview format
D/CameraHardware( 1566): CameraHardware::NegotiatePreviewFormat
D/CameraHardware( 1566): Trying to set preview window geometry to 1024x768
D/CameraHardware( 1566): CameraHardware::startPreviewLocked: starting PreviewThread
D/CameraHardware( 1566): CameraHardware::startPreviewLocked: O - this:0x0x42dfa560
I/ActivityManager( 1897): Displayed com.android.camera2/com.android.camera.CameraLauncher: +793ms
D/ConnectivityService( 1897): special network not available ni=mobile_hipri
I/WelcomeTour( 4753): Updated shared pref for welcome_tour_version: -2 -> 0
V/NQFileLogger( 4955): [316] e.a: about to write to file
D/dalvikvm( 4753): GC_EXPLICIT freed 178K, 16% free 3830K/4520K, paused 0ms+1ms, total 14ms
I/Gmail ( 4753): MainSyncRequestProto: lowestBkwdConvoId: 0, highestHandledServerOp: 144133, normalSync: true
I/GLSUser ( 4955): [GLSUser] getTokenFromCache: [account: , callingPkg: com.google.android.gm, service: mail]
D/dalvikvm( 2197): GC_CONCURRENT freed 283K, 11% free 4094K/4580K, paused 0ms+1ms, total 10ms
D/dalvikvm( 2197): GC_CONCURRENT freed 431K, 12% free 4089K/4604K, paused 1ms+0ms, total 16ms
D/Finsky ( 4248): [1] DailyHygiene.inHoldoffPeriod: No holdoff required - already provisioned
D/Finsky ( 4248): [1] DailyHygiene.onStartCommand: Beginning daily hygiene
I/GLSUser ( 4955): [GLSUser] getTokenFromCache: [account: , callingPkg: com.android.vending, service: androidmarket]
D/dalvikvm( 2197): GC_CONCURRENT freed 381K, 11% free 4128K/4604K, paused 2ms+2ms, total 13ms
D/Finsky ( 4248): [1] SelfUpdateScheduler.checkForSelfUpdate: Starting DFE self-update from local version [80371000] to server version [80391200]
D/ConnectivityService( 1897): special network not available ni=mobile_hipri
D/dalvikvm( 4955): GC_CONCURRENT freed 605K, 16% free 4701K/5572K, paused 2ms+4ms, total 23ms
I/GLSUser ( 4955): [GLSUser] getTokenFromCache: [account: , callingPkg: com.android.vending, service: androidmarket]
I/GLSUser ( 4955): [GLSUser] getTokenFromCache: [account: , callingPkg: com.android.vending, service: androidmarket]
D/dalvikvm( 2197): GC_CONCURRENT freed 394K, 11% free 4143K/4620K, paused 2ms+1ms, total 19ms
F/libc ( 5457): Fatal signal 11 (SIGSEGV) at 0x0000003c (code=1), thread 5470 (Binder_2)
E/Volley ( 4248): [216] BasicNetwork.performRequest: Unexpected response code 500 for https://android.clients.google.com/fdfe/delivery?doc=com.android.vending&ot=1&vc=80391200&shh=zen2II1nK1Sx2swLcCn16w&ch=OJGKRT0HGZNU-LGa8F7GViztV4g
W/Finsky ( 4248): [1] 2.onErrorResponse: SelfUpdate error - DisplayErrorMessage[Fehler beim Abrufen von Informationen vom Server: [RPC:S-7:AEC-7 L74Z-QI62-6NFA4]]
V/NQFileLogger( 4955): [317] e.a: about to write to file
I/DEBUG ( 1561): *** *** *** *** *** *** *** *** *** *** *** *** *** *** *** ***
I/DEBUG ( 1561): Build fingerprint: 'Android-x86/android_x86/x86:4.4.4/KTU84Q/eng.utente.20150919.141140:eng/test-keys'
I/DEBUG ( 1561): Revision: '0'
I/DEBUG ( 1561): pid: 5457, tid: 5470, name: Binder_2 >>> com.android.camera2 <<<
I/DEBUG ( 1561): signal 11 (SIGSEGV), code 1 (SEGV_MAPERR), fault addr 0000003c
D/dalvikvm( 2197): GC_FOR_ALLOC freed 269K, 13% free 4132K/4740K, paused 8ms, total 8ms
D/dalvikvm( 4753): GC_CONCURRENT freed 366K, 15% free 3868K/4520K, paused 0ms+1ms, total 9ms
D/dalvikvm( 4753): GC_CONCURRENT freed 314K, 12% free 4004K/4520K, paused 1ms+6ms, total 16ms
D/dalvikvm( 2197): GC_CONCURRENT freed 308K, 12% free 4214K/4740K, paused 1ms+1ms, total 14ms
D/dalvikvm( 4753): GC_CONCURRENT freed 429K, 13% free 3999K/4576K, paused 4ms+10ms, total 21ms
W/Gmail ( 4753): Unable to find supporting activity. mime-type: application/vnd.oasis.opendocument.spreadsheet, uri: content://gmail-ls/flotux2@googlemail.com/messages/1512000487342605518/attachments/0.1/BEST/false, normalized mime-type: application/vnd.oasis.opendocument.spreadsheet normalized uri: content://gmail-ls/flotux2@googlemail.com/messages/1512000487342605518/attachments/0.1/BEST/false
D/dalvikvm( 4753): GC_CONCURRENT freed 455K, 14% free 3997K/4600K, paused 1ms+5ms, total 16ms
D/dalvikvm( 4248): GC_CONCURRENT freed 347K, 16% free 3457K/4068K, paused 9ms+1ms, total 15ms
I/DEBUG ( 1561): eax 00000000 ebx 77b02f30 ecx 79128738 edx 3b9aca00
I/DEBUG ( 1561): esi 79692180 edi 796921a0
I/DEBUG ( 1561): xcs 00000073 xds 0000007b xes 0000007b xfs 00000000 xss 0000007b
I/DEBUG ( 1561): eip 77af53b3 ebp 78ac4db0 esp 7842b0b0 flags 00210246
I/DEBUG ( 1561):
I/DEBUG ( 1561): backtrace:
I/DEBUG ( 1561): #00 pc 000103b3 /system/lib/egl/libGLES_mesa.so (dri2_client_wait_sync+115)
I/DEBUG ( 1561): #01 pc 00004ab9 /system/lib/egl/libGLES_mesa.so (eglClientWaitSync+249)
I/DEBUG ( 1561): #02 pc 0001220d /system/lib/libEGL.so (eglClientWaitSyncKHR+125)
I/DEBUG ( 1561): #03 pc 00030314 /system/lib/libgui.so (android::BufferQueue::dequeueBuffer(int*, android::sp*, bool, unsigned int, unsigned int, unsigned int, unsigned int)+1508)
I/DEBUG ( 1561): #04 pc 0003e692 /system/lib/libgui.so (android::BnGraphicBufferProducer::onTransact(unsigned int, android::Parcel const&, android::Parcel*, unsigned int)+674)
I/DEBUG ( 1561): #05 pc 0001d364 /system/lib/libbinder.so (android::BBinder::transact(unsigned int, android::Parcel const&, android::Parcel*, unsigned int)+100)
I/DEBUG ( 1561): #06 pc 0002b1e2 /system/lib/libbinder.so (android::IPCThreadState::executeCommand(int)+610)
I/DEBUG ( 1561): #07 pc 0002c439 /system/lib/libbinder.so (android::IPCThreadState::joinThreadPool(bool)+553)
I/DEBUG ( 1561): #08 pc 0003ba4f /system/lib/libbinder.so (android::PoolThread::threadLoop()+47)
I/DEBUG ( 1561): #09 pc 00017cb9 /system/lib/libutils.so (android::Thread::_threadLoop(void*)+585)
I/DEBUG ( 1561): #10 pc 0005f18d /system/lib/libandroid_runtime.so (android::AndroidRuntime::javaThreadShell(void*)+109)
I/DEBUG ( 1561): #11 pc 00017e76 /system/lib/libutils.so (thread_data_t::trampoline(thread_data_t const*)+246)
I/DEBUG ( 1561): #12 pc 0000bcec /system/lib/libc.so (__thread_entry+236)
I/DEBUG ( 1561): #13 pc 0003e4f5 /system/lib/libc.so (__pthread_clone+69)
I/DEBUG ( 1561): #14 pc 00017d7f /system/lib/libutils.so
I/DEBUG ( 1561): #15 pc 000209ef
I/DEBUG ( 1561): #16 pc 0000611f
I/DEBUG ( 1561): #17 pc 0000022f
I/DEBUG ( 1561): #18 pc 0001ccbf
I/DEBUG ( 1561): #19 pc 0001c5cf
I/DEBUG ( 1561): #20 pc 0001f9af
I/DEBUG ( 1561): #21 pc 0001f04f
I/DEBUG ( 1561): #22 pc 00007b5f
I/DEBUG ( 1561): #23 pc 00020c6f
I/DEBUG ( 1561): #24 pc 000216af
I/DEBUG ( 1561):
I/DEBUG ( 1561): stack:
I/DEBUG ( 1561): 7842b070 400eb800
I/DEBUG ( 1561): 7842b074 7842b0a4 [stack:5470]
I/DEBUG ( 1561): 7842b078 00000064
I/DEBUG ( 1561): 7842b07c 40058fe9 /system/lib/libc.so (pthread_mutex_unlock+25)
I/DEBUG ( 1561): 7842b080 00000001
I/DEBUG ( 1561): 7842b084 72978630
I/DEBUG ( 1561): 7842b088 40058e19 /system/lib/libc.so (pthread_mutex_lock+9)
I/DEBUG ( 1561): 7842b08c 77af07a3 /system/lib/egl/libGLES_mesa.so (_eglGetCurrentContext+51)
I/DEBUG ( 1561): 7842b090 00000018
I/DEBUG ( 1561): 7842b094 00000000
I/DEBUG ( 1561): 7842b098 78acd470
I/DEBUG ( 1561): 7842b09c 40058fe9 /system/lib/libc.so (pthread_mutex_unlock+25)
I/DEBUG ( 1561): 7842b0a0 77b02f30 /system/lib/egl/libGLES_mesa.so
I/DEBUG ( 1561): 7842b0a4 79692180
I/DEBUG ( 1561): 7842b0a8 00000000
I/DEBUG ( 1561): 7842b0ac 77af5378 /system/lib/egl/libGLES_mesa.so (dri2_client_wait_sync+56)
I/DEBUG ( 1561): #00 7842b0b0 00000000
I/DEBUG ( 1561): 7842b0b4 7988a1e0
I/DEBUG ( 1561): 7842b0b8 00000000
I/DEBUG ( 1561): 7842b0bc 3b9aca00
I/DEBUG ( 1561): 7842b0c0 00000000
I/DEBUG ( 1561): 7842b0c4 00000080
I/DEBUG ( 1561): 7842b0c8 00000002
I/DEBUG ( 1561): 7842b0cc 00000000
I/DEBUG ( 1561): 7842b0d0 79128738 /system/lib/dri/i965_dri.so
I/DEBUG ( 1561): 7842b0d4 77b03020 /system/lib/egl/libGLES_mesa.so
I/DEBUG ( 1561): 7842b0d8 3b9aca00
I/DEBUG ( 1561): 7842b0dc 00000000
I/DEBUG ( 1561): 7842b0e0 77b0329c /system/lib/egl/libGLES_mesa.so
I/DEBUG ( 1561): 7842b0e4 00000014
I/DEBUG ( 1561): 7842b0e8 40058e19 /system/lib/libc.so (pthread_mutex_lock+9)
I/DEBUG ( 1561): 7842b0ec 77b02f30 /system/lib/egl/libGLES_mesa.so
I/DEBUG ( 1561): ........ ........
I/DEBUG ( 1561): #01 7842b100 7296d350
I/DEBUG ( 1561): 7842b104 7296f230
I/DEBUG ( 1561): 7842b108 79692180
I/DEBUG ( 1561): 7842b10c 00000000
I/DEBUG ( 1561): 7842b110 3b9aca00
I/DEBUG ( 1561): 7842b114 00000000
I/DEBUG ( 1561): 7842b118 7842b17c [stack:5470]
I/DEBUG ( 1561): 7842b11c 404dd419 /system/lib/libEGL.so (android::validate_display(void*)+121)
I/DEBUG ( 1561): 7842b120 4056e08c /system/lib/libEGL.so
I/DEBUG ( 1561): 7842b124 00000000
I/DEBUG ( 1561): 7842b128 40568df4 /system/lib/libEGL.so
I/DEBUG ( 1561): 7842b12c 7296f234
I/DEBUG ( 1561): 7842b130 00000000
I/DEBUG ( 1561): 7842b134 404e06d6 /system/lib/libEGL.so (eglGetError+6)
I/DEBUG ( 1561): 7842b138 40568df4 /system/lib/libEGL.so
I/DEBUG ( 1561): 7842b13c 40568df4 /system/lib/libEGL.so
I/DEBUG ( 1561): ........ ........
I/DEBUG ( 1561): #02 7842b150 7296f230
I/DEBUG ( 1561): 7842b154 79692180
I/DEBUG ( 1561): 7842b158 00000000
I/DEBUG ( 1561): 7842b15c 3b9aca00
I/DEBUG ( 1561): 7842b160 00000000
I/DEBUG ( 1561): 7842b164 00010001
I/DEBUG ( 1561): 7842b168 40195ba0 /system/lib/libbinder.so (android::IPCThreadState::freeBuffer(android::Parcel*, unsigned char const*, unsigned int, unsigned int const*, unsigned int, void*))
I/DEBUG ( 1561): 7842b16c 4013605a /system/lib/libutils.so (android::RefBase::decStrong(void const*) const+58)
I/DEBUG ( 1561): 7842b170 79376694
I/DEBUG ( 1561): 7842b174 000000a7
I/DEBUG ( 1561): 7842b178 40058e19 /system/lib/libc.so (pthread_mutex_lock+9)
I/DEBUG ( 1561): 7842b17c 4056e040 /system/lib/libEGL.so
I/DEBUG ( 1561): 7842b180 404cac84 /system/lib/libgui.so
I/DEBUG ( 1561): 7842b184 79692180
I/DEBUG ( 1561): 7842b188 42adcbc0
I/DEBUG ( 1561): 7842b18c 40489315 /system/lib/libgui.so (android::BufferQueue::dequeueBuffer(int*, android::sp*, bool, unsigned int, unsigned int, unsigned int, unsigned int)+1509)
D/dalvikvm( 4955): GC_CONCURRENT freed 789K, 20% free 4474K/5572K, paused 2ms+1ms, total 14ms
D/dalvikvm( 4248): GC_FOR_ALLOC freed 8K, 15% free 3486K/4068K, paused 21ms, total 22ms
I/dalvikvm-heap( 4248): Grow heap (frag case) to 3.556MB for 75788-byte allocation
D/dalvikvm( 4753): GC_CONCURRENT freed 397K, 14% free 3992K/4600K, paused 1ms+0ms, total 13ms
D/dalvikvm( 4248): GC_FOR_ALLOC freed 0K, 15% free 3560K/4144K, paused 32ms, total 32ms
D/dalvikvm( 2197): GC_CONCURRENT freed 1013K, 25% free 3592K/4740K, paused 2ms+2ms, total 17ms
W/InputDispatcher( 1897): channel '217a6240 com.android.camera2/com.android.camera.CameraLauncher (server)' ~ Consumer closed input channel or an error occurred. events=0xd
E/InputDispatcher( 1897): channel '217a6240 com.android.camera2/com.android.camera.CameraLauncher (server)' ~ Channel is unrecoverably broken and will be disposed!
D/Zygote ( 1564): Process 5457 terminated by signal (11)
W/ActivityManager( 1897): Force finishing activity com.android.camera2/com.android.camera.CameraLauncher
E/JavaBinder( 1897): !!! FAILED BINDER TRANSACTION !!!
W/InputDispatcher( 1897): channel '2179bd48 com.android.camera2/com.android.camera.CameraLauncher (server)' ~ Consumer closed input channel or an error occurred. events=0x9
E/InputDispatcher( 1897): channel '2179bd48 com.android.camera2/com.android.camera.CameraLauncher (server)' ~ Channel is unrecoverably broken and will be disposed!
E/CameraHardware( 1566): fillPreviewWindow: Unable to dequeue preview window buffer: 32 -> Broken pipe
D/KbdSensor( 1897): poll_setDelay: dev=0x72978720 delay-ns=66667000
D/KbdSensor( 1897): poll_setDelay: dev=0x72978720 delay-ns=66667000
D/CameraHardware( 1566): CameraHardware::disableMsgType: 65535
D/CameraHardware( 1566): CameraHardware::stopPreview
D/CameraHardware( 1566): CameraHardware::stopPreviewLocked
D/CameraHardware( 1566): CameraHardware::stopPreviewLocked: stopping PreviewThread
D/dalvikvm( 4753): GC_CONCURRENT freed 398K, 13% free 4004K/4600K, paused 0ms+1ms, total 18ms
D/CameraHardware( 1566): CameraHardware::stopPreviewLocked: Uninit
D/CameraHardware( 1566): CameraHardware::stopPreviewLocked: StopStreaming
D/dalvikvm( 1897): GC_FOR_ALLOC freed 862K, 24% free 9174K/11984K, paused 35ms, total 36ms
W/InputDispatcher( 1897): Attempted to unregister already unregistered input channel '2179bd48 com.android.camera2/com.android.camera.CameraLauncher (server)'
I/WindowState( 1897): WIN DEATH: Window{2179bd48 u0 com.android.camera2/com.android.camera.CameraLauncher}
W/ActivityManager( 1897): Exception thrown during pause
W/ActivityManager( 1897): android.os.DeadObjectException
W/ActivityManager( 1897): at android.os.BinderProxy.transact(Native Method)
W/ActivityManager( 1897): at android.app.ApplicationThreadProxy.schedulePauseActivity(ApplicationThreadNative.java:660)
W/ActivityManager( 1897): at com.android.server.am.ActivityStack.startPausingLocked(ActivityStack.java:761)
W/ActivityManager( 1897): at com.android.server.am.ActivityStack.finishActivityLocked(ActivityStack.java:2443)
W/ActivityManager( 1897): at com.android.server.am.ActivityStack.finishTopRunningActivityLocked(ActivityStack.java:2320)
W/ActivityManager( 1897): at com.android.server.am.ActivityStackSupervisor.finishTopRunningActivityLocked(ActivityStackSupervisor.java:2050)
W/ActivityManager( 1897): at com.android.server.am.ActivityManagerService.handleAppCrashLocked(ActivityManagerService.java:9548)
W/ActivityManager( 1897): at com.android.server.am.ActivityManagerService.makeAppCrashingLocked(ActivityManagerService.java:9441)
W/ActivityManager( 1897): at com.android.server.am.ActivityManagerService.crashApplication(ActivityManagerService.java:10086)
W/ActivityManager( 1897): at com.android.server.am.ActivityManagerService.handleApplicationCrashInner(ActivityManagerService.java:9637)
W/ActivityManager( 1897): at com.android.server.am.NativeCrashListener$NativeCrashReporter.run(NativeCrashListener.java:86)
W/InputDispatcher( 1897): Attempted to unregister already unregistered input channel '217a6240 com.android.camera2/com.android.camera.CameraLauncher (server)'
I/WindowState( 1897): WIN DEATH: Window{217a6240 u0 com.android.camera2/com.android.camera.CameraLauncher}
I/ActivityManager( 1897): Process com.android.camera2 (pid 5457) has died.
F/ActivityManager( 1897): Service ServiceRecord{21b1fdf4 u0 com.android.camera2/com.android.camera.MediaSaveService} in process ProcessRecord{2193a0fc 5457:com.android.camera2/u0a32} not same as in map: null
D/CameraHardware( 1566): CameraHardware::stopPreviewLocked: Close
D/CameraHardware( 1566): CameraHardware::stopPreviewLocked: OK
D/CameraHardware( 1566): CameraHardware::cancelPicture
D/CameraHardware( 1566): CameraHardware::releaseCamera
W/CameraClient( 1566): native_window_api_disconnect failed: Broken pipe (-32)
D/CameraHardware( 1566): CameraHardware::setPreviewWindow: preview_stream_ops: 0x0
I/CameraClient( 1566): Destroying camera 0
D/CameraHardware( 1566): CameraHardware::closeCamera
D/CameraHardware( 1566): CameraHardware::releaseCamera
D/dalvikvm( 2197): GC_CONCURRENT freed 177K, 18% free 3902K/4740K, paused 2ms+4ms, total 31ms
D/ConnectivityService( 1897): special network not available ni=mobile_hipri
D/dalvikvm( 4248): GC_CONCURRENT freed 72K, 5% free 3955K/4144K, paused 0ms+1ms, total 6ms
D/dalvikvm( 4753): GC_CONCURRENT freed 430K, 13% free 4017K/4600K, paused 18ms+6ms, total 31ms
D/dalvikvm( 4753): GC_CONCURRENT freed 443K, 14% free 3977K/4600K, paused 1ms+1ms, total 11ms
D/dalvikvm( 4248): GC_CONCURRENT freed 183K, 6% free 4181K/4448K, paused 2ms+2ms, total 18ms
D/dalvikvm( 4753): GC_CONCURRENT freed 391K, 13% free 4005K/4600K, paused 1ms+5ms, total 19ms
D/dalvikvm( 4248): GC_CONCURRENT freed 115K, 5% free 4472K/4676K, paused 2ms+2ms, total 15ms
D/dalvikvm( 4753): GC_CONCURRENT freed 429K, 13% free 4004K/4600K, paused 0ms+2ms, total 12ms
D/dalvikvm( 4248): GC_CONCURRENT freed 144K, 5% free 4813K/5048K, paused 1ms+2ms, total 15ms
D/dalvikvm( 4753): GC_CONCURRENT freed 381K, 13% free 4010K/4600K, paused 0ms+1ms, total 11ms
D/dalvikvm( 4248): GC_CONCURRENT freed 349K, 9% free 5157K/5608K, paused 2ms+1ms, total 13ms
D/dalvikvm( 4248): WAIT_FOR_CONCURRENT_GC blocked 9ms
D/dalvikvm( 4248): GC_FOR_ALLOC freed 485K, 12% free 5351K/6072K, paused 10ms, total 10ms
D/dalvikvm( 4248): GC_FOR_ALLOC freed 232K, 12% free 5590K/6328K, paused 10ms, total 10ms
D/dalvikvm( 4248): GC_FOR_ALLOC freed 495K, 12% free 5798K/6584K, paused 9ms, total 9ms
D/dalvikvm( 4753): GC_CONCURRENT freed 447K, 14% free 3975K/4600K, paused 1ms+1ms, total 9ms
D/dalvikvm( 4753): GC_CONCURRENT freed 381K, 14% free 4015K/4632K, paused 2ms+0ms, total 11ms
D/dalvikvm( 4248): GC_CONCURRENT freed 462K, 9% free 6267K/6816K, paused 1ms+2ms, total 16ms
D/dalvikvm( 2197): GC_CONCURRENT freed 287K, 16% free 4000K/4740K, paused 1ms+1ms, total 9ms
D/dalvikvm( 4753): GC_CONCURRENT freed 425K, 14% free 3998K/4632K, paused 1ms+3ms, total 12ms
D/dalvikvm( 4248): GC_CONCURRENT freed 493K, 8% free 6926K/7504K, paused 0ms+1ms, total 13ms
D/dalvikvm( 4753): GC_CONCURRENT freed 402K, 14% free 4018K/4632K, paused 4ms+3ms, total 14ms
D/dalvikvm( 2197): GC_CONCURRENT freed 362K, 15% free 4032K/4740K, paused 2ms+4ms, total 13ms
D/ConnectivityService( 1897): special network not available ni=mobile_hipri
D/dalvikvm( 4248): GC_CONCURRENT freed 645K, 9% free 7628K/8360K, paused 2ms+2ms, total 26ms
D/dalvikvm( 4753): GC_CONCURRENT freed 440K, 14% free 3985K/4632K, paused 2ms+3ms, total 14ms
D/dalvikvm( 4753): GC_CONCURRENT freed 434K, 15% free 3975K/4632K, paused 2ms+1ms, total 14ms
D/dalvikvm( 2197): GC_CONCURRENT freed 381K, 15% free 4058K/4740K, paused 2ms+2ms, total 23ms
D/dalvikvm( 4753): GC_CONCURRENT freed 389K, 14% free 4019K/4632K, paused 0ms+2ms, total 10ms
D/dalvikvm( 4753): GC_CONCURRENT freed 425K, 14% free 3988K/4632K, paused 2ms+1ms, total 15ms
D/dalvikvm( 4248): GC_CONCURRENT freed 1976K, 23% free 7198K/9260K, paused 1ms+3ms, total 33ms
D/dalvikvm( 2197): GC_CONCURRENT freed 368K, 14% free 4084K/4740K, paused 1ms+2ms, total 13ms
D/dalvikvm( 4753): GC_EXPLICIT freed 37K, 15% free 3962K/4632K, paused 0ms+9ms, total 38ms
I/Gmail ( 4753): MainSyncRequestProto: lowestBkwdConvoId: 0, highestHandledServerOp: 144139, normalSync: true
I/Gmail ( 4753): lowestBackward conversation id 0
E/Gmail ( 4753): Account account:-868725537 is not registered for search
D/Finsky ( 4248): [1] 3.onMutationsApplied: App library has changed, requesting content sync.
D/dalvikvm( 2197): GC_CONCURRENT freed 335K, 13% free 4136K/4740K, paused 1ms+2ms, total 11ms
I/Gmail ( 4753): notifyAccountChanged
I/Gmail ( 4753): getAccountsCursor
I/Gmail ( 4753): notifyAccountChanged
I/Gmail ( 4753): getAccountsCursor
E/dalvikvm( 1897): JIT code cache full
D/audio_hw_primary( 1566): found out /dev/snd/pcmC0D0p
W/Gmail ( 4753): Sync complete for account: account:-868725537
W/InputMethodManagerService( 1897): Got RemoteException sending setActive(false) notification to pid 5457 uid 10032
W/Binder ( 2082): Caught a RuntimeException from the binder stub implementation.
W/Binder ( 2082): java.lang.NullPointerException
W/Binder ( 2082): at android.inputmethodservice.IInputMethodWrapper.setSessionEnabled(IInputMethodWrapper.java:280)
W/Binder ( 2082): at com.android.internal.view.IInputMethod$Stub.onTransact(IInputMethod.java:129)
W/Binder ( 2082): at android.os.Binder.execTransact(Binder.java:404)
W/Binder ( 2082): at dalvik.system.NativeStart.run(Native Method)
D/dalvikvm( 4248): GC_CONCURRENT freed 1360K, 22% free 7247K/9260K, paused 0ms+0ms, total 33ms
I/ActivityManager( 1897): Killing 4100:com.google.android.gsf.login/u0a8 (adj 15): empty #17
D/dalvikvm( 4753): GC_CONCURRENT freed 343K, 14% free 4012K/4632K, paused 1ms+9ms, total 20ms
I/GLSUser ( 4955): [GLSUser] getTokenFromCache: [account: , callingPkg: com.google.android.gm, service: mail]
D/dalvikvm( 4955): GC_CONCURRENT freed 381K, 18% free 4579K/5572K, paused 0ms+2ms, total 21ms
I/PeopleSync( 2314): onPerformSync() [5d2d5f67]
I/DownloadManager( 5334): Download 5 starting
I/PeopleSync( 2314): Setting subscription: result=true [5d2d5f67]
I/PeopleSync( 2314): Starting sync, feed=null [5d2d5f67]
I/PeopleSync( 2314): Sync start: cannotHavePeople=false isPageExistenceCheckOnly=false
W/ActivityThread( 5334): ClassLoader.loadClass: The class loader returned by Thread.getContextClassLoader() may fail for processes that host multiple applications. You should explicitly specify a context class loader. For example: Thread.setContextClassLoader(getClass().getClassLoader());
D/dalvikvm( 4955): GC_CONCURRENT freed 664K, 20% free 4458K/5572K, paused 0ms+4ms, total 18ms
D/dalvikvm( 5334): GC_CONCURRENT freed 213K, 10% free 2845K/3144K, paused 0ms+3ms, total 9ms
D/ConnectivityService( 1897): special network not available ni=mobile_hipri
I/GLSUser ( 4955): [GLSUser] getTokenFromCache: [account: , callingPkg: com.google.android.gms, service: oauth2:https://www.googleapis.com/auth/plus.circles.read https://www.googleapis.com/auth/plus.circles.write https://www.googleapis.com/auth/plus.media.upload https://www.googleapis.com/auth/plus.pages.manage https://www.googleapis.com/auth/plus.me https://www.googleapis.com/auth/plus.profiles.read https://www.googleapis.com/auth/plus.profiles.write https://www.googleapis.com/auth/plus.stream.read https://www.googleapis.com/auth/plus.peopleapi.readwrite https://www.googleapis.com/auth/plus.applications.manage https://www.googleapis.com/auth/plus.settings]
D/dalvikvm( 2197): GC_CONCURRENT freed 945K, 21% free 3750K/4740K, paused 0ms+2ms, total 17ms
I/Auth.Core( 4955): [TokenCache] Missing snowballing token: no granted scopes set.
I/GLSUser ( 4955): [GLSUser] getTokenFromCache: [account: , callingPkg: com.android.vending, service: androidmarket]
D/dalvikvm( 5334): GC_CONCURRENT freed 205K, 9% free 3024K/3316K, paused 1ms+0ms, total 4ms
D/dalvikvm( 2197): GC_CONCURRENT freed 214K, 18% free 3927K/4740K, paused 0ms+0ms, total 7ms
I/GLSUser ( 4955): [GLSUser] getTokenFromCache: [account: , callingPkg: com.google.android.gms, service: oauth2:https://www.googleapis.com/auth/plus.circles.read https://www.googleapis.com/auth/plus.circles.write https://www.googleapis.com/auth/plus.media.upload https://www.googleapis.com/auth/plus.pages.manage https://www.googleapis.com/auth/plus.me https://www.googleapis.com/auth/plus.profiles.read https://www.googleapis.com/auth/plus.profiles.write https://www.googleapis.com/auth/plus.stream.read https://www.googleapis.com/auth/plus.peopleapi.readwrite https://www.googleapis.com/auth/plus.applications.manage https://www.googleapis.com/auth/plus.settings]
I/Auth.Core( 4955): [TokenCache] Missing snowballing token: no granted scopes set.
D/dalvikvm( 2197): GC_CONCURRENT freed 308K, 16% free 4028K/4740K, paused 0ms+1ms, total 8ms
D/dalvikvm( 2197): GC_CONCURRENT freed 387K, 15% free 4053K/4740K, paused 0ms+1ms, total 9ms
D/dalvikvm( 2197): GC_CONCURRENT freed 385K, 14% free 4084K/4740K, paused 0ms+1ms, total 10ms
I/GLSUser ( 4955): [GLSUser] getTokenFromCache: [account: , callingPkg: com.google.android.gms, service: oauth2:https://www.googleapis.com/auth/plus.circles.read https://www.googleapis.com/auth/plus.circles.write https://www.googleapis.com/auth/plus.media.upload https://www.googleapis.com/auth/plus.pages.manage https://www.googleapis.com/auth/plus.me https://www.googleapis.com/auth/plus.profiles.read https://www.googleapis.com/auth/plus.profiles.write https://www.googleapis.com/auth/plus.stream.read https://www.googleapis.com/auth/plus.peopleapi.readwrite https://www.googleapis.com/auth/plus.applications.manage https://www.googleapis.com/auth/plus.settings]
I/Auth.Core( 4955): [TokenCache] Missing snowballing token: no granted scopes set.
D/dalvikvm( 4955): GC_CONCURRENT freed 453K, 20% free 4477K/5572K, paused 1ms+1ms, total 12ms
D/dalvikvm( 2197): GC_CONCURRENT freed 397K, 14% free 4093K/4740K, paused 0ms+1ms, total 9ms
D/dalvikvm( 2197): WAIT_FOR_CONCURRENT_GC blocked 3ms
D/dalvikvm( 2197): GC_CONCURRENT freed 352K, 13% free 4156K/4740K, paused 0ms+1ms, total 8ms
D/Finsky ( 4248): [1] MultiWayUpdateController.captureVariesByAccount: Change varies-by-account for com.google.android.youtube to true
D/Finsky ( 4248): [1] MultiWayUpdateController.captureAutoAcquireTags: Change auto-acquire tags for com.google.android.youtube from to d_AAAAAAADF8w=
D/Finsky ( 4248): [1] MultiWayUpdateController.captureVariesByAccount: Change varies-by-account for com.google.android.apps.maps to true
D/Finsky ( 4248): [1] MultiWayUpdateController.captureAutoAcquireTags: Change auto-acquire tags for com.google.android.apps.maps from to d_AAAAAAADF8w=
D/Finsky ( 4248): [1] MultiWayUpdateController.captureVariesByAccount: Change varies-by-account for com.google.android.apps.magazines to true
D/Finsky ( 4248): [1] MultiWayUpdateController.captureAutoAcquireTags: Change auto-acquire tags for com.google.android.apps.magazines from to d_AAAAAAADF8w=
D/Finsky ( 4248): [1] MultiWayUpdateController.captureVariesByAccount: Change varies-by-account for com.google.android.apps.cloudprint to true
D/Finsky ( 4248): [1] MultiWayUpdateController.captureAutoAcquireTags: Change auto-acquire tags for com.google.android.apps.cloudprint from to d_AAAAAAADF8w=
D/Finsky ( 4248): [1] MultiWayUpdateController.captureVariesByAccount: Change varies-by-account for com.google.android.street to true
D/Finsky ( 4248): [1] MultiWayUpdateController.captureAutoAcquireTags: Change auto-acquire tags for com.google.android.street from to d_AAAAAAADF8w=
D/Finsky ( 4248): [1] MultiWayUpdateController.captureVariesByAccount: Change varies-by-account for com.google.android.googlequicksearchbox to true
D/Finsky ( 4248): [1] MultiWayUpdateController.captureAutoAcquireTags: Change auto-acquire tags for com.google.android.googlequicksearchbox from to d_AAAAAAADF8w=
D/Finsky ( 4248): [1] MultiWayUpdateController.captureVariesByAccount: Change varies-by-account for com.google.android.play.games to true
D/Finsky ( 4248): [1] MultiWayUpdateController.captureAutoAcquireTags: Change auto-acquire tags for com.google.android.play.games from to d_AAAAAAADF8w=
D/Finsky ( 4248): [1] MultiWayUpdateController.captureVariesByAccount: Change varies-by-account for com.google.android.apps.docs to true
D/Finsky ( 4248): [1] MultiWayUpdateController.captureAutoAcquireTags: Change auto-acquire tags for com.google.android.apps.docs from to d_AAAAAAADF8w=
D/Finsky ( 4248): [1] MultiWayUpdateController.captureVariesByAccount: Change varies-by-account for com.google.android.marvin.talkback to true
D/Finsky ( 4248): [1] MultiWayUpdateController.captureAutoAcquireTags: Change auto-acquire tags for com.google.android.marvin.talkback from to d_AAAAAAADF8w=
D/Finsky ( 4248): [1] MultiWayUpdateController.captureVariesByAccount: Change varies-by-account for com.google.android.music to true
D/Finsky ( 4248): [1] MultiWayUpdateController.captureAutoAcquireTags: Change auto-acquire tags for com.google.android.music from to d_AAAAAAADF8w=
D/Finsky ( 4248): [1] MultiWayUpdateController.captureVariesByAccount: Change varies-by-account for com.google.android.gms to true
D/Finsky ( 4248): [1] MultiWayUpdateController.captureAutoAcquireTags: Change auto-acquire tags for com.google.android.gms from to d_AAAAAAADF8w=
D/Finsky ( 4248): [1] MultiWayUpdateController.captureVariesByAccount: Change varies-by-account for com.google.android.apps.books to true
D/Finsky ( 4248): [1] MultiWayUpdateController.captureAutoAcquireTags: Change auto-acquire tags for com.google.android.apps.books from to d_AAAAAAADF8w=
D/Finsky ( 4248): [1] MultiWayUpdateController.captureVariesByAccount: Change varies-by-account for com.google.android.gm to true
D/Finsky ( 4248): [1] MultiWayUpdateController.captureAutoAcquireTags: Change auto-acquire tags for com.google.android.gm from to d_AAAAAAADF8w=
I/dalvikvm( 4248): Could not find method android.app.admin.DevicePolicyManager.isUninstallBlocked, referenced from method com.google.android.finsky.activities.AppActionAnalyzer.isUninstallBlockedByAdmin
W/dalvikvm( 4248): VFY: unable to resolve virtual method 331: Landroid/app/admin/DevicePolicyManager;.isUninstallBlocked (Landroid/content/ComponentName;Ljava/lang/String;)Z
D/dalvikvm( 4248): VFY: replacing opcode 0x6e at 0x0013
D/Finsky ( 4248): [1] InstallerImpl.requestInstall: Request install of com.google.android.gms v=8115070 for single_install
D/Finsky ( 4248): [1] InstallerImpl.kick: Installer kick - starting com.google.android.gms
D/Finsky ( 4248): [1] InstallPolicies.captureEverExternallyHosted: Capturing ever-externally-hosted false for com.google.android.youtube
D/Finsky ( 4248): [1] InstallPolicies.captureEverExternallyHosted: Capturing ever-externally-hosted false for com.google.android.apps.maps
D/Finsky ( 4248): [1] InstallPolicies.captureEverExternallyHosted: Capturing ever-externally-hosted false for com.google.android.apps.magazines
D/Finsky ( 4248): [1] InstallPolicies.captureEverExternallyHosted: Capturing ever-externally-hosted false for com.google.android.apps.cloudprint
D/Finsky ( 4248): [1] InstallPolicies.captureEverExternallyHosted: Capturing ever-externally-hosted false for jackpal.androidterm
D/Finsky ( 4248): [1] InstallPolicies.captureEverExternallyHosted: Capturing ever-externally-hosted false for com.google.android.street
D/Finsky ( 4248): [1] InstallPolicies.captureEverExternallyHosted: Capturing ever-externally-hosted false for com.google.android.googlequicksearchbox
D/Finsky ( 4248): [1] InstallPolicies.captureEverExternallyHosted: Capturing ever-externally-hosted false for com.google.android.play.games
D/dalvikvm( 1897): JIT code cache reset in 0 ms (523264 bytes 1/0)
D/Finsky ( 4248): [1] InstallPolicies.captureEverExternallyHosted: Capturing ever-externally-hosted false for com.google.android.apps.docs
D/dalvikvm( 1897): GC_EXPLICIT freed 1025K, 23% free 9339K/11984K, paused 1ms+5ms, total 58ms
D/Finsky ( 4248): [1] InstallPolicies.captureEverExternallyHosted: Capturing ever-externally-hosted false for com.google.android.marvin.talkback
D/Finsky ( 4248): [1] InstallPolicies.captureEverExternallyHosted: Capturing ever-externally-hosted false for com.google.android.music
D/Finsky ( 4248): [1] InstallPolicies.captureEverExternallyHosted: Capturing ever-externally-hosted false for com.google.android.apps.books
D/Finsky ( 4248): [1] InstallPolicies.captureEverExternallyHosted: Capturing ever-externally-hosted false for com.google.android.gm
D/dalvikvm( 2314): GC_CONCURRENT freed 752K, 38% free 5536K/8868K, paused 2ms+6ms, total 25ms
D/Finsky ( 4248): [1] InstallerImpl.requestInstall: Request install of com.google.android.play.games v=33570070 for rapid_auto_update
I/GLSUser ( 4955): [GLSUser] getTokenFromCache: [account: , callingPkg: com.android.vending, service: androidmarket]
D/dalvikvm( 4248): GC_CONCURRENT freed 1260K, 20% free 7432K/9260K, paused 1ms+8ms, total 54ms
D/ConnectivityService( 1897): special network not available ni=mobile_hipri
D/dalvikvm( 4955): GC_CONCURRENT freed 651K, 22% free 4346K/5572K, paused 0ms+8ms, total 33ms
D/dalvikvm( 2197): GC_CONCURRENT freed 938K, 22% free 3729K/4752K, paused 1ms+6ms, total 16ms
D/dalvikvm( 2197): WAIT_FOR_CONCURRENT_GC blocked 11ms
I/GLSUser ( 4955): [GLSUser] getTokenFromCache: [account: , callingPkg: com.google.android.gms, service: oauth2:https://www.googleapis.com/auth/plus.circles.read https://www.googleapis.com/auth/plus.circles.write https://www.googleapis.com/auth/plus.media.upload https://www.googleapis.com/auth/plus.pages.manage https://www.googleapis.com/auth/plus.me https://www.googleapis.com/auth/plus.profiles.read https://www.googleapis.com/auth/plus.profiles.write https://www.googleapis.com/auth/plus.stream.read https://www.googleapis.com/auth/plus.peopleapi.readwrite https://www.googleapis.com/auth/plus.applications.manage https://www.googleapis.com/auth/plus.settings]
I/Auth.Core( 4955): [TokenCache] Missing snowballing token: no granted scopes set.
I/DownloadManager( 5334): Download 5 finished with status SUCCESS
D/Finsky ( 4248): [1] InstallerImpl.requestInstall: Request install of com.google.android.youtube v=107758171 for auto_update
D/Finsky ( 4248): [1] InstallerImpl.requestInstall: Request install of com.google.android.apps.maps v=914018321 for auto_update
D/Finsky ( 4248): [1] InstallerImpl.requestInstall: Request install of com.google.android.apps.magazines v=2015081216 for auto_update
D/Finsky ( 4248): [1] InstallerImpl.requestInstall: Request install of com.google.android.googlequicksearchbox v=300515428 for auto_update
D/Finsky ( 4248): [1] InstallerImpl.requestInstall: Request install of com.google.android.apps.docs v=52833172 for auto_update
D/Finsky ( 4248): [1] InstallerImpl.requestInstall: Request install of com.google.android.music v=1995 for auto_update
D/Finsky ( 4248): [1] InstallerImpl.requestInstall: Request install of com.google.android.apps.books v=30609 for auto_update
D/Finsky ( 4248): [1] InstallerImpl.requestInstall: Request install of com.google.android.gm v=56008678 for auto_update
D/Finsky ( 4248): [1] UpdateChecker.handleUpdates: Auto-update of 8 packages will defer for 300000 ms
D/Finsky ( 4248): [1] DailyHygiene.logDeviceFeaturesAndContinue: Logging device features
D/Finsky ( 4248): [1] DailyHygiene.flushEventLogsAndContinue: Flushing event logs for [O4WADLb6u_Bi_D8v7x8Ddu2Ifd0]
D/Finsky ( 4248): [1] DailyHygiene.reschedule: Scheduling first run in 12.2 hours
D/Finsky ( 4248): [1] VerifyInstalledPackagesReceiver.onReceive: Verify installed apps requested
D/DeviceConnectionService( 2123): client connected with version: 7571000
D/Finsky ( 4248): [1] VerifyInstalledPackagesTask.onPreExecute: Verifying installed apps
I/GLSUser ( 4955): [GLSUser] getTokenFromCache: [account: , callingPkg: com.google.android.gm, service: mail]
I/ActivityManager( 1897): Killing 4972:com.google.android.inputmethod.latin/u0a55 (adj 15): empty #17
E/Volley ( 4248): [217] BasicNetwork.performRequest: Unexpected response code 500 for https://android.clients.google.com/fdfe/delivery?doc=com.google.android.gms&ot=1&st=EKPaprAFGVK4_khrgtVB&vc=8115070&bvc=7574070&pf=1&pf=2&ch=OJGKRT0HGZNU-LGa8F7GViztV4g
D/Finsky ( 4248): [1] 2.onErrorResponse: Received VolleyError 921 (Fehler beim Abrufen von Informationen vom Server: [RPC:S-7:AEC-7 QV7T-AIE5-7MF3M])
D/Finsky ( 4248): [1] InstallerTask.cancelCleanup: Cancel running installation of com.google.android.gms (null)
E/cutils ( 1559): Failed to mkdirat(/storage/usb0/Android): Read-only file system
W/Vold ( 1559): Returning OperationFailed - no handler for errno 30
W/ContextImpl( 4248): Failed to ensure directory: /storage/usb0/Android/data/com.android.vending/files
E/cutils ( 1559): Failed to mkdirat(/storage/usb1/Android): Read-only file system
W/Vold ( 1559): Returning OperationFailed - no handler for errno 30
W/ContextImpl( 4248): Failed to ensure directory: /storage/usb1/Android/data/com.android.vending/files
E/cutils ( 1559): Failed to mkdirat(/storage/usb2/Android): Read-only file system
W/Vold ( 1559): Returning OperationFailed - no handler for errno 30
W/ContextImpl( 4248): Failed to ensure directory: /storage/usb2/Android/data/com.android.vending/files
E/cutils ( 1559): Failed to mkdirat(/storage/usb3/Android): Read-only file system
W/Vold ( 1559): Returning OperationFailed - no handler for errno 30
W/ContextImpl( 4248): Failed to ensure directory: /storage/usb3/Android/data/com.android.vending/files
E/Vold ( 1559): Failed to find volume for /storage/sdcard1/Android/data/com.android.vending/files/
W/Vold ( 1559): Returning OperationFailed - no handler for errno 30
W/ContextImpl( 4248): Failed to ensure directory: /storage/sdcard1/Android/data/com.android.vending/files
D/Finsky ( 4248): [1] InstallerImpl.kick: Installer kick - starting com.google.android.apps.magazines
D/dalvikvm( 5334): GC_CONCURRENT freed 330K, 12% free 3082K/3496K, paused 0ms+1ms, total 7ms
I/GLSUser ( 4955): [GLSUser] getTokenFromCache: [account: , callingPkg: com.android.vending, service: androidmarket]
D/dalvikvm( 4955): GC_CONCURRENT freed 424K, 22% free 4385K/5572K, paused 2ms+2ms, total 26ms
I/DownloadManager( 5334): Download 6 starting
D/dalvikvm( 4248): GC_CONCURRENT freed 1380K, 19% free 7547K/9260K, paused 0ms+6ms, total 36ms
