D/dalvikvm( 5296): GC_CONCURRENT freed 409K, 19% free 3235K/3980K, paused 0ms+2ms, total 9ms
D/dalvikvm( 5296): GC_CONCURRENT freed 475K, 20% free 3212K/3980K, paused 1ms+1ms, total 6ms
D/dalvikvm( 5296): GC_CONCURRENT freed 440K, 20% free 3213K/3980K, paused 0ms+2ms, total 7ms
D/dalvikvm( 5296): GC_CONCURRENT freed 438K, 20% free 3214K/3980K, paused 1ms+2ms, total 7ms
D/dalvikvm( 5296): GC_CONCURRENT freed 445K, 20% free 3217K/3980K, paused 0ms+1ms, total 6ms
D/dalvikvm( 5296): GC_CONCURRENT freed 437K, 20% free 3217K/3980K, paused 1ms+1ms, total 6ms
D/dalvikvm( 5296): GC_CONCURRENT freed 438K, 20% free 3218K/3980K, paused 1ms+1ms, total 6ms
D/dalvikvm( 5296): GC_CONCURRENT freed 442K, 20% free 3221K/3980K, paused 1ms+0ms, total 6ms
D/dalvikvm( 5296): GC_CONCURRENT freed 436K, 20% free 3221K/3980K, paused 0ms+0ms, total 5ms
D/dalvikvm( 5296): GC_CONCURRENT freed 444K, 19% free 3232K/3980K, paused 0ms+2ms, total 7ms
D/dalvikvm( 5296): GC_CONCURRENT freed 384K, 18% free 3292K/3980K, paused 1ms+1ms, total 13ms
D/dalvikvm( 5334): GC_CONCURRENT freed 390K, 13% free 3231K/3708K, paused 1ms+1ms, total 10ms
I/DownloadManager( 5334): Download 28 finished with status SUCCESS
D/dalvikvm( 5296): GC_CONCURRENT freed 472K, 18% free 3264K/3980K, paused 0ms+1ms, total 7ms
D/dalvikvm( 2772): GC_CONCURRENT freed 475K, 17% free 3118K/3716K, paused 0ms+1ms, total 9ms
D/dalvikvm( 5296): GC_CONCURRENT freed 398K, 19% free 3259K/3980K, paused 4ms+0ms, total 9ms
I/GLSUser ( 4955): [GLSUser] getTokenFromCache: [account: , callingPkg: com.google.android.gm, service: mail]
D/dalvikvm( 5296): GC_CONCURRENT freed 393K, 19% free 3261K/3980K, paused 1ms+2ms, total 8ms
D/dalvikvm( 5296): GC_CONCURRENT freed 444K, 19% free 3261K/3980K, paused 0ms+2ms, total 7ms
D/dalvikvm( 5296): GC_CONCURRENT freed 447K, 17% free 3315K/3980K, paused 0ms+0ms, total 9ms
D/dalvikvm( 2197): GC_FOR_ALLOC freed 218K, 29% free 3400K/4752K, paused 22ms, total 22ms
I/DownloadManager( 5334): Download 29 starting
D/dalvikvm( 5296): GC_CONCURRENT freed 453K, 19% free 3263K/3980K, paused 1ms+0ms, total 8ms
D/dalvikvm( 1897): GC_EXPLICIT freed 269K, 23% free 9278K/11984K, paused 1ms+3ms, total 34ms
D/dalvikvm( 5296): GC_CONCURRENT freed 433K, 18% free 3266K/3980K, paused 1ms+0ms, total 7ms
D/dalvikvm( 5296): GC_CONCURRENT freed 449K, 18% free 3273K/3980K, paused 0ms+0ms, total 5ms
D/dalvikvm( 2772): GC_CONCURRENT freed 363K, 16% free 3149K/3716K, paused 0ms+1ms, total 5ms
D/dalvikvm( 5296): GC_CONCURRENT freed 513K, 20% free 3192K/3980K, paused 2ms+2ms, total 9ms
D/dalvikvm( 4955): GC_CONCURRENT freed 392K, 27% free 4112K/5572K, paused 2ms+2ms, total 11ms
D/dalvikvm( 5296): GC_CONCURRENT freed 417K, 17% free 3308K/3980K, paused 1ms+2ms, total 13ms
D/dalvikvm( 5296): GC_CONCURRENT freed 544K, 19% free 3242K/3980K, paused 0ms+0ms, total 8ms
I/DownloadManager( 5334): Download 29 finished with status SUCCESS
D/dalvikvm( 5296): GC_CONCURRENT freed 422K, 20% free 3218K/3980K, paused 1ms+2ms, total 9ms
I/GLSUser ( 4955): [GLSUser] getTokenFromCache: [account: , callingPkg: com.google.android.gm, service: mail]
D/dalvikvm( 5296): GC_CONCURRENT freed 404K, 19% free 3229K/3980K, paused 1ms+0ms, total 7ms
I/DownloadManager( 5334): Download 30 starting
D/dalvikvm( 5296): GC_CONCURRENT freed 392K, 20% free 3221K/3980K, paused 2ms+0ms, total 6ms
D/dalvikvm( 5296): GC_CONCURRENT freed 438K, 19% free 3223K/3980K, paused 0ms+0ms, total 5ms
D/dalvikvm( 5296): GC_CONCURRENT freed 438K, 19% free 3226K/3980K, paused 1ms+1ms, total 6ms
D/dalvikvm( 5296): GC_CONCURRENT freed 442K, 19% free 3228K/3980K, paused 1ms+1ms, total 6ms
D/ConnectivityService( 1897): special network not available ni=mobile_hipri
D/dalvikvm( 5296): GC_CONCURRENT freed 408K, 19% free 3230K/3980K, paused 1ms+1ms, total 7ms
D/dalvikvm( 2197): GC_FOR_ALLOC freed 217K, 29% free 3400K/4752K, paused 6ms, total 6ms
D/dalvikvm( 5296): GC_CONCURRENT freed 419K, 18% free 3263K/3980K, paused 0ms+2ms, total 8ms
D/dalvikvm( 2082): GC_CONCURRENT freed 318K, 12% free 2979K/3380K, paused 1ms+0ms, total 7ms
D/dalvikvm( 5296): GC_CONCURRENT freed 450K, 18% free 3276K/3980K, paused 0ms+2ms, total 8ms
D/dalvikvm( 5296): GC_CONCURRENT freed 450K, 18% free 3294K/3980K, paused 0ms+0ms, total 7ms
D/dalvikvm( 5296): GC_CONCURRENT freed 451K, 18% free 3278K/3980K, paused 0ms+1ms, total 7ms
D/dalvikvm( 5296): GC_CONCURRENT freed 446K, 17% free 3307K/3980K, paused 1ms+1ms, total 9ms
D/dalvikvm( 2772): GC_CONCURRENT freed 440K, 17% free 3100K/3716K, paused 1ms+1ms, total 5ms
D/dalvikvm( 5296): GC_CONCURRENT freed 529K, 18% free 3272K/3980K, paused 1ms+4ms, total 15ms
D/dalvikvm( 5296): GC_CONCURRENT freed 414K, 18% free 3275K/3980K, paused 2ms+2ms, total 8ms
I/DownloadManager( 5334): Download 30 finished with status SUCCESS
D/dalvikvm( 5296): GC_CONCURRENT freed 563K, 20% free 3184K/3980K, paused 9ms+1ms, total 16ms
D/dalvikvm( 4753): GC_CONCURRENT freed 400K, 13% free 4072K/4632K, paused 0ms+11ms, total 18ms
D/dalvikvm( 5296): GC_CONCURRENT freed 479K, 20% free 3186K/3980K, paused 1ms+2ms, total 11ms
D/dalvikvm( 1897): GC_EXPLICIT freed 196K, 23% free 9279K/11984K, paused 1ms+2ms, total 36ms
D/dalvikvm( 5296): GC_CONCURRENT freed 419K, 20% free 3187K/3980K, paused 1ms+1ms, total 7ms
D/dalvikvm( 5296): GC_CONCURRENT freed 386K, 20% free 3196K/3980K, paused 2ms+0ms, total 7ms
I/GLSUser ( 4955): [GLSUser] getTokenFromCache: [account: , callingPkg: com.google.android.gm, service: mail]
D/dalvikvm( 5334): GC_CONCURRENT freed 388K, 13% free 3234K/3708K, paused 1ms+2ms, total 7ms
D/dalvikvm( 5296): GC_CONCURRENT freed 399K, 20% free 3198K/3980K, paused 1ms+8ms, total 15ms
I/DownloadManager( 5334): Download 31 starting
D/dalvikvm( 5296): GC_CONCURRENT freed 375K, 19% free 3245K/3980K, paused 1ms+1ms, total 9ms
D/dalvikvm( 5296): GC_CONCURRENT freed 427K, 19% free 3229K/3980K, paused 2ms+1ms, total 8ms
D/dalvikvm( 2197): GC_FOR_ALLOC freed 218K, 29% free 3400K/4752K, paused 5ms, total 5ms
D/dalvikvm( 5296): GC_CONCURRENT freed 450K, 19% free 3257K/3980K, paused 0ms+0ms, total 7ms
D/dalvikvm( 5296): GC_CONCURRENT freed 480K, 19% free 3234K/3980K, paused 0ms+0ms, total 6ms
D/dalvikvm( 5296): GC_CONCURRENT freed 440K, 19% free 3233K/3980K, paused 0ms+1ms, total 6ms
D/dalvikvm( 5296): GC_CONCURRENT freed 443K, 19% free 3235K/3980K, paused 1ms+1ms, total 6ms
D/dalvikvm( 5296): GC_CONCURRENT freed 437K, 19% free 3238K/3980K, paused 1ms+2ms, total 7ms
D/dalvikvm( 2772): GC_CONCURRENT freed 477K, 20% free 3007K/3716K, paused 0ms+1ms, total 5ms
D/dalvikvm( 5296): GC_CONCURRENT freed 403K, 18% free 3269K/3980K, paused 1ms+0ms, total 8ms
D/dalvikvm( 5296): GC_CONCURRENT freed 450K, 18% free 3302K/3980K, paused 1ms+2ms, total 10ms
D/dalvikvm( 5296): GC_CONCURRENT freed 479K, 18% free 3270K/3980K, paused 1ms+1ms, total 7ms
D/dalvikvm( 5296): GC_CONCURRENT freed 392K, 18% free 3276K/3980K, paused 2ms+1ms, total 9ms
D/dalvikvm( 2772): GC_CONCURRENT freed 289K, 17% free 3102K/3716K, paused 0ms+1ms, total 4ms
D/dalvikvm( 5296): GC_CONCURRENT freed 413K, 18% free 3274K/3980K, paused 1ms+2ms, total 8ms
D/dalvikvm( 5296): GC_CONCURRENT freed 522K, 20% free 3186K/3980K, paused 0ms+0ms, total 5ms
D/dalvikvm( 5296): GC_CONCURRENT freed 436K, 20% free 3185K/3980K, paused 0ms+1ms, total 6ms
D/ConnectivityService( 1897): special network not available ni=mobile_hipri
D/dalvikvm( 5296): GC_CONCURRENT freed 432K, 20% free 3190K/3980K, paused 1ms+1ms, total 6ms
D/dalvikvm( 5296): GC_CONCURRENT freed 440K, 20% free 3191K/3980K, paused 2ms+0ms, total 7ms
D/dalvikvm( 5296): GC_CONCURRENT freed 439K, 20% free 3193K/3980K, paused 1ms+1ms, total 6ms
I/DownloadManager( 5334): Download 31 finished with status SUCCESS
D/dalvikvm( 2197): GC_FOR_ALLOC freed 234K, 29% free 3400K/4752K, paused 17ms, total 17ms
D/dalvikvm( 5296): GC_CONCURRENT freed 448K, 20% free 3209K/3980K, paused 1ms+0ms, total 8ms
D/dalvikvm( 5296): GC_CONCURRENT freed 443K, 20% free 3211K/3980K, paused 0ms+1ms, total 10ms
D/dalvikvm( 4955): GC_CONCURRENT freed 407K, 27% free 4108K/5572K, paused 0ms+1ms, total 13ms
I/GLSUser ( 4955): [GLSUser] getTokenFromCache: [account: , callingPkg: com.google.android.gm, service: mail]
D/dalvikvm( 5296): GC_CONCURRENT freed 408K, 19% free 3225K/3980K, paused 2ms+3ms, total 11ms
D/dalvikvm( 5296): GC_CONCURRENT freed 393K, 19% free 3227K/3980K, paused 1ms+1ms, total 6ms
D/dalvikvm( 1897): GC_EXPLICIT freed 238K, 23% free 9266K/11984K, paused 1ms+3ms, total 36ms
I/DownloadManager( 5334): Download 32 starting
D/dalvikvm( 5296): GC_CONCURRENT freed 425K, 19% free 3230K/3980K, paused 1ms+1ms, total 8ms
D/dalvikvm( 5296): GC_CONCURRENT freed 437K, 19% free 3233K/3980K, paused 1ms+1ms, total 6ms
D/dalvikvm( 5296): GC_CONCURRENT freed 438K, 19% free 3233K/3980K, paused 0ms+0ms, total 5ms
D/dalvikvm( 5296): GC_CONCURRENT freed 437K, 19% free 3237K/3980K, paused 1ms+1ms, total 6ms
D/dalvikvm( 5296): GC_CONCURRENT freed 470K, 19% free 3252K/3980K, paused 0ms+2ms, total 9ms
D/dalvikvm( 5296): GC_CONCURRENT freed 463K, 18% free 3266K/3980K, paused 1ms+1ms, total 8ms
D/dalvikvm( 5296): GC_CONCURRENT freed 453K, 18% free 3270K/3980K, paused 1ms+1ms, total 10ms
D/dalvikvm( 5296): GC_CONCURRENT freed 407K, 17% free 3307K/3980K, paused 1ms+2ms, total 9ms
D/dalvikvm( 2772): GC_CONCURRENT freed 425K, 17% free 3113K/3716K, paused 1ms+1ms, total 6ms
D/dalvikvm( 5296): GC_CONCURRENT freed 478K, 18% free 3275K/3980K, paused 0ms+1ms, total 7ms
D/dalvikvm( 5296): GC_CONCURRENT freed 437K, 18% free 3273K/3980K, paused 1ms+1ms, total 7ms
D/dalvikvm( 2197): GC_FOR_ALLOC freed 238K, 29% free 3400K/4752K, paused 11ms, total 11ms
D/dalvikvm( 5296): GC_CONCURRENT freed 422K, 18% free 3274K/3980K, paused 1ms+2ms, total 8ms
D/dalvikvm( 2772): GC_CONCURRENT freed 343K, 16% free 3155K/3716K, paused 1ms+0ms, total 5ms
D/dalvikvm( 5296): GC_CONCURRENT freed 431K, 18% free 3289K/3980K, paused 0ms+2ms, total 8ms
I/DownloadManager( 5334): Download 32 finished with status SUCCESS
D/dalvikvm( 5296): GC_CONCURRENT freed 508K, 20% free 3189K/3980K, paused 2ms+1ms, total 10ms
I/GLSUser ( 4955): [GLSUser] getTokenFromCache: [account: , callingPkg: com.google.android.gm, service: mail]
D/dalvikvm( 5296): GC_CONCURRENT freed 404K, 20% free 3194K/3980K, paused 0ms+1ms, total 6ms
I/DownloadManager( 5334): Download 33 starting
D/dalvikvm( 5296): GC_CONCURRENT freed 440K, 20% free 3197K/3980K, paused 1ms+1ms, total 7ms
D/Finsky ( 4248): [228] AppStatesReplicator.handleContentSyncResponse: Completed 0 account content syncs with 0 successful.
D/Finsky ( 4248): [1] 5.onFinished: Installation state replication succeeded.
D/dalvikvm( 5296): GC_CONCURRENT freed 436K, 20% free 3221K/3980K, paused 1ms+2ms, total 9ms
D/dalvikvm( 5296): GC_CONCURRENT freed 418K, 19% free 3250K/3980K, paused 1ms+0ms, total 9ms
D/dalvikvm( 5296): GC_CONCURRENT freed 420K, 19% free 3231K/3980K, paused 1ms+1ms, total 7ms
D/dalvikvm( 5296): GC_CONCURRENT freed 440K, 19% free 3235K/3980K, paused 1ms+2ms, total 7ms
D/ConnectivityService( 1897): special network not available ni=mobile_hipri
D/dalvikvm( 5296): GC_CONCURRENT freed 442K, 19% free 3235K/3980K, paused 0ms+1ms, total 6ms
D/dalvikvm( 5296): GC_CONCURRENT freed 439K, 19% free 3239K/3980K, paused 1ms+1ms, total 6ms
D/dalvikvm( 5296): GC_CONCURRENT freed 441K, 19% free 3238K/3980K, paused 0ms+0ms, total 6ms
D/dalvikvm( 5296): GC_CONCURRENT freed 435K, 19% free 3243K/3980K, paused 1ms+1ms, total 6ms
D/dalvikvm( 5296): GC_CONCURRENT freed 462K, 19% free 3245K/3980K, paused 0ms+1ms, total 7ms
D/dalvikvm( 2197): GC_FOR_ALLOC freed 218K, 29% free 3399K/4752K, paused 11ms, total 11ms
D/dalvikvm( 5296): GC_CONCURRENT freed 439K, 19% free 3247K/3980K, paused 0ms+0ms, total 5ms
D/dalvikvm( 5296): GC_CONCURRENT freed 422K, 18% free 3271K/3980K, paused 0ms+0ms, total 6ms
D/dalvikvm( 5296): GC_CONCURRENT freed 423K, 18% free 3285K/3980K, paused 1ms+1ms, total 7ms
D/dalvikvm( 5296): GC_CONCURRENT freed 434K, 17% free 3309K/3980K, paused 1ms+5ms, total 13ms
D/dalvikvm( 5334): GC_CONCURRENT freed 400K, 14% free 3223K/3708K, paused 2ms+1ms, total 9ms
I/DownloadManager( 5334): Download 33 finished with status SUCCESS
D/dalvikvm( 5296): GC_CONCURRENT freed 502K, 15% free 3411K/3980K, paused 1ms+1ms, total 17ms
D/dalvikvm( 1897): GC_EXPLICIT freed 279K, 23% free 9281K/11984K, paused 1ms+5ms, total 51ms
D/dalvikvm( 5296): GC_CONCURRENT freed 539K, 18% free 3285K/3980K, paused 1ms+2ms, total 9ms
D/dalvikvm( 2772): GC_CONCURRENT freed 438K, 17% free 3116K/3716K, paused 1ms+0ms, total 5ms
D/dalvikvm( 5296): GC_CONCURRENT freed 460K, 18% free 3288K/3980K, paused 1ms+1ms, total 9ms
D/dalvikvm( 4955): GC_CONCURRENT freed 404K, 27% free 4103K/5572K, paused 1ms+2ms, total 14ms
I/GLSUser ( 4955): [GLSUser] getTokenFromCache: [account: , callingPkg: com.google.android.gm, service: mail]
D/dalvikvm( 5296): GC_CONCURRENT freed 451K, 16% free 3350K/3980K, paused 0ms+0ms, total 10ms
I/DownloadManager( 5334): Download 34 starting
D/dalvikvm( 5296): GC_CONCURRENT freed 508K, 17% free 3327K/3980K, paused 0ms+1ms, total 9ms
D/dalvikvm( 5296): GC_CONCURRENT freed 524K, 20% free 3197K/3980K, paused 1ms+1ms, total 8ms
D/dalvikvm( 5296): GC_CONCURRENT freed 432K, 19% free 3227K/3980K, paused 1ms+2ms, total 9ms
D/dalvikvm( 2772): GC_CONCURRENT freed 486K, 19% free 3014K/3716K, paused 1ms+0ms, total 5ms
D/dalvikvm( 5296): GC_CONCURRENT freed 462K, 19% free 3235K/3980K, paused 0ms+1ms, total 8ms
D/dalvikvm( 5296): GC_CONCURRENT freed 436K, 19% free 3239K/3980K, paused 1ms+0ms, total 6ms
D/dalvikvm( 5296): GC_CONCURRENT freed 446K, 19% free 3235K/3980K, paused 0ms+1ms, total 6ms
I/DownloadManager( 5334): Download 34 finished with status SUCCESS
D/dalvikvm( 5296): GC_CONCURRENT freed 389K, 19% free 3233K/3980K, paused 2ms+1ms, total 8ms
I/GLSUser ( 4955): [GLSUser] getTokenFromCache: [account: , callingPkg: com.google.android.gm, service: mail]
D/dalvikvm( 5296): GC_CONCURRENT freed 460K, 19% free 3235K/3980K, paused 2ms+3ms, total 12ms
I/DownloadManager( 5334): Download 35 starting
D/dalvikvm( 5296): GC_CONCURRENT freed 440K, 19% free 3237K/3980K, paused 1ms+2ms, total 7ms
D/dalvikvm( 5296): GC_CONCURRENT freed 433K, 19% free 3246K/3980K, paused 0ms+0ms, total 6ms
D/dalvikvm( 2197): GC_FOR_ALLOC freed 275K, 29% free 3405K/4752K, paused 11ms, total 11ms
D/dalvikvm( 5296): GC_CONCURRENT freed 445K, 19% free 3244K/3980K, paused 1ms+0ms, total 6ms
D/dalvikvm( 5296): GC_CONCURRENT freed 442K, 19% free 3244K/3980K, paused 0ms+2ms, total 7ms
D/dalvikvm( 5296): GC_CONCURRENT freed 431K, 18% free 3263K/3980K, paused 1ms+0ms, total 7ms
D/ConnectivityService( 1897): [CheckMp] isMobileOk: timed out
D/ConnectivityService( 1897): [CheckMp] isMobileOk: F stop hipri
D/MobileDataStateTracker( 1897): default: setEnableFailFastMobileData(enabled=0)
D/dalvikvm( 5296): GC_CONCURRENT freed 434K, 18% free 3270K/3980K, paused 1ms+1ms, total 7ms
D/dalvikvm( 5296): GC_CONCURRENT freed 403K, 18% free 3282K/3980K, paused 3ms+2ms, total 13ms
D/dalvikvm( 5296): GC_CONCURRENT freed 459K, 18% free 3278K/3980K, paused 1ms+1ms, total 9ms
D/dalvikvm( 5296): GC_CONCURRENT freed 385K, 18% free 3280K/3980K, paused 1ms+1ms, total 7ms
D/dalvikvm( 1897): GC_EXPLICIT freed 227K, 23% free 9287K/11984K, paused 1ms+2ms, total 34ms
D/dalvikvm( 2772): GC_CONCURRENT freed 284K, 17% free 3115K/3716K, paused 1ms+1ms, total 5ms
D/dalvikvm( 5296): GC_CONCURRENT freed 413K, 18% free 3282K/3980K, paused 1ms+0ms, total 6ms
D/dalvikvm( 5296): GC_CONCURRENT freed 446K, 18% free 3286K/3980K, paused 0ms+2ms, total 7ms
I/DownloadManager( 5334): Download 35 finished with status SUCCESS
D/dalvikvm( 2772): GC_CONCURRENT freed 449K, 18% free 3059K/3716K, paused 1ms+1ms, total 5ms
D/dalvikvm( 2197): GC_FOR_ALLOC freed 223K, 29% free 3400K/4752K, paused 15ms, total 15ms
I/GLSUser ( 4955): [GLSUser] getTokenFromCache: [account: , callingPkg: com.google.android.gm, service: mail]
D/dalvikvm( 5296): GC_CONCURRENT freed 550K, 22% free 3119K/3980K, paused 0ms+1ms, total 5ms
D/dalvikvm( 5334): GC_CONCURRENT freed 375K, 13% free 3237K/3708K, paused 0ms+3ms, total 10ms
I/DownloadManager( 5334): Download 36 starting
D/CalendarSyncAdapter( 5296): Found 0 events marked dirty & lastSynced
I/CalendarProvider2( 2772): No events to update: uri=content://com.android.calendar/events?account_name=flotux2%40googlemail.com&account_type=com.google&caller_is_syncadapter=true selection=_sync_id IS NOT NULL AND calendar_id=? selectionArgs=[6]
I/GLSUser ( 4955): [GLSUser] getTokenFromCache: [account: , callingPkg: com.google.android.syncadapters.calendar, service: oauth2:https://www.googleapis.com/auth/calendar]
I/Auth.Core( 4955): [TokenCache] Missing snowballing token: no granted scopes set.
D/dalvikvm( 4955): GC_CONCURRENT freed 428K, 27% free 4107K/5572K, paused 2ms+2ms, total 14ms
V/CalendarSyncAdapter( 5296): Saving inProgress state: {calendarId=de.german#holiday@group.v.calendar.google.com, maxAttendees=50, maxResults=200, timeMax=2016-10-26T00:00:00.000Z, timeMin=2014-09-28T21:12:25.000Z}
D/dalvikvm( 5296): GC_CONCURRENT freed 371K, 21% free 3159K/3980K, paused 2ms+2ms, total 8ms
D/dalvikvm( 5296): GC_CONCURRENT freed 448K, 21% free 3149K/3980K, paused 0ms+1ms, total 5ms
D/dalvikvm( 5296): GC_CONCURRENT freed 431K, 21% free 3156K/3980K, paused 1ms+0ms, total 5ms
D/dalvikvm( 5296): GC_CONCURRENT freed 473K, 21% free 3157K/3980K, paused 0ms+1ms, total 8ms
I/DownloadManager( 5334): Download 36 finished with status SUCCESS
D/dalvikvm( 5296): GC_CONCURRENT freed 427K, 21% free 3174K/3980K, paused 1ms+1ms, total 6ms
D/dalvikvm( 2197): GC_FOR_ALLOC freed 219K, 29% free 3400K/4752K, paused 9ms, total 9ms
D/dalvikvm( 5296): GC_CONCURRENT freed 438K, 18% free 3273K/3980K, paused 0ms+1ms, total 12ms
D/dalvikvm( 4753): GC_CONCURRENT freed 386K, 13% free 4074K/4632K, paused 0ms+2ms, total 11ms
D/dalvikvm( 5296): GC_CONCURRENT freed 540K, 20% free 3195K/3980K, paused 1ms+2ms, total 10ms
D/dalvikvm( 5296): GC_CONCURRENT freed 434K, 20% free 3204K/3980K, paused 0ms+2ms, total 6ms
D/dalvikvm( 1897): GC_EXPLICIT freed 293K, 23% free 9294K/11984K, paused 1ms+4ms, total 42ms
D/dalvikvm( 5296): GC_CONCURRENT freed 413K, 20% free 3204K/3980K, paused 2ms+2ms, total 10ms
I/GLSUser ( 4955): [GLSUser] getTokenFromCache: [account: , callingPkg: com.google.android.gm, service: mail]
D/dalvikvm( 5296): GC_CONCURRENT freed 420K, 19% free 3240K/3980K, paused 1ms+0ms, total 8ms
D/dalvikvm( 5296): GC_CONCURRENT freed 455K, 19% free 3246K/3980K, paused 1ms+1ms, total 7ms
I/DownloadManager( 5334): Download 37 starting
D/dalvikvm( 5296): GC_CONCURRENT freed 436K, 18% free 3284K/3980K, paused 2ms+1ms, total 9ms
D/dalvikvm( 2772): GC_CONCURRENT freed 400K, 18% free 3080K/3716K, paused 0ms+1ms, total 4ms
D/dalvikvm( 5296): GC_CONCURRENT freed 413K, 18% free 3274K/3980K, paused 1ms+1ms, total 12ms
D/dalvikvm( 5296): GC_CONCURRENT freed 453K, 18% free 3278K/3980K, paused 2ms+0ms, total 8ms
D/dalvikvm( 5296): GC_CONCURRENT freed 428K, 18% free 3267K/3980K, paused 1ms+0ms, total 7ms
D/dalvikvm( 2772): GC_CONCURRENT freed 330K, 16% free 3143K/3716K, paused 1ms+0ms, total 6ms
D/dalvikvm( 5296): GC_CONCURRENT freed 502K, 20% free 3202K/3980K, paused 1ms+0ms, total 8ms
D/dalvikvm( 5296): GC_CONCURRENT freed 448K, 20% free 3221K/3980K, paused 0ms+0ms, total 6ms
D/dalvikvm( 2197): GC_FOR_ALLOC freed 220K, 29% free 3400K/4752K, paused 12ms, total 12ms
D/dalvikvm( 5296): GC_CONCURRENT freed 423K, 19% free 3229K/3980K, paused 0ms+1ms, total 7ms
D/dalvikvm( 5296): GC_CONCURRENT freed 426K, 19% free 3262K/3980K, paused 1ms+0ms, total 7ms
I/DownloadManager( 5334): Download 37 finished with status SUCCESS
D/dalvikvm( 5296): GC_CONCURRENT freed 394K, 19% free 3259K/3980K, paused 8ms+0ms, total 16ms
D/dalvikvm( 5296): GC_CONCURRENT freed 433K, 18% free 3273K/3980K, paused 1ms+1ms, total 6ms
D/dalvikvm( 5296): GC_CONCURRENT freed 377K, 18% free 3285K/3980K, paused 4ms+1ms, total 10ms
D/dalvikvm( 5296): GC_CONCURRENT freed 479K, 18% free 3285K/3980K, paused 0ms+2ms, total 11ms
I/GLSUser ( 4955): [GLSUser] getTokenFromCache: [account: , callingPkg: com.google.android.gm, service: mail]
D/dalvikvm( 5296): GC_CONCURRENT freed 430K, 18% free 3290K/3980K, paused 1ms+4ms, total 11ms
W/ContextImpl( 1897): Calling a method in the system process without a qualified user: android.app.ContextImpl.sendBroadcast:1131 com.android.server.usb.UsbSettingsManager.deviceAttached:621 com.android.server.usb.UsbHostManager.usbDeviceAdded:156 com.android.server.usb.UsbHostManager.monitorUsbHostBus:-2 com.android.server.usb.UsbHostManager.access$000:38
D/dalvikvm( 1897): GC_EXPLICIT freed 272K, 23% free 9276K/11984K, paused 1ms+2ms, total 41ms
I/DownloadManager( 5334): Download 38 starting
D/dalvikvm( 2772): GC_CONCURRENT freed 439K, 17% free 3112K/3716K, paused 1ms+1ms, total 7ms
D/dalvikvm( 2772): GC_CONCURRENT freed 336K, 15% free 3162K/3716K, paused 2ms+0ms, total 7ms
D/dalvikvm( 4955): GC_CONCURRENT freed 399K, 27% free 4094K/5572K, paused 1ms+0ms, total 10ms
D/dalvikvm( 5334): GC_CONCURRENT freed 404K, 14% free 3228K/3716K, paused 9ms+1ms, total 16ms
I/GLSUser ( 4955): [GLSUser] getTokenFromCache: [account: , callingPkg: com.google.android.syncadapters.contacts, service: cp]
D/dalvikvm( 5296): GC_CONCURRENT freed 453K, 19% free 3226K/3980K, paused 2ms+0ms, total 13ms
I/DownloadManager( 5334): Download 38 finished with status SUCCESS
I/GLSUser ( 4955): [GLSUser] getTokenFromCache: [account: , callingPkg: com.google.android.gm, service: mail]
W/Gmail ( 4753): Sync started for account: account:-868725537
I/Gmail ( 4753): notifyAccountChanged
I/Gmail ( 4753): getAccountsCursor
I/Gmail ( 4753): MainSyncRequestProto: lowestBkwdConvoId: 0, highestHandledServerOp: 144139, normalSync: true
D/dalvikvm( 4753): GC_CONCURRENT freed 405K, 13% free 4057K/4660K, paused 0ms+1ms, total 10ms
D/dalvikvm( 1897): GC_EXPLICIT freed 317K, 23% free 9295K/11984K, paused 1ms+2ms, total 44ms
I/DownloadManager( 5334): Download 39 starting
I/GLSUser ( 4955): [GLSUser] getTokenFromCache: [account: , callingPkg: com.google.android.gm, service: mail]
D/dalvikvm( 2772): GC_CONCURRENT freed 434K, 17% free 3118K/3716K, paused 1ms+1ms, total 6ms
D/dalvikvm( 2772): GC_CONCURRENT freed 451K, 18% free 3073K/3716K, paused 0ms+1ms, total 8ms
D/dalvikvm( 4955): GC_CONCURRENT freed 372K, 27% free 4120K/5572K, paused 1ms+1ms, total 18ms
D/dalvikvm( 4753): GC_EXPLICIT freed 93K, 14% free 4012K/4660K, paused 3ms+1ms, total 24ms
I/Gmail ( 4753): MainSyncRequestProto: lowestBkwdConvoId: 0, highestHandledServerOp: 144139, normalSync: true
I/Gmail ( 4753): lowestBackward conversation id 0
D/dalvikvm( 2123): GC_CONCURRENT freed 398K, 11% free 4401K/4924K, paused 1ms+4ms, total 20ms
E/DataBuffer( 2123): Internal data leak within a DataBuffer object detected! Be sure to explicitly call release() on all DataBuffer extending objects when you are done with them. (internal object: com.google.android.gms.common.data.DataHolder@2171eb30)
V/NQFileLogger( 4955): [327] e.a: about to write to file
I/DownloadManager( 5334): Download 39 finished with status SUCCESS
D/CalendarSyncAdapter( 5296): Found 0 events marked dirty & lastSynced
E/Gmail ( 4753): Account account:-868725537 is not registered for search
I/Gmail ( 4753): notifyAccountChanged
I/Gmail ( 4753): getAccountsCursor
W/Gmail ( 4753): Sync complete for account: account:-868725537
D/dalvikvm( 4753): GC_FOR_ALLOC freed 313K, 14% free 4030K/4660K, paused 7ms, total 7ms
I/BooksSync( 4599): Starting books sync for -868725537, extras: aude
I/GLSUser ( 4955): [GLSUser] getTokenFromCache: [account: , callingPkg: com.google.android.gm, service: mail]
D/dalvikvm( 4599): GC_CONCURRENT freed 448K, 13% free 3819K/4360K, paused 2ms+7ms, total 20ms
I/CalendarProvider2( 2772): No events to update: uri=content://com.android.calendar/events?account_name=flotux2%40googlemail.com&account_type=com.google&caller_is_syncadapter=true selection=_sync_id IS NOT NULL AND calendar_id=? selectionArgs=[7]
D/dalvikvm( 5296): GC_CONCURRENT freed 470K, 22% free 3140K/3980K, paused 0ms+1ms, total 7ms
D/dalvikvm( 1897): GC_EXPLICIT freed 439K, 23% free 9302K/11984K, paused 1ms+7ms, total 55ms
D/Vold ( 1559): Volume usb1 state changing 0 (No-Media) -> 2 (Pending)
D/DirectVolume( 1559): DirectVolume::handlePartitionAdded -> MAJOR 8, MINOR 33, PARTN 1
D/Vold ( 1559): Volume usb1 state changing 2 (Pending) -> 1 (Idle-Unmounted)
D/MountService( 1897): volume state changed for /storage/usb1 (removed -> unmounted)
D/MountService( 1897): sendStorageIntent Intent { act=android.intent.action.MEDIA_UNMOUNTED dat=file:///storage/usb1 (has extras) } to UserHandle{-1}
I/Vold ( 1559): /dev/block/vold/8:33 being considered for volume usb1
D/Vold ( 1559): Volume usb1 state changing 1 (Idle-Unmounted) -> 3 (Checking)
D/Vold ( 1559): Trying to get filesystem type for /dev/block/vold/8:33
D/MountService( 1897): volume state changed for /storage/usb1 (unmounted -> checking)
D/MountService( 1897): sendStorageIntent Intent { act=android.intent.action.MEDIA_CHECKING dat=file:///storage/usb1 (has extras) } to UserHandle{-1}
I/ActivityManager( 1897): Start proc com.android.externalstorage for broadcast com.android.externalstorage/.MountReceiver: pid=5785 uid=10007 gids={50007, 1028, 1015, 1023}
D/Vold ( 1559): Found ntfs filesystem on /dev/block/vold/8:33
D/Vold ( 1559): Mounting ntfs with options:utf8,uid=1023,gid=1023,fmask=7,dmask=7,shortname=mixed,nodev,nosuid,dirsync,noexec
W/libc ( 5795): mntent* getmntent(FILE*)(3) is not implemented on Android
I/ntfs-3g ( 1559): mntent* getmntent(FILE*)(3) is not implemented on Android
D/ExternalStorage( 5785): After updating volumes, found 1 active roots
D/ExternalStorage( 5785): After updating volumes, found 1 active roots
D/MediaScannerReceiver( 5334): action: android.intent.action.MEDIA_UNMOUNTED path: /storage/usb1
I/DownloadManager( 5334): Download 40 starting
I/GLSUser ( 4955): [GLSUser] getTokenFromCache: [account: , callingPkg: com.google.android.syncadapters.calendar, service: oauth2:https://www.googleapis.com/auth/calendar]
I/Auth.Core( 4955): [TokenCache] Missing snowballing token: no granted scopes set.
D/Vold ( 1559): blkid identified as /dev/block/vold/8:33: UUID="CE96149B9614865D" TYPE="ntfs"
E/cutils ( 1559): Failed to mkdirat(/storage/usb0/Android): Read-only file system
E/cutils ( 1559): Failed to mkdirat(/storage/usb0/Android): Read-only file system
D/Vold ( 1559): Volume usb1 state changing 3 (Checking) -> 4 (Mounted)
W/Vold ( 1559): Returning OperationFailed - no handler for errno 30
W/Vold ( 1559): Returning OperationFailed - no handler for errno 30
D/MountService( 1897): volume state changed for /storage/usb1 (checking -> mounted)
W/ContextImpl( 5022): Failed to ensure directory: /storage/usb0/Android/data/com.google.android.youtube/files
D/MountService( 1897): sendStorageIntent Intent { act=android.intent.action.MEDIA_MOUNTED dat=file:///storage/usb1 (has extras) } to UserHandle{-1}
E/cutils ( 1559): Failed to mkdirat(/storage/usb1/Android): Read-only file system
W/Vold ( 1559): Returning OperationFailed - no handler for errno 30
W/ContextImpl( 5022): Failed to ensure directory: /storage/usb1/Android/data/com.google.android.youtube/files
E/cutils ( 1559): Failed to mkdirat(/storage/usb2/Android): Read-only file system
W/Vold ( 1559): Returning OperationFailed - no handler for errno 30
W/ContextImpl( 5022): Failed to ensure directory: /storage/usb2/Android/data/com.google.android.youtube/files
D/ExternalStorage( 5785): After updating volumes, found 2 active roots
E/cutils ( 1559): Failed to mkdirat(/storage/usb3/Android): Read-only file system
W/Vold ( 1559): Returning OperationFailed - no handler for errno 30
W/ContextImpl( 3494): Failed to ensure directory: /storage/usb0/Android/data/com.google.android.music/files
D/MediaScannerReceiver( 5334): action: android.intent.action.MEDIA_MOUNTED path: /storage/usb1
W/ContextImpl( 5022): Failed to ensure directory: /storage/usb3/Android/data/com.google.android.youtube/files
E/Vold ( 1559): Failed to find volume for /storage/sdcard1/Android/data/com.google.android.youtube/files/
W/Vold ( 1559): Returning OperationFailed - no handler for errno 30
W/ContextImpl( 5022): Failed to ensure directory: /storage/sdcard1/Android/data/com.google.android.youtube/files
E/cutils ( 1559): Failed to mkdirat(/storage/usb0/Android): Read-only file system
W/Vold ( 1559): Returning OperationFailed - no handler for errno 30
W/ContextImpl( 5022): Failed to ensure directory: /storage/usb0/Android/data/com.google.android.youtube/files
E/cutils ( 1559): Failed to mkdirat(/storage/usb2/Android): Read-only file system
W/Vold ( 1559): Returning OperationFailed - no handler for errno 30
W/ContextImpl( 3494): Failed to ensure directory: /storage/usb2/Android/data/com.google.android.music/files
E/cutils ( 1559): Failed to mkdirat(/storage/usb2/Android): Read-only file system
W/Vold ( 1559): Returning OperationFailed - no handler for errno 30
W/ContextImpl( 5022): Failed to ensure directory: /storage/usb2/Android/data/com.google.android.youtube/files
E/cutils ( 1559): Failed to mkdirat(/storage/usb3/Android): Read-only file system
W/Vold ( 1559): Returning OperationFailed - no handler for errno 30
E/cutils ( 1559): Failed to mkdirat(/storage/usb3/Android): Read-only file system
W/Vold ( 1559): Returning OperationFailed - no handler for errno 30
W/ContextImpl( 5022): Failed to ensure directory: /storage/usb3/Android/data/com.google.android.youtube/files
W/ContextImpl( 3494): Failed to ensure directory: /storage/usb3/Android/data/com.google.android.music/files
E/Vold ( 1559): Failed to find volume for /storage/sdcard1/Android/data/com.google.android.youtube/files/
W/Vold ( 1559): Returning OperationFailed - no handler for errno 30
W/ContextImpl( 5022): Failed to ensure directory: /storage/sdcard1/Android/data/com.google.android.youtube/files
E/Vold ( 1559): Failed to find volume for /storage/sdcard1/Android/data/com.google.android.music/files/
W/Vold ( 1559): Returning OperationFailed - no handler for errno 30
E/cutils ( 1559): Failed to mkdirat(/storage/usb0/Android): Read-only file system
W/Vold ( 1559): Returning OperationFailed - no handler for errno 30
W/ContextImpl( 3494): Failed to ensure directory: /storage/sdcard1/Android/data/com.google.android.music/files
W/ContextImpl( 5022): Failed to ensure directory: /storage/usb0/Android/data/com.google.android.youtube/files
E/cutils ( 1559): Failed to mkdirat(/storage/usb2/Android): Read-only file system
W/Vold ( 1559): Returning OperationFailed - no handler for errno 30
W/ContextImpl( 5022): Failed to ensure directory: /storage/usb2/Android/data/com.google.android.youtube/files
E/cutils ( 1559): Failed to mkdirat(/storage/usb3/Android): Read-only file system
W/Vold ( 1559): Returning OperationFailed - no handler for errno 30
W/ContextImpl( 5022): Failed to ensure directory: /storage/usb3/Android/data/com.google.android.youtube/files
E/Vold ( 1559): Failed to find volume for /storage/sdcard1/Android/data/com.google.android.youtube/files/
W/Vold ( 1559): Returning OperationFailed - no handler for errno 30
W/ContextImpl( 5022): Failed to ensure directory: /storage/sdcard1/Android/data/com.google.android.youtube/files
E/cutils ( 1559): Failed to mkdirat(/storage/usb0/Android): Read-only file system
W/Vold ( 1559): Returning OperationFailed - no handler for errno 30
W/ContextImpl( 5022): Failed to ensure directory: /storage/usb0/Android/data/com.google.android.youtube/files
E/cutils ( 1559): Failed to mkdirat(/storage/usb2/Android): Read-only file system
W/ContextImpl( 5022): Failed to ensure directory: /storage/usb2/Android/data/com.google.android.youtube/files
W/Vold ( 1559): Returning OperationFailed - no handler for errno 30
E/cutils ( 1559): Failed to mkdirat(/storage/usb3/Android): Read-only file system
W/Vold ( 1559): Returning OperationFailed - no handler for errno 30
W/ContextImpl( 5022): Failed to ensure directory: /storage/usb3/Android/data/com.google.android.youtube/files
E/Vold ( 1559): Failed to find volume for /storage/sdcard1/Android/data/com.google.android.youtube/files/
W/Vold ( 1559): Returning OperationFailed - no handler for errno 30
W/ContextImpl( 5022): Failed to ensure directory: /storage/sdcard1/Android/data/com.google.android.youtube/files
I/BooksSync( 4599): Finished books sync
E/cutils ( 1559): Failed to mkdirat(/storage/usb0/Android): Read-only file system
W/Vold ( 1559): Returning OperationFailed - no handler for errno 30
W/ContextImpl( 3494): Failed to ensure directory: /storage/usb0/Android/data/com.google.android.music/files
E/cutils ( 1559): Failed to mkdirat(/storage/usb2/Android): Read-only file system
W/Vold ( 1559): Returning OperationFailed - no handler for errno 30
W/ContextImpl( 3494): Failed to ensure directory: /storage/usb2/Android/data/com.google.android.music/files
E/cutils ( 1559): Failed to mkdirat(/storage/usb3/Android): Read-only file system
W/Vold ( 1559): Returning OperationFailed - no handler for errno 30
W/ContextImpl( 3494): Failed to ensure directory: /storage/usb3/Android/data/com.google.android.music/files
E/Vold ( 1559): Failed to find volume for /storage/sdcard1/Android/data/com.google.android.music/files/
W/Vold ( 1559): Returning OperationFailed - no handler for errno 30
W/ContextImpl( 3494): Failed to ensure directory: /storage/sdcard1/Android/data/com.google.android.music/files
E/cutils ( 1559): Failed to mkdirat(/storage/usb0/Android): Read-only file system
W/Vold ( 1559): Returning OperationFailed - no handler for errno 30
W/ContextImpl( 3494): Failed to ensure directory: /storage/usb0/Android/data/com.google.android.music/files
E/cutils ( 1559): Failed to mkdirat(/storage/usb2/Android): Read-only file system
W/Vold ( 1559): Returning OperationFailed - no handler for errno 30
W/ContextImpl( 3494): Failed to ensure directory: /storage/usb2/Android/data/com.google.android.music/files
E/cutils ( 1559): Failed to mkdirat(/storage/usb3/Android): Read-only file system
W/Vold ( 1559): Returning OperationFailed - no handler for errno 30
W/ContextImpl( 3494): Failed to ensure directory: /storage/usb3/Android/data/com.google.android.music/files
E/Vold ( 1559): Failed to find volume for /storage/sdcard1/Android/data/com.google.android.music/files/
W/Vold ( 1559): Returning OperationFailed - no handler for errno 30
W/ContextImpl( 3494): Failed to ensure directory: /storage/sdcard1/Android/data/com.google.android.music/files
V/CalendarSyncAdapter( 5296): Saving inProgress state: {calendarId=e_2_de#weeknum@group.v.calendar.google.com, maxAttendees=50, maxResults=200, timeMax=2016-10-26T00:00:00.000Z, timeMin=2014-09-28T21:12:28.000Z}
I/ActivityManager( 1897): Delay finish: com.google.android.music/.store.MediaStoreImportService$Receiver
I/ActivityManager( 1897): Resuming delayed broadcast
D/dalvikvm( 5296): GC_CONCURRENT freed 419K, 22% free 3143K/3980K, paused 2ms+3ms, total 10ms
D/dalvikvm( 5334): GC_CONCURRENT freed 401K, 14% free 3233K/3720K, paused 4ms+1ms, total 11ms
E/cutils ( 1559): Failed to mkdirat(/storage/usb0/Android): Read-only file system
W/Vold ( 1559): Returning OperationFailed - no handler for errno 30
W/ContextImpl( 3494): Failed to ensure directory: /storage/usb0/Android/data/com.google.android.music/files
I/iu.UploadsManager( 2314): #reloadSettings(); account: -1; IU: disabled; IS: disabled; IS account: -1; photoWiFi: true; videoWiFi: true; roam: false; battery: true; size: FULL; maxMobile: 157286400
E/cutils ( 1559): Failed to mkdirat(/storage/usb2/Android): Read-only file system
W/Vold ( 1559): Returning OperationFailed - no handler for errno 30
W/ContextImpl( 3494): Failed to ensure directory: /storage/usb2/Android/data/com.google.android.music/files
E/cutils ( 1559): Failed to mkdirat(/storage/usb3/Android): Read-only file system
W/Vold ( 1559): Returning OperationFailed - no handler for errno 30
W/ContextImpl( 3494): Failed to ensure directory: /storage/usb3/Android/data/com.google.android.music/files
I/DownloadManager( 5334): Download 40 finished with status SUCCESS
I/ActivityManager( 1897): Delay finish: com.google.android.gm/.MailIntentReceiver
E/Vold ( 1559): Failed to find volume for /storage/sdcard1/Android/data/com.google.android.music/files/
W/Vold ( 1559): Returning OperationFailed - no handler for errno 30
I/ActivityManager( 1897): Resuming delayed broadcast
W/ContextImpl( 3494): Failed to ensure directory: /storage/sdcard1/Android/data/com.google.android.music/files
D/dalvikvm( 5296): GC_CONCURRENT freed 449K, 22% free 3143K/3980K, paused 1ms+0ms, total 10ms
I/iu.UploadsManager( 2314): End new media; added: 0, uploading: 0, time: 72 ms
D/dalvikvm( 5296): GC_CONCURRENT freed 412K, 21% free 3147K/3980K, paused 1ms+1ms, total 7ms
E/cutils ( 1559): Failed to mkdirat(/storage/usb0/Android): Read-only file system
W/Vold ( 1559): Returning OperationFailed - no handler for errno 30
W/ContextImpl( 3494): Failed to ensure directory: /storage/usb0/Android/data/com.google.android.music/files
E/cutils ( 1559): Failed to mkdirat(/storage/usb2/Android): Read-only file system
W/Vold ( 1559): Returning OperationFailed - no handler for errno 30
W/ContextImpl( 3494): Failed to ensure directory: /storage/usb2/Android/data/com.google.android.music/files
E/cutils ( 1559): Failed to mkdirat(/storage/usb3/Android): Read-only file system
W/Vold ( 1559): Returning OperationFailed - no handler for errno 30
W/ContextImpl( 3494): Failed to ensure directory: /storage/usb3/Android/data/com.google.android.music/files
D/dalvikvm( 5296): GC_CONCURRENT freed 427K, 20% free 3203K/3980K, paused 0ms+0ms, total 12ms
E/Vold ( 1559): Failed to find volume for /storage/sdcard1/Android/data/com.google.android.music/files/
W/Vold ( 1559): Returning OperationFailed - no handler for errno 30
W/ContextImpl( 3494): Failed to ensure directory: /storage/sdcard1/Android/data/com.google.android.music/files
E/cutils ( 1559): Failed to mkdirat(/storage/usb0/Android): Read-only file system
W/Vold ( 1559): Returning OperationFailed - no handler for errno 30
W/ContextImpl( 3494): Failed to ensure directory: /storage/usb0/Android/data/com.google.android.music/files
E/cutils ( 1559): Failed to mkdirat(/storage/usb2/Android): Read-only file system
W/Vold ( 1559): Returning OperationFailed - no handler for errno 30
W/ContextImpl( 3494): Failed to ensure directory: /storage/usb2/Android/data/com.google.android.music/files
E/cutils ( 1559): Failed to mkdirat(/storage/usb3/Android): Read-only file system
W/Vold ( 1559): Returning OperationFailed - no handler for errno 30
W/ContextImpl( 3494): Failed to ensure directory: /storage/usb3/Android/data/com.google.android.music/files
E/Vold ( 1559): Failed to find volume for /storage/sdcard1/Android/data/com.google.android.music/files/
W/Vold ( 1559): Returning OperationFailed - no handler for errno 30
W/ContextImpl( 3494): Failed to ensure directory: /storage/sdcard1/Android/data/com.google.android.music/files
D/dalvikvm( 5296): GC_CONCURRENT freed 495K, 21% free 3172K/3980K, paused 2ms+2ms, total 11ms
D/dalvikvm( 4955): GC_CONCURRENT freed 393K, 27% free 4121K/5572K, paused 1ms+2ms, total 27ms
I/GLSUser ( 4955): [GLSUser] getTokenFromCache: [account: , callingPkg: com.google.android.gm, service: mail]
D/dalvikvm( 5296): GC_CONCURRENT freed 392K, 21% free 3166K/3980K, paused 0ms+0ms, total 6ms
I/DownloadManager( 5334): Download 41 starting
D/dalvikvm( 5296): GC_CONCURRENT freed 386K, 21% free 3171K/3980K, paused 1ms+0ms, total 6ms
W/MediaScanner( 5334): Error opening directory '/storage/sdcard1/', skipping: Permission denied.
W/MediaScanner( 5334): Error opening directory '/storage/usb0/', skipping: Permission denied.
D/dalvikvm( 5296): GC_CONCURRENT freed 413K, 19% free 3241K/3980K, paused 2ms+1ms, total 11ms
D/dalvikvm( 5334): GC_CONCURRENT freed 360K, 14% free 3260K/3764K, paused 1ms+1ms, total 6ms
D/dalvikvm( 5296): GC_CONCURRENT freed 439K, 20% free 3208K/3980K, paused 1ms+2ms, total 9ms
D/dalvikvm( 5296): GC_CONCURRENT freed 442K, 20% free 3208K/3980K, paused 1ms+1ms, total 8ms
D/dalvikvm( 5296): GC_CONCURRENT freed 436K, 19% free 3243K/3980K, paused 1ms+1ms, total 9ms
D/dalvikvm( 5296): GC_CONCURRENT freed 475K, 19% free 3239K/3980K, paused 1ms+2ms, total 10ms
D/dalvikvm( 5296): GC_CONCURRENT freed 415K, 18% free 3265K/3980K, paused 0ms+1ms, total 9ms
D/dalvikvm( 2772): GC_CONCURRENT freed 440K, 19% free 3016K/3716K, paused 1ms+1ms, total 6ms
D/dalvikvm( 5296): GC_CONCURRENT freed 440K, 18% free 3264K/3980K, paused 2ms+3ms, total 11ms
I/DownloadManager( 5334): Ignoring Content-Length since Transfer-Encoding is also defined
D/dalvikvm( 5296): GC_CONCURRENT freed 395K, 19% free 3253K/3980K, paused 2ms+1ms, total 10ms
D/dalvikvm( 5334): GC_FOR_ALLOC freed 315K, 16% free 3243K/3844K, paused 10ms, total 10ms
D/dalvikvm( 5296): GC_CONCURRENT freed 416K, 18% free 3265K/3980K, paused 2ms+1ms, total 10ms
D/dalvikvm( 5296): GC_CONCURRENT freed 392K, 18% free 3273K/3980K, paused 1ms+1ms, total 8ms
D/dalvikvm( 1897): GC_EXPLICIT freed 1527K, 23% free 9292K/11984K, paused 2ms+4ms, total 48ms
D/dalvikvm( 2772): GC_CONCURRENT freed 290K, 16% free 3125K/3716K, paused 0ms+1ms, total 7ms
D/dalvikvm( 5296): GC_CONCURRENT freed 447K, 18% free 3269K/3980K, paused 1ms+1ms, total 7ms
D/dalvikvm( 5296): GC_CONCURRENT freed 547K, 20% free 3186K/3980K, paused 1ms+4ms, total 12ms
D/dalvikvm( 5296): GC_CONCURRENT freed 407K, 19% free 3250K/3980K, paused 2ms+0ms, total 10ms
D/dalvikvm( 5296): GC_CONCURRENT freed 468K, 19% free 3254K/3980K, paused 1ms+1ms, total 12ms
I/DownloadManager( 5334): Download 41 finished with status SUCCESS
I/ActivityManager( 1897): Delay finish: com.google.android.gm/.MailIntentReceiver
I/ActivityManager( 1897): Resuming delayed broadcast
D/SurfaceFlinger( 1563): Screen acquired, type=0 flinger=0x41b23820
D/GRALLOC-DRM( 1563): set master
D/dalvikvm( 5296): GC_CONCURRENT freed 421K, 20% free 3218K/3980K, paused 1ms+0ms, total 7ms
D/dalvikvm( 5296): GC_CONCURRENT freed 413K, 19% free 3234K/3980K, paused 2ms+1ms, total 8ms
I/InputReader( 1897): Dropping key up from device AT Translated Set 2 keyboard because the key was not down. keyCode=137, scanCode=65
I/GLSUser ( 4955): [GLSUser] getTokenFromCache: [account: , callingPkg: com.google.android.gm, service: mail]
D/dalvikvm( 5296): GC_CONCURRENT freed 390K, 19% free 3248K/3980K, paused 1ms+0ms, total 9ms
I/DownloadManager( 5334): Download 42 starting
D/dalvikvm( 5296): GC_CONCURRENT freed 391K, 18% free 3265K/3980K, paused 1ms+2ms, total 11ms
D/dalvikvm( 5334): GC_CONCURRENT freed 308K, 14% free 3328K/3844K, paused 2ms+1ms, total 9ms
D/dalvikvm( 2772): GC_CONCURRENT freed 413K, 17% free 3107K/3716K, paused 4ms+2ms, total 10ms
D/dalvikvm( 5296): GC_CONCURRENT freed 490K, 18% free 3268K/3980K, paused 0ms+0ms, total 13ms
D/dalvikvm( 5296): GC_CONCURRENT freed 449K, 18% free 3269K/3980K, paused 1ms+3ms, total 11ms
D/dalvikvm( 5296): GC_CONCURRENT freed 447K, 18% free 3273K/3980K, paused 2ms+1ms, total 7ms
D/dalvikvm( 2772): GC_CONCURRENT freed 330K, 15% free 3162K/3716K, paused 0ms+1ms, total 5ms
D/dalvikvm( 5296): GC_CONCURRENT freed 433K, 18% free 3274K/3980K, paused 2ms+2ms, total 9ms
D/dalvikvm( 5296): GC_CONCURRENT freed 498K, 20% free 3208K/3980K, paused 0ms+1ms, total 6ms
D/dalvikvm( 5296): GC_CONCURRENT freed 434K, 20% free 3218K/3980K, paused 0ms+2ms, total 8ms
I/DownloadManager( 5334): Ignoring Content-Length since Transfer-Encoding is also defined
D/dalvikvm( 5296): GC_CONCURRENT freed 438K, 19% free 3228K/3980K, paused 1ms+0ms, total 8ms
D/dalvikvm( 5334): GC_CONCURRENT freed 313K, 12% free 3405K/3844K, paused 0ms+3ms, total 10ms
D/dalvikvm( 5296): GC_CONCURRENT freed 433K, 19% free 3230K/3980K, paused 1ms+0ms, total 7ms
D/dalvikvm( 5296): GC_CONCURRENT freed 388K, 19% free 3255K/3980K, paused 1ms+0ms, total 10ms
D/dalvikvm( 5296): GC_CONCURRENT freed 476K, 18% free 3271K/3980K, paused 1ms+2ms, total 10ms
D/dalvikvm( 1897): GC_EXPLICIT freed 202K, 23% free 9273K/11984K, paused 1ms+6ms, total 42ms
D/dalvikvm( 5296): GC_CONCURRENT freed 390K, 18% free 3275K/3980K, paused 4ms+2ms, total 12ms
D/dalvikvm( 5296): GC_CONCURRENT freed 394K, 18% free 3271K/3980K, paused 1ms+1ms, total 7ms
D/dalvikvm( 2772): GC_CONCURRENT freed 435K, 17% free 3119K/3716K, paused 1ms+0ms, total 6ms
D/dalvikvm( 5296): GC_CONCURRENT freed 382K, 18% free 3275K/3980K, paused 1ms+1ms, total 11ms
D/dalvikvm( 5334): GC_CONCURRENT freed 311K, 11% free 3485K/3880K, paused 0ms+2ms, total 9ms
D/dalvikvm( 5296): GC_CONCURRENT freed 488K, 20% free 3188K/3980K, paused 4ms+1ms, total 10ms
D/dalvikvm( 5296): GC_CONCURRENT freed 384K, 20% free 3196K/3980K, paused 0ms+1ms, total 8ms
D/dalvikvm( 5296): GC_CONCURRENT freed 423K, 19% free 3242K/3980K, paused 1ms+1ms, total 11ms
D/dalvikvm( 2772): GC_CONCURRENT freed 499K, 20% free 3006K/3716K, paused 1ms+3ms, total 9ms
D/dalvikvm( 5296): GC_CONCURRENT freed 439K, 18% free 3284K/3980K, paused 1ms+1ms, total 10ms
D/dalvikvm( 5296): GC_CONCURRENT freed 483K, 19% free 3247K/3980K, paused 0ms+1ms, total 7ms
D/ConnectivityService( 1897): [CheckMp] isMobileOk: X result=0
D/ConnectivityService( 1897): [CheckMp] onPostExecute: result=0
D/ConnectivityService( 1897): CheckMp.onComplete: result=0
D/ConnectivityService( 1897): CheckMp.onComplete: ignore, connected or no connection
D/dalvikvm( 5296): GC_CONCURRENT freed 408K, 19% free 3232K/3980K, paused 1ms+1ms, total 10ms
D/dalvikvm( 5296): GC_CONCURRENT freed 395K, 19% free 3235K/3980K, paused 2ms+0ms, total 7ms
D/dalvikvm( 5296): GC_CONCURRENT freed 426K, 18% free 3266K/3980K, paused 2ms+2ms, total 10ms
D/dalvikvm( 5334): GC_CONCURRENT freed 318K, 11% free 3553K/3956K, paused 0ms+1ms, total 7ms
D/dalvikvm( 5296): GC_CONCURRENT freed 395K, 18% free 3278K/3980K, paused 2ms+2ms, total 11ms
D/dalvikvm( 5296): GC_CONCURRENT freed 389K, 18% free 3280K/3980K, paused 2ms+2ms, total 13ms
D/dalvikvm( 5296): GC_CONCURRENT freed 385K, 18% free 3278K/3980K, paused 2ms+1ms, total 10ms
D/dalvikvm( 5296): GC_CONCURRENT freed 380K, 18% free 3282K/3980K, paused 1ms+0ms, total 7ms
D/dalvikvm( 2772): GC_CONCURRENT freed 284K, 17% free 3116K/3716K, paused 1ms+2ms, total 6ms
D/dalvikvm( 5296): GC_CONCURRENT freed 417K, 18% free 3286K/3980K, paused 1ms+2ms, total 9ms
D/dalvikvm( 5296): GC_CONCURRENT freed 375K, 18% free 3301K/3980K, paused 1ms+0ms, total 9ms
D/dalvikvm( 5296): GC_CONCURRENT freed 534K, 20% free 3207K/3980K, paused 1ms+0ms, total 7ms
D/dalvikvm( 5296): GC_CONCURRENT freed 428K, 19% free 3238K/3980K, paused 2ms+2ms, total 10ms
D/dalvikvm( 5296): GC_CONCURRENT freed 392K, 19% free 3251K/3980K, paused 2ms+0ms, total 10ms
D/dalvikvm( 5334): GC_CONCURRENT freed 310K, 10% free 3628K/4024K, paused 1ms+1ms, total 8ms
D/dalvikvm( 5296): GC_CONCURRENT freed 459K, 19% free 3251K/3980K, paused 2ms+0ms, total 9ms
D/dalvikvm( 5296): GC_CONCURRENT freed 391K, 19% free 3254K/3980K, paused 2ms+1ms, total 10ms
D/dalvikvm( 5296): GC_CONCURRENT freed 393K, 18% free 3273K/3980K, paused 2ms+2ms, total 11ms
D/dalvikvm( 5296): GC_CONCURRENT freed 431K, 17% free 3316K/3980K, paused 1ms+0ms, total 8ms
D/dalvikvm( 2772): GC_CONCURRENT freed 490K, 18% free 3056K/3716K, paused 2ms+3ms, total 12ms
D/dalvikvm( 5296): GC_CONCURRENT freed 476K, 18% free 3284K/3980K, paused 2ms+1ms, total 11ms
D/dalvikvm( 5296): GC_CONCURRENT freed 391K, 18% free 3283K/3980K, paused 2ms+1ms, total 10ms
D/dalvikvm( 5334): GC_CONCURRENT freed 450K, 14% free 3564K/4100K, paused 1ms+0ms, total 14ms
D/dalvikvm( 5296): GC_CONCURRENT freed 443K, 19% free 3227K/3980K, paused 1ms+1ms, total 6ms
D/dalvikvm( 1897): GC_EXPLICIT freed 136K, 23% free 9272K/11984K, paused 2ms+2ms, total 43ms
D/dalvikvm( 2772): GC_CONCURRENT freed 306K, 16% free 3137K/3716K, paused 2ms+1ms, total 7ms
D/dalvikvm( 5334): GC_CONCURRENT freed 490K, 15% free 3499K/4100K, paused 2ms+2ms, total 15ms
D/dalvikvm( 5334): GC_CONCURRENT freed 411K, 15% free 3504K/4100K, paused 1ms+1ms, total 10ms
D/dalvikvm( 2772): GC_CONCURRENT freed 458K, 18% free 3065K/3716K, paused 0ms+1ms, total 4ms
D/CalendarSyncAdapter( 5296): Found 0 events marked dirty & lastSynced
I/ActivityManager( 1897): Killing 5198:com.android.settings/1000 (adj 15): empty #17
W/Gmail ( 4753): Sync started for account: account:-868725537
I/Gmail ( 4753): notifyAccountChanged
I/Gmail ( 4753): getAccountsCursor
I/Gmail ( 4753): MainSyncRequestProto: lowestBkwdConvoId: 0, highestHandledServerOp: 144139, normalSync: true
I/Gmail ( 4753): lowestBackward conversation id 0
D/dalvikvm( 4753): GC_CONCURRENT freed 355K, 13% free 4097K/4660K, paused 2ms+1ms, total 11ms
D/dalvikvm( 5334): GC_CONCURRENT freed 384K, 15% free 3506K/4100K, paused 4ms+5ms, total 17ms
E/Gmail ( 4753): Account account:-868725537 is not registered for search
I/CalendarProvider2( 2772): No events to update: uri=content://com.android.calendar/events?account_name=flotux2%40googlemail.com&account_type=com.google&caller_is_syncadapter=true selection=_sync_id IS NOT NULL AND calendar_id=? selectionArgs=[1]
I/Gmail ( 4753): notifyAccountChanged
W/Gmail ( 4753): Sync complete for account: account:-868725537
I/Gmail ( 4753): getAccountsCursor
I/GLSUser ( 4955): [GLSUser] getTokenFromCache: [account: , callingPkg: com.google.android.syncadapters.calendar, service: oauth2:https://www.googleapis.com/auth/calendar]
D/dalvikvm( 5334): GC_CONCURRENT freed 391K, 15% free 3515K/4100K, paused 1ms+2ms, total 13ms
I/Auth.Core( 4955): [TokenCache] Missing snowballing token: no granted scopes set.
D/dalvikvm( 5334): GC_CONCURRENT freed 654K, 21% free 3248K/4100K, paused 0ms+0ms, total 6ms
V/CalendarSyncAdapter( 5296): Saving inProgress state: {calendarId=flotux2@googlemail.com, maxAttendees=50, maxResults=200, timeMax=2016-10-26T00:00:00.000Z, timeMin=2014-09-28T21:12:31.000Z}
D/dalvikvm( 5296): GC_CONCURRENT freed 507K, 21% free 3177K/3980K, paused 0ms+3ms, total 12ms
D/dalvikvm( 5296): GC_CONCURRENT freed 520K, 21% free 3167K/3980K, paused 1ms+1ms, total 12ms
D/dalvikvm( 5296): GC_CONCURRENT freed 457K, 21% free 3154K/3980K, paused 1ms+2ms, total 8ms
