D/dalvikvm( 5293): GC_CONCURRENT freed 361K, 13% free 3073K/3496K, paused 0ms+2ms, total 6ms
D/dalvikvm( 5293): GC_CONCURRENT freed 424K, 14% free 3087K/3572K, paused 0ms+1ms, total 6ms
D/dalvikvm( 5293): GC_CONCURRENT freed 413K, 14% free 3085K/3572K, paused 2ms+2ms, total 9ms
D/CalendarSyncAdapter( 5293): Found 0 events marked dirty & lastSynced
D/audio_hw_primary( 1551): found out /dev/snd/pcmC0D0p
W/BaseAppContext( 2252): Using Auth Proxy for data requests.
W/BaseAppContext( 2252): Using Auth Proxy for data requests.
W/BaseAppContext( 2252): Using Auth Proxy for data requests.
W/BaseAppContext( 2252): Using Auth Proxy for data requests.
W/BaseAppContext( 2252): Using Auth Proxy for data requests.
W/BaseAppContext( 2252): Using Auth Proxy for data requests.
W/BaseAppContext( 2252): Using Auth Proxy for data requests.
I/SyncAdapterService( 4829): Ignoring sync request for non-current account
I/BooksSync( 4463): Starting books sync for -868725537, extras: ade
I/BooksConfig( 4463): GmsCore Version = 7.5.74 (1997312-070)
I/GLSUser ( 2213): [GLSUser] getTokenFromCache: [account: , callingPkg: com.google.android.apps.books, service: oauth2:https://www.googleapis.com/auth/books]
I/Auth.Core( 2213): [TokenCache] Missing snowballing token: no granted scopes set.
D/dalvikvm( 4463): GC_CONCURRENT freed 418K, 12% free 3812K/4300K, paused 1ms+1ms, total 8ms
D/dalvikvm( 4463): GC_CONCURRENT freed 363K, 11% free 3842K/4300K, paused 1ms+1ms, total 8ms
D/dalvikvm( 2213): GC_CONCURRENT freed 405K, 28% free 4212K/5780K, paused 1ms+1ms, total 9ms
I/BooksSync( 4463): Finished books sync
I/ActivityManager( 1891): Killing 4528:com.google.android.gm/u0a49 (adj 15): empty #17
E/JavaBinder( 1891): !!! FAILED BINDER TRANSACTION !!!
W/ActivityManager( 1891): Scheduling restart of crashed service com.google.android.gm/.provider.MailSyncAdapterService in 1000ms
W/ActivityManager( 1891): Exception when starting service com.google.android.gm/.provider.MailSyncAdapterService
W/ActivityManager( 1891): android.os.TransactionTooLargeException
W/ActivityManager( 1891): at android.os.BinderProxy.transact(Native Method)
W/ActivityManager( 1891): at android.app.ApplicationThreadProxy.scheduleCreateService(ApplicationThreadNative.java:850)
W/ActivityManager( 1891): at com.android.server.am.ActiveServices.realStartServiceLocked(ActiveServices.java:1409)
W/ActivityManager( 1891): at com.android.server.am.ActiveServices.bringUpServiceLocked(ActiveServices.java:1319)
W/ActivityManager( 1891): at com.android.server.am.ActiveServices.bindServiceLocked(ActiveServices.java:755)
W/ActivityManager( 1891): at com.android.server.am.ActivityManagerService.bindService(ActivityManagerService.java:12769)
W/ActivityManager( 1891): at android.app.ContextImpl.bindServiceCommon(ContextImpl.java:1583)
W/ActivityManager( 1891): at android.app.ContextImpl.bindServiceAsUser(ContextImpl.java:1559)
W/ActivityManager( 1891): at com.android.server.content.SyncManager$ActiveSyncContext.bindToSyncAdapter(SyncManager.java:1129)
W/ActivityManager( 1891): at com.android.server.content.SyncManager$SyncHandler.dispatchSyncOperation(SyncManager.java:2434)
W/ActivityManager( 1891): at com.android.server.content.SyncManager$SyncHandler.maybeStartNextSyncLocked(SyncManager.java:2401)
W/ActivityManager( 1891): at com.android.server.content.SyncManager$SyncHandler.handleMessage(SyncManager.java:1908)
W/ActivityManager( 1891): at android.os.Handler.dispatchMessage(Handler.java:102)
W/ActivityManager( 1891): at android.os.Looper.loop(Looper.java:136)
W/ActivityManager( 1891): at android.os.HandlerThread.run(HandlerThread.java:61)
I/GlobalDismissManager( 4696): no sender configured
D/AlertService( 4696): Beginning updateAlertNotification
D/AlertService( 4696): No fired or scheduled alerts
D/AlertService( 4696): Scheduling next alarm with AlarmScheduler. sEventReminderReceived: null
D/AlarmScheduler( 4696): No events found starting within 1 week.
I/ActivityManager( 1891): Killing 4598:com.google.android.youtube/u0a81 (adj 15): empty #17
F/ActivityManager( 1891): Service ServiceRecord{21aee308 u0 com.google.android.youtube/com.google.android.apps.youtube.app.offline.transfer.OfflineTransferService} in process ProcessRecord{218c9278 4598:com.google.android.youtube/u0a81} not same as in map: null
I/ActivityManager( 1891): Start proc com.google.android.gm for service com.google.android.gm/.provider.MailSyncAdapterService: pid=5341 uid=10049 gids={50049, 3003, 1028, 1015, 1023}
E/dalvikvm( 5341): Could not find class 'android.app.job.JobScheduler', referenced from method com.android.email.service.s.a
W/dalvikvm( 5341): VFY: unable to resolve check-cast 239 (Landroid/app/job/JobScheduler;) in Lcom/android/email/service/s;
D/dalvikvm( 5341): VFY: replacing opcode 0x1f at 0x000e
E/dalvikvm( 5341): Could not find class 'android.app.job.JobScheduler', referenced from method com.android.email.service.s.b
W/dalvikvm( 5341): VFY: unable to resolve check-cast 239 (Landroid/app/job/JobScheduler;) in Lcom/android/email/service/s;
D/dalvikvm( 5341): VFY: replacing opcode 0x1f at 0x000d
D/dalvikvm( 5341): DexOpt: unable to opt direct call 0x0491 at 0x19 in Lcom/android/email/service/s;.a
D/ActivityThread( 5341): Loading provider com.android.gmail.ui: com.google.android.gm.provider.GmailProvider
D/dalvikvm( 5341): GC_CONCURRENT freed 276K, 11% free 2811K/3148K, paused 1ms+0ms, total 6ms
D/ActivityThread( 5341): Loading provider com.google.android.gmail.provider;com.android.mail.notifier;com.google.android.gm.email.provider;com.google.android.gm.email.notifier: com.android.email.provider.EmailProvider
I/dalvikvm( 5341): Could not find method android.content.pm.PackageManager.getPackageInstaller, referenced from method com.google.android.gms.common.e.a
W/dalvikvm( 5341): VFY: unable to resolve virtual method 1484: Landroid/content/pm/PackageManager;.getPackageInstaller ()Landroid/content/pm/PackageInstaller;
D/dalvikvm( 5341): VFY: replacing opcode 0x6e at 0x000b
W/ActivityManager( 1891): Unable to start service Intent { act=com.google.android.gm.email.EXCHANGE_INTENT pkg=com.google.android.gm.exchange } U=0: not found
I/Gmail ( 5341): getAccountsCursor
W/ActivityManager( 1891): Unable to start service Intent { act=com.google.android.gm.email.EXCHANGE_INTENT pkg=com.google.android.gm.exchange } U=0: not found
D/dalvikvm( 5341): GC_CONCURRENT freed 201K, 8% free 2999K/3260K, paused 1ms+0ms, total 6ms
W/GAV2 ( 5341): Thread[main,5,main]: Need to call initialize() and be in fallback mode to start dispatch.
W/ActivityManager( 1891): Unable to start service Intent { cmp=com.google.android.gm/com.android.email.service.AttachmentService } U=0: not found
I/Gmail ( 5341): Observing account changes for notifications
W/ActivityManager( 1891): Unable to start service Intent { act=com.google.android.gm.email.EXCHANGE_INTENT pkg=com.google.android.gm.exchange } U=0: not found
W/ActivityManager( 1891): Unable to start service Intent { act=com.google.android.gm.email.EXCHANGE_INTENT pkg=com.google.android.gm.exchange } U=0: not found
W/Gmail ( 5341): Sync started for account: account:-868725537
D/dalvikvm( 5341): GC_CONCURRENT freed 328K, 12% free 3093K/3484K, paused 2ms+1ms, total 12ms
E/Gmail ( 5341): Error finding the version of the Email provider.....
E/Gmail ( 5341): android.content.pm.PackageManager$NameNotFoundException: com.google.android.email
E/Gmail ( 5341): at android.app.ApplicationPackageManager.getPackageInfo(ApplicationPackageManager.java:82)
E/Gmail ( 5341): at com.google.android.gm.EmailMigrationService.a(SourceFile:1279)
E/Gmail ( 5341): at com.google.android.gm.EmailMigrationService.onHandleIntent(SourceFile:219)
E/Gmail ( 5341): at android.app.IntentService$ServiceHandler.handleMessage(IntentService.java:65)
E/Gmail ( 5341): at android.os.Handler.dispatchMessage(Handler.java:102)
E/Gmail ( 5341): at android.os.Looper.loop(Looper.java:136)
E/Gmail ( 5341): at android.os.HandlerThread.run(HandlerThread.java:61)
W/EmailMigration( 5341): We do not support migrating this version of the Email provider.
I/Gmail ( 5341): getAccountsCursor
I/Gmail ( 5341): calculateUnknownSyncRationalesAndPurgeInBackground: exiting (labelMap not synced
I/Gmail ( 5341): calculateUnknownSyncRationalesAndPurgeInBackground: exiting (labelMap not synced
D/dalvikvm( 1891): GC_EXPLICIT freed 765K, 27% free 8715K/11856K, paused 1ms+3ms, total 50ms
W/dalvikvm( 2252): VFY: unable to find class referenced in signature (Landroid/net/Network;)
W/dalvikvm( 2252): VFY: unable to find class referenced in signature (Landroid/net/Network;)
I/Gmail ( 5341): notifyAccountChanged
D/dalvikvm( 5341): GC_CONCURRENT freed 327K, 11% free 3155K/3544K, paused 0ms+2ms, total 8ms
I/GLSUser ( 2213): [GLSUser] getTokenFromCache: [account: , callingPkg: com.google.android.gms, service: oauth2:https://www.googleapis.com/auth/emeraldsea.mobileapps.doritos.cookie]
I/Auth.Core( 2213): [TokenCache] Missing snowballing token: no granted scopes set.
I/GLSUser ( 2213): [GLSUser] getTokenFromGoogle [account: , callingPkg: com.google.android.gms, service: oauth2:https://www.googleapis.com/auth/emeraldsea.mobileapps.doritos.cookie
E/Gmail.LabelManager( 5341): Unable to get label ^i for account flotux2@googlemail.com
E/Gmail ( 5341): Couldn't find label: ^i
D/dalvikvm( 5341): Trying to load lib /data/app-lib/GmsCore/libgmscore.so 0x42e2c9a0
E/houdini_hook( 5341): Unable to open libdvm_houdini lib
E/houdini_hook( 5341): Unable to open libdvm_houdini lib
E/houdini_hook( 5341): Unable to open libdvm_houdini lib
E/houdini_hook( 5341): Unable to open libdvm_houdini lib
E/houdini_hook( 5341): Unable to open libdvm_houdini lib
E/houdini_hook( 5341): Unable to open libdvm_houdini lib
E/dalvikvm( 5341): dlopen("/data/app-lib/GmsCore/libgmscore.so") failed: dlopen failed: library "/data/app-lib/GmsCore/libgmscore.so" not found
E/ProviderInstaller( 5341): Unable to load native code from /data/app-lib/GmsCore/libgmscore.so
E/houdini_hook( 5341): Unable to open libdvm_houdini lib
E/houdini_hook( 5341): Unable to open libdvm_houdini lib
E/houdini_hook( 5341): Unable to open libdvm_houdini lib
E/houdini_hook( 5341): Unable to open libdvm_houdini lib
E/houdini_hook( 5341): Unable to open libdvm_houdini lib
E/houdini_hook( 5341): Unable to open libdvm_houdini lib
D/dalvikvm( 5341): No JNI_OnLoad found in /system/lib/libgmscore.so 0x42e2c9a0, skipping init
D/dalvikvm( 5341): Trying to load lib /data/app-lib/GmsCore/libconscrypt_gmscore_jni.so 0x42e2c9a0
E/houdini_hook( 5341): Unable to open libdvm_houdini lib
E/houdini_hook( 5341): Unable to open libdvm_houdini lib
E/houdini_hook( 5341): Unable to open libdvm_houdini lib
E/houdini_hook( 5341): Unable to open libdvm_houdini lib
E/houdini_hook( 5341): Unable to open libdvm_houdini lib
E/houdini_hook( 5341): Unable to open libdvm_houdini lib
E/dalvikvm( 5341): dlopen("/data/app-lib/GmsCore/libconscrypt_gmscore_jni.so") failed: dlopen failed: library "/data/app-lib/GmsCore/libconscrypt_gmscore_jni.so" not found
E/ProviderInstaller( 5341): Unable to load native code from /data/app-lib/GmsCore/libconscrypt_gmscore_jni.so
E/houdini_hook( 5341): Unable to open libdvm_houdini lib
E/houdini_hook( 5341): Unable to open libdvm_houdini lib
E/houdini_hook( 5341): Unable to open libdvm_houdini lib
E/houdini_hook( 5341): Unable to open libdvm_houdini lib
E/houdini_hook( 5341): Unable to open libdvm_houdini lib
E/houdini_hook( 5341): Unable to open libdvm_houdini lib
V/JNIHelp ( 5341): Registering com/google/android/gms/org/conscrypt/NativeCrypto's 227 native methods...
I/Gmail ( 5341): getAccountsCursor
E/Gmail.LabelManager( 5341): Unable to get label ^i for account flotux2@googlemail.com
E/Gmail ( 5341): Couldn't find label: ^i
I/Gmail ( 5341): getAccountsCursor
D/dalvikvm( 5341): GC_CONCURRENT freed 258K, 9% free 3300K/3616K, paused 4ms+2ms, total 14ms
E/Gmail.LabelManager( 5341): Unable to get label ^i for account flotux2@googlemail.com
E/Gmail ( 5341): Couldn't find label: ^i
D/dalvikvm( 5341): GC_CONCURRENT freed 312K, 10% free 3418K/3796K, paused 0ms+1ms, total 7ms
D/dalvikvm( 5341): WAIT_FOR_CONCURRENT_GC blocked 6ms
I/ProviderInstaller( 5341): Installed default security provider GmsCore_OpenSSL
D/dalvikvm( 2213): GC_CONCURRENT freed 433K, 27% free 4220K/5780K, paused 0ms+1ms, total 13ms
I/GLSUser ( 2213): [GLSUser] getTokenFromCache: [account: , callingPkg: com.google.android.gm, service: mail]
I/GLSUser ( 2213): [GLSUser] getTokenFromGoogle [account: , callingPkg: com.google.android.gm, service: mail
I/Vold ( 1544): /dev/block/vold/8:17 being considered for volume usb0
D/Vold ( 1544): Volume usb0 state changing 1 (Idle-Unmounted) -> 3 (Checking)
D/Vold ( 1544): Trying to get filesystem type for /dev/block/vold/8:17
D/Vold ( 1544): Found vfat filesystem on /dev/block/vold/8:17
D/MountService( 1891): volume state changed for /storage/usb0 (unmounted -> checking)
I/fsck_msdos( 1544): ** /dev/block/vold/8:17
I/fsck_msdos( 1544): ** Phase 1 - Read and Compare FATs
D/MountService( 1891): sendStorageIntent Intent { act=android.intent.action.MEDIA_CHECKING dat=file:///storage/usb0 (has extras) } to UserHandle{-1}
I/fsck_msdos( 1544): Attempting to allocate 1905 KB for FAT
D/audio_hw_primary( 1551): found out /dev/snd/pcmC0D0p
I/fsck_msdos( 1544): Attempting to allocate 1905 KB for FAT
I/fsck_msdos( 1544): ** Phase 2 - Check Cluster Chains
I/fsck_msdos( 1544): ** Phase 3 - Checking Directories
I/fsck_msdos( 1544): ** Phase 4 - Checking for Lost Files
I/fsck_msdos( 1544): 25 files, 1524740 free (381185 clusters)
I/Vold ( 1544): Filesystem check completed OK
E/Vold ( 1544): /dev/block/vold/8:17 failed to mount via VFAT (Device or resource busy)
E/Vold ( 1544): Volume usb0 found no suitable devices for mounting :(
D/Vold ( 1544): Volume usb0 state changing 3 (Checking) -> 1 (Idle-Unmounted)
D/MountService( 1891): volume state changed for /storage/usb0 (checking -> unmounted)
D/MountService( 1891): sendStorageIntent Intent { act=android.intent.action.MEDIA_UNMOUNTED dat=file:///storage/usb0 (has extras) } to UserHandle{-1}
D/ExternalStorage( 5191): After updating volumes, found 2 active roots
D/MediaScannerReceiver( 5116): action: android.intent.action.MEDIA_UNMOUNTED path: /storage/usb0
D/dalvikvm( 5116): GC_CONCURRENT freed 255K, 21% free 3259K/4080K, paused 0ms+1ms, total 8ms
I/MemorySettings( 4734): Received storage state changed notification that /storage/usb0 changed state from unmounted to checking
I/MemorySettings( 4734): Received storage state changed notification that /storage/usb0 changed state from checking to unmounted
D/StorageMeasurement( 4734): getDirectorySize(/storage/emulated/0) returned 4096
E/cutils ( 1544): Failed to mkdirat(/storage/usb0/Android): Read-only file system
W/Vold ( 1544): Returning OperationFailed - no handler for errno 30
W/ContextImpl( 3336): Failed to ensure directory: /storage/usb0/Android/data/com.google.android.music/files
D/StorageMeasurement( 4734): getDirectorySize(/storage/emulated/0) returned 4096
E/cutils ( 1544): Failed to mkdirat(/storage/usb2/Android): Read-only file system
W/Vold ( 1544): Returning OperationFailed - no handler for errno 30
W/ContextImpl( 3336): Failed to ensure directory: /storage/usb2/Android/data/com.google.android.music/files
E/cutils ( 1544): Failed to mkdirat(/storage/usb3/Android): Read-only file system
W/Vold ( 1544): Returning OperationFailed - no handler for errno 30
W/ContextImpl( 3336): Failed to ensure directory: /storage/usb3/Android/data/com.google.android.music/files
E/Vold ( 1544): Failed to find volume for /storage/sdcard1/Android/data/com.google.android.music/files/
W/Vold ( 1544): Returning OperationFailed - no handler for errno 30
W/ContextImpl( 3336): Failed to ensure directory: /storage/sdcard1/Android/data/com.google.android.music/files
E/cutils ( 1544): Failed to mkdirat(/storage/usb0/Android): Read-only file system
W/Vold ( 1544): Returning OperationFailed - no handler for errno 30
W/ContextImpl( 3336): Failed to ensure directory: /storage/usb0/Android/data/com.google.android.music/files
E/cutils ( 1544): Failed to mkdirat(/storage/usb2/Android): Read-only file system
W/Vold ( 1544): Returning OperationFailed - no handler for errno 30
W/ContextImpl( 3336): Failed to ensure directory: /storage/usb2/Android/data/com.google.android.music/files
E/cutils ( 1544): Failed to mkdirat(/storage/usb3/Android): Read-only file system
W/Vold ( 1544): Returning OperationFailed - no handler for errno 30
W/ContextImpl( 3336): Failed to ensure directory: /storage/usb3/Android/data/com.google.android.music/files
E/Vold ( 1544): Failed to find volume for /storage/sdcard1/Android/data/com.google.android.music/files/
W/Vold ( 1544): Returning OperationFailed - no handler for errno 30
W/ContextImpl( 3336): Failed to ensure directory: /storage/sdcard1/Android/data/com.google.android.music/files
E/cutils ( 1544): Failed to mkdirat(/storage/usb0/Android): Read-only file system
W/Vold ( 1544): Returning OperationFailed - no handler for errno 30
W/ContextImpl( 3336): Failed to ensure directory: /storage/usb0/Android/data/com.google.android.music/files
E/cutils ( 1544): Failed to mkdirat(/storage/usb2/Android): Read-only file system
W/Vold ( 1544): Returning OperationFailed - no handler for errno 30
W/ContextImpl( 3336): Failed to ensure directory: /storage/usb2/Android/data/com.google.android.music/files
E/cutils ( 1544): Failed to mkdirat(/storage/usb3/Android): Read-only file system
W/Vold ( 1544): Returning OperationFailed - no handler for errno 30
W/ContextImpl( 3336): Failed to ensure directory: /storage/usb3/Android/data/com.google.android.music/files
W/ContextImpl( 3336): Failed to ensure directory: /storage/sdcard1/Android/data/com.google.android.music/files
E/Vold ( 1544): Failed to find volume for /storage/sdcard1/Android/data/com.google.android.music/files/
W/Vold ( 1544): Returning OperationFailed - no handler for errno 30
D/dalvikvm( 3488): GC_CONCURRENT freed 476K, 29% free 3424K/4760K, paused 2ms+1ms, total 9ms
I/GLSUser ( 2213): [GLSUser] getAuthtoken(, oauth2:https://www.googleapis.com/auth/emeraldsea.mobileapps.doritos.cookie) -> status: null)
I/GLSUser ( 2213): [GLSUser] Extracting token using key: Auth
W/GLSUser ( 2213): [GLSUser] Permission for com.google.android.gms to access oauth2:https://www.googleapis.com/auth/emeraldsea.mobileapps.doritos.cookie will be managed locally.
I/GLSUser ( 2213): [GLSUser] getAuthtoken(, mail) -> status: null)
I/GLSUser ( 2213): [GLSUser] Extracting token using key: Auth
W/GLSUser ( 2213): [GLSUser] Permission for com.google.android.gm to access mail will be managed locally.
E/houdini_hook( 2252): Unable to open libdvm_houdini lib
E/houdini_hook( 2252): Unable to open libdvm_houdini lib
E/houdini_hook( 2252): Unable to open libdvm_houdini lib
E/houdini_hook( 2252): Unable to open libdvm_houdini lib
E/houdini_hook( 2252): Unable to open libdvm_houdini lib
E/houdini_hook( 2252): Unable to open libdvm_houdini lib
D/dalvikvm( 2252): No JNI_OnLoad found in /system/lib/libgmscore.so 0x42da7bd8, skipping init
E/houdini_hook( 2252): Unable to open libdvm_houdini lib
E/houdini_hook( 2252): Unable to open libdvm_houdini lib
E/houdini_hook( 2252): Unable to open libdvm_houdini lib
E/houdini_hook( 2252): Unable to open libdvm_houdini lib
E/houdini_hook( 2252): Unable to open libdvm_houdini lib
E/houdini_hook( 2252): Unable to open libdvm_houdini lib
V/JNIHelp ( 2252): Registering com/google/android/gms/org/conscrypt/NativeCrypto's 227 native methods...
D/dalvikvm( 5341): GC_CONCURRENT freed 216K, 8% free 3604K/3916K, paused 2ms+1ms, total 7ms
D/dalvikvm( 5341): WAIT_FOR_CONCURRENT_GC blocked 8ms
D/dalvikvm( 2252): GC_CONCURRENT freed 667K, 36% free 5800K/8996K, paused 2ms+2ms, total 17ms
D/dalvikvm( 5341): GC_CONCURRENT freed 334K, 10% free 3711K/4104K, paused 1ms+1ms, total 8ms
I/GAV2 ( 5341): Thread[GAThread,5,main]: No campaign data found.
D/dalvikvm( 2213): GC_CONCURRENT freed 440K, 23% free 4195K/5408K, paused 1ms+1ms, total 8ms
I/Gmail ( 5341): notifyAccountChanged
I/Gmail ( 5341): getAccountsCursor
D/dalvikvm( 5341): GC_EXPLICIT freed 207K, 12% free 3647K/4104K, paused 1ms+2ms, total 16ms
E/Gmail.LabelManager( 5341): Unable to get label ^i for account flotux2@googlemail.com
E/Gmail ( 5341): Couldn't find label: ^i
I/Gmail ( 5341): getStartSyncRequest: handledServerOpId: 0, upperFetchedConvoId: 0, lowerFetchedConvoId: 0, ackedClientOp: 0
V/NQFileLogger( 2213): [194] e.a: about to write to file
I/GLSUser ( 2213): [GLSUser] getTokenFromCache: [account: , callingPkg: com.google.android.gm, service: mail]
D/dalvikvm( 2213): GC_CONCURRENT freed 331K, 21% free 4274K/5408K, paused 2ms+2ms, total 13ms
D/dalvikvm( 3488): GC_CONCURRENT freed 403K, 28% free 3457K/4760K, paused 1ms+1ms, total 7ms
V/NQFileLogger( 2213): [197] e.a: about to write to file
I/Gmail ( 5341): StartSyncInfoProto: Personal inbox enabled: true
W/Gmail ( 5341): Could not find personal inbox android config protobuf
W/Gmail ( 5341): Could not find personal inbox android config protobuf
W/Gmail ( 5341): Could not find personal inbox android config protobuf
W/Gmail ( 5341): Could not find personal inbox android config protobuf
W/Gmail ( 5341): Could not find personal inbox android config protobuf
W/Gmail ( 5341): Could not find personal inbox android config protobuf
I/Gmail ( 5341): Migrating sync settings from ^i to ^sq_ig_i_personal /// [^sq_ig_i_personal]
I/Gmail ( 5341): config changed locally to changed the label sets to: included(), partial([^i, ^f, ^iim, ^sq_ig_i_personal])
D/dalvikvm( 5341): GC_CONCURRENT freed 361K, 12% free 3702K/4188K, paused 1ms+1ms, total 8ms
I/Gmail ( 5341): calculateUnknownSyncRationalesAndPurgeInBackground: exiting (labelMap not synced
I/Gmail ( 5341): Migrating notification settings from ^i to ^sq_ig_i_personal
W/ActivityManager( 1891): Unable to start service Intent { act=com.android.mail.action.BACKUP_DATA_CHANGED pkg=com.google.android.gm } U=0: not found
W/ActivityManager( 1891): Unable to start service Intent { act=com.android.mail.action.BACKUP_DATA_CHANGED pkg=com.google.android.gm } U=0: not found
W/ActivityManager( 1891): Unable to start service Intent { act=com.android.mail.action.BACKUP_DATA_CHANGED pkg=com.google.android.gm } U=0: not found
W/ActivityManager( 1891): Unable to start service Intent { act=com.android.mail.action.BACKUP_DATA_CHANGED pkg=com.google.android.gm } U=0: not found
W/ActivityManager( 1891): Unable to start service Intent { act=com.android.mail.action.BACKUP_DATA_CHANGED pkg=com.google.android.gm } U=0: not found
I/Gmail ( 5341): config changed locally to changed the label sets to: included(), partial([^f, ^iim, ^sq_ig_i_personal])
I/Gmail ( 5341): calculateUnknownSyncRationalesAndPurgeInBackground: exiting (labelMap not synced
I/Gmail ( 5341): notifyAccountChanged
I/Gmail ( 5341): getAccountsCursor
E/Gmail.LabelManager( 5341): Unable to get label ^sq_ig_i_personal for account flotux2@googlemail.com
E/Gmail ( 5341): Couldn't find label: ^sq_ig_i_personal
E/Gmail.LabelManager( 5341): Unable to get label ^sq_ig_i_personal for account flotux2@googlemail.com
E/Gmail ( 5341): Couldn't find label: ^sq_ig_i_personal
I/Gmail ( 5341): StartSyncInfoProto: Personal inbox android config: com.google.c.c.a.a@21756978
W/Gmail ( 5341): Could not find personal inbox android config protobuf
D/dalvikvm( 5341): GC_CONCURRENT freed 375K, 13% free 3732K/4260K, paused 1ms+2ms, total 12ms
I/Gmail ( 5341): config changed locally to changed the label sets to: included(), partial([^sq_ig_i_social, ^f, ^sq_ig_i_promo, ^iim, ^sq_ig_i_personal])
I/Gmail ( 5341): calculateUnknownSyncRationalesAndPurgeInBackground: exiting (labelMap not synced
I/Gmail ( 5341): notifyAccountChanged
I/Gmail ( 5341): getAccountsCursor
E/Gmail.LabelManager( 5341): Unable to get label ^sq_ig_i_personal for account flotux2@googlemail.com
E/Gmail ( 5341): Couldn't find label: ^sq_ig_i_personal
D/dalvikvm( 1891): GC_EXPLICIT freed 1063K, 27% free 8729K/11856K, paused 1ms+3ms, total 41ms
D/dalvikvm( 5341): GC_CONCURRENT freed 378K, 12% free 3773K/4260K, paused 2ms+2ms, total 14ms
D/dalvikvm( 5341): GC_CONCURRENT freed 460K, 14% free 3762K/4340K, paused 1ms+2ms, total 10ms
D/dalvikvm( 5341): GC_CONCURRENT freed 440K, 13% free 3789K/4352K, paused 1ms+1ms, total 10ms
D/dalvikvm( 5341): GC_CONCURRENT freed 432K, 13% free 3803K/4360K, paused 1ms+3ms, total 10ms
D/dalvikvm( 5341): GC_CONCURRENT freed 446K, 13% free 3804K/4372K, paused 1ms+1ms, total 8ms
D/dalvikvm( 5341): GC_CONCURRENT freed 448K, 14% free 3820K/4392K, paused 1ms+1ms, total 9ms
D/dalvikvm( 5341): GC_CONCURRENT freed 461K, 14% free 3816K/4400K, paused 1ms+0ms, total 8ms
D/dalvikvm( 5341): GC_CONCURRENT freed 457K, 14% free 3807K/4400K, paused 0ms+1ms, total 7ms
D/dalvikvm( 5341): GC_CONCURRENT freed 471K, 14% free 3792K/4400K, paused 1ms+1ms, total 8ms
D/dalvikvm( 5341): GC_CONCURRENT freed 423K, 13% free 3831K/4400K, paused 0ms+1ms, total 8ms
D/dalvikvm( 5341): GC_CONCURRENT freed 488K, 14% free 3806K/4420K, paused 1ms+1ms, total 8ms
D/dalvikvm( 5341): GC_CONCURRENT freed 434K, 14% free 3819K/4420K, paused 0ms+0ms, total 8ms
I/Gmail ( 5341): notifyAccountChanged
I/Gmail ( 5341): getAccountsCursor
D/dalvikvm( 5341): GC_CONCURRENT freed 527K, 15% free 3814K/4448K, paused 0ms+2ms, total 9ms
D/dalvikvm( 5341): GC_CONCURRENT freed 449K, 14% free 3829K/4448K, paused 0ms+1ms, total 8ms
D/dalvikvm( 5341): GC_CONCURRENT freed 441K, 14% free 3849K/4448K, paused 0ms+1ms, total 7ms
D/dalvikvm( 5341): GC_CONCURRENT freed 473K, 14% free 3839K/4448K, paused 0ms+1ms, total 8ms
I/Gmail ( 5341): checkLabelsSets changed the label sets to: included([^r, ^^out]), partial([^sq_ig_i_social, ^f, ^sq_ig_i_promo, ^sq_ig_i_personal, ^iim]), all([^sq_ig_i_social, userlabel:1123230114, ^p_bs, userlabel:-1392717094, userlabel:90242001, userlabel:2914456, ^smartlabel_social, ^io_im, ^smartlabel_promo, ^p_abs, userlabel:90241997, ^smartlabel_notification, userlabel:-55606566, userlabel:382548592, userlabel:94101, ^p_mtunsub, userlabel:93982, userlabel:-934726650, ^smartlabel_personal, userlabel:1680828287, userlabel:90242029, userlabel:-1409638305, userlabel:-1492276990, userlabel:-1492276991, userlabel:-1492276992, userlabel:2914615, ^p_aunsub, userlabel:94076, ^imi, userlabel:-244132349, ^iim, userlabel:-812318908, ^all, ^smartlabel_group, userlabel:1749496644, ^sq_ig_i_personal, userlabel:956638479, ^imn, userlabel:2896756, userlabel:614875005, userlabel:-1492276993, userlabel:-1492276994, ^i, ^g, ^f, ^sq_ig_i_promo, userlabel:-979976414, userlabel:-1508083783, ^k, userlabel:3011, userlabel:-1711782184, userlabel:93692, ^b, userlabel:3026, userlabel:3025, userlabel:105008833, ^t, ^u, ^punsub, ^r, userlabel:-1492383895, ^s])
I/Gmail ( 5341): calculateUnknownSyncRationalesAndPurgeInBackground: queueing
I/Gmail ( 5341): calculateUnknownSyncRationalesAndPurgeInBackground: running
D/dalvikvm( 5341): GC_CONCURRENT freed 420K, 15% free 3814K/4448K, paused 1ms+0ms, total 10ms
D/dalvikvm( 5341): GC_EXPLICIT freed 107K, 16% free 3771K/4448K, paused 1ms+1ms, total 9ms
I/GLSUser ( 2213): [GLSUser] getTokenFromCache: [account: , callingPkg: com.google.android.gm, service: mail]
D/dalvikvm( 5341): GC_EXPLICIT freed 54K, 16% free 3771K/4448K, paused 1ms+1ms, total 13ms
I/Gmail ( 5341): getStartSyncRequest: handledServerOpId: 143826, upperFetchedConvoId: 0, lowerFetchedConvoId: 0, ackedClientOp: 0
D/dalvikvm( 2213): GC_CONCURRENT freed 420K, 21% free 4296K/5408K, paused 0ms+4ms, total 11ms
I/GLSUser ( 2213): [GLSUser] getTokenFromCache: [account: , callingPkg: com.google.android.gm, service: mail]
D/dalvikvm( 2115): GC_CONCURRENT freed 365K, 11% free 4314K/4836K, paused 2ms+3ms, total 12ms
E/DataBuffer( 2115): Internal data leak within a DataBuffer object detected! Be sure to explicitly call release() on all DataBuffer extending objects when you are done with them. (internal object: com.google.android.gms.common.data.DataHolder@217001a4)
V/NQFileLogger( 2213): [198] e.a: about to write to file
V/NQFileLogger( 2213): [199] e.a: about to write to file
I/Gmail ( 5341): StartSyncInfoProto: Personal inbox enabled: true
I/Gmail ( 5341): StartSyncInfoProto: Personal inbox android config: com.google.c.c.a.a@217791d0
D/dalvikvm( 5341): GC_CONCURRENT freed 403K, 16% free 3767K/4448K, paused 0ms+2ms, total 10ms
D/dalvikvm( 5341): GC_CONCURRENT freed 362K, 14% free 3854K/4448K, paused 0ms+1ms, total 8ms
D/dalvikvm( 5341): GC_CONCURRENT freed 439K, 13% free 3881K/4448K, paused 0ms+0ms, total 8ms
D/dalvikvm( 5341): GC_CONCURRENT freed 508K, 15% free 3849K/4480K, paused 1ms+2ms, total 10ms
D/dalvikvm( 5341): GC_CONCURRENT freed 434K, 14% free 3877K/4480K, paused 1ms+1ms, total 8ms
D/dalvikvm( 5341): GC_CONCURRENT freed 509K, 15% free 3823K/4480K, paused 0ms+2ms, total 9ms
D/dalvikvm( 5341): GC_CONCURRENT freed 429K, 14% free 3856K/4480K, paused 0ms+1ms, total 8ms
D/dalvikvm( 5341): GC_CONCURRENT freed 444K, 13% free 3902K/4480K, paused 0ms+1ms, total 12ms
D/dalvikvm( 5341): GC_CONCURRENT freed 507K, 15% free 3846K/4480K, paused 1ms+1ms, total 8ms
D/dalvikvm( 5341): GC_CONCURRENT freed 432K, 15% free 3848K/4480K, paused 0ms+0ms, total 7ms
D/dalvikvm( 5341): GC_CONCURRENT freed 442K, 14% free 3859K/4480K, paused 0ms+1ms, total 7ms
D/dalvikvm( 5341): GC_CONCURRENT freed 513K, 15% free 3822K/4480K, paused 2ms+1ms, total 11ms
I/Gmail ( 5341): checkLabelsSets changed the label sets to: included([^r, ^^out]), partial([^sq_ig_i_social, ^f, ^sq_ig_i_promo, ^sq_ig_i_personal, ^iim]), all([^sq_ig_i_social, userlabel:1123230114, ^p_bs, userlabel:-1392717094, userlabel:90242001, userlabel:2914456, ^smartlabel_social, ^io_im, ^smartlabel_promo, ^p_abs, userlabel:90241997, ^smartlabel_notification, userlabel:-55606566, userlabel:382548592, userlabel:94101, ^p_mtunsub, userlabel:93982, userlabel:-934726650, ^smartlabel_personal, userlabel:1680828287, userlabel:90242029, userlabel:-1409638305, userlabel:-1492276990, userlabel:-1492276991, userlabel:-1492276992, userlabel:2914615, ^p_aunsub, userlabel:94076, ^imi, userlabel:-244132349, ^iim, userlabel:-812318908, ^all, ^smartlabel_group, userlabel:1749496644, ^sq_ig_i_personal, userlabel:956638479, ^imn, userlabel:2896756, userlabel:614875005, userlabel:-1492276993, userlabel:-1492276994, ^i, ^g, ^f, ^sq_ig_i_promo, userlabel:-979976414, userlabel:-1508083783, ^k, userlabel:3011, userlabel:-1711782184, userlabel:93692, ^b, userlabel:3026, userlabel:3025, userlabel:105008833, ^t, ^u, ^punsub, ^r, userlabel:-1492383895, ^s])
D/dalvikvm( 5341): GC_CONCURRENT freed 389K, 15% free 3819K/4480K, paused 2ms+1ms, total 11ms
D/dalvikvm( 5341): GC_EXPLICIT freed 146K, 16% free 3776K/4480K, paused 1ms+1ms, total 12ms
I/Gmail ( 5341): MainSyncRequestProto: lowestBkwdConvoId: 1513495715918118913, highestHandledServerOp: 143826, normalSync: true
I/GLSUser ( 2213): [GLSUser] getTokenFromCache: [account: , callingPkg: com.google.android.gm, service: mail]
D/audio_hw_primary( 1551): found out /dev/snd/pcmC0D0p
D/dalvikvm( 2213): GC_CONCURRENT freed 453K, 21% free 4283K/5408K, paused 0ms+2ms, total 11ms
I/WelcomeTour( 5341): Updated shared pref for welcome_tour_version: -2 -> 0
D/dalvikvm( 5341): GC_EXPLICIT freed 175K, 16% free 3795K/4480K, paused 2ms+1ms, total 15ms
I/Gmail ( 5341): MainSyncRequestProto: lowestBkwdConvoId: 0, highestHandledServerOp: 143864, normalSync: true
V/NQFileLogger( 2213): [200] e.a: about to write to file
I/GLSUser ( 2213): [GLSUser] getTokenFromCache: [account: , callingPkg: com.google.android.gm, service: mail]
D/dalvikvm( 3488): GC_CONCURRENT freed 433K, 28% free 3460K/4760K, paused 0ms+2ms, total 10ms
D/dalvikvm( 4734): GC_CONCURRENT freed 293K, 9% free 3949K/4304K, paused 0ms+1ms, total 7ms
V/NQFileLogger( 2213): [201] e.a: about to write to file
D/dalvikvm( 2213): GC_CONCURRENT freed 425K, 20% free 4329K/5408K, paused 1ms+1ms, total 13ms
D/dalvikvm( 5341): GC_CONCURRENT freed 369K, 15% free 3843K/4480K, paused 0ms+1ms, total 8ms
D/dalvikvm( 5341): GC_CONCURRENT freed 314K, 12% free 3975K/4480K, paused 1ms+1ms, total 9ms
D/dalvikvm( 5341): GC_CONCURRENT freed 452K, 13% free 3986K/4560K, paused 0ms+1ms, total 9ms
W/Gmail ( 5341): Unable to find supporting activity. mime-type: application/vnd.oasis.opendocument.spreadsheet, uri: content://gmail-ls/flotux2@googlemail.com/messages/1512000487342605518/attachments/0.1/BEST/false, normalized mime-type: application/vnd.oasis.opendocument.spreadsheet normalized uri: content://gmail-ls/flotux2@googlemail.com/messages/1512000487342605518/attachments/0.1/BEST/false
D/dalvikvm( 5341): GC_CONCURRENT freed 455K, 13% free 3988K/4568K, paused 0ms+1ms, total 7ms
D/dalvikvm( 5341): GC_CONCURRENT freed 417K, 13% free 4016K/4568K, paused 1ms+1ms, total 11ms
D/dalvikvm( 5341): GC_CONCURRENT freed 488K, 14% free 3979K/4604K, paused 0ms+0ms, total 7ms
D/dalvikvm( 5341): GC_CONCURRENT freed 440K, 14% free 3989K/4604K, paused 0ms+1ms, total 8ms
D/dalvikvm( 5341): GC_CONCURRENT freed 455K, 14% free 3981K/4604K, paused 0ms+2ms, total 9ms
D/dalvikvm( 5341): GC_CONCURRENT freed 475K, 14% free 3972K/4604K, paused 0ms+2ms, total 9ms
D/dalvikvm( 5341): GC_CONCURRENT freed 437K, 14% free 3991K/4604K, paused 1ms+1ms, total 9ms
D/dalvikvm( 5341): GC_CONCURRENT freed 472K, 14% free 3984K/4604K, paused 1ms+1ms, total 8ms
D/dalvikvm( 5341): GC_CONCURRENT freed 455K, 14% free 3999K/4604K, paused 0ms+2ms, total 12ms
D/dalvikvm( 5341): GC_CONCURRENT freed 409K, 14% free 3978K/4604K, paused 1ms+1ms, total 8ms
D/dalvikvm( 5341): GC_CONCURRENT freed 462K, 14% free 3980K/4604K, paused 1ms+2ms, total 9ms
D/dalvikvm( 5341): GC_CONCURRENT freed 431K, 13% free 4009K/4604K, paused 1ms+1ms, total 8ms
D/dalvikvm( 5341): GC_CONCURRENT freed 454K, 14% free 3977K/4604K, paused 1ms+1ms, total 9ms
D/dalvikvm( 5341): GC_EXPLICIT freed 218K, 15% free 3951K/4604K, paused 0ms+1ms, total 9ms
I/Gmail ( 5341): MainSyncRequestProto: lowestBkwdConvoId: 0, highestHandledServerOp: 143870, normalSync: true
I/Gmail ( 5341): lowestBackward conversation id 0
E/Gmail ( 5341): Account account:-868725537 is not registered for search
D/dalvikvm( 1891): GC_EXPLICIT freed 851K, 27% free 8730K/11856K, paused 2ms+3ms, total 39ms
I/Gmail ( 5341): notifyAccountChanged
I/Gmail ( 5341): getAccountsCursor
I/Gmail ( 5341): notifyAccountChanged
W/Gmail ( 5341): Sync complete for account: account:-868725537
I/Gmail ( 5341): getAccountsCursor
I/ActivityManager( 1891): Killing 2304:com.svox.pico/u0a67 (adj 15): empty #17
D/dalvikvm( 5341): GC_CONCURRENT freed 365K, 14% free 3979K/4604K, paused 1ms+1ms, total 14ms
I/GLSActivity( 2213): [ab] getting account id
I/GLSUser ( 2213): [t] Fetched account id for flotux2@googlemail.com : 117364650477547732255
I/GLSUser ( 2213): [GLSUser] getTokenFromCache: [account: , callingPkg: com.google.android.gm, service: mail]
I/DownloadManager( 5116): Download 6 starting
I/ActivityManager( 1891): Start proc com.google.android.apps.cloudprint:sync for service com.google.android.apps.cloudprint/.printdialog.services.CloudPrintSyncService: pid=5421 uid=10034 gids={50034, 3003, 1028}
I/ActivityManager( 1891): Start proc com.google.android.apps.cloudprint for service com.google.android.apps.cloudprint/.printdialog.services.NotificationIntentService: pid=5435 uid=10034 gids={50034, 3003, 1028} I/com.google.android.apps.cloudprint.printdialog.database.CloudPrintSyncAdapter( 5421): Sync request not initiated by GCP app. Dropping
I/ActivityManager( 1891): Killing 3789:com.google.android.gms.unstable/u0a8 (adj 15): empty #17
I/ActivityManager( 1891): Killing 4942:com.google.android.googlequicksearchbox/u0a21 (adj 15): empty #17
I/GLSUser ( 2213): [GLSUser] getTokenFromCache: [account: , callingPkg: com.google.android.gsf, service: mail]
D/dalvikvm( 5116): GC_CONCURRENT freed 401K, 21% free 3246K/4080K, paused 0ms+0ms, total 5ms
D/dalvikvm( 2213): GC_CONCURRENT freed 466K, 21% free 4322K/5408K, paused 1ms+2ms, total 10ms
I/DownloadManager( 5116): Download 6 finished with status SUCCESS
I/GLSUser ( 2213): [GLSUser] getTokenFromCache: [account: , callingPkg: com.google.android.gm, service: mail]
I/DownloadManager( 5116): Download 7 starting
D/dalvikvm( 3488): GC_CONCURRENT freed 496K, 28% free 3428K/4760K, paused 1ms+1ms, total 8ms
I/DownloadManager( 5116): Download 7 finished with status SUCCESS
D/dalvikvm( 5116): GC_CONCURRENT freed 369K, 20% free 3267K/4080K, paused 1ms+1ms, total 7ms
D/dalvikvm( 1891): GC_EXPLICIT freed 628K, 27% free 8720K/11856K, paused 2ms+2ms, total 32ms
D/dalvikvm( 2213): GC_CONCURRENT freed 458K, 20% free 4343K/5408K, paused 1ms+1ms, total 11ms
I/GLSUser ( 2213): [GLSUser] getTokenFromCache: [account: , callingPkg: com.google.android.gm, service: mail]
I/DownloadManager( 5116): Download 8 starting
I/DownloadManager( 5116): Download 8 finished with status SUCCESS
I/GLSUser ( 2213): [GLSUser] getTokenFromCache: [account: , callingPkg: com.google.android.gm, service: mail]
I/DownloadManager( 5116): Download 9 starting
I/DownloadManager( 5116): Download 9 finished with status SUCCESS
D/dalvikvm( 5116): GC_CONCURRENT freed 350K, 20% free 3304K/4080K, paused 2ms+1ms, total 9ms
I/GLSUser ( 2213): [GLSUser] getTokenFromCache: [account: , callingPkg: com.google.android.gm, service: mail]
D/dalvikvm( 2213): GC_CONCURRENT freed 529K, 20% free 4338K/5408K, paused 1ms+2ms, total 27ms
D/Finsky ( 3989): [1] DownloadBroadcastReceiver.onReceive: Intent received at DownloadBroadcastReceiver
I/DownloadManager( 5116): Download 5 finished with status SUCCESS
D/dalvikvm( 3488): GC_CONCURRENT freed 403K, 28% free 3460K/4760K, paused 1ms+1ms, total 6ms
I/DownloadManager( 5116): Download 10 starting
D/Finsky ( 3989): [1] DownloadQueueImpl.notifyProgress: com.android.vending: onProgress 13859135/13859135 Status: 200.
D/Finsky ( 3989): [1] DownloadImpl.setState: com.android.vending from DOWNLOADING to SUCCESS.
D/Finsky ( 3989): [1] DownloadQueueImpl.onComplete: com.android.vending: onComplete
D/Finsky ( 3989): [1] DownloadQueueImpl.remove: Download com.android.vending removed from DownloadQueue
I/installd( 1552): free_cache(0) avail 869023744
D/Finsky ( 3989): [1] SelfUpdateScheduler.onComplete: Self-update ready to be installed, waiting for market to close.
V/Herrevad( 2252): NQAS connected
I/DownloadManager( 5116): Download 10 finished with status SUCCESS
I/ActivityManager( 1891): Killing 3930:com.google.android.gsf.login/u0a8 (adj 15): empty #17
D/SurfaceFlinger( 1548): Screen released, type=0 flinger=0x40ece820
D/dalvikvm( 1891): GC_EXPLICIT freed 511K, 27% free 8713K/11856K, paused 1ms+4ms, total 60ms
D/dalvikvm( 5341): GC_CONCURRENT freed 349K, 13% free 4019K/4604K, paused 1ms+2ms, total 12ms
I/MusicLifecycle( 3336): Sync started
I/GLSUser ( 2213): [GLSUser] getTokenFromCache: [account: , callingPkg: com.google.android.gm, service: mail]
I/DownloadManager( 5116): Download 11 starting
W/MusicApiClient( 3336): Activity events list is null or empty. Skip reporting.
I/MusicLifecycle( 3336): Sync ended
E/cutils ( 1544): Failed to mkdirat(/storage/usb0/Android): Read-only file system
W/Vold ( 1544): Returning OperationFailed - no handler for errno 30
W/ContextImpl( 3336): Failed to ensure directory: /storage/usb0/Android/data/com.google.android.music/files
E/cutils ( 1544): Failed to mkdirat(/storage/usb2/Android): Read-only file system
W/Vold ( 1544): Returning OperationFailed - no handler for errno 30
W/ContextImpl( 3336): Failed to ensure directory: /storage/usb2/Android/data/com.google.android.music/files
E/cutils ( 1544): Failed to mkdirat(/storage/usb3/Android): Read-only file system
W/Vold ( 1544): Returning OperationFailed - no handler for errno 30
W/ContextImpl( 3336): Failed to ensure directory: /storage/usb3/Android/data/com.google.android.music/files
E/Vold ( 1544): Failed to find volume for /storage/sdcard1/Android/data/com.google.android.music/files/
W/Vold ( 1544): Returning OperationFailed - no handler for errno 30
W/ContextImpl( 3336): Failed to ensure directory: /storage/sdcard1/Android/data/com.google.android.music/files
E/cutils ( 1544): Failed to mkdirat(/storage/usb0/Android): Read-only file system
W/Vold ( 1544): Returning OperationFailed - no handler for errno 30
W/ContextImpl( 3336): Failed to ensure directory: /storage/usb0/Android/data/com.google.android.music/cache
E/cutils ( 1544): Failed to mkdirat(/storage/usb2/Android): Read-only file system
W/Vold ( 1544): Returning OperationFailed - no handler for errno 30
W/ContextImpl( 3336): Failed to ensure directory: /storage/usb2/Android/data/com.google.android.music/cache
E/cutils ( 1544): Failed to mkdirat(/storage/usb3/Android): Read-only file system
W/Vold ( 1544): Returning OperationFailed - no handler for errno 30
W/ContextImpl( 3336): Failed to ensure directory: /storage/usb3/Android/data/com.google.android.music/cache
E/Vold ( 1544): Failed to find volume for /storage/sdcard1/Android/data/com.google.android.music/cache/
W/Vold ( 1544): Returning OperationFailed - no handler for errno 30
W/ContextImpl( 3336): Failed to ensure directory: /storage/sdcard1/Android/data/com.google.android.music/cache
I/BooksSync( 4463): Starting books sync for -868725537, extras: aude
D/dalvikvm( 4463): GC_CONCURRENT freed 415K, 12% free 3815K/4316K, paused 1ms+1ms, total 6ms
I/MusicLeanback( 3336): Conditions not met for autocaching. okToAttempt=false
I/MusicLeanback( 3336): Stop autocaching.
I/ActivityManager( 1891): Delay finish: com.google.android.music/.wear.WearBroadcastReceiver
D/WearableService( 5165): callingUid 10008, callindPid: 5165
I/ActivityManager( 1891): Resuming delayed broadcast
E/cutils ( 1544): Failed to mkdirat(/storage/usb0/Android): Read-only file system
W/Vold ( 1544): Returning OperationFailed - no handler for errno 30
W/ContextImpl( 3336): Failed to ensure directory: /storage/usb0/Android/data/com.google.android.music/cache
E/GmsUtils( 3336): Failed to connect to Google API client: ConnectionResult{statusCode=API_UNAVAILABLE, resolution=null}
E/GmsUtils( 3336): Failed to connect to Google API client: ConnectionResult{statusCode=API_UNAVAILABLE, resolution=null}
E/cutils ( 1544): Failed to mkdirat(/storage/usb2/Android): Read-only file system
W/ContextImpl( 3336): Failed to ensure directory: /storage/usb2/Android/data/com.google.android.music/cache
W/Vold ( 1544): Returning OperationFailed - no handler for errno 30
E/cutils ( 1544): Failed to mkdirat(/storage/usb3/Android): Read-only file system
W/Vold ( 1544): Returning OperationFailed - no handler for errno 30
W/ContextImpl( 3336): Failed to ensure directory: /storage/usb3/Android/data/com.google.android.music/cache
E/Vold ( 1544): Failed to find volume for /storage/sdcard1/Android/data/com.google.android.music/cache/
W/Vold ( 1544): Returning OperationFailed - no handler for errno 30
W/ContextImpl( 3336): Failed to ensure directory: /storage/sdcard1/Android/data/com.google.android.music/cache
I/BooksSync( 4463): Finished books sync
I/CalendarProvider2( 5308): No events to update: uri=content://com.android.calendar/events?account_name=flotux2%40googlemail.com&account_type=com.google&caller_is_syncadapter=true selection=_sync_id IS NOT NULL AND calendar_id=? selectionArgs=[1]
I/GLSUser ( 2213): [GLSUser] getTokenFromCache: [account: , callingPkg: com.google.android.syncadapters.calendar, service: oauth2:https://www.googleapis.com/auth/calendar]
I/Auth.Core( 2213): [TokenCache] Missing snowballing token: no granted scopes set.
D/dalvikvm( 3488): GC_CONCURRENT freed 437K, 28% free 3459K/4760K, paused 1ms+1ms, total 7ms
I/DownloadManager( 5116): Download 11 finished with status SUCCESS
D/dalvikvm( 5116): GC_CONCURRENT freed 403K, 20% free 3292K/4080K, paused 2ms+1ms, total 9ms
D/dalvikvm( 2213): GC_CONCURRENT freed 510K, 21% free 4323K/5408K, paused 1ms+2ms, total 23ms
I/GLSUser ( 2213): [GLSUser] getTokenFromCache: [account: , callingPkg: com.google.android.gm, service: mail]
I/DownloadManager( 5116): Download 12 starting
V/CalendarSyncAdapter( 5293): Saving inProgress state: {calendarId=flotux2@googlemail.com, maxAttendees=50, maxResults=200, timeMax=2016-10-26T00:00:00.000Z, timeMin=2014-09-27T19:26:43.000Z}
D/dalvikvm( 5293): GC_CONCURRENT freed 364K, 12% free 3157K/3580K, paused 0ms+1ms, total 6ms
D/dalvikvm( 5293): GC_CONCURRENT freed 478K, 15% free 3128K/3664K, paused 1ms+2ms, total 8ms
D/dalvikvm( 5293): GC_CONCURRENT freed 436K, 15% free 3134K/3664K, paused 1ms+2ms, total 8ms
D/dalvikvm( 5293): GC_CONCURRENT freed 436K, 15% free 3138K/3664K, paused 2ms+2ms, total 8ms
D/dalvikvm( 5293): GC_CONCURRENT freed 433K, 15% free 3149K/3664K, paused 0ms+1ms, total 5ms
D/dalvikvm( 5308): GC_CONCURRENT freed 208K, 9% free 2847K/3116K, paused 0ms+1ms, total 4ms
D/dalvikvm( 5293): GC_CONCURRENT freed 422K, 14% free 3173K/3664K, paused 0ms+0ms, total 5ms
D/dalvikvm( 5293): GC_CONCURRENT freed 432K, 14% free 3193K/3676K, paused 1ms+1ms, total 7ms
D/dalvikvm( 5293): GC_CONCURRENT freed 386K, 14% free 3195K/3676K, paused 2ms+1ms, total 9ms
I/DownloadManager( 5116): Download 12 finished with status SUCCESS
D/dalvikvm( 5293): GC_CONCURRENT freed 436K, 14% free 3209K/3708K, paused 1ms+0ms, total 10ms
D/dalvikvm( 5293): GC_CONCURRENT freed 424K, 14% free 3233K/3720K, paused 0ms+2ms, total 7ms
D/dalvikvm( 1891): GC_EXPLICIT freed 761K, 27% free 8720K/11856K, paused 1ms+3ms, total 53ms
D/dalvikvm( 5293): GC_CONCURRENT freed 430K, 13% free 3251K/3736K, paused 1ms+0ms, total 8ms
I/GLSUser ( 2213): [GLSUser] getTokenFromCache: [account: , callingPkg: com.google.android.gm, service: mail]
D/dalvikvm( 5293): GC_CONCURRENT freed 427K, 14% free 3262K/3752K, paused 2ms+1ms, total 10ms
I/DownloadManager( 5116): Download 13 starting
D/dalvikvm( 5293): GC_CONCURRENT freed 445K, 13% free 3295K/3776K, paused 2ms+1ms, total 10ms
D/dalvikvm( 5308): GC_CONCURRENT freed 207K, 9% free 3028K/3296K, paused 3ms+1ms, total 7ms
D/dalvikvm( 5293): GC_CONCURRENT freed 498K, 15% free 3275K/3836K, paused 1ms+0ms, total 15ms
D/dalvikvm( 5293): GC_CONCURRENT freed 463K, 15% free 3285K/3836K, paused 0ms+2ms, total 8ms
D/dalvikvm( 5308): GC_CONCURRENT freed 309K, 11% free 3108K/3480K, paused 3ms+1ms, total 7ms
D/dalvikvm( 5293): GC_CONCURRENT freed 514K, 15% free 3280K/3856K, paused 0ms+0ms, total 13ms
D/dalvikvm( 5293): WAIT_FOR_CONCURRENT_GC blocked 7ms
D/dalvikvm( 5293): GC_CONCURRENT freed 402K, 15% free 3285K/3856K, paused 1ms+1ms, total 8ms
D/dalvikvm( 5293): GC_CONCURRENT freed 563K, 17% free 3203K/3856K, paused 1ms+1ms, total 11ms
D/dalvikvm( 5293): GC_CONCURRENT freed 437K, 16% free 3253K/3856K, paused 1ms+1ms, total 9ms
D/dalvikvm( 5293): GC_CONCURRENT freed 416K, 16% free 3242K/3856K, paused 1ms+1ms, total 10ms
I/DownloadManager( 5116): Download 13 finished with status SUCCESS
D/dalvikvm( 5293): GC_CONCURRENT freed 429K, 16% free 3252K/3856K, paused 1ms+2ms, total 10ms
D/dalvikvm( 5293): GC_CONCURRENT freed 492K, 16% free 3272K/3856K, paused 1ms+2ms, total 15ms
I/GLSUser ( 2213): [GLSUser] getTokenFromCache: [account: , callingPkg: com.google.android.gm, service: mail]
D/dalvikvm( 5116): GC_CONCURRENT freed 383K, 20% free 3299K/4080K, paused 0ms+1ms, total 8ms
D/dalvikvm( 5293): GC_CONCURRENT freed 446K, 16% free 3275K/3856K, paused 5ms+3ms, total 15ms
D/dalvikvm( 5308): GC_CONCURRENT freed 553K, 17% free 3043K/3656K, paused 2ms+1ms, total 7ms
D/dalvikvm( 1891): GC_EXPLICIT freed 234K, 27% free 8700K/11856K, paused 1ms+3ms, total 46ms
I/DownloadManager( 5116): Download 14 starting
D/dalvikvm( 5293): GC_CONCURRENT freed 436K, 15% free 3297K/3856K, paused 0ms+1ms, total 6ms
D/dalvikvm( 5293): GC_CONCURRENT freed 457K, 15% free 3298K/3856K, paused 1ms+0ms, total 7ms
D/dalvikvm( 5293): GC_CONCURRENT freed 471K, 15% free 3303K/3856K, paused 1ms+1ms, total 8ms
D/dalvikvm( 5293): GC_CONCURRENT freed 493K, 15% free 3296K/3856K, paused 1ms+1ms, total 10ms
D/dalvikvm( 5308): GC_CONCURRENT freed 353K, 16% free 3094K/3656K, paused 2ms+1ms, total 9ms
D/dalvikvm( 3488): GC_CONCURRENT freed 432K, 28% free 3459K/4760K, paused 0ms+3ms, total 10ms
D/dalvikvm( 5293): GC_CONCURRENT freed 443K, 15% free 3303K/3856K, paused 0ms+1ms, total 6ms
D/dalvikvm( 5293): GC_CONCURRENT freed 518K, 16% free 3261K/3856K, paused 0ms+1ms, total 8ms
D/dalvikvm( 5293): GC_CONCURRENT freed 401K, 16% free 3272K/3856K, paused 1ms+2ms, total 9ms
D/dalvikvm( 5293): GC_CONCURRENT freed 431K, 15% free 3280K/3856K, paused 2ms+0ms, total 9ms
D/dalvikvm( 5293): GC_CONCURRENT freed 425K, 15% free 3296K/3856K, paused 1ms+2ms, total 10ms
D/dalvikvm( 5293): GC_CONCURRENT freed 382K, 15% free 3307K/3856K, paused 1ms+2ms, total 9ms
I/DownloadManager( 5116): Download 14 finished with status SUCCESS
D/dalvikvm( 5293): GC_CONCURRENT freed 396K, 15% free 3307K/3856K, paused 2ms+0ms, total 8ms
D/dalvikvm( 5293): GC_CONCURRENT freed 495K, 15% free 3321K/3880K, paused 1ms+1ms, total 11ms
D/dalvikvm( 5293): WAIT_FOR_CONCURRENT_GC blocked 2ms
D/dalvikvm( 2213): GC_CONCURRENT freed 511K, 21% free 4275K/5408K, paused 1ms+1ms, total 15ms
I/GLSUser ( 2213): [GLSUser] getTokenFromCache: [account: , callingPkg: com.google.android.gm, service: mail]
D/dalvikvm( 5293): GC_CONCURRENT freed 404K, 15% free 3317K/3880K, paused 1ms+2ms, total 9ms
I/DownloadManager( 5116): Download 15 starting
D/dalvikvm( 5293): GC_CONCURRENT freed 459K, 15% free 3333K/3880K, paused 1ms+1ms, total 9ms
D/dalvikvm( 5308): GC_CONCURRENT freed 432K, 17% free 3060K/3656K, paused 3ms+1ms, total 8ms
D/dalvikvm( 5293): GC_CONCURRENT freed 453K, 15% free 3331K/3880K, paused 1ms+1ms, total 7ms
D/dalvikvm( 5293): GC_CONCURRENT freed 443K, 15% free 3333K/3880K, paused 1ms+6ms, total 13ms
D/dalvikvm( 1891): GC_EXPLICIT freed 188K, 27% free 8700K/11856K, paused 1ms+2ms, total 31ms
D/dalvikvm( 5308): GC_CONCURRENT freed 334K, 15% free 3126K/3656K, paused 0ms+0ms, total 7ms
I/DownloadManager( 5116): Download 15 finished with status SUCCESS
D/dalvikvm( 5293): GC_CONCURRENT freed 440K, 16% free 3280K/3880K, paused 3ms+0ms, total 10ms
I/GLSUser ( 2213): [GLSUser] getTokenFromCache: [account: , callingPkg: com.google.android.gm, service: mail]
