D/dalvikvm( 1891): GC_FOR_ALLOC freed 1044K, 31% free 10454K/15108K, paused 30ms, total 30ms
D/dalvikvm( 1891): GC_FOR_ALLOC freed 126K, 30% free 10582K/15108K, paused 28ms, total 28ms
I/dalvikvm-heap( 1891): Grow heap (frag case) to 10.895MB for 521146-byte allocation
D/dalvikvm( 1891): GC_FOR_ALLOC freed <1K, 29% free 11091K/15620K, paused 29ms, total 29ms
D/dalvikvm( 1891): GC_FOR_ALLOC freed 254K, 31% free 10837K/15620K, paused 27ms, total 27ms
D/dalvikvm( 1891): GC_FOR_ALLOC freed 566K, 31% free 10880K/15620K, paused 28ms, total 28ms
D/dalvikvm( 1891): GC_FOR_ALLOC freed 188K, 30% free 11072K/15620K, paused 27ms, total 27ms
I/dalvikvm-heap( 1891): Grow heap (frag case) to 11.372MB for 520222-byte allocation
D/dalvikvm( 1891): GC_FOR_ALLOC freed <1K, 29% free 11580K/16132K, paused 29ms, total 29ms
D/dalvikvm( 1891): GC_FOR_ALLOC freed 254K, 30% free 11326K/16132K, paused 27ms, total 27ms
I/dalvikvm-heap( 1891): Grow heap (frag case) to 11.600MB for 499312-byte allocation
D/dalvikvm( 1891): GC_FOR_ALLOC freed 0K, 29% free 11813K/16620K, paused 30ms, total 30ms
D/dalvikvm( 1891): GC_FOR_ALLOC freed 749K, 31% free 11560K/16620K, paused 28ms, total 28ms
D/dalvikvm( 1891): GC_FOR_ALLOC freed 254K, 29% free 11813K/16620K, paused 28ms, total 28ms
I/dalvikvm-heap( 1891): Grow heap (frag case) to 12.077MB for 499312-byte allocation
D/dalvikvm( 1891): GC_FOR_ALLOC freed <1K, 29% free 12301K/17108K, paused 29ms, total 29ms
D/dalvikvm( 1891): GC_CONCURRENT freed 1190K, 21% free 13526K/17108K, paused 2ms+2ms, total 40ms
D/dalvikvm( 1891): WAIT_FOR_CONCURRENT_GC blocked 32ms
D/dalvikvm( 1891): GC_CONCURRENT freed 1663K, 15% free 14584K/17108K, paused 1ms+3ms, total 42ms
D/dalvikvm( 1891): WAIT_FOR_CONCURRENT_GC blocked 34ms
D/dalvikvm( 1891): GC_CONCURRENT freed 2654K, 16% free 14919K/17640K, paused 2ms+2ms, total 47ms
D/dalvikvm( 1891): WAIT_FOR_CONCURRENT_GC blocked 7ms
D/dalvikvm( 1891): WAIT_FOR_CONCURRENT_GC blocked 40ms
D/dalvikvm( 1891): GC_FOR_ALLOC freed 2425K, 18% free 14952K/18048K, paused 41ms, total 41ms
D/dalvikvm( 1891): GC_FOR_ALLOC freed 2502K, 18% free 14960K/18096K, paused 41ms, total 41ms
D/dalvikvm( 1891): GC_FOR_ALLOC freed 2506K, 18% free 14978K/18108K, paused 42ms, total 42ms
D/dalvikvm( 1891): GC_FOR_ALLOC freed 2530K, 18% free 14994K/18132K, paused 42ms, total 42ms
D/dalvikvm( 1891): GC_FOR_ALLOC freed 2540K, 18% free 15008K/18144K, paused 42ms, total 42ms
D/dalvikvm( 1891): GC_FOR_ALLOC freed 2557K, 18% free 15032K/18168K, paused 42ms, total 42ms
D/dalvikvm( 1891): GC_FOR_ALLOC freed 2594K, 18% free 15051K/18192K, paused 42ms, total 42ms
D/dalvikvm( 1891): GC_FOR_ALLOC freed 2624K, 18% free 15064K/18216K, paused 42ms, total 42ms
D/dalvikvm( 1891): GC_FOR_ALLOC freed 2649K, 18% free 15077K/18240K, paused 42ms, total 42ms
D/dalvikvm( 1891): GC_FOR_ALLOC freed 2666K, 18% free 15092K/18252K, paused 43ms, total 43ms
D/dalvikvm( 1891): GC_FOR_ALLOC freed 2674K, 18% free 15108K/18264K, paused 42ms, total 42ms
D/dalvikvm( 1891): GC_FOR_ALLOC freed 2681K, 18% free 15139K/18288K, paused 43ms, total 43ms
D/dalvikvm( 1891): GC_FOR_ALLOC freed 2734K, 18% free 15157K/18324K, paused 43ms, total 43ms
D/dalvikvm( 1891): GC_FOR_ALLOC freed 2776K, 18% free 15190K/18348K, paused 44ms, total 44ms
D/SurfaceFlinger( 1548): Screen acquired, type=0 flinger=0x40ece820
D/GRALLOC-DRM( 1548): set master
D/dalvikvm( 1891): GC_FOR_ALLOC freed 2852K, 18% free 15211K/18396K, paused 44ms, total 44ms
D/dalvikvm( 1891): GC_FOR_ALLOC freed 2885K, 18% free 15228K/18420K, paused 44ms, total 44ms
D/dalvikvm( 1891): GC_FOR_ALLOC freed 2916K, 18% free 15245K/18444K, paused 44ms, total 44ms
I/ActivityManager( 1891): Force stopping com.google.android.gms appid=10008 user=-1: replace sys pkg
I/ActivityManager( 1891): Killing 2115:com.google.android.gms.persistent/u0a8 (adj 5): stop com.google.android.gms
W/ActivityManager( 1891): Scheduling restart of crashed service com.google.android.gms/com.google.android.location.internal.server.GoogleLocationService in 1000ms
W/ActivityManager( 1891): Scheduling restart of crashed service com.google.android.gms/com.google.android.contextmanager.service.ContextManagerService in 11000ms
W/ActivityManager( 1891): Scheduling restart of crashed service com.google.android.gms/.common.stats.GmsCoreStatsService in 21000ms
W/ActivityManager( 1891): Scheduling restart of crashed service com.google.android.gms/com.google.android.location.internal.GoogleLocationManagerService in 31000ms
W/ActivityManager( 1891): Scheduling restart of crashed service com.google.android.gms/.deviceconnection.service.DeviceConnectionServiceBroker in 41000ms
I/ActivityManager( 1891): Killing 5165:com.google.android.gms.wearable/u0a8 (adj 15): stop com.google.android.gms
I/ActivityManager( 1891): Killing 2252:com.google.android.gms/u0a8 (adj 1): stop com.google.android.gms
W/ActivityManager( 1891): Scheduling restart of crashed service com.google.android.gms/.analytics.service.AnalyticsService in 50999ms
W/ActivityManager( 1891): Scheduling restart of crashed service com.google.android.gms/.games.chimera.GamesSyncServiceNotificationProxy in 60999ms
W/ActivityManager( 1891): Scheduling restart of crashed service com.google.android.gms/.games.chimera.GamesSyncServiceMainProxy in 70999ms
I/ActivityManager( 1891): Killing 2213:com.google.process.gapps/u0a8 (adj 0): stop com.google.android.gms
W/ActivityManager( 1891): Scheduling restart of crashed service com.google.android.gms/.gcm.GcmService in 80998ms
W/ActivityManager( 1891): Scheduling restart of crashed service com.google.android.gms/.gcm.http.GoogleHttpService in 90998ms
I/ActivityManager( 1891): Force stopping service ServiceRecord{218f8df0 u0 com.google.android.gms/.gcm.GcmService}
I/ActivityManager( 1891): Force stopping service ServiceRecord{219ec0d0 u0 com.google.android.gms/.analytics.service.AnalyticsService}
I/ActivityManager( 1891): Force stopping service ServiceRecord{21909064 u0 com.google.android.gms/.games.chimera.GamesSyncServiceNotificationProxy}
I/ActivityManager( 1891): Force stopping service ServiceRecord{2183c910 u0 com.google.android.gms/.gcm.http.GoogleHttpService}
I/ActivityManager( 1891): Force stopping service ServiceRecord{21ae865c u0 com.google.android.gms/com.google.android.location.internal.server.GoogleLocationService}
I/ActivityManager( 1891): Force stopping service ServiceRecord{21976798 u0 com.google.android.gms/com.google.android.contextmanager.service.ContextManagerService}
I/ActivityManager( 1891): Force stopping service ServiceRecord{218bbd6c u0 com.google.android.gms/com.google.android.location.internal.GoogleLocationManagerService}
I/ActivityManager( 1891): Force stopping service ServiceRecord{217fdf00 u0 com.google.android.gms/.deviceconnection.service.DeviceConnectionServiceBroker}
I/ActivityManager( 1891): Force stopping service ServiceRecord{21827e94 u0 com.google.android.gms/.games.chimera.GamesSyncServiceMainProxy}
I/ActivityManager( 1891): Force stopping service ServiceRecord{21937944 u0 com.google.android.gms/.common.stats.GmsCoreStatsService}
D/dalvikvm( 1891): GC_FOR_ALLOC freed 2950K, 18% free 15219K/18444K, paused 53ms, total 53ms
W/ActivityManager( 1891): Unable to start service Intent { pkg=com.google.android.gms cmp=com.google.android.gms/.gcm.http.GoogleHttpService } U=0: not found
W/PackageManager( 1891): Package com.google.android.gms desires unavailable shared library com.google.android.ble; ignoring!
W/ActivityManager( 1891): Unable to start service Intent { pkg=com.google.android.gms cmp=com.google.android.gms/.gcm.http.GoogleHttpService } U=0: not found
W/PackageManager( 1891): Trying to update system app code path from /system/priv-app/GmsCore.apk to /data/app/com.google.android.gms-1.apk
I/PackageManager( 1891): Running dexopt on: com.google.android.gms
D/dalvikvm( 5907): DexOpt: couldn't find static field Landroid/os/Build;.SUPPORTED_ABIS
D/dalvikvm( 5907): DexOpt: couldn't find static field Landroid/os/Build;.SUPPORTED_ABIS
D/dalvikvm( 5907): DexOpt: couldn't find static field Landroid/os/Build;.SUPPORTED_64_BIT_ABIS
D/dalvikvm( 5907): DexOpt: couldn't find static field Landroid/os/Build;.SUPPORTED_64_BIT_ABIS
D/dalvikvm( 5907): DexOpt: couldn't find static field Landroid/os/Build;.SUPPORTED_ABIS
D/dalvikvm( 5907): DexOpt: couldn't find static field Landroid/os/Build;.SUPPORTED_64_BIT_ABIS
D/dalvikvm( 5907): DexOpt: load 58ms, verify+opt 466ms, 3146836 bytes
W/PackageManager( 1891): Code path for pkg : com.google.android.gms changing from /system/priv-app/GmsCore.apk to /data/app/com.google.android.gms-1.apk
I/ActivityManager( 1891): Force stopping com.google.android.gms appid=10008 user=-1: update pkg
W/PackageManager( 1891): Resource path for pkg : com.google.android.gms changing from /system/priv-app/GmsCore.apk to /data/app/com.google.android.gms-1.apk
W/PackageManager( 1891): Not granting permission android.permission.GLOBAL_SEARCH to package com.android.quicksearchbox (protectionLevel=18 flags=0x88be45)
W/PackageManager( 1891): Unknown permission com.android.smspush.WAPPUSH_MANAGER_BIND in package com.android.phone
W/PackageManager( 1891): Unknown permission com.android.vending.billing.IBillingAccountService.BIND2 in package com.google.android.gsf.login
W/PackageManager( 1891): Unknown permission com.android.chrome.TOS_ACKED in package com.google.android.gsf.login
W/PackageManager( 1891): Unknown permission com.google.android.gallery3d.permission.GALLERY_PROVIDER in package com.android.bluetooth
W/PackageManager( 1891): Not granting permission android.permission.ACCESS_DOWNLOAD_MANAGER to package com.android.browser (protectionLevel=18 flags=0x89be45)
W/PackageManager( 1891): Not granting permission android.permission.SEND_DOWNLOAD_COMPLETED_INTENTS to package com.android.browser (protectionLevel=2 flags=0x89be45)
W/PackageManager( 1891): Unknown permission com.android.launcher.permission.READ_SETTINGS in package com.android.onetimeinitializer
W/PackageManager( 1891): Unknown permission com.android.launcher.permission.WRITE_SETTINGS in package com.android.onetimeinitializer
W/PackageManager( 1891): Not granting permission android.permission.BIND_WALLPAPER to package com.android.camera2 (protectionLevel=18 flags=0xd8bc45)
W/PackageManager( 1891): Unknown permission android.permission.INSTALL_DRM in package com.android.mms
W/PackageManager( 1891): Unknown permission android.permission.READ_OWNER_DATA in package com.google.android.setupwizard
W/PackageManager( 1891): Unknown permission android.permission.WRITE_OWNER_DATA in package com.google.android.setupwizard
W/PackageManager( 1891): Unknown permission com.android.launcher.permission.READ_SETTINGS in package com.android.settings
W/PackageManager( 1891): Unknown permission com.android.launcher.permission.WRITE_SETTINGS in package com.android.settings
W/PackageManager( 1891): Unknown permission com.google.android.voicesearch.SHORTCUTS_ACCESS in package com.google.android.googlequicksearchbox
W/PackageManager( 1891): Unknown permission com.google.android.voicesearch.ACCESS_SETTINGS in package com.google.android.googlequicksearchbox
W/PackageManager( 1891): Unknown permission com.google.android.ears.permission.WRITE in package com.google.android.googlequicksearchbox
W/PackageManager( 1891): Unknown permission android.permission.REAL_GET_TASKS in package com.google.android.googlequicksearchbox
W/PackageManager( 1891): Unknown permission com.google.android.apps.googlevoice.permission.AUTO_SEND in package com.google.android.googlequicksearchbox
W/PackageManager( 1891): Unknown permission com.google.android.hangouts.START_HANGOUT in package com.google.android.googlequicksearchbox
W/PackageManager( 1891): Unknown permission android.permission.MANAGE_VOICE_KEYPHRASES in package com.google.android.googlequicksearchbox
W/PackageManager( 1891): Unknown permission com.android.chrome.PRERENDER_URL in package com.google.android.googlequicksearchbox
W/PackageManager( 1891): Unknown permission com.google.android.launcher.permission.CONTENT_REDIRECT in package com.google.android.googlequicksearchbox
W/PackageManager( 1891): Not granting permission android.permission.MOUNT_UNMOUNT_FILESYSTEMS to package net.toload.main.hd (protectionLevel=18 flags=0x89be45)
W/PackageManager( 1891): Not granting permission android.permission.DELETE_PACKAGES to package com.svox.pico (protectionLevel=18 flags=0x88be45)
W/PackageManager( 1891): Unknown permission android.permission.WRITE_SYNC_STATS in package com.google.android.apps.docs
W/PackageManager( 1891): Unknown permission com.android.launcher.permission.READ_SETTINGS in package com.google.android.onetimeinitializer
W/PackageManager( 1891): Unknown permission com.android.launcher.permission.WRITE_SETTINGS in package com.google.android.onetimeinitializer
W/PackageManager( 1891): Unknown permission com.android.launcher.permission.PRELOAD_WORKSPACE in package com.google.android.partnersetup
W/PackageManager( 1891): Unknown permission com.cyanogenmod.filemanager.permissions.READ_THEME in package com.cyanogenmod.filemanager
W/PackageManager( 1891): Unknown permission com.android.launcher.permission.READ_SETTINGS in package com.cyanogenmod.trebuchet
W/PackageManager( 1891): Unknown permission com.android.launcher.permission.WRITE_SETTINGS in package com.cyanogenmod.trebuchet
W/PackageManager( 1891): Unknown permission android.permission.REAL_GET_TASKS in package com.android.vending
W/PackageManager( 1891): Not granting permission android.permission.SEND_DOWNLOAD_COMPLETED_INTENTS to package com.android.vending (protectionLevel=2 flags=0x408abec5)
W/PackageManager( 1891): Unknown permission android.permission.SEND_SMS_NO_CONFIRMATION in package com.android.vending
W/PackageManager( 1891): Unknown permission android.permission.USE_FINGERPRINT in package com.android.vending
W/PackageManager( 1891): Unknown permission android.permission.GET_PACKAGE_IMPORTANCE in package com.android.vending
W/PackageManager( 1891): Unknown permission android.permission.GET_ACCOUNTS_PRIVILEGED in package com.android.vending
W/PackageManager( 1891): Unknown permission android.permission.INSTALL_GRANT_RUNTIME_PERMISSIONS in package com.android.vending
W/PackageManager( 1891): Unknown permission android.permission.GRANT_RUNTIME_PERMISSIONS in package com.android.vending
W/PackageManager( 1891): Unknown permission android.permission.REVOKE_RUNTIME_PERMISSIONS in package com.android.vending
W/PackageManager( 1891): Unknown permission com.google.android.email.permission.READ_ATTACHMENT in package com.google.android.gm
W/PackageManager( 1891): Unknown permission com.google.android.email.permission.ACCESS_PROVIDER in package com.google.android.gm
W/PackageManager( 1891): Not granting permission android.permission.MANAGE_DOCUMENTS to package com.google.android.youtube (protectionLevel=2 flags=0xd83e45)
W/PackageManager( 1891): Not granting permission android.permission.DEVICE_POWER to package com.android.deskclock (protectionLevel=2 flags=0xc8be45)
W/PackageManager( 1891): Not granting permission android.permission.READ_DREAM_STATE to package com.google.android.gsf (protectionLevel=2 flags=0x40883e45)
W/PackageManager( 1891): Unknown permission android.permission.OBSERVE_GRANT_REVOKE_PERMISSIONS in package com.google.android.gms
W/PackageManager( 1891): Unknown permission android.permission.RECOVERY in package com.google.android.gms
W/PackageManager( 1891): Not granting permission android.permission.READ_DREAM_STATE to package com.google.android.gms (protectionLevel=2 flags=0x40483ec5)
W/PackageManager( 1891): Unknown permission android.permission.PROVIDE_TRUST_AGENT in package com.google.android.gms
W/PackageManager( 1891): Unknown permission com.google.android.apps.enterprise.dmagent.permission.AutoSyncPermission in package com.google.android.gms
W/PackageManager( 1891): Not granting permission android.permission.PACKAGE_USAGE_STATS to package com.google.android.gms (protectionLevel=18 flags=0x40483ec5)
W/PackageManager( 1891): Unknown permission android.permission.MANAGE_VOICE_KEYPHRASES in package com.google.android.gms
W/PackageManager( 1891): Unknown permission android.permission.REAL_GET_TASKS in package com.google.android.gms
W/PackageManager( 1891): Unknown permission com.google.android.hangouts.START_HANGOUT in package com.google.android.gms
W/PackageManager( 1891): Unknown permission android.permission.READ_WIFI_CREDENTIAL in package com.google.android.gms
W/PackageManager( 1891): Unknown permission android.permission.SCORE_NETWORKS in package com.google.android.gms
W/PackageManager( 1891): Unknown permission android.permission.CONTROL_INCALL_EXPERIENCE in package com.google.android.gms
W/PackageManager( 1891): Unknown permission android.permission.USER_ACTIVITY in package com.google.android.gms
W/PackageManager( 1891): Unknown permission android.permission.MODIFY_AUDIO_ROUTING in package com.google.android.gms
W/PackageManager( 1891): Unknown permission com.google.android.wearable.READ_SETTINGS in package com.google.android.gms
W/PackageManager( 1891): Unknown permission android.permission.INTENT_FILTER_VERIFICATION_AGENT in package com.google.android.gms
W/PackageManager( 1891): Unknown permission android.permission.LOCAL_MAC_ADDRESS in package com.google.android.gms
W/PackageManager( 1891): Unknown permission android.permission.CHANGE_DEVICE_IDLE_TEMP_WHITELIST in package com.google.android.gms
W/PackageManager( 1891): Unknown permission android.permission.NOTIFY_PENDING_SYSTEM_UPDATE in package com.google.android.gms
W/PackageManager( 1891): Unknown permission android.permission.BODY_SENSORS in package com.google.android.gms
W/PackageManager( 1891): Unknown permission com.android.voicemail.permission.READ_VOICEMAIL in package com.google.android.gms
W/PackageManager( 1891): Not granting permission android.permission.MANAGE_DOCUMENTS to package com.google.android.gms (protectionLevel=2 flags=0x40483ec5)
I/ActivityManager( 1891): Force stopping com.google.android.gms appid=10008 user=0: pkg removed
D/dalvikvm( 4734): GC_EXPLICIT freed 262K, 9% free 3932K/4304K, paused 1ms+1ms, total 12ms
I/InputReader( 1891): Reconfiguring input devices. changes=0x00000010
D/dalvikvm( 2622): GC_EXPLICIT freed 183K, 21% free 4113K/5152K, paused 1ms+3ms, total 22ms
D/dalvikvm( 4759): GC_EXPLICIT freed 143K, 19% free 5705K/6964K, paused 1ms+3ms, total 39ms
I/PackageManager( 1891): Action: "android.intent.action.SENDTO"
I/PackageManager( 1891): Category: "android.intent.category.DEFAULT"
I/PackageManager( 1891): Scheme: "sms"
I/PackageManager( 1891): Adding preferred activity ComponentInfo{com.android.mms/com.android.mms.ui.ComposeMessageActivity} for user 0 :
I/PackageManager( 1891): Action: "android.intent.action.SENDTO"
I/PackageManager( 1891): Category: "android.intent.category.DEFAULT"
I/PackageManager( 1891): Scheme: "smsto"
I/PackageManager( 1891): Adding preferred activity ComponentInfo{com.android.mms/com.android.mms.ui.ComposeMessageActivity} for user 0 :
I/InputReader( 1891): Reconfiguring input devices. changes=0x00000010
I/PackageManager( 1891): Action: "android.intent.action.SENDTO"
I/PackageManager( 1891): Category: "android.intent.category.DEFAULT"
I/PackageManager( 1891): Scheme: "mms"
I/PackageManager( 1891): Adding preferred activity ComponentInfo{com.android.mms/com.android.mms.ui.ComposeMessageActivity} for user 0 :
I/InputReader( 1891): Reconfiguring input devices. changes=0x00000010
I/PackageManager( 1891): Action: "android.intent.action.SENDTO"
I/PackageManager( 1891): Category: "android.intent.category.DEFAULT"
I/PackageManager( 1891): Scheme: "mmsto"
I/PackageManager( 1891): Adding preferred activity ComponentInfo{com.android.mms/com.android.mms.ui.ComposeMessageActivity} for user 0 :
I/Launcher( 4759): Deferring update until onResume
I/PackageManager( 1891): Action: "android.intent.action.SENDTO"
I/PackageManager( 1891): Category: "android.intent.category.DEFAULT"
I/PackageManager( 1891): Scheme: "sms"
I/PackageManager( 1891): Adding preferred activity ComponentInfo{com.android.mms/com.android.mms.ui.ComposeMessageActivity} for user 0 :
I/PackageManager( 1891): Action: "android.intent.action.SENDTO"
I/PackageManager( 1891): Category: "android.intent.category.DEFAULT"
I/PackageManager( 1891): Scheme: "smsto"
I/PackageManager( 1891): Adding preferred activity ComponentInfo{com.android.mms/com.android.mms.ui.ComposeMessageActivity} for user 0 :
D/BackupManagerService( 1891): Received broadcast Intent { act=android.intent.action.PACKAGE_REMOVED dat=package:com.google.android.gms flg=0x4000010 (has extras) }
I/PackageManager( 1891): Action: "android.intent.action.SENDTO"
I/PackageManager( 1891): Category: "android.intent.category.DEFAULT"
I/PackageManager( 1891): Scheme: "mms"
I/PackageManager( 1891): Adding preferred activity ComponentInfo{com.android.mms/com.android.mms.ui.ComposeMessageActivity} for user 0 :
I/PackageManager( 1891): Action: "android.intent.action.SENDTO"
I/PackageManager( 1891): Category: "android.intent.category.DEFAULT"
I/PackageManager( 1891): Scheme: "mmsto"
I/PackageManager( 1891): Adding preferred activity ComponentInfo{com.android.mms/com.android.mms.ui.ComposeMessageActivity} for user 0 :
W/Launcher( 4759): setApplicationContext called twice! old=com.android.launcher3.LauncherApplication@216cec7c new=com.android.launcher3.LauncherApplication@216cec7c
I/PackageManager( 1891): Action: "android.intent.action.SENDTO"
I/PackageManager( 1891): Category: "android.intent.category.DEFAULT"
I/PackageManager( 1891): Scheme: "sms"
I/PackageManager( 1891): Adding preferred activity ComponentInfo{com.android.mms/com.android.mms.ui.ComposeMessageActivity} for user 0 :
I/Launcher( 4759): Deferring update until onResume
I/PackageManager( 1891): Action: "android.intent.action.SENDTO"
I/PackageManager( 1891): Category: "android.intent.category.DEFAULT"
I/PackageManager( 1891): Scheme: "smsto"
I/PackageManager( 1891): Adding preferred activity ComponentInfo{com.android.mms/com.android.mms.ui.ComposeMessageActivity} for user 0 :
I/PackageManager( 1891): Action: "android.intent.action.SENDTO"
I/PackageManager( 1891): Category: "android.intent.category.DEFAULT"
I/PackageManager( 1891): Scheme: "mms"
I/PackageManager( 1891): Adding preferred activity ComponentInfo{com.android.mms/com.android.mms.ui.ComposeMessageActivity} for user 0 :
I/PackageManager( 1891): Action: "android.intent.action.SENDTO"
I/PackageManager( 1891): Category: "android.intent.category.DEFAULT"
I/PackageManager( 1891): Scheme: "mmsto"
I/PackageManager( 1891): Adding preferred activity ComponentInfo{com.android.mms/com.android.mms.ui.ComposeMessageActivity} for user 0 :
D/BackupManagerService( 1891): Received broadcast Intent { act=android.intent.action.PACKAGE_ADDED dat=package:com.google.android.gms flg=0x4000010 (has extras) }
V/BackupManagerService( 1891): removePackageParticipantsLocked: uid=10008 #1
V/BackupManagerService( 1891): addPackageParticipantsLocked: #1
I/PackageManager( 1891): Action: "android.intent.action.SENDTO"
I/PackageManager( 1891): Category: "android.intent.category.DEFAULT"
I/PackageManager( 1891): Scheme: "sms"
W/ContextImpl( 5592): Calling a method in the system process without a qualified user: android.app.ContextImpl.startService:1487 android.content.ContextWrapper.startService:494 android.content.ContextWrapper.startService:494 com.android.keychain.KeyChainBroadcastReceiver.onReceive:12 android.app.ActivityThread.handleReceiver:2407
I/PackageManager( 1891): Adding preferred activity ComponentInfo{com.android.mms/com.android.mms.ui.ComposeMessageActivity} for user 0 :
I/PackageManager( 1891): Action: "android.intent.action.SENDTO"
I/PackageManager( 1891): Category: "android.intent.category.DEFAULT"
I/PackageManager( 1891): Scheme: "smsto"
I/PackageManager( 1891): Adding preferred activity ComponentInfo{com.android.mms/com.android.mms.ui.ComposeMessageActivity} for user 0 :
I/PackageManager( 1891): Action: "android.intent.action.SENDTO"
I/PackageManager( 1891): Category: "android.intent.category.DEFAULT"
I/PackageManager( 1891): Scheme: "mms"
I/PackageManager( 1891): Adding preferred activity ComponentInfo{com.android.mms/com.android.mms.ui.ComposeMessageActivity} for user 0 :
I/PackageManager( 1891): Action: "android.intent.action.SENDTO"
I/PackageManager( 1891): Category: "android.intent.category.DEFAULT"
I/PackageManager( 1891): Scheme: "mmsto"
I/PackageManager( 1891): Adding preferred activity ComponentInfo{com.android.mms/com.android.mms.ui.ComposeMessageActivity} for user 0 :
W/ResourceType( 1891): Failure getting entry for 0x7f060000 (t=5 e=0) in package 0 (error -75)
I/PackageManager( 1891): Action: "android.intent.action.SENDTO"
I/PackageManager( 1891): Category: "android.intent.category.DEFAULT"
I/PackageManager( 1891): Scheme: "sms"
I/PackageManager( 1891): Adding preferred activity ComponentInfo{com.android.mms/com.android.mms.ui.ComposeMessageActivity} for user 0 :
I/PackageManager( 1891): Action: "android.intent.action.SENDTO"
I/PackageManager( 1891): Category: "android.intent.category.DEFAULT"
I/PackageManager( 1891): Scheme: "smsto"
I/PackageManager( 1891): Adding preferred activity ComponentInfo{com.android.mms/com.android.mms.ui.ComposeMessageActivity} for user 0 :
I/PackageManager( 1891): Action: "android.intent.action.SENDTO"
I/PackageManager( 1891): Category: "android.intent.category.DEFAULT"
I/PackageManager( 1891): Scheme: "mms"
I/PackageManager( 1891): Adding preferred activity ComponentInfo{com.android.mms/com.android.mms.ui.ComposeMessageActivity} for user 0 :
I/PackageManager( 1891): Action: "android.intent.action.SENDTO"
I/PackageManager( 1891): Category: "android.intent.category.DEFAULT"
I/PackageManager( 1891): Scheme: "mmsto"
I/PackageManager( 1891): Adding preferred activity ComponentInfo{com.android.mms/com.android.mms.ui.ComposeMessageActivity} for user 0 :
I/ActivityManager( 1891): Start proc com.google.process.gapps for broadcast com.google.android.gms/.gcm.GcmPackageTracker$GcmPackageChangeReceiver: pid=5912 uid=10008 gids={50008, 3003, 1007, 1028, 1015, 1023, 3002, 3001, 3007, 2001, 3006}
I/PackageManager( 1891): Action: "android.intent.action.SENDTO"
I/PackageManager( 1891): Category: "android.intent.category.DEFAULT"
I/PackageManager( 1891): Scheme: "sms"
I/PackageManager( 1891): Adding preferred activity ComponentInfo{com.android.mms/com.android.mms.ui.ComposeMessageActivity} for user 0 :
I/PackageManager( 1891): Action: "android.intent.action.SENDTO"
I/PackageManager( 1891): Category: "android.intent.category.DEFAULT"
I/PackageManager( 1891): Scheme: "smsto"
I/PackageManager( 1891): Adding preferred activity ComponentInfo{com.android.mms/com.android.mms.ui.ComposeMessageActivity} for user 0 :
I/PackageManager( 1891): Action: "android.intent.action.SENDTO"
I/PackageManager( 1891): Adding preferred activity ComponentInfo{com.android.mms/com.android.mms.ui.ComposeMessageActivity} for user 0 :
I/PackageManager( 1891): Category: "android.intent.category.DEFAULT"
I/PackageManager( 1891): Scheme: "mms"
D/dalvikvm( 1891): GC_EXPLICIT freed 8733K, 51% free 9216K/18444K, paused 18ms+16ms, total 187ms
I/PackageManager( 1891): Action: "android.intent.action.SENDTO"
I/PackageManager( 1891): Category: "android.intent.category.DEFAULT"
I/PackageManager( 1891): Scheme: "mmsto"
I/PackageManager( 1891): Adding preferred activity ComponentInfo{com.android.mms/com.android.mms.ui.ComposeMessageActivity} for user 0 :
W/dalvikvm( 5912): VFY: unable to resolve static field 573 (PR_SET_DUMPABLE) in Landroid/system/OsConstants;
D/dalvikvm( 5912): VFY: replacing opcode 0x60 at 0x000b
D/Finsky ( 5605): [342] 1.packageInstalled: Package install status for com.google.android.gms is 1
I/dalvikvm( 5912): Failed resolving Lcom/google/android/gms/common/h/c; interface 98 'Landroid/content/pm/PackageManager$OnPermissionsChangedListener;'
W/dalvikvm( 5912): Link of class 'Lcom/google/android/gms/common/h/c;' failed
E/dalvikvm( 5912): Could not find class 'com.google.android.gms.common.h.c', referenced from method com.google.android.gms.common.app.GmsApplication.onCreate
W/dalvikvm( 5912): VFY: unable to resolve new-instance 2620 (Lcom/google/android/gms/common/h/c;) in Lcom/google/android/gms/common/app/GmsApplication;
D/dalvikvm( 5912): VFY: replacing opcode 0x22 at 0x006f
I/dalvikvm( 5912): Failed resolving Lcom/google/android/gms/common/h/c; interface 98 'Landroid/content/pm/PackageManager$OnPermissionsChangedListener;'
W/dalvikvm( 5912): Link of class 'Lcom/google/android/gms/common/h/c;' failed
D/dalvikvm( 5912): DexOpt: unable to opt direct call 0x2bcc at 0x71 in Lcom/google/android/gms/common/app/GmsApplication;.onCreate
I/MultiDex( 5912): VM with version 1.6.0 does not have multidex support
I/MultiDex( 5912): install
I/MultiDex( 5912): MultiDexExtractor.load(/data/app/com.google.android.gms-1.apk, false)
D/Finsky ( 5605): [1] 3.installSucceeded: Successful install of com.google.android.gms
I/MultiDex( 5912): Detected that extraction must be performed.
I/MultiDex( 5912): Trying to delete old file /data/data/com.google.android.gms/code_cache/secondary-dexes/GmsCore.apk.classes4.dex of size 1592360
I/MultiDex( 5912): Deleted old file /data/data/com.google.android.gms/code_cache/secondary-dexes/GmsCore.apk.classes4.dex
I/MultiDex( 5912): Trying to delete old file /data/data/com.google.android.gms/code_cache/secondary-dexes/GmsCore.apk.classes3.dex of size 7534328
I/MultiDex( 5912): Deleted old file /data/data/com.google.android.gms/code_cache/secondary-dexes/GmsCore.apk.classes3.dex
I/MultiDex( 5912): Trying to delete old file /data/data/com.google.android.gms/code_cache/secondary-dexes/GmsCore.apk.classes4.zip of size 478358
I/MultiDex( 5912): Deleted old file /data/data/com.google.android.gms/code_cache/secondary-dexes/GmsCore.apk.classes4.zip
I/MultiDex( 5912): Trying to delete old file /data/data/com.google.android.gms/code_cache/secondary-dexes/GmsCore.apk.classes3.zip of size 2875090
I/MultiDex( 5912): Deleted old file /data/data/com.google.android.gms/code_cache/secondary-dexes/GmsCore.apk.classes3.zip
I/MultiDex( 5912): Trying to delete old file /data/data/com.google.android.gms/code_cache/secondary-dexes/GmsCore.apk.classes2.dex of size 8907584
I/MultiDex( 5912): Deleted old file /data/data/com.google.android.gms/code_cache/secondary-dexes/GmsCore.apk.classes2.dex
I/MultiDex( 5912): Trying to delete old file /data/data/com.google.android.gms/code_cache/secondary-dexes/GmsCore.apk.classes2.zip of size 3368913
E/cutils ( 1544): Failed to mkdirat(/storage/usb0/Android): Read-only file system
W/Vold ( 1544): Returning OperationFailed - no handler for errno 30
I/MultiDex( 5912): Deleted old file /data/data/com.google.android.gms/code_cache/secondary-dexes/GmsCore.apk.classes2.zip
W/ContextImpl( 5605): Failed to ensure directory: /storage/usb0/Android/data/com.android.vending/files
E/cutils ( 1544): Failed to mkdirat(/storage/usb2/Android): Read-only file system
W/Vold ( 1544): Returning OperationFailed - no handler for errno 30
W/ContextImpl( 5605): Failed to ensure directory: /storage/usb2/Android/data/com.android.vending/files
E/cutils ( 1544): Failed to mkdirat(/storage/usb3/Android): Read-only file system
W/Vold ( 1544): Returning OperationFailed - no handler for errno 30
W/ContextImpl( 5605): Failed to ensure directory: /storage/usb3/Android/data/com.android.vending/files
E/Vold ( 1544): Failed to find volume for /storage/sdcard1/Android/data/com.android.vending/files/
W/Vold ( 1544): Returning OperationFailed - no handler for errno 30
W/ContextImpl( 5605): Failed to ensure directory: /storage/sdcard1/Android/data/com.android.vending/files
D/dalvikvm( 5912): GC_CONCURRENT freed 231K, 10% free 2846K/3140K, paused 1ms+2ms, total 7ms
D/Finsky ( 5605): [1] InstallerImpl.kick: Installer kick - starting com.google.android.apps.magazines
D/dalvikvm( 5912): GC_CONCURRENT freed 142K, 6% free 3216K/3420K, paused 2ms+0ms, total 11ms
D/dalvikvm( 5912): WAIT_FOR_CONCURRENT_GC blocked 1ms
W/LocationProviderProxy-fused( 1891): com.google.android.gms resolves service com.android.location.service.FusedLocationProvider, but has wrong signature, ignoring
D/dalvikvm( 5912): GC_CONCURRENT freed 123K, 5% free 3561K/3744K, paused 1ms+0ms, total 6ms
D/dalvikvm( 5912): GC_CONCURRENT freed 138K, 5% free 3899K/4104K, paused 0ms+1ms, total 6ms
I/MultiDex( 5912): Extraction is needed for file /data/data/com.google.android.gms/code_cache/secondary-dexes/com.google.android.gms-1.apk.classes2.zip
I/MultiDex( 5912): Extracting /data/data/com.google.android.gms/code_cache/secondary-dexes/com.google.android.gms-1.apk.classes-1993020340.zip
D/audio_hw_primary( 1551): found out /dev/snd/pcmC0D0p
D/BluetoothAdapter( 4734): 560812280: getState() : mService = null. Returning STATE_OFF
I/MultiDex( 5912): Renaming to /data/data/com.google.android.gms/code_cache/secondary-dexes/com.google.android.gms-1.apk.classes2.zip
I/MultiDex( 5912): Extraction success - length /data/data/com.google.android.gms/code_cache/secondary-dexes/com.google.android.gms-1.apk.classes2.zip: 2928171
I/MultiDex( 5912): Extraction is needed for file /data/data/com.google.android.gms/code_cache/secondary-dexes/com.google.android.gms-1.apk.classes3.zip
I/MultiDex( 5912): Extracting /data/data/com.google.android.gms/code_cache/secondary-dexes/com.google.android.gms-1.apk.classes1741584.zip
I/MultiDex( 5912): Renaming to /data/data/com.google.android.gms/code_cache/secondary-dexes/com.google.android.gms-1.apk.classes3.zip
I/MultiDex( 5912): Extraction success - length /data/data/com.google.android.gms/code_cache/secondary-dexes/com.google.android.gms-1.apk.classes3.zip: 3193440
I/MultiDex( 5912): Extraction is needed for file /data/data/com.google.android.gms/code_cache/secondary-dexes/com.google.android.gms-1.apk.classes4.zip
I/MultiDex( 5912): Extracting /data/data/com.google.android.gms/code_cache/secondary-dexes/com.google.android.gms-1.apk.classes-1724785341.zip
I/ActivityManager( 1891): Start proc com.google.android.gms for service com.google.android.gms/.analytics.service.AnalyticsService: pid=5928 uid=10008 gids={50008, 3003, 1007, 1028, 1015, 1023, 3002, 3001, 3007, 2001, 3006}
W/dalvikvm( 5928): VFY: unable to resolve static field 573 (PR_SET_DUMPABLE) in Landroid/system/OsConstants;
D/dalvikvm( 5928): VFY: replacing opcode 0x60 at 0x000b
I/dalvikvm( 5928): Failed resolving Lcom/google/android/gms/common/h/c; interface 98 'Landroid/content/pm/PackageManager$OnPermissionsChangedListener;'
W/dalvikvm( 5928): Link of class 'Lcom/google/android/gms/common/h/c;' failed
E/dalvikvm( 5928): Could not find class 'com.google.android.gms.common.h.c', referenced from method com.google.android.gms.common.app.GmsApplication.onCreate
W/dalvikvm( 5928): VFY: unable to resolve new-instance 2620 (Lcom/google/android/gms/common/h/c;) in Lcom/google/android/gms/common/app/GmsApplication;
D/dalvikvm( 5928): VFY: replacing opcode 0x22 at 0x006f
I/dalvikvm( 5928): Failed resolving Lcom/google/android/gms/common/h/c; interface 98 'Landroid/content/pm/PackageManager$OnPermissionsChangedListener;'
W/dalvikvm( 5928): Link of class 'Lcom/google/android/gms/common/h/c;' failed
D/dalvikvm( 5928): DexOpt: unable to opt direct call 0x2bcc at 0x71 in Lcom/google/android/gms/common/app/GmsApplication;.onCreate
I/MultiDex( 5928): VM with version 1.6.0 does not have multidex support
I/MultiDex( 5928): install
I/MultiDex( 5928): MultiDexExtractor.load(/data/app/com.google.android.gms-1.apk, false)
I/MultiDex( 5928): Detected that extraction must be performed.
D/dalvikvm( 5928): GC_CONCURRENT freed 220K, 9% free 2864K/3144K, paused 2ms+0ms, total 6ms
D/dalvikvm( 5928): GC_CONCURRENT freed 107K, 6% free 3148K/3316K, paused 1ms+0ms, total 7ms
D/dalvikvm( 5928): GC_CONCURRENT freed 107K, 5% free 3427K/3600K, paused 1ms+1ms, total 7ms
D/dalvikvm( 5928): GC_CONCURRENT freed 114K, 5% free 3714K/3892K, paused 1ms+1ms, total 8ms
D/dalvikvm( 5928): GC_CONCURRENT freed 110K, 5% free 4005K/4184K, paused 1ms+2ms, total 10ms
I/MultiDex( 5928): Extraction is needed for file /data/data/com.google.android.gms/code_cache/secondary-dexes/com.google.android.gms-1.apk.classes2.zip
I/MultiDex( 5928): Extracting /data/data/com.google.android.gms/code_cache/secondary-dexes/com.google.android.gms-1.apk.classes-1993020340.zip
W/AudioFlinger( 1551): write blocked for 3046 msecs, 1 delayed writes, thread 0x41642010
I/MultiDex( 5912): Renaming to /data/data/com.google.android.gms/code_cache/secondary-dexes/com.google.android.gms-1.apk.classes4.zip
I/MultiDex( 5912): Extraction success - length /data/data/com.google.android.gms/code_cache/secondary-dexes/com.google.android.gms-1.apk.classes4.zip: 2008901
I/MultiDex( 5912): load found 3 secondary dex files
D/dalvikvm( 5912): DexOpt: --- BEGIN 'com.google.android.gms-1.apk.classes2.zip' (bootstrap=0) ---
D/dalvikvm( 5912): GC_CONCURRENT freed 194K, 7% free 4097K/4364K, paused 128ms+3ms, total 136ms
D/dalvikvm( 5943): GC_FOR_ALLOC freed 688K, 34% free 1358K/2048K, paused 2ms, total 2ms
D/dalvikvm( 5943): DexOpt: couldn't find field Landroid/os/Message;.sendingUid
D/dalvikvm( 5943): DexOpt: load 146ms, verify+opt 472ms, 5337236 bytes
D/dalvikvm( 5912): DexOpt: --- END 'com.google.android.gms-1.apk.classes2.zip' (success) ---
D/dalvikvm( 5912): DEX prep '/data/data/com.google.android.gms/code_cache/secondary-dexes/com.google.android.gms-1.apk.classes2.zip': unzip in 101ms, rewrite 784ms
D/dalvikvm( 5912): DexOpt: --- BEGIN 'com.google.android.gms-1.apk.classes3.zip' (bootstrap=0) ---
I/MultiDex( 5928): Renaming to /data/data/com.google.android.gms/code_cache/secondary-dexes/com.google.android.gms-1.apk.classes2.zip
I/MultiDex( 5928): Extraction success - length /data/data/com.google.android.gms/code_cache/secondary-dexes/com.google.android.gms-1.apk.classes2.zip: 2928171
I/MultiDex( 5928): Extraction is needed for file /data/data/com.google.android.gms/code_cache/secondary-dexes/com.google.android.gms-1.apk.classes3.zip
I/MultiDex( 5928): Extracting /data/data/com.google.android.gms/code_cache/secondary-dexes/com.google.android.gms-1.apk.classes1741584.zip
D/dalvikvm( 5945): DexOpt: couldn't find field Landroid/os/Message;.sendingUid
D/dalvikvm( 5945): GC_FOR_ALLOC freed 650K, 32% free 1397K/2048K, paused 2ms, total 2ms
D/dalvikvm( 5945): DexOpt: load 141ms, verify+opt 503ms, 5246836 bytes
D/dalvikvm( 5912): DexOpt: --- END 'com.google.android.gms-1.apk.classes3.zip' (success) ---
D/dalvikvm( 5912): DEX prep '/data/data/com.google.android.gms/code_cache/secondary-dexes/com.google.android.gms-1.apk.classes3.zip': unzip in 110ms, rewrite 813ms
D/dalvikvm( 5912): DexOpt: --- BEGIN 'com.google.android.gms-1.apk.classes4.zip' (bootstrap=0) ---
D/dalvikvm( 5947): DexOpt: load 93ms, verify+opt 203ms, 3627532 bytes
D/dalvikvm( 5912): DexOpt: --- END 'com.google.android.gms-1.apk.classes4.zip' (success) ---
D/dalvikvm( 5912): DEX prep '/data/data/com.google.android.gms/code_cache/secondary-dexes/com.google.android.gms-1.apk.classes4.zip': unzip in 68ms, rewrite 412ms
I/MultiDex( 5912): install done
I/GservicesProvider( 5912): Gservices pushing to system: true; secure/global: true
D/dalvikvm( 5912): GC_CONCURRENT freed 1564K, 36% free 2980K/4608K, paused 1ms+6ms, total 13ms
D/dalvikvm( 5912): DexOpt: couldn't find static field Landroid/os/Build;.SUPPORTED_ABIS
W/dalvikvm( 5912): VFY: unable to resolve static field 141 (SUPPORTED_ABIS) in Landroid/os/Build;
D/dalvikvm( 5912): VFY: replacing opcode 0x62 at 0x000a
D/dalvikvm( 5912): DexOpt: couldn't find field Landroid/content/pm/ApplicationInfo;.splitSourceDirs
W/dalvikvm( 5912): VFY: unable to resolve instance field 53
D/dalvikvm( 5912): VFY: replacing opcode 0x54 at 0x005f
D/dalvikvm( 5912): DexOpt: couldn't find static field Landroid/os/Build;.SUPPORTED_ABIS
W/dalvikvm( 5912): VFY: unable to resolve static field 141 (SUPPORTED_ABIS) in Landroid/os/Build;
D/dalvikvm( 5912): VFY: replacing opcode 0x62 at 0x0047
D/dalvikvm( 5912): DexOpt: couldn't find field Landroid/content/pm/ApplicationInfo;.splitSourceDirs
I/dalvikvm( 5912): DexOpt: unable to optimize instance field ref 0x0035 at 0x63 in Lcom/google/android/gms/common/util/ay;.b
I/ProviderInstaller( 5912): Insert disabled by gate 'gms:security:enable_conscrypt_in_gms_application'
D/GCM ( 5912): COMPAT: Multi user ser=0 current=0
D/dalvikvm( 5912): GC_CONCURRENT freed 188K, 29% free 3283K/4608K, paused 4ms+2ms, total 17ms
W/dalvikvm( 5912): VFY: unable to find class referenced in signature (Landroid/net/Network;)
W/dalvikvm( 5912): VFY: unable to find class referenced in signature (Landroid/net/Network;)
W/dalvikvm( 5912): VFY: unable to find class referenced in signature (Landroid/net/Network;)
I/dalvikvm( 5912): Could not find method android.net.Network.openConnection, referenced from method com.google.android.gms.http.g.a
W/dalvikvm( 5912): VFY: unable to resolve virtual method 908: Landroid/net/Network;.openConnection (Ljava/net/URL;)Ljava/net/URLConnection;
D/dalvikvm( 5912): VFY: replacing opcode 0x6e at 0x00bb
I/GoogleURLConnFactory( 5912): Using platform SSLCertificateSocketFactory
D/dalvikvm( 5912): DexOpt: couldn't find field Landroid/os/Message;.sendingUid
W/dalvikvm( 5912): VFY: unable to resolve instance field 149
D/dalvikvm( 5912): VFY: replacing opcode 0x52 at 0x0006
D/dalvikvm( 5912): GC_CONCURRENT freed 211K, 23% free 3555K/4608K, paused 2ms+2ms, total 23ms
D/dalvikvm( 5912): GC_CONCURRENT freed 162K, 17% free 3866K/4608K, paused 1ms+5ms, total 15ms
E/NetworkScheduler.SchedulerReceiver( 5912): Invalid parameter app
E/NetworkScheduler.SchedulerReceiver( 5912): Invalid package name : Perhaps you didn't include a PendingIntent in the extras?
I/dalvikvm( 5912): Could not find method android.accounts.AccountManager.removeAccount, referenced from method com.google.android.gms.auth.n.a
W/dalvikvm( 5912): VFY: unable to resolve virtual method 26: Landroid/accounts/AccountManager;.removeAccount (Landroid/accounts/Account;Landroid/app/Activity;Landroid/accounts/AccountManagerCallback;Landroid/os/Handler;)Landroid/accounts/AccountManagerFuture;
D/dalvikvm( 5912): VFY: replacing opcode 0x6e at 0x0018
D/dalvikvm( 5912): GC_CONCURRENT freed 165K, 9% free 4201K/4608K, paused 2ms+2ms, total 13ms
V/GLSActivity( 5912): AuthDelegateWrapperCreated with selected intent: Intent { cmp=com.google.android.gms/.auth.DefaultAuthDelegateService }
V/GLSActivity( 5912): AuthDelegateWrapperCreated with selected intent: Intent { cmp=com.google.android.gms/.auth.DefaultAuthDelegateService }
D/dalvikvm( 5912): GC_CONCURRENT freed 154K, 4% free 4504K/4688K, paused 1ms+2ms, total 14ms
I/dalvikvm( 5912): Could not find method android.content.pm.PackageManager.getPackageInstaller, referenced from method com.google.android.gms.common.kz.a
W/dalvikvm( 5912): VFY: unable to resolve virtual method 446: Landroid/content/pm/PackageManager;.getPackageInstaller ()Landroid/content/pm/PackageInstaller;
D/dalvikvm( 5912): VFY: replacing opcode 0x6e at 0x000d
I/dalvikvm( 5912): Could not find method android.app.Notification$Builder.setLocalOnly, referenced from method com.google.android.gms.common.kz.b
W/dalvikvm( 5912): VFY: unable to resolve virtual method 155: Landroid/app/Notification$Builder;.setLocalOnly (Z)Landroid/app/Notification$Builder;
D/dalvikvm( 5912): VFY: replacing opcode 0x6e at 0x0206
D/dalvikvm( 5912): GC_CONCURRENT freed 303K, 7% free 4820K/5136K, paused 2ms+2ms, total 34ms
I/dalvikvm( 5912): Could not find method android.accounts.AccountManager.removeAccountExplicitly, referenced from method com.google.android.gms.auth.be.o.a
W/dalvikvm( 5912): VFY: unable to resolve virtual method 27: Landroid/accounts/AccountManager;.removeAccountExplicitly (Landroid/accounts/Account;)Z
D/dalvikvm( 5912): VFY: replacing opcode 0x6e at 0x001f
V/GLSActivity( 5912): AuthDelegateWrapperCreated with selected intent: Intent { cmp=com.google.android.gms/.auth.DefaultAuthDelegateService }
I/GoogleURLConnFactory( 5912): Using platform SSLCertificateSocketFactory
I/GLSUser ( 5912): [ChannelManager] Attempting to channel bind connection HttpClient.
I/GLSUser ( 5912): [ChannelManager] Checking whether channelId is enabled. isEnabledGmsCore? false, isEnabledSdk? true, isAtLeastKitKat? true
I/dalvikvm( 5912): Could not find method android.accounts.AccountManager.notifyAccountAuthenticated, referenced from method com.google.android.gms.auth.be.r.a
W/dalvikvm( 5912): VFY: unable to resolve virtual method 24: Landroid/accounts/AccountManager;.notifyAccountAuthenticated (Landroid/accounts/Account;)Z
D/dalvikvm( 5912): VFY: replacing opcode 0x6e at 0x0041
E/dalvikvm( 5912): Could not find class 'android.net.Network', referenced from method com.google.android.gms.auth.be.k.a
W/dalvikvm( 5912): VFY: unable to resolve check-cast 191 (Landroid/net/Network;) in Lcom/google/android/gms/auth/be/k;
D/dalvikvm( 5912): VFY: replacing opcode 0x1f at 0x0149
D/NativeLibraryUtils( 5912): Install completed successfully. count=13 extracted=0
I/ActivityManager( 1891): Killing 5643:com.google.android.partnersetup/u0a11 (adj 15): empty #17
I/MultiDex( 5928): Renaming to /data/data/com.google.android.gms/code_cache/secondary-dexes/com.google.android.gms-1.apk.classes3.zip
I/MultiDex( 5928): Extraction success - length /data/data/com.google.android.gms/code_cache/secondary-dexes/com.google.android.gms-1.apk.classes3.zip: 3193440
I/MultiDex( 5928): Extraction is needed for file /data/data/com.google.android.gms/code_cache/secondary-dexes/com.google.android.gms-1.apk.classes4.zip
I/MultiDex( 5928): Extracting /data/data/com.google.android.gms/code_cache/secondary-dexes/com.google.android.gms-1.apk.classes-1724785341.zip
I/MultiDex( 5928): Renaming to /data/data/com.google.android.gms/code_cache/secondary-dexes/com.google.android.gms-1.apk.classes4.zip
I/MultiDex( 5928): Extraction success - length /data/data/com.google.android.gms/code_cache/secondary-dexes/com.google.android.gms-1.apk.classes4.zip: 2008901
I/MultiDex( 5928): load found 3 secondary dex files
I/MultiDex( 5928): install done
D/dalvikvm( 5928): GC_CONCURRENT freed 273K, 8% free 4173K/4516K, paused 0ms+3ms, total 6ms
D/dalvikvm( 5928): GC_CONCURRENT freed 1508K, 34% free 3076K/4640K, paused 0ms+1ms, total 9ms
D/dalvikvm( 5928): DexOpt: couldn't find static field Landroid/os/Build;.SUPPORTED_ABIS
W/dalvikvm( 5928): VFY: unable to resolve static field 141 (SUPPORTED_ABIS) in Landroid/os/Build;
D/dalvikvm( 5928): VFY: replacing opcode 0x62 at 0x000a
D/dalvikvm( 5928): DexOpt: couldn't find field Landroid/content/pm/ApplicationInfo;.splitSourceDirs
W/dalvikvm( 5928): VFY: unable to resolve instance field 53
D/dalvikvm( 5928): VFY: replacing opcode 0x54 at 0x005f
D/dalvikvm( 5928): DexOpt: couldn't find static field Landroid/os/Build;.SUPPORTED_ABIS
W/dalvikvm( 5928): VFY: unable to resolve static field 141 (SUPPORTED_ABIS) in Landroid/os/Build;
D/dalvikvm( 5928): VFY: replacing opcode 0x62 at 0x0047
D/dalvikvm( 5928): DexOpt: couldn't find field Landroid/content/pm/ApplicationInfo;.splitSourceDirs
I/dalvikvm( 5928): DexOpt: unable to optimize instance field ref 0x0035 at 0x63 in Lcom/google/android/gms/common/util/ay;.b
I/ProviderInstaller( 5928): Insert disabled by gate 'gms:security:enable_conscrypt_in_gms_application'
I/dalvikvm( 5928): Could not find method android.content.pm.PackageManager.getPackageInstaller, referenced from method com.google.android.gms.common.kz.a
W/dalvikvm( 5928): VFY: unable to resolve virtual method 446: Landroid/content/pm/PackageManager;.getPackageInstaller ()Landroid/content/pm/PackageInstaller;
D/dalvikvm( 5928): VFY: replacing opcode 0x6e at 0x000d
I/dalvikvm( 5928): Could not find method android.app.Notification$Builder.setLocalOnly, referenced from method com.google.android.gms.common.kz.b
W/dalvikvm( 5928): VFY: unable to resolve virtual method 155: Landroid/app/Notification$Builder;.setLocalOnly (Z)Landroid/app/Notification$Builder;
D/dalvikvm( 5928): VFY: replacing opcode 0x6e at 0x0206
I/GAv4-SVC( 5928): Google Analytics 8.1.15 is starting up.
D/dalvikvm( 5928): GC_CONCURRENT freed 265K, 29% free 3324K/4640K, paused 2ms+2ms, total 16ms
D/dalvikvm( 5928): WAIT_FOR_CONCURRENT_GC blocked 4ms
D/PackageBroadcastService( 5928): Received broadcast action=android.intent.action.PACKAGE_REMOVED and uri=com.google.android.gms
I/PackageBroadcastService( 5928): Null package name or gms related package. Ignoreing.
I/ActivityManager( 1891): Start proc com.google.android.gms.persistent for service com.google.android.gms/.fitness.disconnect.FitCleanupService: pid=5964 uid=10008 gids={50008, 3003, 1007, 1028, 1015, 1023, 3002, 3001, 3007, 2001, 3006}
D/dalvikvm( 5928): GC_CONCURRENT freed 161K, 22% free 3620K/4640K, paused 4ms+2ms, total 16ms
I/ActivityManager( 1891): Delay finish: com.google.android.gms/.icing.proxy.AppsMonitor
W/dalvikvm( 5964): VFY: unable to resolve static field 573 (PR_SET_DUMPABLE) in Landroid/system/OsConstants;
D/dalvikvm( 5964): VFY: replacing opcode 0x60 at 0x000b
I/dalvikvm( 5964): Failed resolving Lcom/google/android/gms/common/h/c; interface 98 'Landroid/content/pm/PackageManager$OnPermissionsChangedListener;'
W/dalvikvm( 5964): Link of class 'Lcom/google/android/gms/common/h/c;' failed
E/dalvikvm( 5964): Could not find class 'com.google.android.gms.common.h.c', referenced from method com.google.android.gms.common.app.GmsApplication.onCreate
W/dalvikvm( 5964): VFY: unable to resolve new-instance 2620 (Lcom/google/android/gms/common/h/c;) in Lcom/google/android/gms/common/app/GmsApplication;
D/dalvikvm( 5964): VFY: replacing opcode 0x22 at 0x006f
I/dalvikvm( 5964): Failed resolving Lcom/google/android/gms/common/h/c; interface 98 'Landroid/content/pm/PackageManager$OnPermissionsChangedListener;'
W/dalvikvm( 5964): Link of class 'Lcom/google/android/gms/common/h/c;' failed
D/dalvikvm( 5964): DexOpt: unable to opt direct call 0x2bcc at 0x71 in Lcom/google/android/gms/common/app/GmsApplication;.onCreate
I/MultiDex( 5964): VM with version 1.6.0 does not have multidex support
I/MultiDex( 5964): install
