W/ContextImpl( 3336): Failed to ensure directory: /storage/usb3/Android/data/com.google.android.music/cache
E/Vold ( 1544): Failed to find volume for /storage/sdcard1/Android/data/com.google.android.music/cache/
W/Vold ( 1544): Returning OperationFailed - no handler for errno 30
W/ContextImpl( 3336): Failed to ensure directory: /storage/sdcard1/Android/data/com.google.android.music/cache
W/dalvikvm( 5165): VFY: unable to resolve static field 629 (PR_SET_DUMPABLE) in Landroid/system/OsConstants;
D/dalvikvm( 5165): VFY: replacing opcode 0x60 at 0x000b
I/MultiDex( 5165): VM with version 1.6.0 does not have multidex support
I/MultiDex( 5165): install
I/MusicLeanback( 3336): New source account
I/MultiDex( 5165): MultiDexExtractor.load(/system/priv-app/GmsCore.apk, false)
I/MultiDex( 5165): loading existing secondary dex files
I/MultiDex( 5165): load found 3 secondary dex files
I/MultiDex( 5165): install done
I/GLSUser ( 2213): [GLSUser] getTokenFromCache: [account: , callingPkg: com.google.android.music, service: sj]
I/ProviderInstaller( 5165): Insert disabled by gate 'gms:security:enable_conscrypt_in_gms_application'
I/dalvikvm( 5165): Could not find method android.os.UserManager.getUserProfiles, referenced from method com.google.android.gms.wearable.service.n.a
W/dalvikvm( 5165): VFY: unable to resolve virtual method 1093: Landroid/os/UserManager;.getUserProfiles ()Ljava/util/List;
D/dalvikvm( 5165): VFY: replacing opcode 0x6e at 0x003f
D/GCM ( 2213): GcmService start Intent { act=com.google.android.gms.INITIALIZE flg=0x10 pkg=com.google.android.gms cmp=com.google.android.gms/.gcm.GcmService } com.google.android.gms.INITIALIZE
D/WearableService( 5165): callingUid 10008, callindPid: 5165
D/AuthorizationBluetoothService( 2213): Received GmsCore event: Intent { act=com.google.android.gms.INITIALIZE flg=0x10 pkg=com.google.android.gms cmp=com.google.android.gms/.auth.be.proximity.authorization.bt.AuthorizationBluetoothService$AutoStarter }.
E/AuthorizationBluetoothService( 2213): Proximity feature is not enabled.
V/GmsCoreStatsServiceLauncher( 2252): Received broadcast intent Intent { act=com.google.android.gms.INITIALIZE flg=0x10 pkg=com.google.android.gms cmp=com.google.android.gms/.common.stats.GmsCoreStatsServiceLauncher }
E/dalvikvm( 5165): Could not find class 'android.telecom.TelecomManager', referenced from method com.google.android.gms.wearable.service.y.a
W/dalvikvm( 5165): VFY: unable to resolve check-cast 440 (Landroid/telecom/TelecomManager;) in Lcom/google/android/gms/wearable/service/y;
D/dalvikvm( 5165): VFY: replacing opcode 0x1f at 0x004c
W/dalvikvm( 5165): VFY: unable to find class referenced in signature (Landroid/telecom/TelecomManager;)
D/LocationInitializer( 2252): Restart initialization of location
I/dalvikvm( 5165): Could not find method android.content.pm.PackageManager.getPackageInstaller, referenced from method com.google.android.gms.common.ij.a
W/dalvikvm( 5165): VFY: unable to resolve virtual method 449: Landroid/content/pm/PackageManager;.getPackageInstaller ()Landroid/content/pm/PackageInstaller;
D/dalvikvm( 5165): VFY: replacing opcode 0x6e at 0x000d
I/dalvikvm( 5165): Could not find method android.app.Notification$Builder.setLocalOnly, referenced from method com.google.android.gms.common.ij.b
W/dalvikvm( 5165): VFY: unable to resolve virtual method 154: Landroid/app/Notification$Builder;.setLocalOnly (Z)Landroid/app/Notification$Builder;
D/dalvikvm( 5165): VFY: replacing opcode 0x6e at 0x0201
E/GmsUtils( 3336): Failed to connect to Google API client: ConnectionResult{statusCode=API_UNAVAILABLE, resolution=null}
E/GmsUtils( 3336): Failed to connect to Google API client: ConnectionResult{statusCode=API_UNAVAILABLE, resolution=null}
E/MDM ( 2115): [77] b.run: Couldn't connect to Google API client: ConnectionResult{statusCode=API_UNAVAILABLE, resolution=null}
D/dalvikvm( 5165): GC_CONCURRENT freed 267K, 11% free 2793K/3124K, paused 1ms+2ms, total 8ms
D/Vold ( 1544): Volume usb1 state changing 0 (No-Media) -> 2 (Pending)
D/DirectVolume( 1544): DirectVolume::handlePartitionAdded -> MAJOR 8, MINOR 33, PARTN 1
D/Vold ( 1544): Volume usb1 state changing 2 (Pending) -> 1 (Idle-Unmounted)
D/MountService( 1891): volume state changed for /storage/usb1 (removed -> unmounted)
D/MountService( 1891): sendStorageIntent Intent { act=android.intent.action.MEDIA_UNMOUNTED dat=file:///storage/usb1 (has extras) } to UserHandle{-1}
I/Vold ( 1544): /dev/block/vold/8:33 being considered for volume usb1
D/Vold ( 1544): Volume usb1 state changing 1 (Idle-Unmounted) -> 3 (Checking)
D/Vold ( 1544): Trying to get filesystem type for /dev/block/vold/8:33
D/MountService( 1891): volume state changed for /storage/usb1 (unmounted -> checking)
D/MountService( 1891): sendStorageIntent Intent { act=android.intent.action.MEDIA_CHECKING dat=file:///storage/usb1 (has extras) } to UserHandle{-1}
D/Vold ( 1544): Found ntfs filesystem on /dev/block/vold/8:33
D/Vold ( 1544): Mounting ntfs with options:utf8,uid=1023,gid=1023,fmask=7,dmask=7,shortname=mixed,nodev,nosuid,dirsync,noexec
I/ActivityManager( 1891): Start proc com.android.externalstorage for broadcast com.android.externalstorage/.MountReceiver: pid=5191 uid=10007 gids={50007, 1028, 1015, 1023}
D/ExternalStorage( 5191): After updating volumes, found 1 active roots
W/libc ( 5196): mntent* getmntent(FILE*)(3) is not implemented on Android
I/ntfs-3g ( 1544): mntent* getmntent(FILE*)(3) is not implemented on Android
D/ExternalStorage( 5191): After updating volumes, found 1 active roots
D/MediaScannerReceiver( 5116): action: android.intent.action.MEDIA_UNMOUNTED path: /storage/usb1
D/Vold ( 1544): blkid identified as /dev/block/vold/8:33: UUID="CE96149B9614865D" TYPE="ntfs"
E/cutils ( 1544): Failed to mkdirat(/storage/usb0/Android): Read-only file system
E/cutils ( 1544): Failed to mkdirat(/storage/usb0/Android): Read-only file system
D/Vold ( 1544): Volume usb1 state changing 3 (Checking) -> 4 (Mounted)
W/Vold ( 1544): Returning OperationFailed - no handler for errno 30
W/Vold ( 1544): Returning OperationFailed - no handler for errno 30
D/MountService( 1891): volume state changed for /storage/usb1 (checking -> mounted)
W/ContextImpl( 3336): Failed to ensure directory: /storage/usb0/Android/data/com.google.android.music/files
W/ContextImpl( 4598): Failed to ensure directory: /storage/usb0/Android/data/com.google.android.youtube/files
E/cutils ( 1544): Failed to mkdirat(/storage/usb1/Android): Read-only file system
W/Vold ( 1544): Returning OperationFailed - no handler for errno 30
D/MountService( 1891): sendStorageIntent Intent { act=android.intent.action.MEDIA_MOUNTED dat=file:///storage/usb1 (has extras) } to UserHandle{-1}
W/ContextImpl( 3336): Failed to ensure directory: /storage/usb1/Android/data/com.google.android.music/files
E/cutils ( 1544): Failed to mkdirat(/storage/usb1/Android): Read-only file system
W/Vold ( 1544): Returning OperationFailed - no handler for errno 30
W/ContextImpl( 4598): Failed to ensure directory: /storage/usb1/Android/data/com.google.android.youtube/files
E/cutils ( 1544): Failed to mkdirat(/storage/usb2/Android): Read-only file system
W/Vold ( 1544): Returning OperationFailed - no handler for errno 30
D/ExternalStorage( 5191): After updating volumes, found 2 active roots
W/ContextImpl( 4598): Failed to ensure directory: /storage/usb2/Android/data/com.google.android.youtube/files
E/cutils ( 1544): Failed to mkdirat(/storage/usb3/Android): Read-only file system
W/Vold ( 1544): Returning OperationFailed - no handler for errno 30
W/ContextImpl( 4598): Failed to ensure directory: /storage/usb3/Android/data/com.google.android.youtube/files
E/Vold ( 1544): Failed to find volume for /storage/sdcard1/Android/data/com.google.android.youtube/files/
W/Vold ( 1544): Returning OperationFailed - no handler for errno 30
W/ContextImpl( 4598): Failed to ensure directory: /storage/sdcard1/Android/data/com.google.android.youtube/files
E/cutils ( 1544): Failed to mkdirat(/storage/usb2/Android): Read-only file system
D/MediaScannerReceiver( 5116): action: android.intent.action.MEDIA_MOUNTED path: /storage/usb1
W/Vold ( 1544): Returning OperationFailed - no handler for errno 30
E/cutils ( 1544): Failed to mkdirat(/storage/usb0/Android): Read-only file system
W/Vold ( 1544): Returning OperationFailed - no handler for errno 30
W/ContextImpl( 4598): Failed to ensure directory: /storage/usb0/Android/data/com.google.android.youtube/files
W/ContextImpl( 3336): Failed to ensure directory: /storage/usb2/Android/data/com.google.android.music/files
D/ConnectivityService( 1891): special network not available ni=mobile_hipri
E/cutils ( 1544): Failed to mkdirat(/storage/usb3/Android): Read-only file system
W/Vold ( 1544): Returning OperationFailed - no handler for errno 30
W/ContextImpl( 3336): Failed to ensure directory: /storage/usb3/Android/data/com.google.android.music/files
E/Vold ( 1544): Failed to find volume for /storage/sdcard1/Android/data/com.google.android.music/files/
W/Vold ( 1544): Returning OperationFailed - no handler for errno 30
W/ContextImpl( 3336): Failed to ensure directory: /storage/sdcard1/Android/data/com.google.android.music/files
E/cutils ( 1544): Failed to mkdirat(/storage/usb2/Android): Read-only file system
W/Vold ( 1544): Returning OperationFailed - no handler for errno 30
W/ContextImpl( 4598): Failed to ensure directory: /storage/usb2/Android/data/com.google.android.youtube/files
E/cutils ( 1544): Failed to mkdirat(/storage/usb3/Android): Read-only file system
W/Vold ( 1544): Returning OperationFailed - no handler for errno 30
W/ContextImpl( 4598): Failed to ensure directory: /storage/usb3/Android/data/com.google.android.youtube/files
E/Vold ( 1544): Failed to find volume for /storage/sdcard1/Android/data/com.google.android.youtube/files/
W/Vold ( 1544): Returning OperationFailed - no handler for errno 30
W/ContextImpl( 4598): Failed to ensure directory: /storage/sdcard1/Android/data/com.google.android.youtube/files
E/cutils ( 1544): Failed to mkdirat(/storage/usb0/Android): Read-only file system
W/Vold ( 1544): Returning OperationFailed - no handler for errno 30
W/ContextImpl( 4598): Failed to ensure directory: /storage/usb0/Android/data/com.google.android.youtube/files
E/cutils ( 1544): Failed to mkdirat(/storage/usb2/Android): Read-only file system
W/Vold ( 1544): Returning OperationFailed - no handler for errno 30
W/ContextImpl( 4598): Failed to ensure directory: /storage/usb2/Android/data/com.google.android.youtube/files
E/cutils ( 1544): Failed to mkdirat(/storage/usb3/Android): Read-only file system
W/Vold ( 1544): Returning OperationFailed - no handler for errno 30
W/ContextImpl( 4598): Failed to ensure directory: /storage/usb3/Android/data/com.google.android.youtube/files
E/Vold ( 1544): Failed to find volume for /storage/sdcard1/Android/data/com.google.android.youtube/files/
W/Vold ( 1544): Returning OperationFailed - no handler for errno 30
W/ContextImpl( 4598): Failed to ensure directory: /storage/sdcard1/Android/data/com.google.android.youtube/files
E/cutils ( 1544): Failed to mkdirat(/storage/usb0/Android): Read-only file system
W/Vold ( 1544): Returning OperationFailed - no handler for errno 30
W/ContextImpl( 4598): Failed to ensure directory: /storage/usb0/Android/data/com.google.android.youtube/files
E/cutils ( 1544): Failed to mkdirat(/storage/usb2/Android): Read-only file system
W/Vold ( 1544): Returning OperationFailed - no handler for errno 30
W/ContextImpl( 4598): Failed to ensure directory: /storage/usb2/Android/data/com.google.android.youtube/files
E/cutils ( 1544): Failed to mkdirat(/storage/usb3/Android): Read-only file system
W/Vold ( 1544): Returning OperationFailed - no handler for errno 30
W/ContextImpl( 4598): Failed to ensure directory: /storage/usb3/Android/data/com.google.android.youtube/files
D/dalvikvm( 1891): GC_CONCURRENT freed 1521K, 27% free 8723K/11856K, paused 1ms+3ms, total 49ms
D/dalvikvm( 1891): WAIT_FOR_CONCURRENT_GC blocked 17ms
D/dalvikvm( 1891): WAIT_FOR_CONCURRENT_GC blocked 26ms
D/dalvikvm( 1891): WAIT_FOR_CONCURRENT_GC blocked 23ms
E/Vold ( 1544): Failed to find volume for /storage/sdcard1/Android/data/com.google.android.youtube/files/
W/Vold ( 1544): Returning OperationFailed - no handler for errno 30
W/ContextImpl( 4598): Failed to ensure directory: /storage/sdcard1/Android/data/com.google.android.youtube/files
E/cutils ( 1544): Failed to mkdirat(/storage/usb0/Android): Read-only file system
W/Vold ( 1544): Returning OperationFailed - no handler for errno 30
W/ContextImpl( 3336): Failed to ensure directory: /storage/usb0/Android/data/com.google.android.music/files
E/cutils ( 1544): Failed to mkdirat(/storage/usb2/Android): Read-only file system
W/Vold ( 1544): Returning OperationFailed - no handler for errno 30
W/ContextImpl( 3336): Failed to ensure directory: /storage/usb2/Android/data/com.google.android.music/files
I/UploadsDatabaseHelper( 2252): Creating database tables at version 33
E/cutils ( 1544): Failed to mkdirat(/storage/usb3/Android): Read-only file system
W/Vold ( 1544): Returning OperationFailed - no handler for errno 30
W/ContextImpl( 3336): Failed to ensure directory: /storage/usb3/Android/data/com.google.android.music/files
E/Vold ( 1544): Failed to find volume for /storage/sdcard1/Android/data/com.google.android.music/files/
W/Vold ( 1544): Returning OperationFailed - no handler for errno 30
W/ContextImpl( 3336): Failed to ensure directory: /storage/sdcard1/Android/data/com.google.android.music/files
E/cutils ( 1544): Failed to mkdirat(/storage/usb0/Android): Read-only file system
W/Vold ( 1544): Returning OperationFailed - no handler for errno 30
W/ContextImpl( 3336): Failed to ensure directory: /storage/usb0/Android/data/com.google.android.music/files
E/cutils ( 1544): Failed to mkdirat(/storage/usb2/Android): Read-only file system
W/Vold ( 1544): Returning OperationFailed - no handler for errno 30
W/ContextImpl( 3336): Failed to ensure directory: /storage/usb2/Android/data/com.google.android.music/files
E/cutils ( 1544): Failed to mkdirat(/storage/usb3/Android): Read-only file system
W/Vold ( 1544): Returning OperationFailed - no handler for errno 30
W/ContextImpl( 3336): Failed to ensure directory: /storage/usb3/Android/data/com.google.android.music/files
E/Vold ( 1544): Failed to find volume for /storage/sdcard1/Android/data/com.google.android.music/files/
W/Vold ( 1544): Returning OperationFailed - no handler for errno 30
W/ContextImpl( 3336): Failed to ensure directory: /storage/sdcard1/Android/data/com.google.android.music/files
I/iu.UploadsManager( 2252): #reloadSettings(); account: -1; IU: disabled; IS: disabled; IS account: -1; photoWiFi: true; videoWiFi: true; roam: false; battery: true; size: FULL; maxMobile: 157286400
E/cutils ( 1544): Failed to mkdirat(/storage/usb0/Android): Read-only file system
W/Vold ( 1544): Returning OperationFailed - no handler for errno 30
W/ContextImpl( 3336): Failed to ensure directory: /storage/usb0/Android/data/com.google.android.music/files
E/cutils ( 1544): Failed to mkdirat(/storage/usb2/Android): Read-only file system
W/Vold ( 1544): Returning OperationFailed - no handler for errno 30
W/ContextImpl( 3336): Failed to ensure directory: /storage/usb2/Android/data/com.google.android.music/files
E/cutils ( 1544): Failed to mkdirat(/storage/usb3/Android): Read-only file system
W/Vold ( 1544): Returning OperationFailed - no handler for errno 30
W/ContextImpl( 3336): Failed to ensure directory: /storage/usb3/Android/data/com.google.android.music/files
E/Vold ( 1544): Failed to find volume for /storage/sdcard1/Android/data/com.google.android.music/files/
W/Vold ( 1544): Returning OperationFailed - no handler for errno 30
W/ContextImpl( 3336): Failed to ensure directory: /storage/sdcard1/Android/data/com.google.android.music/files
D/dalvikvm( 5116): GC_CONCURRENT freed 237K, 9% free 3221K/3524K, paused 1ms+0ms, total 11ms
I/iu.UploadsManager( 2252): End new media; added: 0, uploading: 0, time: 81 ms
W/MediaScanner( 5116): Error opening directory '/storage/sdcard1/', skipping: Permission denied.
W/MediaScanner( 5116): Error opening directory '/storage/usb0/', skipping: Permission denied.
I/GLSUser ( 2213): [GLSUser] getTokenFromCache: [account: , callingPkg: com.google.android.music, service: sj]
E/cutils ( 1544): Failed to mkdirat(/storage/usb0/Android): Read-only file system
W/Vold ( 1544): Returning OperationFailed - no handler for errno 30
W/ContextImpl( 3336): Failed to ensure directory: /storage/usb0/Android/data/com.google.android.music/files
E/cutils ( 1544): Failed to mkdirat(/storage/usb2/Android): Read-only file system
W/Vold ( 1544): Returning OperationFailed - no handler for errno 30
W/ContextImpl( 3336): Failed to ensure directory: /storage/usb2/Android/data/com.google.android.music/files
E/cutils ( 1544): Failed to mkdirat(/storage/usb3/Android): Read-only file system
W/Vold ( 1544): Returning OperationFailed - no handler for errno 30
W/ContextImpl( 3336): Failed to ensure directory: /storage/usb3/Android/data/com.google.android.music/files
E/Vold ( 1544): Failed to find volume for /storage/sdcard1/Android/data/com.google.android.music/files/
W/Vold ( 1544): Returning OperationFailed - no handler for errno 30
W/ContextImpl( 3336): Failed to ensure directory: /storage/sdcard1/Android/data/com.google.android.music/files
E/cutils ( 1544): Failed to mkdirat(/storage/usb0/Android): Read-only file system
W/Vold ( 1544): Returning OperationFailed - no handler for errno 30
W/ContextImpl( 3336): Failed to ensure directory: /storage/usb0/Android/data/com.google.android.music/files
E/cutils ( 1544): Failed to mkdirat(/storage/usb2/Android): Read-only file system
W/Vold ( 1544): Returning OperationFailed - no handler for errno 30
W/ContextImpl( 3336): Failed to ensure directory: /storage/usb2/Android/data/com.google.android.music/files
E/cutils ( 1544): Failed to mkdirat(/storage/usb3/Android): Read-only file system
W/Vold ( 1544): Returning OperationFailed - no handler for errno 30
W/ContextImpl( 3336): Failed to ensure directory: /storage/usb3/Android/data/com.google.android.music/files
E/Vold ( 1544): Failed to find volume for /storage/sdcard1/Android/data/com.google.android.music/files/
W/Vold ( 1544): Returning OperationFailed - no handler for errno 30
W/ContextImpl( 3336): Failed to ensure directory: /storage/sdcard1/Android/data/com.google.android.music/files
D/dalvikvm( 5116): GC_CONCURRENT freed 394K, 13% free 3216K/3684K, paused 1ms+0ms, total 7ms
D/dalvikvm( 5116): GC_CONCURRENT freed 280K, 10% free 3323K/3684K, paused 2ms+1ms, total 6ms
D/ConnectivityService( 1891): special network not available ni=mobile_hipri
D/dalvikvm( 3488): GC_CONCURRENT freed 331K, 10% free 3846K/4240K, paused 2ms+1ms, total 9ms
D/dalvikvm( 5116): GC_CONCURRENT freed 302K, 10% free 3410K/3772K, paused 0ms+1ms, total 7ms
D/dalvikvm( 3488): GC_CONCURRENT freed 373K, 11% free 3877K/4312K, paused 2ms+1ms, total 10ms
D/dalvikvm( 3488): GC_CONCURRENT freed 364K, 12% free 3898K/4396K, paused 2ms+1ms, total 8ms
D/dalvikvm( 5116): GC_CONCURRENT freed 310K, 10% free 3488K/3860K, paused 0ms+1ms, total 6ms
D/dalvikvm( 3488): GC_CONCURRENT freed 315K, 10% free 3971K/4396K, paused 2ms+1ms, total 9ms
D/dalvikvm( 2213): GC_CONCURRENT freed 823K, 17% free 4766K/5712K, paused 2ms+3ms, total 21ms
D/dalvikvm( 3488): GC_CONCURRENT freed 706K, 18% free 3659K/4428K, paused 2ms+1ms, total 11ms
D/dalvikvm( 5116): GC_CONCURRENT freed 315K, 10% free 3569K/3944K, paused 1ms+2ms, total 10ms
D/dalvikvm( 3488): GC_CONCURRENT freed 229K, 14% free 3840K/4428K, paused 0ms+2ms, total 10ms
D/dalvikvm( 5116): GC_CONCURRENT freed 411K, 12% free 3580K/4040K, paused 1ms+1ms, total 12ms
D/ConnectivityService( 1891): special network not available ni=mobile_hipri
D/dalvikvm( 3488): GC_CONCURRENT freed 323K, 12% free 3901K/4428K, paused 2ms+1ms, total 10ms
D/dalvikvm( 5116): GC_CONCURRENT freed 547K, 15% free 3492K/4088K, paused 5ms+1ms, total 23ms
I/GLSUser ( 2213): [GLSUser] getTokenFromCache: [account: , callingPkg: com.google.android.music, service: sj]
D/dalvikvm( 3488): GC_CONCURRENT freed 367K, 12% free 3926K/4428K, paused 2ms+1ms, total 13ms
D/dalvikvm( 5116): GC_CONCURRENT freed 400K, 15% free 3479K/4088K, paused 1ms+0ms, total 8ms
D/dalvikvm( 3488): GC_FOR_ALLOC freed 318K, 13% free 3930K/4496K, paused 7ms, total 7ms
D/dalvikvm( 5116): GC_CONCURRENT freed 410K, 15% free 3488K/4088K, paused 0ms+0ms, total 6ms
D/dalvikvm( 3488): GC_CONCURRENT freed 316K, 11% free 4010K/4496K, paused 0ms+2ms, total 8ms
D/dalvikvm( 5116): GC_CONCURRENT freed 383K, 15% free 3490K/4088K, paused 1ms+0ms, total 7ms
D/dalvikvm( 2213): GC_CONCURRENT freed 659K, 17% free 4741K/5712K, paused 2ms+3ms, total 18ms
D/dalvikvm( 3488): GC_CONCURRENT freed 788K, 19% free 3706K/4544K, paused 0ms+5ms, total 13ms
D/dalvikvm( 5116): GC_CONCURRENT freed 651K, 21% free 3234K/4088K, paused 1ms+0ms, total 8ms
D/dalvikvm( 3488): GC_CONCURRENT freed 235K, 15% free 3875K/4544K, paused 0ms+1ms, total 9ms
W/MusicApiClient( 3336): No content in 'data' field in GET sync response for SyncablePlaylist
I/GLSUser ( 2213): [GLSUser] getTokenFromCache: [account: , callingPkg: com.google.android.music, service: sj]
D/SurfaceFlinger( 1548): Screen acquired, type=0 flinger=0x40ece820
D/GRALLOC-DRM( 1548): set master
D/dalvikvm( 3488): GC_CONCURRENT freed 335K, 14% free 3938K/4544K, paused 0ms+1ms, total 10ms
D/dalvikvm( 1891): GC_EXPLICIT freed 926K, 27% free 8687K/11856K, paused 1ms+3ms, total 42ms
D/ConnectivityService( 1891): special network not available ni=mobile_hipri
D/dalvikvm( 3488): GC_CONCURRENT freed 399K, 13% free 3984K/4544K, paused 0ms+1ms, total 13ms
D/dalvikvm( 5116): GC_CONCURRENT freed 231K, 17% free 3397K/4088K, paused 0ms+1ms, total 7ms
D/dalvikvm( 3488): GC_FOR_ALLOC freed 370K, 13% free 3985K/4556K, paused 7ms, total 7ms
D/dalvikvm( 3488): GC_CONCURRENT freed 342K, 11% free 4059K/4556K, paused 1ms+1ms, total 9ms
D/dalvikvm( 2213): GC_CONCURRENT freed 632K, 18% free 4717K/5712K, paused 2ms+3ms, total 15ms
D/dalvikvm( 5116): GC_CONCURRENT freed 323K, 16% free 3459K/4088K, paused 0ms+2ms, total 8ms
D/dalvikvm( 3488): GC_CONCURRENT freed 843K, 20% free 3730K/4632K, paused 0ms+1ms, total 8ms
D/dalvikvm( 3488): WAIT_FOR_CONCURRENT_GC blocked 4ms
D/dalvikvm( 5116): GC_FOR_ALLOC freed 263K, 15% free 3486K/4088K, paused 7ms, total 7ms
I/dalvikvm-heap( 5116): Grow heap (frag case) to 3.475MB for 16396-byte allocation
D/dalvikvm( 5116): GC_FOR_ALLOC freed <1K, 15% free 3502K/4108K, paused 7ms, total 7ms
D/dalvikvm( 3488): GC_CONCURRENT freed 141K, 15% free 3980K/4632K, paused 2ms+0ms, total 12ms
I/Choreographer( 1960): Skipped 47 frames! The application may be doing too much work on its main thread.
D/dalvikvm( 3488): GC_CONCURRENT freed 300K, 12% free 4087K/4632K, paused 2ms+1ms, total 11ms
D/dalvikvm( 5116): GC_FOR_ALLOC freed 249K, 14% free 3543K/4108K, paused 7ms, total 7ms
D/dalvikvm( 5116): GC_FOR_ALLOC freed 103K, 16% free 3460K/4108K, paused 6ms, total 6ms
D/dalvikvm( 5116): GC_FOR_ALLOC freed 19K, 16% free 3461K/4108K, paused 5ms, total 5ms
D/dalvikvm( 5116): GC_FOR_ALLOC freed 19K, 16% free 3461K/4108K, paused 5ms, total 5ms
D/dalvikvm( 5116): GC_FOR_ALLOC freed 19K, 16% free 3462K/4108K, paused 6ms, total 6ms
D/dalvikvm( 3488): GC_CONCURRENT freed 389K, 12% free 4106K/4632K, paused 1ms+2ms, total 12ms
D/dalvikvm( 5116): GC_FOR_ALLOC freed 19K, 16% free 3463K/4108K, paused 6ms, total 6ms
D/dalvikvm( 5116): GC_FOR_ALLOC freed 19K, 16% free 3463K/4108K, paused 5ms, total 5ms
D/dalvikvm( 5116): GC_FOR_ALLOC freed 19K, 16% free 3464K/4108K, paused 5ms, total 5ms
D/dalvikvm( 5116): GC_FOR_ALLOC freed 19K, 16% free 3465K/4108K, paused 5ms, total 5ms
D/dalvikvm( 5116): GC_FOR_ALLOC freed 19K, 16% free 3465K/4108K, paused 5ms, total 5ms
D/dalvikvm( 5116): GC_FOR_ALLOC freed 19K, 16% free 3466K/4108K, paused 5ms, total 5ms
D/dalvikvm( 5116): GC_FOR_ALLOC freed 19K, 16% free 3467K/4108K, paused 5ms, total 5ms
D/dalvikvm( 5116): GC_FOR_ALLOC freed 19K, 16% free 3467K/4108K, paused 5ms, total 5ms
D/dalvikvm( 3488): GC_CONCURRENT freed 379K, 11% free 4144K/4632K, paused 2ms+1ms, total 11ms
D/ConnectivityService( 1891): special network not available ni=mobile_hipri
W/MediaScanner( 5116): Error opening directory '/storage/usb2/', skipping: Permission denied.
W/MediaScanner( 5116): Error opening directory '/storage/usb3/', skipping: Permission denied.
W/MusicApiClient( 3336): No content in 'data' field in GET sync response for SyncablePlaylistEntry
D/dalvikvm( 3336): GC_CONCURRENT freed 1175K, 32% free 6503K/9436K, paused 1ms+1ms, total 12ms
I/GLSUser ( 2213): [GLSUser] getTokenFromCache: [account: , callingPkg: com.google.android.music, service: sj]
D/dalvikvm( 3488): GC_CONCURRENT freed 388K, 10% free 4169K/4632K, paused 2ms+1ms, total 15ms
D/dalvikvm( 5116): GC_CONCURRENT freed 323K, 15% free 3531K/4108K, paused 0ms+1ms, total 7ms
D/dalvikvm( 3488): GC_FOR_ALLOC freed 300K, 13% free 4138K/4740K, paused 8ms, total 8ms
D/dalvikvm( 5116): GC_CONCURRENT freed 499K, 17% free 3425K/4108K, paused 0ms+0ms, total 5ms
D/dalvikvm( 3488): GC_CONCURRENT freed 263K, 10% free 4272K/4740K, paused 2ms+3ms, total 13ms
D/dalvikvm( 5116): GC_CONCURRENT freed 381K, 17% free 3430K/4108K, paused 1ms+0ms, total 7ms
D/dalvikvm( 2213): GC_CONCURRENT freed 451K, 15% free 4890K/5712K, paused 1ms+3ms, total 15ms
D/dalvikvm( 5116): GC_CONCURRENT freed 374K, 17% free 3443K/4108K, paused 2ms+1ms, total 11ms
D/dalvikvm( 3488): GC_CONCURRENT freed 1041K, 24% free 3641K/4744K, paused 2ms+2ms, total 10ms
D/dalvikvm( 3488): GC_CONCURRENT freed 164K, 18% free 3890K/4744K, paused 2ms+1ms, total 10ms
D/dalvikvm( 5116): GC_CONCURRENT freed 407K, 17% free 3443K/4108K, paused 1ms+1ms, total 9ms
V/MediaScanner( 5116): pruneDeadThumbnailFiles... android.database.sqlite.SQLiteCursor@216dcbb0
V/MediaScanner( 5116): /pruneDeadThumbnailFiles... android.database.sqlite.SQLiteCursor@216dcbb0
I/MediaStoreImporter( 3336): Update: incremental Added music: 0 Updated music: 0 Deleted music: 0 Created playlists: 0 Updated playlists: 0 Deleted playlists: 0 Inserted playlist items: 0 Deleted playlist items: 0 Removed orphaned playlist items: 0
D/dalvikvm( 3488): GC_CONCURRENT freed 294K, 16% free 4013K/4744K, paused 1ms+0ms, total 9ms
I/ActivityManager( 1891): Killing 4566:com.google.android.apps.maps/u0a60 (adj 15): empty #17
D/dalvikvm( 3488): GC_CONCURRENT freed 374K, 15% free 4043K/4744K, paused 2ms+1ms, total 10ms
D/dalvikvm( 3488): GC_CONCURRENT freed 393K, 15% free 4063K/4744K, paused 0ms+2ms, total 11ms
D/ConnectivityService( 1891): [CheckMp] isMobileOk: timed out
D/ConnectivityService( 1891): [CheckMp] isMobileOk: F stop hipri
D/MobileDataStateTracker( 1891): default: setEnableFailFastMobileData(enabled=0)
D/dalvikvm( 3488): GC_CONCURRENT freed 387K, 14% free 4094K/4744K, paused 0ms+1ms, total 9ms
D/dalvikvm( 3488): GC_CONCURRENT freed 331K, 12% free 4181K/4744K, paused 0ms+1ms, total 9ms
D/dalvikvm( 2213): GC_CONCURRENT freed 979K, 20% free 4675K/5780K, paused 1ms+1ms, total 15ms
D/dalvikvm( 2213): WAIT_FOR_CONCURRENT_GC blocked 4ms
D/dalvikvm( 2213): WAIT_FOR_CONCURRENT_GC blocked 5ms
D/dalvikvm( 3488): GC_CONCURRENT freed 941K, 22% free 3752K/4752K, paused 1ms+1ms, total 11ms
D/dalvikvm( 3488): WAIT_FOR_CONCURRENT_GC blocked 5ms
D/dalvikvm( 3488): GC_CONCURRENT freed 211K, 17% free 3949K/4752K, paused 1ms+1ms, total 10ms
D/dalvikvm( 3488): GC_CONCURRENT freed 321K, 16% free 4038K/4752K, paused 1ms+1ms, total 9ms
D/dalvikvm( 3488): GC_CONCURRENT freed 383K, 15% free 4068K/4752K, paused 0ms+1ms, total 9ms
D/dalvikvm( 3488): GC_CONCURRENT freed 392K, 14% free 4094K/4752K, paused 1ms+1ms, total 11ms
D/dalvikvm( 3488): GC_CONCURRENT freed 395K, 14% free 4091K/4752K, paused 0ms+0ms, total 8ms
D/dalvikvm( 3488): WAIT_FOR_CONCURRENT_GC blocked 6ms
D/dalvikvm( 3488): GC_CONCURRENT freed 323K, 12% free 4190K/4752K, paused 1ms+2ms, total 11ms
D/dalvikvm( 2213): GC_CONCURRENT freed 889K, 24% free 4448K/5780K, paused 1ms+1ms, total 12ms
D/dalvikvm( 3336): GC_FOR_ALLOC freed 229K, 32% free 6495K/9436K, paused 14ms, total 14ms
D/dalvikvm( 3488): GC_CONCURRENT freed 936K, 21% free 3769K/4764K, paused 0ms+2ms, total 8ms
D/dalvikvm( 3488): WAIT_FOR_CONCURRENT_GC blocked 4ms
D/dalvikvm( 3488): GC_CONCURRENT freed 268K, 18% free 3921K/4764K, paused 1ms+1ms, total 13ms
D/dalvikvm( 3488): GC_CONCURRENT freed 334K, 16% free 4008K/4764K, paused 0ms+0ms, total 11ms
D/dalvikvm( 1891): GC_EXPLICIT freed 420K, 27% free 8667K/11856K, paused 1ms+2ms, total 34ms
D/dalvikvm( 3488): GC_CONCURRENT freed 393K, 16% free 4013K/4764K, paused 1ms+1ms, total 10ms
D/dalvikvm( 3488): GC_CONCURRENT freed 381K, 15% free 4053K/4764K, paused 0ms+2ms, total 10ms
D/dalvikvm( 3488): GC_CONCURRENT freed 413K, 15% free 4050K/4764K, paused 1ms+1ms, total 9ms
D/dalvikvm( 3488): GC_CONCURRENT freed 279K, 12% free 4198K/4764K, paused 0ms+2ms, total 11ms
D/dalvikvm( 2213): GC_CONCURRENT freed 686K, 25% free 4383K/5780K, paused 0ms+1ms, total 10ms
D/dalvikvm( 3488): GC_CONCURRENT freed 862K, 20% free 3849K/4768K, paused 2ms+1ms, total 10ms
I/GLSUser ( 2213): [GLSUser] getTokenFromCache: [account: , callingPkg: com.google.android.music, service: sj]
D/dalvikvm( 3488): GC_CONCURRENT freed 280K, 17% free 3980K/4768K, paused 1ms+1ms, total 9ms
D/dalvikvm( 3488): GC_CONCURRENT freed 370K, 16% free 4038K/4768K, paused 0ms+1ms, total 12ms
D/dalvikvm( 3488): GC_CONCURRENT freed 397K, 15% free 4060K/4768K, paused 1ms+1ms, total 11ms
I/ActivityManager( 1891): Waited long enough for: ServiceRecord{21aba8cc u0 com.android.providers.downloads/.DownloadService}
D/dalvikvm( 3488): GC_CONCURRENT freed 391K, 15% free 4081K/4768K, paused 0ms+1ms, total 9ms
D/dalvikvm( 3336): GC_FOR_ALLOC freed 272K, 31% free 6552K/9436K, paused 16ms, total 16ms
I/dalvikvm-heap( 3336): Grow heap (frag case) to 6.615MB for 168694-byte allocation
D/dalvikvm( 3336): GC_FOR_ALLOC freed 82K, 31% free 6634K/9604K, paused 8ms, total 8ms
D/dalvikvm( 3488): GC_CONCURRENT freed 388K, 14% free 4103K/4768K, paused 2ms+1ms, total 10ms
D/dalvikvm( 3336): GC_FOR_ALLOC freed 5K, 31% free 6630K/9604K, paused 9ms, total 9ms
I/dalvikvm-heap( 3336): Grow heap (frag case) to 6.638MB for 113274-byte allocation
D/dalvikvm( 3336): GC_FOR_ALLOC freed 0K, 31% free 6741K/9716K, paused 8ms, total 8ms
D/dalvikvm( 3488): GC_CONCURRENT freed 306K, 12% free 4232K/4768K, paused 1ms+4ms, total 16ms
D/dalvikvm( 2213): GC_CONCURRENT freed 699K, 26% free 4280K/5780K, paused 0ms+1ms, total 12ms
D/dalvikvm( 2213): WAIT_FOR_CONCURRENT_GC blocked 5ms
W/MusicStore( 3336): Cleared 4 invalid playlist references in suggested seeds
W/MusicStore( 3336): Cleared 4 invalid playlist references in suggested seeds
D/dalvikvm( 3488): GC_CONCURRENT freed 866K, 22% free 3765K/4768K, paused 3ms+2ms, total 18ms
D/dalvikvm( 3336): GC_CONCURRENT freed 993K, 29% free 6993K/9716K, paused 1ms+1ms, total 14ms
D/dalvikvm( 3488): GC_CONCURRENT freed 310K, 20% free 3857K/4768K, paused 0ms+1ms, total 8ms
I/MusicLeanback( 3336): Conditions not met for autocaching. okToAttempt=true
I/MusicLeanback( 3336): Stop autocaching.
D/dalvikvm( 3488): GC_CONCURRENT freed 380K, 19% free 3892K/4768K, paused 1ms+1ms, total 11ms
D/dalvikvm( 3488): GC_CONCURRENT freed 409K, 19% free 3891K/4768K, paused 0ms+1ms, total 10ms
D/dalvikvm( 3488): GC_CONCURRENT freed 272K, 16% free 4027K/4768K, paused 1ms+2ms, total 14ms
D/BlacklistItem( 3336): 0 blacklist items deleted.
I/MusicSyncAdapter( 3336): Skipping periodic sync. Last sync was 9 seconds ago. Frequency: 86400
W/MusicApiClient( 3336): Activity events list is null or empty. Skip reporting.
I/MusicLifecycle( 3336): Sync ended
E/cutils ( 1544): Failed to mkdirat(/storage/usb0/Android): Read-only file system
W/Vold ( 1544): Returning OperationFailed - no handler for errno 30
W/ContextImpl( 3336): Failed to ensure directory: /storage/usb0/Android/data/com.google.android.music/files
E/cutils ( 1544): Failed to mkdirat(/storage/usb2/Android): Read-only file system
W/Vold ( 1544): Returning OperationFailed - no handler for errno 30
W/ContextImpl( 3336): Failed to ensure directory: /storage/usb2/Android/data/com.google.android.music/files
E/cutils ( 1544): Failed to mkdirat(/storage/usb3/Android): Read-only file system
W/Vold ( 1544): Returning OperationFailed - no handler for errno 30
W/ContextImpl( 3336): Failed to ensure directory: /storage/usb3/Android/data/com.google.android.music/files
E/Vold ( 1544): Failed to find volume for /storage/sdcard1/Android/data/com.google.android.music/files/
W/Vold ( 1544): Returning OperationFailed - no handler for errno 30
W/ContextImpl( 3336): Failed to ensure directory: /storage/sdcard1/Android/data/com.google.android.music/files
E/cutils ( 1544): Failed to mkdirat(/storage/usb0/Android): Read-only file system
W/Vold ( 1544): Returning OperationFailed - no handler for errno 30
W/ContextImpl( 3336): Failed to ensure directory: /storage/usb0/Android/data/com.google.android.music/cache
I/MusicLifecycle( 3336): Sync started
E/cutils ( 1544): Failed to mkdirat(/storage/usb2/Android): Read-only file system
W/Vold ( 1544): Returning OperationFailed - no handler for errno 30
W/ContextImpl( 3336): Failed to ensure directory: /storage/usb2/Android/data/com.google.android.music/cache
E/cutils ( 1544): Failed to mkdirat(/storage/usb3/Android): Read-only file system
W/Vold ( 1544): Returning OperationFailed - no handler for errno 30
W/ContextImpl( 3336): Failed to ensure directory: /storage/usb3/Android/data/com.google.android.music/cache
E/Vold ( 1544): Failed to find volume for /storage/sdcard1/Android/data/com.google.android.music/cache/
W/Vold ( 1544): Returning OperationFailed - no handler for errno 30
W/ContextImpl( 3336): Failed to ensure directory: /storage/sdcard1/Android/data/com.google.android.music/cache
I/MusicLeanback( 3336): Conditions not met for autocaching. okToAttempt=false
I/MusicLeanback( 3336): Stop autocaching.
D/WearableService( 5165): callingUid 10008, callindPid: 5165
E/GmsUtils( 3336): Failed to connect to Google API client: ConnectionResult{statusCode=API_UNAVAILABLE, resolution=null}
E/GmsUtils( 3336): Failed to connect to Google API client: ConnectionResult{statusCode=API_UNAVAILABLE, resolution=null}
E/cutils ( 1544): Failed to mkdirat(/storage/usb0/Android): Read-only file system
W/Vold ( 1544): Returning OperationFailed - no handler for errno 30
W/ContextImpl( 3336): Failed to ensure directory: /storage/usb0/Android/data/com.google.android.music/cache
E/cutils ( 1544): Failed to mkdirat(/storage/usb2/Android): Read-only file system
W/Vold ( 1544): Returning OperationFailed - no handler for errno 30
W/ContextImpl( 3336): Failed to ensure directory: /storage/usb2/Android/data/com.google.android.music/cache
E/cutils ( 1544): Failed to mkdirat(/storage/usb3/Android): Read-only file system
W/Vold ( 1544): Returning OperationFailed - no handler for errno 30
W/ContextImpl( 3336): Failed to ensure directory: /storage/usb3/Android/data/com.google.android.music/cache
I/GLSUser ( 2213): [GLSUser] getTokenFromCache: [account: , callingPkg: com.google.android.music, service: sj]
E/Vold ( 1544): Failed to find volume for /storage/sdcard1/Android/data/com.google.android.music/cache/
W/Vold ( 1544): Returning OperationFailed - no handler for errno 30
W/ContextImpl( 3336): Failed to ensure directory: /storage/sdcard1/Android/data/com.google.android.music/cache
D/Finsky ( 3989): [225] AppStatesReplicator.handleContentSyncResponse: Completed 0 account content syncs with 0 successful.
D/Finsky ( 3989): [1] 5.onFinished: Installation state replication succeeded.
D/audio_hw_primary( 1551): found out /dev/snd/pcmC0D0p
D/dalvikvm( 3336): GC_CONCURRENT freed 1402K, 29% free 6932K/9716K, paused 2ms+3ms, total 15ms
D/dalvikvm( 2213): GC_CONCURRENT freed 553K, 28% free 4195K/5780K, paused 2ms+1ms, total 15ms
I/GLSUser ( 2213): [GLSUser] getTokenFromCache: [account: , callingPkg: com.google.android.music, service: sj]
I/InputReader( 1891): Reconfiguring input devices. changes=0x00000010
I/PackageManager( 1891): Action: "android.intent.action.SENDTO"
I/PackageManager( 1891): Category: "android.intent.category.DEFAULT"
I/PackageManager( 1891): Scheme: "sms"
I/PackageManager( 1891): Adding preferred activity ComponentInfo{com.android.mms/com.android.mms.ui.ComposeMessageActivity} for user 0 :
D/dalvikvm( 4942): GC_CONCURRENT freed 252K, 11% free 2827K/3148K, paused 1ms+1ms, total 5ms
W/Launcher( 4759): setApplicationContext called twice! old=com.android.launcher3.LauncherApplication@216cec7c new=com.android.launcher3.LauncherApplication@216cec7c
W/Launcher.Model( 4942): Nobody to tell about the new app. Launcher is probably loading.
W/BackupManagerService( 1891): dataChanged but no participant pkg='com.cyanogenmod.trebuchet' uid=10020
I/Launcher( 4759): Deferring update until onResume
I/UpdateIcingCorporaServi( 2622): Updating corpora: APPS=com.google.android.music, CONTACTS=MAYBE
D/PackageBroadcastService( 2252): Received broadcast action=android.intent.action.PACKAGE_CHANGED and uri=com.google.android.music
I/PackageManager( 1891): Action: "android.intent.action.SENDTO"
I/PackageManager( 1891): Category: "android.intent.category.DEFAULT"
I/PackageManager( 1891): Scheme: "smsto"
I/PackageManager( 1891): Adding preferred activity ComponentInfo{com.android.mms/com.android.mms.ui.ComposeMessageActivity} for user 0 :
I/Launcher( 4759): Deferring update until onResume
I/PackageManager( 1891): Action: "android.intent.action.SENDTO"
I/PackageManager( 1891): Category: "android.intent.category.DEFAULT"
I/PackageManager( 1891): Scheme: "mms"
I/PackageManager( 1891): Adding preferred activity ComponentInfo{com.android.mms/com.android.mms.ui.ComposeMessageActivity} for user 0 :
I/PeopleContactsSync( 2252): CP2 sync disabled
D/dalvikvm( 2622): GC_CONCURRENT freed 566K, 16% free 4333K/5156K, paused 4ms+1ms, total 21ms
D/dalvikvm( 2622): WAIT_FOR_CONCURRENT_GC blocked 10ms
I/UpdateIcingCorporaServi( 2622): UpdateCorporaTask done [took 48 ms] updated apps [took 48 ms]
I/PackageManager( 1891): Action: "android.intent.action.SENDTO"
I/PackageManager( 1891): Category: "android.intent.category.DEFAULT"
I/PackageManager( 1891): Scheme: "mmsto"
I/PackageManager( 1891): Adding preferred activity ComponentInfo{com.android.mms/com.android.mms.ui.ComposeMessageActivity} for user 0 :
W/LocationProviderProxy-fused( 1891): com.google.android.gms resolves service com.android.location.service.FusedLocationProvider, but has wrong signature, ignoring
I/PackageManager( 1891): Action: "android.intent.action.SENDTO"
I/PackageManager( 1891): Category: "android.intent.category.DEFAULT"
I/PackageManager( 1891): Scheme: "sms"
I/PackageManager( 1891): Adding preferred activity ComponentInfo{com.android.mms/com.android.mms.ui.ComposeMessageActivity} for user 0 :
I/PackageManager( 1891): Action: "android.intent.action.SENDTO"
I/PackageManager( 1891): Category: "android.intent.category.DEFAULT"
I/PackageManager( 1891): Scheme: "smsto"
I/PackageManager( 1891): Adding preferred activity ComponentInfo{com.android.mms/com.android.mms.ui.ComposeMessageActivity} for user 0 :
I/PackageManager( 1891): Action: "android.intent.action.SENDTO"
I/PackageManager( 1891): Category: "android.intent.category.DEFAULT"
I/PackageManager( 1891): Scheme: "mms"
I/PackageManager( 1891): Adding preferred activity ComponentInfo{com.android.mms/com.android.mms.ui.ComposeMessageActivity} for user 0 :
I/PackageManager( 1891): Action: "android.intent.action.SENDTO"
I/PackageManager( 1891): Category: "android.intent.category.DEFAULT"
I/PackageManager( 1891): Scheme: "mmsto"
I/PackageManager( 1891): Adding preferred activity ComponentInfo{com.android.mms/com.android.mms.ui.ComposeMessageActivity} for user 0 :
D/dalvikvm( 1891): GC_CONCURRENT freed 1325K, 26% free 8791K/11856K, paused 2ms+3ms, total 40ms
D/ConnectivityService( 1891): [CheckMp] isMobileOk: X result=0
D/ConnectivityService( 1891): [CheckMp] onPostExecute: result=0
D/ConnectivityService( 1891): CheckMp.onComplete: result=0
D/ConnectivityService( 1891): CheckMp.onComplete: ignore, connected or no connection
D/dalvikvm( 5116): GC_CONCURRENT freed 590K, 21% free 3248K/4080K, paused 1ms+1ms, total 7ms
D/dalvikvm( 2252): GC_CONCURRENT freed 786K, 39% free 5546K/8996K, paused 2ms+3ms, total 22ms
D/dalvikvm( 5116): GC_FOR_ALLOC freed 265K, 19% free 3319K/4080K, paused 4ms, total 4ms
D/dalvikvm( 5116): GC_EXPLICIT freed 192K, 24% free 3129K/4080K, paused 2ms+1ms, total 10ms
D/dalvikvm( 1891): GC_EXPLICIT freed 218K, 27% free 8675K/11856K, paused 1ms+2ms, total 30ms
I/iu.UploadsManager( 2252): End new media; added: 26, uploading: 0, time: 557 ms
I/ActivityManager( 1891): START u0 {act=android.intent.action.MAIN cmp=com.android.settings/.SubSettings (has extras)} from pid 4734
D/SubSettings( 4734): Launching fragment com.android.settings.deviceinfo.Memory
I/ActivityManager( 1891): Start proc com.android.defcontainer for service com.android.defcontainer/.DefaultContainerService: pid=5261 uid=10004 gids={50004, 1028, 1015, 1023, 2001, 1035}
E/houdini_hook( 5261): Unable to open libdvm_houdini lib
E/houdini_hook( 5261): Unable to open libdvm_houdini lib
E/houdini_hook( 5261): Unable to open libdvm_houdini lib
E/houdini_hook( 5261): Unable to open libdvm_houdini lib
E/houdini_hook( 5261): Unable to open libdvm_houdini lib
E/houdini_hook( 5261): Unable to open libdvm_houdini lib
D/dalvikvm( 4734): GC_CONCURRENT freed 239K, 8% free 3854K/4156K, paused 2ms+3ms, total 10ms
D/StorageMeasurement( 4734): getDirectorySize(/storage/emulated/0/Android) returned 4096
D/StorageMeasurement( 4734): getDirectorySize(/storage/emulated/0) returned 4096
D/StorageMeasurement( 4734): getDirectorySize(/storage/emulated/0/Podcasts) returned 0
D/StorageMeasurement( 4734): getDirectorySize(/storage/emulated/0) returned 4096
I/ActivityManager( 1891): Displayed com.android.settings/.SubSettings: +213ms
D/StorageMeasurement( 4734): getDirectorySize(/storage/emulated/0/DCIM) returned 0
D/StorageMeasurement( 4734): getDirectorySize(/storage/emulated/0) returned 4096
D/StorageMeasurement( 4734): getDirectorySize(/storage/emulated/0) returned 4096
D/StorageMeasurement( 4734): getDirectorySize(/storage/emulated/0) returned 4096
D/StorageMeasurement( 4734): getDirectorySize(/storage/emulated/0/Ringtones) returned 0
D/StorageMeasurement( 4734): getDirectorySize(/storage/emulated/0/Movies) returned 0
D/StorageMeasurement( 4734): getDirectorySize(/storage/emulated/0/Alarms) returned 0
D/StorageMeasurement( 4734): getDirectorySize(/storage/emulated/0/Music) returned 0
D/StorageMeasurement( 4734): getDirectorySize(/storage/emulated/0/Notifications) returned 0
D/StorageMeasurement( 4734): getDirectorySize(/storage/emulated/0/Pictures) returned 0
D/StorageMeasurement( 4734): getDirectorySize(/storage/emulated/0/Download) returned 0
D/StorageMeasurement( 4734): getDirectorySize(/storage/emulated/0) returned 4096
D/dalvikvm( 5261): GC_CONCURRENT freed 364K, 14% free 2692K/3116K, paused 1ms+0ms, total 5ms
D/dalvikvm( 1891): GC_CONCURRENT freed 1392K, 27% free 8697K/11856K, paused 1ms+3ms, total 41ms
D/dalvikvm( 5261): GC_CONCURRENT freed 387K, 15% free 2691K/3140K, paused 2ms+1ms, total 5ms
I/GLSUser ( 2213): [GLSUser] getTokenFromCache: [account: , callingPkg: com.google.android.music, service: sj]
D/dalvikvm( 5261): GC_CONCURRENT freed 386K, 15% free 2691K/3140K, paused 1ms+0ms, total 4ms
D/dalvikvm( 1891): GC_CONCURRENT freed 1453K, 27% free 8682K/11856K, paused 1ms+3ms, total 45ms
D/dalvikvm( 5261): GC_CONCURRENT freed 386K, 15% free 2691K/3140K, paused 0ms+1ms, total 3ms
W/MusicApiClient( 3336): No content in 'data' field in GET sync response for SyncablePlaylist
I/GLSUser ( 2213): [GLSUser] getTokenFromCache: [account: , callingPkg: com.google.android.music, service: sj]
D/dalvikvm( 3488): GC_FOR_ALLOC freed 912K, 29% free 3404K/4764K, paused 6ms, total 6ms
W/MusicApiClient( 3336): No content in 'data' field in GET sync response for SyncablePlaylistEntry
I/GLSUser ( 2213): [GLSUser] getTokenFromCache: [account: , callingPkg: com.google.android.music, service: sj]
D/dalvikvm( 2213): GC_CONCURRENT freed 437K, 28% free 4203K/5780K, paused 1ms+1ms, total 11ms
I/GLSUser ( 2213): [GLSUser] getTokenFromCache: [account: , callingPkg: com.google.android.music, service: sj]
D/BlacklistItem( 3336): 0 blacklist items deleted.
I/MusicSyncAdapter( 3336): Skipping periodic sync. Last sync was 18 seconds ago. Frequency: 86400
W/MusicApiClient( 3336): Activity events list is null or empty. Skip reporting.
I/MusicLifecycle( 3336): Sync ended
E/cutils ( 1544): Failed to mkdirat(/storage/usb0/Android): Read-only file system
W/Vold ( 1544): Returning OperationFailed - no handler for errno 30
W/ContextImpl( 3336): Failed to ensure directory: /storage/usb0/Android/data/com.google.android.music/files
E/cutils ( 1544): Failed to mkdirat(/storage/usb2/Android): Read-only file system
W/Vold ( 1544): Returning OperationFailed - no handler for errno 30
W/ContextImpl( 3336): Failed to ensure directory: /storage/usb2/Android/data/com.google.android.music/files
E/cutils ( 1544): Failed to mkdirat(/storage/usb3/Android): Read-only file system
W/Vold ( 1544): Returning OperationFailed - no handler for errno 30
W/ContextImpl( 3336): Failed to ensure directory: /storage/usb3/Android/data/com.google.android.music/files
I/ActivityManager( 1891): Start proc com.google.android.syncadapters.calendar for service com.google.android.syncadapters.calendar/.CalendarSyncAdapterService: pid=5293 uid=10050 gids={50050, 3003}
E/Vold ( 1544): Failed to find volume for /storage/sdcard1/Android/data/com.google.android.music/files/
W/Vold ( 1544): Returning OperationFailed - no handler for errno 30
W/ContextImpl( 3336): Failed to ensure directory: /storage/sdcard1/Android/data/com.google.android.music/files
E/cutils ( 1544): Failed to mkdirat(/storage/usb0/Android): Read-only file system
W/Vold ( 1544): Returning OperationFailed - no handler for errno 30
W/ContextImpl( 3336): Failed to ensure directory: /storage/usb0/Android/data/com.google.android.music/cache
E/cutils ( 1544): Failed to mkdirat(/storage/usb2/Android): Read-only file system
W/Vold ( 1544): Returning OperationFailed - no handler for errno 30
W/ContextImpl( 3336): Failed to ensure directory: /storage/usb2/Android/data/com.google.android.music/cache
E/cutils ( 1544): Failed to mkdirat(/storage/usb3/Android): Read-only file system
W/Vold ( 1544): Returning OperationFailed - no handler for errno 30
W/ContextImpl( 3336): Failed to ensure directory: /storage/usb3/Android/data/com.google.android.music/cache
E/Vold ( 1544): Failed to find volume for /storage/sdcard1/Android/data/com.google.android.music/cache/
W/Vold ( 1544): Returning OperationFailed - no handler for errno 30
W/ContextImpl( 3336): Failed to ensure directory: /storage/sdcard1/Android/data/com.google.android.music/cache
W/AbstractGoogleClient( 5293): Application name is not set. Call Builder#setApplicationName.
I/MusicLeanback( 3336): Conditions not met for autocaching. okToAttempt=false
I/MusicLeanback( 3336): Stop autocaching.
I/ActivityManager( 1891): Start proc com.android.providers.calendar for content provider com.android.providers.calendar/.CalendarProvider2: pid=5308 uid=10001 gids={50001, 3003, 1028, 1015, 1023}
D/WearableService( 5165): callingUid 10008, callindPid: 5165
E/GmsUtils( 3336): Failed to connect to Google API client: ConnectionResult{statusCode=API_UNAVAILABLE, resolution=null}
E/GmsUtils( 3336): Failed to connect to Google API client: ConnectionResult{statusCode=API_UNAVAILABLE, resolution=null}
E/cutils ( 1544): Failed to mkdirat(/storage/usb0/Android): Read-only file system
W/Vold ( 1544): Returning OperationFailed - no handler for errno 30
W/ContextImpl( 3336): Failed to ensure directory: /storage/usb0/Android/data/com.google.android.music/cache
E/cutils ( 1544): Failed to mkdirat(/storage/usb2/Android): Read-only file system
W/Vold ( 1544): Returning OperationFailed - no handler for errno 30
W/ContextImpl( 3336): Failed to ensure directory: /storage/usb2/Android/data/com.google.android.music/cache
E/cutils ( 1544): Failed to mkdirat(/storage/usb3/Android): Read-only file system
W/Vold ( 1544): Returning OperationFailed - no handler for errno 30
W/ContextImpl( 3336): Failed to ensure directory: /storage/usb3/Android/data/com.google.android.music/cache
I/CalendarProvider2( 5308): Created com.android.providers.calendar.CalendarAlarmManager@216d8d14(com.android.providers.calendar.CalendarProvider2@216d4a5c)
E/Vold ( 1544): Failed to find volume for /storage/sdcard1/Android/data/com.google.android.music/cache/
W/Vold ( 1544): Returning OperationFailed - no handler for errno 30
W/ContextImpl( 3336): Failed to ensure directory: /storage/sdcard1/Android/data/com.google.android.music/cache
D/dalvikvm( 1891): GC_CONCURRENT freed 1431K, 27% free 8708K/11856K, paused 1ms+3ms, total 55ms
D/dalvikvm( 5293): GC_CONCURRENT freed 284K, 11% free 2814K/3160K, paused 0ms+1ms, total 6ms
I/GLSUser ( 2213): [GLSUser] getTokenFromCache: [account: , callingPkg: com.google.android.syncadapters.calendar, service: oauth2:https://www.googleapis.com/auth/calendar]
I/Auth.Core( 2213): [TokenCache] Missing snowballing token: no granted scopes set.
D/dalvikvm( 5293): GC_CONCURRENT freed 209K, 9% free 3007K/3280K, paused 1ms+1ms, total 6ms
I/CalendarProvider2( 5308): Sending notification intent: Intent { act=android.intent.action.PROVIDER_CHANGED dat=content://com.android.calendar }
W/ContentResolver( 5308): Failed to get type for: content://com.android.calendar (Unknown URL content://com.android.calendar)
D/AlertReceiver( 4696): onReceive: a=android.intent.action.PROVIDER_CHANGED Intent { act=android.intent.action.PROVIDER_CHANGED dat=content://com.android.calendar flg=0x10 cmp=com.android.calendar/.alerts.AlertReceiver }
D/AlertService( 4696): 0 Action = android.intent.action.PROVIDER_CHANGED
D/dalvikvm( 3488): GC_CONCURRENT freed 369K, 28% free 3455K/4764K, paused 1ms+1ms, total 8ms
