W/ContextImpl( 5687): Failed to ensure directory: /storage/usb3/Android/data/com.google.android.apps.magazines/files
E/Vold ( 1544): Failed to find volume for /storage/sdcard1/Android/data/com.google.android.apps.magazines/files/
W/Vold ( 1544): Returning OperationFailed - no handler for errno 30
W/ContextImpl( 5687): Failed to ensure directory: /storage/sdcard1/Android/data/com.google.android.apps.magazines/files
E/cutils ( 1544): Failed to mkdirat(/storage/usb0/Android): Read-only file system
W/Vold ( 1544): Returning OperationFailed - no handler for errno 30
W/ContextImpl( 5687): Failed to ensure directory: /storage/usb0/Android/data/com.google.android.apps.magazines/cache
E/cutils ( 1544): Failed to mkdirat(/storage/usb2/Android): Read-only file system
W/Vold ( 1544): Returning OperationFailed - no handler for errno 30
W/ContextImpl( 5687): Failed to ensure directory: /storage/usb2/Android/data/com.google.android.apps.magazines/cache
E/cutils ( 1544): Failed to mkdirat(/storage/usb3/Android): Read-only file system
W/Vold ( 1544): Returning OperationFailed - no handler for errno 30
W/ContextImpl( 5687): Failed to ensure directory: /storage/usb3/Android/data/com.google.android.apps.magazines/cache
E/Vold ( 1544): Failed to find volume for /storage/sdcard1/Android/data/com.google.android.apps.magazines/cache/
W/Vold ( 1544): Returning OperationFailed - no handler for errno 30
W/ContextImpl( 5687): Failed to ensure directory: /storage/sdcard1/Android/data/com.google.android.apps.magazines/cache
E/cutils ( 1544): Failed to mkdirat(/storage/usb0/Android): Read-only file system
W/Vold ( 1544): Returning OperationFailed - no handler for errno 30
W/ContextImpl( 5687): Failed to ensure directory: /storage/usb0/Android/data/com.google.android.apps.magazines/files
E/cutils ( 1544): Failed to mkdirat(/storage/usb2/Android): Read-only file system
W/Vold ( 1544): Returning OperationFailed - no handler for errno 30
W/ContextImpl( 5687): Failed to ensure directory: /storage/usb2/Android/data/com.google.android.apps.magazines/files
I/DownloadManager( 5116): Download 21 finished with status SUCCESS
E/cutils ( 1544): Failed to mkdirat(/storage/usb3/Android): Read-only file system
W/Vold ( 1544): Returning OperationFailed - no handler for errno 30
W/ContextImpl( 5687): Failed to ensure directory: /storage/usb3/Android/data/com.google.android.apps.magazines/files
E/Vold ( 1544): Failed to find volume for /storage/sdcard1/Android/data/com.google.android.apps.magazines/files/
W/Vold ( 1544): Returning OperationFailed - no handler for errno 30
I/ActivityManager( 1891): Killing 5421:com.google.android.apps.cloudprint:sync/u0a34 (adj 15): empty #17
W/ContextImpl( 5687): Failed to ensure directory: /storage/sdcard1/Android/data/com.google.android.apps.magazines/files
I/GLSUser ( 2213): [GLSUser] getAuthtoken(, oauth2:https://www.googleapis.com/auth/ads_measurement) -> status: null)
I/GLSUser ( 2213): [GLSUser] Extracting token using key: Auth
W/GAv4 ( 5687): AnalyticsReceiver is not registered or is disabled. Register the receiver for reliable dispatching on non-Google Play devices. See http://goo.gl/8Rd3yj for instructions.
W/GLSUser ( 2213): [GLSUser] Permission for com.google.android.gms to access oauth2:https://www.googleapis.com/auth/ads_measurement will be managed locally.
D/dalvikvm( 2213): GC_CONCURRENT freed 465K, 21% free 4277K/5408K, paused 1ms+4ms, total 17ms
W/GAv4 ( 5687): CampaignTrackingReceiver is not registered, not exported or is disabled. Installation campaign tracking is not possible. See http://goo.gl/8Rd3yj for instructions.
D/dalvikvm( 2252): DexOpt: --- BEGIN 'ads-1347632052.jar' (bootstrap=0) ---
D/dalvikvm( 5687): GC_CONCURRENT freed 293K, 11% free 2921K/3276K, paused 1ms+0ms, total 7ms
W/GAv4 ( 5687): AnalyticsService not registered in the app manifest. Hits might not be delivered reliably. See http://goo.gl/8Rd3yj for instructions.
I/dalvikvm( 5687): Could not find method android.os.PowerManager.isPowerSaveMode, referenced from method com.google.apps.dots.android.newsstand.net.NSConnectivityManager.isPowerSaveMode
W/dalvikvm( 5687): VFY: unable to resolve virtual method 1258: Landroid/os/PowerManager;.isPowerSaveMode ()Z
D/dalvikvm( 5687): VFY: replacing opcode 0x6e at 0x000e
D/dalvikvm( 5707): DexOpt: load 1ms, verify+opt 4ms, 188892 bytes
D/dalvikvm( 2252): DexOpt: --- END 'ads-1347632052.jar' (success) ---
D/dalvikvm( 2252): DEX prep '/data/data/com.google.android.gms/cache/ads-1347632052.jar': unzip in 0ms, rewrite 41ms
I/ConfigFetchService( 2252): fetch service done; releasing wakelock
I/ConfigFetchService( 2252): stopping self
D/dalvikvm( 5687): GC_CONCURRENT freed 248K, 10% free 3079K/3388K, paused 0ms+2ms, total 15ms
V/WebViewChromiumFactoryProvider( 5687): Binding Chromium to main looper Looper (main, tid 1) {216cbad8}
I/LibraryLoader( 5687): Expected native library version number "",actual native library version number ""
I/chromium( 5687): [INFO:library_loader_hooks.cc(116)] Chromium logging enabled: level = 0, default verbosity = 0
I/BrowserStartupController( 5687): Initializing chromium process, renderers=0
E/AudioManagerAndroid( 5687): BLUETOOTH permission is missing!
W/GRALLOC-PIPE( 5687): failed to create pipe screen for i965
I/GRALLOC-DRM( 5687): create intel for driver i915
W/chromium( 5687): [WARNING:mailbox_synchronizer.cc(36)] MailboxSync not supported due to missing EGL image/fence support
I/NSApplication( 5687): Starting up...
I/dalvikvm( 5605): Could not find method android.app.Activity.finishAfterTransition, referenced from method android.support.v4.app.FragmentActivity.onBackPressed
W/dalvikvm( 5605): VFY: unable to resolve virtual method 95: Landroid/app/Activity;.finishAfterTransition ()V
D/dalvikvm( 5605): VFY: replacing opcode 0x6e at 0x0012
D/Finsky ( 5605): [1] BaseWidgetProvider.onReceive: Received ACTION_APPWIDGET_UPDATE, updating 1 widgets.
I/ActivityManager( 1891): Killing 4463:com.google.android.apps.books/u0a27 (adj 15): empty #17
D/dalvikvm( 4759): GC_FOR_ALLOC freed 413K, 10% free 5752K/6344K, paused 7ms, total 7ms
I/dalvikvm-heap( 4759): Grow heap (frag case) to 6.279MB for 633628-byte allocation
D/dalvikvm( 4759): GC_FOR_ALLOC freed 634K, 18% free 5736K/6964K, paused 12ms, total 12ms
I/GLSUser ( 2213): [GLSUser] getTokenFromCache: [account: , callingPkg: com.google.android.gm, service: mail]
I/DownloadManager( 5116): Download 22 starting
D/Finsky ( 5605): [1] DailyHygiene.onStartCommand: Beginning daily hygiene
D/dalvikvm( 5605): DexOpt: couldn't find static field Landroid/os/Build;.SUPPORTED_ABIS
W/dalvikvm( 5605): VFY: unable to resolve static field 175 (SUPPORTED_ABIS) in Landroid/os/Build;
D/dalvikvm( 5605): VFY: replacing opcode 0x62 at 0x0038
D/dalvikvm( 1891): GC_EXPLICIT freed 4883K, 42% free 8846K/15112K, paused 1ms+3ms, total 52ms
I/GLSUser ( 2213): [GLSUser] getTokenFromCache: [account: , callingPkg: com.android.vending, service: androidmarket]
D/dalvikvm( 5605): GC_CONCURRENT freed 222K, 8% free 3577K/3860K, paused 1ms+1ms, total 12ms
I/DownloadManager( 5116): Download 22 finished with status SUCCESS
I/Icing ( 2252): Indexing 71447048A0C51577B664A42135092B4C23DD965B from com.google.android.googlequicksearchbox
D/dalvikvm( 5116): GC_CONCURRENT freed 401K, 20% free 3283K/4080K, paused 1ms+3ms, total 13ms
D/Finsky ( 5605): [1] SelfUpdateScheduler.checkForSelfUpdate: Skipping DFE self-update. Local Version [80391200] >= Server Version [-1]
I/GLSUser ( 2213): [GLSUser] getTokenFromCache: [account: , callingPkg: com.google.android.gm, service: mail]
I/GLSUser ( 2213): [GLSUser] getTokenFromCache: [account: , callingPkg: com.android.vending, service: androidmarket]
W/GooglePlayServicesUtil( 5605): Google Play services out of date. Requires 7895000 but found 7574070
I/Icing ( 2252): Indexing done 71447048A0C51577B664A42135092B4C23DD965B
I/DownloadManager( 5116): Download 23 starting
I/DownloadManager( 5116): Download 23 finished with status SUCCESS
D/dalvikvm( 5605): GC_CONCURRENT freed 320K, 10% free 3656K/4036K, paused 2ms+0ms, total 10ms
D/dalvikvm( 5605): GC_CONCURRENT freed 110K, 5% free 3941K/4116K, paused 3ms+1ms, total 9ms
I/GLSUser ( 2213): [GLSUser] getTokenFromCache: [account: , callingPkg: com.google.android.gm, service: mail]
D/dalvikvm( 2213): GC_CONCURRENT freed 462K, 22% free 4265K/5408K, paused 1ms+1ms, total 22ms
D/dalvikvm( 5605): GC_CONCURRENT freed 113K, 5% free 4230K/4412K, paused 0ms+1ms, total 16ms
I/DownloadManager( 5116): Download 24 starting
D/dalvikvm( 5605): GC_CONCURRENT freed 152K, 5% free 4591K/4812K, paused 4ms+1ms, total 12ms
D/dalvikvm( 5605): WAIT_FOR_CONCURRENT_GC blocked 4ms
D/dalvikvm( 5605): GC_CONCURRENT freed 177K, 5% free 5046K/5296K, paused 1ms+1ms, total 10ms
D/dalvikvm( 5605): WAIT_FOR_CONCURRENT_GC blocked 3ms
D/dalvikvm( 5605): GC_FOR_ALLOC freed 421K, 9% free 5264K/5780K, paused 11ms, total 11ms
D/dalvikvm( 5605): GC_FOR_ALLOC freed 126K, 11% free 5392K/6036K, paused 7ms, total 7ms
I/dalvikvm-heap( 5605): Grow heap (frag case) to 5.820MB for 521600-byte allocation
D/dalvikvm( 5605): GC_FOR_ALLOC freed 0K, 10% free 5902K/6548K, paused 8ms, total 8ms
D/dalvikvm( 5605): GC_FOR_ALLOC freed 882K, 19% free 5541K/6824K, paused 7ms, total 7ms
D/dalvikvm( 5605): GC_FOR_ALLOC freed 380K, 14% free 5924K/6824K, paused 9ms, total 9ms
D/dalvikvm( 5605): GC_FOR_ALLOC freed 625K, 15% free 5815K/6824K, paused 7ms, total 7ms
D/dalvikvm( 5605): GC_FOR_ALLOC freed 126K, 13% free 5943K/6824K, paused 7ms, total 7ms
I/dalvikvm-heap( 5605): Grow heap (frag case) to 6.358MB for 522252-byte allocation
D/dalvikvm( 5605): GC_FOR_ALLOC freed 254K, 16% free 6199K/7336K, paused 7ms, total 7ms
D/dalvikvm( 2252): GC_CONCURRENT freed 986K, 36% free 5794K/8996K, paused 1ms+7ms, total 37ms
D/dalvikvm( 2252): WAIT_FOR_CONCURRENT_GC blocked 14ms
D/dalvikvm( 5605): GC_CONCURRENT freed 750K, 11% free 6558K/7368K, paused 1ms+3ms, total 18ms
I/DownloadManager( 5116): Download 24 finished with status SUCCESS
D/dalvikvm( 5341): GC_CONCURRENT freed 334K, 13% free 4042K/4608K, paused 0ms+2ms, total 10ms
I/GLSUser ( 2213): [GLSUser] getTokenFromCache: [account: , callingPkg: com.google.android.gm, service: mail]
D/dalvikvm( 5605): GC_CONCURRENT freed 341K, 6% free 7418K/7820K, paused 1ms+2ms, total 18ms
I/DownloadManager( 5116): Download 25 starting
D/dalvikvm( 5605): GC_CONCURRENT freed 991K, 12% free 8014K/9064K, paused 0ms+0ms, total 15ms
D/dalvikvm( 5605): WAIT_FOR_CONCURRENT_GC blocked 7ms
I/GLSUser ( 2213): [GLSUser] getTokenFromCache: [account: , callingPkg: com.android.vending, service: androidmarket]
W/GooglePlayServicesUtil( 5605): Google Play services out of date. Requires 7895000 but found 7574070
D/dalvikvm( 5116): GC_CONCURRENT freed 389K, 20% free 3286K/4080K, paused 2ms+1ms, total 10ms
D/dalvikvm( 1891): GC_EXPLICIT freed 586K, 42% free 8765K/15108K, paused 1ms+2ms, total 34ms
I/DownloadManager( 5116): Download 25 finished with status SUCCESS
I/GLSUser ( 2213): [GLSUser] getTokenFromCache: [account: , callingPkg: com.google.android.gm, service: mail]
I/DownloadManager( 5116): Download 26 starting
D/Finsky ( 5605): [1] MultiWayUpdateController.collateResponses: Change varies-by-account for com.google.android.youtube to true
D/Finsky ( 5605): [1] MultiWayUpdateController.collateResponses: Change auto-acquire tags for com.google.android.youtube from to d_AAAAAAADF8w=
D/Finsky ( 5605): [1] MultiWayUpdateController.collateResponses: Change varies-by-account for com.google.android.apps.maps to true
D/Finsky ( 5605): [1] MultiWayUpdateController.collateResponses: Change auto-acquire tags for com.google.android.apps.maps from to d_AAAAAAADF8w=
D/Finsky ( 5605): [1] MultiWayUpdateController.collateResponses: Change varies-by-account for com.google.android.apps.magazines to true
D/Finsky ( 5605): [1] MultiWayUpdateController.collateResponses: Change auto-acquire tags for com.google.android.apps.magazines from to d_AAAAAAADF8w=
D/Finsky ( 5605): [1] MultiWayUpdateController.collateResponses: Change varies-by-account for com.google.android.apps.cloudprint to true
D/Finsky ( 5605): [1] MultiWayUpdateController.collateResponses: Change auto-acquire tags for com.google.android.apps.cloudprint from to d_AAAAAAADF8w=
D/Finsky ( 5605): [1] MultiWayUpdateController.collateResponses: Change varies-by-account for com.google.android.street to true
D/Finsky ( 5605): [1] MultiWayUpdateController.collateResponses: Change auto-acquire tags for com.google.android.street from to d_AAAAAAADF8w=
D/Finsky ( 5605): [1] MultiWayUpdateController.collateResponses: Change varies-by-account for com.google.android.googlequicksearchbox to true
D/Finsky ( 5605): [1] MultiWayUpdateController.collateResponses: Change auto-acquire tags for com.google.android.googlequicksearchbox from to d_AAAAAAADF8w=
D/Finsky ( 5605): [1] MultiWayUpdateController.collateResponses: Change varies-by-account for com.google.android.play.games to true
D/Finsky ( 5605): [1] MultiWayUpdateController.collateResponses: Change auto-acquire tags for com.google.android.play.games from to d_AAAAAAADF8w=
D/Finsky ( 5605): [1] MultiWayUpdateController.collateResponses: Change varies-by-account for com.google.android.apps.docs to true
D/Finsky ( 5605): [1] MultiWayUpdateController.collateResponses: Change auto-acquire tags for com.google.android.apps.docs from to d_AAAAAAADF8w=
D/Finsky ( 5605): [1] MultiWayUpdateController.collateResponses: Change varies-by-account for com.google.android.marvin.talkback to true
D/Finsky ( 5605): [1] MultiWayUpdateController.collateResponses: Change auto-acquire tags for com.google.android.marvin.talkback from to d_AAAAAAADF8w=
D/Finsky ( 5605): [1] MultiWayUpdateController.collateResponses: Change varies-by-account for com.google.android.music to true
D/dalvikvm( 5605): GC_CONCURRENT freed 1726K, 19% free 8074K/9860K, paused 2ms+1ms, total 19ms
D/dalvikvm( 5605): WAIT_FOR_CONCURRENT_GC blocked 13ms
D/dalvikvm( 5605): WAIT_FOR_CONCURRENT_GC blocked 11ms
D/Finsky ( 5605): [1] MultiWayUpdateController.collateResponses: Change auto-acquire tags for com.google.android.music from to d_AAAAAAADF8w=
D/Finsky ( 5605): [1] MultiWayUpdateController.collateResponses: Change varies-by-account for com.google.android.gms to true
D/Finsky ( 5605): [1] MultiWayUpdateController.collateResponses: Change auto-acquire tags for com.google.android.gms from to d_AAAAAAADF8w=
D/Finsky ( 5605): [1] MultiWayUpdateController.collateResponses: Change varies-by-account for com.google.android.apps.books to true
D/Finsky ( 5605): [1] MultiWayUpdateController.collateResponses: Change auto-acquire tags for com.google.android.apps.books from to d_AAAAAAADF8w=
D/Finsky ( 5605): [1] MultiWayUpdateController.collateResponses: Change varies-by-account for com.google.android.gm to true
D/Finsky ( 5605): [1] MultiWayUpdateController.collateResponses: Change auto-acquire tags for com.google.android.gm from to d_AAAAAAADF8w=
I/dalvikvm( 5605): Could not find method android.app.admin.DevicePolicyManager.isUninstallBlocked, referenced from method com.google.android.finsky.activities.AppActionAnalyzer.isUninstallBlockedByAdmin
W/dalvikvm( 5605): VFY: unable to resolve virtual method 330: Landroid/app/admin/DevicePolicyManager;.isUninstallBlocked (Landroid/content/ComponentName;Ljava/lang/String;)Z
D/dalvikvm( 5605): VFY: replacing opcode 0x6e at 0x0013
D/Finsky ( 5605): [1] InstallerImpl.requestInstall: Request install of com.google.android.gms v=8115070 pri=2 for single_install
D/Finsky ( 5605): [1] InstallerImpl.kick: Installer kick - starting com.google.android.gms
D/Finsky ( 5605): [1] InstallPolicies.captureEverExternallyHosted: Capturing ever-externally-hosted false for com.google.android.youtube
D/Finsky ( 5605): [1] InstallPolicies.captureEverExternallyHosted: Capturing ever-externally-hosted false for com.google.android.apps.maps
D/Finsky ( 5605): [1] InstallPolicies.captureEverExternallyHosted: Capturing ever-externally-hosted false for com.google.android.apps.magazines
D/Finsky ( 5605): [1] InstallPolicies.captureEverExternallyHosted: Capturing ever-externally-hosted false for com.google.android.apps.cloudprint
D/Finsky ( 5605): [1] InstallPolicies.captureEverExternallyHosted: Capturing ever-externally-hosted false for jackpal.androidterm
D/Finsky ( 5605): [1] InstallPolicies.captureEverExternallyHosted: Capturing ever-externally-hosted false for com.google.android.street
I/GLSUser ( 2213): [GLSUser] getTokenFromCache: [account: , callingPkg: com.android.vending, service: androidmarket]
D/Finsky ( 5605): [1] InstallPolicies.captureEverExternallyHosted: Capturing ever-externally-hosted false for com.google.android.googlequicksearchbox
D/Finsky ( 5605): [1] InstallPolicies.captureEverExternallyHosted: Capturing ever-externally-hosted false for com.google.android.play.games
D/Finsky ( 5605): [1] InstallPolicies.captureEverExternallyHosted: Capturing ever-externally-hosted false for com.google.android.apps.docs
W/GooglePlayServicesUtil( 5605): Google Play services out of date. Requires 7895000 but found 7574070
D/Finsky ( 5605): [1] InstallPolicies.captureEverExternallyHosted: Capturing ever-externally-hosted false for com.google.android.marvin.talkback
D/Finsky ( 5605): [1] InstallPolicies.captureEverExternallyHosted: Capturing ever-externally-hosted false for com.google.android.music
D/Finsky ( 5605): [1] InstallPolicies.captureEverExternallyHosted: Capturing ever-externally-hosted false for com.google.android.apps.books
D/Finsky ( 5605): [1] InstallPolicies.captureEverExternallyHosted: Capturing ever-externally-hosted false for com.google.android.gm
D/Finsky ( 5605): [1] InstallerImpl.requestInstall: Request install of com.google.android.youtube v=107758171 pri=3 for auto_update
D/Finsky ( 5605): [1] InstallerImpl.requestInstall: Request install of com.google.android.apps.maps v=914018321 pri=3 for auto_update
D/Finsky ( 5605): [1] InstallerImpl.requestInstall: Request install of com.google.android.apps.magazines v=2015081216 pri=3 for auto_update
D/Finsky ( 5605): [1] InstallerImpl.requestInstall: Request install of com.google.android.googlequicksearchbox v=300515428 pri=3 for auto_update
D/Finsky ( 5605): [1] InstallerImpl.requestInstall: Request install of com.google.android.play.games v=33570070 pri=3 for auto_update
D/Finsky ( 5605): [1] InstallerImpl.requestInstall: Request install of com.google.android.apps.docs v=52833172 pri=3 for auto_update
D/Finsky ( 5605): [1] InstallerImpl.requestInstall: Request install of com.google.android.music v=1995 pri=3 for auto_update
D/Finsky ( 5605): [1] InstallerImpl.requestInstall: Request install of com.google.android.apps.books v=30609 pri=3 for auto_update
D/Finsky ( 5605): [1] InstallerImpl.requestInstall: Request install of com.google.android.gm v=56008678 pri=3 for auto_update
D/Finsky ( 5605): [1] UpdateCheckerLegacyImpl.handleUpdates: Auto-update of 9 packages will defer for 300000 ms
D/Finsky ( 5605): [1] DailyHygiene.access$600: Logging device features
W/GooglePlayServicesUtil( 5605): Google Play services out of date. Requires 7895000 but found 7574070
I/DownloadManager( 5116): Download 26 finished with status SUCCESS
D/dalvikvm( 5605): GC_CONCURRENT freed 1285K, 15% free 8485K/9896K, paused 0ms+3ms, total 31ms
I/GLSUser ( 2213): [GLSUser] getTokenFromCache: [account: , callingPkg: com.google.android.gm, service: mail]
D/dalvikvm( 2213): GC_CONCURRENT freed 458K, 21% free 4274K/5408K, paused 1ms+2ms, total 29ms
I/DownloadManager( 5116): Download 27 starting
I/DownloadManager( 5116): Download 27 finished with status SUCCESS
D/dalvikvm( 5116): GC_CONCURRENT freed 371K, 19% free 3307K/4080K, paused 1ms+2ms, total 9ms
I/GLSUser ( 2213): [GLSUser] getTokenFromCache: [account: , callingPkg: com.google.android.gm, service: mail]
I/DownloadManager( 5116): Download 28 starting
I/DownloadManager( 5116): Download 28 finished with status SUCCESS
D/dalvikvm( 1891): GC_EXPLICIT freed 475K, 43% free 8740K/15108K, paused 2ms+3ms, total 40ms
I/GLSUser ( 2213): [GLSUser] getTokenFromCache: [account: , callingPkg: com.google.android.gm, service: mail]
I/DownloadManager( 5116): Download 29 starting
I/DownloadManager( 5116): Download 29 finished with status SUCCESS
I/GLSUser ( 2213): [GLSUser] getTokenFromCache: [account: , callingPkg: com.google.android.gm, service: mail]
I/DownloadManager( 5116): Download 30 starting
D/dalvikvm( 5116): GC_CONCURRENT freed 389K, 19% free 3313K/4080K, paused 0ms+2ms, total 8ms
I/DownloadManager( 5116): Download 30 finished with status SUCCESS
I/GLSUser ( 2213): [GLSUser] getTokenFromCache: [account: , callingPkg: com.google.android.gm, service: mail]
I/DownloadManager( 5116): Download 31 starting
I/ConfigService( 2213): onDestroy
I/DownloadManager( 5116): Download 31 finished with status SUCCESS
D/dalvikvm( 5341): GC_CONCURRENT freed 385K, 12% free 4055K/4608K, paused 1ms+2ms, total 11ms
I/GLSUser ( 2213): [GLSUser] getTokenFromCache: [account: , callingPkg: com.google.android.gm, service: mail]
D/dalvikvm( 2213): GC_CONCURRENT freed 459K, 22% free 4271K/5408K, paused 2ms+1ms, total 18ms
I/GLSUser ( 2213): [GLSUser] getTokenFromCache: [account: , callingPkg: com.android.vending, service: androidmarket]
I/DownloadManager( 5116): Download 32 starting
W/GooglePlayServicesUtil( 5605): Google Play services out of date. Requires 7895000 but found 7574070
D/dalvikvm( 1891): GC_EXPLICIT freed 433K, 43% free 8723K/15108K, paused 1ms+2ms, total 31ms
I/DownloadManager( 5116): Download 32 finished with status SUCCESS
D/dalvikvm( 5116): GC_CONCURRENT freed 399K, 19% free 3305K/4080K, paused 1ms+3ms, total 11ms
I/GLSUser ( 2213): [GLSUser] getTokenFromCache: [account: , callingPkg: com.google.android.gm, service: mail]
I/DownloadManager( 5116): Download 33 starting
D/Volley ( 5605): [322] BasicNetwork.performRequest: HTTP response for request=<[ ] https://android.clients.google.com/fdfe/delivery?doc=com.google.android.gms&ot=1&st=EL6FobAFGexRqK8QgtVB&vc=8115070&bvc=7574070&pf=1&pf=2&pf=3&ch=OJGKRT0HGZNU-LGa8F7GViztV4g 0xe8d195d1 NORMAL 4> [lifetime=3007], [size=1342], [rc=200], [retryCount=1]
I/DownloadManager( 5116): Download 33 finished with status SUCCESS
D/Finsky ( 5605): [1] InstallerTask.canDownloadPatch: Cannot patch com.google.android.gms (com.google.android.gms), bad hash, expect xxWhA6FXKO2foqgnVW-0uYKs35U actual qz5zppse-zlTrudIK05GumgiedE
D/Finsky ( 5605): [1] DownloadImpl.setState: com.google.android.gms from null to UNQUEUED.
D/Finsky ( 5605): [1] DownloadQueueImpl.add: Download com.google.android.gms added to DownloadQueue
D/Finsky ( 5605): [1] DownloadImpl.setState: com.google.android.gms from UNQUEUED to QUEUED.
I/installd( 1552): free_cache(30909710) avail 859377664
D/Finsky ( 5605): [1] StartNextDownloadRunnable.run: Download com.google.android.gms starting
D/Finsky ( 5605): [324] 7.run: Enqueued com.google.android.gms as content://downloads/my_downloads/34
D/Finsky ( 5605): [1] DownloadImpl.setState: com.google.android.gms from QUEUED to DOWNLOADING.
D/Finsky ( 5605): [1] DownloadQueueImpl.onStart: com.google.android.gms: onStart
D/Finsky ( 5605): [1] DownloadQueueImpl.notifyProgress: com.google.android.gms: onProgress 0/-1 Status: 192.
I/GLSUser ( 2213): [GLSUser] getTokenFromCache: [account: , callingPkg: com.google.android.gm, service: mail]
I/DownloadManager( 5116): Download 34 starting
I/DownloadManager( 5116): Download 35 starting
D/dalvikvm( 5116): GC_CONCURRENT freed 403K, 20% free 3300K/4080K, paused 0ms+2ms, total 9ms
I/DownloadManager( 5116): Download 35 finished with status SUCCESS
I/GLSUser ( 2213): [GLSUser] getTokenFromCache: [account: , callingPkg: com.google.android.gm, service: mail]
I/DownloadManager( 5116): Download 36 starting
D/dalvikvm( 5116): GC_CONCURRENT freed 427K, 21% free 3257K/4080K, paused 1ms+1ms, total 7ms
D/dalvikvm( 1891): GC_EXPLICIT freed 388K, 43% free 8709K/15108K, paused 1ms+2ms, total 35ms
I/DownloadManager( 5116): Download 36 finished with status SUCCESS
I/GLSUser ( 2213): [GLSUser] getTokenFromCache: [account: , callingPkg: com.google.android.gm, service: mail]
D/dalvikvm( 2213): GC_CONCURRENT freed 467K, 22% free 4255K/5408K, paused 1ms+2ms, total 17ms
I/DownloadManager( 5116): Download 37 starting
I/DownloadManager( 5116): Ignoring Content-Length since Transfer-Encoding is also defined
I/DownloadManager( 5116): Download 37 finished with status SUCCESS
D/dalvikvm( 5341): GC_CONCURRENT freed 405K, 13% free 4040K/4608K, paused 1ms+1ms, total 9ms
I/GLSUser ( 2213): [GLSUser] getTokenFromCache: [account: , callingPkg: com.google.android.gm, service: mail]
I/DownloadManager( 5116): Download 38 starting
I/DownloadManager( 5116): Ignoring Content-Length since Transfer-Encoding is also defined
D/dalvikvm( 5116): GC_CONCURRENT freed 303K, 18% free 3348K/4080K, paused 1ms+1ms, total 7ms
I/InputReader( 1891): Reconfiguring input devices. changes=0x00000010
W/Launcher( 4759): setApplicationContext called twice! old=com.android.launcher3.LauncherApplication@216cec7c new=com.android.launcher3.LauncherApplication@216cec7c
I/PackageManager( 1891): Action: "android.intent.action.SENDTO"
I/PackageManager( 1891): Category: "android.intent.category.DEFAULT"
I/PackageManager( 1891): Scheme: "sms"
I/PackageManager( 1891): Adding preferred activity ComponentInfo{com.android.mms/com.android.mms.ui.ComposeMessageActivity} for user 0 :
D/PackageBroadcastService( 2252): Received broadcast action=android.intent.action.PACKAGE_CHANGED and uri=com.android.musicfx
I/UpdateIcingCorporaServi( 2622): Updating corpora: APPS=com.android.musicfx, CONTACTS=MAYBE
I/PackageManager( 1891): Action: "android.intent.action.SENDTO"
I/PackageManager( 1891): Category: "android.intent.category.DEFAULT"
I/PackageManager( 1891): Scheme: "smsto"
I/PackageManager( 1891): Adding preferred activity ComponentInfo{com.android.mms/com.android.mms.ui.ComposeMessageActivity} for user 0 :
I/Launcher( 4759): Deferring update until onResume
I/PackageManager( 1891): Action: "android.intent.action.SENDTO"
I/PackageManager( 1891): Category: "android.intent.category.DEFAULT"
I/PackageManager( 1891): Scheme: "mms"
I/PackageManager( 1891): Adding preferred activity ComponentInfo{com.android.mms/com.android.mms.ui.ComposeMessageActivity} for user 0 :
I/PeopleContactsSync( 2252): CP2 sync disabled
I/PackageManager( 1891): Action: "android.intent.action.SENDTO"
I/PackageManager( 1891): Category: "android.intent.category.DEFAULT"
I/PackageManager( 1891): Scheme: "mmsto"
I/PackageManager( 1891): Adding preferred activity ComponentInfo{com.android.mms/com.android.mms.ui.ComposeMessageActivity} for user 0 :
D/dalvikvm( 2622): GC_CONCURRENT freed 355K, 18% free 4266K/5156K, paused 0ms+2ms, total 13ms
D/dalvikvm( 2622): WAIT_FOR_CONCURRENT_GC blocked 10ms
I/UpdateIcingCorporaServi( 2622): UpdateCorporaTask done [took 36 ms] updated apps [took 36 ms]
I/PackageManager( 1891): Action: "android.intent.action.SENDTO"
I/PackageManager( 1891): Category: "android.intent.category.DEFAULT"
I/PackageManager( 1891): Scheme: "sms"
I/PackageManager( 1891): Adding preferred activity ComponentInfo{com.android.mms/com.android.mms.ui.ComposeMessageActivity} for user 0 :
W/LocationProviderProxy-fused( 1891): com.google.android.gms resolves service com.android.location.service.FusedLocationProvider, but has wrong signature, ignoring
I/PackageManager( 1891): Action: "android.intent.action.SENDTO"
I/PackageManager( 1891): Category: "android.intent.category.DEFAULT"
I/PackageManager( 1891): Scheme: "smsto"
I/PackageManager( 1891): Adding preferred activity ComponentInfo{com.android.mms/com.android.mms.ui.ComposeMessageActivity} for user 0 :
I/PackageManager( 1891): Action: "android.intent.action.SENDTO"
I/PackageManager( 1891): Category: "android.intent.category.DEFAULT"
I/PackageManager( 1891): Scheme: "mms"
I/PackageManager( 1891): Adding preferred activity ComponentInfo{com.android.mms/com.android.mms.ui.ComposeMessageActivity} for user 0 :
I/PackageManager( 1891): Action: "android.intent.action.SENDTO"
I/PackageManager( 1891): Category: "android.intent.category.DEFAULT"
I/PackageManager( 1891): Scheme: "mmsto"
I/PackageManager( 1891): Adding preferred activity ComponentInfo{com.android.mms/com.android.mms.ui.ComposeMessageActivity} for user 0 :
I/dalvikvm( 5605): Could not find method android.content.pm.PackageManager.getLeanbackLaunchIntentForPackage, referenced from method com.google.android.finsky.utils.IntentUtils.access$200
W/dalvikvm( 5605): VFY: unable to resolve virtual method 587: Landroid/content/pm/PackageManager;.getLeanbackLaunchIntentForPackage (Ljava/lang/String;)Landroid/content/Intent;
D/dalvikvm( 5605): VFY: replacing opcode 0x6e at 0x0017
I/DownloadManager( 5116): Download 38 finished with status SUCCESS
D/dalvikvm( 1891): GC_EXPLICIT freed 952K, 42% free 8797K/15108K, paused 1ms+3ms, total 34ms
D/dalvikvm( 5116): GC_CONCURRENT freed 425K, 19% free 3308K/4080K, paused 2ms+3ms, total 11ms
I/GLSUser ( 2213): [GLSUser] getTokenFromCache: [account: , callingPkg: com.google.android.gm, service: mail]
I/DownloadManager( 5116): Download 39 starting
I/Icing ( 2252): Indexing CC544D6EB04398A47568A3606F17245716960B11 from com.google.android.music
D/dalvikvm( 3336): GC_CONCURRENT freed 1705K, 31% free 6535K/9404K, paused 1ms+1ms, total 11ms
D/dalvikvm( 2252): GC_CONCURRENT freed 938K, 36% free 5795K/8996K, paused 1ms+2ms, total 21ms
I/DownloadManager( 5116): Ignoring Content-Length since Transfer-Encoding is also defined
D/dalvikvm( 3336): GC_CONCURRENT freed 1144K, 31% free 6569K/9404K, paused 1ms+3ms, total 13ms
D/dalvikvm( 2252): GC_CONCURRENT freed 923K, 36% free 5800K/8996K, paused 1ms+1ms, total 18ms
I/GLSUser ( 2213): [GLSUser] getTokenFromCache: [account: , callingPkg: com.android.vending, service: androidsecure]
D/dalvikvm( 5605): GC_CONCURRENT freed 1663K, 17% free 8719K/10448K, paused 1ms+4ms, total 27ms
D/dalvikvm( 2252): GC_CONCURRENT freed 932K, 36% free 5798K/8996K, paused 1ms+1ms, total 18ms
D/dalvikvm( 3336): GC_CONCURRENT freed 1173K, 31% free 6577K/9404K, paused 1ms+1ms, total 10ms
I/CalendarProvider2( 5308): Sending notification intent: Intent { act=android.intent.action.PROVIDER_CHANGED dat=content://com.android.calendar }
W/ContentResolver( 5308): Failed to get type for: content://com.android.calendar (Unknown URL content://com.android.calendar)
I/ActivityManager( 1891): Start proc com.android.calendar for broadcast com.android.calendar/.alerts.AlertReceiver: pid=5849 uid=10031 gids={50031, 3003}
D/ExtensionsFactory( 5849): No custom extensions.
D/AlertReceiver( 5849): onReceive: a=android.intent.action.PROVIDER_CHANGED Intent { act=android.intent.action.PROVIDER_CHANGED dat=content://com.android.calendar flg=0x10 cmp=com.android.calendar/.alerts.AlertReceiver }
D/AlertService( 5849): 0 Action = android.intent.action.PROVIDER_CHANGED
D/dalvikvm( 2252): GC_CONCURRENT freed 931K, 36% free 5802K/8996K, paused 1ms+1ms, total 17ms
D/dalvikvm( 3336): GC_CONCURRENT freed 1186K, 31% free 6568K/9404K, paused 1ms+1ms, total 11ms
D/dalvikvm( 2252): GC_CONCURRENT freed 925K, 36% free 5797K/8996K, paused 1ms+2ms, total 18ms
D/dalvikvm( 2252): GC_CONCURRENT freed 922K, 36% free 5804K/8996K, paused 1ms+1ms, total 17ms
D/dalvikvm( 3336): GC_CONCURRENT freed 1174K, 31% free 6568K/9404K, paused 0ms+1ms, total 9ms
D/dalvikvm( 2252): GC_CONCURRENT freed 929K, 36% free 5801K/8996K, paused 1ms+2ms, total 17ms
D/dalvikvm( 2252): GC_CONCURRENT freed 941K, 36% free 5798K/8996K, paused 1ms+1ms, total 18ms
D/dalvikvm( 3336): GC_CONCURRENT freed 1188K, 31% free 6572K/9404K, paused 1ms+1ms, total 11ms
D/dalvikvm( 3336): WAIT_FOR_CONCURRENT_GC blocked 8ms
D/dalvikvm( 3336): GC_EXPLICIT freed 225K, 33% free 6347K/9404K, paused 1ms+1ms, total 10ms
I/ActivityManager( 1891): Waited long enough for: ServiceRecord{21ac0b94 u0 com.android.providers.downloads/.DownloadService}
D/dalvikvm( 2252): GC_CONCURRENT freed 925K, 36% free 5805K/8996K, paused 2ms+1ms, total 20ms
D/dalvikvm( 3336): GC_CONCURRENT freed 990K, 31% free 6489K/9404K, paused 1ms+1ms, total 10ms
D/dalvikvm( 2252): GC_CONCURRENT freed 938K, 36% free 5800K/8996K, paused 1ms+1ms, total 16ms
D/dalvikvm( 2252): GC_CONCURRENT freed 944K, 36% free 5797K/8996K, paused 2ms+1ms, total 17ms
D/dalvikvm( 3336): GC_CONCURRENT freed 1167K, 31% free 6495K/9404K, paused 1ms+1ms, total 10ms
D/dalvikvm( 2252): GC_CONCURRENT freed 927K, 36% free 5803K/8996K, paused 2ms+2ms, total 18ms
I/GlobalDismissManager( 5849): no sender configured
D/AlertService( 5849): Beginning updateAlertNotification
D/AlertService( 5849): No fired or scheduled alerts
D/AlertService( 5849): Scheduling next alarm with AlarmScheduler. sEventReminderReceived: null
D/dalvikvm( 5308): GC_CONCURRENT freed 588K, 20% free 2925K/3652K, paused 0ms+1ms, total 5ms
D/AlarmScheduler( 5849): Query result count for events starting within 1 week: 2
D/dalvikvm( 3336): GC_CONCURRENT freed 1175K, 31% free 6494K/9404K, paused 0ms+2ms, total 9ms
D/dalvikvm( 2252): GC_CONCURRENT freed 936K, 36% free 5801K/8996K, paused 1ms+2ms, total 17ms
D/dalvikvm( 2252): GC_CONCURRENT freed 947K, 36% free 5796K/8996K, paused 2ms+1ms, total 17ms
D/dalvikvm( 3336): GC_CONCURRENT freed 1172K, 31% free 6496K/9404K, paused 1ms+1ms, total 10ms
D/dalvikvm( 2252): GC_CONCURRENT freed 927K, 36% free 5802K/8996K, paused 3ms+2ms, total 19ms
D/dalvikvm( 3336): GC_CONCURRENT freed 1180K, 31% free 6496K/9404K, paused 1ms+2ms, total 10ms
D/dalvikvm( 2252): GC_CONCURRENT freed 939K, 36% free 5798K/8996K, paused 1ms+1ms, total 18ms
D/dalvikvm( 2252): GC_CONCURRENT freed 934K, 36% free 5797K/8996K, paused 1ms+2ms, total 20ms
D/dalvikvm( 3336): GC_CONCURRENT freed 1172K, 31% free 6503K/9404K, paused 1ms+2ms, total 10ms
I/Icing ( 2252): Indexing 3AE7139E36AAF476B55650A2732254BA7F53756D from com.google.android.music
I/DownloadManager( 5116): Download 39 finished with status SUCCESS
D/dalvikvm( 5116): GC_CONCURRENT freed 388K, 19% free 3304K/4080K, paused 0ms+1ms, total 6ms
I/GLSUser ( 2213): [GLSUser] getTokenFromCache: [account: , callingPkg: com.google.android.gm, service: mail]
D/dalvikvm( 2213): GC_CONCURRENT freed 430K, 22% free 4271K/5408K, paused 1ms+1ms, total 16ms
D/dalvikvm( 1891): GC_EXPLICIT freed 983K, 43% free 8733K/15108K, paused 1ms+4ms, total 42ms
I/DownloadManager( 5116): Download 40 starting
D/dalvikvm( 2252): GC_CONCURRENT freed 911K, 36% free 5820K/8996K, paused 2ms+2ms, total 18ms
D/dalvikvm( 3336): GC_EXPLICIT freed 1164K, 32% free 6485K/9404K, paused 1ms+2ms, total 10ms
D/dalvikvm( 2252): GC_CONCURRENT freed 918K, 36% free 5842K/8996K, paused 1ms+1ms, total 19ms
D/dalvikvm( 3336): GC_EXPLICIT freed 1116K, 32% free 6484K/9404K, paused 1ms+1ms, total 11ms
D/Volley ( 5605): [321] BasicNetwork.performRequest: HTTP response for request=<[ ] https://android.clients.google.com/vending/api/ApiRequest 0xe8d195d1 NORMAL 5 ContentSyncRequestProto> [lifetime=10378], [size=36], [rc=200], [retryCount=0]
D/Finsky ( 5605): [1] AppStatesReplicator.handleContentSyncResponse: Completed 1 account content syncs with 1 successful.
D/Finsky ( 5605): [1] 5.onFinished: Installation state replication succeeded.
I/ActivityManager( 1891): Killing 5293:com.google.android.syncadapters.calendar/u0a50 (adj 15): empty #17
I/DownloadManager( 5116): Ignoring Content-Length since Transfer-Encoding is also defined
I/DownloadManager( 5116): Download 40 finished with status SUCCESS
I/GLSUser ( 2213): [GLSUser] getTokenFromCache: [account: , callingPkg: com.google.android.gm, service: mail]
I/DownloadManager( 5116): Download 41 starting
D/dalvikvm( 3336): GC_EXPLICIT freed 1123K, 32% free 6485K/9404K, paused 1ms+2ms, total 11ms
D/dalvikvm( 2252): GC_CONCURRENT freed 943K, 36% free 5844K/8996K, paused 2ms+2ms, total 19ms
D/dalvikvm( 3336): GC_EXPLICIT freed 1128K, 31% free 6490K/9404K, paused 1ms+1ms, total 10ms
I/Icing ( 2252): Indexing E2C8D6BCBBAB7DE7E570F8061E878982D818E867 from com.google.android.music
D/dalvikvm( 2252): GC_CONCURRENT freed 945K, 36% free 5839K/8996K, paused 2ms+2ms, total 19ms
I/DownloadManager( 5116): Ignoring Content-Length since Transfer-Encoding is also defined
D/dalvikvm( 5116): GC_CONCURRENT freed 388K, 20% free 3302K/4080K, paused 1ms+0ms, total 6ms
I/DownloadManager( 5116): Download 41 finished with status SUCCESS
I/GLSUser ( 2213): [GLSUser] getTokenFromCache: [account: , callingPkg: com.google.android.gm, service: mail]
D/dalvikvm( 5341): GC_CONCURRENT freed 380K, 13% free 4053K/4608K, paused 1ms+1ms, total 10ms
I/DownloadManager( 5116): Download 42 starting
D/dalvikvm( 3336): GC_EXPLICIT freed 1133K, 32% free 6488K/9404K, paused 1ms+1ms, total 11ms
D/dalvikvm( 2252): GC_CONCURRENT freed 929K, 35% free 5849K/8996K, paused 1ms+2ms, total 20ms
D/dalvikvm( 3336): GC_EXPLICIT freed 1112K, 32% free 6482K/9404K, paused 1ms+2ms, total 13ms
I/DownloadManager( 5116): Download 42 finished with status SUCCESS
I/GLSUser ( 2213): [GLSUser] getTokenFromCache: [account: , callingPkg: com.google.android.gm, service: mail]
I/DownloadManager( 5116): Download 43 starting
D/dalvikvm( 3336): GC_EXPLICIT freed 1113K, 32% free 6481K/9404K, paused 1ms+1ms, total 11ms
W/Gmail ( 5341): Sync started for account: account:-868725537
I/Gmail ( 5341): notifyAccountChanged
I/Gmail ( 5341): getAccountsCursor
D/dalvikvm( 1891): GC_EXPLICIT freed 763K, 43% free 8693K/15108K, paused 1ms+4ms, total 46ms
I/Gmail ( 5341): MainSyncRequestProto: lowestBkwdConvoId: 0, highestHandledServerOp: 143870, normalSync: true
I/Gmail ( 5341): lowestBackward conversation id 0
E/Gmail ( 5341): Account account:-868725537 is not registered for search
D/dalvikvm( 2252): GC_CONCURRENT freed 965K, 35% free 5855K/8996K, paused 1ms+2ms, total 25ms
D/dalvikvm( 5341): GC_CONCURRENT freed 436K, 14% free 4028K/4648K, paused 2ms+2ms, total 12ms
I/Gmail ( 5341): notifyAccountChanged
I/Gmail ( 5341): getAccountsCursor
W/Gmail ( 5341): Sync complete for account: account:-868725537
I/Icing ( 2252): Indexing C354E322E6588DBC5B07BB2322CE4F850CCC5DC3 from com.google.android.music
I/Icing ( 2252): Indexing done C354E322E6588DBC5B07BB2322CE4F850CCC5DC3
D/dalvikvm( 3336): GC_EXPLICIT freed 1122K, 31% free 6492K/9404K, paused 1ms+1ms, total 11ms
D/dalvikvm( 2252): GC_CONCURRENT freed 993K, 36% free 5822K/8996K, paused 3ms+3ms, total 19ms
D/dalvikvm( 5116): GC_CONCURRENT freed 381K, 19% free 3314K/4080K, paused 1ms+1ms, total 6ms
D/dalvikvm( 2252): GC_CONCURRENT freed 963K, 36% free 5796K/8996K, paused 1ms+2ms, total 17ms
D/dalvikvm( 3336): GC_CONCURRENT freed 1171K, 31% free 6500K/9404K, paused 1ms+2ms, total 10ms
D/dalvikvm( 2252): GC_CONCURRENT freed 923K, 36% free 5801K/8996K, paused 1ms+3ms, total 21ms
D/dalvikvm( 3336): GC_CONCURRENT freed 1199K, 31% free 6495K/9404K, paused 0ms+1ms, total 11ms
D/dalvikvm( 3336): WAIT_FOR_CONCURRENT_GC blocked 3ms
D/dalvikvm( 3336): GC_EXPLICIT freed 142K, 33% free 6352K/9404K, paused 0ms+1ms, total 12ms
D/dalvikvm( 2252): GC_CONCURRENT freed 934K, 36% free 5797K/8996K, paused 2ms+2ms, total 19ms
D/dalvikvm( 2252): GC_CONCURRENT freed 929K, 36% free 5796K/8996K, paused 2ms+2ms, total 18ms
D/dalvikvm( 3336): GC_CONCURRENT freed 1002K, 31% free 6490K/9404K, paused 0ms+1ms, total 10ms
D/dalvikvm( 2252): GC_CONCURRENT freed 917K, 36% free 5800K/8996K, paused 1ms+2ms, total 18ms
D/dalvikvm( 3336): GC_CONCURRENT freed 1170K, 31% free 6493K/9404K, paused 1ms+1ms, total 9ms
D/dalvikvm( 2252): GC_CONCURRENT freed 927K, 36% free 5798K/8996K, paused 1ms+1ms, total 17ms
I/Icing ( 2252): Indexing done 3AE7139E36AAF476B55650A2732254BA7F53756D
I/Icing ( 2252): Indexing done E2C8D6BCBBAB7DE7E570F8061E878982D818E867
I/Icing ( 2252): Indexing done CC544D6EB04398A47568A3606F17245716960B11
I/DownloadManager( 5116): Download 43 finished with status SUCCESS
I/GLSUser ( 2213): [GLSUser] getTokenFromCache: [account: , callingPkg: com.google.android.gm, service: mail]
I/DownloadManager( 5116): Download 44 starting
I/DownloadManager( 5116): Download 44 finished with status SUCCESS
D/dalvikvm( 2213): GC_CONCURRENT freed 470K, 22% free 4270K/5408K, paused 1ms+1ms, total 15ms
I/GLSUser ( 2213): [GLSUser] getTokenFromCache: [account: , callingPkg: com.google.android.gm, service: mail]
D/dalvikvm( 5116): GC_CONCURRENT freed 390K, 19% free 3309K/4080K, paused 1ms+3ms, total 8ms
I/DownloadManager( 5116): Download 45 starting
I/DownloadManager( 5116): Download 45 finished with status SUCCESS
D/dalvikvm( 1891): GC_EXPLICIT freed 627K, 43% free 8703K/15108K, paused 1ms+3ms, total 32ms
I/GLSUser ( 2213): [GLSUser] getTokenFromCache: [account: , callingPkg: com.google.android.gm, service: mail]
I/DownloadManager( 5116): Download 46 starting
I/DownloadManager( 5116): Download 46 finished with status SUCCESS
D/dalvikvm( 5341): GC_CONCURRENT freed 368K, 13% free 4047K/4624K, paused 0ms+1ms, total 7ms
I/GLSUser ( 2213): [GLSUser] getTokenFromCache: [account: , callingPkg: com.google.android.gm, service: mail]
D/dalvikvm( 5116): GC_CONCURRENT freed 387K, 19% free 3311K/4080K, paused 1ms+1ms, total 7ms
I/DownloadManager( 5116): Download 47 starting
I/DownloadManager( 5116): Download 47 finished with status SUCCESS
I/GLSUser ( 2213): [GLSUser] getTokenFromCache: [account: , callingPkg: com.google.android.gm, service: mail]
I/DownloadManager( 5116): Download 48 starting
I/DownloadManager( 5116): Download 48 finished with status SUCCESS
I/GLSUser ( 2213): [GLSUser] getTokenFromCache: [account: , callingPkg: com.google.android.gm, service: mail]
D/dalvikvm( 5116): GC_CONCURRENT freed 390K, 19% free 3308K/4080K, paused 2ms+0ms, total 9ms
D/dalvikvm( 1891): GC_EXPLICIT freed 420K, 43% free 8698K/15108K, paused 1ms+2ms, total 32ms
I/DownloadManager( 5116): Download 49 starting
I/DownloadManager( 5116): Download 49 finished with status SUCCESS
D/dalvikvm( 2213): GC_CONCURRENT freed 462K, 22% free 4264K/5408K, paused 0ms+1ms, total 12ms
I/GLSUser ( 2213): [GLSUser] getTokenFromCache: [account: , callingPkg: com.google.android.gm, service: mail]
I/DownloadManager( 5116): Download 50 starting
D/dalvikvm( 5605): GC_EXPLICIT freed 998K, 21% free 8260K/10436K, paused 1ms+2ms, total 26ms
I/DownloadManager( 5116): Download 50 finished with status SUCCESS
I/GLSUser ( 2213): [GLSUser] getTokenFromCache: [account: , callingPkg: com.google.android.gm, service: mail]
D/dalvikvm( 5341): GC_CONCURRENT freed 365K, 12% free 4070K/4624K, paused 1ms+4ms, total 12ms
D/dalvikvm( 5116): GC_CONCURRENT freed 377K, 19% free 3319K/4080K, paused 1ms+1ms, total 9ms
I/DownloadManager( 5116): Download 51 starting
I/DownloadManager( 5116): Download 51 finished with status SUCCESS
I/GLSUser ( 2213): [GLSUser] getTokenFromCache: [account: , callingPkg: com.google.android.gm, service: mail]
I/DownloadManager( 5116): Download 52 starting
D/dalvikvm( 1891): GC_EXPLICIT freed 369K, 43% free 8707K/15108K, paused 1ms+2ms, total 31ms
I/DownloadManager( 5116): Download 52 finished with status SUCCESS
I/GLSUser ( 2213): [GLSUser] getTokenFromCache: [account: , callingPkg: com.google.android.gm, service: mail]
D/dalvikvm( 5116): GC_CONCURRENT freed 406K, 19% free 3307K/4080K, paused 1ms+2ms, total 9ms
I/DownloadManager( 5116): Download 53 starting
I/DownloadManager( 5116): Download 53 finished with status SUCCESS
I/GLSUser ( 2213): [GLSUser] getTokenFromCache: [account: , callingPkg: com.google.android.gm, service: mail]
I/DownloadManager( 5116): Download 54 starting
I/DownloadManager( 5116): Download 54 finished with status SUCCESS
D/dalvikvm( 2213): GC_CONCURRENT freed 460K, 22% free 4255K/5408K, paused 1ms+1ms, total 11ms
I/GLSUser ( 2213): [GLSUser] getTokenFromCache: [account: , callingPkg: com.google.android.gm, service: mail]
D/dalvikvm( 5116): GC_CONCURRENT freed 394K, 19% free 3305K/4080K, paused 1ms+1ms, total 9ms
I/DownloadManager( 5116): Download 55 starting
I/DownloadManager( 5116): Download 55 finished with status SUCCESS
D/dalvikvm( 5341): GC_CONCURRENT freed 387K, 12% free 4084K/4624K, paused 2ms+3ms, total 15ms
I/GLSUser ( 2213): [GLSUser] getTokenFromCache: [account: , callingPkg: com.google.android.gm, service: mail]
D/dalvikvm( 1891): GC_EXPLICIT freed 423K, 43% free 8691K/15108K, paused 1ms+3ms, total 30ms
I/DownloadManager( 5116): Download 56 starting
I/DownloadManager( 5116): Download 56 finished with status SUCCESS
I/GLSUser ( 2213): [GLSUser] getTokenFromCache: [account: , callingPkg: com.google.android.gm, service: mail]
I/DownloadManager( 5116): Download 57 starting
D/dalvikvm( 5116): GC_CONCURRENT freed 381K, 19% free 3316K/4080K, paused 1ms+1ms, total 8ms
I/DownloadManager( 5116): Download 57 finished with status SUCCESS
I/GLSUser ( 2213): [GLSUser] getTokenFromCache: [account: , callingPkg: com.google.android.gm, service: mail]
I/DownloadManager( 5116): Download 58 starting
I/DownloadManager( 5116): Download 58 finished with status SUCCESS
I/GLSUser ( 2213): [GLSUser] getTokenFromCache: [account: , callingPkg: com.google.android.gm, service: mail]
D/dalvikvm( 5116): GC_CONCURRENT freed 393K, 19% free 3311K/4080K, paused 0ms+1ms, total 6ms
I/DownloadManager( 5116): Download 59 starting
D/dalvikvm( 1891): GC_EXPLICIT freed 375K, 43% free 8685K/15108K, paused 1ms+2ms, total 33ms
I/DownloadManager( 5116): Download 59 finished with status SUCCESS
D/dalvikvm( 2213): GC_CONCURRENT freed 471K, 22% free 4261K/5408K, paused 0ms+1ms, total 14ms
I/GLSUser ( 2213): [GLSUser] getTokenFromCache: [account: , callingPkg: com.google.android.gm, service: mail]
I/DownloadManager( 5116): Download 60 starting
I/DownloadManager( 5116): Download 60 finished with status SUCCESS
D/dalvikvm( 5341): GC_CONCURRENT freed 376K, 12% free 4099K/4624K, paused 0ms+1ms, total 11ms
I/GLSUser ( 2213): [GLSUser] getTokenFromCache: [account: , callingPkg: com.google.android.gm, service: mail]
I/DownloadManager( 5116): Download 61 starting
D/dalvikvm( 5116): GC_CONCURRENT freed 381K, 19% free 3316K/4080K, paused 1ms+1ms, total 6ms
I/DownloadManager( 5116): Download 61 finished with status SUCCESS
D/dalvikvm( 5605): GC_EXPLICIT freed 453K, 21% free 8264K/10436K, paused 0ms+2ms, total 22ms
D/dalvikvm( 1891): GC_EXPLICIT freed 404K, 43% free 8695K/15108K, paused 1ms+2ms, total 30ms
D/dalvikvm( 5116): GC_CONCURRENT freed 384K, 19% free 3322K/4080K, paused 0ms+1ms, total 7ms
D/dalvikvm( 5116): GC_CONCURRENT freed 416K, 20% free 3302K/4080K, paused 0ms+2ms, total 8ms
D/dalvikvm( 2077): GC_CONCURRENT freed 396K, 14% free 2945K/3400K, paused 0ms+0ms, total 4ms
D/dalvikvm( 5116): GC_CONCURRENT freed 394K, 20% free 3292K/4080K, paused 1ms+1ms, total 7ms
D/dalvikvm( 1891): GC_EXPLICIT freed 525K, 43% free 8663K/15108K, paused 1ms+3ms, total 34ms
I/DownloadManager( 5116): Download 34 finished with status SUCCESS
D/Finsky ( 5605): [1] DownloadBroadcastReceiver.onReceive: Intent received at DownloadBroadcastReceiver
I/ActivityManager( 1891): Killing 5308:com.android.providers.calendar/u0a1 (adj 15): empty #17
D/Finsky ( 5605): [1] DownloadImpl.setState: com.google.android.gms from DOWNLOADING to SUCCESS.
D/Finsky ( 5605): [1] DownloadQueueImpl.onComplete: com.google.android.gms: onComplete
D/Finsky ( 5605): [1] DownloadQueueImpl.remove: Download com.google.android.gms removed from DownloadQueue
I/installd( 1552): free_cache(0) avail 819482624
D/Finsky ( 5605): [1] InstallerTask.advanceState: Prepare to copy com.google.android.gms (com.google.android.gms) from content://downloads/my_downloads/34 (expect 49191306 bytes)
W/GooglePlayServicesUtil( 5605): Google Play services out of date. Requires 7895000 but found 7574070
D/Finsky ( 5605): [1] 7.onPostExecute: Successfully copied APK to update com.google.android.gms (com.google.android.gms)
D/Finsky ( 5605): [1] InstallerTask.advanceState: Begin install of com.google.android.gms
W/ActivityManager( 1891): No content provider found for permission revoke: file:///data/data/com.android.vending/cache/copies/com.google.android.gms-1724785341.apk
D/Finsky ( 5605): [1] PackageVerificationReceiver.onReceive: Skipping verification because own installation
D/Finsky ( 5605): [1] PackageVerificationReceiver.onReceive: Verification requested, id = 1
W/ActivityManager( 1891): No content provider found for permission revoke: file:///data/data/com.android.vending/cache/copies/com.google.android.gms-1724785341.apk
I/PackageManager( 1891): Copying native libraries to /data/app-lib/vmdl637227896
W/Resources( 1891): Converting to boolean: TypedValue{t=0x3/d=0x2a69 "false" a=2 r=0x7f1209e7}
W/ResourceType( 1891): Failure getting entry for 0x7f13039a (t=18 e=922) in package 0 (error -75)
W/ResourceType( 1891): Failure getting entry for 0x7f130386 (t=18 e=902) in package 0 (error -75)
W/ResourceType( 1891): Failure getting entry for 0x7f130386 (t=18 e=902) in package 0 (error -75)
W/ResourceType( 1891): Failure getting entry for 0x7f130386 (t=18 e=902) in package 0 (error -75)
W/ResourceType( 1891): Failure getting entry for 0x7f13039a (t=18 e=922) in package 0 (error -75)
W/ResourceType( 1891): Failure getting entry for 0x7f13039a (t=18 e=922) in package 0 (error -75)
W/ResourceType( 1891): Failure getting entry for 0x7f13039a (t=18 e=922) in package 0 (error -75)
W/ResourceType( 1891): Failure getting entry for 0x7f13039a (t=18 e=922) in package 0 (error -75)
W/ResourceType( 1891): Failure getting entry for 0x7f130386 (t=18 e=902) in package 0 (error -75)
W/ResourceType( 1891): Failure getting entry for 0x7f130386 (t=18 e=902) in package 0 (error -75)
W/ResourceType( 1891): Failure getting entry for 0x7f13039a (t=18 e=922) in package 0 (error -75)
W/ResourceType( 1891): Failure getting entry for 0x7f130388 (t=18 e=904) in package 0 (error -75)
W/ResourceType( 1891): Failure getting entry for 0x7f130388 (t=18 e=904) in package 0 (error -75)
W/ResourceType( 1891): Failure getting entry for 0x7f130388 (t=18 e=904) in package 0 (error -75)
W/ResourceType( 1891): Failure getting entry for 0x7f13037c (t=18 e=892) in package 0 (error -75)
D/dalvikvm( 1891): GC_CONCURRENT freed 334K, 35% free 9833K/15108K, paused 1ms+3ms, total 30ms
D/dalvikvm( 1891): WAIT_FOR_CONCURRENT_GC blocked 23ms
