I/ActivityManager( 1891): Delay finish: com.google.android.googlequicksearchbox/com.google.android.search.core.icingsync.IcingCorporaChangedReceiver
I/ActivityManager( 1891): Resuming delayed broadcast
I/ActivityManager( 1891): Delay finish: com.android.gallery3d/.app.PackagesMonitor
I/ActivityManager( 1891): Resuming delayed broadcast
I/ActivityManager( 1891): Delay finish: com.google.android.googlequicksearchbox/com.google.android.search.core.icingsync.IcingCorporaChangedReceiver
I/ActivityManager( 1891): Resuming delayed broadcast
I/ActivityManager( 1891): Delay finish: com.android.gallery3d/.app.PackagesMonitor
I/ActivityManager( 1891): Resuming delayed broadcast
I/ActivityManager( 1891): Delay finish: com.google.android.googlequicksearchbox/com.google.android.search.core.icingsync.IcingCorporaChangedReceiver
I/ActivityManager( 1891): Resuming delayed broadcast
I/ActivityManager( 1891): Delay finish: com.android.gallery3d/.app.PackagesMonitor
I/ActivityManager( 1891): Resuming delayed broadcast
I/ActivityManager( 1891): Delay finish: com.google.android.googlequicksearchbox/com.google.android.search.core.icingsync.IcingCorporaChangedReceiver
I/ActivityManager( 1891): Resuming delayed broadcast
I/ActivityManager( 1891): Delay finish: com.android.gallery3d/.app.PackagesMonitor
I/ActivityManager( 1891): Resuming delayed broadcast
I/ActivityManager( 1891): Delay finish: com.google.android.googlequicksearchbox/com.google.android.search.core.icingsync.IcingCorporaChangedReceiver
I/ActivityManager( 1891): Resuming delayed broadcast
I/ActivityManager( 1891): Delay finish: com.android.gallery3d/.app.PackagesMonitor
I/ActivityManager( 1891): Resuming delayed broadcast
I/ActivityManager( 1891): Delay finish: com.google.android.googlequicksearchbox/com.google.android.search.core.icingsync.IcingCorporaChangedReceiver
I/ActivityManager( 1891): Resuming delayed broadcast
I/ActivityManager( 1891): Delay finish: com.android.gallery3d/.app.PackagesMonitor
I/ActivityManager( 1891): Resuming delayed broadcast
I/ActivityManager( 1891): Delay finish: com.google.android.googlequicksearchbox/com.google.android.search.core.icingsync.IcingCorporaChangedReceiver
I/ActivityManager( 1891): Resuming delayed broadcast
I/ActivityManager( 1891): Delay finish: com.android.gallery3d/.app.PackagesMonitor
I/ActivityManager( 1891): Resuming delayed broadcast
I/ActivityManager( 1891): Delay finish: com.google.android.googlequicksearchbox/com.google.android.search.core.icingsync.IcingCorporaChangedReceiver
I/ActivityManager( 1891): Resuming delayed broadcast
I/ActivityManager( 1891): Delay finish: com.android.gallery3d/.app.PackagesMonitor
I/ActivityManager( 1891): Resuming delayed broadcast
I/ActivityManager( 1891): Delay finish: com.google.android.googlequicksearchbox/com.google.android.search.core.icingsync.IcingCorporaChangedReceiver
I/ActivityManager( 1891): Resuming delayed broadcast
I/ActivityManager( 1891): Delay finish: com.android.gallery3d/.app.PackagesMonitor
I/ActivityManager( 1891): Resuming delayed broadcast
I/ActivityManager( 1891): Delay finish: com.google.android.googlequicksearchbox/com.google.android.search.core.icingsync.IcingCorporaChangedReceiver
I/ActivityManager( 1891): Resuming delayed broadcast
I/ActivityManager( 1891): Delay finish: com.android.gallery3d/.app.PackagesMonitor
I/ActivityManager( 1891): Resuming delayed broadcast
I/ActivityManager( 1891): Delay finish: com.google.android.googlequicksearchbox/com.google.android.search.core.icingsync.IcingCorporaChangedReceiver
I/ActivityManager( 1891): Resuming delayed broadcast
I/ActivityManager( 1891): Delay finish: com.android.gallery3d/.app.PackagesMonitor
I/ActivityManager( 1891): Resuming delayed broadcast
I/ActivityManager( 1891): Delay finish: com.google.android.googlequicksearchbox/com.google.android.search.core.icingsync.IcingCorporaChangedReceiver
I/ActivityManager( 1891): Resuming delayed broadcast
I/ActivityManager( 1891): Delay finish: com.android.gallery3d/.app.PackagesMonitor
I/ActivityManager( 1891): Resuming delayed broadcast
I/ActivityManager( 1891): Start proc com.google.android.gms.ui for broadcast com.google.android.gms/.mdm.receivers.MdmDeviceAdminReceiver: pid=3431 uid=10008 gids={50008, 3003, 1007, 1028, 1015, 1023, 3002, 3001, 3007, 2001, 3006}
I/ActivityManager( 1891): Killing 2463:android.process.media/u0a6 (adj 15): empty #17
I/ActivityManager( 1891): Delay finish: com.google.android.gm/.widget.GmailWidgetProvider
I/ActivityManager( 1891): Resuming delayed broadcast
I/ActivityManager( 1891): Waited long enough for: ServiceRecord{21b1aa94 u0 com.android.calendar/.alerts.InitAlarmsService}
I/PackageManager( 1891): Adding preferred activity ComponentInfo{com.android.mms/com.android.mms.ui.ComposeMessageActivity} for user 0 :
I/PackageManager( 1891): Adding preferred activity ComponentInfo{com.android.mms/com.android.mms.ui.ComposeMessageActivity} for user 0 :
I/PackageManager( 1891): Adding preferred activity ComponentInfo{com.android.mms/com.android.mms.ui.ComposeMessageActivity} for user 0 :
I/PackageManager( 1891): Adding preferred activity ComponentInfo{com.android.mms/com.android.mms.ui.ComposeMessageActivity} for user 0 :
I/PackageManager( 1891): Adding preferred activity ComponentInfo{com.android.mms/com.android.mms.ui.ComposeMessageActivity} for user 0 :
I/PackageManager( 1891): Adding preferred activity ComponentInfo{com.android.mms/com.android.mms.ui.ComposeMessageActivity} for user 0 :
I/PackageManager( 1891): Adding preferred activity ComponentInfo{com.android.mms/com.android.mms.ui.ComposeMessageActivity} for user 0 :
I/PackageManager( 1891): Adding preferred activity ComponentInfo{com.android.mms/com.android.mms.ui.ComposeMessageActivity} for user 0 :
I/ActivityManager( 1891): Killing 2928:com.android.onetimeinitializer/u0a15 (adj 15): empty #17
I/PackageManager( 1891): Adding preferred activity ComponentInfo{com.android.mms/com.android.mms.ui.ComposeMessageActivity} for user 0 :
I/PackageManager( 1891): Adding preferred activity ComponentInfo{com.android.mms/com.android.mms.ui.ComposeMessageActivity} for user 0 :
I/PackageManager( 1891): Adding preferred activity ComponentInfo{com.android.mms/com.android.mms.ui.ComposeMessageActivity} for user 0 :
I/PackageManager( 1891): Adding preferred activity ComponentInfo{com.android.mms/com.android.mms.ui.ComposeMessageActivity} for user 0 :
I/PackageManager( 1891): Adding preferred activity ComponentInfo{com.android.mms/com.android.mms.ui.ComposeMessageActivity} for user 0 :
I/PackageManager( 1891): Adding preferred activity ComponentInfo{com.android.mms/com.android.mms.ui.ComposeMessageActivity} for user 0 :
I/PackageManager( 1891): Adding preferred activity ComponentInfo{com.android.mms/com.android.mms.ui.ComposeMessageActivity} for user 0 :
I/PackageManager( 1891): Adding preferred activity ComponentInfo{com.android.mms/com.android.mms.ui.ComposeMessageActivity} for user 0 :
I/PackageManager( 1891): Adding preferred activity ComponentInfo{com.android.mms/com.android.mms.ui.ComposeMessageActivity} for user 0 :
I/PackageManager( 1891): Adding preferred activity ComponentInfo{com.android.mms/com.android.mms.ui.ComposeMessageActivity} for user 0 :
I/PackageManager( 1891): Adding preferred activity ComponentInfo{com.android.mms/com.android.mms.ui.ComposeMessageActivity} for user 0 :
I/PackageManager( 1891): Adding preferred activity ComponentInfo{com.android.mms/com.android.mms.ui.ComposeMessageActivity} for user 0 :
I/PackageManager( 1891): Adding preferred activity ComponentInfo{com.android.mms/com.android.mms.ui.ComposeMessageActivity} for user 0 :
I/PackageManager( 1891): Adding preferred activity ComponentInfo{com.android.mms/com.android.mms.ui.ComposeMessageActivity} for user 0 :
I/PackageManager( 1891): Adding preferred activity ComponentInfo{com.android.mms/com.android.mms.ui.ComposeMessageActivity} for user 0 :
I/PackageManager( 1891): Adding preferred activity ComponentInfo{com.android.mms/com.android.mms.ui.ComposeMessageActivity} for user 0 :
I/PackageManager( 1891): Adding preferred activity ComponentInfo{com.android.mms/com.android.mms.ui.ComposeMessageActivity} for user 0 :
I/PackageManager( 1891): Adding preferred activity ComponentInfo{com.android.mms/com.android.mms.ui.ComposeMessageActivity} for user 0 :
I/PackageManager( 1891): Adding preferred activity ComponentInfo{com.android.mms/com.android.mms.ui.ComposeMessageActivity} for user 0 :
I/PackageManager( 1891): Adding preferred activity ComponentInfo{com.android.mms/com.android.mms.ui.ComposeMessageActivity} for user 0 :
I/PackageManager( 1891): Adding preferred activity ComponentInfo{com.android.mms/com.android.mms.ui.ComposeMessageActivity} for user 0 :
I/PackageManager( 1891): Adding preferred activity ComponentInfo{com.android.mms/com.android.mms.ui.ComposeMessageActivity} for user 0 :
I/PackageManager( 1891): Adding preferred activity ComponentInfo{com.android.mms/com.android.mms.ui.ComposeMessageActivity} for user 0 :
I/PackageManager( 1891): Adding preferred activity ComponentInfo{com.android.mms/com.android.mms.ui.ComposeMessageActivity} for user 0 :
W/InputMethodManagerService( 1891): Window already focused, ignoring focus gain of: com.android.internal.view.IInputMethodClient$Stub$Proxy@2179e6d8 attribute=null, token = android.os.BinderProxy@2193c56c
I/ActivityManager( 1891): Process android.process.acore (pid 2193) has died.
I/ActivityManager( 1891): Config changes=2004 {1.0 ?mcc?mnc de_DE ldltr sw800dp w1280dp h727dp 160dpi xlrg land -touch qwerty/v/v -nav/h s.6}
I/ActivityManager( 1891): Start proc android.process.acore for broadcast com.android.providers.contacts/.LocaleChangeReceiver: pid=3488 uid=10003 gids={50003, 3003, 1028, 1015, 1023}
W/InputMethodUtils( 1891): Found no subtypes in a system IME: net.toload.main.hd
W/InputMethodUtils( 1891): Found no subtypes in a system IME: com.android.inputmethod.pinyin
W/InputMethodUtils( 1891): Found no subtypes in a system IME: net.toload.main.hd
I/InputMethodManagerService( 1891): Selected default: com.android.inputmethod.latin/.LatinIME
W/InputMethodManagerService( 1891): Illegal subtype state: old subtype = null, new subtype = android.view.inputmethod.InputMethodSubtype@2e2cbe61
I/ActivityManager( 1891): Process com.android.vending (pid 2553) has died.
W/ActivityManager( 1891): Scheduling restart of crashed service com.android.vending/com.google.android.finsky.services.DailyHygiene in 1000ms
I/ActivityManager( 1891): Start proc com.google.android.inputmethod.latin for broadcast com.google.android.inputmethod.latin/com.android.inputmethod.latin.SystemBroadcastReceiver: pid=3515 uid=10055 gids={50055, 3003, 1028, 1015, 1023}
I/ActivityManager( 1891): Process com.google.android.inputmethod.latin (pid 3515) has died.
I/ActivityManager( 1891): Start proc com.google.android.apps.magazines for broadcast com.google.android.apps.magazines/com.google.apps.dots.android.newsstand.receivers.LocaleReceiver: pid=3531 uid=10058 gids={50058, 3003, 1028, 1015, 1023}
W/Vold ( 1544): Returning OperationFailed - no handler for errno 30
W/Vold ( 1544): Returning OperationFailed - no handler for errno 30
W/Vold ( 1544): Returning OperationFailed - no handler for errno 30
W/Vold ( 1544): Returning OperationFailed - no handler for errno 30
E/Vold ( 1544): Failed to find volume for /storage/sdcard1/Android/data/com.google.android.apps.magazines/cache/
W/Vold ( 1544): Returning OperationFailed - no handler for errno 30
W/Vold ( 1544): Returning OperationFailed - no handler for errno 30
W/Vold ( 1544): Returning OperationFailed - no handler for errno 30
W/Vold ( 1544): Returning OperationFailed - no handler for errno 30
W/Vold ( 1544): Returning OperationFailed - no handler for errno 30
E/Vold ( 1544): Failed to find volume for /storage/sdcard1/Android/data/com.google.android.apps.magazines/files/
W/Vold ( 1544): Returning OperationFailed - no handler for errno 30
W/Vold ( 1544): Returning OperationFailed - no handler for errno 30
W/Vold ( 1544): Returning OperationFailed - no handler for errno 30
W/Vold ( 1544): Returning OperationFailed - no handler for errno 30
W/Vold ( 1544): Returning OperationFailed - no handler for errno 30
E/Vold ( 1544): Failed to find volume for /storage/sdcard1/Android/data/com.google.android.apps.magazines/cache/
W/Vold ( 1544): Returning OperationFailed - no handler for errno 30
W/Vold ( 1544): Returning OperationFailed - no handler for errno 30
W/Vold ( 1544): Returning OperationFailed - no handler for errno 30
W/Vold ( 1544): Returning OperationFailed - no handler for errno 30
W/Vold ( 1544): Returning OperationFailed - no handler for errno 30
E/Vold ( 1544): Failed to find volume for /storage/sdcard1/Android/data/com.google.android.apps.magazines/files/
W/Vold ( 1544): Returning OperationFailed - no handler for errno 30
I/ActivityManager( 1891): Killing 2943:com.thirdparty.superuser/1000 (adj 15): empty #17
I/PackageManager( 1891): Adding preferred activity ComponentInfo{com.android.mms/com.android.mms.ui.ComposeMessageActivity} for user 0 :
I/ActivityManager( 1891): Start proc com.android.vending for broadcast com.android.vending/com.google.android.finsky.receivers.PackageMonitorReceiver$RegisteredReceiver: pid=3587 uid=10016 gids={50016, 3003, 1028, 1015, 1023}
I/PackageManager( 1891): Adding preferred activity ComponentInfo{com.android.mms/com.android.mms.ui.ComposeMessageActivity} for user 0 :
I/PackageManager( 1891): Adding preferred activity ComponentInfo{com.android.mms/com.android.mms.ui.ComposeMessageActivity} for user 0 :
I/PackageManager( 1891): Adding preferred activity ComponentInfo{com.android.mms/com.android.mms.ui.ComposeMessageActivity} for user 0 :
I/PackageManager( 1891): Adding preferred activity ComponentInfo{com.android.mms/com.android.mms.ui.ComposeMessageActivity} for user 0 :
I/PackageManager( 1891): Adding preferred activity ComponentInfo{com.android.mms/com.android.mms.ui.ComposeMessageActivity} for user 0 :
I/PackageManager( 1891): Adding preferred activity ComponentInfo{com.android.mms/com.android.mms.ui.ComposeMessageActivity} for user 0 :
I/PackageManager( 1891): Adding preferred activity ComponentInfo{com.android.mms/com.android.mms.ui.ComposeMessageActivity} for user 0 :
I/ActivityManager( 1891): Start proc android.process.media for content provider com.android.providers.downloads/.DownloadProvider: pid=3621 uid=10006 gids={50006, 1028, 1015, 1023, 1024, 2001, 3003, 3007}
I/ActivityManager( 1891): Killing 3013:com.android.camera2/u0a32 (adj 15): empty #17
I/ActivityManager( 1891): Killing 3064:com.android.exchange/u0a40 (adj 15): empty #17
D/ConnectivityService( 1891): Sampling interval elapsed, updating statistics ..
D/ConnectivityService( 1891): Done.
D/ConnectivityService( 1891): Setting timer for 720seconds
W/SocketClient( 1545): write error (Broken pipe)
D/ConnectivityService( 1891): handleInetConditionChange: no active default network - ignore
I/ActivityManager( 1891): Start proc com.android.musicfx for broadcast com.android.musicfx/.ControlPanelReceiver: pid=3661 uid=10014 gids={50014, 3003, 3002}
I/ActivityManager( 1891): Killing 2533:com.android.music/u0a61 (adj 15): empty #17
I/ActivityManager( 1891): Killing 3144:com.google.android.apps.maps/u0a60 (adj 15): empty #17
I/ActivityManager( 1891): START u0 {cmp=com.google.android.setupwizard/.WifiSettingsActivity (has extras)} from pid 2173
D/WifiService( 1891): setWifiEnabled: true pid=2173, uid=10018
I/ActivityManager( 1891): START u0 {act=com.android.net.wifi.SETUP_WIFI_NETWORK cmp=com.android.settings/.wifi.WifiSetupActivity (has extras)} from pid 2173
I/ActivityManager( 1891): Start proc com.android.settings for activity com.android.settings/.wifi.WifiSetupActivity: pid=3682 uid=1000 gids={41000, 1028, 1015, 1023, 3002, 3001, 3003}
W/ContextImpl( 3682): Calling a method in the system process without a qualified user: android.app.ContextImpl.bindService:1551 android.content.ContextWrapper.bindService:517 android.bluetooth.BluetoothInputDevice.doBind:245 android.bluetooth.BluetoothInputDevice.:238 android.bluetooth.BluetoothAdapter.getProfileProxy:1367
W/ContextImpl( 3682): Calling a method in the system process without a qualified user: android.app.ContextImpl.bindService:1551 android.content.ContextWrapper.bindService:517 android.bluetooth.BluetoothPan.doBind:149 android.bluetooth.BluetoothPan.:141 android.bluetooth.BluetoothAdapter.getProfileProxy:1370
W/ContextImpl( 3682): Calling a method in the system process without a qualified user: android.app.ContextImpl.bindService:1551 android.content.ContextWrapper.bindService:517 android.bluetooth.BluetoothMap.doBind:109 android.bluetooth.BluetoothMap.:102 android.bluetooth.BluetoothAdapter.getProfileProxy:1376
W/ContextImpl( 3682): Calling a method in the system process without a qualified user: android.app.ContextImpl.bindService:1551 android.content.ContextWrapper.bindService:517 android.bluetooth.BluetoothPbap.doBind:164 android.bluetooth.BluetoothPbap.:157 com.android.settings.bluetooth.PbapServerProfile.:68
W/SocketClient( 1545): write error (Broken pipe)
D/ConnectivityService( 1891): handleInetConditionChange: no active default network - ignore
W/SocketClient( 1545): write error (Broken pipe)
D/ConnectivityService( 1891): ConnectivityChange for WIFI: DISCONNECTED/DISCONNECTED
D/ConnectivityService( 1891): Attempting to switch to mobile
D/ConnectivityService( 1891): Attempting to switch to ETHERNET
D/Nat464Xlat( 1891): requiresClat: netType=1, hasIPv4Address=false
D/ConnectivityService( 1891): ConnectivityChange for WIFI: DISCONNECTED/DISCONNECTED
D/ConnectivityService( 1891): Attempting to switch to mobile
D/ConnectivityService( 1891): Attempting to switch to ETHERNET
D/Nat464Xlat( 1891): requiresClat: netType=1, hasIPv4Address=false
D/ConnectivityService( 1891): Captive portal check NetworkInfo: type: WIFI[], state: CONNECTING/CAPTIVE_PORTAL_CHECK, reason: (unspecified), extra: "FloClaudi-WLAN", roaming: false, failover: false, isAvailable: true, isConnectedToProvisioningNetwork: false
D/ConnectivityService( 1891): handleCaptivePortalTrackerCheck: call captivePortalCheckComplete ni=NetworkInfo: type: WIFI[], state: CONNECTING/CAPTIVE_PORTAL_CHECK, reason: (unspecified), extra: "FloClaudi-WLAN", roaming: false, failover: false, isAvailable: true, isConnectedToProvisioningNetwork: false
D/ConnectivityService( 1891): Captive portal check NetworkInfo: type: WIFI[], state: CONNECTING/CAPTIVE_PORTAL_CHECK, reason: (unspecified), extra: "FloClaudi-WLAN", roaming: false, failover: false, isAvailable: true, isConnectedToProvisioningNetwork: false
D/ConnectivityService( 1891): handleCaptivePortalTrackerCheck: call captivePortalCheckComplete ni=NetworkInfo: type: WIFI[], state: CONNECTING/CAPTIVE_PORTAL_CHECK, reason: (unspecified), extra: "FloClaudi-WLAN", roaming: false, failover: false, isAvailable: true, isConnectedToProvisioningNetwork: false
D/ConnectivityService( 1891): ConnectivityChange for WIFI: CONNECTED/CONNECTED
E/ConnectivityService( 1891): Unexpected mtu value: android.net.wifi.WifiStateTracker@21753b14
D/Nat464Xlat( 1891): requiresClat: netType=1, hasIPv4Address=true
D/ConnectivityService( 1891): ConnectivityChange for WIFI: CONNECTED/CONNECTED
D/ConnectivityService( 1891): setProvNotificationVisible: E visible=false networkType=1 extraInfo=null url=null
E/ConnectivityService( 1891): Unexpected mtu value: android.net.wifi.WifiStateTracker@21753b14
D/ConnectivityService( 1891): handleConnectivityChange: address are the same reset per doReset linkProperty[1]: resetMask=0
D/Nat464Xlat( 1891): requiresClat: netType=1, hasIPv4Address=true
I/ActivityManager( 1891): START u0 {cmp=com.google.android.setupwizard/.WalledGardenActivity (has extras)} from pid 2173
I/ActivityManager( 1891): Start proc com.google.android.gms.unstable for service com.google.android.gms/.droidguard.DroidGuardService: pid=3789 uid=10008 gids={50008, 3003, 1007, 1028, 1015, 1023, 3002, 3001, 3007, 2001, 3006}
W/ActivityThread( 2252): ClassLoader.loadClass: The class loader returned by Thread.getContextClassLoader() may fail for processes that host multiple applications. You should explicitly specify a context class loader. For example: Thread.setContextClassLoader(getClass().getClassLoader());
W/ActivityThread( 2213): ClassLoader.loadClass: The class loader returned by Thread.getContextClassLoader() may fail for processes that host multiple applications. You should explicitly specify a context class loader. For example: Thread.setContextClassLoader(getClass().getClassLoader());
D/ConnectivityService( 1891): handleConnectivityChange: addresses changed linkProperty[1]: resetMask=0
D/ConnectivityService( 1891): car=removed=[] added=[fe80::222:5fff:fe0a:7d75/64,]
D/Nat464Xlat( 1891): requiresClat: netType=1, hasIPv4Address=true
D/ConnectivityService( 1891): handleConnectivityChange: address are the same reset per doReset linkProperty[1]: resetMask=0
D/Nat464Xlat( 1891): requiresClat: netType=1, hasIPv4Address=true
D/ConnectivityService( 1891): captivePortalCheckCompleted: ni=NetworkInfo: type: WIFI[], state: CONNECTED/CONNECTED, reason: (unspecified), extra: "FloClaudi-WLAN", roaming: false, failover: false, isAvailable: true, isConnectedToProvisioningNetwork: false captive=false
W/ContextImpl( 1891): Calling a method in the system process without a qualified user: android.app.ContextImpl.sendBroadcast:1131 android.net.CaptivePortalTracker$DelayedCaptiveCheckState.processMessage:306 com.android.internal.util.StateMachine$SmHandler.processMsg:966 com.android.internal.util.StateMachine$SmHandler.handleMessage:789 android.os.Handler.dispatchMessage:102
I/ActivityManager( 1891): Killing 3042:com.android.email/u0a39 (adj 15): empty #17
D/ConnectivityService( 1891): handleInetConditionHoldEnd: net=1, condition=0, published condition=0
E/ActivityThread( 2252): Failed to find provider info for com.google.android.wearable.settings
I/CertBlacklister( 1891): Certificate blacklist changed, updating...
I/CertBlacklister( 1891): Certificate blacklist updated
I/CertBlacklister( 1891): Certificate blacklist changed, updating...
I/CertBlacklister( 1891): Certificate blacklist updated
I/ActivityManager( 1891): Start proc com.google.android.configupdater for broadcast com.google.android.configupdater/.CertPin.CertPinUpdateRequestReceiver: pid=3886 uid=10002 gids={50002, 3003, 2001}
I/ActivityManager( 1891): START u0 {cmp=com.google.android.setupwizard/.OtaUpdateActivity (has extras)} from pid 2173
I/ActivityManager( 1891): Delay finish: com.google.android.configupdater/.SmsShortCodes.SmsShortCodesUpdateRequestReceiver
I/ActivityManager( 1891): Resuming delayed broadcast
I/ActivityManager( 1891): START u0 {cmp=com.google.android.setupwizard/.AccountSetupActivity (has extras)} from pid 2173
W/ActivityThread( 3621): ClassLoader.loadClass: The class loader returned by Thread.getContextClassLoader() may fail for processes that host multiple applications. You should explicitly specify a context class loader. For example: Thread.setContextClassLoader(getClass().getClassLoader());
I/ActivityManager( 1891): Delay finish: com.google.android.gms/.analytics.internal.GServicesChangedReceiver
I/ActivityManager( 1891): Resuming delayed broadcast
I/ActivityManager( 1891): START u0 {act=com.google.android.accounts.AccountIntro cmp=com.google.android.gsf.login/.AccountIntroActivity (has extras)} from pid 2173
I/ActivityManager( 1891): Delay finish: com.google.android.gms/.chromesync.sync.SyncReceiverService$Receiver
I/ActivityManager( 1891): Start proc com.google.android.gsf.login for activity com.google.android.gsf.login/.AccountIntroActivity: pid=3930 uid=10008 gids={50008, 3003, 1007, 1028, 1015, 1023, 3002, 3001, 3007, 2001, 3006}
I/ActivityManager( 1891): Resuming delayed broadcast
I/ActivityManager( 1891): Delay finish: com.google.android.gms/com.google.android.location.reporting.service.ExternalChangeReceiver
I/ActivityManager( 1891): Resuming delayed broadcast
I/ActivityManager( 1891): START u0 {cmp=com.google.android.gsf.login/.AccountPreIntroUIActivity (has extras)} from pid 3930
I/ActivityManager( 1891): Killing 3431:com.google.android.gms.ui/u0a8 (adj 15): empty #17
E/ActivityThread( 2252): Failed to find provider info for com.google.android.wearable.settings
I/ActivityManager( 1891): Delay finish: com.google.android.gms/.security.snet.SnetReceiver
I/ActivityManager( 1891): Resuming delayed broadcast
I/ActivityManager( 1891): Start proc com.google.android.partnersetup for broadcast com.google.android.partnersetup/.GservicesChangedReceiver: pid=3952 uid=10011 gids={50011, 3003}
I/ActivityManager( 1891): Delay finish: com.google.android.partnersetup/.GservicesChangedReceiver
I/ActivityManager( 1891): Resuming delayed broadcast
I/ActivityManager( 1891): Force stopping com.google.android.youtube appid=10081 user=0: pkg changed
I/ActivityManager( 1891): Killing 3167:com.google.android.youtube/u0a81 (adj 8): stop com.google.android.youtube
W/ActivityManager( 1891): Scheduling restart of crashed service com.google.android.youtube/com.google.android.apps.youtube.app.offline.transfer.OfflineTransferService in 1000ms
I/ActivityManager( 1891): Force stopping service ServiceRecord{219d6320 u0 com.google.android.youtube/com.google.android.apps.youtube.app.offline.transfer.OfflineTransferService}
I/ActivityManager( 1891): Force stopping com.google.android.apps.maps appid=10060 user=0: pkg changed
I/ActivityManager( 1891): Force stopping com.google.android.apps.magazines appid=10058 user=0: pkg changed
I/ActivityManager( 1891): Killing 3531:com.google.android.apps.magazines/u0a58 (adj 13): stop com.google.android.apps.magazines
D/ConnectivityService( 1891): handleInetConditionHoldEnd: net=1, condition=100, published condition=0
I/PackageManager( 1891): Adding preferred activity ComponentInfo{com.android.mms/com.android.mms.ui.ComposeMessageActivity} for user 0 :
I/ActivityManager( 1891): Force stopping com.android.vending appid=10016 user=0: pkg changed
I/ActivityManager( 1891): Killing 3587:com.android.vending/u0a16 (adj 8): stop com.android.vending
I/PackageManager( 1891): Adding preferred activity ComponentInfo{com.android.mms/com.android.mms.ui.ComposeMessageActivity} for user 0 :
W/ActivityManager( 1891): Scheduling restart of crashed service com.android.vending/com.google.android.finsky.services.DailyHygiene in 1000ms
I/PackageManager( 1891): Adding preferred activity ComponentInfo{com.android.mms/com.android.mms.ui.ComposeMessageActivity} for user 0 :
I/ActivityManager( 1891): Force stopping com.google.android.apps.books appid=10027 user=0: pkg changed
I/PackageManager( 1891): Adding preferred activity ComponentInfo{com.android.mms/com.android.mms.ui.ComposeMessageActivity} for user 0 :
I/PackageManager( 1891): Adding preferred activity ComponentInfo{com.android.mms/com.android.mms.ui.ComposeMessageActivity} for user 0 :
I/PackageManager( 1891): Adding preferred activity ComponentInfo{com.android.mms/com.android.mms.ui.ComposeMessageActivity} for user 0 :
I/PackageManager( 1891): Adding preferred activity ComponentInfo{com.android.mms/com.android.mms.ui.ComposeMessageActivity} for user 0 :
I/PackageManager( 1891): Adding preferred activity ComponentInfo{com.android.mms/com.android.mms.ui.ComposeMessageActivity} for user 0 :
I/PackageManager( 1891): Adding preferred activity ComponentInfo{com.android.mms/com.android.mms.ui.ComposeMessageActivity} for user 0 :
I/PackageManager( 1891): Adding preferred activity ComponentInfo{com.android.mms/com.android.mms.ui.ComposeMessageActivity} for user 0 :
I/PackageManager( 1891): Adding preferred activity ComponentInfo{com.android.mms/com.android.mms.ui.ComposeMessageActivity} for user 0 :
I/PackageManager( 1891): Adding preferred activity ComponentInfo{com.android.mms/com.android.mms.ui.ComposeMessageActivity} for user 0 :
I/PackageManager( 1891): Adding preferred activity ComponentInfo{com.android.mms/com.android.mms.ui.ComposeMessageActivity} for user 0 :
I/PackageManager( 1891): Adding preferred activity ComponentInfo{com.android.mms/com.android.mms.ui.ComposeMessageActivity} for user 0 :
I/PackageManager( 1891): Adding preferred activity ComponentInfo{com.android.mms/com.android.mms.ui.ComposeMessageActivity} for user 0 :
I/PackageManager( 1891): Adding preferred activity ComponentInfo{com.android.mms/com.android.mms.ui.ComposeMessageActivity} for user 0 :
I/PackageManager( 1891): Adding preferred activity ComponentInfo{com.android.mms/com.android.mms.ui.ComposeMessageActivity} for user 0 :
I/PackageManager( 1891): Adding preferred activity ComponentInfo{com.android.mms/com.android.mms.ui.ComposeMessageActivity} for user 0 :
I/PackageManager( 1891): Adding preferred activity ComponentInfo{com.android.mms/com.android.mms.ui.ComposeMessageActivity} for user 0 :
I/PackageManager( 1891): Adding preferred activity ComponentInfo{com.android.mms/com.android.mms.ui.ComposeMessageActivity} for user 0 :
I/ActivityManager( 1891): Delay finish: com.google.android.gms/.gcm.nts.SchedulerReceiver
I/PackageManager( 1891): Adding preferred activity ComponentInfo{com.android.mms/com.android.mms.ui.ComposeMessageActivity} for user 0 :
I/ActivityManager( 1891): Resuming delayed broadcast
I/PackageManager( 1891): Adding preferred activity ComponentInfo{com.android.mms/com.android.mms.ui.ComposeMessageActivity} for user 0 :
I/PackageManager( 1891): Adding preferred activity ComponentInfo{com.android.mms/com.android.mms.ui.ComposeMessageActivity} for user 0 :
I/PackageManager( 1891): Adding preferred activity ComponentInfo{com.android.mms/com.android.mms.ui.ComposeMessageActivity} for user 0 :
I/PackageManager( 1891): Adding preferred activity ComponentInfo{com.android.mms/com.android.mms.ui.ComposeMessageActivity} for user 0 :
I/PackageManager( 1891): Adding preferred activity ComponentInfo{com.android.mms/com.android.mms.ui.ComposeMessageActivity} for user 0 :
I/PackageManager( 1891): Adding preferred activity ComponentInfo{com.android.mms/com.android.mms.ui.ComposeMessageActivity} for user 0 :
I/ActivityManager( 1891): Delay finish: com.google.android.configupdater/.CertPin.CertPinUpdateRequestReceiver
I/PackageManager( 1891): Adding preferred activity ComponentInfo{com.android.mms/com.android.mms.ui.ComposeMessageActivity} for user 0 :
I/PackageManager( 1891): Adding preferred activity ComponentInfo{com.android.mms/com.android.mms.ui.ComposeMessageActivity} for user 0 :
I/PackageManager( 1891): Adding preferred activity ComponentInfo{com.android.mms/com.android.mms.ui.ComposeMessageActivity} for user 0 :
I/PackageManager( 1891): Adding preferred activity ComponentInfo{com.android.mms/com.android.mms.ui.ComposeMessageActivity} for user 0 :
I/PackageManager( 1891): Adding preferred activity ComponentInfo{com.android.mms/com.android.mms.ui.ComposeMessageActivity} for user 0 :
I/ActivityManager( 1891): Resuming delayed broadcast
I/PackageManager( 1891): Adding preferred activity ComponentInfo{com.android.mms/com.android.mms.ui.ComposeMessageActivity} for user 0 :
I/PackageManager( 1891): Adding preferred activity ComponentInfo{com.android.mms/com.android.mms.ui.ComposeMessageActivity} for user 0 :
I/PackageManager( 1891): Adding preferred activity ComponentInfo{com.android.mms/com.android.mms.ui.ComposeMessageActivity} for user 0 :
I/PackageManager( 1891): Adding preferred activity ComponentInfo{com.android.mms/com.android.mms.ui.ComposeMessageActivity} for user 0 :
I/ActivityManager( 1891): Delay finish: com.google.android.gms/.app.receiver.SystemBroadcastReceiver
I/PackageManager( 1891): Adding preferred activity ComponentInfo{com.android.mms/com.android.mms.ui.ComposeMessageActivity} for user 0 :
I/PackageManager( 1891): Adding preferred activity ComponentInfo{com.android.mms/com.android.mms.ui.ComposeMessageActivity} for user 0 :
I/PackageManager( 1891): Adding preferred activity ComponentInfo{com.android.mms/com.android.mms.ui.ComposeMessageActivity} for user 0 :
I/PackageManager( 1891): Adding preferred activity ComponentInfo{com.android.mms/com.android.mms.ui.ComposeMessageActivity} for user 0 :
I/ActivityManager( 1891): Resuming delayed broadcast
I/ActivityManager( 1891): Start proc com.android.vending for broadcast com.android.vending/com.google.android.finsky.receivers.PackageMonitorReceiver$RegisteredReceiver: pid=3989 uid=10016 gids={50016, 3003, 1028, 1015, 1023}
I/ActivityManager( 1891): Delay finish: com.android.vending/com.google.android.finsky.widget.consumption.NowPlayingWidgetProvider
I/ActivityManager( 1891): Resuming delayed broadcast
I/ActivityManager( 1891): Delay finish: com.google.android.googlequicksearchbox/com.google.android.search.core.icingsync.IcingCorporaChangedReceiver
I/ActivityManager( 1891): Resuming delayed broadcast
I/ActivityManager( 1891): Delay finish: com.android.gallery3d/.app.PackagesMonitor
I/ActivityManager( 1891): Resuming delayed broadcast
I/ActivityManager( 1891): Delay finish: com.google.android.gms/.app.receiver.SystemBroadcastReceiver
I/ActivityManager( 1891): Resuming delayed broadcast
I/ActivityManager( 1891): Delay finish: com.google.android.googlequicksearchbox/com.google.android.search.core.icingsync.IcingCorporaChangedReceiver
I/ActivityManager( 1891): Resuming delayed broadcast
I/ActivityManager( 1891): Delay finish: com.android.gallery3d/.app.PackagesMonitor
I/ActivityManager( 1891): Resuming delayed broadcast
I/ActivityManager( 1891): Delay finish: com.google.android.gms/.app.receiver.SystemBroadcastReceiver
I/ActivityManager( 1891): Resuming delayed broadcast
I/ActivityManager( 1891): Delay finish: com.google.android.googlequicksearchbox/com.google.android.search.core.icingsync.IcingCorporaChangedReceiver
I/ActivityManager( 1891): Resuming delayed broadcast
I/ActivityManager( 1891): Delay finish: com.android.gallery3d/.app.PackagesMonitor
I/ActivityManager( 1891): Resuming delayed broadcast
I/ActivityManager( 1891): Delay finish: com.google.android.gms/.app.receiver.SystemBroadcastReceiver
I/ActivityManager( 1891): Resuming delayed broadcast
I/ActivityManager( 1891): Delay finish: com.google.android.googlequicksearchbox/com.google.android.search.core.icingsync.IcingCorporaChangedReceiver
I/ActivityManager( 1891): Resuming delayed broadcast
I/ActivityManager( 1891): Delay finish: com.android.gallery3d/.app.PackagesMonitor
I/ActivityManager( 1891): Resuming delayed broadcast
I/ActivityManager( 1891): Delay finish: com.google.android.gms/.gcm.gmsproc.GmsAutoStarter
I/ActivityManager( 1891): Resuming delayed broadcast
I/ActivityManager( 1891): Delay finish: com.google.android.gms/.app.receiver.SystemBroadcastReceiver
I/ActivityManager( 1891): Resuming delayed broadcast
I/ActivityManager( 1891): Delay finish: com.google.android.googlequicksearchbox/com.google.android.search.core.icingsync.IcingCorporaChangedReceiver
I/ActivityManager( 1891): Resuming delayed broadcast
I/ActivityManager( 1891): Delay finish: com.android.gallery3d/.app.PackagesMonitor
I/ActivityManager( 1891): Resuming delayed broadcast
I/ActivityManager( 1891): Delay finish: com.google.android.configupdater/.SmsShortCodes.SmsShortCodesUpdateRequestReceiver
I/ActivityManager( 1891): Resuming delayed broadcast
I/ActivityManager( 1891): Delay finish: com.google.android.configupdater/.CertPin.CertPinUpdateRequestReceiver
I/ActivityManager( 1891): Resuming delayed broadcast
I/ConfigUpdateInstallReceiver( 1891): Couldn't find current metadata, assuming first update
I/ConfigUpdateInstallReceiver( 1891): Failed to read current content, assuming first update!
I/ConfigUpdateInstallReceiver( 1891): Found new update, installing...
I/ConfigUpdateInstallReceiver( 1891): Installation successful
I/ConfigUpdateInstallReceiver( 1891): Couldn't find current metadata, assuming first update
I/ConfigUpdateInstallReceiver( 1891): Failed to read current content, assuming first update!
I/ConfigUpdateInstallReceiver( 1891): Found new update, installing...
I/ConfigUpdateInstallReceiver( 1891): Installation successful
I/ActivityManager( 1891): Killing 3091:com.google.android.gm/u0a49 (adj 15): empty #17
I/ActivityManager( 1891): START u0 {cmp=com.google.android.gsf.login/.LoginActivity (has extras)} from pid 3930
I/ActivityManager( 1891): START u0 {cmp=com.google.android.gsf.login/.UsernamePasswordActivity (has extras)} from pid 3930
I/PackageManager( 1891): Adding preferred activity ComponentInfo{com.android.mms/com.android.mms.ui.ComposeMessageActivity} for user 0 :
I/PackageManager( 1891): Adding preferred activity ComponentInfo{com.android.mms/com.android.mms.ui.ComposeMessageActivity} for user 0 :
I/PackageManager( 1891): Adding preferred activity ComponentInfo{com.android.mms/com.android.mms.ui.ComposeMessageActivity} for user 0 :
I/PackageManager( 1891): Adding preferred activity ComponentInfo{com.android.mms/com.android.mms.ui.ComposeMessageActivity} for user 0 :
I/PackageManager( 1891): Adding preferred activity ComponentInfo{com.android.mms/com.android.mms.ui.ComposeMessageActivity} for user 0 :
I/PackageManager( 1891): Adding preferred activity ComponentInfo{com.android.mms/com.android.mms.ui.ComposeMessageActivity} for user 0 :
I/ActivityManager( 1891): Delay finish: com.android.gallery3d/.app.PackagesMonitor
I/PackageManager( 1891): Adding preferred activity ComponentInfo{com.android.mms/com.android.mms.ui.ComposeMessageActivity} for user 0 :
I/ActivityManager( 1891): Resuming delayed broadcast
I/PackageManager( 1891): Adding preferred activity ComponentInfo{com.android.mms/com.android.mms.ui.ComposeMessageActivity} for user 0 :
I/ActivityManager( 1891): START u0 {cmp=com.google.android.gsf.login/.LoginActivityTask (has extras)} from pid 3930
I/ActivityManager( 1891): Start proc com.google.android.music:ui for service com.google.android.music/.tutorial.SignupStatus$SignupCheckService: pid=4100 uid=10062 gids={50062, 3003, 1028, 1015, 1023}
I/ActivityManager( 1891): Delay finish: com.google.android.gms/.gcm.gmsproc.GroupRegisterReceiver
I/ActivityManager( 1891): Start proc com.google.android.syncadapters.calendar for service com.google.android.syncadapters.calendar/.CalendarSyncAdapterService: pid=4114 uid=10050 gids={50050, 3003}
I/ActivityManager( 1891): Start proc com.google.android.inputmethod.latin for service com.google.android.inputmethod.latin/com.android.inputmethod.latin.sync.BeanstalkAdapterService: pid=4135 uid=10055 gids={50055, 3003, 1028, 1015, 1023}
I/ActivityManager( 1891): Start proc com.google.android.apps.magazines for service com.google.android.apps.magazines/com.google.apps.dots.android.newsstand.service.SyncAdapterService: pid=4144 uid=10058 gids={50058, 3003, 1028, 1015, 1023}
W/Vold ( 1544): Returning OperationFailed - no handler for errno 30
W/Vold ( 1544): Returning OperationFailed - no handler for errno 30
W/Vold ( 1544): Returning OperationFailed - no handler for errno 30
I/ActivityManager( 1891): Start proc com.android.exchange for content provider com.android.exchange/.provider.ExchangeDirectoryProvider: pid=4167 uid=10040 gids={50040, 3003, 1028, 1015, 1023}
W/Vold ( 1544): Returning OperationFailed - no handler for errno 30
E/Vold ( 1544): Failed to find volume for /storage/sdcard1/Android/data/com.google.android.apps.magazines/cache/
W/Vold ( 1544): Returning OperationFailed - no handler for errno 30
I/ActivityManager( 1891): Resuming delayed broadcast
I/ActivityManager( 1891): Start proc com.android.email for content provider com.android.email/.provider.EmailProvider: pid=4187 uid=10039 gids={50039, 3003, 1028, 1015, 1023}
I/ActivityManager( 1891): Delay finish: com.google.android.gms/.fitness.disconnect.FitCleanupReceiver
I/ActivityManager( 1891): Resuming delayed broadcast
I/ActivityManager( 1891): Delay finish: com.google.android.gms/com.google.android.location.reporting.service.ExternalChangeReceiver
D/ActivityThread( 4187): Loading provider com.android.email.provider;com.android.email.notifier: com.android.email.provider.EmailProvider
W/Vold ( 1544): Returning OperationFailed - no handler for errno 30
W/Vold ( 1544): Returning OperationFailed - no handler for errno 30
W/Vold ( 1544): Returning OperationFailed - no handler for errno 30
W/Vold ( 1544): Returning OperationFailed - no handler for errno 30
E/Vold ( 1544): Failed to find volume for /storage/sdcard1/Android/data/com.google.android.music/files/
W/Vold ( 1544): Returning OperationFailed - no handler for errno 30
W/Vold ( 1544): Returning OperationFailed - no handler for errno 30
W/Vold ( 1544): Returning OperationFailed - no handler for errno 30
W/Vold ( 1544): Returning OperationFailed - no handler for errno 30
W/Vold ( 1544): Returning OperationFailed - no handler for errno 30
W/Vold ( 1544): Returning OperationFailed - no handler for errno 30
W/Vold ( 1544): Returning OperationFailed - no handler for errno 30
E/Vold ( 1544): Failed to find volume for /storage/sdcard1/Android/data/com.google.android.music/files/
W/Vold ( 1544): Returning OperationFailed - no handler for errno 30
W/Vold ( 1544): Returning OperationFailed - no handler for errno 30
W/Vold ( 1544): Returning OperationFailed - no handler for errno 30
W/Vold ( 1544): Returning OperationFailed - no handler for errno 30
W/Vold ( 1544): Returning OperationFailed - no handler for errno 30
W/Vold ( 1544): Returning OperationFailed - no handler for errno 30
E/Vold ( 1544): Failed to find volume for /storage/sdcard1/Android/data/com.google.android.music/files/
W/Vold ( 1544): Returning OperationFailed - no handler for errno 30
W/Vold ( 1544): Returning OperationFailed - no handler for errno 30
E/Vold ( 1544): Failed to find volume for /storage/sdcard1/Android/data/com.google.android.apps.magazines/files/
W/Vold ( 1544): Returning OperationFailed - no handler for errno 30
W/Vold ( 1544): Returning OperationFailed - no handler for errno 30
I/ActivityManager( 1891): Resuming delayed broadcast
W/ActivityManager( 1891): Unable to start service Intent { cmp=com.android.email/.service.AttachmentDownloadService } U=0: not found
W/Vold ( 1544): Returning OperationFailed - no handler for errno 30
W/ActivityManager( 1891): Unable to start service Intent { cmp=com.android.email/.service.AttachmentDownloadService } U=0: not found
W/Vold ( 1544): Returning OperationFailed - no handler for errno 30
W/Vold ( 1544): Returning OperationFailed - no handler for errno 30
E/Vold ( 1544): Failed to find volume for /storage/sdcard1/Android/data/com.google.android.apps.magazines/cache/
W/Vold ( 1544): Returning OperationFailed - no handler for errno 30
W/Vold ( 1544): Returning OperationFailed - no handler for errno 30
W/Vold ( 1544): Returning OperationFailed - no handler for errno 30
W/Vold ( 1544): Returning OperationFailed - no handler for errno 30
W/Vold ( 1544): Returning OperationFailed - no handler for errno 30
E/Vold ( 1544): Failed to find volume for /storage/sdcard1/Android/data/com.google.android.apps.magazines/files/
W/Vold ( 1544): Returning OperationFailed - no handler for errno 30
I/ActivityManager( 1891): Killing 3661:com.android.musicfx/u0a14 (adj 15): empty #17
W/Vold ( 1544): Returning OperationFailed - no handler for errno 30
W/Vold ( 1544): Returning OperationFailed - no handler for errno 30
W/Vold ( 1544): Returning OperationFailed - no handler for errno 30
W/Vold ( 1544): Returning OperationFailed - no handler for errno 30
E/Vold ( 1544): Failed to find volume for /storage/sdcard1/Android/data/com.google.android.music/cache/
W/Vold ( 1544): Returning OperationFailed - no handler for errno 30
W/Vold ( 1544): Returning OperationFailed - no handler for errno 30
W/Vold ( 1544): Returning OperationFailed - no handler for errno 30
W/Vold ( 1544): Returning OperationFailed - no handler for errno 30
W/Vold ( 1544): Returning OperationFailed - no handler for errno 30
E/Vold ( 1544): Failed to find volume for /storage/sdcard1/Android/data/com.google.android.gms/files/
W/Vold ( 1544): Returning OperationFailed - no handler for errno 30
I/ActivityManager( 1891): Delay finish: com.google.android.partnersetup/.RlzPingBroadcastReceiver
I/ActivityManager( 1891): Resuming delayed broadcast
I/ActivityManager( 1891): Delay finish: com.google.android.googlequicksearchbox/com.google.android.sidekick.main.AccountsChangedReceiver
W/ActivityThread( 2115): ClassLoader.loadClass: The class loader returned by Thread.getContextClassLoader() may fail for processes that host multiple applications. You should explicitly specify a context class loader. For example: Thread.setContextClassLoader(getClass().getClassLoader());
I/ActivityManager( 1891): Start proc com.google.android.apps.docs for service com.google.android.apps.docs/.sync.syncadapter.DocsSyncAdapterService: pid=4350 uid=10038 gids={50038, 1028, 3003, 1015, 1023}
I/ActivityManager( 1891): START u0 {cmp=com.google.android.setupwizard/.GoogleServicesActivity (has extras)} from pid 3930
W/Vold ( 1544): Returning OperationFailed - no handler for errno 30
W/Vold ( 1544): Returning OperationFailed - no handler for errno 30
W/Vold ( 1544): Returning OperationFailed - no handler for errno 30
W/Vold ( 1544): Returning OperationFailed - no handler for errno 30
E/Vold ( 1544): Failed to find volume for /storage/sdcard1/Android/data/com.google.android.apps.docs/cache/
W/Vold ( 1544): Returning OperationFailed - no handler for errno 30
I/ActivityManager( 1891): Killing 3682:com.android.settings/1000 (adj 15): empty #17
I/ActivityManager( 1891): Start proc com.google.android.apps.cloudprint:sync for service com.google.android.apps.cloudprint/.printdialog.services.CloudPrintSyncService: pid=4442 uid=10034 gids={50034, 3003, 1028}
I/ActivityManager( 1891): Start proc com.google.android.apps.cloudprint for service com.google.android.apps.cloudprint/.printdialog.services.NotificationIntentService: pid=4456 uid=10034 gids={50034, 3003, 1028}
I/ActivityManager( 1891): Resuming delayed broadcast
I/ActivityManager( 1891): Start proc com.google.android.apps.books for broadcast com.google.android.apps.books/.app.AccountsReceiver: pid=4463 uid=10027 gids={50027, 3003, 1028, 1015, 1023}
I/ActivityManager( 1891): Killing 2899:com.android.mms/u0a13 (adj 15): empty #17
D/CountryDetector( 1891): No listener is left
I/ActivityManager( 1891): Killing 2412:com.google.android.gms.wearable/u0a8 (adj 15): empty #17
I/ActivityManager( 1891): Start proc com.android.browser for broadcast com.android.browser/.AccountsChangedReceiver: pid=4504 uid=10028 gids={50028, 3003, 1028, 1015, 1023}
I/ActivityManager( 1891): Killing 2724:com.android.calendar/u0a31 (adj 15): empty #17
W/Vold ( 1544): Returning OperationFailed - no handler for errno 30
W/Vold ( 1544): Returning OperationFailed - no handler for errno 30
W/Vold ( 1544): Returning OperationFailed - no handler for errno 30
W/Vold ( 1544): Returning OperationFailed - no handler for errno 30
E/Vold ( 1544): Failed to find volume for /storage/sdcard1/Android/data/com.android.browser/files/
W/Vold ( 1544): Returning OperationFailed - no handler for errno 30
I/ActivityManager( 1891): Start proc com.google.android.gm for broadcast com.google.android.gm/.AccountsChangedReceiver: pid=4528 uid=10049 gids={50049, 3003, 1028, 1015, 1023}
D/ActivityThread( 4528): Loading provider com.google.android.gmail.provider;com.android.mail.notifier;com.google.android.gm.email.provider;com.google.android.gm.email.notifier: com.android.email.provider.EmailProvider
D/ActivityThread( 4528): Loading provider com.android.gmail.ui: com.google.android.gm.provider.GmailProvider
I/ActivityManager( 1891): Killing 3026:com.android.deskclock/u0a35 (adj 15): empty #17
W/ActivityManager( 1891): Unable to start service Intent { act=com.google.android.gm.email.EXCHANGE_INTENT pkg=com.google.android.gm.exchange } U=0: not found
W/ActivityManager( 1891): Unable to start service Intent { act=com.google.android.gm.email.EXCHANGE_INTENT pkg=com.google.android.gm.exchange } U=0: not found
I/ActivityManager( 1891): Killing 3621:android.process.media/u0a6 (adj 15): empty #17
I/ActivityManager( 1891): Delay finish: com.google.android.gm/.AccountsChangedReceiver
W/ActivityManager( 1891): Unable to start service Intent { act=com.google.android.gm.email.EXCHANGE_INTENT pkg=com.google.android.gm.exchange } U=0: not found
I/ActivityManager( 1891): Resuming delayed broadcast
I/ActivityManager( 1891): Delay finish: com.google.android.gm/com.android.email.service.EmailBroadcastReceiver
W/ActivityManager( 1891): Unable to start service Intent { act=com.google.android.gm.email.EXCHANGE_INTENT pkg=com.google.android.gm.exchange } U=0: not found
W/ActivityManager( 1891): Unable to start service Intent { cmp=com.google.android.gm/com.android.email.service.AttachmentService } U=0: not found
W/ActivityManager( 1891): Unable to start service Intent { act=com.google.android.gm.email.EXCHANGE_INTENT pkg=com.google.android.gm.exchange } U=0: not found
I/ActivityManager( 1891): Resuming delayed broadcast
E/ActivityThread( 4528): Service com.android.email.service.EmailBroadcastProcessorService has leaked ServiceConnection com.android.emailcommon.service.am@2170592c that was originally bound here
E/ActivityThread( 4528): android.app.ServiceConnectionLeaked: Service com.android.email.service.EmailBroadcastProcessorService has leaked ServiceConnection com.android.emailcommon.service.am@2170592c that was originally bound here
E/ActivityThread( 4528): at android.app.LoadedApk$ServiceDispatcher.(LoadedApk.java:970)
E/ActivityThread( 4528): at android.app.LoadedApk.getServiceDispatcher(LoadedApk.java:864)
E/ActivityThread( 4528): at android.app.ContextImpl.bindServiceCommon(ContextImpl.java:1569)
E/ActivityThread( 4528): at android.app.ContextImpl.bindService(ContextImpl.java:1552)
E/ActivityThread( 4528): at android.content.ContextWrapper.bindService(ContextWrapper.java:517)
E/ActivityThread( 4528): at com.android.emailcommon.service.ak.a(SourceFile:181)
E/ActivityThread( 4528): at com.android.emailcommon.service.ak.e(SourceFile:224)
E/ActivityThread( 4528): at com.android.email.service.n.c(SourceFile:177)
