E/AndroidRuntime( 2193): at com.android.providers.contacts.ContactsDatabaseHelper.lookupMimeTypeId(ContactsDatabaseHelper.java:4411)
E/AndroidRuntime( 2193): at com.android.providers.contacts.ContactsDatabaseHelper.getMimeTypeId(ContactsDatabaseHelper.java:4396)
E/AndroidRuntime( 2193): at com.android.providers.contacts.aggregation.ContactAggregator.(ContactAggregator.java:375)
E/AndroidRuntime( 2193): at com.android.providers.contacts.aggregation.ProfileAggregator.(ProfileAggregator.java:43)
E/AndroidRuntime( 2193): at com.android.providers.contacts.ContactsProvider2.initForDefaultLocale(ContactsProvider2.java:1512)
E/AndroidRuntime( 2193): at com.android.providers.contacts.ContactsProvider2.performBackgroundTask(ContactsProvider2.java:1582)
E/AndroidRuntime( 2193): at com.android.providers.contacts.ContactsProvider2$1.handleMessage(ContactsProvider2.java:1468)
E/AndroidRuntime( 2193): at android.os.Handler.dispatchMessage(Handler.java:102)
E/AndroidRuntime( 2193): at android.os.Looper.loop(Looper.java:136)
E/AndroidRuntime( 2193): at android.os.HandlerThread.run(HandlerThread.java:61)
I/ActivityManager( 1891): Start proc com.android.exchange for content provider com.android.exchange/.provider.ExchangeDirectoryProvider: pid=2340 uid=10040 gids={50040, 3003, 1028, 1015, 1023}
I/ActivityManager( 1891): Start proc com.android.email for content provider com.android.email/.provider.EmailProvider: pid=2353 uid=10039 gids={50039, 3003, 1028, 1015, 1023}
D/ActivityThread( 2353): Loading provider com.android.email.provider;com.android.email.notifier: com.android.email.provider.EmailProvider
W/ActivityManager( 1891): Unable to start service Intent { cmp=com.android.email/.service.AttachmentDownloadService } U=0: not found
W/ActivityManager( 1891): Unable to start service Intent { cmp=com.android.email/.service.AttachmentDownloadService } U=0: not found
I/PackageManager( 1891): Adding preferred activity ComponentInfo{com.android.mms/com.android.mms.ui.ComposeMessageActivity} for user 0 :
I/PackageManager( 1891): Adding preferred activity ComponentInfo{com.android.mms/com.android.mms.ui.ComposeMessageActivity} for user 0 :
I/PackageManager( 1891): Adding preferred activity ComponentInfo{com.android.mms/com.android.mms.ui.ComposeMessageActivity} for user 0 :
I/PackageManager( 1891): Adding preferred activity ComponentInfo{com.android.mms/com.android.mms.ui.ComposeMessageActivity} for user 0 :
I/PackageManager( 1891): Adding preferred activity ComponentInfo{com.android.mms/com.android.mms.ui.ComposeMessageActivity} for user 0 :
I/PackageManager( 1891): Adding preferred activity ComponentInfo{com.android.mms/com.android.mms.ui.ComposeMessageActivity} for user 0 :
I/PackageManager( 1891): Adding preferred activity ComponentInfo{com.android.mms/com.android.mms.ui.ComposeMessageActivity} for user 0 :
I/PackageManager( 1891): Adding preferred activity ComponentInfo{com.android.mms/com.android.mms.ui.ComposeMessageActivity} for user 0 :
I/PackageManager( 1891): Adding preferred activity ComponentInfo{com.android.mms/com.android.mms.ui.ComposeMessageActivity} for user 0 :
I/PackageManager( 1891): Adding preferred activity ComponentInfo{com.android.mms/com.android.mms.ui.ComposeMessageActivity} for user 0 :
I/PackageManager( 1891): Adding preferred activity ComponentInfo{com.android.mms/com.android.mms.ui.ComposeMessageActivity} for user 0 :
I/PackageManager( 1891): Adding preferred activity ComponentInfo{com.android.mms/com.android.mms.ui.ComposeMessageActivity} for user 0 :
I/PackageManager( 1891): Adding preferred activity ComponentInfo{com.android.mms/com.android.mms.ui.ComposeMessageActivity} for user 0 :
I/PackageManager( 1891): Adding preferred activity ComponentInfo{com.android.mms/com.android.mms.ui.ComposeMessageActivity} for user 0 :
I/PackageManager( 1891): Adding preferred activity ComponentInfo{com.android.mms/com.android.mms.ui.ComposeMessageActivity} for user 0 :
I/PackageManager( 1891): Adding preferred activity ComponentInfo{com.android.mms/com.android.mms.ui.ComposeMessageActivity} for user 0 :
I/PackageManager( 1891): Adding preferred activity ComponentInfo{com.android.mms/com.android.mms.ui.ComposeMessageActivity} for user 0 :
I/PackageManager( 1891): Adding preferred activity ComponentInfo{com.android.mms/com.android.mms.ui.ComposeMessageActivity} for user 0 :
I/PackageManager( 1891): Adding preferred activity ComponentInfo{com.android.mms/com.android.mms.ui.ComposeMessageActivity} for user 0 :
I/PackageManager( 1891): Adding preferred activity ComponentInfo{com.android.mms/com.android.mms.ui.ComposeMessageActivity} for user 0 :
I/PackageManager( 1891): Adding preferred activity ComponentInfo{com.android.mms/com.android.mms.ui.ComposeMessageActivity} for user 0 :
I/PackageManager( 1891): Adding preferred activity ComponentInfo{com.android.mms/com.android.mms.ui.ComposeMessageActivity} for user 0 :
I/PackageManager( 1891): Adding preferred activity ComponentInfo{com.android.mms/com.android.mms.ui.ComposeMessageActivity} for user 0 :
I/PackageManager( 1891): Adding preferred activity ComponentInfo{com.android.mms/com.android.mms.ui.ComposeMessageActivity} for user 0 :
I/PackageManager( 1891): Adding preferred activity ComponentInfo{com.android.mms/com.android.mms.ui.ComposeMessageActivity} for user 0 :
I/PackageManager( 1891): Adding preferred activity ComponentInfo{com.android.mms/com.android.mms.ui.ComposeMessageActivity} for user 0 :
I/PackageManager( 1891): Adding preferred activity ComponentInfo{com.android.mms/com.android.mms.ui.ComposeMessageActivity} for user 0 :
I/PackageManager( 1891): Adding preferred activity ComponentInfo{com.android.mms/com.android.mms.ui.ComposeMessageActivity} for user 0 :
I/PackageManager( 1891): Adding preferred activity ComponentInfo{com.android.mms/com.android.mms.ui.ComposeMessageActivity} for user 0 :
I/PackageManager( 1891): Adding preferred activity ComponentInfo{com.android.mms/com.android.mms.ui.ComposeMessageActivity} for user 0 :
I/PackageManager( 1891): Adding preferred activity ComponentInfo{com.android.mms/com.android.mms.ui.ComposeMessageActivity} for user 0 :
I/PackageManager( 1891): Adding preferred activity ComponentInfo{com.android.mms/com.android.mms.ui.ComposeMessageActivity} for user 0 :
I/ActivityManager( 1891): Start proc com.google.android.apps.maps for broadcast com.google.android.apps.maps/com.google.android.apps.gmm.iamhere.ble.StartBleServiceReceiver: pid=2385 uid=10060 gids={50060, 3003, 1028, 1015, 1023, 3002, 3001}
I/ActivityManager( 1891): Start proc com.google.android.gms.wearable for service com.google.android.gms/.wearable.service.WearableService: pid=2412 uid=10008 gids={50008, 3003, 1007, 1028, 1015, 1023, 3002, 3001, 3007, 2001, 3006}
W/ContextImpl( 2152): Calling a method in the system process without a qualified user: android.app.ContextImpl.bindService:1551 android.content.ContextWrapper.bindService:517 android.bluetooth.BluetoothInputDevice.doBind:245 android.bluetooth.BluetoothInputDevice.:238 android.bluetooth.BluetoothAdapter.getProfileProxy:1367
W/ContextImpl( 2152): Calling a method in the system process without a qualified user: android.app.ContextImpl.bindService:1551 android.content.ContextWrapper.bindService:517 android.bluetooth.BluetoothPan.doBind:149 android.bluetooth.BluetoothPan.:141 android.bluetooth.BluetoothAdapter.getProfileProxy:1370
W/ContextImpl( 2152): Calling a method in the system process without a qualified user: android.app.ContextImpl.bindService:1551 android.content.ContextWrapper.bindService:517 android.bluetooth.BluetoothMap.doBind:109 android.bluetooth.BluetoothMap.:102 android.bluetooth.BluetoothAdapter.getProfileProxy:1376
W/ContextImpl( 2152): Calling a method in the system process without a qualified user: android.app.ContextImpl.bindService:1551 android.content.ContextWrapper.bindService:517 android.bluetooth.BluetoothPbap.doBind:164 android.bluetooth.BluetoothPbap.:157 com.android.settings.bluetooth.PbapServerProfile.:68
I/ActivityManager( 1891): Start proc com.android.externalstorage for broadcast com.android.externalstorage/.MountReceiver: pid=2450 uid=10007 gids={50007, 1028, 1015, 1023}
I/ActivityManager( 1891): Start proc android.process.media for broadcast com.android.providers.media/.MediaScannerReceiver: pid=2463 uid=10006 gids={50006, 1028, 1015, 1023, 1024, 2001, 3003, 3007}
I/ActivityManager( 1891): Start proc com.google.android.apps.magazines for broadcast com.google.android.apps.magazines/com.google.apps.dots.android.newsstand.audio.MediaButtonIntentReceiver: pid=2478 uid=10058 gids={50058, 3003, 1028, 1015, 1023}
W/Vold ( 1544): Returning OperationFailed - no handler for errno 30
W/Vold ( 1544): Returning OperationFailed - no handler for errno 30
W/Vold ( 1544): Returning OperationFailed - no handler for errno 30
W/Vold ( 1544): Returning OperationFailed - no handler for errno 30
E/Vold ( 1544): Failed to find volume for /storage/sdcard1/Android/data/com.google.android.apps.magazines/cache/
W/Vold ( 1544): Returning OperationFailed - no handler for errno 30
W/Vold ( 1544): Returning OperationFailed - no handler for errno 30
W/Vold ( 1544): Returning OperationFailed - no handler for errno 30
W/Vold ( 1544): Returning OperationFailed - no handler for errno 30
W/Vold ( 1544): Returning OperationFailed - no handler for errno 30
E/Vold ( 1544): Failed to find volume for /storage/sdcard1/Android/data/com.google.android.apps.magazines/files/
W/Vold ( 1544): Returning OperationFailed - no handler for errno 30
W/Vold ( 1544): Returning OperationFailed - no handler for errno 30
W/Vold ( 1544): Returning OperationFailed - no handler for errno 30
W/Vold ( 1544): Returning OperationFailed - no handler for errno 30
W/Vold ( 1544): Returning OperationFailed - no handler for errno 30
E/Vold ( 1544): Failed to find volume for /storage/sdcard1/Android/data/com.google.android.apps.magazines/files/
W/Vold ( 1544): Returning OperationFailed - no handler for errno 30
W/Vold ( 1544): Returning OperationFailed - no handler for errno 30
W/Vold ( 1544): Returning OperationFailed - no handler for errno 30
W/Vold ( 1544): Returning OperationFailed - no handler for errno 30
W/Vold ( 1544): Returning OperationFailed - no handler for errno 30
E/Vold ( 1544): Failed to find volume for /storage/sdcard1/Android/data/com.google.android.apps.magazines/cache/
W/Vold ( 1544): Returning OperationFailed - no handler for errno 30
W/Vold ( 1544): Returning OperationFailed - no handler for errno 30
W/Vold ( 1544): Returning OperationFailed - no handler for errno 30
W/Vold ( 1544): Returning OperationFailed - no handler for errno 30
W/Vold ( 1544): Returning OperationFailed - no handler for errno 30
E/Vold ( 1544): Failed to find volume for /storage/sdcard1/Android/data/com.google.android.apps.magazines/cache/
W/Vold ( 1544): Returning OperationFailed - no handler for errno 30
W/Vold ( 1544): Returning OperationFailed - no handler for errno 30
W/Vold ( 1544): Returning OperationFailed - no handler for errno 30
W/Vold ( 1544): Returning OperationFailed - no handler for errno 30
W/Vold ( 1544): Returning OperationFailed - no handler for errno 30
E/Vold ( 1544): Failed to find volume for /storage/sdcard1/Android/data/com.google.android.apps.magazines/files/
W/Vold ( 1544): Returning OperationFailed - no handler for errno 30
I/ActivityManager( 1891): Start proc com.android.music for broadcast com.android.music/.MediaButtonIntentReceiver: pid=2533 uid=10061 gids={50061, 3003, 1028, 1015, 1023}
I/ActivityManager( 1891): Start proc com.android.vending for broadcast com.android.vending/com.google.android.finsky.widget.consumption.NowPlayingWidgetProvider: pid=2553 uid=10016 gids={50016, 3003, 1028, 1015, 1023}
I/ActivityManager( 1891): Start proc com.cyanogenmod.trebuchet for broadcast com.cyanogenmod.trebuchet/com.android.launcher3.PackageChangedReceiver: pid=2601 uid=10020 gids={50020, 1028}
E/ActivityThread( 2601): Failed to find provider info for com.android.launcher2.settings
I/ActivityManager( 1891): Start proc com.google.android.googlequicksearchbox:search for broadcast com.google.android.googlequicksearchbox/com.google.android.search.core.icingsync.IcingCorporaChangedReceiver: pid=2622 uid=10021 gids={50021, 3003, 3001, 1028, 3002, 1015, 1023}
I/ActivityManager( 1891): Start proc com.android.gallery3d for broadcast com.android.gallery3d/.app.PackagesMonitor: pid=2638 uid=10048 gids={50048, 3003, 1028, 1015, 1023}
E/ActivityThread( 2622): Failed to find provider info for com.google.android.voicesearch
I/ActivityManager( 1891): Start proc com.google.android.partnersetup for content provider com.google.android.partnersetup/.RlzAppProvider: pid=2661 uid=10011 gids={50011, 3003}
I/ActivityManager( 1891): Delay finish: com.android.gallery3d/.app.PackagesMonitor
I/ActivityManager( 1891): Resuming delayed broadcast
I/ActivityManager( 1891): Delay finish: com.android.phone/.SipBroadcastReceiver
I/ActivityManager( 1891): Resuming delayed broadcast
I/ActivityManager( 1891): Start proc com.android.dialer for broadcast com.android.dialer/.calllog.CallLogReceiver: pid=2687 uid=10005 gids={50005, 3003, 1028, 1015, 1023}
I/ActivityManager( 1891): Delay finish: com.android.dialer/.calllog.CallLogReceiver
I/ActivityManager( 1891): Resuming delayed broadcast
I/ActivityManager( 1891): Start proc com.android.bluetooth for service com.android.bluetooth/.btservice.AdapterService: pid=2708 uid=1002 gids={41002, 3003, 3002, 3001, 1028, 1015, 1023, 3005, 1016, 3008}
W/ContextImpl( 1891): Calling a method in the system process without a qualified user: android.app.ContextImpl.bindService:1551 android.bluetooth.BluetoothHeadset.doBind:283 android.bluetooth.BluetoothHeadset.:276 android.bluetooth.BluetoothAdapter.getProfileProxy:1361 android.media.AudioService.getBluetoothHeadset:2251
W/ContextImpl( 1891): Calling a method in the system process without a qualified user: android.app.ContextImpl.bindService:1551 android.bluetooth.BluetoothA2dp.doBind:165 android.bluetooth.BluetoothA2dp.:158 android.bluetooth.BluetoothAdapter.getProfileProxy:1364 android.media.AudioService$AudioServiceBroadcastReceiver.onReceive:4172
V/WiredAccessoryManager( 1891): notifyWiredAccessoryChanged: when=0 bits= mask=14
V/WiredAccessoryManager( 1891): newName=h2w newState=0 headsetState=0 prev headsetState=0
V/WiredAccessoryManager( 1891): init()
I/PowerManagerService( 1891): Boot animation finished.
I/ActivityManager( 1891): Start proc com.android.calendar for broadcast com.android.calendar/.UpgradeReceiver: pid=2724 uid=10031 gids={50031, 3003}
I/BootReceiver( 1891): Copying audit failures to DropBox
I/BootReceiver( 1891): Checking for fsck errors
I/ActivityManager( 1891): Start proc com.android.providers.calendar for broadcast com.android.providers.calendar/.CalendarReceiver: pid=2756 uid=10001 gids={50001, 3003, 1028, 1015, 1023}
I/ActivityManager( 1891): Start proc com.google.android.configupdater for broadcast com.google.android.configupdater/.CertPin.CertPinUpdateRequestReceiver: pid=2779 uid=10002 gids={50002, 3003, 2001}
I/ActivityManager( 1891): Delay finish: com.google.android.configupdater/.CertPin.CertPinUpdateRequestReceiver
I/ActivityManager( 1891): Resuming delayed broadcast
I/ActivityManager( 1891): Delay finish: com.android.providers.downloads/.DownloadReceiver
I/ActivityManager( 1891): Resuming delayed broadcast
I/ActivityManager( 1891): Killing 2340:com.android.exchange/u0a40 (adj 15): empty #17
I/ActivityManager( 1891): Delay finish: com.google.android.gms/.fitness.service.FitnessInitReceiver
I/ActivityManager( 1891): Resuming delayed broadcast
I/ActivityManager( 1891): Start proc com.google.android.onetimeinitializer for broadcast com.google.android.onetimeinitializer/.OneTimeInitializerReceiver: pid=2831 uid=10010 gids={50010}
I/ActivityManager( 1891): Delay finish: com.google.android.onetimeinitializer/.OneTimeInitializerReceiver
E/ActivityThread( 2831): Failed to find provider info for com.android.launcher2.settings
I/ActivityManager( 1891): Resuming delayed broadcast
I/ActivityManager( 1891): Delay finish: com.google.android.partnersetup/.GooglePartnerSetup
I/ActivityManager( 1891): Resuming delayed broadcast
I/ActivityManager( 1891): Delay finish: com.google.android.partnersetup/.RlzPingBroadcastReceiver
I/ActivityManager( 1891): Resuming delayed broadcast
I/ActivityManager( 1891): Killing 2353:com.android.email/u0a39 (adj 15): empty #17
D/ConnectivityService( 1891): handleInetConditionChange: no active default network - ignore
I/ActivityManager( 1891): Start proc com.android.mms for broadcast com.android.mms/.transaction.MmsSystemEventReceiver: pid=2899 uid=10013 gids={50013, 3003, 1028, 1015, 1023}
D/CountryDetector( 1891): The first listener is added
I/ActivityManager( 1891): Delay finish: com.android.mms/.transaction.MmsSystemEventReceiver
I/ActivityManager( 1891): Resuming delayed broadcast
I/ActivityManager( 1891): Delay finish: com.android.mms/.transaction.SmsReceiver
I/ActivityManager( 1891): Resuming delayed broadcast
I/ActivityManager( 1891): Start proc com.android.onetimeinitializer for broadcast com.android.onetimeinitializer/.OneTimeInitializerReceiver: pid=2928 uid=10015 gids={50015}
I/ActivityManager( 1891): Delay finish: com.android.onetimeinitializer/.OneTimeInitializerReceiver
E/ActivityThread( 2928): Failed to find provider info for com.android.launcher2.settings
I/ActivityManager( 1891): Resuming delayed broadcast
I/ActivityManager( 1891): Start proc com.thirdparty.superuser for broadcast com.thirdparty.superuser/com.koushikdutta.superuser.SuCheckerReceiver: pid=2943 uid=1000 gids={41000, 1028, 1015, 1023, 3002, 3001, 3003}
I/ActivityManager( 1891): Killing 2131:com.android.printspooler/u0a70 (adj 15): empty #17
I/ActivityManager( 1891): Killing 2450:com.android.externalstorage/u0a7 (adj 15): empty #17
I/ActivityManager( 1891): Delay finish: com.google.android.googlequicksearchbox/com.google.android.search.core.StartUpReceiver
W/Vold ( 1544): Returning OperationFailed - no handler for errno 30
W/Vold ( 1544): Returning OperationFailed - no handler for errno 30
W/Vold ( 1544): Returning OperationFailed - no handler for errno 30
W/Vold ( 1544): Returning OperationFailed - no handler for errno 30
E/Vold ( 1544): Failed to find volume for /storage/sdcard1/Android/data/com.google.android.googlequicksearchbox/files/pending_blobs/
W/Vold ( 1544): Returning OperationFailed - no handler for errno 30
W/BackupManagerService( 1891): dataChanged but no participant pkg='com.android.providers.settings' uid=10006
I/ActivityManager( 1891): Resuming delayed broadcast
I/ActivityManager( 1891): Delay finish: com.android.calendar/.alerts.AlertReceiver
I/ActivityManager( 1891): Resuming delayed broadcast
I/ActivityManager( 1891): Start proc com.android.camera2 for broadcast com.android.camera2/com.android.camera.DisableCameraReceiver: pid=3013 uid=10032 gids={50032, 3003, 1028, 1015, 1023}
I/ActivityManager( 1891): Start proc com.android.deskclock for broadcast com.android.deskclock/.AlarmInitReceiver: pid=3026 uid=10035 gids={50035, 1028}
I/ActivityManager( 1891): Killing 2478:com.google.android.apps.magazines/u0a58 (adj 15): empty #17
W/BackupManagerService( 1891): dataChanged but no participant pkg='com.android.providers.settings' uid=10035
I/ActivityManager( 1891): Start proc com.android.email for broadcast com.android.email/.service.EmailUpgradeBroadcastReceiver: pid=3042 uid=10039 gids={50039, 3003, 1028, 1015, 1023}
I/ActivityManager( 1891): Killing 2601:com.cyanogenmod.trebuchet/u0a20 (adj 15): empty #17
D/ActivityThread( 3042): Loading provider com.android.email.provider;com.android.email.notifier: com.android.email.provider.EmailProvider
I/ActivityManager( 1891): Delay finish: com.android.email/.service.EmailUpgradeBroadcastReceiver
W/ActivityManager( 1891): Unable to start service Intent { cmp=com.android.email/.service.AttachmentDownloadService } U=0: not found
I/ActivityManager( 1891): Resuming delayed broadcast
I/ActivityManager( 1891): Delay finish: com.android.email/.service.EmailBroadcastReceiver
I/ActivityManager( 1891): Delaying start of: ServiceRecord{219da9b8 u0 com.android.exchange/.service.EmailSyncAdapterService}
I/ActivityManager( 1891): Start proc com.android.exchange for service com.android.exchange/.service.EmailSyncAdapterService: pid=3064 uid=10040 gids={50040, 3003, 1028, 1015, 1023}
I/ActivityManager( 1891): Killing 2638:com.android.gallery3d/u0a48 (adj 15): empty #17
W/ActivityManager( 1891): Unable to start service Intent { cmp=com.android.email/.service.AttachmentDownloadService } U=0: not found
I/ActivityManager( 1891): Resuming delayed broadcast
I/ActivityManager( 1891): Start proc com.android.gallery3d for broadcast com.android.gallery3d/com.android.camera.DisableCameraReceiver: pid=3078 uid=10048 gids={50048, 3003, 1028, 1015, 1023}
I/ActivityManager( 1891): Killing 2152:com.android.settings/1000 (adj 15): empty #17
I/ActivityManager( 1891): Start proc com.google.android.gm for broadcast com.google.android.gm/.GoogleMailDeviceStartupReceiver: pid=3091 uid=10049 gids={50049, 3003, 1028, 1015, 1023}
I/ActivityManager( 1891): Killing 2385:com.google.android.apps.maps/u0a60 (adj 15): empty #17
D/ActivityThread( 3091): Loading provider com.android.gmail.ui: com.google.android.gm.provider.GmailProvider
D/ActivityThread( 3091): Loading provider com.google.android.gmail.provider;com.android.mail.notifier;com.google.android.gm.email.provider;com.google.android.gm.email.notifier: com.android.email.provider.EmailProvider
W/ActivityManager( 1891): Unable to start service Intent { act=com.google.android.gm.email.EXCHANGE_INTENT pkg=com.google.android.gm.exchange } U=0: not found
W/ActivityManager( 1891): Unable to start service Intent { act=com.google.android.gm.email.EXCHANGE_INTENT pkg=com.google.android.gm.exchange } U=0: not found
I/ActivityManager( 1891): Delay finish: com.google.android.gm/.GoogleMailDeviceStartupReceiver
W/ActivityManager( 1891): Unable to start service Intent { act=com.google.android.gm.email.EXCHANGE_INTENT pkg=com.google.android.gm.exchange } U=0: not found
I/ActivityManager( 1891): Resuming delayed broadcast
I/ActivityManager( 1891): Delay finish: com.google.android.gm/.MailIntentReceiver
W/ActivityManager( 1891): Unable to start service Intent { act=com.android.mail.action.BACKUP_DATA_CHANGED pkg=com.google.android.gm } U=0: not found
I/ActivityManager( 1891): Resuming delayed broadcast
W/ActivityManager( 1891): Unable to start service Intent { act=com.android.mail.action.BACKUP_DATA_CHANGED pkg=com.google.android.gm } U=0: not found
I/ActivityManager( 1891): Delay finish: com.google.android.gm/com.android.email.service.EmailUpgradeBroadcastReceiver
W/ActivityManager( 1891): Unable to start service Intent { act=com.android.mail.action.BACKUP_DATA_CHANGED pkg=com.google.android.gm } U=0: not found
W/ActivityManager( 1891): Unable to start service Intent { act=com.android.mail.action.BACKUP_DATA_CHANGED pkg=com.google.android.gm } U=0: not found
W/ActivityManager( 1891): Unable to start service Intent { act=com.android.mail.action.BACKUP_DATA_CHANGED pkg=com.google.android.gm } U=0: not found
W/ActivityManager( 1891): Unable to start service Intent { act=com.android.mail.action.BACKUP_DATA_CHANGED pkg=com.google.android.gm } U=0: not found
W/ActivityManager( 1891): Unable to start service Intent { act=com.android.mail.action.BACKUP_DATA_CHANGED pkg=com.google.android.gm } U=0: not found
I/ActivityManager( 1891): Resuming delayed broadcast
I/ActivityManager( 1891): Delay finish: com.google.android.gm/com.android.email.service.EmailBroadcastReceiver
W/ActivityManager( 1891): Unable to start service Intent { act=com.google.android.gm.email.EXCHANGE_INTENT pkg=com.google.android.gm.exchange } U=0: not found
W/ActivityManager( 1891): Unable to start service Intent { act=com.google.android.gm.email.EXCHANGE_INTENT pkg=com.google.android.gm.exchange } U=0: not found
I/ActivityManager( 1891): Resuming delayed broadcast
E/ActivityThread( 3091): Service com.android.email.service.EmailBroadcastProcessorService has leaked ServiceConnection com.android.emailcommon.service.am@216d016c that was originally bound here
E/ActivityThread( 3091): android.app.ServiceConnectionLeaked: Service com.android.email.service.EmailBroadcastProcessorService has leaked ServiceConnection com.android.emailcommon.service.am@216d016c that was originally bound here
E/ActivityThread( 3091): at android.app.LoadedApk$ServiceDispatcher.(LoadedApk.java:970)
E/ActivityThread( 3091): at android.app.LoadedApk.getServiceDispatcher(LoadedApk.java:864)
E/ActivityThread( 3091): at android.app.ContextImpl.bindServiceCommon(ContextImpl.java:1569)
E/ActivityThread( 3091): at android.app.ContextImpl.bindService(ContextImpl.java:1552)
E/ActivityThread( 3091): at android.content.ContextWrapper.bindService(ContextWrapper.java:517)
E/ActivityThread( 3091): at com.android.emailcommon.service.ak.a(SourceFile:181)
E/ActivityThread( 3091): at com.android.emailcommon.service.ak.e(SourceFile:224)
E/ActivityThread( 3091): at com.android.email.service.n.c(SourceFile:177)
E/ActivityThread( 3091): at com.android.email.provider.b.a(SourceFile:198)
E/ActivityThread( 3091): at com.android.email.provider.b.a(SourceFile:142)
E/ActivityThread( 3091): at com.android.email.service.EmailBroadcastProcessorService.c(SourceFile:349)
E/ActivityThread( 3091): at com.android.email.service.EmailBroadcastProcessorService.onHandleIntent(SourceFile:1334)
E/ActivityThread( 3091): at android.app.IntentService$ServiceHandler.handleMessage(IntentService.java:65)
E/ActivityThread( 3091): at android.os.Handler.dispatchMessage(Handler.java:102)
E/ActivityThread( 3091): at android.os.Looper.loop(Looper.java:136)
E/ActivityThread( 3091): at android.os.HandlerThread.run(HandlerThread.java:61)
I/ActivityManager( 1891): Killing 2687:com.android.dialer/u0a5 (adj 15): empty #17
W/ActivityManager( 1891): Unbind failed: could not find connection for android.os.BinderProxy@219e5c94
I/ActivityManager( 1891): Start proc com.google.android.inputmethod.latin for broadcast com.google.android.inputmethod.latin/com.android.inputmethod.latin.SystemBroadcastReceiver: pid=3128 uid=10055 gids={50055, 3003, 1028, 1015, 1023}
W/ActivityManager( 1891): Unable to start service Intent { cmp=com.google.android.gm/com.android.email.service.AttachmentService } U=0: not found
W/ActivityManager( 1891): Unable to start service Intent { act=com.google.android.gm.email.EXCHANGE_INTENT pkg=com.google.android.gm.exchange } U=0: not found
I/ActivityManager( 1891): Process com.google.android.inputmethod.latin (pid 3128) has died.
I/ActivityManager( 1891): Killing 2779:com.google.android.configupdater/u0a2 (adj 15): empty #17
I/ActivityManager( 1891): Start proc com.google.android.apps.maps for broadcast com.google.android.apps.maps/com.google.android.apps.gmm.iamhere.ble.StartBleServiceReceiver: pid=3144 uid=10060 gids={50060, 3003, 1028, 1015, 1023, 3002, 3001}
I/ActivityManager( 1891): Start proc com.google.android.youtube for broadcast com.google.android.youtube/com.google.android.libraries.youtube.upload.service.UploadService$BootReceiver: pid=3167 uid=10081 gids={50081, 3003, 1028, 1015, 1023}
I/ActivityManager( 1891): Killing 2831:com.google.android.onetimeinitializer/u0a10 (adj 15): empty #17
I/PackageManager( 1891): Adding preferred activity ComponentInfo{com.android.mms/com.android.mms.ui.ComposeMessageActivity} for user 0 :
I/PackageManager( 1891): Adding preferred activity ComponentInfo{com.android.mms/com.android.mms.ui.ComposeMessageActivity} for user 0 :
I/PackageManager( 1891): Adding preferred activity ComponentInfo{com.android.mms/com.android.mms.ui.ComposeMessageActivity} for user 0 :
I/PackageManager( 1891): Adding preferred activity ComponentInfo{com.android.mms/com.android.mms.ui.ComposeMessageActivity} for user 0 :
I/PackageManager( 1891): Adding preferred activity ComponentInfo{com.android.mms/com.android.mms.ui.ComposeMessageActivity} for user 0 :
I/PackageManager( 1891): Adding preferred activity ComponentInfo{com.android.mms/com.android.mms.ui.ComposeMessageActivity} for user 0 :
I/PackageManager( 1891): Adding preferred activity ComponentInfo{com.android.mms/com.android.mms.ui.ComposeMessageActivity} for user 0 :
I/PackageManager( 1891): Adding preferred activity ComponentInfo{com.android.mms/com.android.mms.ui.ComposeMessageActivity} for user 0 :
I/PackageManager( 1891): Adding preferred activity ComponentInfo{com.android.mms/com.android.mms.ui.ComposeMessageActivity} for user 0 :
I/PackageManager( 1891): Adding preferred activity ComponentInfo{com.android.mms/com.android.mms.ui.ComposeMessageActivity} for user 0 :
I/PackageManager( 1891): Adding preferred activity ComponentInfo{com.android.mms/com.android.mms.ui.ComposeMessageActivity} for user 0 :
I/PackageManager( 1891): Adding preferred activity ComponentInfo{com.android.mms/com.android.mms.ui.ComposeMessageActivity} for user 0 :
I/PackageManager( 1891): Adding preferred activity ComponentInfo{com.android.mms/com.android.mms.ui.ComposeMessageActivity} for user 0 :
I/PackageManager( 1891): Adding preferred activity ComponentInfo{com.android.mms/com.android.mms.ui.ComposeMessageActivity} for user 0 :
I/PackageManager( 1891): Adding preferred activity ComponentInfo{com.android.mms/com.android.mms.ui.ComposeMessageActivity} for user 0 :
I/PackageManager( 1891): Adding preferred activity ComponentInfo{com.android.mms/com.android.mms.ui.ComposeMessageActivity} for user 0 :
I/PackageManager( 1891): Adding preferred activity ComponentInfo{com.android.mms/com.android.mms.ui.ComposeMessageActivity} for user 0 :
I/PackageManager( 1891): Adding preferred activity ComponentInfo{com.android.mms/com.android.mms.ui.ComposeMessageActivity} for user 0 :
I/PackageManager( 1891): Adding preferred activity ComponentInfo{com.android.mms/com.android.mms.ui.ComposeMessageActivity} for user 0 :
I/PackageManager( 1891): Adding preferred activity ComponentInfo{com.android.mms/com.android.mms.ui.ComposeMessageActivity} for user 0 :
I/PackageManager( 1891): Adding preferred activity ComponentInfo{com.android.mms/com.android.mms.ui.ComposeMessageActivity} for user 0 :
I/PackageManager( 1891): Adding preferred activity ComponentInfo{com.android.mms/com.android.mms.ui.ComposeMessageActivity} for user 0 :
I/PackageManager( 1891): Adding preferred activity ComponentInfo{com.android.mms/com.android.mms.ui.ComposeMessageActivity} for user 0 :
I/PackageManager( 1891): Adding preferred activity ComponentInfo{com.android.mms/com.android.mms.ui.ComposeMessageActivity} for user 0 :
I/PackageManager( 1891): Adding preferred activity ComponentInfo{com.android.mms/com.android.mms.ui.ComposeMessageActivity} for user 0 :
I/PackageManager( 1891): Adding preferred activity ComponentInfo{com.android.mms/com.android.mms.ui.ComposeMessageActivity} for user 0 :
I/PackageManager( 1891): Adding preferred activity ComponentInfo{com.android.mms/com.android.mms.ui.ComposeMessageActivity} for user 0 :
I/PackageManager( 1891): Adding preferred activity ComponentInfo{com.android.mms/com.android.mms.ui.ComposeMessageActivity} for user 0 :
I/PackageManager( 1891): Adding preferred activity ComponentInfo{com.android.mms/com.android.mms.ui.ComposeMessageActivity} for user 0 :
I/PackageManager( 1891): Adding preferred activity ComponentInfo{com.android.mms/com.android.mms.ui.ComposeMessageActivity} for user 0 :
I/PackageManager( 1891): Adding preferred activity ComponentInfo{com.android.mms/com.android.mms.ui.ComposeMessageActivity} for user 0 :
I/PackageManager( 1891): Adding preferred activity ComponentInfo{com.android.mms/com.android.mms.ui.ComposeMessageActivity} for user 0 :
I/PackageManager( 1891): Adding preferred activity ComponentInfo{com.android.mms/com.android.mms.ui.ComposeMessageActivity} for user 0 :
I/PackageManager( 1891): Adding preferred activity ComponentInfo{com.android.mms/com.android.mms.ui.ComposeMessageActivity} for user 0 :
I/PackageManager( 1891): Adding preferred activity ComponentInfo{com.android.mms/com.android.mms.ui.ComposeMessageActivity} for user 0 :
I/PackageManager( 1891): Adding preferred activity ComponentInfo{com.android.mms/com.android.mms.ui.ComposeMessageActivity} for user 0 :
I/PackageManager( 1891): Adding preferred activity ComponentInfo{com.android.mms/com.android.mms.ui.ComposeMessageActivity} for user 0 :
I/PackageManager( 1891): Adding preferred activity ComponentInfo{com.android.mms/com.android.mms.ui.ComposeMessageActivity} for user 0 :
I/PackageManager( 1891): Adding preferred activity ComponentInfo{com.android.mms/com.android.mms.ui.ComposeMessageActivity} for user 0 :
I/PackageManager( 1891): Adding preferred activity ComponentInfo{com.android.mms/com.android.mms.ui.ComposeMessageActivity} for user 0 :
I/PackageManager( 1891): Adding preferred activity ComponentInfo{com.android.mms/com.android.mms.ui.ComposeMessageActivity} for user 0 :
I/PackageManager( 1891): Adding preferred activity ComponentInfo{com.android.mms/com.android.mms.ui.ComposeMessageActivity} for user 0 :
I/PackageManager( 1891): Adding preferred activity ComponentInfo{com.android.mms/com.android.mms.ui.ComposeMessageActivity} for user 0 :
I/PackageManager( 1891): Adding preferred activity ComponentInfo{com.android.mms/com.android.mms.ui.ComposeMessageActivity} for user 0 :
I/PackageManager( 1891): Adding preferred activity ComponentInfo{com.android.mms/com.android.mms.ui.ComposeMessageActivity} for user 0 :
I/PackageManager( 1891): Adding preferred activity ComponentInfo{com.android.mms/com.android.mms.ui.ComposeMessageActivity} for user 0 :
I/PackageManager( 1891): Adding preferred activity ComponentInfo{com.android.mms/com.android.mms.ui.ComposeMessageActivity} for user 0 :
I/PackageManager( 1891): Adding preferred activity ComponentInfo{com.android.mms/com.android.mms.ui.ComposeMessageActivity} for user 0 :
I/PackageManager( 1891): Adding preferred activity ComponentInfo{com.android.mms/com.android.mms.ui.ComposeMessageActivity} for user 0 :
I/PackageManager( 1891): Adding preferred activity ComponentInfo{com.android.mms/com.android.mms.ui.ComposeMessageActivity} for user 0 :
I/PackageManager( 1891): Adding preferred activity ComponentInfo{com.android.mms/com.android.mms.ui.ComposeMessageActivity} for user 0 :
I/PackageManager( 1891): Adding preferred activity ComponentInfo{com.android.mms/com.android.mms.ui.ComposeMessageActivity} for user 0 :
I/PackageManager( 1891): Adding preferred activity ComponentInfo{com.android.mms/com.android.mms.ui.ComposeMessageActivity} for user 0 :
I/PackageManager( 1891): Adding preferred activity ComponentInfo{com.android.mms/com.android.mms.ui.ComposeMessageActivity} for user 0 :
I/PackageManager( 1891): Adding preferred activity ComponentInfo{com.android.mms/com.android.mms.ui.ComposeMessageActivity} for user 0 :
I/PackageManager( 1891): Adding preferred activity ComponentInfo{com.android.mms/com.android.mms.ui.ComposeMessageActivity} for user 0 :
I/PackageManager( 1891): Adding preferred activity ComponentInfo{com.android.mms/com.android.mms.ui.ComposeMessageActivity} for user 0 :
I/PackageManager( 1891): Adding preferred activity ComponentInfo{com.android.mms/com.android.mms.ui.ComposeMessageActivity} for user 0 :
I/PackageManager( 1891): Adding preferred activity ComponentInfo{com.android.mms/com.android.mms.ui.ComposeMessageActivity} for user 0 :
I/PackageManager( 1891): Adding preferred activity ComponentInfo{com.android.mms/com.android.mms.ui.ComposeMessageActivity} for user 0 :
I/PackageManager( 1891): Adding preferred activity ComponentInfo{com.android.mms/com.android.mms.ui.ComposeMessageActivity} for user 0 :
I/PackageManager( 1891): Adding preferred activity ComponentInfo{com.android.mms/com.android.mms.ui.ComposeMessageActivity} for user 0 :
I/PackageManager( 1891): Adding preferred activity ComponentInfo{com.android.mms/com.android.mms.ui.ComposeMessageActivity} for user 0 :
I/PackageManager( 1891): Adding preferred activity ComponentInfo{com.android.mms/com.android.mms.ui.ComposeMessageActivity} for user 0 :
I/PackageManager( 1891): Adding preferred activity ComponentInfo{com.android.mms/com.android.mms.ui.ComposeMessageActivity} for user 0 :
I/PackageManager( 1891): Adding preferred activity ComponentInfo{com.android.mms/com.android.mms.ui.ComposeMessageActivity} for user 0 :
I/PackageManager( 1891): Adding preferred activity ComponentInfo{com.android.mms/com.android.mms.ui.ComposeMessageActivity} for user 0 :
I/PackageManager( 1891): Adding preferred activity ComponentInfo{com.android.mms/com.android.mms.ui.ComposeMessageActivity} for user 0 :
I/PackageManager( 1891): Adding preferred activity ComponentInfo{com.android.mms/com.android.mms.ui.ComposeMessageActivity} for user 0 :
W/Vold ( 1544): Returning OperationFailed - no handler for errno 30
I/PackageManager( 1891): Adding preferred activity ComponentInfo{com.android.mms/com.android.mms.ui.ComposeMessageActivity} for user 0 :
W/Vold ( 1544): Returning OperationFailed - no handler for errno 30
I/PackageManager( 1891): Adding preferred activity ComponentInfo{com.android.mms/com.android.mms.ui.ComposeMessageActivity} for user 0 :
W/Vold ( 1544): Returning OperationFailed - no handler for errno 30
I/PackageManager( 1891): Adding preferred activity ComponentInfo{com.android.mms/com.android.mms.ui.ComposeMessageActivity} for user 0 :
W/Vold ( 1544): Returning OperationFailed - no handler for errno 30
I/PackageManager( 1891): Adding preferred activity ComponentInfo{com.android.mms/com.android.mms.ui.ComposeMessageActivity} for user 0 :
E/Vold ( 1544): Failed to find volume for /storage/sdcard1/Android/data/com.google.android.youtube/cache/
W/Vold ( 1544): Returning OperationFailed - no handler for errno 30
I/PackageManager( 1891): Adding preferred activity ComponentInfo{com.android.mms/com.android.mms.ui.ComposeMessageActivity} for user 0 :
I/PackageManager( 1891): Adding preferred activity ComponentInfo{com.android.mms/com.android.mms.ui.ComposeMessageActivity} for user 0 :
I/PackageManager( 1891): Adding preferred activity ComponentInfo{com.android.mms/com.android.mms.ui.ComposeMessageActivity} for user 0 :
I/PackageManager( 1891): Adding preferred activity ComponentInfo{com.android.mms/com.android.mms.ui.ComposeMessageActivity} for user 0 :
I/PackageManager( 1891): Adding preferred activity ComponentInfo{com.android.mms/com.android.mms.ui.ComposeMessageActivity} for user 0 :
I/PackageManager( 1891): Adding preferred activity ComponentInfo{com.android.mms/com.android.mms.ui.ComposeMessageActivity} for user 0 :
I/PackageManager( 1891): Adding preferred activity ComponentInfo{com.android.mms/com.android.mms.ui.ComposeMessageActivity} for user 0 :
I/PackageManager( 1891): Adding preferred activity ComponentInfo{com.android.mms/com.android.mms.ui.ComposeMessageActivity} for user 0 :
I/PackageManager( 1891): Adding preferred activity ComponentInfo{com.android.mms/com.android.mms.ui.ComposeMessageActivity} for user 0 :
I/PackageManager( 1891): Adding preferred activity ComponentInfo{com.android.mms/com.android.mms.ui.ComposeMessageActivity} for user 0 :
I/PackageManager( 1891): Adding preferred activity ComponentInfo{com.android.mms/com.android.mms.ui.ComposeMessageActivity} for user 0 :
I/PackageManager( 1891): Adding preferred activity ComponentInfo{com.android.mms/com.android.mms.ui.ComposeMessageActivity} for user 0 :
I/PackageManager( 1891): Adding preferred activity ComponentInfo{com.android.mms/com.android.mms.ui.ComposeMessageActivity} for user 0 :
I/PackageManager( 1891): Adding preferred activity ComponentInfo{com.android.mms/com.android.mms.ui.ComposeMessageActivity} for user 0 :
I/PackageManager( 1891): Adding preferred activity ComponentInfo{com.android.mms/com.android.mms.ui.ComposeMessageActivity} for user 0 :
I/PackageManager( 1891): Adding preferred activity ComponentInfo{com.android.mms/com.android.mms.ui.ComposeMessageActivity} for user 0 :
I/PackageManager( 1891): Adding preferred activity ComponentInfo{com.android.mms/com.android.mms.ui.ComposeMessageActivity} for user 0 :
I/PackageManager( 1891): Adding preferred activity ComponentInfo{com.android.mms/com.android.mms.ui.ComposeMessageActivity} for user 0 :
I/PackageManager( 1891): Adding preferred activity ComponentInfo{com.android.mms/com.android.mms.ui.ComposeMessageActivity} for user 0 :
I/PackageManager( 1891): Adding preferred activity ComponentInfo{com.android.mms/com.android.mms.ui.ComposeMessageActivity} for user 0 :
I/PackageManager( 1891): Adding preferred activity ComponentInfo{com.android.mms/com.android.mms.ui.ComposeMessageActivity} for user 0 :
I/PackageManager( 1891): Adding preferred activity ComponentInfo{com.android.mms/com.android.mms.ui.ComposeMessageActivity} for user 0 :
I/PackageManager( 1891): Adding preferred activity ComponentInfo{com.android.mms/com.android.mms.ui.ComposeMessageActivity} for user 0 :
W/Vold ( 1544): Returning OperationFailed - no handler for errno 30
W/Vold ( 1544): Returning OperationFailed - no handler for errno 30
W/Vold ( 1544): Returning OperationFailed - no handler for errno 30
W/Vold ( 1544): Returning OperationFailed - no handler for errno 30
E/Vold ( 1544): Failed to find volume for /storage/sdcard1/Android/data/com.google.android.youtube/cache/
W/Vold ( 1544): Returning OperationFailed - no handler for errno 30
W/Vold ( 1544): Returning OperationFailed - no handler for errno 30
W/Vold ( 1544): Returning OperationFailed - no handler for errno 30
W/Vold ( 1544): Returning OperationFailed - no handler for errno 30
W/Vold ( 1544): Returning OperationFailed - no handler for errno 30
E/Vold ( 1544): Failed to find volume for /storage/sdcard1/Android/data/com.google.android.youtube/files/
W/Vold ( 1544): Returning OperationFailed - no handler for errno 30
W/Vold ( 1544): Returning OperationFailed - no handler for errno 30
W/Vold ( 1544): Returning OperationFailed - no handler for errno 30
W/Vold ( 1544): Returning OperationFailed - no handler for errno 30
W/Vold ( 1544): Returning OperationFailed - no handler for errno 30
E/Vold ( 1544): Failed to find volume for /storage/sdcard1/Android/data/com.google.android.youtube/files/
W/Vold ( 1544): Returning OperationFailed - no handler for errno 30
I/ActivityManager( 1891): Delay finish: com.google.android.youtube/com.google.android.libraries.youtube.upload.service.UploadService$BootReceiver
I/ActivityManager( 1891): Resuming delayed broadcast
I/ActivityManager( 1891): Start proc com.cyanogenmod.trebuchet for broadcast com.cyanogenmod.trebuchet/com.android.launcher3.PackageChangedReceiver: pid=3257 uid=10020 gids={50020, 1028}
I/ActivityManager( 1891): Delay finish: com.google.android.googlequicksearchbox/com.google.android.search.core.icingsync.IcingCorporaChangedReceiver
I/ActivityManager( 1891): Resuming delayed broadcast
I/ActivityManager( 1891): Delay finish: com.android.gallery3d/.app.PackagesMonitor
I/ActivityManager( 1891): Resuming delayed broadcast
I/ActivityManager( 1891): Killing 2661:com.google.android.partnersetup/u0a11 (adj 15): empty #17
I/ActivityManager( 1891): Delay finish: com.google.android.googlequicksearchbox/com.google.android.search.core.icingsync.IcingCorporaChangedReceiver
I/ActivityManager( 1891): Resuming delayed broadcast
I/ActivityManager( 1891): Delay finish: com.android.gallery3d/.app.PackagesMonitor
I/ActivityManager( 1891): Resuming delayed broadcast
I/ActivityManager( 1891): Delay finish: com.google.android.googlequicksearchbox/com.google.android.search.core.icingsync.IcingCorporaChangedReceiver
I/ActivityManager( 1891): Resuming delayed broadcast
I/ActivityManager( 1891): Delay finish: com.android.gallery3d/.app.PackagesMonitor
I/ActivityManager( 1891): Resuming delayed broadcast
I/ActivityManager( 1891): Delay finish: com.google.android.googlequicksearchbox/com.google.android.search.core.icingsync.IcingCorporaChangedReceiver
I/ActivityManager( 1891): Resuming delayed broadcast
I/ActivityManager( 1891): Delay finish: com.android.gallery3d/.app.PackagesMonitor
I/ActivityManager( 1891): Resuming delayed broadcast
I/ActivityManager( 1891): Delay finish: com.google.android.gms/.nearby.messages.NearbyMessagesBroadcastReceiver
I/ActivityManager( 1891): Resuming delayed broadcast
I/ActivityManager( 1891): Delay finish: com.android.calendar/.alerts.AlertReceiver
I/ActivityManager( 1891): Waited long enough for: ServiceRecord{217d53e8 u0 com.android.music/.MediaPlaybackService}
I/ActivityManager( 1891): Resuming delayed broadcast
W/ActivityManager( 1891): Unable to start service Intent { act=INITIALIZE_SUBSCRIPTIONS cmp=com.google.android.gms/.nearby.sharing.NearbySharingIntentService } U=0: not found
I/ActivityManager( 1891): Start proc com.google.android.music:main for broadcast com.google.android.music/.store.MediaStoreImportService$Receiver: pid=3336 uid=10062 gids={50062, 3003, 1028, 1015, 1023}
W/Vold ( 1544): Returning OperationFailed - no handler for errno 30
W/Vold ( 1544): Returning OperationFailed - no handler for errno 30
W/Vold ( 1544): Returning OperationFailed - no handler for errno 30
W/Vold ( 1544): Returning OperationFailed - no handler for errno 30
E/Vold ( 1544): Failed to find volume for /storage/sdcard1/Android/data/com.google.android.music/cache/
W/Vold ( 1544): Returning OperationFailed - no handler for errno 30
W/Vold ( 1544): Returning OperationFailed - no handler for errno 30
W/Vold ( 1544): Returning OperationFailed - no handler for errno 30
W/Vold ( 1544): Returning OperationFailed - no handler for errno 30
W/Vold ( 1544): Returning OperationFailed - no handler for errno 30
E/Vold ( 1544): Failed to find volume for /storage/sdcard1/Android/data/com.google.android.music/files/
W/Vold ( 1544): Returning OperationFailed - no handler for errno 30
W/Vold ( 1544): Returning OperationFailed - no handler for errno 30
W/Vold ( 1544): Returning OperationFailed - no handler for errno 30
W/Vold ( 1544): Returning OperationFailed - no handler for errno 30
W/Vold ( 1544): Returning OperationFailed - no handler for errno 30
E/Vold ( 1544): Failed to find volume for /storage/sdcard1/Android/data/com.google.android.music/cache/
W/Vold ( 1544): Returning OperationFailed - no handler for errno 30
W/Vold ( 1544): Returning OperationFailed - no handler for errno 30
W/Vold ( 1544): Returning OperationFailed - no handler for errno 30
W/Vold ( 1544): Returning OperationFailed - no handler for errno 30
W/Vold ( 1544): Returning OperationFailed - no handler for errno 30
E/Vold ( 1544): Failed to find volume for /storage/sdcard1/Android/data/com.google.android.music/files/
W/Vold ( 1544): Returning OperationFailed - no handler for errno 30
W/Vold ( 1544): Returning OperationFailed - no handler for errno 30
W/Vold ( 1544): Returning OperationFailed - no handler for errno 30
W/Vold ( 1544): Returning OperationFailed - no handler for errno 30
W/Vold ( 1544): Returning OperationFailed - no handler for errno 30
E/Vold ( 1544): Failed to find volume for /storage/sdcard1/Android/data/com.google.android.music/files/
W/Vold ( 1544): Returning OperationFailed - no handler for errno 30
W/Vold ( 1544): Returning OperationFailed - no handler for errno 30
W/Vold ( 1544): Returning OperationFailed - no handler for errno 30
W/Vold ( 1544): Returning OperationFailed - no handler for errno 30
W/Vold ( 1544): Returning OperationFailed - no handler for errno 30
E/Vold ( 1544): Failed to find volume for /storage/sdcard1/Android/data/com.google.android.music/files/
W/Vold ( 1544): Returning OperationFailed - no handler for errno 30
W/Vold ( 1544): Returning OperationFailed - no handler for errno 30
W/Vold ( 1544): Returning OperationFailed - no handler for errno 30
W/Vold ( 1544): Returning OperationFailed - no handler for errno 30
W/Vold ( 1544): Returning OperationFailed - no handler for errno 30
E/Vold ( 1544): Failed to find volume for /storage/sdcard1/Android/data/com.google.android.music/files/
W/Vold ( 1544): Returning OperationFailed - no handler for errno 30
I/ActivityManager( 1891): Delay finish: com.google.android.music/.store.MediaStoreImportService$Receiver
I/ActivityManager( 1891): Resuming delayed broadcast
I/ActivityManager( 1891): Delay finish: com.android.mms/.transaction.SmsReceiver
I/ActivityManager( 1891): Resuming delayed broadcast
I/ActivityManager( 1891): Delay finish: com.google.android.music/.store.MediaStoreImportService$Receiver
I/ActivityManager( 1891): Resuming delayed broadcast
I/ActivityManager( 1891): Delay finish: com.google.android.music/.store.MediaStoreImportService$Receiver
W/Vold ( 1544): Returning OperationFailed - no handler for errno 30
W/Vold ( 1544): Returning OperationFailed - no handler for errno 30
W/Vold ( 1544): Returning OperationFailed - no handler for errno 30
W/Vold ( 1544): Returning OperationFailed - no handler for errno 30
E/Vold ( 1544): Failed to find volume for /storage/sdcard1/Android/data/com.google.android.music/files/
W/Vold ( 1544): Returning OperationFailed - no handler for errno 30
I/ActivityManager( 1891): Resuming delayed broadcast
I/ActivityManager( 1891): Delay finish: com.google.android.gm/.MailIntentReceiver
I/ActivityManager( 1891): Resuming delayed broadcast
I/ActivityManager( 1891): Delay finish: com.google.android.gm/.widget.GmailWidgetProvider
I/ActivityManager( 1891): Resuming delayed broadcast
I/ActivityManager( 1891): Delay finish: com.google.android.gm/.widget.GoogleMailWidgetProvider
I/ActivityManager( 1891): Resuming delayed broadcast
I/ActivityManager( 1891): Delay finish: com.google.android.gm/.widget.GmailWidgetProvider
I/ActivityManager( 1891): Resuming delayed broadcast
I/ActivityManager( 1891): Delay finish: com.google.android.gm/.widget.GoogleMailWidgetProvider
I/ActivityManager( 1891): Resuming delayed broadcast
I/ActivityManager( 1891): Delay finish: com.android.providers.calendar/.CalendarProviderBroadcastReceiver
I/ActivityManager( 1891): Resuming delayed broadcast
D/ConnectivityService( 1891): handleInetConditionChange: no active default network - ignore
