I/MultiDex( 5964): MultiDexExtractor.load(/data/app/com.google.android.gms-1.apk, false)
I/ConfigService( 5912): onCreate
I/MultiDex( 5964): loading existing secondary dex files
I/MultiDex( 5964): load found 3 secondary dex files
I/MultiDex( 5964): install done
I/ConfigFetchService( 5928): onStartCommand Intent { act=android.intent.action.PACKAGE_REMOVED dat=package:com.google.android.gms cmp=com.google.android.gms/.config.ConfigFetchService (has extras) }
I/ActivityManager( 1891): Resuming delayed broadcast
I/dalvikvm( 5928): Could not find method android.os.UserHandle.isOwner, referenced from method com.google.android.gms.icing.service.v.a
W/dalvikvm( 5928): VFY: unable to resolve virtual method 1197: Landroid/os/UserHandle;.isOwner ()Z
D/dalvikvm( 5928): VFY: replacing opcode 0x6e at 0x001d
D/dalvikvm( 5928): GC_CONCURRENT freed 281K, 17% free 3851K/4640K, paused 0ms+4ms, total 20ms
D/dalvikvm( 5928): WAIT_FOR_CONCURRENT_GC blocked 8ms
D/dalvikvm( 5928): WAIT_FOR_CONCURRENT_GC blocked 9ms
D/dalvikvm( 5964): DexOpt: couldn't find static field Landroid/os/Build;.SUPPORTED_ABIS
W/dalvikvm( 5964): VFY: unable to resolve static field 141 (SUPPORTED_ABIS) in Landroid/os/Build;
D/dalvikvm( 5964): VFY: replacing opcode 0x62 at 0x000a
D/dalvikvm( 5964): DexOpt: couldn't find field Landroid/content/pm/ApplicationInfo;.splitSourceDirs
W/dalvikvm( 5964): VFY: unable to resolve instance field 53
D/dalvikvm( 5964): VFY: replacing opcode 0x54 at 0x005f
D/dalvikvm( 5964): DexOpt: couldn't find static field Landroid/os/Build;.SUPPORTED_ABIS
W/dalvikvm( 5964): VFY: unable to resolve static field 141 (SUPPORTED_ABIS) in Landroid/os/Build;
D/dalvikvm( 5964): VFY: replacing opcode 0x62 at 0x0047
D/dalvikvm( 5964): DexOpt: couldn't find field Landroid/content/pm/ApplicationInfo;.splitSourceDirs
I/dalvikvm( 5964): DexOpt: unable to optimize instance field ref 0x0035 at 0x63 in Lcom/google/android/gms/common/util/ay;.b
D/dalvikvm( 5928): GC_CONCURRENT freed 169K, 10% free 4194K/4640K, paused 1ms+1ms, total 14ms
D/dalvikvm( 5928): WAIT_FOR_CONCURRENT_GC blocked 3ms
D/dalvikvm( 5928): WAIT_FOR_CONCURRENT_GC blocked 7ms
D/dalvikvm( 5928): WAIT_FOR_CONCURRENT_GC blocked 9ms
D/dalvikvm( 5928): WAIT_FOR_CONCURRENT_GC blocked 10ms
D/ChimeraCfgMgr( 5928): Loading module com.google.android.gms.games from APK com.google.android.play.games
D/ChimeraModuleLdr( 5928): Loading module APK com.google.android.play.games
D/dalvikvm( 5928): DexOpt: couldn't find static field Landroid/os/Build;.SUPPORTED_ABIS
W/dalvikvm( 5928): VFY: unable to resolve static field 141 (SUPPORTED_ABIS) in Landroid/os/Build;
D/dalvikvm( 5928): VFY: replacing opcode 0x62 at 0x0022
E/dalvikvm( 5928): Dex cache directory isn't writable: /data/dalvik-cache
I/dalvikvm( 5928): Unable to open or create cache for /system/app/PlayGames.apk (/data/dalvik-cache/system@app@PlayGames.apk@classes.dex)
I/ProviderInstaller( 5964): Insert disabled by gate 'gms:security:enable_conscrypt_in_gms_application'
E/ChimeraModuleLdr( 5928): Initialization failed for module com.google.android.play.games
E/ChimeraModuleLdr( 5928): java.lang.ClassNotFoundException: Didn't find class "com.google.android.gms.chimera.GmsModuleInitializer" on path: DexPathList[[zip file "/system/app/PlayGames.apk"],nativeLibraryDirectories=[/system/lib, /system/lib/arm]]
E/ChimeraModuleLdr( 5928): at dalvik.system.BaseDexClassLoader.findClass(BaseDexClassLoader.java:56)
E/ChimeraModuleLdr( 5928): at java.lang.ClassLoader.loadClass(ClassLoader.java:497)
E/ChimeraModuleLdr( 5928): at java.lang.ClassLoader.loadClass(ClassLoader.java:457)
E/ChimeraModuleLdr( 5928): at com.google.android.gms.chimera.container.GmsModuleApi.onApkLoaded(SourceFile:39)
E/ChimeraModuleLdr( 5928): at com.google.android.chimera.container.a.i.a(SourceFile:99)
E/ChimeraModuleLdr( 5928): at com.google.android.chimera.container.a.a(SourceFile:465)
E/ChimeraModuleLdr( 5928): at com.google.android.chimera.BroadcastReceiverProxy.onReceive(SourceFile:66)
E/ChimeraModuleLdr( 5928): at android.app.ActivityThread.handleReceiver(ActivityThread.java:2407)
E/ChimeraModuleLdr( 5928): at android.app.ActivityThread.access$1700(ActivityThread.java:135)
E/ChimeraModuleLdr( 5928): at android.app.ActivityThread$H.handleMessage(ActivityThread.java:1272)
E/ChimeraModuleLdr( 5928): at android.os.Handler.dispatchMessage(Handler.java:102)
E/ChimeraModuleLdr( 5928): at android.os.Looper.loop(Looper.java:136)
E/ChimeraModuleLdr( 5928): at android.app.ActivityThread.main(ActivityThread.java:5001)
E/ChimeraModuleLdr( 5928): at java.lang.reflect.Method.invokeNative(Native Method)
E/ChimeraModuleLdr( 5928): at java.lang.reflect.Method.invoke(Method.java:515)
E/ChimeraModuleLdr( 5928): at com.android.internal.os.ZygoteInit$MethodAndArgsCaller.run(ZygoteInit.java:785)
E/ChimeraModuleLdr( 5928): at com.android.internal.os.ZygoteInit.main(ZygoteInit.java:601)
E/ChimeraModuleLdr( 5928): at dalvik.system.NativeStart.main(Native Method)
E/ChimeraModuleLdr( 5928): Suppressed: java.io.IOException: unable to open DEX file
E/ChimeraModuleLdr( 5928): at dalvik.system.DexFile.openDexFileNative(Native Method)
E/ChimeraModuleLdr( 5928): at dalvik.system.DexFile.openDexFile(DexFile.java:296)
E/ChimeraModuleLdr( 5928): at dalvik.system.DexFile.(DexFile.java:80)
E/ChimeraModuleLdr( 5928): at dalvik.system.DexFile.(DexFile.java:59)
E/ChimeraModuleLdr( 5928): at dalvik.system.DexPathList.loadDexFile(DexPathList.java:263)
E/ChimeraModuleLdr( 5928): at dalvik.system.DexPathList.makeDexElements(DexPathList.java:230)
E/ChimeraModuleLdr( 5928): at dalvik.system.DexPathList.(DexPathList.java:112)
E/ChimeraModuleLdr( 5928): at dalvik.system.BaseDexClassLoader.(BaseDexClassLoader.java:48)
E/ChimeraModuleLdr( 5928): at dalvik.system.PathClassLoader.(PathClassLoader.java:65)
E/ChimeraModuleLdr( 5928): at com.google.android.chimera.container.j.a(SourceFile:52)
E/ChimeraModuleLdr( 5928): at com.google.android.chimera.container.a.i.a(SourceFile:81)
E/ChimeraModuleLdr( 5928): ... 13 more
E/ChimeraRcvrProxy( 5928): Failed to load module containing Chimera receiver impl for ComponentInfo{com.google.android.gms/com.google.android.gms.games.chimera.GamesSystemBroadcastReceiverProxy}, dropping broadcast
D/dalvikvm( 5928): Trying to load lib /data/app-lib/com.google.android.gms-1/libAppDataSearch.so 0x42daa928
E/houdini_hook( 5928): Unable to open libdvm_houdini lib
E/houdini_hook( 5928): Unable to open libdvm_houdini lib
E/houdini_hook( 5928): Unable to open libdvm_houdini lib
E/houdini_hook( 5928): Unable to open libdvm_houdini lib
E/houdini_hook( 5928): Unable to open libdvm_houdini lib
E/houdini_hook( 5928): Unable to open libdvm_houdini lib
I/ActivityManager( 1891): Start proc com.google.android.partnersetup for broadcast com.google.android.partnersetup/.RlzPingBroadcastReceiver: pid=5990 uid=10011 gids={50011, 3003}
D/dalvikvm( 1549): GC_EXPLICIT freed 41K, 4% free 2668K/2772K, paused 0ms+0ms, total 10ms
D/dalvikvm( 5964): GC_CONCURRENT freed 297K, 12% free 2757K/3116K, paused 0ms+0ms, total 4ms
D/NativeLibraryUtils( 5964): Installer failed to acquire lock.
D/NativeLibraryUtils( 5964): java.io.IOException: fcntl failed: EAGAIN (Try again)
D/NativeLibraryUtils( 5964): at java.nio.FileChannelImpl.basicLock(FileChannelImpl.java:123)
D/NativeLibraryUtils( 5964): at java.nio.FileChannelImpl.tryLock(FileChannelImpl.java:177)
D/NativeLibraryUtils( 5964): at java.nio.channels.FileChannel.tryLock(FileChannel.java:587)
D/NativeLibraryUtils( 5964): at com.google.android.gms.common.util.ay.b(SourceFile:335)
D/NativeLibraryUtils( 5964): at com.google.android.gms.common.app.a.run(SourceFile:171)
D/NativeLibraryUtils( 5964): Caused by: libcore.io.ErrnoException: fcntl failed: EAGAIN (Try again)
D/NativeLibraryUtils( 5964): at libcore.io.Posix.fcntlFlock(Native Method)
D/NativeLibraryUtils( 5964): at libcore.io.ForwardingOs.fcntlFlock(ForwardingOs.java:54)
D/NativeLibraryUtils( 5964): at java.nio.FileChannelImpl.basicLock(FileChannelImpl.java:121)
D/NativeLibraryUtils( 5964): ... 4 more
D/dalvikvm( 1549): GC_EXPLICIT freed <1K, 4% free 2668K/2772K, paused 0ms+1ms, total 6ms
D/dalvikvm( 5928): Added shared lib /data/app-lib/com.google.android.gms-1/libAppDataSearch.so 0x42daa928
D/dalvikvm( 5928): No JNI_OnLoad found in /data/app-lib/com.google.android.gms-1/libAppDataSearch.so 0x42daa928, skipping init
D/dalvikvm( 1549): GC_EXPLICIT freed <1K, 4% free 2668K/2772K, paused 1ms+0ms, total 15ms
D/dalvikvm( 5928): GC_CONCURRENT freed 235K, 7% free 4466K/4764K, paused 21ms+5ms, total 43ms
D/dalvikvm( 5928): WAIT_FOR_CONCURRENT_GC blocked 14ms
D/dalvikvm( 5928): WAIT_FOR_CONCURRENT_GC blocked 15ms
D/dalvikvm( 5928): WAIT_FOR_CONCURRENT_GC blocked 11ms
I/ActivityManager( 1891): Delay finish: com.google.android.partnersetup/.RlzPingBroadcastReceiver
I/ActivityManager( 1891): Resuming delayed broadcast
I/ActivityManager( 1891): Delay finish: com.google.android.partnersetup/.AppInstalledReceiver
I/dalvikvm( 5964): Could not find method android.content.pm.PackageManager.getPackageInstaller, referenced from method com.google.android.gms.common.kz.a
W/dalvikvm( 5964): VFY: unable to resolve virtual method 446: Landroid/content/pm/PackageManager;.getPackageInstaller ()Landroid/content/pm/PackageInstaller;
D/dalvikvm( 5964): VFY: replacing opcode 0x6e at 0x000d
I/ActivityManager( 1891): Resuming delayed broadcast
I/dalvikvm( 5964): Could not find method android.app.Notification$Builder.setLocalOnly, referenced from method com.google.android.gms.common.kz.b
W/dalvikvm( 5964): VFY: unable to resolve virtual method 155: Landroid/app/Notification$Builder;.setLocalOnly (Z)Landroid/app/Notification$Builder;
D/dalvikvm( 5964): VFY: replacing opcode 0x6e at 0x0206
I/ActivityManager( 1891): Delay finish: com.android.musicfx/.Compatibility$Receiver
I/ActivityManager( 1891): Resuming delayed broadcast
I/ActivityManager( 1891): Delay finish: com.google.android.googlequicksearchbox/com.google.android.search.core.icingsync.IcingCorporaChangedReceiver
I/UpdateIcingCorporaServi( 2622): Updating corpora: APPS=com.google.android.gms, CONTACTS=MAYBE
I/ActivityManager( 1891): Resuming delayed broadcast
I/Icing ( 5928): Storage manager: low false usage 5,84MB avail 707,28MB capacity 1006,16MB
I/ActivityManager( 1891): Start proc com.google.android.gms.wearable for service com.google.android.gms/.wearable.service.WearableService: pid=6014 uid=10008 gids={50008, 3003, 1007, 1028, 1015, 1023, 3002, 3001, 3007, 2001, 3006}
I/ActivityManager( 1891): Delay finish: com.android.gallery3d/.app.PackagesMonitor
I/dalvikvm( 5928): Could not find method android.content.Context.checkSelfPermission, referenced from method com.google.android.gms.common.h.b.d
W/dalvikvm( 5928): VFY: unable to resolve virtual method 293: Landroid/content/Context;.checkSelfPermission (Ljava/lang/String;)I
D/dalvikvm( 5928): VFY: replacing opcode 0x6e at 0x002a
I/ActivityManager( 1891): Resuming delayed broadcast
D/dalvikvm( 5928): GC_CONCURRENT freed 294K, 8% free 4677K/5036K, paused 2ms+2ms, total 34ms
D/Finsky ( 5605): [1] 1.run: Set autoupdate of com.google.android.gms to USE_GLOBAL (install/update)
D/NativeLibraryUtils( 5928): Install completed successfully. count=13 extracted=0
D/audio_hw_primary( 1551): found out /dev/snd/pcmC0D0p
I/ActivityManager( 1891): Delay finish: com.android.musicfx/.Compatibility$Receiver
I/ActivityManager( 1891): START u0 {act=android.intent.action.MAIN cmp=com.android.settings/.SubSettings (has extras)} from pid 4734
I/ActivityManager( 1891): Resuming delayed broadcast
W/Launcher( 4759): setApplicationContext called twice! old=com.android.launcher3.LauncherApplication@216cec7c new=com.android.launcher3.LauncherApplication@216cec7c
W/dalvikvm( 6014): VFY: unable to resolve static field 573 (PR_SET_DUMPABLE) in Landroid/system/OsConstants;
D/dalvikvm( 6014): VFY: replacing opcode 0x60 at 0x000b
I/dalvikvm( 6014): Failed resolving Lcom/google/android/gms/common/h/c; interface 98 'Landroid/content/pm/PackageManager$OnPermissionsChangedListener;'
W/dalvikvm( 6014): Link of class 'Lcom/google/android/gms/common/h/c;' failed
E/dalvikvm( 6014): Could not find class 'com.google.android.gms.common.h.c', referenced from method com.google.android.gms.common.app.GmsApplication.onCreate
W/dalvikvm( 6014): VFY: unable to resolve new-instance 2620 (Lcom/google/android/gms/common/h/c;) in Lcom/google/android/gms/common/app/GmsApplication;
D/dalvikvm( 6014): VFY: replacing opcode 0x22 at 0x006f
I/dalvikvm( 6014): Failed resolving Lcom/google/android/gms/common/h/c; interface 98 'Landroid/content/pm/PackageManager$OnPermissionsChangedListener;'
W/dalvikvm( 6014): Link of class 'Lcom/google/android/gms/common/h/c;' failed
D/dalvikvm( 6014): DexOpt: unable to opt direct call 0x2bcc at 0x71 in Lcom/google/android/gms/common/app/GmsApplication;.onCreate
D/SubSettings( 4734): Launching fragment com.android.settings.inputmethod.InputMethodAndLanguageSettings
I/MultiDex( 6014): VM with version 1.6.0 does not have multidex support
I/MultiDex( 6014): install
I/MultiDex( 6014): MultiDexExtractor.load(/data/app/com.google.android.gms-1.apk, false)
I/MultiDex( 6014): loading existing secondary dex files
I/MultiDex( 6014): load found 3 secondary dex files
I/MultiDex( 6014): install done
I/dalvikvm( 5928): Could not find method android.os.UserHandle.isOwner, referenced from method com.google.android.gms.icing.b.g.a
D/dalvikvm( 6014): DexOpt: couldn't find static field Landroid/os/Build;.SUPPORTED_ABIS
W/dalvikvm( 6014): VFY: unable to resolve static field 141 (SUPPORTED_ABIS) in Landroid/os/Build;
D/dalvikvm( 6014): VFY: replacing opcode 0x62 at 0x000a
D/dalvikvm( 6014): DexOpt: couldn't find field Landroid/content/pm/ApplicationInfo;.splitSourceDirs
W/dalvikvm( 6014): VFY: unable to resolve instance field 53
D/dalvikvm( 6014): VFY: replacing opcode 0x54 at 0x005f
D/dalvikvm( 6014): DexOpt: couldn't find static field Landroid/os/Build;.SUPPORTED_ABIS
W/dalvikvm( 6014): VFY: unable to resolve static field 141 (SUPPORTED_ABIS) in Landroid/os/Build;
D/dalvikvm( 6014): VFY: replacing opcode 0x62 at 0x0047
D/dalvikvm( 6014): DexOpt: couldn't find field Landroid/content/pm/ApplicationInfo;.splitSourceDirs
W/dalvikvm( 5928): VFY: unable to resolve virtual method 1197: Landroid/os/UserHandle;.isOwner ()Z
D/dalvikvm( 5928): VFY: replacing opcode 0x6e at 0x0015
I/dalvikvm( 6014): DexOpt: unable to optimize instance field ref 0x0035 at 0x63 in Lcom/google/android/gms/common/util/ay;.b
I/ConfigFetchService( 5928): onStartCommand Intent { act=com.google.android.gms.gcm.SERVICE_ACTION_INITIALIZE cmp=com.google.android.gms/.config.ConfigFetchService }
I/ConfigFetchService( 5928): GmsCore updated; scheduling config fetches
E/WakeLock( 5928): callingPackage is not supposed to be empty for wakelock Config Service fetch!
E/WakeLock( 5928): java.lang.IllegalArgumentException
E/WakeLock( 5928): at com.google.android.gms.stats.d.(SourceFile:135)
E/WakeLock( 5928): at com.google.android.gms.config.ConfigFetchService.a(SourceFile:341)
E/WakeLock( 5928): at com.google.android.gms.config.ConfigFetchService.a(SourceFile:288)
E/WakeLock( 5928): at com.google.android.gms.gcm.ak.onStartCommand(SourceFile:110)
E/WakeLock( 5928): at com.google.android.gms.config.ConfigFetchService.onStartCommand(SourceFile:219)
E/WakeLock( 5928): at android.app.ActivityThread.handleServiceArgs(ActivityThread.java:2688)
E/WakeLock( 5928): at android.app.ActivityThread.access$2100(ActivityThread.java:135)
E/WakeLock( 5928): at android.app.ActivityThread$H.handleMessage(ActivityThread.java:1293)
E/WakeLock( 5928): at android.os.Handler.dispatchMessage(Handler.java:102)
E/WakeLock( 5928): at android.os.Looper.loop(Looper.java:136)
E/WakeLock( 5928): at android.app.ActivityThread.main(ActivityThread.java:5001)
E/WakeLock( 5928): at java.lang.reflect.Method.invokeNative(Native Method)
E/WakeLock( 5928): at java.lang.reflect.Method.invoke(Method.java:515)
E/WakeLock( 5928): at com.android.internal.os.ZygoteInit$MethodAndArgsCaller.run(ZygoteInit.java:785)
E/WakeLock( 5928): at com.android.internal.os.ZygoteInit.main(ZygoteInit.java:601)
E/WakeLock( 5928): at dalvik.system.NativeStart.main(Native Method)
I/ConfigFetchService( 5928): launchTask
W/dalvikvm( 5928): VFY: unable to find class referenced in signature (Landroid/net/Network;)
W/ConfigFetchService( 5928): ConfigApi client is not connected. Falling back to defaultfetch interval.
I/ConfigFetchService( 5928): service connected
I/ProviderInstaller( 6014): Insert disabled by gate 'gms:security:enable_conscrypt_in_gms_application'
I/dalvikvm( 5912): Could not find method android.content.Context.checkSelfPermission, referenced from method com.google.android.gms.common.h.b.d
W/dalvikvm( 5912): VFY: unable to resolve virtual method 293: Landroid/content/Context;.checkSelfPermission (Ljava/lang/String;)I
D/dalvikvm( 5912): VFY: replacing opcode 0x6e at 0x002a
I/StatsUploadService( 5928): Turn off alarms uploading
W/InstanceID/Rpc( 5928): Found 10008
D/dalvikvm( 6014): GC_CONCURRENT freed 299K, 12% free 2774K/3132K, paused 0ms+1ms, total 5ms
I/dalvikvm( 6014): Could not find method android.os.UserManager.getUserProfiles, referenced from method com.google.android.gms.wearable.service.n.a
W/dalvikvm( 6014): VFY: unable to resolve virtual method 1053: Landroid/os/UserManager;.getUserProfiles ()Ljava/util/List;
D/dalvikvm( 6014): VFY: replacing opcode 0x6e at 0x003f
E/NetworkScheduler.SchedulerReceiver( 5912): Invalid parameter app
E/NetworkScheduler.SchedulerReceiver( 5912): Invalid package name : Perhaps you didn't include a PendingIntent in the extras?
I/ActivityManager( 1891): Delay finish: com.google.android.gms/.gcm.nts.SchedulerReceiver
D/dalvikvm( 6014): GC_CONCURRENT freed 147K, 7% free 3137K/3344K, paused 0ms+3ms, total 15ms
I/StatsUploadService( 5928): Turn off networkusage uploading
D/dalvikvm( 6014): WAIT_FOR_CONCURRENT_GC blocked 22ms
D/WearableService( 6014): callingUid 10008, callindPid: 6014
E/dalvikvm( 6014): Could not find class 'android.telecom.TelecomManager', referenced from method com.google.android.gms.wearable.service.y.a
W/dalvikvm( 6014): VFY: unable to resolve check-cast 416 (Landroid/telecom/TelecomManager;) in Lcom/google/android/gms/wearable/service/y;
D/dalvikvm( 6014): VFY: replacing opcode 0x1f at 0x0054
D/dalvikvm( 6014): WAIT_FOR_CONCURRENT_GC blocked 24ms
W/dalvikvm( 6014): VFY: unable to find class referenced in signature (Landroid/telecom/TelecomManager;)
D/dalvikvm( 5928): GC_CONCURRENT freed 396K, 9% free 4835K/5296K, paused 1ms+25ms, total 38ms
D/dalvikvm( 4734): GC_CONCURRENT freed 294K, 9% free 4046K/4404K, paused 1ms+13ms, total 26ms
I/StatsUploadService( 5928): Turn off wakelocks uploading
I/dalvikvm( 6014): Could not find method android.content.Context.checkSelfPermission, referenced from method com.google.android.gms.common.h.b.d
W/dalvikvm( 6014): VFY: unable to resolve virtual method 293: Landroid/content/Context;.checkSelfPermission (Ljava/lang/String;)I
D/dalvikvm( 6014): VFY: replacing opcode 0x6e at 0x002a
I/dalvikvm( 6014): Could not find method android.content.pm.PackageManager.getPackageInstaller, referenced from method com.google.android.gms.common.kz.a
W/dalvikvm( 6014): VFY: unable to resolve virtual method 446: Landroid/content/pm/PackageManager;.getPackageInstaller ()Landroid/content/pm/PackageInstaller;
D/dalvikvm( 6014): VFY: replacing opcode 0x6e at 0x000d
I/dalvikvm( 6014): Could not find method android.app.Notification$Builder.setLocalOnly, referenced from method com.google.android.gms.common.kz.b
W/dalvikvm( 6014): VFY: unable to resolve virtual method 155: Landroid/app/Notification$Builder;.setLocalOnly (Z)Landroid/app/Notification$Builder;
D/dalvikvm( 6014): VFY: replacing opcode 0x6e at 0x0206
I/StatsUploadService( 5928): Turn off internal_service_connections uploading
W/InputMethodUtils( 4734): Found no subtypes in a system IME: net.toload.main.hd
W/ResourceType( 4734): Failure getting entry for 0x7f060000 (t=5 e=0) in package 0 (error -75)
W/InputMethodUtils( 4734): Found no subtypes in a system IME: com.android.inputmethod.pinyin
D/dalvikvm( 6014): GC_CONCURRENT freed 152K, 6% free 3436K/3652K, paused 0ms+9ms, total 16ms
W/InstanceID/Rpc( 5912): Found 10008
E/GmsWearableLS( 5964): GoogleApiClient connection failed: ConnectionResult{statusCode=API_UNAVAILABLE, resolution=null, message=null}
I/dalvikvm( 5928): Could not find method android.security.NetworkSecurityPolicy.getInstance, referenced from method com.google.android.gms.ads.internal.s.e.a
W/dalvikvm( 5928): VFY: unable to resolve static method 1114: Landroid/security/NetworkSecurityPolicy;.getInstance ()Landroid/security/NetworkSecurityPolicy;
D/dalvikvm( 5928): VFY: replacing opcode 0x71 at 0x003e
V/ConfigFetchTask( 5928): ConfigFetchTask getDeviceDataVersionInfo(): ABFEt1U5khoohNnndQCCXr2uDLhBmPjFOKUJt3OOYdHdevnzBh6WTubO1p1e4pjIGQwoI2N6HNokWbqls3iEIy7X5a4hNxFLf8K09c_wxq3lEraoof4WW1kwzD2vaxlLE6fn0kkSqtyBcv0mNetEhZNiBTPu9jEi1Bu-S7MykHxvGbh_ym0BXH30E3yDk8iDMIBywiZ_g3B4VRyLgWzJYLxLwyWB7eZxIf4lP1rZyrJDeyemSF2yg9sGKFRfR086ISyCELYkHRLUruZhdANsVy4KEzSQ4MgbgMJwSs2Wn8-Bz4fdUfIk6o1WvxahVYbYnJSy5_O9EMh0SOlBacxOqB3TnugeNYEQr0IXyJ1DbQdqbP0GW0-8fAI
I/GoogleURLConnFactory( 5912): Using platform SSLCertificateSocketFactory
D/dalvikvm( 5912): GC_CONCURRENT freed 511K, 10% free 4993K/5516K, paused 0ms+9ms, total 48ms
I/dalvikvm( 5912): Could not find method android.os.UserManager.isManagedProfile, referenced from method com.google.android.gms.tapandpay.i.d.a
W/dalvikvm( 5912): VFY: unable to resolve virtual method 1084: Landroid/os/UserManager;.isManagedProfile ()Z
D/dalvikvm( 5912): VFY: replacing opcode 0x6e at 0x002a
D/dalvikvm( 6014): GC_CONCURRENT freed 129K, 5% free 3820K/4008K, paused 1ms+0ms, total 11ms
I/dalvikvm( 5928): Could not find method android.os.PowerManager.isInteractive, referenced from method com.google.android.gms.common.server.x.a
W/dalvikvm( 5928): VFY: unable to resolve virtual method 1059: Landroid/os/PowerManager;.isInteractive ()Z
D/dalvikvm( 5928): GC_CONCURRENT freed 1815K, 34% free 3695K/5576K, paused 21ms+12ms, total 51ms
I/PhenotypeConfigurator( 5912): Scheduling Phenotype for one-off execution 10594 seconds from now (1443382164948)
D/dalvikvm( 5928): VFY: replacing opcode 0x6e at 0x0033
D/dalvikvm( 6014): GC_CONCURRENT freed 151K, 6% free 4151K/4376K, paused 1ms+5ms, total 20ms
D/ChimeraCfgMgr( 5928): Loading module com.google.android.gms.games from APK com.google.android.play.games
D/ChimeraModuleLdr( 5928): Loading module APK com.google.android.play.games
E/dalvikvm( 5928): Dex cache directory isn't writable: /data/dalvik-cache
I/dalvikvm( 5928): Unable to open or create cache for /system/app/PlayGames.apk (/data/dalvik-cache/system@app@PlayGames.apk@classes.dex)
E/ChimeraModuleLdr( 5928): Initialization failed for module com.google.android.play.games
E/ChimeraModuleLdr( 5928): java.lang.ClassNotFoundException: Didn't find class "com.google.android.gms.chimera.GmsModuleInitializer" on path: DexPathList[[zip file "/system/app/PlayGames.apk"],nativeLibraryDirectories=[/system/lib, /system/lib/arm]]
E/ChimeraModuleLdr( 5928): at dalvik.system.BaseDexClassLoader.findClass(BaseDexClassLoader.java:56)
E/ChimeraModuleLdr( 5928): at java.lang.ClassLoader.loadClass(ClassLoader.java:497)
E/ChimeraModuleLdr( 5928): at java.lang.ClassLoader.loadClass(ClassLoader.java:457)
E/ChimeraModuleLdr( 5928): at com.google.android.gms.chimera.container.GmsModuleApi.onApkLoaded(SourceFile:39)
E/ChimeraModuleLdr( 5928): at com.google.android.chimera.container.a.i.a(SourceFile:99)
E/ChimeraModuleLdr( 5928): at com.google.android.chimera.container.a.a(SourceFile:465)
E/ChimeraModuleLdr( 5928): at com.google.android.chimera.ServiceProxy.onCreate(SourceFile:68)
E/ChimeraModuleLdr( 5928): at android.app.ActivityThread.handleCreateService(ActivityThread.java:2558)
E/ChimeraModuleLdr( 5928): at android.app.ActivityThread.access$1800(ActivityThread.java:135)
E/ChimeraModuleLdr( 5928): at android.app.ActivityThread$H.handleMessage(ActivityThread.java:1278)
E/ChimeraModuleLdr( 5928): at android.os.Handler.dispatchMessage(Handler.java:102)
E/ChimeraModuleLdr( 5928): at android.os.Looper.loop(Looper.java:136)
E/ChimeraModuleLdr( 5928): at android.app.ActivityThread.main(ActivityThread.java:5001)
E/ChimeraModuleLdr( 5928): at java.lang.reflect.Method.invokeNative(Native Method)
E/ChimeraModuleLdr( 5928): at java.lang.reflect.Method.invoke(Method.java:515)
E/ChimeraModuleLdr( 5928): at com.android.internal.os.ZygoteInit$MethodAndArgsCaller.run(ZygoteInit.java:785)
E/ChimeraModuleLdr( 5928): at com.android.internal.os.ZygoteInit.main(ZygoteInit.java:601)
E/ChimeraModuleLdr( 5928): at dalvik.system.NativeStart.main(Native Method)
E/ChimeraModuleLdr( 5928): Suppressed: java.io.IOException: unable to open DEX file
E/ChimeraModuleLdr( 5928): at dalvik.system.DexFile.openDexFileNative(Native Method)
E/ChimeraModuleLdr( 5928): at dalvik.system.DexFile.openDexFile(DexFile.java:296)
E/ChimeraModuleLdr( 5928): at dalvik.system.DexFile.(DexFile.java:80)
E/ChimeraModuleLdr( 5928): at dalvik.system.DexFile.(DexFile.java:59)
E/ChimeraModuleLdr( 5928): at dalvik.system.DexPathList.loadDexFile(DexPathList.java:263)
E/ChimeraModuleLdr( 5928): at dalvik.system.DexPathList.makeDexElements(DexPathList.java:230)
E/ChimeraModuleLdr( 5928): at dalvik.system.DexPathList.(DexPathList.java:112)
E/ChimeraModuleLdr( 5928): at dalvik.system.BaseDexClassLoader.(BaseDexClassLoader.java:48)
E/ChimeraModuleLdr( 5928): at dalvik.system.PathClassLoader.(PathClassLoader.java:65)
E/ChimeraModuleLdr( 5928): at com.google.android.chimera.container.j.a(SourceFile:52)
E/ChimeraModuleLdr( 5928): at com.google.android.chimera.container.a.i.a(SourceFile:81)
E/ChimeraModuleLdr( 5928): ... 13 more
E/ChimeraSrvcProxy( 5928): Failed to load module containing Chimera service impl for ComponentInfo{com.google.android.gms/com.google.android.gms.games.chimera.GamesSyncServiceMainProxy}
E/ChimeraSrvcProxy( 5928): Proxy without impl dropping onStart()
D/ChimeraCfgMgr( 5928): Loading module com.google.android.gms.games from APK com.google.android.play.games
D/ChimeraModuleLdr( 5928): Loading module APK com.google.android.play.games
W/dalvikvm( 5928): VFY: unable to find class referenced in signature (Landroid/net/Network;)
W/dalvikvm( 5928): VFY: unable to find class referenced in signature (Landroid/net/Network;)
E/dalvikvm( 5928): Dex cache directory isn't writable: /data/dalvik-cache
I/dalvikvm( 5928): Unable to open or create cache for /system/app/PlayGames.apk (/data/dalvik-cache/system@app@PlayGames.apk@classes.dex)
E/ChimeraModuleLdr( 5928): Initialization failed for module com.google.android.play.games
E/ChimeraModuleLdr( 5928): java.lang.ClassNotFoundException: Didn't find class "com.google.android.gms.chimera.GmsModuleInitializer" on path: DexPathList[[zip file "/system/app/PlayGames.apk"],nativeLibraryDirectories=[/system/lib, /system/lib/arm]]
E/ChimeraModuleLdr( 5928): at dalvik.system.BaseDexClassLoader.findClass(BaseDexClassLoader.java:56)
E/ChimeraModuleLdr( 5928): at java.lang.ClassLoader.loadClass(ClassLoader.java:497)
E/ChimeraModuleLdr( 5928): at java.lang.ClassLoader.loadClass(ClassLoader.java:457)
E/ChimeraModuleLdr( 5928): at com.google.android.gms.chimera.container.GmsModuleApi.onApkLoaded(SourceFile:39)
E/ChimeraModuleLdr( 5928): at com.google.android.chimera.container.a.i.a(SourceFile:99)
E/ChimeraModuleLdr( 5928): at com.google.android.chimera.container.a.a(SourceFile:465)
E/ChimeraModuleLdr( 5928): at com.google.android.chimera.ServiceProxy.onCreate(SourceFile:68)
E/ChimeraModuleLdr( 5928): at android.app.ActivityThread.handleCreateService(ActivityThread.java:2558)
E/ChimeraModuleLdr( 5928): at android.app.ActivityThread.access$1800(ActivityThread.java:135)
E/ChimeraModuleLdr( 5928): at android.app.ActivityThread$H.handleMessage(ActivityThread.java:1278)
E/ChimeraModuleLdr( 5928): at android.os.Handler.dispatchMessage(Handler.java:102)
E/ChimeraModuleLdr( 5928): at android.os.Looper.loop(Looper.java:136)
E/ChimeraModuleLdr( 5928): at android.app.ActivityThread.main(ActivityThread.java:5001)
E/ChimeraModuleLdr( 5928): at java.lang.reflect.Method.invokeNative(Native Method)
E/ChimeraModuleLdr( 5928): at java.lang.reflect.Method.invoke(Method.java:515)
E/ChimeraModuleLdr( 5928): at com.android.internal.os.ZygoteInit$MethodAndArgsCaller.run(ZygoteInit.java:785)
E/ChimeraModuleLdr( 5928): at com.android.internal.os.ZygoteInit.main(ZygoteInit.java:601)
E/ChimeraModuleLdr( 5928): at dalvik.system.NativeStart.main(Native Method)
E/ChimeraModuleLdr( 5928): Suppressed: java.io.IOException: unable to open DEX file
E/ChimeraModuleLdr( 5928): at dalvik.system.DexFile.openDexFileNative(Native Method)
E/ChimeraModuleLdr( 5928): at dalvik.system.DexFile.openDexFile(DexFile.java:296)
E/ChimeraModuleLdr( 5928): at dalvik.system.DexFile.(DexFile.java:80)
E/ChimeraModuleLdr( 5928): at dalvik.system.DexFile.(DexFile.java:59)
E/ChimeraModuleLdr( 5928): at dalvik.system.DexPathList.loadDexFile(DexPathList.java:263)
E/ChimeraModuleLdr( 5928): at dalvik.system.DexPathList.makeDexElements(DexPathList.java:230)
E/ChimeraModuleLdr( 5928): at dalvik.system.DexPathList.(DexPathList.java:112)
E/ChimeraModuleLdr( 5928): at dalvik.system.BaseDexClassLoader.(BaseDexClassLoader.java:48)
E/ChimeraModuleLdr( 5928): at dalvik.system.PathClassLoader.(PathClassLoader.java:65)
E/ChimeraModuleLdr( 5928): at com.google.android.chimera.container.j.a(SourceFile:52)
E/ChimeraModuleLdr( 5928): at com.google.android.chimera.container.a.i.a(SourceFile:81)
E/ChimeraModuleLdr( 5928): ... 13 more
E/ChimeraSrvcProxy( 5928): Failed to load module containing Chimera service impl for ComponentInfo{com.google.android.gms/com.google.android.gms.games.chimera.GamesUploadServiceProxy}
E/ChimeraSrvcProxy( 5928): Proxy without impl dropping onStart()
D/dalvikvm( 4734): GC_CONCURRENT freed 274K, 8% free 4175K/4520K, paused 3ms+2ms, total 24ms
I/dalvikvm( 5928): Could not find method android.os.UserHandle.isOwner, referenced from method com.google.android.gms.stats.PlatformStatsCollectorService.a
W/dalvikvm( 5928): VFY: unable to resolve virtual method 1197: Landroid/os/UserHandle;.isOwner ()Z
D/dalvikvm( 5928): VFY: replacing opcode 0x6e at 0x006a
W/dalvikvm( 5928): VFY: unable to find class referenced in signature (Landroid/net/Network;)
I/dalvikvm( 5928): Could not find method android.net.Network.openConnection, referenced from method com.google.android.gms.http.g.a
W/dalvikvm( 5928): VFY: unable to resolve virtual method 908: Landroid/net/Network;.openConnection (Ljava/net/URL;)Ljava/net/URLConnection;
D/dalvikvm( 5928): VFY: replacing opcode 0x6e at 0x00bb
D/NativeLibraryUtils( 6014): Install completed successfully. count=13 extracted=0
I/GoogleURLConnFactory( 5928): Using platform SSLCertificateSocketFactory
D/dalvikvm( 5928): GC_CONCURRENT freed 537K, 36% free 3589K/5576K, paused 1ms+1ms, total 11ms
E/Icing ( 5928): Loading extension /data/data/com.google.android.gms/files/libAppDataSearchExt_x86.so failed
D/dalvikvm( 5928): GC_CONCURRENT freed 426K, 36% free 3606K/5576K, paused 0ms+1ms, total 11ms
I/ActivityManager( 1891): Displayed com.android.settings/.SubSettings: +867ms
D/dalvikvm( 5928): GC_CONCURRENT freed 314K, 34% free 3709K/5576K, paused 0ms+1ms, total 11ms
I/PerfProfileCollectorService( 5928): Scheduling Perf Profile Collection every 86400 seconds
W/ActivityThread( 5928): ClassLoader.loadClass: The class loader returned by Thread.getContextClassLoader() may fail for processes that host multiple applications. You should explicitly specify a context class loader. For example: Thread.setContextClassLoader(getClass().getClassLoader());
D/dalvikvm( 5928): GC_FOR_ALLOC freed 333K, 33% free 3755K/5576K, paused 6ms, total 6ms
I/dalvikvm-heap( 5928): Grow heap (frag case) to 3.799MB for 79888-byte allocation
D/dalvikvm( 5928): GC_FOR_ALLOC freed 2K, 33% free 3831K/5656K, paused 7ms, total 7ms
I/Icing ( 5928): updateResources: need to parse f{com.google.android.gms}
I/ActivityManager( 1891): Resuming delayed broadcast
I/ActivityManager( 1891): Delay finish: com.google.android.gms/.app.receiver.SystemBroadcastReceiver
D/PackageBroadcastService( 5928): Received broadcast action=android.intent.action.PACKAGE_REPLACED and uri=com.google.android.gms
D/GmsModuleFndr( 5928): Beginning GMS chimera module scan
D/ChimeraCfgMgr( 5928): Beginning module configuration check
D/ChimeraModuleApk( 5928): Loading chimera manifest from InstalledApk(com.google.android.play.games)
D/ChimeraCfgMgr( 5928): Considering module(com.google.android.gms.games,v31110000) from InstalledApk(com.google.android.play.games)
D/ChimeraModuleApk( 5928): Loading chimera manifest from ContainerApk(com.google.android.gms)
D/dalvikvm( 5928): GC_CONCURRENT freed 345K, 32% free 3890K/5656K, paused 5ms+2ms, total 18ms
D/ChimeraCfgMgr( 5928): Considering module(built-in,v0) from ContainerApk(com.google.android.gms)
D/ChimeraCfgMgr( 5928): Considering module(com.google.android.gms.games,v1) from ContainerApk(com.google.android.gms)
D/ChimeraCfgMgr( 5928): Considering module(com.google.android.gms.vision,v1) from ContainerApk(com.google.android.gms)
D/ChimeraCfgMgr( 5928): Considering module(com.google.android.gms.youtube,v1) from ContainerApk(com.google.android.gms)
D/ChimeraCfgRslvr( 5928): Beginning module config resolution
D/ChimeraCfgRslvr( 5928): module(built-in,v0) has no external dependencies, accepted
D/ChimeraCfgRslvr( 5928): module(com.google.android.gms.youtube,v1) has no external dependencies, accepted
D/ChimeraCfgRslvr( 5928): module(com.google.android.gms.games,v31110000) accepted
D/ChimeraCfgRslvr( 5928): module(com.google.android.gms.vision,v1) accepted
D/ChimeraCfgRslvr( 5928): Module config resolution complete
I/PackageBroadcastService( 5928): Null package name or gms related package. Ignoreing.
I/Icing ( 5928): Removing corpus key 52369FD4ECB090B101815CF4AFE89936474D9091 for package com.google.android.gms
D/FileApkUtils( 5928): Spent 27ms computing apk sha1.
D/FileApkUtils( 5928): Spent 18ms copying apk.
D/FileApkUtils( 5928): Copied dynamite bytes to /data/data/com.google.android.gms/app_chimera/chimera-module-root/scratch-module-dir/MapsModule.apk
D/DexOptUtils( 5928): Module /data/data/com.google.android.gms/app_chimera/chimera-module-root/module-4214f1cb72f5d70b7dd80fd9d55b1787f46880ca/MapsModule.apk appears to be unoptimized.
D/DexOptUtils( 5928): Pre-lollipop platform, odex will live alongside the dex.
D/DexOptUtils( 5928): Instantiating DexClassLoader to force creation of odex.
D/DexOptUtils( 5928): Primary ABI of odexing process is x86
D/dalvikvm( 5928): DexOpt: --- BEGIN 'MapsModule.apk' (bootstrap=0) ---
D/dalvikvm( 5928): GC_CONCURRENT freed 360K, 31% free 3927K/5656K, paused 1ms+4ms, total 23ms
I/ConfigFetchTask( 5928): updating config table for com.google.android.gms
I/ConfigFetchTask( 5928): updating config table for com.google.android.inputmethod.latin
D/Volley ( 5605): [322] BasicNetwork.performRequest: HTTP response for request=<[ ] https://android.clients.google.com/fdfe/delivery?doc=com.google.android.apps.magazines&ot=1&st=EL6FobAFGexRqK8QgtVB&vc=2015081216&bvc=2015061020&pf=1&pf=2&pf=3&ch=OJGKRT0HGZNU-LGa8F7GViztV4g 0xe8d195d1 NORMAL 6> [lifetime=10423], [size=1445], [rc=200], [retryCount=0]
D/dalvikvm( 5912): GC_EXPLICIT freed 1793K, 35% free 3597K/5516K, paused 1ms+2ms, total 31ms
I/ConfigFetchService( 5928): fetch service done; releasing wakelock
I/ConfigFetchService( 5928): stopping self
D/Finsky ( 5605): [1] DownloadImpl.setState: com.google.android.apps.magazines from null to UNQUEUED.
D/Finsky ( 5605): [1] DownloadQueueImpl.add: Download com.google.android.apps.magazines added to DownloadQueue
D/Finsky ( 5605): [1] DownloadImpl.setState: com.google.android.apps.magazines from UNQUEUED to QUEUED.
D/dalvikvm( 1891): GC_CONCURRENT freed 1684K, 50% free 9175K/18068K, paused 2ms+3ms, total 83ms
D/dalvikvm( 1891): WAIT_FOR_CONCURRENT_GC blocked 71ms
D/dalvikvm( 1891): WAIT_FOR_CONCURRENT_GC blocked 68ms
D/dalvikvm( 1891): WAIT_FOR_CONCURRENT_GC blocked 27ms
D/dalvikvm( 1891): WAIT_FOR_CONCURRENT_GC blocked 63ms
I/installd( 1552): free_cache(5064265) avail 737783808
D/Finsky ( 5605): [1] StartNextDownloadRunnable.run: Download com.google.android.apps.magazines starting
I/ActivityManager( 1891): Delaying start of: ServiceRecord{21d9b730 u0 com.android.providers.downloads/.DownloadService}
D/Finsky ( 5605): [324] 7.run: Enqueued com.google.android.apps.magazines as content://downloads/my_downloads/62
D/Finsky ( 5605): [1] DownloadImpl.setState: com.google.android.apps.magazines from QUEUED to DOWNLOADING.
D/Finsky ( 5605): [1] DownloadQueueImpl.onStart: com.google.android.apps.magazines: onStart
D/Finsky ( 5605): [1] DownloadQueueImpl.notifyProgress: com.google.android.apps.magazines: onProgress 0/-1 Status: 190.
D/dalvikvm( 6069): DexOpt: load 58ms, verify+opt 600ms, 1943668 bytes
D/dalvikvm( 5928): DexOpt: --- END 'MapsModule.apk' (success) ---
D/dalvikvm( 5928): DEX prep '/data/data/com.google.android.gms/app_chimera/chimera-module-root/module-4214f1cb72f5d70b7dd80fd9d55b1787f46880ca/MapsModule.apk': unzip in 34ms, rewrite 734ms
D/DexOptUtils( 5928): Odex created at:/data/data/com.google.android.gms/app_chimera/chimera-module-root/module-4214f1cb72f5d70b7dd80fd9d55b1787f46880ca/MapsModule.dex
D/DexOptUtils( 5928): Set odex to world readable.
D/DexOptUtils( 5928): Renamed odex to /data/data/com.google.android.gms/app_chimera/chimera-module-root/module-4214f1cb72f5d70b7dd80fd9d55b1787f46880ca/MapsModule.odex
D/FileApkUtils( 5928): Keeping up-to-date module: module-4214f1cb72f5d70b7dd80fd9d55b1787f46880ca
D/GmsModuleFndr( 5928): Beginning GMS chimera module scan
D/ChimeraCfgMgr( 5928): Beginning module configuration check
D/ChimeraModuleApk( 5928): Loading chimera manifest from InstalledApk(com.google.android.play.games)
D/ChimeraCfgMgr( 5928): Considering module(com.google.android.gms.games,v31110000) from InstalledApk(com.google.android.play.games)
D/ChimeraFileApk( 5928): Loading chimera manifest from FileApk(/data/data/com.google.android.gms/app_chimera/chimera-module-root/module-4214f1cb72f5d70b7dd80fd9d55b1787f46880ca/MapsModule.apk)
D/ChimeraCfgMgr( 5928): Considering module(com.google.android.gms.maps,v8115000) from FileApk(/data/data/com.google.android.gms/app_chimera/chimera-module-root/module-4214f1cb72f5d70b7dd80fd9d55b1787f46880ca/MapsModule.apk)
D/ChimeraModuleApk( 5928): Loading chimera manifest from ContainerApk(com.google.android.gms)
D/ChimeraCfgMgr( 5928): Considering module(built-in,v0) from ContainerApk(com.google.android.gms)
D/ChimeraCfgMgr( 5928): Considering module(com.google.android.gms.games,v1) from ContainerApk(com.google.android.gms)
D/ChimeraCfgMgr( 5928): Considering module(com.google.android.gms.vision,v1) from ContainerApk(com.google.android.gms)
D/ChimeraCfgMgr( 5928): Considering module(com.google.android.gms.youtube,v1) from ContainerApk(com.google.android.gms)
D/ChimeraCfgRslvr( 5928): Beginning module config resolution
D/ChimeraCfgRslvr( 5928): module(built-in,v0) has no external dependencies, accepted
D/ChimeraCfgRslvr( 5928): module(com.google.android.gms.youtube,v1) has no external dependencies, accepted
D/ChimeraCfgRslvr( 5928): module(com.google.android.gms.games,v31110000) accepted
D/ChimeraCfgRslvr( 5928): module(com.google.android.gms.maps,v8115000) accepted
D/ChimeraCfgRslvr( 5928): module(com.google.android.gms.vision,v1) accepted
D/ChimeraCfgRslvr( 5928): Module config resolution complete
D/Finsky ( 5605): [1] DownloadQueueImpl.notifyProgress: com.google.android.apps.magazines: onProgress 0/-1 Status: 192.
I/DownloadManager( 5116): Download 62 starting
D/dalvikvm( 5116): GC_CONCURRENT freed 412K, 20% free 3269K/4080K, paused 1ms+1ms, total 6ms
D/dalvikvm( 5928): GC_CONCURRENT freed 307K, 29% free 4053K/5656K, paused 1ms+2ms, total 14ms
I/Icing ( 5928): Internal init done: storage state 0
I/Icing ( 5928): Post-init done
I/Icing ( 5928): Indexing 52369FD4ECB090B101815CF4AFE89936474D9091 from com.google.android.gms
D/dalvikvm( 5928): GC_CONCURRENT freed 575K, 30% free 3987K/5656K, paused 2ms+2ms, total 12ms
I/Icing ( 5928): Indexing done 52369FD4ECB090B101815CF4AFE89936474D9091
I/Icing ( 5928): Indexing 656939602A297E8FA8B7D64DE6000EAAECA7E2B5 from com.google.android.gms
D/dalvikvm( 5928): GC_CONCURRENT freed 310K, 28% free 4097K/5656K, paused 2ms+1ms, total 11ms
D/dalvikvm( 2091): GC_EXPLICIT freed 233K, 15% free 3061K/3588K, paused 0ms+1ms, total 26ms
D/dalvikvm( 5928): GC_CONCURRENT freed 512K, 28% free 4127K/5656K, paused 1ms+1ms, total 14ms
D/dalvikvm( 5928): GC_CONCURRENT freed 536K, 28% free 4101K/5656K, paused 1ms+1ms, total 11ms
D/dalvikvm( 5928): GC_CONCURRENT freed 438K, 28% free 4102K/5656K, paused 0ms+1ms, total 9ms
D/dalvikvm( 5928): GC_CONCURRENT freed 433K, 28% free 4104K/5656K, paused 2ms+2ms, total 12ms
D/dalvikvm( 5928): GC_CONCURRENT freed 438K, 28% free 4109K/5656K, paused 1ms+1ms, total 10ms
D/dalvikvm( 5928): GC_CONCURRENT freed 435K, 28% free 4112K/5656K, paused 0ms+1ms, total 10ms
D/dalvikvm( 5928): GC_CONCURRENT freed 478K, 27% free 4145K/5656K, paused 1ms+1ms, total 14ms
D/dalvikvm( 5928): WAIT_FOR_CONCURRENT_GC blocked 3ms
D/dalvikvm( 5928): GC_CONCURRENT freed 450K, 28% free 4128K/5656K, paused 1ms+1ms, total 14ms
D/dalvikvm( 5928): GC_CONCURRENT freed 437K, 28% free 4106K/5656K, paused 0ms+1ms, total 9ms
D/dalvikvm( 5928): GC_CONCURRENT freed 437K, 28% free 4110K/5656K, paused 1ms+1ms, total 9ms
D/audio_hw_primary( 1551): found out /dev/snd/pcmC0D0p
D/BluetoothAdapter( 4734): 560812280: getState() : mService = null. Returning STATE_OFF
D/dalvikvm( 5928): GC_CONCURRENT freed 434K, 28% free 4105K/5656K, paused 1ms+3ms, total 16ms
D/dalvikvm( 5928): GC_CONCURRENT freed 579K, 30% free 3969K/5656K, paused 1ms+1ms, total 11ms
D/dalvikvm( 5928): GC_CONCURRENT freed 302K, 28% free 4113K/5656K, paused 0ms+1ms, total 17ms
D/dalvikvm( 5928): GC_CONCURRENT freed 470K, 28% free 4118K/5656K, paused 1ms+1ms, total 10ms
D/dalvikvm( 5928): GC_CONCURRENT freed 454K, 28% free 4127K/5656K, paused 0ms+1ms, total 13ms
D/dalvikvm( 5928): GC_CONCURRENT freed 435K, 28% free 4111K/5656K, paused 1ms+1ms, total 9ms
D/dalvikvm( 5928): GC_CONCURRENT freed 432K, 27% free 4136K/5656K, paused 1ms+1ms, total 11ms
D/dalvikvm( 5928): GC_CONCURRENT freed 432K, 28% free 4117K/5656K, paused 1ms+1ms, total 10ms
D/dalvikvm( 5928): GC_CONCURRENT freed 437K, 28% free 4119K/5656K, paused 0ms+1ms, total 10ms
D/dalvikvm( 5928): GC_CONCURRENT freed 479K, 28% free 4122K/5656K, paused 1ms+1ms, total 9ms
D/dalvikvm( 5928): GC_CONCURRENT freed 451K, 28% free 4111K/5656K, paused 1ms+4ms, total 12ms
I/Icing ( 5928): updateResources: need to parse f{com.google.android.gms}
I/UpdateIcingCorporaServi( 2622): UpdateCorporaTask done [took 4023 ms] updated apps [took 4023 ms]
I/ActivityManager( 1891): Resuming delayed broadcast
D/ChimeraCfgMgr( 5928): Loading module com.google.android.gms.vision from APK com.google.android.gms
I/ActivityManager( 1891): Killing 5849:com.android.calendar/u0a31 (adj 15): empty #17
I/ActivityManager( 1891): Delay finish: com.google.android.gms/.gcm.ServiceAutoStarter
D/dalvikvm( 5928): GC_CONCURRENT freed 471K, 29% free 4061K/5656K, paused 2ms+1ms, total 18ms
I/dalvikvm( 5912): Could not find method android.app.AlarmManager.setAndAllowWhileIdle, referenced from method com.google.android.gms.gcm.a.a
W/dalvikvm( 5912): VFY: unable to resolve virtual method 93: Landroid/app/AlarmManager;.setAndAllowWhileIdle (IJLandroid/app/PendingIntent;)V
D/dalvikvm( 5912): VFY: replacing opcode 0x6e at 0x0038
D/dalvikvm( 1891): GC_CONCURRENT freed 1666K, 51% free 9029K/18068K, paused 1ms+3ms, total 60ms
I/dalvikvm( 5912): Could not find method android.os.PowerManager.isDeviceIdleMode, referenced from method com.google.android.gms.gcm.bq.d
W/dalvikvm( 5912): VFY: unable to resolve virtual method 1058: Landroid/os/PowerManager;.isDeviceIdleMode ()Z
D/dalvikvm( 5912): VFY: replacing opcode 0x6e at 0x003e
I/System ( 5928): Loaded time zone names for "de_DE" in 68ms (62ms in ICU)
I/dalvikvm( 5912): Could not find method android.os.PowerManager.isDeviceIdleMode, referenced from method com.google.android.gms.gcm.b.c
W/dalvikvm( 5912): VFY: unable to resolve virtual method 1058: Landroid/os/PowerManager;.isDeviceIdleMode ()Z
D/dalvikvm( 5912): VFY: replacing opcode 0x6e at 0x0022
I/GCM ( 5912): GCM config loaded
D/GCM ( 5912): GcmService start Intent { act=com.google.android.gms.INITIALIZE flg=0x10 pkg=com.google.android.gms cmp=com.google.android.gms/.gcm.GcmService } com.google.android.gms.INITIALIZE
D/dalvikvm( 5912): GC_FOR_ALLOC freed 268K, 34% free 3683K/5516K, paused 6ms, total 6ms
I/dalvikvm-heap( 5912): Grow heap (frag case) to 3.791MB for 79888-byte allocation
D/dalvikvm( 5912): GC_FOR_ALLOC freed 6K, 33% free 3754K/5596K, paused 8ms, total 8ms
I/Icing ( 5928): Indexing done 656939602A297E8FA8B7D64DE6000EAAECA7E2B5
W/ActivityThread( 5912): ClassLoader.loadClass: The class loader returned by Thread.getContextClassLoader() may fail for processes that host multiple applications. You should explicitly specify a context class loader. For example: Thread.setContextClassLoader(getClass().getClassLoader());
I/Icing ( 5928): Indexing 71447048A0C51577B664A42135092B4C23DD965B from com.google.android.googlequicksearchbox
I/Icing ( 5928): Indexing done 71447048A0C51577B664A42135092B4C23DD965B
I/Icing ( 5928): Indexing 656939602A297E8FA8B7D64DE6000EAAECA7E2B5 from com.google.android.gms
I/Icing ( 5928): Indexing done 656939602A297E8FA8B7D64DE6000EAAECA7E2B5
I/ActivityManager( 1891): Resuming delayed broadcast
D/AuthorizationBluetoothService( 5912): Received GmsCore event: Intent { act=com.google.android.gms.INITIALIZE flg=0x10 pkg=com.google.android.gms cmp=com.google.android.gms/.auth.be.proximity.authorization.bt.AuthorizationBluetoothService$AutoStarter }.
I/dalvikvm( 5912): Could not find method android.os.UserManager.isManagedProfile, referenced from method com.google.android.gms.auth.be.proximity.authorization.bt.b.a
W/dalvikvm( 5912): VFY: unable to resolve virtual method 1084: Landroid/os/UserManager;.isManagedProfile ()Z
D/dalvikvm( 5912): VFY: replacing opcode 0x6e at 0x002f
E/AuthorizationBluetoothService( 5912): Proximity feature is not enabled.
I/ActivityManager( 1891): Delay finish: com.google.android.gms/.auth.be.account.AccountStatusChecker$InitializeReceiver
V/GLSActivity( 5912): AuthDelegateWrapperCreated with selected intent: Intent { cmp=com.google.android.gms/.auth.DefaultAuthDelegateService }
I/ActivityManager( 1891): Resuming delayed broadcast
V/GmsCoreStatsServiceLauncher( 5928): Received broadcast intent Intent { act=com.google.android.gms.INITIALIZE flg=0x10 pkg=com.google.android.gms cmp=com.google.android.gms/.common.stats.GmsCoreStatsServiceLauncher }
I/ActivityManager( 1891): Delay finish: com.google.android.gms/.common.stats.GmsCoreStatsServiceLauncher
D/ConnectivityService( 1891): handleInetConditionHoldEnd: net=1, condition=100, published condition=100
I/ConfigService( 5912): onDestroy
W/GCM-DMM ( 5912): Force release of GOOGLE_C2DM lock
I/ActivityManager( 1891): START u0 {act=android.intent.action.MAIN cmp=com.android.settings/.SubSettings (has extras)} from pid 4734
D/audio_hw_primary( 1551): found out /dev/snd/pcmC0D0p
D/dalvikvm( 4734): GC_CONCURRENT freed 258K, 7% free 4318K/4640K, paused 1ms+3ms, total 11ms
D/SubSettings( 4734): Launching fragment com.android.settings.DeviceInfoSettings
I/ActivityManager( 1891): Displayed com.android.settings/.SubSettings: +187ms
I/InputReader( 1891): Reconfiguring input devices. changes=0x00000010
I/Launcher( 4759): Deferring update until onResume
I/Launcher( 4759): Deferring update until onResume
I/PackageManager( 1891): Action: "android.intent.action.SENDTO"
I/PackageManager( 1891): Category: "android.intent.category.DEFAULT"
I/PackageManager( 1891): Scheme: "sms"
I/PackageManager( 1891): Adding preferred activity ComponentInfo{com.android.mms/com.android.mms.ui.ComposeMessageActivity} for user 0 :
I/PackageManager( 1891): Action: "android.intent.action.SENDTO"
I/PackageManager( 1891): Category: "android.intent.category.DEFAULT"
I/PackageManager( 1891): Scheme: "smsto"
I/PackageManager( 1891): Adding preferred activity ComponentInfo{com.android.mms/com.android.mms.ui.ComposeMessageActivity} for user 0 :
I/PackageManager( 1891): Action: "android.intent.action.SENDTO"
I/PackageManager( 1891): Category: "android.intent.category.DEFAULT"
I/PackageManager( 1891): Scheme: "mms"
I/PackageManager( 1891): Adding preferred activity ComponentInfo{com.android.mms/com.android.mms.ui.ComposeMessageActivity} for user 0 :
I/PackageManager( 1891): Action: "android.intent.action.SENDTO"
I/PackageManager( 1891): Adding preferred activity ComponentInfo{com.android.mms/com.android.mms.ui.ComposeMessageActivity} for user 0 :
I/PackageManager( 1891): Category: "android.intent.category.DEFAULT"
I/PackageManager( 1891): Scheme: "mmsto"
I/PackageManager( 1891): Action: "android.intent.action.SENDTO"
I/PackageManager( 1891): Category: "android.intent.category.DEFAULT"
I/PackageManager( 1891): Scheme: "sms"
I/PackageManager( 1891): Adding preferred activity ComponentInfo{com.android.mms/com.android.mms.ui.ComposeMessageActivity} for user 0 :
I/PackageManager( 1891): Action: "android.intent.action.SENDTO"
I/PackageManager( 1891): Category: "android.intent.category.DEFAULT"
I/PackageManager( 1891): Scheme: "smsto"
I/PackageManager( 1891): Adding preferred activity ComponentInfo{com.android.mms/com.android.mms.ui.ComposeMessageActivity} for user 0 :
I/PackageManager( 1891): Adding preferred activity ComponentInfo{com.android.mms/com.android.mms.ui.ComposeMessageActivity} for user 0 :
I/PackageManager( 1891): Action: "android.intent.action.SENDTO"
I/PackageManager( 1891): Category: "android.intent.category.DEFAULT"
I/PackageManager( 1891): Scheme: "mms"
I/PackageManager( 1891): Action: "android.intent.action.SENDTO"
