E/ChimeraModuleLdr( 2252): at com.google.android.chimera.container.a.i.a(SourceFile:105)
E/ChimeraModuleLdr( 2252): at com.google.android.chimera.container.a.a(SourceFile:308)
E/ChimeraModuleLdr( 2252): at com.google.android.chimera.BroadcastReceiverProxy.onReceive(SourceFile:65)
E/ChimeraModuleLdr( 2252): at android.app.ActivityThread.handleReceiver(ActivityThread.java:2407)
E/ChimeraModuleLdr( 2252): at android.app.ActivityThread.access$1700(ActivityThread.java:135)
E/ChimeraModuleLdr( 2252): at android.app.ActivityThread$H.handleMessage(ActivityThread.java:1272)
E/ChimeraModuleLdr( 2252): at android.os.Handler.dispatchMessage(Handler.java:102)
E/ChimeraModuleLdr( 2252): at android.os.Looper.loop(Looper.java:136)
E/ChimeraModuleLdr( 2252): at android.app.ActivityThread.main(ActivityThread.java:5001)
E/ChimeraModuleLdr( 2252): at java.lang.reflect.Method.invokeNative(Native Method)
E/ChimeraModuleLdr( 2252): at java.lang.reflect.Method.invoke(Method.java:515)
E/ChimeraModuleLdr( 2252): at com.android.internal.os.ZygoteInit$MethodAndArgsCaller.run(ZygoteInit.java:785)
E/ChimeraModuleLdr( 2252): at com.android.internal.os.ZygoteInit.main(ZygoteInit.java:601)
E/ChimeraModuleLdr( 2252): at dalvik.system.NativeStart.main(Native Method)
E/ChimeraModuleLdr( 2252): Suppressed: java.io.IOException: unable to open DEX file
E/ChimeraModuleLdr( 2252): at dalvik.system.DexFile.openDexFileNative(Native Method)
E/ChimeraModuleLdr( 2252): at dalvik.system.DexFile.openDexFile(DexFile.java:296)
E/ChimeraModuleLdr( 2252): at dalvik.system.DexFile.(DexFile.java:80)
E/ChimeraModuleLdr( 2252): at dalvik.system.DexFile.(DexFile.java:59)
E/ChimeraModuleLdr( 2252): at dalvik.system.DexPathList.loadDexFile(DexPathList.java:263)
E/ChimeraModuleLdr( 2252): at dalvik.system.DexPathList.makeDexElements(DexPathList.java:230)
E/ChimeraModuleLdr( 2252): at dalvik.system.DexPathList.(DexPathList.java:112)
E/ChimeraModuleLdr( 2252): at dalvik.system.BaseDexClassLoader.(BaseDexClassLoader.java:48)
E/ChimeraModuleLdr( 2252): at dalvik.system.PathClassLoader.(PathClassLoader.java:65)
E/ChimeraModuleLdr( 2252): at com.google.android.chimera.container.f.a(SourceFile:30)
E/ChimeraModuleLdr( 2252): at com.google.android.chimera.container.a.i.a(SourceFile:87)
E/ChimeraModuleLdr( 2252): ... 13 more
E/ChimeraRcvrProxy( 2252): Failed to load module containing Chimera receiver impl for ComponentInfo{com.google.android.gms/com.google.android.gms.games.chimera.GamesSystemBroadcastReceiverProxy}, dropping broadcast
I/ActivityManager( 1891): Start proc com.google.android.apps.docs for service com.google.android.apps.docs/.sync.syncadapter.DocsSyncAdapterService: pid=5021 uid=10038 gids={50038, 1028, 3003, 1015, 1023}
E/PhotosPlugin( 5021): Loading PhotosPlugin
I/dalvikvm( 5021): Could not find method android.app.Activity.finishAfterTransition, referenced from method android.support.v4.app.FragmentActivity.c_
W/dalvikvm( 5021): VFY: unable to resolve virtual method 2797: Landroid/app/Activity;.finishAfterTransition ()V
D/dalvikvm( 5021): VFY: replacing opcode 0x6e at 0x0006
D/dalvikvm( 5021): GC_CONCURRENT freed 245K, 10% free 2808K/3116K, paused 2ms+1ms, total 6ms
D/dalvikvm( 5021): GC_CONCURRENT freed 283K, 11% free 3006K/3344K, paused 1ms+2ms, total 8ms
D/dalvikvm( 5021): GC_CONCURRENT freed 201K, 8% free 3208K/3468K, paused 3ms+2ms, total 11ms
D/dalvikvm( 5021): GC_CONCURRENT freed 232K, 8% free 3489K/3780K, paused 1ms+1ms, total 19ms
D/dalvikvm( 5021): WAIT_FOR_CONCURRENT_GC blocked 5ms
D/dalvikvm( 5021): WAIT_FOR_CONCURRENT_GC blocked 5ms
D/dalvikvm( 5021): WAIT_FOR_CONCURRENT_GC blocked 9ms
D/dalvikvm( 5021): WAIT_FOR_CONCURRENT_GC blocked 11ms
I/GLSUser ( 2213): [GLSUser] getTokenFromCache: [account: , callingPkg: com.google.android.music, service: sj]
D/dalvikvm( 5021): GC_CONCURRENT freed 217K, 7% free 3784K/4060K, paused 2ms+2ms, total 19ms
D/dalvikvm( 5021): WAIT_FOR_CONCURRENT_GC blocked 6ms
D/dalvikvm( 3336): GC_CONCURRENT freed 1508K, 20% free 7551K/9400K, paused 1ms+3ms, total 16ms
D/dalvikvm( 5021): GC_CONCURRENT freed 224K, 6% free 4090K/4344K, paused 2ms+2ms, total 28ms
I/dalvikvm( 5021): Could not find method android.content.pm.PackageManager.getPackageInstaller, referenced from method dyw.a
W/dalvikvm( 5021): VFY: unable to resolve virtual method 3340: Landroid/content/pm/PackageManager;.getPackageInstaller ()Landroid/content/pm/PackageInstaller;
D/dalvikvm( 5021): VFY: replacing opcode 0x6e at 0x000f
I/GAv4 ( 5021): Google Analytics 7.5.71 is starting up. To enable debug logging on a device run:
I/GAv4 ( 5021): adb shell setprop log.tag.GAv4 DEBUG
I/GAv4 ( 5021): adb logcat -s GAv4
W/GAv4 ( 5021): AnalyticsReceiver is not registered or is disabled. Register the receiver for reliable dispatching on non-Google Play devices. See http://goo.gl/8Rd3yj for instructions.
D/dalvikvm( 5021): GC_CONCURRENT freed 304K, 9% free 4196K/4600K, paused 2ms+2ms, total 12ms
W/GAv4 ( 5021): CampaignTrackingReceiver is not registered, not exported or is disabled. Installation campaign tracking is not possible. See http://goo.gl/8Rd3yj for instructions.
W/GAv4 ( 5021): AnalyticsService not registered in the app manifest. Hits might not be delivered reliably. See http://goo.gl/8Rd3yj for instructions.
D/dalvikvm( 5021): GC_CONCURRENT freed 332K, 9% free 4355K/4768K, paused 3ms+2ms, total 15ms
D/dalvikvm( 5021): WAIT_FOR_CONCURRENT_GC blocked 8ms
D/dalvikvm( 5021): WAIT_FOR_CONCURRENT_GC blocked 10ms
D/dalvikvm( 5021): WAIT_FOR_CONCURRENT_GC blocked 5ms
E/cutils ( 1544): Failed to mkdirat(/storage/usb0/Android): Read-only file system
W/Vold ( 1544): Returning OperationFailed - no handler for errno 30
W/ContextImpl( 5021): Failed to ensure directory: /storage/usb0/Android/data/com.google.android.apps.docs/cache
E/cutils ( 1544): Failed to mkdirat(/storage/usb1/Android): Read-only file system
W/Vold ( 1544): Returning OperationFailed - no handler for errno 30
W/ContextImpl( 5021): Failed to ensure directory: /storage/usb1/Android/data/com.google.android.apps.docs/cache
E/cutils ( 1544): Failed to mkdirat(/storage/usb2/Android): Read-only file system
W/Vold ( 1544): Returning OperationFailed - no handler for errno 30
W/ContextImpl( 5021): Failed to ensure directory: /storage/usb2/Android/data/com.google.android.apps.docs/cache
E/cutils ( 1544): Failed to mkdirat(/storage/usb3/Android): Read-only file system
W/Vold ( 1544): Returning OperationFailed - no handler for errno 30
W/ContextImpl( 5021): Failed to ensure directory: /storage/usb3/Android/data/com.google.android.apps.docs/cache
E/Vold ( 1544): Failed to find volume for /storage/sdcard1/Android/data/com.google.android.apps.docs/cache/
W/Vold ( 1544): Returning OperationFailed - no handler for errno 30
W/ContextImpl( 5021): Failed to ensure directory: /storage/sdcard1/Android/data/com.google.android.apps.docs/cache
D/dalvikvm( 5021): GC_CONCURRENT freed 277K, 8% free 4586K/4940K, paused 3ms+6ms, total 32ms
D/dalvikvm( 5021): GC_FOR_ALLOC freed 155K, 9% free 4825K/5284K, paused 9ms, total 9ms
I/GLSUser ( 2213): [GLSUser] getTokenFromCache: [account: , callingPkg: com.google.android.apps.docs, service: oauth2:https://www.googleapis.com/auth/drive https://www.googleapis.com/auth/drive.metadata.readonly https://www.googleapis.com/auth/drive.readonly https://docs.google.com/feeds https://docs.googleusercontent.com https://spreadsheets.google.com/feeds https://www.googleapis.com/auth/activity https://www.googleapis.com/auth/cloudprint https://www.googleapis.com/auth/discussions https://www.googleapis.com/auth/docs https://www.googleapis.com/auth/drive.apps https://www.googleapis.com/auth/memento https://www.googleapis.com/auth/spreadsheets https://www.googleapis.com/auth/vouchers https://www.googleapis.com/auth/plus.me ]
D/ConnectivityService( 1891): special network not available ni=mobile_hipri
I/Auth.Core( 2213): [TokenCache] Missing snowballing token: no granted scopes set.
D/dalvikvm( 1891): GC_CONCURRENT freed 1440K, 28% free 8591K/11856K, paused 1ms+2ms, total 39ms
D/dalvikvm( 5021): GC_CONCURRENT freed 772K, 16% free 4703K/5548K, paused 3ms+2ms, total 17ms
D/dalvikvm( 3336): GC_CONCURRENT freed 1854K, 24% free 7208K/9400K, paused 2ms+1ms, total 12ms
D/dalvikvm( 3336): GC_CONCURRENT freed 1199K, 21% free 7485K/9400K, paused 2ms+1ms, total 17ms
I/GLSUser ( 2213): [GLSUser] getTokenFromCache: [account: , callingPkg: com.google.android.music, service: sj]
D/ConnectivityService( 1891): special network not available ni=mobile_hipri
I/ActivityManager( 1891): START u0 {act=android.intent.action.MAIN cat=[android.intent.category.LAUNCHER] flg=0x10200000 cmp=com.android.settings/.Settings} from pid 4759
W/SurfaceFlinger( 1548): captureScreen: error creating EGL fence: 0x3004
W/BroadcastQueue( 1891): Permission Denial: broadcasting Intent { act=com.android.launcher3.action.LAUNCH flg=0x10 (has extras) } from com.cyanogenmod.trebuchet (pid=4759, uid=10020) requires com.google.android.launcher.permission.RECEIVE_LAUNCH_BROADCASTS due to receiver com.google.android.googlequicksearchbox/com.google.android.search.core.icingsync.ApplicationLaunchReceiver
W/BroadcastQueue( 1891): Permission Denial: receiving Intent { act=com.android.launcher3.action.LAUNCH flg=0x10 (has extras) } to com.google.android.googlequicksearchbox/com.google.android.search.core.icingsync.ApplicationLaunchReceiver requires com.android.launcher3.permission.RECEIVE_LAUNCH_BROADCASTS due to sender com.cyanogenmod.trebuchet (uid 10020)
D/dalvikvm( 3336): GC_CONCURRENT freed 1625K, 21% free 7469K/9400K, paused 1ms+6ms, total 32ms
D/dalvikvm( 3336): WAIT_FOR_CONCURRENT_GC blocked 18ms
D/dalvikvm( 3336): WAIT_FOR_CONCURRENT_GC blocked 18ms
D/dalvikvm( 4734): GC_CONCURRENT freed 242K, 10% free 2825K/3116K, paused 2ms+0ms, total 15ms
D/dalvikvm( 4734): GC_FOR_ALLOC freed 15K, 9% free 2884K/3144K, paused 16ms, total 18ms
D/dalvikvm( 4734): GC_CONCURRENT freed 34K, 5% free 3259K/3420K, paused 1ms+1ms, total 5ms
D/BluetoothAdapter( 4734): 560812280: getState() : mService = null. Returning STATE_OFF
D/dalvikvm( 5021): GC_CONCURRENT freed 472K, 14% free 4819K/5548K, paused 0ms+1ms, total 20ms
I/Icing ( 2252): Indexing A6EE926A34CD949975EFA46B0A05618FA93E1F64 from com.google.android.apps.books
D/dalvikvm( 5021): GC_FOR_ALLOC freed 97K, 13% free 4851K/5548K, paused 24ms, total 24ms
I/dalvikvm-heap( 5021): Grow heap (frag case) to 5.043MB for 262156-byte allocation
D/dalvikvm( 5021): GC_FOR_ALLOC freed 0K, 13% free 5107K/5808K, paused 16ms, total 16ms
I/Icing ( 2252): Indexing done A6EE926A34CD949975EFA46B0A05618FA93E1F64
W/GRALLOC-PIPE( 4734): failed to create pipe screen for i965
I/GRALLOC-DRM( 4734): create intel for driver i915
D/dalvikvm( 5021): GC_FOR_ALLOC freed 789K, 18% free 4942K/5980K, paused 12ms, total 12ms
D/OpenGLRenderer( 4734): Enabling debug mode 0
D/WifiService( 1891): setWifiEnabled: true pid=4734, uid=1000
D/BluetoothAdapter( 4734): 560812280: getState() : mService = null. Returning STATE_OFF
I/ActivityManager( 1891): Displayed com.android.settings/.Settings: +659ms
D/dalvikvm( 3336): GC_CONCURRENT freed 1905K, 25% free 7070K/9400K, paused 0ms+3ms, total 14ms
D/ConnectivityService( 1891): special network not available ni=mobile_hipri
D/dalvikvm( 3336): GC_CONCURRENT freed 875K, 19% free 7631K/9400K, paused 1ms+3ms, total 14ms
I/GLSUser ( 2213): [GLSUser] getTokenFromCache: [account: , callingPkg: com.google.android.music, service: sj]
D/dalvikvm( 2213): GC_CONCURRENT freed 421K, 13% free 4084K/4692K, paused 2ms+1ms, total 34ms
D/dalvikvm( 3336): GC_CONCURRENT freed 1761K, 22% free 7414K/9400K, paused 1ms+3ms, total 14ms
D/dalvikvm( 5021): GC_CONCURRENT freed 604K, 17% free 5013K/5980K, paused 1ms+1ms, total 17ms
D/ConnectivityService( 1891): special network not available ni=mobile_hipri
D/dalvikvm( 5021): GC_CONCURRENT freed 307K, 10% free 5409K/5980K, paused 2ms+2ms, total 17ms
D/dalvikvm( 3336): GC_CONCURRENT freed 1609K, 23% free 7274K/9400K, paused 1ms+5ms, total 20ms
D/dalvikvm( 5021): GC_CONCURRENT freed 392K, 8% free 5836K/6288K, paused 2ms+2ms, total 20ms
D/dalvikvm( 3336): GC_CONCURRENT freed 1221K, 20% free 7552K/9400K, paused 1ms+1ms, total 15ms
I/GLSUser ( 2213): [GLSUser] getTokenFromCache: [account: , callingPkg: com.google.android.music, service: sj]
D/dalvikvm( 3336): GC_CONCURRENT freed 1670K, 21% free 7482K/9400K, paused 1ms+4ms, total 17ms
D/dalvikvm( 5021): GC_CONCURRENT freed 1347K, 21% free 5475K/6880K, paused 1ms+2ms, total 15ms
D/ConnectivityService( 1891): special network not available ni=mobile_hipri
D/dalvikvm( 5021): GC_CONCURRENT freed 576K, 17% free 5775K/6880K, paused 0ms+5ms, total 22ms
D/dalvikvm( 4734): GC_CONCURRENT freed 76K, 4% free 3571K/3712K, paused 2ms+1ms, total 17ms
D/dalvikvm( 5021): GC_CONCURRENT freed 1255K, 21% free 5459K/6880K, paused 2ms+2ms, total 19ms
D/dalvikvm( 3336): GC_CONCURRENT freed 1903K, 25% free 7074K/9400K, paused 0ms+1ms, total 15ms
D/dalvikvm( 5021): GC_CONCURRENT freed 625K, 18% free 5683K/6880K, paused 1ms+6ms, total 25ms
D/ConnectivityService( 1891): special network not available ni=mobile_hipri
D/dalvikvm( 3336): GC_CONCURRENT freed 838K, 20% free 7581K/9400K, paused 2ms+3ms, total 15ms
I/GLSUser ( 2213): [GLSUser] getTokenFromCache: [account: , callingPkg: com.google.android.music, service: sj]
D/dalvikvm( 3336): GC_CONCURRENT freed 1931K, 23% free 7246K/9400K, paused 1ms+3ms, total 14ms
I/ActivityManager( 1891): START u0 {act=android.intent.action.MAIN cmp=com.android.settings/.SubSettings (has extras)} from pid 4734
D/audio_hw_primary( 1551): found out /dev/snd/pcmC0D0p
D/SubSettings( 4734): Launching fragment com.android.settings.DeviceInfoSettings
D/ConnectivityService( 1891): special network not available ni=mobile_hipri
D/dalvikvm( 5021): GC_CONCURRENT freed 1176K, 21% free 5441K/6880K, paused 2ms+3ms, total 19ms
D/dalvikvm( 5021): GC_CONCURRENT freed 698K, 19% free 5597K/6880K, paused 1ms+1ms, total 17ms
D/dalvikvm( 5021): GC_CONCURRENT freed 625K, 15% free 5862K/6880K, paused 1ms+11ms, total 28ms
D/dalvikvm( 3336): GC_CONCURRENT freed 1403K, 23% free 7316K/9400K, paused 0ms+2ms, total 13ms
D/dalvikvm( 3336): GC_CONCURRENT freed 1152K, 19% free 7661K/9400K, paused 1ms+2ms, total 13ms
I/GLSUser ( 2213): [GLSUser] getTokenFromCache: [account: , callingPkg: com.google.android.music, service: sj]
D/ConnectivityService( 1891): special network not available ni=mobile_hipri
D/dalvikvm( 3336): GC_CONCURRENT freed 1833K, 22% free 7377K/9400K, paused 1ms+2ms, total 14ms
I/Choreographer( 4734): Skipped 65 frames! The application may be doing too much work on its main thread.
I/ActivityManager( 1891): Displayed com.android.settings/.SubSettings: +1s247ms
I/CalendarProvider2( 2756): Sending notification intent: Intent { act=android.intent.action.PROVIDER_CHANGED dat=content://com.android.calendar }
W/ContentResolver( 2756): Failed to get type for: content://com.android.calendar (Unknown URL content://com.android.calendar)
D/AlertReceiver( 4696): onReceive: a=android.intent.action.PROVIDER_CHANGED Intent { act=android.intent.action.PROVIDER_CHANGED dat=content://com.android.calendar flg=0x10 cmp=com.android.calendar/.alerts.AlertReceiver }
D/AlertService( 4696): 0 Action = android.intent.action.PROVIDER_CHANGED
D/dalvikvm( 3336): GC_CONCURRENT freed 1762K, 25% free 7082K/9400K, paused 1ms+2ms, total 16ms
D/dalvikvm( 5021): GC_CONCURRENT freed 1276K, 20% free 5531K/6880K, paused 2ms+3ms, total 21ms
D/ConnectivityService( 1891): special network not available ni=mobile_hipri
D/dalvikvm( 5021): GC_CONCURRENT freed 456K, 15% free 5907K/6880K, paused 0ms+2ms, total 16ms
D/dalvikvm( 3336): GC_CONCURRENT freed 858K, 20% free 7571K/9400K, paused 0ms+3ms, total 11ms
I/GLSUser ( 2213): [GLSUser] getTokenFromCache: [account: , callingPkg: com.google.android.music, service: sj]
D/dalvikvm( 3336): GC_CONCURRENT freed 1823K, 23% free 7279K/9400K, paused 2ms+3ms, total 14ms
D/dalvikvm( 5021): GC_CONCURRENT freed 1357K, 21% free 5512K/6932K, paused 2ms+3ms, total 20ms
D/dalvikvm( 3336): GC_CONCURRENT freed 1417K, 23% free 7287K/9400K, paused 0ms+1ms, total 12ms
D/ConnectivityService( 1891): special network not available ni=mobile_hipri
D/dalvikvm( 5021): GC_CONCURRENT freed 469K, 16% free 5875K/6932K, paused 1ms+4ms, total 18ms
I/GLSUser ( 2213): [GLSUser] getTokenFromCache: [account: , callingPkg: com.google.android.music, service: sj]
D/dalvikvm( 2213): GC_CONCURRENT freed 453K, 13% free 4076K/4648K, paused 0ms+3ms, total 32ms
D/dalvikvm( 3336): GC_CONCURRENT freed 1432K, 23% free 7331K/9400K, paused 0ms+3ms, total 13ms
D/dalvikvm( 3336): GC_CONCURRENT freed 1616K, 24% free 7165K/9400K, paused 1ms+1ms, total 11ms
D/dalvikvm( 3336): GC_CONCURRENT freed 1211K, 22% free 7411K/9400K, paused 1ms+1ms, total 11ms
D/ConnectivityService( 1891): special network not available ni=mobile_hipri
I/GLSUser ( 2213): [GLSUser] getTokenFromCache: [account: , callingPkg: com.google.android.music, service: sj]
D/dalvikvm( 3336): GC_CONCURRENT freed 1435K, 21% free 7496K/9400K, paused 4ms+2ms, total 17ms
D/dalvikvm( 5021): GC_CONCURRENT freed 1345K, 21% free 5482K/6932K, paused 2ms+2ms, total 19ms
D/dalvikvm( 5021): GC_CONCURRENT freed 563K, 17% free 5790K/6932K, paused 1ms+2ms, total 17ms
D/ConnectivityService( 1891): special network not available ni=mobile_hipri
D/audio_hw_primary( 1551): found out /dev/snd/pcmC0D0p
D/dalvikvm( 3336): GC_CONCURRENT freed 1777K, 24% free 7220K/9400K, paused 0ms+1ms, total 11ms
D/dalvikvm( 5021): GC_CONCURRENT freed 1279K, 22% free 5461K/6932K, paused 2ms+3ms, total 18ms
D/dalvikvm( 3336): GC_CONCURRENT freed 1105K, 20% free 7605K/9400K, paused 1ms+2ms, total 13ms
I/GLSUser ( 2213): [GLSUser] getTokenFromCache: [account: , callingPkg: com.google.android.music, service: sj]
D/ConnectivityService( 1891): special network not available ni=mobile_hipri
D/dalvikvm( 5021): GC_CONCURRENT freed 604K, 19% free 5666K/6932K, paused 0ms+1ms, total 18ms
D/dalvikvm( 3336): GC_CONCURRENT freed 1733K, 22% free 7416K/9400K, paused 1ms+2ms, total 16ms
I/GlobalDismissManager( 4696): no sender configured
D/AlertService( 4696): Beginning updateAlertNotification
D/AlertService( 4696): No fired or scheduled alerts
D/AlertService( 4696): Scheduling next alarm with AlarmScheduler. sEventReminderReceived: null
D/AlarmScheduler( 4696): No events found starting within 1 week.
D/dalvikvm( 5021): GC_CONCURRENT freed 1148K, 22% free 5413K/6932K, paused 2ms+2ms, total 20ms
D/ConnectivityService( 1891): special network not available ni=mobile_hipri
D/dalvikvm( 3336): GC_CONCURRENT freed 1846K, 25% free 7126K/9400K, paused 0ms+3ms, total 14ms
D/dalvikvm( 5021): GC_CONCURRENT freed 704K, 20% free 5551K/6932K, paused 0ms+3ms, total 18ms
D/dalvikvm( 3336): GC_CONCURRENT freed 894K, 20% free 7593K/9400K, paused 0ms+2ms, total 12ms
I/GLSUser ( 2213): [GLSUser] getTokenFromCache: [account: , callingPkg: com.google.android.music, service: sj]
D/dalvikvm( 5021): GC_CONCURRENT freed 473K, 15% free 5923K/6932K, paused 1ms+2ms, total 18ms
D/ConnectivityService( 1891): special network not available ni=mobile_hipri
D/dalvikvm( 5021): GC_CONCURRENT freed 1387K, 21% free 5543K/6992K, paused 1ms+1ms, total 16ms
D/dalvikvm( 3336): GC_CONCURRENT freed 1826K, 23% free 7296K/9400K, paused 1ms+3ms, total 17ms
D/dalvikvm( 5021): GC_CONCURRENT freed 504K, 16% free 5929K/6992K, paused 2ms+6ms, total 22ms
D/dalvikvm( 3336): GC_CONCURRENT freed 1441K, 23% free 7282K/9400K, paused 2ms+2ms, total 14ms
I/GLSUser ( 2213): [GLSUser] getTokenFromCache: [account: , callingPkg: com.google.android.music, service: sj]
D/dalvikvm( 3336): GC_CONCURRENT freed 1243K, 21% free 7468K/9400K, paused 2ms+2ms, total 16ms
D/ConnectivityService( 1891): special network not available ni=mobile_hipri
D/dalvikvm( 3336): GC_CONCURRENT freed 1797K, 24% free 7152K/9400K, paused 1ms+2ms, total 10ms
D/dalvikvm( 5021): GC_CONCURRENT freed 1404K, 21% free 5542K/7004K, paused 2ms+1ms, total 17ms
D/dalvikvm( 5021): GC_CONCURRENT freed 523K, 16% free 5891K/7004K, paused 0ms+2ms, total 15ms
D/dalvikvm( 3336): GC_CONCURRENT freed 1335K, 23% free 7279K/9400K, paused 1ms+1ms, total 13ms
D/ConnectivityService( 1891): special network not available ni=mobile_hipri
I/GLSUser ( 2213): [GLSUser] getTokenFromCache: [account: , callingPkg: com.google.android.music, service: sj]
D/dalvikvm( 2213): GC_CONCURRENT freed 444K, 13% free 4077K/4648K, paused 1ms+1ms, total 20ms
D/dalvikvm( 3336): GC_CONCURRENT freed 1292K, 21% free 7443K/9400K, paused 2ms+6ms, total 18ms
D/dalvikvm( 5021): GC_CONCURRENT freed 1352K, 22% free 5511K/7004K, paused 1ms+3ms, total 20ms
D/dalvikvm( 5021): GC_CONCURRENT freed 554K, 17% free 5831K/7004K, paused 1ms+1ms, total 16ms
D/ConnectivityService( 1891): special network not available ni=mobile_hipri
D/dalvikvm( 3336): GC_CONCURRENT freed 1700K, 24% free 7220K/9400K, paused 1ms+1ms, total 11ms
D/dalvikvm( 3336): GC_CONCURRENT freed 1298K, 22% free 7372K/9400K, paused 2ms+2ms, total 13ms
D/dalvikvm( 5021): GC_CONCURRENT freed 1284K, 22% free 5478K/7004K, paused 1ms+2ms, total 21ms
I/GLSUser ( 2213): [GLSUser] getTokenFromCache: [account: , callingPkg: com.google.android.music, service: sj]
D/dalvikvm( 3336): GC_CONCURRENT freed 1483K, 22% free 7414K/9400K, paused 0ms+3ms, total 12ms
D/dalvikvm( 5021): GC_CONCURRENT freed 582K, 19% free 5716K/7004K, paused 1ms+3ms, total 19ms
D/ConnectivityService( 1891): special network not available ni=mobile_hipri
D/dalvikvm( 3336): GC_CONCURRENT freed 1770K, 25% free 7133K/9400K, paused 2ms+2ms, total 14ms
D/dalvikvm( 3336): GC_CONCURRENT freed 932K, 20% free 7576K/9400K, paused 3ms+6ms, total 18ms
D/dalvikvm( 5021): GC_CONCURRENT freed 1201K, 23% free 5431K/7004K, paused 1ms+2ms, total 23ms
D/dalvikvm( 1891): GC_EXPLICIT freed 838K, 26% free 8804K/11856K, paused 1ms+4ms, total 41ms
D/ConnectivityService( 1891): special network not available ni=mobile_hipri
I/GLSUser ( 2213): [GLSUser] getTokenFromCache: [account: , callingPkg: com.google.android.music, service: sj]
D/dalvikvm( 5021): GC_CONCURRENT freed 694K, 20% free 5607K/7004K, paused 0ms+6ms, total 28ms
D/dalvikvm( 3336): GC_CONCURRENT freed 1707K, 22% free 7389K/9400K, paused 1ms+2ms, total 20ms
D/dalvikvm( 5021): GC_CONCURRENT freed 560K, 16% free 5952K/7004K, paused 1ms+1ms, total 17ms
D/ConnectivityService( 1891): special network not available ni=mobile_hipri
D/dalvikvm( 3336): GC_CONCURRENT freed 1559K, 23% free 7297K/9400K, paused 2ms+1ms, total 15ms
D/dalvikvm( 5021): GC_CONCURRENT freed 1391K, 21% free 5538K/7004K, paused 0ms+1ms, total 16ms
D/dalvikvm( 5021): GC_CONCURRENT freed 480K, 16% free 5942K/7004K, paused 0ms+4ms, total 17ms
D/dalvikvm( 3336): GC_CONCURRENT freed 1122K, 20% free 7604K/9400K, paused 4ms+5ms, total 23ms
I/GLSUser ( 2213): [GLSUser] getTokenFromCache: [account: , callingPkg: com.google.android.music, service: sj]
D/ConnectivityService( 1891): special network not available ni=mobile_hipri
D/dalvikvm( 3336): GC_CONCURRENT freed 1767K, 21% free 7454K/9400K, paused 1ms+4ms, total 15ms
D/dalvikvm( 5021): GC_CONCURRENT freed 1405K, 21% free 5544K/7012K, paused 1ms+1ms, total 21ms
D/dalvikvm( 5021): GC_CONCURRENT freed 513K, 16% free 5914K/7012K, paused 2ms+1ms, total 17ms
D/ConnectivityService( 1891): special network not available ni=mobile_hipri
D/dalvikvm( 3336): GC_CONCURRENT freed 1883K, 26% free 7047K/9400K, paused 2ms+1ms, total 13ms
D/dalvikvm( 5021): GC_CONCURRENT freed 1378K, 22% free 5503K/7012K, paused 1ms+2ms, total 18ms
D/dalvikvm( 3336): GC_CONCURRENT freed 766K, 19% free 7615K/9400K, paused 1ms+2ms, total 12ms
I/GLSUser ( 2213): [GLSUser] getTokenFromCache: [account: , callingPkg: com.google.android.music, service: sj]
D/dalvikvm( 5021): GC_CONCURRENT freed 581K, 18% free 5811K/7012K, paused 1ms+2ms, total 18ms
D/dalvikvm( 3336): GC_CONCURRENT freed 1876K, 22% free 7336K/9400K, paused 0ms+4ms, total 14ms
D/ConnectivityService( 1891): special network not available ni=mobile_hipri
D/dalvikvm( 5021): GC_CONCURRENT freed 1267K, 22% free 5515K/7012K, paused 2ms+2ms, total 18ms
D/dalvikvm( 5021): GC_CONCURRENT freed 619K, 19% free 5739K/7012K, paused 1ms+1ms, total 19ms
D/dalvikvm( 3336): GC_CONCURRENT freed 1521K, 23% free 7281K/9400K, paused 2ms+3ms, total 17ms
D/dalvikvm( 3336): GC_CONCURRENT freed 1057K, 18% free 7736K/9400K, paused 2ms+3ms, total 16ms
I/GLSUser ( 2213): [GLSUser] getTokenFromCache: [account: , callingPkg: com.google.android.music, service: sj]
D/dalvikvm( 2213): GC_CONCURRENT freed 430K, 12% free 4093K/4648K, paused 0ms+7ms, total 30ms
D/ConnectivityService( 1891): special network not available ni=mobile_hipri
D/dalvikvm( 3336): GC_CONCURRENT freed 1930K, 22% free 7390K/9400K, paused 1ms+3ms, total 18ms
D/dalvikvm( 5021): GC_CONCURRENT freed 1219K, 22% free 5472K/7012K, paused 1ms+2ms, total 16ms
D/dalvikvm( 5021): GC_CONCURRENT freed 705K, 20% free 5664K/7012K, paused 0ms+2ms, total 24ms
D/dalvikvm( 5021): GC_CONCURRENT freed 1153K, 23% free 5405K/7012K, paused 1ms+2ms, total 18ms
I/ActivityManager( 1891): Killing 2756:com.android.providers.calendar/u0a1 (adj 15): empty #17
I/ReminderSync( 2252): Found sync condition that we don't recognize, aborting. [T SyncAdapterThread-3:id=281:priority=5:group=main]
D/dalvikvm( 3336): GC_CONCURRENT freed 1895K, 25% free 7076K/9400K, paused 3ms+1ms, total 19ms
W/BaseAppContext( 2115): Using Auth Proxy for data requests.
I/GLSUser ( 2213): [GLSUser] getTokenFromCache: [account: , callingPkg: com.google.android.gms, service: oauth2:https://www.googleapis.com/auth/userlocation.reporting]
I/Auth.Core( 2213): [TokenCache] Missing snowballing token: no granted scopes set.
D/BaseApiaryRequest( 2115): Tag is set to default.
W/System.err( 2115): java.lang.Exception
W/System.err( 2115): at com.google.android.gms.common.server.m.a(SourceFile:83)
W/System.err( 2115): at com.google.android.gms.common.server.u.performRequest(SourceFile:45)
W/System.err( 2115): at com.android.volley.NetworkDispatcher.run(SourceFile:112)
D/dalvikvm( 2115): GC_CONCURRENT freed 407K, 10% free 4332K/4800K, paused 1ms+1ms, total 11ms
D/ConnectivityService( 1891): special network not available ni=mobile_hipri
D/dalvikvm( 3336): GC_CONCURRENT freed 902K, 20% free 7608K/9400K, paused 2ms+3ms, total 13ms
I/GLSUser ( 2213): [GLSUser] getTokenFromCache: [account: , callingPkg: com.google.android.music, service: sj]
I/GCoreUlr( 2115): Starting service, intent=Intent { act=com.google.android.location.reporting.ACTION_UPDATE_ACTIVE_STATE cmp=com.google.android.gms/com.google.android.location.reporting.service.DispatchingService (has extras) }, extras=Bundle[{source=sync_server_wins}]
I/GCoreUlr( 2115): DispatchingService.onCreate()
W/BaseAppContext( 2115): Using Auth Proxy for data requests.
I/GCoreUlr( 2115): DispatchingService.updateActiveState+sync_server_wins: Ensuring that reporting is stopped because of reasons: {account#-17#=[InactiveReason{mVersionCode=0, mIdentifier=6, mName='ReportingNotEnabled'}]}
I/GCoreUlr( 2115): Unbound from all location providers
I/GLSUser ( 2213): [GLSUser] getTokenFromCache: [account: , callingPkg: com.google.android.gms, service: oauth2:https://www.googleapis.com/auth/userlocation.reporting]
I/Auth.Core( 2213): [TokenCache] Missing snowballing token: no granted scopes set.
I/GCoreUlr( 2115): DispatchingService.onDestroy()
I/GCoreUlr( 2115): Unbound from all location providers
D/BaseApiaryRequest( 2115): Tag is set to default.
W/System.err( 2115): java.lang.Exception
W/System.err( 2115): at com.google.android.gms.common.server.m.a(SourceFile:83)
W/System.err( 2115): at com.google.android.gms.common.server.u.performRequest(SourceFile:45)
W/System.err( 2115): at com.android.volley.NetworkDispatcher.run(SourceFile:112)
D/dalvikvm( 3336): GC_CONCURRENT freed 1880K, 23% free 7259K/9400K, paused 0ms+1ms, total 10ms
D/dalvikvm( 2115): GC_CONCURRENT freed 507K, 12% free 4267K/4840K, paused 0ms+2ms, total 10ms
I/GCoreUlr( 2115): Starting service, intent=Intent { act=com.google.android.location.reporting.ACTION_UPDATE_ACTIVE_STATE cmp=com.google.android.gms/com.google.android.location.reporting.service.DispatchingService (has extras) }, extras=Bundle[{source=sync_server_wins}]
I/GCoreUlr( 2115): DispatchingService.onCreate()
I/PeopleSync( 2252): onPerformSync() [5d2d5f67]
I/GCoreUlr( 2115): DispatchingService.updateActiveState+sync_server_wins: Ensuring that reporting is stopped because of reasons: {account#-17#=[InactiveReason{mVersionCode=0, mIdentifier=6, mName='ReportingNotEnabled'}]}
I/PeopleSync( 2252): Setting subscription: result=true [5d2d5f67]
D/dalvikvm( 1891): GC_EXPLICIT freed 1259K, 27% free 8723K/11856K, paused 2ms+5ms, total 45ms
I/GCoreUlr( 2115): Unbound from all location providers
I/GCoreUlr( 2115): DispatchingService.onDestroy()
I/GCoreUlr( 2115): Unbound from all location providers
D/ConnectivityService( 1891): special network not available ni=mobile_hipri
E/Auth.Api.Credentials( 2252): [CredentialSyncAdapter] Unknown sync event.
D/dalvikvm( 2213): GC_CONCURRENT freed 386K, 12% free 4097K/4648K, paused 2ms+1ms, total 10ms
I/GLSUser ( 2213): [GLSUser] getTokenFromCache: [account: , callingPkg: com.google.android.gsf, service: mail]
I/GLSUser ( 2213): [GLSUser] getTokenFromGoogle [account: , callingPkg: com.google.android.gsf, service: mail
D/dalvikvm( 3336): GC_CONCURRENT freed 1467K, 23% free 7302K/9400K, paused 0ms+3ms, total 14ms
I/GLSUser ( 2213): [GLSUser] getAuthtoken(, mail) -> status: null)
I/GLSUser ( 2213): [GLSUser] Extracting token using key: Auth
W/GLSUser ( 2213): [GLSUser] Permission for com.google.android.gsf to access mail will be managed locally.
I/GLSUser ( 2213): [GLSUser] getTokenFromCache: [account: , callingPkg: com.google.android.music, service: sj]
D/dalvikvm( 2213): GC_CONCURRENT freed 436K, 14% free 4052K/4660K, paused 3ms+1ms, total 11ms
D/dalvikvm( 3336): GC_CONCURRENT freed 1219K, 21% free 7504K/9400K, paused 0ms+2ms, total 15ms
D/dalvikvm( 3336): GC_CONCURRENT freed 1907K, 25% free 7087K/9400K, paused 2ms+2ms, total 12ms
D/dalvikvm( 2213): GC_FOR_ALLOC freed 189K, 13% free 4105K/4692K, paused 7ms, total 7ms
D/ConnectivityService( 1891): special network not available ni=mobile_hipri
D/dalvikvm( 3336): GC_CONCURRENT freed 1381K, 24% free 7150K/9400K, paused 0ms+1ms, total 12ms
D/dalvikvm( 3336): GC_CONCURRENT freed 920K, 19% free 7690K/9400K, paused 1ms+3ms, total 13ms
I/GLSUser ( 2213): [GLSUser] getTokenFromCache: [account: , callingPkg: com.google.android.music, service: sj]
D/dalvikvm( 3336): GC_CONCURRENT freed 1991K, 23% free 7267K/9400K, paused 2ms+1ms, total 12ms
D/ConnectivityService( 1891): special network not available ni=mobile_hipri
D/dalvikvm( 3336): GC_CONCURRENT freed 1414K, 22% free 7359K/9400K, paused 1ms+2ms, total 16ms
D/dalvikvm( 2213): GC_CONCURRENT freed 344K, 13% free 4147K/4724K, paused 1ms+1ms, total 12ms
D/dalvikvm( 3336): GC_FOR_ALLOC freed 1273K, 21% free 7487K/9400K, paused 14ms, total 14ms
I/GLSUser ( 2213): [GLSUser] getTokenFromCache: [account: , callingPkg: com.google.android.music, service: sj]
D/audio_hw_primary( 1551): found out /dev/snd/pcmC0D0p
D/BluetoothAdapter( 4734): 560812280: getState() : mService = null. Returning STATE_OFF
D/dalvikvm( 3336): GC_CONCURRENT freed 1691K, 23% free 7284K/9400K, paused 0ms+2ms, total 15ms
D/ConnectivityService( 1891): special network not available ni=mobile_hipri
D/dalvikvm( 3336): GC_CONCURRENT freed 1716K, 26% free 7002K/9400K, paused 1ms+1ms, total 15ms
D/dalvikvm( 2213): GC_CONCURRENT freed 383K, 12% free 4161K/4724K, paused 2ms+1ms, total 12ms
D/dalvikvm( 3336): GC_CONCURRENT freed 742K, 19% free 7672K/9400K, paused 2ms+2ms, total 13ms
I/GLSUser ( 2213): [GLSUser] getTokenFromCache: [account: , callingPkg: com.google.android.music, service: sj]
D/dalvikvm( 3336): GC_CONCURRENT freed 1942K, 22% free 7365K/9400K, paused 2ms+2ms, total 14ms
D/ConnectivityService( 1891): special network not available ni=mobile_hipri
D/dalvikvm( 2213): GC_CONCURRENT freed 414K, 12% free 4173K/4724K, paused 0ms+1ms, total 9ms
D/dalvikvm( 3336): GC_CONCURRENT freed 1583K, 22% free 7339K/9400K, paused 1ms+2ms, total 15ms
D/dalvikvm( 3336): GC_CONCURRENT freed 1115K, 18% free 7756K/9400K, paused 0ms+2ms, total 17ms
D/dalvikvm( 3336): WAIT_FOR_CONCURRENT_GC blocked 8ms
I/GLSUser ( 2213): [GLSUser] getTokenFromCache: [account: , callingPkg: com.google.android.music, service: sj]
D/Finsky ( 3989): [1] DailyHygiene.inHoldoffPeriod: No holdoff required - already provisioned
D/Finsky ( 3989): [1] DailyHygiene.onStartCommand: Beginning daily hygiene
I/GLSUser ( 2213): [GLSUser] getTokenFromCache: [account: , callingPkg: com.android.vending, service: androidmarket]
D/ConnectivityService( 1891): special network not available ni=mobile_hipri
D/dalvikvm( 2213): GC_CONCURRENT freed 435K, 13% free 4166K/4736K, paused 2ms+1ms, total 11ms
D/dalvikvm( 3336): GC_CONCURRENT freed 2260K, 25% free 7080K/9436K, paused 1ms+1ms, total 11ms
D/dalvikvm( 3336): GC_CONCURRENT freed 1355K, 25% free 7160K/9436K, paused 0ms+2ms, total 14ms
D/dalvikvm( 3336): GC_CONCURRENT freed 1214K, 23% free 7328K/9436K, paused 1ms+3ms, total 15ms
I/GLSUser ( 2213): [GLSUser] getTokenFromCache: [account: , callingPkg: com.google.android.music, service: sj]
D/SurfaceFlinger( 1548): Screen released, type=0 flinger=0x40ece820
D/ConnectivityService( 1891): special network not available ni=mobile_hipri
D/dalvikvm( 3336): GC_CONCURRENT freed 1581K, 24% free 7196K/9436K, paused 2ms+3ms, total 13ms
D/dalvikvm( 3336): GC_CONCURRENT freed 1365K, 24% free 7226K/9436K, paused 2ms+2ms, total 14ms
D/dalvikvm( 2213): GC_CONCURRENT freed 410K, 13% free 4186K/4760K, paused 0ms+2ms, total 12ms
I/GLSUser ( 2213): [GLSUser] getTokenFromCache: [account: , callingPkg: com.google.android.music, service: sj]
D/Finsky ( 3989): [1] SelfUpdateScheduler.checkForSelfUpdate: Starting DFE self-update from local version [80371000] to server version [80391200]
I/GLSUser ( 2213): [GLSUser] getTokenFromCache: [account: , callingPkg: com.android.vending, service: androidmarket]
I/GLSUser ( 2213): [GLSUser] getTokenFromCache: [account: , callingPkg: com.android.vending, service: androidmarket]
D/dalvikvm( 3336): GC_CONCURRENT freed 1218K, 22% free 7413K/9436K, paused 0ms+2ms, total 11ms
D/ConnectivityService( 1891): special network not available ni=mobile_hipri
D/Finsky ( 3989): [1] DownloadImpl.setState: com.android.vending from null to UNQUEUED.
D/Finsky ( 3989): [1] DownloadQueueImpl.add: Download com.android.vending added to DownloadQueue
D/Finsky ( 3989): [1] DownloadImpl.setState: com.android.vending from UNQUEUED to QUEUED.
I/installd( 1552): free_cache(0) avail 886145024
D/Finsky ( 3989): [1] DownloadQueueImpl.startDownload: Download com.android.vending starting
I/ActivityManager( 1891): Start proc android.process.media for content provider com.android.providers.downloads/.DownloadProvider: pid=5116 uid=10006 gids={50006, 1028, 1015, 1023, 1024, 2001, 3003, 3007}
D/dalvikvm( 3336): GC_CONCURRENT freed 1543K, 23% free 7349K/9436K, paused 1ms+3ms, total 19ms
D/dalvikvm( 3989): GC_CONCURRENT freed 311K, 16% free 3509K/4164K, paused 1ms+1ms, total 6ms
D/Finsky ( 3989): [216] 7.run: Enqueued com.android.vending as content://downloads/my_downloads/5
D/Finsky ( 3989): [1] DownloadImpl.setState: com.android.vending from QUEUED to DOWNLOADING.
D/Finsky ( 3989): [1] DownloadQueueImpl.onStart: com.android.vending: onStart
D/dalvikvm( 3989): GC_FOR_ALLOC freed 27K, 16% free 3507K/4164K, paused 9ms, total 9ms
I/dalvikvm-heap( 3989): Grow heap (frag case) to 3.553MB for 75788-byte allocation
D/dalvikvm( 3989): GC_FOR_ALLOC freed 0K, 16% free 3581K/4240K, paused 13ms, total 13ms
D/dalvikvm( 1891): GC_EXPLICIT freed 1043K, 27% free 8720K/11856K, paused 1ms+5ms, total 43ms
D/Finsky ( 3989): [1] DownloadQueueImpl.notifyProgress: com.android.vending: onProgress 0/-1 Status: 190.
D/Finsky ( 3989): [1] DownloadQueueImpl.notifyProgress: com.android.vending: onProgress 0/-1 Status: 192.
I/DownloadManager( 5116): Download 5 starting
W/ActivityThread( 5116): ClassLoader.loadClass: The class loader returned by Thread.getContextClassLoader() may fail for processes that host multiple applications. You should explicitly specify a context class loader. For example: Thread.setContextClassLoader(getClass().getClassLoader());
D/dalvikvm( 5116): GC_CONCURRENT freed 201K, 9% free 2855K/3116K, paused 5ms+2ms, total 18ms
D/dalvikvm( 2213): GC_CONCURRENT freed 433K, 13% free 4160K/4760K, paused 7ms+6ms, total 25ms
D/dalvikvm( 3989): GC_CONCURRENT freed 34K, 7% free 3956K/4240K, paused 0ms+1ms, total 6ms
D/dalvikvm( 3989): GC_CONCURRENT freed 237K, 7% free 4168K/4468K, paused 0ms+2ms, total 8ms
D/dalvikvm( 5116): GC_CONCURRENT freed 216K, 9% free 3036K/3316K, paused 5ms+1ms, total 9ms
D/dalvikvm( 3989): GC_CONCURRENT freed 118K, 4% free 4466K/4648K, paused 3ms+5ms, total 19ms
D/dalvikvm( 3989): GC_CONCURRENT freed 160K, 5% free 4851K/5080K, paused 0ms+1ms, total 10ms
D/dalvikvm( 3336): GC_CONCURRENT freed 1600K, 24% free 7187K/9436K, paused 3ms+3ms, total 18ms
D/dalvikvm( 3989): GC_CONCURRENT freed 342K, 8% free 5176K/5600K, paused 2ms+1ms, total 15ms
D/dalvikvm( 3989): WAIT_FOR_CONCURRENT_GC blocked 4ms
D/dalvikvm( 3989): GC_FOR_ALLOC freed 485K, 12% free 5370K/6064K, paused 8ms, total 8ms
D/dalvikvm( 3989): GC_FOR_ALLOC freed 232K, 12% free 5609K/6320K, paused 8ms, total 8ms
D/dalvikvm( 3989): GC_FOR_ALLOC freed 495K, 12% free 5817K/6576K, paused 8ms, total 8ms
D/dalvikvm( 3989): GC_CONCURRENT freed 461K, 8% free 6282K/6804K, paused 2ms+2ms, total 20ms
D/ConnectivityService( 1891): special network not available ni=mobile_hipri
D/dalvikvm( 3336): GC_CONCURRENT freed 960K, 20% free 7624K/9436K, paused 2ms+3ms, total 16ms
I/GLSUser ( 2213): [GLSUser] getTokenFromCache: [account: , callingPkg: com.google.android.music, service: sj]
D/dalvikvm( 3989): GC_CONCURRENT freed 495K, 8% free 6945K/7504K, paused 1ms+2ms, total 16ms
D/dalvikvm( 5116): GC_CONCURRENT freed 422K, 14% free 3041K/3528K, paused 2ms+2ms, total 8ms
D/dalvikvm( 3989): GC_CONCURRENT freed 656K, 9% free 7671K/8388K, paused 1ms+2ms, total 22ms
D/dalvikvm( 3336): GC_CONCURRENT freed 1895K, 23% free 7265K/9436K, paused 2ms+6ms, total 22ms
D/dalvikvm( 3989): GC_CONCURRENT freed 2103K, 23% free 7252K/9388K, paused 1ms+2ms, total 23ms
D/Finsky ( 3989): [1] 3.onMutationsApplied: App library has changed, requesting content sync.
D/Finsky ( 3989): [1] DailyHygiene.logDeviceFeaturesAndContinue: Logging device features
D/Finsky ( 3989): [1] DailyHygiene.flushEventLogsAndContinue: Flushing event logs for [O4WADLb6u_Bi_D8v7x8Ddu2Ifd0]
D/Finsky ( 3989): [1] DailyHygiene.reschedule: Scheduling first run in 22.3 hours
D/Finsky ( 3989): [1] VerifyInstalledPackagesReceiver.onReceive: Verify installed apps requested
D/DeviceConnectionService( 2115): client connected with version: 7571000
D/Finsky ( 3989): [1] VerifyInstalledPackagesTask.onPreExecute: Verifying installed apps
D/dalvikvm( 2213): GC_CONCURRENT freed 377K, 13% free 4195K/4772K, paused 0ms+2ms, total 12ms
D/dalvikvm( 3989): GC_CONCURRENT freed 1417K, 22% free 7392K/9388K, paused 2ms+11ms, total 34ms
I/ActivityManager( 1891): Killing 4114:com.google.android.syncadapters.calendar/u0a50 (adj 15): empty #17
D/dalvikvm( 5021): GC_FOR_ALLOC freed 541K, 29% free 5012K/7004K, paused 11ms, total 11ms
I/dalvikvm-heap( 5021): Grow heap (frag case) to 5.117MB for 174924-byte allocation
D/dalvikvm( 5021): GC_FOR_ALLOC freed <1K, 28% free 5182K/7176K, paused 10ms, total 10ms
D/dalvikvm( 5021): GC_FOR_ALLOC freed 7K, 28% free 5178K/7176K, paused 9ms, total 9ms
I/dalvikvm-heap( 5021): Grow heap (frag case) to 5.280MB for 174924-byte allocation
D/dalvikvm( 5021): GC_FOR_ALLOC freed 1K, 28% free 5347K/7348K, paused 11ms, total 11ms
D/dalvikvm( 5021): GC_FOR_ALLOC freed <1K, 28% free 5347K/7348K, paused 9ms, total 9ms
I/dalvikvm-heap( 5021): Grow heap (frag case) to 5.361MB for 87468-byte allocation
D/dalvikvm( 5021): GC_FOR_ALLOC freed 1K, 27% free 5431K/7436K, paused 9ms, total 9ms
D/ConnectivityService( 1891): special network not available ni=mobile_hipri
D/dalvikvm( 3336): GC_CONCURRENT freed 1380K, 22% free 7396K/9436K, paused 1ms+1ms, total 15ms
I/GLSUser ( 2213): [GLSUser] getTokenFromCache: [account: , callingPkg: com.google.android.music, service: sj]
D/dalvikvm( 3336): GC_CONCURRENT freed 1297K, 20% free 7561K/9436K, paused 1ms+1ms, total 12ms
V/ContactsSyncAdapter( 2213): No contacts feed data; creating new feedSyncState...
I/GLSUser ( 2213): [GLSUser] getTokenFromCache: [account: , callingPkg: com.google.android.syncadapters.contacts, service: cp]
I/GLSUser ( 2213): [GLSUser] getTokenFromGoogle [account: , callingPkg: com.google.android.syncadapters.contacts, service: cp
I/GLSUser ( 2213): [GLSUser] getAuthtoken(, cp) -> status: null)
I/GLSUser ( 2213): [GLSUser] Extracting token using key: Auth
W/GLSUser ( 2213): [GLSUser] Permission for com.google.android.syncadapters.contacts to access cp will be managed locally.
D/dalvikvm( 2213): GC_CONCURRENT freed 471K, 13% free 4154K/4772K, paused 2ms+2ms, total 14ms
D/dalvikvm( 3336): GC_CONCURRENT freed 1983K, 25% free 7119K/9436K, paused 1ms+4ms, total 19ms
D/ConnectivityService( 1891): special network not available ni=mobile_hipri
D/dalvikvm( 3336): GC_CONCURRENT freed 1433K, 25% free 7126K/9436K, paused 2ms+1ms, total 15ms
D/dalvikvm( 3336): GC_CONCURRENT freed 806K, 18% free 7762K/9436K, paused 1ms+3ms, total 14ms
I/GLSUser ( 2213): [GLSUser] getTokenFromCache: [account: , callingPkg: com.google.android.music, service: sj]
D/dalvikvm( 2213): GC_CONCURRENT freed 408K, 13% free 4182K/4772K, paused 2ms+2ms, total 26ms
D/dalvikvm( 3336): GC_CONCURRENT freed 2011K, 23% free 7349K/9436K, paused 1ms+3ms, total 14ms
D/ConnectivityService( 1891): special network not available ni=mobile_hipri
D/dalvikvm( 3488): GC_CONCURRENT freed 315K, 16% free 3137K/3712K, paused 0ms+1ms, total 13ms
D/dalvikvm( 3336): GC_CONCURRENT freed 1493K, 22% free 7389K/9436K, paused 1ms+2ms, total 16ms
D/dalvikvm( 3336): GC_FOR_ALLOC freed 1268K, 21% free 7519K/9436K, paused 16ms, total 16ms
I/GLSUser ( 2213): [GLSUser] getTokenFromCache: [account: , callingPkg: com.google.android.music, service: sj]
D/dalvikvm( 4734): GC_CONCURRENT freed 267K, 9% free 3691K/4020K, paused 0ms+2ms, total 7ms
D/dalvikvm( 2213): GC_CONCURRENT freed 294K, 10% free 4297K/4772K, paused 2ms+3ms, total 16ms
D/dalvikvm( 2213): GC_CONCURRENT freed 288K, 9% free 4470K/4884K, paused 2ms+2ms, total 22ms
D/dalvikvm( 3488): GC_CONCURRENT freed 157K, 8% free 3415K/3712K, paused 0ms+2ms, total 8ms
D/CountryDetector( 1891): The first listener is added
D/dalvikvm( 3488): GC_CONCURRENT freed 136K, 6% free 3669K/3868K, paused 2ms+1ms, total 8ms
D/dalvikvm( 3336): GC_CONCURRENT freed 1729K, 23% free 7293K/9436K, paused 1ms+3ms, total 13ms
D/ConnectivityService( 1891): special network not available ni=mobile_hipri
D/dalvikvm( 3488): GC_CONCURRENT freed 282K, 9% free 3790K/4136K, paused 1ms+1ms, total 9ms
I/MDM ( 2252): [286] SitrepService.onHandleIntent: sending sitrep: [1, 11, [0vWd872STeQIG8rcCeI-mWFwbFE], true]
W/BaseAppContext( 2252): Using Auth Proxy for data requests.
V/GoogleAuthProtoRequest( 2252): [286] a.: mAccountName set to: flotux2@googlemail.com
I/GLSUser ( 2213): [GLSUser] getTokenFromCache: [account: , callingPkg: com.google.android.gms, service: oauth2:https://www.googleapis.com/auth/android_device_manager]
I/Auth.Core( 2213): [TokenCache] Missing snowballing token: no granted scopes set.
I/GLSUser ( 2213): [GLSUser] getTokenFromGoogle [account: , callingPkg: com.google.android.gms, service: oauth2:https://www.googleapis.com/auth/android_device_manager
D/dalvikvm( 2213): GC_CONCURRENT freed 313K, 9% free 4688K/5132K, paused 2ms+1ms, total 13ms
D/dalvikvm( 1891): GC_EXPLICIT freed 809K, 27% free 8724K/11856K, paused 2ms+4ms, total 48ms
I/GLSUser ( 2213): [GLSUser] getTokenFromCache: [account: , callingPkg: com.google.android.music, service: sj]
D/dalvikvm( 3336): GC_CONCURRENT freed 1558K, 25% free 7165K/9436K, paused 1ms+1ms, total 11ms
I/GLSUser ( 2213): [GLSUser] getAuthtoken(, oauth2:https://www.googleapis.com/auth/android_device_manager) -> status: null)
I/GLSUser ( 2213): [GLSUser] Extracting token using key: Auth
W/GLSUser ( 2213): [GLSUser] Permission for com.google.android.gms to access oauth2:https://www.googleapis.com/auth/android_device_manager will be managed locally.
D/ConnectivityService( 1891): special network not available ni=mobile_hipri
W/MusicApiClient( 3336): No content in 'data' field in GET sync response for SyncablePlaylist
I/GLSUser ( 2213): [GLSUser] getTokenFromCache: [account: , callingPkg: com.google.android.music, service: sj]
D/dalvikvm( 2252): GC_CONCURRENT freed 1082K, 40% free 5502K/9028K, paused 1ms+5ms, total 33ms
W/MusicApiClient( 3336): No content in 'data' field in GET sync response for SyncablePlaylistEntry
I/GLSUser ( 2213): [GLSUser] getTokenFromCache: [account: , callingPkg: com.google.android.music, service: sj]
D/dalvikvm( 2213): GC_CONCURRENT freed 464K, 11% free 4837K/5432K, paused 2ms+1ms, total 24ms
I/MDM ( 2252): [286] SitrepService.onHandleIntent: Sitrep successful
W/ContextImpl( 1891): Calling a method in the system process without a qualified user: android.app.ContextImpl.sendBroadcast:1131 com.android.server.usb.UsbSettingsManager.deviceAttached:621 com.android.server.usb.UsbHostManager.usbDeviceAdded:156 com.android.server.usb.UsbHostManager.monitorUsbHostBus:-2 com.android.server.usb.UsbHostManager.access$000:38
I/GLSUser ( 2213): [GLSUser] getTokenFromCache: [account: , callingPkg: com.google.android.music, service: sj]
D/ConnectivityService( 1891): special network not available ni=mobile_hipri
D/BlacklistItem( 3336): 0 blacklist items deleted.
I/MusicSyncAdapter( 3336): First periodic run for account: Account {name=flotux2@googlemail.com, type=com.google}
I/MusicSyncAdapter( 3336): Periodic update
D/dalvikvm( 3336): GC_CONCURRENT freed 2041K, 31% free 6512K/9436K, paused 1ms+1ms, total 12ms
W/MusicApiClient( 3336): Activity events list is null or empty. Skip reporting.
I/MusicLifecycle( 3336): Sync ended
E/cutils ( 1544): Failed to mkdirat(/storage/usb0/Android): Read-only file system
W/Vold ( 1544): Returning OperationFailed - no handler for errno 30
W/ContextImpl( 3336): Failed to ensure directory: /storage/usb0/Android/data/com.google.android.music/files
I/MusicLifecycle( 3336): Sync started
E/cutils ( 1544): Failed to mkdirat(/storage/usb1/Android): Read-only file system
W/Vold ( 1544): Returning OperationFailed - no handler for errno 30
W/ContextImpl( 3336): Failed to ensure directory: /storage/usb1/Android/data/com.google.android.music/files
E/cutils ( 1544): Failed to mkdirat(/storage/usb2/Android): Read-only file system
W/Vold ( 1544): Returning OperationFailed - no handler for errno 30
W/ContextImpl( 3336): Failed to ensure directory: /storage/usb2/Android/data/com.google.android.music/files
E/cutils ( 1544): Failed to mkdirat(/storage/usb3/Android): Read-only file system
W/Vold ( 1544): Returning OperationFailed - no handler for errno 30
W/ContextImpl( 3336): Failed to ensure directory: /storage/usb3/Android/data/com.google.android.music/files
E/Vold ( 1544): Failed to find volume for /storage/sdcard1/Android/data/com.google.android.music/files/
W/Vold ( 1544): Returning OperationFailed - no handler for errno 30
W/ContextImpl( 3336): Failed to ensure directory: /storage/sdcard1/Android/data/com.google.android.music/files
E/cutils ( 1544): Failed to mkdirat(/storage/usb0/Android): Read-only file system
W/Vold ( 1544): Returning OperationFailed - no handler for errno 30
W/ContextImpl( 3336): Failed to ensure directory: /storage/usb0/Android/data/com.google.android.music/cache
E/cutils ( 1544): Failed to mkdirat(/storage/usb1/Android): Read-only file system
W/ContextImpl( 3336): Failed to ensure directory: /storage/usb1/Android/data/com.google.android.music/cache
W/Vold ( 1544): Returning OperationFailed - no handler for errno 30
E/cutils ( 1544): Failed to mkdirat(/storage/usb2/Android): Read-only file system
W/Vold ( 1544): Returning OperationFailed - no handler for errno 30
W/ContextImpl( 3336): Failed to ensure directory: /storage/usb2/Android/data/com.google.android.music/cache
E/cutils ( 1544): Failed to mkdirat(/storage/usb3/Android): Read-only file system
W/Vold ( 1544): Returning OperationFailed - no handler for errno 30
W/ContextImpl( 3336): Failed to ensure directory: /storage/usb3/Android/data/com.google.android.music/cache
E/Vold ( 1544): Failed to find volume for /storage/sdcard1/Android/data/com.google.android.music/cache/
W/Vold ( 1544): Returning OperationFailed - no handler for errno 30
W/ContextImpl( 3336): Failed to ensure directory: /storage/sdcard1/Android/data/com.google.android.music/cache
E/cutils ( 1544): Failed to mkdirat(/storage/usb0/Android): Read-only file system
W/Vold ( 1544): Returning OperationFailed - no handler for errno 30
W/ContextImpl( 3336): Failed to ensure directory: /storage/usb0/Android/data/com.google.android.music/cache
I/ActivityManager( 1891): Start proc com.google.android.gms.wearable for service com.google.android.gms/.wearable.service.WearableService: pid=5165 uid=10008 gids={50008, 3003, 1007, 1028, 1015, 1023, 3002, 3001, 3007, 2001, 3006}
E/cutils ( 1544): Failed to mkdirat(/storage/usb1/Android): Read-only file system
W/Vold ( 1544): Returning OperationFailed - no handler for errno 30
W/ContextImpl( 3336): Failed to ensure directory: /storage/usb1/Android/data/com.google.android.music/cache
E/cutils ( 1544): Failed to mkdirat(/storage/usb2/Android): Read-only file system
W/Vold ( 1544): Returning OperationFailed - no handler for errno 30
I/GLSUser ( 2213): [GLSUser] getTokenFromCache: [account: , callingPkg: com.google.android.music, service: sj]
W/ContextImpl( 3336): Failed to ensure directory: /storage/usb2/Android/data/com.google.android.music/cache
E/cutils ( 1544): Failed to mkdirat(/storage/usb3/Android): Read-only file system
W/Vold ( 1544): Returning OperationFailed - no handler for errno 30
