D/dalvikvm( 3488): GC_CONCURRENT freed 433K, 28% free 3460K/4760K, paused 1ms+1ms, total 8ms
I/DownloadManager( 5116): Download 16 starting
D/dalvikvm( 5116): GC_CONCURRENT freed 391K, 20% free 3299K/4080K, paused 1ms+1ms, total 7ms
D/dalvikvm( 5308): GC_CONCURRENT freed 452K, 17% free 3062K/3656K, paused 1ms+0ms, total 5ms
D/dalvikvm( 5308): GC_CONCURRENT freed 441K, 16% free 3098K/3656K, paused 1ms+1ms, total 6ms
D/dalvikvm( 1891): GC_EXPLICIT freed 192K, 27% free 8696K/11856K, paused 1ms+2ms, total 31ms
D/dalvikvm( 5308): GC_CONCURRENT freed 365K, 15% free 3129K/3656K, paused 0ms+1ms, total 6ms
D/dalvikvm( 5293): GC_CONCURRENT freed 501K, 19% free 3173K/3880K, paused 1ms+1ms, total 8ms
D/CalendarSyncAdapter( 5293): Found 0 events marked dirty & lastSynced
W/Gmail ( 5341): Sync started for account: account:-868725537
I/Gmail ( 5341): notifyAccountChanged
I/Gmail ( 5341): getAccountsCursor
I/Gmail ( 5341): MainSyncRequestProto: lowestBkwdConvoId: 0, highestHandledServerOp: 143870, normalSync: true
D/dalvikvm( 5341): GC_CONCURRENT freed 443K, 13% free 4042K/4608K, paused 1ms+1ms, total 9ms
I/GLSUser ( 2213): [GLSUser] getTokenFromCache: [account: , callingPkg: com.google.android.gm, service: mail]
I/DownloadManager( 5116): Download 16 finished with status SUCCESS
D/dalvikvm( 2213): GC_CONCURRENT freed 444K, 21% free 4310K/5408K, paused 2ms+3ms, total 16ms
D/dalvikvm( 5341): GC_EXPLICIT freed 161K, 14% free 3968K/4608K, paused 1ms+1ms, total 24ms
I/GLSUser ( 2213): [GLSUser] getTokenFromCache: [account: , callingPkg: com.google.android.gm, service: mail]
I/Gmail ( 5341): MainSyncRequestProto: lowestBkwdConvoId: 0, highestHandledServerOp: 143870, normalSync: true
I/Gmail ( 5341): lowestBackward conversation id 0
V/NQFileLogger( 2213): [208] e.a: about to write to file
E/Gmail ( 5341): Account account:-868725537 is not registered for search
I/DownloadManager( 5116): Download 17 starting
I/Gmail ( 5341): notifyAccountChanged
I/Gmail ( 5341): getAccountsCursor
W/Gmail ( 5341): Sync complete for account: account:-868725537
D/dalvikvm( 1891): GC_EXPLICIT freed 364K, 27% free 8714K/11856K, paused 1ms+2ms, total 35ms
D/dalvikvm( 3488): GC_CONCURRENT freed 439K, 28% free 3468K/4760K, paused 2ms+1ms, total 7ms
I/dalvikvm( 1891): JIT code cache full after ChainingCell (trace uses 80B)
I/DownloadManager( 5116): Download 17 finished with status SUCCESS
D/dalvikvm( 5341): GC_CONCURRENT freed 372K, 14% free 3989K/4608K, paused 0ms+2ms, total 11ms
I/GLSUser ( 2213): [GLSUser] getTokenFromCache: [account: , callingPkg: com.google.android.gm, service: mail]
I/DownloadManager( 5116): Download 18 starting
D/dalvikvm( 2213): GC_CONCURRENT freed 459K, 21% free 4299K/5408K, paused 2ms+1ms, total 10ms
D/dalvikvm( 5116): GC_CONCURRENT freed 391K, 19% free 3305K/4080K, paused 2ms+1ms, total 8ms
I/DownloadManager( 5116): Download 18 finished with status SUCCESS
I/GLSUser ( 2213): [GLSUser] getTokenFromCache: [account: , callingPkg: com.google.android.gm, service: mail]
I/DownloadManager( 5116): Download 19 starting
D/dalvikvm( 3488): GC_CONCURRENT freed 439K, 29% free 3421K/4760K, paused 1ms+1ms, total 6ms
D/dalvikvm( 3488): GC_CONCURRENT freed 388K, 28% free 3459K/4760K, paused 0ms+1ms, total 7ms
D/dalvikvm( 2213): GC_CONCURRENT freed 462K, 21% free 4281K/5408K, paused 1ms+1ms, total 9ms
D/dalvikvm( 3488): GC_CONCURRENT freed 436K, 28% free 3462K/4760K, paused 1ms+2ms, total 8ms
I/DownloadManager( 5116): Download 19 finished with status SUCCESS
D/dalvikvm( 1891): JIT code cache reset in 0 ms (523208 bytes 1/0)
D/dalvikvm( 1891): GC_EXPLICIT freed 310K, 27% free 8715K/11856K, paused 1ms+3ms, total 37ms
W/ActivityManager( 1891): No content provider found for permission revoke: file:///data/user/0/com.android.providers.downloads/cache/downloadfile.apk
D/Finsky ( 3989): [1] PackageVerificationReceiver.checkPrerequisites: Skipping verification because own installation
D/Finsky ( 3989): [1] PackageVerificationReceiver.onReceive: Verification requested, id = 0
D/dalvikvm( 5261): GC_CONCURRENT freed 362K, 14% free 2731K/3160K, paused 1ms+1ms, total 9ms
I/GLSUser ( 2213): [GLSUser] getTokenFromCache: [account: , callingPkg: com.google.android.gm, service: mail]
I/DownloadManager( 5116): Download 20 starting
W/ActivityManager( 1891): No content provider found for permission revoke: file:///data/user/0/com.android.providers.downloads/cache/downloadfile.apk
I/PackageManager( 1891): Copying native libraries to /data/app-lib/vmdl697836979
I/GLSUser ( 2213): [GLSUser] getTokenFromCache: [account: , callingPkg: com.google.android.syncadapters.contacts, service: cp]
W/ResourceType( 1891): Failure getting entry for 0x7f0c0149 (t=11 e=329) in package 0 (error -75)
W/ResourceType( 1891): Failure getting entry for 0x7f0c0149 (t=11 e=329) in package 0 (error -75)
D/dalvikvm( 1891): GC_CONCURRENT freed 608K, 20% free 9546K/11856K, paused 2ms+4ms, total 42ms
D/dalvikvm( 1891): GC_FOR_ALLOC freed 475K, 18% free 9751K/11856K, paused 25ms, total 25ms
I/dalvikvm-heap( 1891): Grow heap (frag case) to 10.083MB for 521600-byte allocation
D/dalvikvm( 1891): GC_FOR_ALLOC freed <1K, 18% free 10260K/12368K, paused 26ms, total 26ms
D/dalvikvm( 1891): GC_FOR_ALLOC freed 254K, 20% free 10006K/12368K, paused 25ms, total 25ms
I/dalvikvm-heap( 1891): Grow heap (frag case) to 10.103MB for 280837-byte allocation
D/dalvikvm( 1891): GC_FOR_ALLOC freed 510K, 23% free 9770K/12644K, paused 25ms, total 25ms
D/dalvikvm( 1891): GC_FOR_ALLOC freed 244K, 21% free 10027K/12644K, paused 25ms, total 25ms
I/dalvikvm-heap( 1891): Grow heap (frag case) to 10.353MB for 522252-byte allocation
D/dalvikvm( 1891): GC_FOR_ALLOC freed <1K, 20% free 10536K/13156K, paused 25ms, total 25ms
D/dalvikvm( 1891): GC_FOR_ALLOC freed 879K, 23% free 10173K/13156K, paused 24ms, total 24ms
D/dalvikvm( 1891): GC_FOR_ALLOC freed 380K, 20% free 10557K/13156K, paused 24ms, total 24ms
I/DownloadManager( 5116): Download 20 finished with status SUCCESS
D/dalvikvm( 5116): GC_CONCURRENT freed 398K, 20% free 3299K/4080K, paused 0ms+3ms, total 16ms
D/dalvikvm( 1891): GC_CONCURRENT freed 1015K, 13% free 11520K/13156K, paused 1ms+2ms, total 33ms
D/dalvikvm( 1891): WAIT_FOR_CONCURRENT_GC blocked 24ms
D/dalvikvm( 1891): GC_CONCURRENT freed 1172K, 9% free 12569K/13808K, paused 0ms+2ms, total 36ms
D/dalvikvm( 1891): WAIT_FOR_CONCURRENT_GC blocked 28ms
D/dalvikvm( 1891): GC_CONCURRENT freed 2804K, 20% free 12152K/15112K, paused 1ms+3ms, total 37ms
D/dalvikvm( 1891): WAIT_FOR_CONCURRENT_GC blocked 34ms
D/dalvikvm( 1891): GC_CONCURRENT freed 2363K, 20% free 12166K/15112K, paused 2ms+3ms, total 39ms
D/dalvikvm( 1891): WAIT_FOR_CONCURRENT_GC blocked 30ms
D/dalvikvm( 1891): GC_CONCURRENT freed 2352K, 20% free 12188K/15112K, paused 1ms+2ms, total 37ms
D/dalvikvm( 1891): WAIT_FOR_CONCURRENT_GC blocked 33ms
D/dalvikvm( 1891): GC_CONCURRENT freed 2365K, 20% free 12208K/15112K, paused 2ms+2ms, total 39ms
D/dalvikvm( 1891): WAIT_FOR_CONCURRENT_GC blocked 32ms
D/dalvikvm( 1891): GC_CONCURRENT freed 2380K, 20% free 12211K/15112K, paused 2ms+3ms, total 39ms
D/dalvikvm( 1891): WAIT_FOR_CONCURRENT_GC blocked 33ms
D/dalvikvm( 1891): GC_CONCURRENT freed 2371K, 20% free 12232K/15112K, paused 1ms+3ms, total 39ms
D/dalvikvm( 1891): WAIT_FOR_CONCURRENT_GC blocked 33ms
D/dalvikvm( 1891): GC_CONCURRENT freed 2358K, 19% free 12271K/15112K, paused 2ms+3ms, total 41ms
D/dalvikvm( 1891): WAIT_FOR_CONCURRENT_GC blocked 34ms
D/dalvikvm( 1891): GC_CONCURRENT freed 2395K, 19% free 12278K/15112K, paused 2ms+3ms, total 41ms
D/dalvikvm( 1891): WAIT_FOR_CONCURRENT_GC blocked 33ms
D/dalvikvm( 1891): GC_CONCURRENT freed 2379K, 19% free 12300K/15112K, paused 2ms+3ms, total 39ms
D/dalvikvm( 1891): WAIT_FOR_CONCURRENT_GC blocked 31ms
D/dalvikvm( 1891): GC_CONCURRENT freed 2398K, 19% free 12314K/15112K, paused 1ms+3ms, total 37ms
D/dalvikvm( 1891): WAIT_FOR_CONCURRENT_GC blocked 31ms
D/dalvikvm( 1891): GC_CONCURRENT freed 2406K, 19% free 12320K/15112K, paused 1ms+3ms, total 38ms
D/dalvikvm( 1891): WAIT_FOR_CONCURRENT_GC blocked 32ms
D/dalvikvm( 1891): GC_CONCURRENT freed 2399K, 19% free 12340K/15112K, paused 2ms+3ms, total 40ms
D/dalvikvm( 1891): WAIT_FOR_CONCURRENT_GC blocked 32ms
W/PackageManager( 1891): Trying to update system app code path from /system/priv-app/Phonesky.apk to /data/app/com.android.vending-1.apk
I/PackageManager( 1891): Running dexopt on: com.android.vending
D/dalvikvm( 5550): DexOpt: 'Landroid/content/pm/IPackageStatsObserver;' has an earlier definition; blocking out
D/dalvikvm( 5550): DexOpt: 'Landroid/content/pm/IPackageStatsObserver$Stub;' has an earlier definition; blocking out
D/dalvikvm( 5550): DexOpt: not verifying/optimizing 'Landroid/content/pm/IPackageStatsObserver;': multiple definitions
D/dalvikvm( 5550): DexOpt: not verifying/optimizing 'Landroid/content/pm/IPackageStatsObserver$Stub;': multiple definitions
I/dalvikvm( 5550): DexOpt: not resolving ambiguous class 'Landroid/content/pm/IPackageStatsObserver$Stub;'
I/dalvikvm( 5550): DexOpt: not resolving ambiguous class 'Landroid/content/pm/IPackageStatsObserver;'
D/dalvikvm( 5550): DexOpt: couldn't find static field Landroid/os/Build;.SUPPORTED_ABIS
D/dalvikvm( 5550): DexOpt: load 152ms, verify+opt 1005ms, 5925620 bytes
W/PackageManager( 1891): Code path for pkg : com.android.vending changing from /system/priv-app/Phonesky.apk to /data/app/com.android.vending-1.apk
W/PackageManager( 1891): Resource path for pkg : com.android.vending changing from /system/priv-app/Phonesky.apk to /data/app/com.android.vending-1.apk
W/PackageManager( 1891): Not granting permission android.permission.GLOBAL_SEARCH to package com.android.quicksearchbox (protectionLevel=18 flags=0x88be45)
W/PackageManager( 1891): Unknown permission com.android.smspush.WAPPUSH_MANAGER_BIND in package com.android.phone
W/PackageManager( 1891): Unknown permission com.android.vending.billing.IBillingAccountService.BIND2 in package com.google.android.gsf.login
W/PackageManager( 1891): Unknown permission com.android.chrome.TOS_ACKED in package com.google.android.gsf.login
W/PackageManager( 1891): Unknown permission com.google.android.gallery3d.permission.GALLERY_PROVIDER in package com.android.bluetooth
W/PackageManager( 1891): Not granting permission android.permission.ACCESS_DOWNLOAD_MANAGER to package com.android.browser (protectionLevel=18 flags=0x89be45)
W/PackageManager( 1891): Not granting permission android.permission.SEND_DOWNLOAD_COMPLETED_INTENTS to package com.android.browser (protectionLevel=2 flags=0x89be45)
W/PackageManager( 1891): Unknown permission com.android.launcher.permission.READ_SETTINGS in package com.android.onetimeinitializer
W/PackageManager( 1891): Unknown permission com.android.launcher.permission.WRITE_SETTINGS in package com.android.onetimeinitializer
W/PackageManager( 1891): Not granting permission android.permission.BIND_WALLPAPER to package com.android.camera2 (protectionLevel=18 flags=0xd8bc45)
W/PackageManager( 1891): Unknown permission android.permission.INSTALL_DRM in package com.android.mms
W/PackageManager( 1891): Unknown permission android.permission.RECOVERY in package com.google.android.gms
W/PackageManager( 1891): Not granting permission android.permission.READ_DREAM_STATE to package com.google.android.gms (protectionLevel=2 flags=0x40c83e45)
W/PackageManager( 1891): Unknown permission android.permission.PROVIDE_TRUST_AGENT in package com.google.android.gms
W/PackageManager( 1891): Unknown permission com.google.android.apps.enterprise.dmagent.permission.AutoSyncPermission in package com.google.android.gms
W/PackageManager( 1891): Unknown permission android.permission.MANAGE_VOICE_KEYPHRASES in package com.google.android.gms
W/PackageManager( 1891): Unknown permission android.permission.REAL_GET_TASKS in package com.google.android.gms
W/PackageManager( 1891): Unknown permission com.google.android.hangouts.START_HANGOUT in package com.google.android.gms
W/PackageManager( 1891): Unknown permission android.permission.READ_WIFI_CREDENTIAL in package com.google.android.gms
W/PackageManager( 1891): Unknown permission android.permission.CONTROL_INCALL_EXPERIENCE in package com.google.android.gms
W/PackageManager( 1891): Unknown permission android.permission.USER_ACTIVITY in package com.google.android.gms
W/PackageManager( 1891): Unknown permission android.permission.MODIFY_AUDIO_ROUTING in package com.google.android.gms
W/PackageManager( 1891): Unknown permission com.google.android.wearable.READ_SETTINGS in package com.google.android.gms
W/PackageManager( 1891): Unknown permission android.permission.BODY_SENSORS in package com.google.android.gms
W/PackageManager( 1891): Unknown permission com.android.voicemail.permission.READ_VOICEMAIL in package com.google.android.gms
W/PackageManager( 1891): Not granting permission android.permission.MANAGE_DOCUMENTS to package com.google.android.gms (protectionLevel=2 flags=0x40c83e45)
W/PackageManager( 1891): Unknown permission android.permission.READ_OWNER_DATA in package com.google.android.setupwizard
W/PackageManager( 1891): Unknown permission android.permission.WRITE_OWNER_DATA in package com.google.android.setupwizard
W/PackageManager( 1891): Unknown permission com.android.launcher.permission.READ_SETTINGS in package com.android.settings
W/PackageManager( 1891): Unknown permission com.android.launcher.permission.WRITE_SETTINGS in package com.android.settings
W/PackageManager( 1891): Unknown permission com.google.android.voicesearch.SHORTCUTS_ACCESS in package com.google.android.googlequicksearchbox
W/PackageManager( 1891): Unknown permission com.google.android.voicesearch.ACCESS_SETTINGS in package com.google.android.googlequicksearchbox
W/PackageManager( 1891): Unknown permission com.google.android.ears.permission.WRITE in package com.google.android.googlequicksearchbox
W/PackageManager( 1891): Unknown permission android.permission.REAL_GET_TASKS in package com.google.android.googlequicksearchbox
W/PackageManager( 1891): Unknown permission com.google.android.apps.googlevoice.permission.AUTO_SEND in package com.google.android.googlequicksearchbox
W/PackageManager( 1891): Unknown permission com.google.android.hangouts.START_HANGOUT in package com.google.android.googlequicksearchbox
W/PackageManager( 1891): Unknown permission android.permission.MANAGE_VOICE_KEYPHRASES in package com.google.android.googlequicksearchbox
W/PackageManager( 1891): Unknown permission com.android.chrome.PRERENDER_URL in package com.google.android.googlequicksearchbox
W/PackageManager( 1891): Unknown permission com.google.android.launcher.permission.CONTENT_REDIRECT in package com.google.android.googlequicksearchbox
W/PackageManager( 1891): Not granting permission android.permission.MOUNT_UNMOUNT_FILESYSTEMS to package net.toload.main.hd (protectionLevel=18 flags=0x89be45)
W/PackageManager( 1891): Not granting permission android.permission.DELETE_PACKAGES to package com.svox.pico (protectionLevel=18 flags=0x88be45)
W/PackageManager( 1891): Unknown permission android.permission.WRITE_SYNC_STATS in package com.google.android.apps.docs
W/PackageManager( 1891): Unknown permission com.android.launcher.permission.READ_SETTINGS in package com.google.android.onetimeinitializer
W/PackageManager( 1891): Unknown permission com.android.launcher.permission.WRITE_SETTINGS in package com.google.android.onetimeinitializer
W/PackageManager( 1891): Unknown permission com.android.launcher.permission.PRELOAD_WORKSPACE in package com.google.android.partnersetup
W/PackageManager( 1891): Unknown permission com.cyanogenmod.filemanager.permissions.READ_THEME in package com.cyanogenmod.filemanager
W/PackageManager( 1891): Unknown permission com.android.launcher.permission.READ_SETTINGS in package com.cyanogenmod.trebuchet
W/PackageManager( 1891): Unknown permission com.android.launcher.permission.WRITE_SETTINGS in package com.cyanogenmod.trebuchet
W/PackageManager( 1891): Unknown permission com.google.android.email.permission.READ_ATTACHMENT in package com.google.android.gm
W/PackageManager( 1891): Unknown permission com.google.android.email.permission.ACCESS_PROVIDER in package com.google.android.gm
W/PackageManager( 1891): Not granting permission android.permission.MANAGE_DOCUMENTS to package com.google.android.youtube (protectionLevel=2 flags=0xd83e45)
W/PackageManager( 1891): Not granting permission android.permission.DEVICE_POWER to package com.android.deskclock (protectionLevel=2 flags=0xc8be45)
W/PackageManager( 1891): Not granting permission android.permission.READ_DREAM_STATE to package com.google.android.gsf (protectionLevel=2 flags=0x40883e45)
W/PackageManager( 1891): Unknown permission android.permission.REAL_GET_TASKS in package com.android.vending
W/PackageManager( 1891): Not granting permission android.permission.SEND_DOWNLOAD_COMPLETED_INTENTS to package com.android.vending (protectionLevel=2 flags=0x400abec5)
W/PackageManager( 1891): Unknown permission android.permission.SEND_SMS_NO_CONFIRMATION in package com.android.vending
W/PackageManager( 1891): Unknown permission android.permission.USE_FINGERPRINT in package com.android.vending
W/PackageManager( 1891): Unknown permission android.permission.GET_PACKAGE_IMPORTANCE in package com.android.vending
W/PackageManager( 1891): Unknown permission android.permission.GET_ACCOUNTS_PRIVILEGED in package com.android.vending
W/PackageManager( 1891): Unknown permission android.permission.INSTALL_GRANT_RUNTIME_PERMISSIONS in package com.android.vending
W/PackageManager( 1891): Unknown permission android.permission.GRANT_RUNTIME_PERMISSIONS in package com.android.vending
W/PackageManager( 1891): Unknown permission android.permission.REVOKE_RUNTIME_PERMISSIONS in package com.android.vending
I/ActivityManager( 1891): Force stopping com.android.vending appid=10016 user=-1: replace sys pkg
I/ActivityManager( 1891): Killing 3989:com.android.vending/u0a16 (adj 11): stop com.android.vending
I/ActivityManager( 1891): Force stopping com.android.vending appid=10016 user=0: pkg removed
I/ActivityManager( 1891): Force stopping com.android.vending appid=10016 user=-1: update pkg
I/InputReader( 1891): Reconfiguring input devices. changes=0x00000010
I/InputReader( 1891): Reconfiguring input devices. changes=0x00000010
I/InputReader( 1891): Reconfiguring input devices. changes=0x00000010
D/dalvikvm( 2622): GC_EXPLICIT freed 231K, 21% free 4109K/5156K, paused 1ms+6ms, total 29ms
I/PackageManager( 1891): Action: "android.intent.action.SENDTO"
I/PackageManager( 1891): Category: "android.intent.category.DEFAULT"
I/PackageManager( 1891): Scheme: "sms"
I/PackageManager( 1891): Adding preferred activity ComponentInfo{com.android.mms/com.android.mms.ui.ComposeMessageActivity} for user 0 :
I/PackageManager( 1891): Action: "android.intent.action.SENDTO"
I/PackageManager( 1891): Category: "android.intent.category.DEFAULT"
I/PackageManager( 1891): Scheme: "smsto"
I/PackageManager( 1891): Adding preferred activity ComponentInfo{com.android.mms/com.android.mms.ui.ComposeMessageActivity} for user 0 :
I/PackageManager( 1891): Action: "android.intent.action.SENDTO"
I/PackageManager( 1891): Adding preferred activity ComponentInfo{com.android.mms/com.android.mms.ui.ComposeMessageActivity} for user 0 :
I/PackageManager( 1891): Category: "android.intent.category.DEFAULT"
I/PackageManager( 1891): Scheme: "mms"
D/dalvikvm( 4759): GC_EXPLICIT freed 12214K, 11% free 5690K/6344K, paused 1ms+1ms, total 60ms
I/PackageManager( 1891): Action: "android.intent.action.SENDTO"
I/PackageManager( 1891): Category: "android.intent.category.DEFAULT"
I/PackageManager( 1891): Scheme: "mmsto"
I/PackageManager( 1891): Adding preferred activity ComponentInfo{com.android.mms/com.android.mms.ui.ComposeMessageActivity} for user 0 :
I/PackageManager( 1891): Action: "android.intent.action.SENDTO"
I/PackageManager( 1891): Category: "android.intent.category.DEFAULT"
I/PackageManager( 1891): Scheme: "sms"
I/PackageManager( 1891): Adding preferred activity ComponentInfo{com.android.mms/com.android.mms.ui.ComposeMessageActivity} for user 0 :
D/BackupManagerService( 1891): Received broadcast Intent { act=android.intent.action.PACKAGE_REMOVED dat=package:com.android.vending flg=0x4000010 (has extras) }
I/PackageManager( 1891): Action: "android.intent.action.SENDTO"
I/PackageManager( 1891): Category: "android.intent.category.DEFAULT"
I/PackageManager( 1891): Adding preferred activity ComponentInfo{com.android.mms/com.android.mms.ui.ComposeMessageActivity} for user 0 :
I/PackageManager( 1891): Scheme: "smsto"
E/NetworkScheduler.SchedulerReceiver( 2213): Invalid parameter app
E/NetworkScheduler.SchedulerReceiver( 2213): Invalid package name : Perhaps you didn't include a PendingIntent in the extras?
I/PackageManager( 1891): Action: "android.intent.action.SENDTO"
I/PackageManager( 1891): Category: "android.intent.category.DEFAULT"
I/PackageManager( 1891): Scheme: "mms"
I/PackageManager( 1891): Adding preferred activity ComponentInfo{com.android.mms/com.android.mms.ui.ComposeMessageActivity} for user 0 :
I/PackageManager( 1891): Action: "android.intent.action.SENDTO"
I/PackageManager( 1891): Category: "android.intent.category.DEFAULT"
I/PackageManager( 1891): Scheme: "mmsto"
I/PackageManager( 1891): Adding preferred activity ComponentInfo{com.android.mms/com.android.mms.ui.ComposeMessageActivity} for user 0 :
D/dalvikvm( 2091): GC_CONCURRENT freed 392K, 15% free 3080K/3596K, paused 1ms+0ms, total 15ms
W/BackupManagerService( 1891): dataChanged but no participant pkg='com.cyanogenmod.trebuchet' uid=10020
D/BackupManagerService( 1891): Received broadcast Intent { act=android.intent.action.PACKAGE_ADDED dat=package:com.android.vending flg=0x4000010 (has extras) }
V/BackupManagerService( 1891): removePackageParticipantsLocked: uid=10016 #1
V/BackupManagerService( 1891): addPackageParticipantsLocked: #1
I/BackupManagerService( 1891): Scheduling backup for new app com.android.vending
D/BackupManagerService( 1891): Now staging backup of com.android.vending
I/Launcher( 4759): Deferring update until onResume
I/PackageManager( 1891): Action: "android.intent.action.SENDTO"
I/PackageManager( 1891): Category: "android.intent.category.DEFAULT"
I/PackageManager( 1891): Scheme: "sms"
I/PackageManager( 1891): Adding preferred activity ComponentInfo{com.android.mms/com.android.mms.ui.ComposeMessageActivity} for user 0 :
D/ChimeraRcvrProxy( 2252): Creating receiver proxy ComponentInfo{com.google.android.gms/com.google.android.gms.games.chimera.GamesSystemBroadcastReceiverProxy}
D/ChimeraRcvrProxy( 2252): Proxying container receiver ComponentInfo{com.google.android.gms/com.google.android.gms.games.chimera.GamesSystemBroadcastReceiverProxy} to Chimera receiver impl com.google.android.gms.games.receiver.PlaySystemBroadcastReceiver
D/ChimeraCfgMgr( 2252): Loading module com.google.android.gms.games from APK com.google.android.play.games
D/ChimeraModuleLdr( 2252): Loading module APK com.google.android.play.games
D/PackageBroadcastService( 2252): Received broadcast action=android.intent.action.PACKAGE_REMOVED and uri=com.android.vending
E/dalvikvm( 2252): Dex cache directory isn't writable: /data/dalvik-cache
I/dalvikvm( 2252): Unable to open or create cache for /system/app/PlayGames.apk (/data/dalvik-cache/system@app@PlayGames.apk@classes.dex)
I/PackageManager( 1891): Action: "android.intent.action.SENDTO"
I/PackageManager( 1891): Category: "android.intent.category.DEFAULT"
I/PackageManager( 1891): Scheme: "smsto"
I/PackageManager( 1891): Adding preferred activity ComponentInfo{com.android.mms/com.android.mms.ui.ComposeMessageActivity} for user 0 :
E/ChimeraModuleLdr( 2252): Initialization failed for module com.google.android.play.games
E/ChimeraModuleLdr( 2252): java.lang.ClassNotFoundException: Didn't find class "com.google.android.gms.chimera.GmsModuleInitializer" on path: DexPathList[[zip file "/system/app/PlayGames.apk"],nativeLibraryDirectories=[/system/lib, /system/lib/arm]]
E/ChimeraModuleLdr( 2252): at dalvik.system.BaseDexClassLoader.findClass(BaseDexClassLoader.java:56)
E/ChimeraModuleLdr( 2252): at java.lang.ClassLoader.loadClass(ClassLoader.java:497)
E/ChimeraModuleLdr( 2252): at java.lang.ClassLoader.loadClass(ClassLoader.java:457)
E/ChimeraModuleLdr( 2252): at com.google.android.gms.chimera.container.GmsModuleApi.onApkLoaded(SourceFile:39)
E/ChimeraModuleLdr( 2252): at com.google.android.chimera.container.a.i.a(SourceFile:105)
E/ChimeraModuleLdr( 2252): at com.google.android.chimera.container.a.a(SourceFile:308)
E/ChimeraModuleLdr( 2252): at com.google.android.chimera.BroadcastReceiverProxy.onReceive(SourceFile:65)
E/ChimeraModuleLdr( 2252): at android.app.ActivityThread.handleReceiver(ActivityThread.java:2407)
E/ChimeraModuleLdr( 2252): at android.app.ActivityThread.access$1700(ActivityThread.java:135)
E/ChimeraModuleLdr( 2252): at android.app.ActivityThread$H.handleMessage(ActivityThread.java:1272)
E/ChimeraModuleLdr( 2252): at android.os.Handler.dispatchMessage(Handler.java:102)
E/ChimeraModuleLdr( 2252): at android.os.Looper.loop(Looper.java:136)
E/ChimeraModuleLdr( 2252): at android.app.ActivityThread.main(ActivityThread.java:5001)
E/ChimeraModuleLdr( 2252): at java.lang.reflect.Method.invokeNative(Native Method)
E/ChimeraModuleLdr( 2252): at java.lang.reflect.Method.invoke(Method.java:515)
E/ChimeraModuleLdr( 2252): at com.android.internal.os.ZygoteInit$MethodAndArgsCaller.run(ZygoteInit.java:785)
E/ChimeraModuleLdr( 2252): at com.android.internal.os.ZygoteInit.main(ZygoteInit.java:601)
E/ChimeraModuleLdr( 2252): at dalvik.system.NativeStart.main(Native Method)
E/ChimeraModuleLdr( 2252): Suppressed: java.io.IOException: unable to open DEX file
E/ChimeraModuleLdr( 2252): at dalvik.system.DexFile.openDexFileNative(Native Method)
E/ChimeraModuleLdr( 2252): at dalvik.system.DexFile.openDexFile(DexFile.java:296)
E/ChimeraModuleLdr( 2252): at dalvik.system.DexFile.(DexFile.java:80)
E/ChimeraModuleLdr( 2252): at dalvik.system.DexFile.(DexFile.java:59)
E/ChimeraModuleLdr( 2252): at dalvik.system.DexPathList.loadDexFile(DexPathList.java:263)
E/ChimeraModuleLdr( 2252): at dalvik.system.DexPathList.makeDexElements(DexPathList.java:230)
E/ChimeraModuleLdr( 2252): at dalvik.system.DexPathList.(DexPathList.java:112)
E/ChimeraModuleLdr( 2252): at dalvik.system.BaseDexClassLoader.(BaseDexClassLoader.java:48)
E/ChimeraModuleLdr( 2252): at dalvik.system.PathClassLoader.(PathClassLoader.java:65)
E/ChimeraModuleLdr( 2252): at com.google.android.chimera.container.f.a(SourceFile:30)
E/ChimeraModuleLdr( 2252): at com.google.android.chimera.container.a.i.a(SourceFile:87)
E/ChimeraModuleLdr( 2252): ... 13 more
E/ChimeraRcvrProxy( 2252): Failed to load module containing Chimera receiver impl for ComponentInfo{com.google.android.gms/com.google.android.gms.games.chimera.GamesSystemBroadcastReceiverProxy}, dropping broadcast
I/ConfigFetchService( 2252): onStartCommand Intent { act=android.intent.action.PACKAGE_REMOVED dat=package:com.android.vending cmp=com.google.android.gms/.config.ConfigFetchService (has extras) }
I/PackageManager( 1891): Action: "android.intent.action.SENDTO"
I/PackageManager( 1891): Category: "android.intent.category.DEFAULT"
I/PackageManager( 1891): Scheme: "mms"
I/PackageManager( 1891): Adding preferred activity ComponentInfo{com.android.mms/com.android.mms.ui.ComposeMessageActivity} for user 0 :
I/PackageManager( 1891): Action: "android.intent.action.SENDTO"
I/PackageManager( 1891): Category: "android.intent.category.DEFAULT"
I/PackageManager( 1891): Scheme: "mmsto"
I/PackageManager( 1891): Adding preferred activity ComponentInfo{com.android.mms/com.android.mms.ui.ComposeMessageActivity} for user 0 :
W/ResourceType( 1891): Failure getting entry for 0x7f060000 (t=5 e=0) in package 0 (error -75)
I/PackageManager( 1891): Action: "android.intent.action.SENDTO"
I/PackageManager( 1891): Category: "android.intent.category.DEFAULT"
I/PackageManager( 1891): Scheme: "sms"
I/PackageManager( 1891): Adding preferred activity ComponentInfo{com.android.mms/com.android.mms.ui.ComposeMessageActivity} for user 0 :
I/PackageManager( 1891): Action: "android.intent.action.SENDTO"
I/PackageManager( 1891): Category: "android.intent.category.DEFAULT"
I/PackageManager( 1891): Scheme: "smsto"
I/PackageManager( 1891): Adding preferred activity ComponentInfo{com.android.mms/com.android.mms.ui.ComposeMessageActivity} for user 0 :
I/Launcher( 4759): Deferring update until onResume
I/Launcher( 4759): Deferring update until onResume
I/PackageManager( 1891): Action: "android.intent.action.SENDTO"
I/PackageManager( 1891): Category: "android.intent.category.DEFAULT"
I/PackageManager( 1891): Scheme: "mms"
I/PackageManager( 1891): Adding preferred activity ComponentInfo{com.android.mms/com.android.mms.ui.ComposeMessageActivity} for user 0 :
I/PackageManager( 1891): Action: "android.intent.action.SENDTO"
I/PackageManager( 1891): Category: "android.intent.category.DEFAULT"
I/PackageManager( 1891): Scheme: "mmsto"
I/PackageManager( 1891): Adding preferred activity ComponentInfo{com.android.mms/com.android.mms.ui.ComposeMessageActivity} for user 0 :
I/PackageManager( 1891): Action: "android.intent.action.SENDTO"
I/PackageManager( 1891): Category: "android.intent.category.DEFAULT"
I/PackageManager( 1891): Scheme: "sms"
I/PackageManager( 1891): Adding preferred activity ComponentInfo{com.android.mms/com.android.mms.ui.ComposeMessageActivity} for user 0 :
I/ActivityManager( 1891): Start proc com.android.musicfx for broadcast com.android.musicfx/.Compatibility$Receiver: pid=5558 uid=10014 gids={50014, 3003, 3002}
I/PackageManager( 1891): Action: "android.intent.action.SENDTO"
I/PackageManager( 1891): Category: "android.intent.category.DEFAULT"
I/PackageManager( 1891): Scheme: "smsto"
I/PackageManager( 1891): Adding preferred activity ComponentInfo{com.android.mms/com.android.mms.ui.ComposeMessageActivity} for user 0 :
D/dalvikvm( 1549): GC_EXPLICIT freed 41K, 4% free 2668K/2772K, paused 0ms+0ms, total 15ms
I/PackageManager( 1891): Action: "android.intent.action.SENDTO"
I/PackageManager( 1891): Category: "android.intent.category.DEFAULT"
I/PackageManager( 1891): Scheme: "mms"
I/PackageManager( 1891): Adding preferred activity ComponentInfo{com.android.mms/com.android.mms.ui.ComposeMessageActivity} for user 0 :
D/dalvikvm( 1549): GC_EXPLICIT freed <1K, 4% free 2668K/2772K, paused 1ms+1ms, total 8ms
I/PackageManager( 1891): Action: "android.intent.action.SENDTO"
I/PackageManager( 1891): Category: "android.intent.category.DEFAULT"
I/PackageManager( 1891): Scheme: "mmsto"
I/PackageManager( 1891): Adding preferred activity ComponentInfo{com.android.mms/com.android.mms.ui.ComposeMessageActivity} for user 0 :
D/dalvikvm( 1549): GC_EXPLICIT freed <1K, 4% free 2668K/2772K, paused 0ms+0ms, total 12ms
I/PackageManager( 1891): Action: "android.intent.action.SENDTO"
I/PackageManager( 1891): Category: "android.intent.category.DEFAULT"
I/PackageManager( 1891): Scheme: "sms"
I/PackageManager( 1891): Adding preferred activity ComponentInfo{com.android.mms/com.android.mms.ui.ComposeMessageActivity} for user 0 :
I/PackageManager( 1891): Action: "android.intent.action.SENDTO"
I/PackageManager( 1891): Category: "android.intent.category.DEFAULT"
I/PackageManager( 1891): Scheme: "smsto"
I/PackageManager( 1891): Adding preferred activity ComponentInfo{com.android.mms/com.android.mms.ui.ComposeMessageActivity} for user 0 :
I/PackageManager( 1891): Adding preferred activity ComponentInfo{com.android.mms/com.android.mms.ui.ComposeMessageActivity} for user 0 :
I/PackageManager( 1891): Action: "android.intent.action.SENDTO"
I/PackageManager( 1891): Category: "android.intent.category.DEFAULT"
I/PackageManager( 1891): Scheme: "mms"
I/PackageManager( 1891): Action: "android.intent.action.SENDTO"
I/PackageManager( 1891): Adding preferred activity ComponentInfo{com.android.mms/com.android.mms.ui.ComposeMessageActivity} for user 0 :
I/PackageManager( 1891): Category: "android.intent.category.DEFAULT"
I/PackageManager( 1891): Scheme: "mmsto"
D/dalvikvm( 2213): GC_CONCURRENT freed 419K, 21% free 4298K/5408K, paused 1ms+2ms, total 15ms
D/dalvikvm( 1891): GC_EXPLICIT freed 2253K, 17% free 12576K/15112K, paused 2ms+23ms, total 314ms
I/GLSUser ( 2213): [GLSUser] getTokenFromCache: [account: , callingPkg: com.google.android.gm, service: mail]
I/PackageManager( 1891): Observer no longer exists.
I/ActivityManager( 1891): Start proc com.thirdparty.superuser for broadcast com.thirdparty.superuser/com.koushikdutta.superuser.PackageChangeReceiver: pid=5573 uid=1000 gids={41000, 1028, 1015, 1023, 3002, 3001, 3003}
W/LocationProviderProxy-fused( 1891): com.google.android.gms resolves service com.android.location.service.FusedLocationProvider, but has wrong signature, ignoring
I/DownloadManager( 5116): Download 21 starting
W/Launcher( 4759): setApplicationContext called twice! old=com.android.launcher3.LauncherApplication@216cec7c new=com.android.launcher3.LauncherApplication@216cec7c
D/dalvikvm( 4779): GC_CONCURRENT freed 318K, 13% free 2742K/3128K, paused 0ms+0ms, total 4ms
I/ActivityManager( 1891): Start proc com.android.keychain for broadcast com.android.keychain/.KeyChainBroadcastReceiver: pid=5592 uid=1000 gids={41000, 1028, 1015, 1023, 3002, 3001, 3003}
W/ContextImpl( 5592): Calling a method in the system process without a qualified user: android.app.ContextImpl.startService:1487 android.content.ContextWrapper.startService:494 android.content.ContextWrapper.startService:494 com.android.keychain.KeyChainBroadcastReceiver.onReceive:12 android.app.ActivityThread.handleReceiver:2407
I/ActivityManager( 1891): Start proc com.android.vending for broadcast com.android.vending/com.google.android.finsky.receivers.PackageMonitorReceiver$RegisteredReceiver: pid=5605 uid=10016 gids={50016, 3003, 1028, 1015, 1023}
I/ActivityManager( 1891): Killing 4897:com.android.provision/u0a71 (adj 15): empty #17
I/dalvikvm( 5605): Could not find method android.content.pm.PackageManager.getPackageInstaller, referenced from method com.google.android.gms.common.GooglePlayServicesUtil.zzi
W/dalvikvm( 5605): VFY: unable to resolve virtual method 591: Landroid/content/pm/PackageManager;.getPackageInstaller ()Landroid/content/pm/PackageInstaller;
D/dalvikvm( 5605): VFY: replacing opcode 0x6e at 0x000d
D/dalvikvm( 5605): GC_CONCURRENT freed 195K, 9% free 2890K/3148K, paused 1ms+2ms, total 6ms
D/Finsky ( 5605): [1] FinskyApp.onCreate: Initializing network with DFE https://android.clients.google.com/fdfe/
I/dalvikvm( 5605): Could not find method android.content.pm.ApplicationInfo.loadUnbadgedIcon, referenced from method com.google.android.finsky.utils.NotificationManager.showSuccessfulInstallMessage
W/dalvikvm( 5605): VFY: unable to resolve virtual method 538: Landroid/content/pm/ApplicationInfo;.loadUnbadgedIcon (Landroid/content/pm/PackageManager;)Landroid/graphics/drawable/Drawable;
D/dalvikvm( 5605): VFY: replacing opcode 0x6e at 0x01d3
I/dalvikvm( 5605): Could not find method android.content.pm.PackageManager.getLeanbackLaunchIntentForPackage, referenced from method com.google.android.finsky.appstate.PackageManagerRepository.canLaunch
W/dalvikvm( 5605): VFY: unable to resolve virtual method 587: Landroid/content/pm/PackageManager;.getLeanbackLaunchIntentForPackage (Ljava/lang/String;)Landroid/content/Intent;
D/dalvikvm( 5605): VFY: replacing opcode 0x6e at 0x000a
D/dalvikvm( 5605): GC_CONCURRENT freed 271K, 10% free 3015K/3348K, paused 1ms+0ms, total 5ms
D/Finsky ( 5605): [1] DailyHygiene.goMakeHygieneIfDirty: Dirty, need more hygiene.
I/dalvikvm( 5605): Could not find method android.app.admin.DevicePolicyManager.isProfileOwnerApp, referenced from method com.google.android.finsky.utils.DeviceManagementHelper.updateCachedValues
W/dalvikvm( 5605): VFY: unable to resolve virtual method 329: Landroid/app/admin/DevicePolicyManager;.isProfileOwnerApp (Ljava/lang/String;)Z
D/dalvikvm( 5605): VFY: replacing opcode 0x6e at 0x0032
W/Settings( 5605): Setting download_manager_max_bytes_over_mobile has moved from android.provider.Settings.Secure to android.provider.Settings.Global.
W/Settings( 5605): Setting download_manager_recommended_max_bytes_over_mobile has moved from android.provider.Settings.Secure to android.provider.Settings.Global.
I/dalvikvm( 5605): Could not find method com.google.android.finsky.layout.DocImageView.setTransitionName, referenced from method com.google.android.finsky.utils.PlayCardUtils.bindCard
W/dalvikvm( 5605): VFY: unable to resolve virtual method 19590: Lcom/google/android/finsky/layout/DocImageView;.setTransitionName (Ljava/lang/String;)V
D/dalvikvm( 5605): VFY: replacing opcode 0x6e at 0x013c
I/dalvikvm( 5605): Could not find method com.google.android.finsky.layout.DocImageView.setTransitionName, referenced from method com.google.android.finsky.utils.PlayCardUtils.bindCard
W/dalvikvm( 5605): VFY: unable to resolve virtual method 19590: Lcom/google/android/finsky/layout/DocImageView;.setTransitionName (Ljava/lang/String;)V
D/dalvikvm( 5605): VFY: replacing opcode 0x6e at 0x0360
I/dalvikvm( 5605): Could not find method com.google.android.finsky.layout.DocImageView.setTransitionName, referenced from method com.google.android.finsky.utils.PlayCardUtils.bindCard
W/dalvikvm( 5605): VFY: unable to resolve virtual method 19590: Lcom/google/android/finsky/layout/DocImageView;.setTransitionName (Ljava/lang/String;)V
D/dalvikvm( 5605): VFY: replacing opcode 0x6e at 0x0366
I/dalvikvm( 5605): Could not find method android.view.View.getTransitionName, referenced from method com.google.android.finsky.navigationmanager.NavigationManager.showPage
W/dalvikvm( 5605): VFY: unable to resolve virtual method 8483: Landroid/view/View;.getTransitionName ()Ljava/lang/String;
D/dalvikvm( 5605): VFY: replacing opcode 0x6e at 0x0018
D/dalvikvm( 5605): GC_CONCURRENT freed 204K, 8% free 3198K/3464K, paused 2ms+2ms, total 8ms
I/ActivityManager( 1891): Killing 4696:com.android.calendar/u0a31 (adj 15): empty #17
D/GCM ( 2213): GcmService start Intent { act=com.google.android.gms.gcm.PACKAGE_REPLACED cmp=com.google.android.gms/.gcm.GcmService (has extras) } com.google.android.gms.gcm.PACKAGE_REPLACED
D/Ads ( 5605): Skipping gmscore version check
D/dalvikvm( 3488): GC_CONCURRENT freed 399K, 28% free 3449K/4760K, paused 0ms+4ms, total 16ms
D/PackageBroadcastService( 2252): Received broadcast action=android.intent.action.PACKAGE_ADDED and uri=com.android.vending
D/ChimeraRcvrProxy( 2252): Creating receiver proxy ComponentInfo{com.google.android.gms/com.google.android.gms.games.chimera.GamesSystemBroadcastReceiverProxy}
D/ChimeraRcvrProxy( 2252): Proxying container receiver ComponentInfo{com.google.android.gms/com.google.android.gms.games.chimera.GamesSystemBroadcastReceiverProxy} to Chimera receiver impl com.google.android.gms.games.receiver.PlaySystemBroadcastReceiver
D/ChimeraCfgMgr( 2252): Loading module com.google.android.gms.games from APK com.google.android.play.games
D/ChimeraModuleLdr( 2252): Loading module APK com.google.android.play.games
E/dalvikvm( 2252): Dex cache directory isn't writable: /data/dalvik-cache
I/dalvikvm( 2252): Unable to open or create cache for /system/app/PlayGames.apk (/data/dalvik-cache/system@app@PlayGames.apk@classes.dex)
D/Finsky ( 5605): [1] InstallerImpl.access$500: Attempt recovery of content://downloads/my_downloads/5 200
D/Finsky ( 5605): [1] InstallerImpl.access$500: Releasing content://downloads/my_downloads/5 200
D/Finsky ( 5605): [1] GmsCoreHelper.cleanupNlp: result=false type=4
E/ChimeraModuleLdr( 2252): Initialization failed for module com.google.android.play.games
E/ChimeraModuleLdr( 2252): java.lang.ClassNotFoundException: Didn't find class "com.google.android.gms.chimera.GmsModuleInitializer" on path: DexPathList[[zip file "/system/app/PlayGames.apk"],nativeLibraryDirectories=[/system/lib, /system/lib/arm]]
E/ChimeraModuleLdr( 2252): at dalvik.system.BaseDexClassLoader.findClass(BaseDexClassLoader.java:56)
E/ChimeraModuleLdr( 2252): at java.lang.ClassLoader.loadClass(ClassLoader.java:497)
E/ChimeraModuleLdr( 2252): at java.lang.ClassLoader.loadClass(ClassLoader.java:457)
E/ChimeraModuleLdr( 2252): at com.google.android.gms.chimera.container.GmsModuleApi.onApkLoaded(SourceFile:39)
E/ChimeraModuleLdr( 2252): at com.google.android.chimera.container.a.i.a(SourceFile:105)
E/ChimeraModuleLdr( 2252): at com.google.android.chimera.container.a.a(SourceFile:308)
E/ChimeraModuleLdr( 2252): at com.google.android.chimera.BroadcastReceiverProxy.onReceive(SourceFile:65)
E/ChimeraModuleLdr( 2252): at android.app.ActivityThread.handleReceiver(ActivityThread.java:2407)
E/ChimeraModuleLdr( 2252): at android.app.ActivityThread.access$1700(ActivityThread.java:135)
E/ChimeraModuleLdr( 2252): at android.app.ActivityThread$H.handleMessage(ActivityThread.java:1272)
E/ChimeraModuleLdr( 2252): at android.os.Handler.dispatchMessage(Handler.java:102)
E/ChimeraModuleLdr( 2252): at android.os.Looper.loop(Looper.java:136)
E/ChimeraModuleLdr( 2252): at android.app.ActivityThread.main(ActivityThread.java:5001)
E/ChimeraModuleLdr( 2252): at java.lang.reflect.Method.invokeNative(Native Method)
E/ChimeraModuleLdr( 2252): at java.lang.reflect.Method.invoke(Method.java:515)
E/ChimeraModuleLdr( 2252): at com.android.internal.os.ZygoteInit$MethodAndArgsCaller.run(ZygoteInit.java:785)
E/ChimeraModuleLdr( 2252): at com.android.internal.os.ZygoteInit.main(ZygoteInit.java:601)
E/ChimeraModuleLdr( 2252): at dalvik.system.NativeStart.main(Native Method)
E/ChimeraModuleLdr( 2252): Suppressed: java.io.IOException: unable to open DEX file
E/ChimeraModuleLdr( 2252): at dalvik.system.DexFile.openDexFileNative(Native Method)
E/ChimeraModuleLdr( 2252): at dalvik.system.DexFile.openDexFile(DexFile.java:296)
E/ChimeraModuleLdr( 2252): at dalvik.system.DexFile.(DexFile.java:80)
E/ChimeraModuleLdr( 2252): at dalvik.system.DexFile.(DexFile.java:59)
E/ChimeraModuleLdr( 2252): at dalvik.system.DexPathList.loadDexFile(DexPathList.java:263)
E/ChimeraModuleLdr( 2252): at dalvik.system.DexPathList.makeDexElements(DexPathList.java:230)
E/ChimeraModuleLdr( 2252): at dalvik.system.DexPathList.(DexPathList.java:112)
E/ChimeraModuleLdr( 2252): at dalvik.system.BaseDexClassLoader.(BaseDexClassLoader.java:48)
E/ChimeraModuleLdr( 2252): at dalvik.system.PathClassLoader.(PathClassLoader.java:65)
E/ChimeraModuleLdr( 2252): at com.google.android.chimera.container.f.a(SourceFile:30)
E/ChimeraModuleLdr( 2252): at com.google.android.chimera.container.a.i.a(SourceFile:87)
E/ChimeraModuleLdr( 2252): ... 13 more
E/ChimeraRcvrProxy( 2252): Failed to load module containing Chimera receiver impl for ComponentInfo{com.google.android.gms/com.google.android.gms.games.chimera.GamesSystemBroadcastReceiverProxy}, dropping broadcast
W/GooglePlayServicesUtil( 5605): Google Play services out of date. Requires 7895000 but found 7574070
I/ActivityManager( 1891): Start proc com.google.android.partnersetup for broadcast com.google.android.partnersetup/.RlzPingBroadcastReceiver: pid=5643 uid=10011 gids={50011, 3003}
D/Finsky ( 5605): [1] 2.run: Loaded library for account: [O4WADLb6u_Bi_D8v7x8Ddu2Ifd0]
D/Finsky ( 5605): [1] 2.run: Finished loading 1 libraries.
D/Finsky ( 5605): [1] RestoreTracker.stopServiceIfDone: Restore complete with 0 success and 0 failed.
D/dalvikvm( 5605): GC_CONCURRENT freed 203K, 8% free 3382K/3648K, paused 1ms+2ms, total 7ms
I/ConfigFetchService( 2252): onStartCommand Intent { act=android.intent.action.PACKAGE_ADDED dat=package:com.android.vending cmp=com.google.android.gms/.config.ConfigFetchService (has extras) }
I/ConfigFetchService( 2252): launchTask
W/dalvikvm( 2252): VFY: unable to find class referenced in signature (Landroid/net/Network;)
I/ConfigFetchService( 2252): service connected
I/ActivityManager( 1891): Delay finish: com.google.android.partnersetup/.RlzPingBroadcastReceiver
I/ActivityManager( 1891): Resuming delayed broadcast
I/PeopleContactsSync( 2252): CP2 sync disabled
D/ConfigFetchService( 2252): ConfigApi connection successful.
D/dalvikvm( 2252): GC_CONCURRENT freed 968K, 37% free 5750K/8996K, paused 1ms+3ms, total 17ms
I/UpdateIcingCorporaServi( 2622): Updating corpora: APPS=com.android.vending, CONTACTS=MAYBE
V/ConfigFetchTask( 2252): ConfigFetchTask getDeviceDataVersionInfo(): ABFEt1U5khoohNnndQCCXr2uDLhBmPjFOKUJt3OOYdHdevnzBh6WTubO1p1e4pjIGQwoI2N6HNokWbqls3iEIy7X5a4hNxFLf8K09c_wxq3lEraoof4WW1kwzD2vaxlLE6fn0kkSqtyBcv0mNetEhZNiBTPu9jEi1Bu-S7MykHxvGbh_ym0BXH30E3yDk8iDMIBywiZ_g3B4VRyLgWzJYLxLwyWB7eZxIf4lP1rZyrJDeyemSF2yg9sGKFRfR086ISyCELYkHRLUruZhdANsVy4KEzSQ4MgbgMJwSs2Wn8-Bz4fdUfIk6o1WvxahVYbYnJSy5_O9EMh0SOlBacxOqB3TnugeNYEQr0IXyJ1DbQdqbP0GW0-8fAI
I/ActivityManager( 1891): Delay finish: com.android.gallery3d/.app.PackagesMonitor
I/ActivityManager( 1891): Resuming delayed broadcast
I/ActivityManager( 1891): Start proc com.svox.pico for broadcast com.svox.pico/.VoiceDataInstallerReceiver: pid=5667 uid=10067 gids={50067, 1028, 1015, 1023}
I/GoogleURLConnFactory( 2252): Using platform SSLCertificateSocketFactory
I/ActivityManager( 1891): Killing 4829:com.google.android.apps.magazines/u0a58 (adj 15): empty #17
E/NetworkScheduler.SchedulerReceiver( 2213): Invalid parameter app
E/NetworkScheduler.SchedulerReceiver( 2213): Invalid package name : Perhaps you didn't include a PendingIntent in the extras?
I/UpdateIcingCorporaServi( 2622): UpdateCorporaTask done [took 91 ms] updated apps [took 91 ms]
I/ActivityManager( 1891): Killing 5191:com.android.externalstorage/u0a7 (adj 15): empty #17
D/PackageBroadcastService( 2252): Received broadcast action=android.intent.action.PACKAGE_REPLACED and uri=com.android.vending
W/Launcher( 4759): setApplicationContext called twice! old=com.android.launcher3.LauncherApplication@216cec7c new=com.android.launcher3.LauncherApplication@216cec7c
I/PeopleContactsSync( 2252): CP2 sync disabled
I/ActivityManager( 1891): Start proc com.google.android.apps.magazines for broadcast com.google.android.apps.magazines/com.google.apps.dots.android.app.receiver.FirstInstallNotificationReceiver: pid=5687 uid=10058 gids={50058, 3003, 1028, 1015, 1023}
I/GLSUser ( 2213): [GLSUser] getTokenFromCache: [account: , callingPkg: com.google.android.gms, service: oauth2:https://www.googleapis.com/auth/ads_measurement]
I/Auth.Core( 2213): [TokenCache] Missing snowballing token: no granted scopes set.
I/GLSUser ( 2213): [GLSUser] getTokenFromGoogle [account: , callingPkg: com.google.android.gms, service: oauth2:https://www.googleapis.com/auth/ads_measurement
I/dalvikvm( 5687): Could not find method android.os.PowerManager.isInteractive, referenced from method com.google.apps.dots.android.newsstand.util.AndroidUtil.isDeviceInteractive
W/dalvikvm( 5687): VFY: unable to resolve virtual method 1257: Landroid/os/PowerManager;.isInteractive ()Z
D/dalvikvm( 5687): VFY: replacing opcode 0x6e at 0x000a
I/dalvikvm( 5687): Could not find method android.accounts.AccountManager.getPreviousName, referenced from method com.google.apps.dots.android.newsstand.auth.AccountManagerDelegate.getPreviousName
W/dalvikvm( 5687): VFY: unable to resolve virtual method 9: Landroid/accounts/AccountManager;.getPreviousName (Landroid/accounts/Account;)Ljava/lang/String;
D/dalvikvm( 5687): VFY: replacing opcode 0x6e at 0x0002
I/dalvikvm( 5687): Could not find method android.os.Environment.isExternalStorageEmulated, referenced from method com.google.apps.dots.android.newsstand.diskcache.StorageHelper.isExternalStorageEmulated
W/dalvikvm( 5687): VFY: unable to resolve static method 1149: Landroid/os/Environment;.isExternalStorageEmulated (Ljava/io/File;)Z
D/dalvikvm( 5687): VFY: replacing opcode 0x71 at 0x0009
E/cutils ( 1544): Failed to mkdirat(/storage/usb0/Android): Read-only file system
W/Vold ( 1544): Returning OperationFailed - no handler for errno 30
W/ContextImpl( 5687): Failed to ensure directory: /storage/usb0/Android/data/com.google.android.apps.magazines/cache
I/dalvikvm( 5687): Could not find method android.content.pm.PackageManager.getPackageInstaller, referenced from method com.google.android.gms.common.GooglePlayServicesUtil.zzl
W/dalvikvm( 5687): VFY: unable to resolve virtual method 537: Landroid/content/pm/PackageManager;.getPackageInstaller ()Landroid/content/pm/PackageInstaller;
D/dalvikvm( 5687): VFY: replacing opcode 0x6e at 0x000b
I/GAv4 ( 5687): Google Analytics 7.5.71 is starting up. To enable debug logging on a device run:
I/GAv4 ( 5687): adb shell setprop log.tag.GAv4 DEBUG
I/GAv4 ( 5687): adb logcat -s GAv4
D/dalvikvm( 5687): GC_CONCURRENT freed 253K, 11% free 2814K/3128K, paused 1ms+0ms, total 6ms
E/cutils ( 1544): Failed to mkdirat(/storage/usb2/Android): Read-only file system
W/Vold ( 1544): Returning OperationFailed - no handler for errno 30
W/ContextImpl( 5687): Failed to ensure directory: /storage/usb2/Android/data/com.google.android.apps.magazines/cache
E/cutils ( 1544): Failed to mkdirat(/storage/usb3/Android): Read-only file system
W/Vold ( 1544): Returning OperationFailed - no handler for errno 30
W/ContextImpl( 5687): Failed to ensure directory: /storage/usb3/Android/data/com.google.android.apps.magazines/cache
E/Vold ( 1544): Failed to find volume for /storage/sdcard1/Android/data/com.google.android.apps.magazines/cache/
W/Vold ( 1544): Returning OperationFailed - no handler for errno 30
W/ContextImpl( 5687): Failed to ensure directory: /storage/sdcard1/Android/data/com.google.android.apps.magazines/cache
E/cutils ( 1544): Failed to mkdirat(/storage/usb0/Android): Read-only file system
W/Vold ( 1544): Returning OperationFailed - no handler for errno 30
W/ContextImpl( 5687): Failed to ensure directory: /storage/usb0/Android/data/com.google.android.apps.magazines/files
E/cutils ( 1544): Failed to mkdirat(/storage/usb2/Android): Read-only file system
W/Vold ( 1544): Returning OperationFailed - no handler for errno 30
W/ContextImpl( 5687): Failed to ensure directory: /storage/usb2/Android/data/com.google.android.apps.magazines/files
E/cutils ( 1544): Failed to mkdirat(/storage/usb3/Android): Read-only file system
W/Vold ( 1544): Returning OperationFailed - no handler for errno 30
