E/ActivityThread( 4528): at com.android.email.provider.b.a(SourceFile:198)
E/ActivityThread( 4528): at com.android.email.provider.b.a(SourceFile:142)
E/ActivityThread( 4528): at com.android.email.service.EmailBroadcastProcessorService.c(SourceFile:349)
E/ActivityThread( 4528): at com.android.email.service.EmailBroadcastProcessorService.onHandleIntent(SourceFile:1458)
E/ActivityThread( 4528): at android.app.IntentService$ServiceHandler.handleMessage(IntentService.java:65)
E/ActivityThread( 4528): at android.os.Handler.dispatchMessage(Handler.java:102)
E/ActivityThread( 4528): at android.os.Looper.loop(Looper.java:136)
E/ActivityThread( 4528): at android.os.HandlerThread.run(HandlerThread.java:61)
W/ActivityManager( 1891): Unbind failed: could not find connection for android.os.BinderProxy@21a14320
W/ActivityManager( 1891): Unable to start service Intent { act=com.google.android.gm.email.EXCHANGE_INTENT pkg=com.google.android.gm.exchange } U=0: not found
I/ActivityManager( 1891): Start proc com.google.android.apps.maps for broadcast com.google.android.apps.maps/com.google.android.apps.gmm.ulr.UlrSettingsReceiver: pid=4566 uid=10060 gids={50060, 3003, 1028, 1015, 1023, 3002, 3001}
W/ActivityThread( 4566): ClassLoader.loadClass: The class loader returned by Thread.getContextClassLoader() may fail for processes that host multiple applications. You should explicitly specify a context class loader. For example: Thread.setContextClassLoader(getClass().getClassLoader());
I/ActivityManager( 1891): Start proc com.google.android.youtube for broadcast com.google.android.youtube/com.google.android.libraries.youtube.account.AccountsChangedReceiver: pid=4598 uid=10081 gids={50081, 3003, 1028, 1015, 1023}
I/ActivityManager( 1891): Killing 3886:com.google.android.configupdater/u0a2 (adj 15): empty #17
I/ActivityManager( 1891): Killing 3257:com.cyanogenmod.trebuchet/u0a20 (adj 15): empty #17
W/Vold ( 1544): Returning OperationFailed - no handler for errno 30
W/Vold ( 1544): Returning OperationFailed - no handler for errno 30
W/Vold ( 1544): Returning OperationFailed - no handler for errno 30
W/Vold ( 1544): Returning OperationFailed - no handler for errno 30
E/Vold ( 1544): Failed to find volume for /storage/sdcard1/Android/data/com.google.android.youtube/cache/
W/Vold ( 1544): Returning OperationFailed - no handler for errno 30
I/PackageManager( 1891): Adding preferred activity ComponentInfo{com.android.mms/com.android.mms.ui.ComposeMessageActivity} for user 0 :
I/PackageManager( 1891): Adding preferred activity ComponentInfo{com.android.mms/com.android.mms.ui.ComposeMessageActivity} for user 0 :
I/PackageManager( 1891): Adding preferred activity ComponentInfo{com.android.mms/com.android.mms.ui.ComposeMessageActivity} for user 0 :
I/PackageManager( 1891): Adding preferred activity ComponentInfo{com.android.mms/com.android.mms.ui.ComposeMessageActivity} for user 0 :
I/PackageManager( 1891): Adding preferred activity ComponentInfo{com.android.mms/com.android.mms.ui.ComposeMessageActivity} for user 0 :
I/PackageManager( 1891): Adding preferred activity ComponentInfo{com.android.mms/com.android.mms.ui.ComposeMessageActivity} for user 0 :
I/PackageManager( 1891): Adding preferred activity ComponentInfo{com.android.mms/com.android.mms.ui.ComposeMessageActivity} for user 0 :
I/PackageManager( 1891): Adding preferred activity ComponentInfo{com.android.mms/com.android.mms.ui.ComposeMessageActivity} for user 0 :
W/Vold ( 1544): Returning OperationFailed - no handler for errno 30
W/Vold ( 1544): Returning OperationFailed - no handler for errno 30
W/Vold ( 1544): Returning OperationFailed - no handler for errno 30
W/Vold ( 1544): Returning OperationFailed - no handler for errno 30
E/Vold ( 1544): Failed to find volume for /storage/sdcard1/Android/data/com.google.android.youtube/cache/
W/Vold ( 1544): Returning OperationFailed - no handler for errno 30
W/Vold ( 1544): Returning OperationFailed - no handler for errno 30
W/Vold ( 1544): Returning OperationFailed - no handler for errno 30
W/Vold ( 1544): Returning OperationFailed - no handler for errno 30
W/Vold ( 1544): Returning OperationFailed - no handler for errno 30
E/Vold ( 1544): Failed to find volume for /storage/sdcard1/Android/data/com.google.android.youtube/files/
W/Vold ( 1544): Returning OperationFailed - no handler for errno 30
W/Vold ( 1544): Returning OperationFailed - no handler for errno 30
W/Vold ( 1544): Returning OperationFailed - no handler for errno 30
W/Vold ( 1544): Returning OperationFailed - no handler for errno 30
W/Vold ( 1544): Returning OperationFailed - no handler for errno 30
E/Vold ( 1544): Failed to find volume for /storage/sdcard1/Android/data/com.google.android.youtube/files/
W/Vold ( 1544): Returning OperationFailed - no handler for errno 30
I/ActivityManager( 1891): Start proc com.android.calendar for broadcast com.android.calendar/.alerts.AlertReceiver: pid=4696 uid=10031 gids={50031, 3003}
I/ActivityManager( 1891): Killing 3078:com.android.gallery3d/u0a48 (adj 15): empty #17
I/ActivityManager( 1891): Killing 4100:com.google.android.music:ui/u0a62 (adj 15): empty #17
I/ActivityManager( 1891): Delay finish: com.android.vending/com.google.android.gcm.GCMBroadcastReceiver
I/ActivityManager( 1891): Resuming delayed broadcast
I/ActivityManager( 1891): Start proc com.android.settings for broadcast com.android.settings/.widget.SettingsAppWidgetProvider: pid=4734 uid=1000 gids={41000, 1028, 1015, 1023, 3002, 3001, 3003}
W/ContextImpl( 4734): Calling a method in the system process without a qualified user: android.app.ContextImpl.bindService:1551 android.content.ContextWrapper.bindService:517 android.bluetooth.BluetoothInputDevice.doBind:245 android.bluetooth.BluetoothInputDevice.:238 android.bluetooth.BluetoothAdapter.getProfileProxy:1367
W/ContextImpl( 4734): Calling a method in the system process without a qualified user: android.app.ContextImpl.bindService:1551 android.content.ContextWrapper.bindService:517 android.bluetooth.BluetoothPan.doBind:149 android.bluetooth.BluetoothPan.:141 android.bluetooth.BluetoothAdapter.getProfileProxy:1370
W/ContextImpl( 4734): Calling a method in the system process without a qualified user: android.app.ContextImpl.bindService:1551 android.content.ContextWrapper.bindService:517 android.bluetooth.BluetoothMap.doBind:109 android.bluetooth.BluetoothMap.:102 android.bluetooth.BluetoothAdapter.getProfileProxy:1376
W/ContextImpl( 4734): Calling a method in the system process without a qualified user: android.app.ContextImpl.bindService:1551 android.content.ContextWrapper.bindService:517 android.bluetooth.BluetoothPbap.doBind:164 android.bluetooth.BluetoothPbap.:157 com.android.settings.bluetooth.PbapServerProfile.:68
I/ActivityManager( 1891): Delay finish: com.google.android.gm/.MailIntentReceiver
I/ActivityManager( 1891): Resuming delayed broadcast
I/ActivityManager( 1891): Delay finish: com.google.android.gm/.widget.GmailWidgetProvider
I/ActivityManager( 1891): Resuming delayed broadcast
I/ActivityManager( 1891): Delay finish: com.google.android.gm/.widget.GmailWidgetProvider
I/ActivityManager( 1891): Resuming delayed broadcast
I/ActivityManager( 1891): Killing 4144:com.google.android.apps.magazines/u0a58 (adj 15): empty #17
I/ActivityManager( 1891): Delay finish: com.google.android.gm/.widget.GmailWidgetProvider
I/ActivityManager( 1891): Resuming delayed broadcast
I/ActivityManager( 1891): Start proc com.cyanogenmod.trebuchet for broadcast com.cyanogenmod.trebuchet/com.android.launcher3.PackageChangedReceiver: pid=4759 uid=10020 gids={50020, 1028}
I/ActivityManager( 1891): Delay finish: com.google.android.googlequicksearchbox/com.google.android.search.core.icingsync.IcingCorporaChangedReceiver
I/ActivityManager( 1891): Resuming delayed broadcast
I/ActivityManager( 1891): Start proc com.android.gallery3d for broadcast com.android.gallery3d/.app.PackagesMonitor: pid=4779 uid=10048 gids={50048, 3003, 1028, 1015, 1023}
I/ActivityManager( 1891): Killing 3952:com.google.android.partnersetup/u0a11 (adj 15): empty #17
I/ActivityManager( 1891): Delay finish: com.android.gallery3d/.app.PackagesMonitor
I/ActivityManager( 1891): Resuming delayed broadcast
I/ActivityManager( 1891): Delay finish: com.google.android.youtube/com.google.ipc.invalidation.external.client2.contrib.MultiplexingGcmListener$GCMReceiver
I/ActivityManager( 1891): Resuming delayed broadcast
I/ActivityManager( 1891): Killing 4456:com.google.android.apps.cloudprint/u0a34 (adj 15): empty #17
I/ActivityManager( 1891): Delay finish: com.google.android.gm/.widget.GmailWidgetProvider
I/ActivityManager( 1891): Resuming delayed broadcast
I/ActivityManager( 1891): Delay finish: com.google.android.youtube/com.google.ipc.invalidation.ticl2.android2.channel.AndroidMessageReceiverService$Receiver
I/ActivityManager( 1891): Resuming delayed broadcast
E/ActivityThread( 2252): Failed to find provider info for com.google.android.wearable.settings
I/ActivityManager( 1891): Waited long enough for: ServiceRecord{2171c6e4 u0 com.google.android.gms/com.google.android.location.reporting.service.DispatchingService}
I/ActivityManager( 1891): START u0 {cmp=com.google.android.gsf.login/.SyncIntroActivity (has extras)} from pid 3930
I/BackupManagerService( 1891): Backup enabled => false
I/BackupManagerService( 1891): Opting out of backup
I/ActivityManager( 1891): START u0 {cmp=com.google.android.gsf.login/.NameActivity (has extras)} from pid 2173
E/ActivityThread( 2252): Failed to find provider info for com.google.android.wearable.settings
I/ActivityManager( 1891): Killing 4442:com.google.android.apps.cloudprint:sync/u0a34 (adj 15): empty #17
I/ActivityManager( 1891): Start proc com.google.android.apps.magazines for service com.google.android.apps.magazines/com.google.apps.dots.android.newsstand.service.SyncAdapterService: pid=4829 uid=10058 gids={50058, 3003, 1028, 1015, 1023}
W/Vold ( 1544): Returning OperationFailed - no handler for errno 30
W/Vold ( 1544): Returning OperationFailed - no handler for errno 30
W/Vold ( 1544): Returning OperationFailed - no handler for errno 30
W/Vold ( 1544): Returning OperationFailed - no handler for errno 30
E/Vold ( 1544): Failed to find volume for /storage/sdcard1/Android/data/com.google.android.apps.magazines/cache/
W/Vold ( 1544): Returning OperationFailed - no handler for errno 30
W/Vold ( 1544): Returning OperationFailed - no handler for errno 30
W/Vold ( 1544): Returning OperationFailed - no handler for errno 30
W/Vold ( 1544): Returning OperationFailed - no handler for errno 30
W/Vold ( 1544): Returning OperationFailed - no handler for errno 30
E/Vold ( 1544): Failed to find volume for /storage/sdcard1/Android/data/com.google.android.apps.magazines/files/
W/Vold ( 1544): Returning OperationFailed - no handler for errno 30
W/Vold ( 1544): Returning OperationFailed - no handler for errno 30
W/Vold ( 1544): Returning OperationFailed - no handler for errno 30
W/Vold ( 1544): Returning OperationFailed - no handler for errno 30
W/Vold ( 1544): Returning OperationFailed - no handler for errno 30
E/Vold ( 1544): Failed to find volume for /storage/sdcard1/Android/data/com.google.android.apps.magazines/cache/
W/Vold ( 1544): Returning OperationFailed - no handler for errno 30
W/Vold ( 1544): Returning OperationFailed - no handler for errno 30
W/Vold ( 1544): Returning OperationFailed - no handler for errno 30
W/Vold ( 1544): Returning OperationFailed - no handler for errno 30
W/Vold ( 1544): Returning OperationFailed - no handler for errno 30
E/Vold ( 1544): Failed to find volume for /storage/sdcard1/Android/data/com.google.android.apps.magazines/files/
W/Vold ( 1544): Returning OperationFailed - no handler for errno 30
I/ActivityManager( 1891): Killing 4504:com.android.browser/u0a28 (adj 15): empty #17
I/ActivityManager( 1891): START u0 {cmp=com.google.android.setupwizard/.GoogleNowActivity (has extras)} from pid 2173
I/ActivityManager( 1891): START u0 {act=com.google.android.apps.now.OPT_IN_WIZARD (has extras)} from pid 2173
D/ConnectivityService( 1891): checkMobileProvisioning: E suggestedTimeOutMs=60000
D/ConnectivityService( 1891): setProvNotificationVisible: E visible=false networkType=5 extraInfo=null url=null
D/ConnectivityService( 1891): checkMobileProvisioning: params={ url=http://clients3.google.com/generate_204 mTimeOutMs=60000 mCb=com.android.server.ConnectivityService$5@217c68b0}
D/ConnectivityService( 1891): checkMobileProvisioning: X
D/MobileDataStateTracker( 1891): default: isProvisioningNetwork: retVal=false
D/ConnectivityService( 1891): [CheckMp] isMobileOk: isDefaultProvisioning=false
D/MobileDataStateTracker( 1891): hipri: isProvisioningNetwork: retVal=false
D/ConnectivityService( 1891): [CheckMp] isMobileOk: isHipriProvisioning=false
D/ConnectivityService( 1891): [CheckMp] isMobileOk: start hipri url=http://clients3.google.com/generate_204
W/BroadcastQueue( 1891): Permission Denial: broadcasting Intent { act=com.google.android.gsf.settings.GoogleLocationSettings.UPDATE_LOCATION_SETTINGS flg=0x10 } from com.google.android.setupwizard (pid=2173, uid=10018) is not exported from uid 10008 due to receiver com.google.android.gms/com.google.android.location.reporting.service.ExternalChangeReceiver
I/ActivityManager( 1891): START u0 {act=android.intent.action.MAIN cat=[android.intent.category.HOME] flg=0x10200000 cmp=com.android.provision/.DefaultActivity} from pid 2173
D/ConnectivityService( 1891): special network not available ni=mobile_hipri
I/ActivityManager( 1891): Process com.google.android.setupwizard (pid 2173) has died.
I/StatusBarManagerService( 1891): binder died for pkg=com.google.android.setupwizard
I/StatusBarManagerService( 1891): binder died for pkg=com.google.android.setupwizard
I/StatusBarManagerService( 1891): binder died for pkg=com.google.android.setupwizard
I/StatusBarManagerService( 1891): binder died for pkg=com.google.android.setupwizard
I/StatusBarManagerService( 1891): binder died for pkg=com.google.android.setupwizard
I/StatusBarManagerService( 1891): binder died for pkg=com.google.android.setupwizard
W/ActivityManager( 1891): Force removing ActivityRecord{21735ca0 u0 com.google.android.setupwizard/.AccountSetupActivity t3}: app died, no saved state
I/WindowState( 1891): WIN DEATH: Window{21883b10 u0 com.google.android.setupwizard/com.google.android.setupwizard.WelcomeActivity}
I/ActivityManager( 1891): Start proc com.android.provision for activity com.android.provision/.DefaultActivity: pid=4897 uid=10071 gids={50071}
I/WindowState( 1891): WIN DEATH: Window{21720258 u0 com.google.android.setupwizard/com.google.android.setupwizard.AccountSetupActivity}
I/WindowState( 1891): WIN DEATH: Window{21714574 u0 com.google.android.setupwizard/com.google.android.setupwizard.WifiSettingsActivity}
I/ActivityManager( 1891): Start proc com.google.android.setupwizard for activity com.google.android.setupwizard/.WifiSettingsActivity: pid=4910 uid=10018 gids={50018, 3003}
I/ActivityManager( 1891): Killing 4167:com.android.exchange/u0a40 (adj 15): empty #17
D/ConnectivityService( 1891): checkMobileProvisioning: E suggestedTimeOutMs=60000
D/ConnectivityService( 1891): checkMobileProvisioning: X already checking ignore for the moment
D/ConnectivityService( 1891): checkMobileProvisioning: X
I/ActivityManager( 1891): START u0 {act=android.intent.action.MAIN cat=[android.intent.category.HOME] flg=0x10200000 cmp=com.cyanogenmod.trebuchet/com.android.launcher3.Launcher} from pid 4910
W/BroadcastQueue( 1891): Permission Denial: broadcasting Intent { act=com.google.android.gsf.settings.GoogleLocationSettings.UPDATE_LOCATION_SETTINGS flg=0x10 } from com.google.android.setupwizard (pid=4910, uid=10018) is not exported from uid 10008 due to receiver com.google.android.gms/com.google.android.location.reporting.service.ExternalChangeReceiver
I/ActivityManager( 1891): Process com.google.android.setupwizard (pid 4910) has died.
I/ActivityManager( 1891): Start proc com.google.android.googlequicksearchbox for broadcast com.google.android.googlequicksearchbox/com.android.launcher3.WallpaperChangedReceiver: pid=4942 uid=10021 gids={50021, 3003, 3001, 1028, 3002, 1015, 1023}
D/ConnectivityService( 1891): special network not available ni=mobile_hipri
W/BackupManagerService( 1891): dataChanged but no participant pkg='com.cyanogenmod.trebuchet' uid=10020
W/BackupManagerService( 1891): dataChanged but no participant pkg='com.cyanogenmod.trebuchet' uid=10020
D/ConnectivityService( 1891): special network not available ni=mobile_hipri
I/PackageManager( 1891): Adding preferred activity ComponentInfo{com.android.mms/com.android.mms.ui.ComposeMessageActivity} for user 0 :
I/PackageManager( 1891): Adding preferred activity ComponentInfo{com.android.mms/com.android.mms.ui.ComposeMessageActivity} for user 0 :
I/PackageManager( 1891): Adding preferred activity ComponentInfo{com.android.mms/com.android.mms.ui.ComposeMessageActivity} for user 0 :
I/PackageManager( 1891): Adding preferred activity ComponentInfo{com.android.mms/com.android.mms.ui.ComposeMessageActivity} for user 0 :
I/PackageManager( 1891): Adding preferred activity ComponentInfo{com.android.mms/com.android.mms.ui.ComposeMessageActivity} for user 0 :
I/PackageManager( 1891): Adding preferred activity ComponentInfo{com.android.mms/com.android.mms.ui.ComposeMessageActivity} for user 0 :
I/PackageManager( 1891): Adding preferred activity ComponentInfo{com.android.mms/com.android.mms.ui.ComposeMessageActivity} for user 0 :
I/PackageManager( 1891): Adding preferred activity ComponentInfo{com.android.mms/com.android.mms.ui.ComposeMessageActivity} for user 0 :
I/PackageManager( 1891): Adding preferred activity ComponentInfo{com.android.mms/com.android.mms.ui.ComposeMessageActivity} for user 0 :
I/PackageManager( 1891): Adding preferred activity ComponentInfo{com.android.mms/com.android.mms.ui.ComposeMessageActivity} for user 0 :
I/PackageManager( 1891): Adding preferred activity ComponentInfo{com.android.mms/com.android.mms.ui.ComposeMessageActivity} for user 0 :
I/PackageManager( 1891): Adding preferred activity ComponentInfo{com.android.mms/com.android.mms.ui.ComposeMessageActivity} for user 0 :
I/PackageManager( 1891): Adding preferred activity ComponentInfo{com.android.mms/com.android.mms.ui.ComposeMessageActivity} for user 0 :
I/PackageManager( 1891): Adding preferred activity ComponentInfo{com.android.mms/com.android.mms.ui.ComposeMessageActivity} for user 0 :
I/PackageManager( 1891): Adding preferred activity ComponentInfo{com.android.mms/com.android.mms.ui.ComposeMessageActivity} for user 0 :
I/PackageManager( 1891): Adding preferred activity ComponentInfo{com.android.mms/com.android.mms.ui.ComposeMessageActivity} for user 0 :
I/PackageManager( 1891): Adding preferred activity ComponentInfo{com.android.mms/com.android.mms.ui.ComposeMessageActivity} for user 0 :
I/PackageManager( 1891): Adding preferred activity ComponentInfo{com.android.mms/com.android.mms.ui.ComposeMessageActivity} for user 0 :
I/PackageManager( 1891): Adding preferred activity ComponentInfo{com.android.mms/com.android.mms.ui.ComposeMessageActivity} for user 0 :
I/PackageManager( 1891): Adding preferred activity ComponentInfo{com.android.mms/com.android.mms.ui.ComposeMessageActivity} for user 0 :
I/PackageManager( 1891): Adding preferred activity ComponentInfo{com.android.mms/com.android.mms.ui.ComposeMessageActivity} for user 0 :
I/PackageManager( 1891): Adding preferred activity ComponentInfo{com.android.mms/com.android.mms.ui.ComposeMessageActivity} for user 0 :
I/PackageManager( 1891): Adding preferred activity ComponentInfo{com.android.mms/com.android.mms.ui.ComposeMessageActivity} for user 0 :
I/PackageManager( 1891): Adding preferred activity ComponentInfo{com.android.mms/com.android.mms.ui.ComposeMessageActivity} for user 0 :
D/ConnectivityService( 1891): special network not available ni=mobile_hipri
I/ActivityManager( 1891): Killing 4350:com.google.android.apps.docs/u0a38 (adj 15): empty #17
I/ActivityManager( 1891): Killing 4135:com.google.android.inputmethod.latin/u0a55 (adj 15): empty #17
W/BackupManagerService( 1891): dataChanged but no participant pkg='com.cyanogenmod.trebuchet' uid=10020
W/BackupManagerService( 1891): dataChanged but no participant pkg='com.cyanogenmod.trebuchet' uid=10020
W/BackupManagerService( 1891): dataChanged but no participant pkg='com.cyanogenmod.trebuchet' uid=10020
D/ConnectivityService( 1891): special network not available ni=mobile_hipri
D/ConnectivityService( 1891): special network not available ni=mobile_hipri
D/ConnectivityService( 1891): special network not available ni=mobile_hipri
D/ConnectivityService( 1891): special network not available ni=mobile_hipri --------- beginning of /dev/log/main
I/Auth.Core( 2213): [TokenCache] Missing snowballing token: no granted scopes set.
D/dalvikvm( 4759): GC_FOR_ALLOC freed 4000K, 34% free 9476K/14348K, paused 8ms, total 8ms
I/dalvikvm-heap( 4759): Grow heap (frag case) to 13.216MB for 4096012-byte allocation
D/dalvikvm( 3336): GC_CONCURRENT freed 1644K, 22% free 7085K/8972K, paused 1ms+3ms, total 15ms
D/dalvikvm( 4759): GC_FOR_ALLOC freed <1K, 7% free 13476K/14348K, paused 6ms, total 6ms
D/dalvikvm( 4759): GC_CONCURRENT freed <1K, 7% free 13476K/14348K, paused 2ms+2ms, total 10ms
D/dalvikvm( 4759): GC_FOR_ALLOC freed 4001K, 9% free 9479K/10344K, paused 6ms, total 6ms
I/dalvikvm-heap( 4759): Grow heap (frag case) to 13.219MB for 4096012-byte allocation
D/dalvikvm( 4759): GC_FOR_ALLOC freed <1K, 7% free 13479K/14348K, paused 6ms, total 6ms
D/dalvikvm( 4759): GC_CONCURRENT freed <1K, 7% free 13480K/14348K, paused 1ms+1ms, total 8ms
D/dalvikvm( 4759): GC_FOR_ALLOC freed 4001K, 34% free 9479K/14348K, paused 5ms, total 5ms
I/dalvikvm-heap( 4759): Grow heap (frag case) to 13.219MB for 4096012-byte allocation
D/dalvikvm( 4759): GC_FOR_ALLOC freed <1K, 7% free 13479K/14348K, paused 6ms, total 6ms
D/dalvikvm( 4759): GC_CONCURRENT freed <1K, 7% free 13479K/14348K, paused 1ms+1ms, total 7ms
I/PeopleSync( 2252): Sync finished, successful=true, took 18287ms
I/PeopleSync( 2252): ***Sync finished***, duration: 25016 [5d2d5f67]
D/ChimeraRcvrProxy( 2252): Creating receiver proxy ComponentInfo{com.google.android.gms/com.google.android.gms.games.chimera.GamesSystemBroadcastReceiverProxy}
D/ChimeraRcvrProxy( 2252): Proxying container receiver ComponentInfo{com.google.android.gms/com.google.android.gms.games.chimera.GamesSystemBroadcastReceiverProxy} to Chimera receiver impl com.google.android.gms.games.receiver.PlaySystemBroadcastReceiver
D/ChimeraCfgMgr( 2252): Loading module com.google.android.gms.games from APK com.google.android.play.games
D/ChimeraModuleLdr( 2252): Loading module APK com.google.android.play.games
E/dalvikvm( 2252): Dex cache directory isn't writable: /data/dalvik-cache
I/dalvikvm( 2252): Unable to open or create cache for /system/app/PlayGames.apk (/data/dalvik-cache/system@app@PlayGames.apk@classes.dex)
E/ChimeraModuleLdr( 2252): Initialization failed for module com.google.android.play.games
E/ChimeraModuleLdr( 2252): java.lang.ClassNotFoundException: Didn't find class "com.google.android.gms.chimera.GmsModuleInitializer" on path: DexPathList[[zip file "/system/app/PlayGames.apk"],nativeLibraryDirectories=[/system/lib, /system/lib/arm]]
E/ChimeraModuleLdr( 2252): at dalvik.system.BaseDexClassLoader.findClass(BaseDexClassLoader.java:56)
E/ChimeraModuleLdr( 2252): at java.lang.ClassLoader.loadClass(ClassLoader.java:497)
E/ChimeraModuleLdr( 2252): at java.lang.ClassLoader.loadClass(ClassLoader.java:457)
E/ChimeraModuleLdr( 2252): at com.google.android.gms.chimera.container.GmsModuleApi.onApkLoaded(SourceFile:39)
E/ChimeraModuleLdr( 2252): at com.google.android.chimera.container.a.i.a(SourceFile:105)
E/ChimeraModuleLdr( 2252): at com.google.android.chimera.container.a.a(SourceFile:308)
E/ChimeraModuleLdr( 2252): at com.google.android.chimera.BroadcastReceiverProxy.onReceive(SourceFile:65)
E/ChimeraModuleLdr( 2252): at android.app.ActivityThread.handleReceiver(ActivityThread.java:2407)
E/ChimeraModuleLdr( 2252): at android.app.ActivityThread.access$1700(ActivityThread.java:135)
E/ChimeraModuleLdr( 2252): at android.app.ActivityThread$H.handleMessage(ActivityThread.java:1272)
E/ChimeraModuleLdr( 2252): at android.os.Handler.dispatchMessage(Handler.java:102)
E/ChimeraModuleLdr( 2252): at android.os.Looper.loop(Looper.java:136)
E/ChimeraModuleLdr( 2252): at android.app.ActivityThread.main(ActivityThread.java:5001)
E/ChimeraModuleLdr( 2252): at java.lang.reflect.Method.invokeNative(Native Method)
E/ChimeraModuleLdr( 2252): at java.lang.reflect.Method.invoke(Method.java:515)
E/ChimeraModuleLdr( 2252): at com.android.internal.os.ZygoteInit$MethodAndArgsCaller.run(ZygoteInit.java:785)
E/ChimeraModuleLdr( 2252): at com.android.internal.os.ZygoteInit.main(ZygoteInit.java:601)
E/ChimeraModuleLdr( 2252): at dalvik.system.NativeStart.main(Native Method)
E/ChimeraModuleLdr( 2252): Suppressed: java.io.IOException: unable to open DEX file
E/ChimeraModuleLdr( 2252): at dalvik.system.DexFile.openDexFileNative(Native Method)
E/ChimeraModuleLdr( 2252): at dalvik.system.DexFile.openDexFile(DexFile.java:296)
E/ChimeraModuleLdr( 2252): at dalvik.system.DexFile.(DexFile.java:80)
E/ChimeraModuleLdr( 2252): at dalvik.system.DexFile.(DexFile.java:59)
E/ChimeraModuleLdr( 2252): at dalvik.system.DexPathList.loadDexFile(DexPathList.java:263)
E/ChimeraModuleLdr( 2252): at dalvik.system.DexPathList.makeDexElements(DexPathList.java:230)
E/ChimeraModuleLdr( 2252): at dalvik.system.DexPathList.(DexPathList.java:112)
E/ChimeraModuleLdr( 2252): at dalvik.system.BaseDexClassLoader.(BaseDexClassLoader.java:48)
E/ChimeraModuleLdr( 2252): at dalvik.system.PathClassLoader.(PathClassLoader.java:65)
E/ChimeraModuleLdr( 2252): at com.google.android.chimera.container.f.a(SourceFile:30)
E/ChimeraModuleLdr( 2252): at com.google.android.chimera.container.a.i.a(SourceFile:87)
E/ChimeraModuleLdr( 2252): ... 13 more
E/ChimeraRcvrProxy( 2252): Failed to load module containing Chimera receiver impl for ComponentInfo{com.google.android.gms/com.google.android.gms.games.chimera.GamesSystemBroadcastReceiverProxy}, dropping broadcast
D/dalvikvm( 3336): GC_CONCURRENT freed 1387K, 21% free 7142K/8972K, paused 2ms+2ms, total 14ms
D/ConnectivityService( 1891): special network not available ni=mobile_hipri
D/dalvikvm( 3336): GC_CONCURRENT freed 891K, 14% free 7738K/8972K, paused 1ms+4ms, total 18ms
I/GLSUser ( 2213): [GLSUser] getTokenFromCache: [account: , callingPkg: com.google.android.music, service: sj]
D/ConnectivityService( 1891): special network not available ni=mobile_hipri
D/dalvikvm( 3336): GC_CONCURRENT freed 2006K, 23% free 7329K/9400K, paused 1ms+2ms, total 14ms
W/View ( 4759): requestLayout() improperly called by com.android.launcher3.PagedViewIcon{217f6a24 VFED..CL ......ID 0,0-158,98 #0} during layout: running second layout pass
W/ResourceType( 4759): No package identifier when getting name for resource number 0x00000001
W/View ( 4759): requestLayout() improperly called by com.android.launcher3.PagedViewIcon{217f81ac VFED..CL ......ID 158,0-316,98 #1} during layout: running second layout pass
W/ResourceType( 4759): No package identifier when getting name for resource number 0x00000002
W/View ( 4759): requestLayout() improperly called by com.android.launcher3.PagedViewIcon{217fcf94 VFED..CL ......ID 316,0-474,98 #2} during layout: running second layout pass
W/ResourceType( 4759): No package identifier when getting name for resource number 0x00000003
W/View ( 4759): requestLayout() improperly called by com.android.launcher3.PagedViewIcon{2181ab34 VFED..CL ......ID 474,0-632,98 #3} during layout: running second layout pass
W/ResourceType( 4759): No package identifier when getting name for resource number 0x00000004
W/View ( 4759): requestLayout() improperly called by com.android.launcher3.PagedViewIcon{217fc864 VFED..CL ......ID 632,0-790,98 #4} during layout: running second layout pass
W/ResourceType( 4759): No package identifier when getting name for resource number 0x00000005
W/View ( 4759): requestLayout() improperly called by com.android.launcher3.PagedViewIcon{217f13d0 VFED..CL ......ID 790,0-948,98 #5} during layout: running second layout pass
W/ResourceType( 4759): No package identifier when getting name for resource number 0x00000006
W/View ( 4759): requestLayout() improperly called by com.android.launcher3.PagedViewIcon{217f7df4 VFED..CL ......ID 948,0-1106,98 #6} during layout: running second layout pass
W/ResourceType( 4759): No package identifier when getting name for resource number 0x00000007
W/View ( 4759): requestLayout() improperly called by com.android.launcher3.PagedViewIcon{217188c0 VFED..CL ......ID 1106,0-1264,98 #7} during layout: running second layout pass
W/ResourceType( 4759): No package identifier when getting name for resource number 0x00000008
W/View ( 4759): requestLayout() improperly called by com.android.launcher3.PagedViewIcon{217f2d60 VFED..CL ......ID 0,98-158,196 #8} during layout: running second layout pass
W/ResourceType( 4759): No package identifier when getting name for resource number 0x00000009
W/View ( 4759): requestLayout() improperly called by com.android.launcher3.PagedViewIcon{217f30a8 VFED..CL ......ID 158,98-316,196 #9} during layout: running second layout pass
W/ResourceType( 4759): No package identifier when getting name for resource number 0x0000000a
W/View ( 4759): requestLayout() improperly called by com.android.launcher3.PagedViewIcon{21810bb4 VFED..CL ......ID 316,98-474,196 #a} during layout: running second layout pass
W/ResourceType( 4759): No package identifier when getting name for resource number 0x0000000b
W/View ( 4759): requestLayout() improperly called by com.android.launcher3.PagedViewIcon{217457d4 VFED..CL ......ID 474,98-632,196 #b} during layout: running second layout pass
W/ResourceType( 4759): No package identifier when getting name for resource number 0x0000000c
W/View ( 4759): requestLayout() improperly called by com.android.launcher3.PagedViewIcon{217373e8 VFED..CL ......ID 632,98-790,196 #c} during layout: running second layout pass
W/ResourceType( 4759): No package identifier when getting name for resource number 0x0000000d
W/View ( 4759): requestLayout() improperly called by com.android.launcher3.PagedViewIcon{21824940 VFED..CL ......ID 790,98-948,196 #d} during layout: running second layout pass
W/ResourceType( 4759): No package identifier when getting name for resource number 0x0000000e
W/View ( 4759): requestLayout() improperly called by com.android.launcher3.PagedViewIcon{217f174c VFED..CL ......ID 948,98-1106,196 #e} during layout: running second layout pass
W/ResourceType( 4759): No package identifier when getting name for resource number 0x0000000f
W/View ( 4759): requestLayout() improperly called by com.android.launcher3.PagedViewIcon{217fc5dc VFED..CL ......ID 1106,98-1264,196 #f} during layout: running second layout pass
W/ResourceType( 4759): No package identifier when getting name for resource number 0x00000010
W/View ( 4759): requestLayout() improperly called by com.android.launcher3.PagedViewIcon{217fc144 VFED..CL ......ID 0,196-158,294 #10} during layout: running second layout pass
W/ResourceType( 4759): No package identifier when getting name for resource number 0x00000011
W/View ( 4759): requestLayout() improperly called by com.android.launcher3.PagedViewIcon{2181fb94 VFED..CL ......ID 158,196-316,294 #11} during layout: running second layout pass
W/ResourceType( 4759): No package identifier when getting name for resource number 0x00000012
W/View ( 4759): requestLayout() improperly called by com.android.launcher3.PagedViewIcon{217ff9bc VFED..CL ......ID 316,196-474,294 #12} during layout: running second layout pass
W/ResourceType( 4759): No package identifier when getting name for resource number 0x00000013
W/View ( 4759): requestLayout() improperly called by com.android.launcher3.PagedViewIcon{21801044 VFED..CL ......ID 474,196-632,294 #13} during layout: running second layout pass
W/ResourceType( 4759): No package identifier when getting name for resource number 0x00000014
W/View ( 4759): requestLayout() improperly called by com.android.launcher3.PagedViewIcon{217f2004 VFED..CL ......ID 632,196-790,294 #14} during layout: running second layout pass
W/ResourceType( 4759): No package identifier when getting name for resource number 0x00000015
W/View ( 4759): requestLayout() improperly called by com.android.launcher3.PagedViewIcon{21802158 VFED..CL ......ID 790,196-948,294 #15} during layout: running second layout pass
W/ResourceType( 4759): No package identifier when getting name for resource number 0x00000016
W/View ( 4759): requestLayout() improperly called by com.android.launcher3.PagedViewIcon{217fa1b4 VFED..CL ......ID 948,196-1106,294 #16} during layout: running second layout pass
W/ResourceType( 4759): No package identifier when getting name for resource number 0x00000017
W/View ( 4759): requestLayout() improperly called by com.android.launcher3.PagedViewIcon{217e39a8 VFED..CL ......ID 1106,196-1264,294 #17} during layout: running second layout pass
W/ResourceType( 4759): No package identifier when getting name for resource number 0x00000018
W/View ( 4759): requestLayout() improperly called by com.android.launcher3.PagedViewIcon{21800074 VFED..CL ......ID 0,294-158,392 #18} during layout: running second layout pass
W/ResourceType( 4759): No package identifier when getting name for resource number 0x00000019
W/View ( 4759): requestLayout() improperly called by com.android.launcher3.PagedViewIcon{217f4380 VFED..CL ......ID 158,294-316,392 #19} during layout: running second layout pass
W/ResourceType( 4759): No package identifier when getting name for resource number 0x0000001a
W/View ( 4759): requestLayout() improperly called by com.android.launcher3.PagedViewIcon{2172a450 VFED..CL ......ID 316,294-474,392 #1a} during layout: running second layout pass
W/ResourceType( 4759): No package identifier when getting name for resource number 0x0000001b
W/View ( 4759): requestLayout() improperly called by com.android.launcher3.PagedViewIcon{217e844c VFED..CL ......ID 474,294-632,392 #1b} during layout: running second layout pass
W/ResourceType( 4759): No package identifier when getting name for resource number 0x0000001c
W/View ( 4759): requestLayout() improperly called by com.android.launcher3.PagedViewIcon{217f5f8c VFED..CL ......ID 632,294-790,392 #1c} during layout: running second layout pass
W/ResourceType( 4759): No package identifier when getting name for resource number 0x0000001d
W/View ( 4759): requestLayout() improperly called by com.android.launcher3.PagedViewIcon{2170cdd0 VFED..CL ......ID 790,294-948,392 #1d} during layout: running second layout pass
W/ResourceType( 4759): No package identifier when getting name for resource number 0x0000001e
W/View ( 4759): requestLayout() improperly called by com.android.launcher3.PagedViewIcon{217f19c8 VFED..CL ......ID 948,294-1106,392 #1e} during layout: running second layout pass
W/ResourceType( 4759): No package identifier when getting name for resource number 0x0000001f
W/View ( 4759): requestLayout() improperly called by com.android.launcher3.PagedViewIcon{21802cc8 VFED..CL ......ID 1106,294-1264,392 #1f} during layout: running second layout pass
W/ResourceType( 4759): No package identifier when getting name for resource number 0x00000020
W/View ( 4759): requestLayout() improperly called by com.android.launcher3.PagedViewIcon{2172df38 VFED..CL ......ID 0,392-158,490 #20} during layout: running second layout pass
W/ResourceType( 4759): No package identifier when getting name for resource number 0x00000021
W/View ( 4759): requestLayout() improperly called by com.android.launcher3.PagedViewIcon{2171d384 VFED..CL ......ID 158,392-316,490 #21} during layout: running second layout pass
W/ResourceType( 4759): No package identifier when getting name for resource number 0x00000022
W/View ( 4759): requestLayout() improperly called by com.android.launcher3.PagedViewIcon{2180bd70 VFED..CL ......ID 316,392-474,490 #22} during layout: running second layout pass
W/ResourceType( 4759): No package identifier when getting name for resource number 0x00000023
W/View ( 4759): requestLayout() improperly called by com.android.launcher3.PagedViewIcon{217244ec VFED..CL ......ID 474,392-632,490 #23} during layout: running second layout pass
W/ResourceType( 4759): No package identifier when getting name for resource number 0x00000024
W/View ( 4759): requestLayout() improperly called by com.android.launcher3.PagedViewIcon{21801684 VFED..CL ......ID 632,392-790,490 #24} during layout: running second layout pass
W/ResourceType( 4759): No package identifier when getting name for resource number 0x00000025
W/View ( 4759): requestLayout() improperly called by com.android.launcher3.PagedViewIcon{21732e20 VFED..CL ......ID 790,392-948,490 #25} during layout: running second layout pass
W/ResourceType( 4759): No package identifier when getting name for resource number 0x00000026
W/View ( 4759): requestLayout() improperly called by com.android.launcher3.PagedViewIcon{217f3ca0 VFED..CL ......ID 948,392-1106,490 #26} during layout: running second layout pass
W/ResourceType( 4759): No package identifier when getting name for resource number 0x00000027
W/View ( 4759): requestLayout() improperly called by com.android.launcher3.PagedViewIcon{21856120 VFED..CL ......ID 1106,392-1264,490 #27} during layout: running second layout pass
W/ResourceType( 4759): No package identifier when getting name for resource number 0x00000028
W/View ( 4759): requestLayout() improperly called by com.android.launcher3.PagedViewIcon{21801308 VFED..CL ......ID 0,490-158,588 #28} during layout: running second layout pass
W/ResourceType( 4759): No package identifier when getting name for resource number 0x00000029
W/View ( 4759): requestLayout() improperly called by com.android.launcher3.PagedViewIcon{21731e20 VFED..CL ......ID 158,490-316,588 #29} during layout: running second layout pass
W/ResourceType( 4759): No package identifier when getting name for resource number 0x0000002a
W/View ( 4759): requestLayout() improperly called by com.android.launcher3.PagedViewIcon{217f0fb0 VFED..CL ......ID 316,490-474,588 #2a} during layout: running second layout pass
W/ResourceType( 4759): No package identifier when getting name for resource number 0x0000002b
W/View ( 4759): requestLayout() improperly called by com.android.launcher3.PagedViewIcon{21726900 VFED..CL ......ID 474,490-632,588 #2b} during layout: running second layout pass
D/dalvikvm( 3336): GC_CONCURRENT freed 1612K, 24% free 7228K/9400K, paused 1ms+3ms, total 17ms
D/dalvikvm( 4759): GC_FOR_ALLOC freed 4320K, 7% free 9687K/10344K, paused 7ms, total 7ms
I/dalvikvm-heap( 4759): Grow heap (frag case) to 13.422MB for 4096012-byte allocation
D/dalvikvm( 4759): GC_FOR_ALLOC freed 3K, 5% free 13684K/14348K, paused 11ms, total 11ms
D/ConnectivityService( 1891): special network not available ni=mobile_hipri
D/dalvikvm( 4759): GC_CONCURRENT freed 0K, 5% free 13684K/14348K, paused 2ms+2ms, total 24ms
I/GLSUser ( 2213): [GLSUser] getTokenFromCache: [account: , callingPkg: com.google.android.music, service: sj]
D/dalvikvm( 4759): GC_FOR_ALLOC freed 6K, 5% free 13680K/14348K, paused 7ms, total 7ms
I/dalvikvm-heap( 4759): Grow heap (frag case) to 17.322MB for 4096012-byte allocation
D/dalvikvm( 4759): GC_FOR_ALLOC freed <1K, 4% free 17680K/18352K, paused 8ms, total 8ms
D/dalvikvm( 4759): GC_CONCURRENT freed 0K, 4% free 17680K/18352K, paused 1ms+1ms, total 10ms
D/dalvikvm( 4759): GC_FOR_ALLOC freed 8001K, 39% free 13680K/22356K, paused 9ms, total 9ms
I/dalvikvm-heap( 4759): Grow heap (frag case) to 17.322MB for 4096012-byte allocation
D/dalvikvm( 4463): GC_CONCURRENT freed 395K, 11% free 3756K/4212K, paused 1ms+1ms, total 8ms
D/dalvikvm( 4759): GC_FOR_ALLOC freed <1K, 21% free 17680K/22356K, paused 10ms, total 10ms
D/dalvikvm( 4759): GC_CONCURRENT freed 0K, 21% free 17680K/22356K, paused 2ms+7ms, total 16ms
D/dalvikvm( 4759): GC_FOR_ALLOC freed 8000K, 26% free 13680K/18344K, paused 8ms, total 8ms
I/dalvikvm-heap( 4759): Grow heap (frag case) to 17.322MB for 4096012-byte allocation
D/dalvikvm( 4759): GC_FOR_ALLOC freed 0K, 4% free 17680K/18344K, paused 9ms, total 9ms
D/dalvikvm( 4759): GC_CONCURRENT freed 0K, 4% free 17680K/18344K, paused 2ms+6ms, total 13ms
D/dalvikvm( 3336): GC_CONCURRENT freed 1355K, 23% free 7271K/9400K, paused 2ms+3ms, total 14ms
E/WindowManager( 1891): Starting window AppWindowToken{21830298 token=Token{2184da3c ActivityRecord{2184d98c u0 com.google.android.setupwizard/.WifiSettingsActivity t3}}} timed out
D/dalvikvm( 4759): GC_FOR_ALLOC freed 8001K, 39% free 13680K/22348K, paused 7ms, total 7ms
I/dalvikvm-heap( 4759): Grow heap (frag case) to 17.322MB for 4096012-byte allocation
D/dalvikvm( 4759): GC_FOR_ALLOC freed 0K, 21% free 17680K/22348K, paused 8ms, total 8ms
D/dalvikvm( 4759): GC_CONCURRENT freed <1K, 21% free 17680K/22348K, paused 1ms+1ms, total 14ms
I/BooksUserContent( 4463): Sending notification to widget
D/dalvikvm( 3336): GC_CONCURRENT freed 1589K, 25% free 7104K/9400K, paused 0ms+1ms, total 10ms
D/dalvikvm( 4463): GC_CONCURRENT freed 369K, 11% free 3778K/4224K, paused 0ms+1ms, total 6ms
D/dalvikvm( 3336): GC_CONCURRENT freed 1218K, 22% free 7350K/9400K, paused 0ms+1ms, total 14ms
D/ConnectivityService( 1891): special network not available ni=mobile_hipri
I/BooksSync( 4463): Finished books sync
I/ActivityManager( 1891): Killing 4187:com.android.email/u0a39 (adj 15): empty #17
I/PeopleSync( 2252): onPerformSync() [5d2d5f67]
D/dalvikvm( 2213): GC_CONCURRENT freed 366K, 14% free 4068K/4692K, paused 1ms+1ms, total 10ms
I/PeopleSync( 2252): Setting subscription: result=true [5d2d5f67]
I/PeopleSync( 2252): Starting sync, feed=null [5d2d5f67]
I/PeopleSync( 2252): Sync start: cannotHavePeople=false isPageExistenceCheckOnly=false
I/GLSUser ( 2213): [GLSUser] getTokenFromCache: [account: , callingPkg: com.google.android.gms, service: oauth2:https://www.googleapis.com/auth/plus.circles.read https://www.googleapis.com/auth/plus.circles.write https://www.googleapis.com/auth/plus.media.upload https://www.googleapis.com/auth/plus.pages.manage https://www.googleapis.com/auth/plus.me https://www.googleapis.com/auth/plus.profiles.read https://www.googleapis.com/auth/plus.profiles.write https://www.googleapis.com/auth/plus.stream.read https://www.googleapis.com/auth/plus.peopleapi.readwrite https://www.googleapis.com/auth/plus.applications.manage https://www.googleapis.com/auth/plus.settings]
I/Auth.Core( 2213): [TokenCache] Missing snowballing token: no granted scopes set.
I/GLSUser ( 2213): [GLSUser] getTokenFromCache: [account: , callingPkg: com.google.android.music, service: sj]
D/dalvikvm( 3336): GC_CONCURRENT freed 1323K, 20% free 7599K/9400K, paused 1ms+2ms, total 22ms
I/GLSUser ( 2213): [GLSUser] getTokenFromCache: [account: , callingPkg: com.google.android.gms, service: oauth2:https://www.googleapis.com/auth/plus.circles.read https://www.googleapis.com/auth/plus.circles.write https://www.googleapis.com/auth/plus.media.upload https://www.googleapis.com/auth/plus.pages.manage https://www.googleapis.com/auth/plus.me https://www.googleapis.com/auth/plus.profiles.read https://www.googleapis.com/auth/plus.profiles.write https://www.googleapis.com/auth/plus.stream.read https://www.googleapis.com/auth/plus.peopleapi.readwrite https://www.googleapis.com/auth/plus.applications.manage https://www.googleapis.com/auth/plus.settings]
I/Auth.Core( 2213): [TokenCache] Missing snowballing token: no granted scopes set.
I/GLSUser ( 2213): [GLSUser] getTokenFromCache: [account: , callingPkg: com.google.android.gms, service: oauth2:https://www.googleapis.com/auth/plus.circles.read https://www.googleapis.com/auth/plus.circles.write https://www.googleapis.com/auth/plus.media.upload https://www.googleapis.com/auth/plus.pages.manage https://www.googleapis.com/auth/plus.me https://www.googleapis.com/auth/plus.profiles.read https://www.googleapis.com/auth/plus.profiles.write https://www.googleapis.com/auth/plus.stream.read https://www.googleapis.com/auth/plus.peopleapi.readwrite https://www.googleapis.com/auth/plus.applications.manage https://www.googleapis.com/auth/plus.settings]
I/Auth.Core( 2213): [TokenCache] Missing snowballing token: no granted scopes set.
D/dalvikvm( 2213): GC_CONCURRENT freed 417K, 14% free 4043K/4692K, paused 0ms+1ms, total 12ms
D/dalvikvm( 3336): GC_CONCURRENT freed 1902K, 24% free 7227K/9400K, paused 3ms+3ms, total 29ms
D/ConnectivityService( 1891): special network not available ni=mobile_hipri
D/dalvikvm( 2252): GC_CONCURRENT freed 2171K, 38% free 5627K/9036K, paused 7ms+5ms, total 30ms
I/GLSUser ( 2213): [GLSUser] getTokenFromCache: [account: , callingPkg: com.google.android.gms, service: oauth2:https://www.googleapis.com/auth/plus.circles.read https://www.googleapis.com/auth/plus.circles.write https://www.googleapis.com/auth/plus.media.upload https://www.googleapis.com/auth/plus.pages.manage https://www.googleapis.com/auth/plus.me https://www.googleapis.com/auth/plus.profiles.read https://www.googleapis.com/auth/plus.profiles.write https://www.googleapis.com/auth/plus.stream.read https://www.googleapis.com/auth/plus.peopleapi.readwrite https://www.googleapis.com/auth/plus.applications.manage https://www.googleapis.com/auth/plus.settings]
I/Auth.Core( 2213): [TokenCache] Missing snowballing token: no granted scopes set.
D/dalvikvm( 3336): GC_CONCURRENT freed 1342K, 22% free 7380K/9400K, paused 1ms+2ms, total 20ms
D/dalvikvm( 4759): GC_FOR_ALLOC freed 8002K, 26% free 13681K/18344K, paused 11ms, total 11ms
I/dalvikvm-heap( 4759): Grow heap (frag case) to 17.323MB for 4096012-byte allocation
D/dalvikvm( 4759): GC_FOR_ALLOC freed 0K, 4% free 17681K/18344K, paused 10ms, total 10ms
D/dalvikvm( 4759): GC_CONCURRENT freed <1K, 4% free 17682K/18344K, paused 2ms+2ms, total 11ms
D/dalvikvm( 4759): GC_FOR_ALLOC freed 8001K, 39% free 13683K/22348K, paused 9ms, total 9ms
I/dalvikvm-heap( 4759): Grow heap (frag case) to 17.325MB for 4096012-byte allocation
I/GLSUser ( 2213): [GLSUser] getTokenFromCache: [account: , callingPkg: com.google.android.music, service: sj]
D/dalvikvm( 4759): GC_FOR_ALLOC freed <1K, 21% free 17683K/22348K, paused 16ms, total 16ms
D/dalvikvm( 4759): GC_CONCURRENT freed <1K, 21% free 17683K/22348K, paused 1ms+2ms, total 15ms
I/GLSUser ( 2213): [GLSUser] getTokenFromCache: [account: , callingPkg: com.google.android.gms, service: oauth2:https://www.googleapis.com/auth/plus.circles.read https://www.googleapis.com/auth/plus.circles.write https://www.googleapis.com/auth/plus.media.upload https://www.googleapis.com/auth/plus.pages.manage https://www.googleapis.com/auth/plus.me https://www.googleapis.com/auth/plus.profiles.read https://www.googleapis.com/auth/plus.profiles.write https://www.googleapis.com/auth/plus.stream.read https://www.googleapis.com/auth/plus.peopleapi.readwrite https://www.googleapis.com/auth/plus.applications.manage https://www.googleapis.com/auth/plus.settings]
I/Auth.Core( 2213): [TokenCache] Missing snowballing token: no granted scopes set.
D/dalvikvm( 3336): GC_CONCURRENT freed 1480K, 21% free 7433K/9400K, paused 1ms+3ms, total 14ms
I/GLSUser ( 2213): [GLSUser] getTokenFromCache: [account: , callingPkg: com.google.android.gms, service: oauth2:https://www.googleapis.com/auth/plus.circles.read https://www.googleapis.com/auth/plus.circles.write https://www.googleapis.com/auth/plus.media.upload https://www.googleapis.com/auth/plus.pages.manage https://www.googleapis.com/auth/plus.me https://www.googleapis.com/auth/plus.profiles.read https://www.googleapis.com/auth/plus.profiles.write https://www.googleapis.com/auth/plus.stream.read https://www.googleapis.com/auth/plus.peopleapi.readwrite https://www.googleapis.com/auth/plus.applications.manage https://www.googleapis.com/auth/plus.settings]
I/Auth.Core( 2213): [TokenCache] Missing snowballing token: no granted scopes set.
D/dalvikvm( 2213): GC_CONCURRENT freed 389K, 14% free 4055K/4692K, paused 1ms+1ms, total 13ms
D/dalvikvm( 3336): GC_CONCURRENT freed 1799K, 25% free 7115K/9400K, paused 2ms+1ms, total 13ms
D/ConnectivityService( 1891): special network not available ni=mobile_hipri
D/dalvikvm( 3336): GC_CONCURRENT freed 1061K, 21% free 7496K/9400K, paused 3ms+3ms, total 16ms
I/PeopleSync( 2252): Sync finished, successful=true, took 2121ms
I/PeopleSync( 2252): ***Sync finished***, duration: 2185 [5d2d5f67]
D/ChimeraRcvrProxy( 2252): Creating receiver proxy ComponentInfo{com.google.android.gms/com.google.android.gms.games.chimera.GamesSystemBroadcastReceiverProxy}
D/ChimeraRcvrProxy( 2252): Proxying container receiver ComponentInfo{com.google.android.gms/com.google.android.gms.games.chimera.GamesSystemBroadcastReceiverProxy} to Chimera receiver impl com.google.android.gms.games.receiver.PlaySystemBroadcastReceiver
D/ChimeraCfgMgr( 2252): Loading module com.google.android.gms.games from APK com.google.android.play.games
D/ChimeraModuleLdr( 2252): Loading module APK com.google.android.play.games
E/dalvikvm( 2252): Dex cache directory isn't writable: /data/dalvik-cache
I/dalvikvm( 2252): Unable to open or create cache for /system/app/PlayGames.apk (/data/dalvik-cache/system@app@PlayGames.apk@classes.dex)
E/ChimeraModuleLdr( 2252): Initialization failed for module com.google.android.play.games
E/ChimeraModuleLdr( 2252): java.lang.ClassNotFoundException: Didn't find class "com.google.android.gms.chimera.GmsModuleInitializer" on path: DexPathList[[zip file "/system/app/PlayGames.apk"],nativeLibraryDirectories=[/system/lib, /system/lib/arm]]
E/ChimeraModuleLdr( 2252): at dalvik.system.BaseDexClassLoader.findClass(BaseDexClassLoader.java:56)
E/ChimeraModuleLdr( 2252): at java.lang.ClassLoader.loadClass(ClassLoader.java:497)
E/ChimeraModuleLdr( 2252): at java.lang.ClassLoader.loadClass(ClassLoader.java:457)
E/ChimeraModuleLdr( 2252): at com.google.android.gms.chimera.container.GmsModuleApi.onApkLoaded(SourceFile:39)
