I/DEBUG ( 1392): #02 bfa6abd0 bfa6abfc [stack]
I/DEBUG ( 1392): bfa6abd4 97e0001d
I/DEBUG ( 1392): bfa6abd8 42cf5c04 /dev/ashmem/dalvik-heap (deleted)
I/DEBUG ( 1392): bfa6abdc 426098dc /system/lib/libdvm.so (dvmFindDirectMethodHier(ClassObject const*, char const*, DexProto const*)+76)
I/DEBUG ( 1392): bfa6abe0 70ac34c7 /system/framework/framework2.odex
I/DEBUG ( 1392): bfa6abe4 bfa6ac6c [stack]
I/DEBUG ( 1392): bfa6abe8 6e9520f8 /dev/ashmem/dalvik-LinearAlloc (deleted)
I/DEBUG ( 1392): bfa6abec bfa6abfc [stack]
I/DEBUG ( 1392): bfa6abf0 42cf8a08 /dev/ashmem/dalvik-heap (deleted)
I/DEBUG ( 1392): bfa6abf4 00000000
I/DEBUG ( 1392): bfa6abf8 728b8540 [anon:libc_malloc]
I/DEBUG ( 1392): bfa6abfc 728b8540 [anon:libc_malloc]
I/DEBUG ( 1392): bfa6ac00 70ac34c7 /system/framework/framework2.odex
I/DEBUG ( 1392): bfa6ac04 42a691a0 /dev/ashmem/dalvik-zygote (deleted)
I/DEBUG ( 1392): bfa6ac08 709d0684 /system/framework/framework2.odex
I/DEBUG ( 1392): bfa6ac0c 00000002
I/DEBUG ( 1392): ........ ........
I/DEBUG ( 1392):
I/DEBUG ( 1392): memory map around fault addr 40042c0d:
I/DEBUG ( 1392): 40040000-40041000 rw- /system/lib/libcutils.so
I/DEBUG ( 1392): 40041000-40047000 r-x /system/lib/liblog.so
I/DEBUG ( 1392): 40047000-40048000 r-- /system/lib/liblog.so
I/InputDispatcher( 1713): Dropped event because input dispatch is disabled.
I/InputDispatcher( 1713): Dropped event because input dispatch is disabled.
I/InputDispatcher( 1713): Dropped event because input dispatch is disabled.
D/Zygote ( 1395): Process 2178 terminated by signal (4)
W/EGL-GALLIUM( 1706): cache full: buf 0x41ed7578, width 1280, height 1024, format 2, usage 0x900
I/InputDispatcher( 1713): Dropped event because input dispatch is disabled.
I/InputDispatcher( 1713): Dropped event because input dispatch is disabled.
I/InputDispatcher( 1713): Dropped event because input dispatch is disabled.
W/EGL-GALLIUM( 1706): cache full: buf 0x41ee1388, width 1280, height 1024, format 2, usage 0x900
I/InputDispatcher( 1713): Dropped event because input dispatch is disabled.
I/InputDispatcher( 1713): Dropped event because input dispatch is disabled.
I/InputDispatcher( 1713): Dropped event because input dispatch is disabled.
W/EGL-GALLIUM( 1706): cache full: buf 0x41e7d638, width 1280, height 1024, format 2, usage 0x900
I/InputDispatcher( 1713): Dropped event because input dispatch is disabled.
I/InputDispatcher( 1713): Dropped event because input dispatch is disabled.
I/InputDispatcher( 1713): Dropped event because input dispatch is disabled.
I/InputDispatcher( 1713): Dropped event because input dispatch is disabled.
W/EGL-GALLIUM( 1706): cache full: buf 0x41ed7578, width 1280, height 1024, format 2, usage 0x900
I/InputDispatcher( 1713): Dropped event because input dispatch is disabled.
I/InputDispatcher( 1713): Dropped event because input dispatch is disabled.
I/InputDispatcher( 1713): Dropped event because input dispatch is disabled.
W/EGL-GALLIUM( 1706): cache full: buf 0x41ee1388, width 1280, height 1024, format 2, usage 0x900
I/InputDispatcher( 1713): Dropped event because input dispatch is disabled.
I/InputDispatcher( 1713): Dropped event because input dispatch is disabled.
I/InputDispatcher( 1713): Dropped event because input dispatch is disabled.
W/EGL-GALLIUM( 1706): cache full: buf 0x41e7d638, width 1280, height 1024, format 2, usage 0x900
I/InputDispatcher( 1713): Dropped event because input dispatch is disabled.
I/InputDispatcher( 1713): Dropped event because input dispatch is disabled.
I/InputDispatcher( 1713): Dropped event because input dispatch is disabled.
I/InputDispatcher( 1713): Dropped event because input dispatch is disabled.
W/EGL-GALLIUM( 1706): cache full: buf 0x41ed7578, width 1280, height 1024, format 2, usage 0x900
I/InputDispatcher( 1713): Dropped event because input dispatch is disabled.
I/InputDispatcher( 1713): Dropped event because input dispatch is disabled.
I/InputDispatcher( 1713): Dropped event because input dispatch is disabled.
W/EGL-GALLIUM( 1706): cache full: buf 0x41ee1388, width 1280, height 1024, format 2, usage 0x900
I/InputDispatcher( 1713): Dropped event because input dispatch is disabled.
I/InputDispatcher( 1713): Dropped event because input dispatch is disabled.
I/InputDispatcher( 1713): Dropped event because input dispatch is disabled.
W/EGL-GALLIUM( 1706): cache full: buf 0x41e7d638, width 1280, height 1024, format 2, usage 0x900
I/InputDispatcher( 1713): Dropped event because input dispatch is disabled.
I/InputDispatcher( 1713): Dropped event because input dispatch is disabled.
I/InputDispatcher( 1713): Dropped event because input dispatch is disabled.
I/InputDispatcher( 1713): Dropped event because input dispatch is disabled.
W/EGL-GALLIUM( 1706): cache full: buf 0x41ed7578, width 1280, height 1024, format 2, usage 0x900
I/InputDispatcher( 1713): Dropped event because input dispatch is disabled.
I/InputDispatcher( 1713): Dropped event because input dispatch is disabled.
I/InputDispatcher( 1713): Dropped event because input dispatch is disabled.
W/EGL-GALLIUM( 1706): cache full: buf 0x41ee1388, width 1280, height 1024, format 2, usage 0x900
I/InputDispatcher( 1713): Dropped event because input dispatch is disabled.
I/InputDispatcher( 1713): Dropped event because input dispatch is disabled.
I/InputDispatcher( 1713): Dropped event because input dispatch is disabled.
W/EGL-GALLIUM( 1706): cache full: buf 0x41e7d638, width 1280, height 1024, format 2, usage 0x900
I/InputDispatcher( 1713): Dropped event because input dispatch is disabled.
I/InputDispatcher( 1713): Dropped event because input dispatch is disabled.
I/InputDispatcher( 1713): Dropped event because input dispatch is disabled.
I/InputDispatcher( 1713): Dropped event because input dispatch is disabled.
W/EGL-GALLIUM( 1706): cache full: buf 0x41ed7578, width 1280, height 1024, format 2, usage 0x900
I/InputDispatcher( 1713): Dropped event because input dispatch is disabled.
I/InputDispatcher( 1713): Dropped event because input dispatch is disabled.
I/InputDispatcher( 1713): Dropped event because input dispatch is disabled.
W/EGL-GALLIUM( 1706): cache full: buf 0x41ee1388, width 1280, height 1024, format 2, usage 0x900
I/InputDispatcher( 1713): Dropped event because input dispatch is disabled.
I/InputDispatcher( 1713): Dropped event because input dispatch is disabled.
I/InputDispatcher( 1713): Dropped event because input dispatch is disabled.
W/EGL-GALLIUM( 1706): cache full: buf 0x41e7d638, width 1280, height 1024, format 2, usage 0x900
I/InputDispatcher( 1713): Dropped event because input dispatch is disabled.
I/InputDispatcher( 1713): Dropped event because input dispatch is disabled.
I/InputDispatcher( 1713): Dropped event because input dispatch is disabled.
W/EGL-GALLIUM( 1706): cache full: buf 0x41ed7578, width 1280, height 1024, format 2, usage 0x900
I/InputDispatcher( 1713): Dropped event because input dispatch is disabled.
I/InputDispatcher( 1713): Dropped event because input dispatch is disabled.
I/InputDispatcher( 1713): Dropped event because input dispatch is disabled.
I/InputDispatcher( 1713): Dropped event because input dispatch is disabled.
W/EGL-GALLIUM( 1706): cache full: buf 0x41ee1388, width 1280, height 1024, format 2, usage 0x900
I/InputDispatcher( 1713): Dropped event because input dispatch is disabled.
I/InputDispatcher( 1713): Dropped event because input dispatch is disabled.
I/InputDispatcher( 1713): Dropped event because input dispatch is disabled.
W/EGL-GALLIUM( 1706): cache full: buf 0x41e7d638, width 1280, height 1024, format 2, usage 0x900
I/InputDispatcher( 1713): Dropped event because input dispatch is disabled.
I/InputDispatcher( 1713): Dropped event because input dispatch is disabled.
I/InputDispatcher( 1713): Dropped event because input dispatch is disabled.
W/EGL-GALLIUM( 1706): cache full: buf 0x41ed7578, width 1280, height 1024, format 2, usage 0x900
I/InputDispatcher( 1713): Dropped event because input dispatch is disabled.
I/InputDispatcher( 1713): Dropped event because input dispatch is disabled.
I/InputDispatcher( 1713): Dropped event because input dispatch is disabled.
I/InputDispatcher( 1713): Dropped event because input dispatch is disabled.
W/EGL-GALLIUM( 1706): cache full: buf 0x41ee1388, width 1280, height 1024, format 2, usage 0x900
I/InputDispatcher( 1713): Dropped event because input dispatch is disabled.
I/InputDispatcher( 1713): Dropped event because input dispatch is disabled.
I/InputDispatcher( 1713): Dropped event because input dispatch is disabled.
W/EGL-GALLIUM( 1706): cache full: buf 0x41e7d638, width 1280, height 1024, format 2, usage 0x900
I/InputDispatcher( 1713): Dropped event because input dispatch is disabled.
I/InputDispatcher( 1713): Dropped event because input dispatch is disabled.
I/InputDispatcher( 1713): Dropped event because input dispatch is disabled.
W/EGL-GALLIUM( 1706): cache full: buf 0x41ed7578, width 1280, height 1024, format 2, usage 0x900
I/InputDispatcher( 1713): Dropped event because input dispatch is disabled.
I/InputDispatcher( 1713): Dropped event because input dispatch is disabled.
I/InputDispatcher( 1713): Dropped event because input dispatch is disabled.
I/InputDispatcher( 1713): Dropped event because input dispatch is disabled.
W/EGL-GALLIUM( 1706): cache full: buf 0x41ee1388, width 1280, height 1024, format 2, usage 0x900
I/InputDispatcher( 1713): Dropped event because input dispatch is disabled.
I/InputDispatcher( 1713): Dropped event because input dispatch is disabled.
I/InputDispatcher( 1713): Dropped event because input dispatch is disabled.
W/EGL-GALLIUM( 1706): cache full: buf 0x41e7d638, width 1280, height 1024, format 2, usage 0x900
I/InputDispatcher( 1713): Dropped event because input dispatch is disabled.
I/InputDispatcher( 1713): Dropped event because input dispatch is disabled.
I/InputDispatcher( 1713): Dropped event because input dispatch is disabled.
W/EGL-GALLIUM( 1706): cache full: buf 0x41ed7578, width 1280, height 1024, format 2, usage 0x900
I/InputDispatcher( 1713): Dropped event because input dispatch is disabled.
I/InputDispatcher( 1713): Dropped event because input dispatch is disabled.
I/InputDispatcher( 1713): Dropped event because input dispatch is disabled.
I/InputDispatcher( 1713): Dropped event because input dispatch is disabled.
W/EGL-GALLIUM( 1706): cache full: buf 0x41ee1388, width 1280, height 1024, format 2, usage 0x900
I/InputDispatcher( 1713): Dropped event because input dispatch is disabled.
I/InputDispatcher( 1713): Dropped event because input dispatch is disabled.
I/InputDispatcher( 1713): Dropped event because input dispatch is disabled.
W/EGL-GALLIUM( 1706): cache full: buf 0x41e7d638, width 1280, height 1024, format 2, usage 0x900
I/InputDispatcher( 1713): Dropped event because input dispatch is disabled.
I/InputDispatcher( 1713): Dropped event because input dispatch is disabled.
I/InputDispatcher( 1713): Dropped event because input dispatch is disabled.
W/EGL-GALLIUM( 1706): cache full: buf 0x41ed7578, width 1280, height 1024, format 2, usage 0x900
I/InputDispatcher( 1713): Dropped event because input dispatch is disabled.
I/InputDispatcher( 1713): Dropped event because input dispatch is disabled.
I/InputDispatcher( 1713): Dropped event because input dispatch is disabled.
I/InputDispatcher( 1713): Dropped event because input dispatch is disabled.
W/EGL-GALLIUM( 1706): cache full: buf 0x41ee1388, width 1280, height 1024, format 2, usage 0x900
I/InputDispatcher( 1713): Dropped event because input dispatch is disabled.
I/InputDispatcher( 1713): Dropped event because input dispatch is disabled.
I/InputDispatcher( 1713): Dropped event because input dispatch is disabled.
W/EGL-GALLIUM( 1706): cache full: buf 0x41e7d638, width 1280, height 1024, format 2, usage 0x900
I/InputDispatcher( 1713): Dropped event because input dispatch is disabled.
I/InputDispatcher( 1713): Dropped event because input dispatch is disabled.
I/InputDispatcher( 1713): Dropped event because input dispatch is disabled.
W/EGL-GALLIUM( 1706): cache full: buf 0x41ed7578, width 1280, height 1024, format 2, usage 0x900
I/InputDispatcher( 1713): Dropped event because input dispatch is disabled.
I/InputDispatcher( 1713): Dropped event because input dispatch is disabled.
I/InputDispatcher( 1713): Dropped event because input dispatch is disabled.
I/InputDispatcher( 1713): Dropped event because input dispatch is disabled.
W/EGL-GALLIUM( 1706): cache full: buf 0x41ee1388, width 1280, height 1024, format 2, usage 0x900
I/InputDispatcher( 1713): Dropped event because input dispatch is disabled.
I/InputDispatcher( 1713): Dropped event because input dispatch is disabled.
I/InputDispatcher( 1713): Dropped event because input dispatch is disabled.
W/EGL-GALLIUM( 1706): cache full: buf 0x41e7d638, width 1280, height 1024, format 2, usage 0x900
I/InputDispatcher( 1713): Dropped event because input dispatch is disabled.
I/InputDispatcher( 1713): Dropped event because input dispatch is disabled.
I/InputDispatcher( 1713): Dropped event because input dispatch is disabled.
W/EGL-GALLIUM( 1706): cache full: buf 0x41ed7578, width 1280, height 1024, format 2, usage 0x900
I/InputDispatcher( 1713): Dropped event because input dispatch is disabled.
I/InputDispatcher( 1713): Dropped event because input dispatch is disabled.
I/InputDispatcher( 1713): Dropped event because input dispatch is disabled.
I/InputDispatcher( 1713): Dropped event because input dispatch is disabled.
W/EGL-GALLIUM( 1706): cache full: buf 0x41ee1388, width 1280, height 1024, format 2, usage 0x900
I/InputDispatcher( 1713): Dropped event because input dispatch is disabled.
I/InputDispatcher( 1713): Dropped event because input dispatch is disabled.
I/InputDispatcher( 1713): Dropped event because input dispatch is disabled.
W/EGL-GALLIUM( 1706): cache full: buf 0x41e7d638, width 1280, height 1024, format 2, usage 0x900
I/InputDispatcher( 1713): Dropped event because input dispatch is disabled.
I/InputDispatcher( 1713): Dropped event because input dispatch is disabled.
I/InputDispatcher( 1713): Dropped event because input dispatch is disabled.
W/EGL-GALLIUM( 1706): cache full: buf 0x41ed7578, width 1280, height 1024, format 2, usage 0x900
I/InputDispatcher( 1713): Dropped event because input dispatch is disabled.
I/InputDispatcher( 1713): Dropped event because input dispatch is disabled.
I/InputDispatcher( 1713): Dropped event because input dispatch is disabled.
I/InputDispatcher( 1713): Dropped event because input dispatch is disabled.
W/EGL-GALLIUM( 1706): cache full: buf 0x41ee1388, width 1280, height 1024, format 2, usage 0x900
I/InputDispatcher( 1713): Dropped event because input dispatch is disabled.
I/InputDispatcher( 1713): Dropped event because input dispatch is disabled.
I/InputDispatcher( 1713): Dropped event because input dispatch is disabled.
W/EGL-GALLIUM( 1706): cache full: buf 0x41e7d638, width 1280, height 1024, format 2, usage 0x900
I/InputDispatcher( 1713): Dropped event because input dispatch is disabled.
I/InputDispatcher( 1713): Dropped event because input dispatch is disabled.
I/InputDispatcher( 1713): Dropped event because input dispatch is disabled.
W/EGL-GALLIUM( 1706): cache full: buf 0x41ed7578, width 1280, height 1024, format 2, usage 0x900
I/InputDispatcher( 1713): Dropped event because input dispatch is disabled.
I/InputDispatcher( 1713): Dropped event because input dispatch is disabled.
I/InputDispatcher( 1713): Dropped event because input dispatch is disabled.
I/InputDispatcher( 1713): Dropped event because input dispatch is disabled.
W/EGL-GALLIUM( 1706): cache full: buf 0x41ee1388, width 1280, height 1024, format 2, usage 0x900
I/InputDispatcher( 1713): Dropped event because input dispatch is disabled.
I/InputDispatcher( 1713): Dropped event because input dispatch is disabled.
I/InputDispatcher( 1713): Dropped event because input dispatch is disabled.
W/EGL-GALLIUM( 1706): cache full: buf 0x41e7d638, width 1280, height 1024, format 2, usage 0x900
I/InputDispatcher( 1713): Dropped event because input dispatch is disabled.
I/InputDispatcher( 1713): Dropped event because input dispatch is disabled.
I/InputDispatcher( 1713): Dropped event because input dispatch is disabled.
W/EGL-GALLIUM( 1706): cache full: buf 0x41ed7578, width 1280, height 1024, format 2, usage 0x900
I/InputDispatcher( 1713): Dropped event because input dispatch is disabled.
I/InputDispatcher( 1713): Dropped event because input dispatch is disabled.
I/InputDispatcher( 1713): Dropped event because input dispatch is disabled.
I/InputDispatcher( 1713): Dropped event because input dispatch is disabled.
W/EGL-GALLIUM( 1706): cache full: buf 0x41ee1388, width 1280, height 1024, format 2, usage 0x900
I/InputDispatcher( 1713): Dropped event because input dispatch is disabled.
I/InputDispatcher( 1713): Dropped event because input dispatch is disabled.
I/InputDispatcher( 1713): Dropped event because input dispatch is disabled.
W/EGL-GALLIUM( 1706): cache full: buf 0x41e7d638, width 1280, height 1024, format 2, usage 0x900
I/InputDispatcher( 1713): Dropped event because input dispatch is disabled.
I/InputDispatcher( 1713): Dropped event because input dispatch is disabled.
I/InputDispatcher( 1713): Dropped event because input dispatch is disabled.
W/EGL-GALLIUM( 1706): cache full: buf 0x41ed7578, width 1280, height 1024, format 2, usage 0x900
I/InputDispatcher( 1713): Dropped event because input dispatch is disabled.
I/InputDispatcher( 1713): Dropped event because input dispatch is disabled.
I/InputDispatcher( 1713): Dropped event because input dispatch is disabled.
I/InputDispatcher( 1713): Dropped event because input dispatch is disabled.
W/EGL-GALLIUM( 1706): cache full: buf 0x41ee1388, width 1280, height 1024, format 2, usage 0x900
I/InputDispatcher( 1713): Dropped event because input dispatch is disabled.
I/InputDispatcher( 1713): Dropped event because input dispatch is disabled.
I/InputDispatcher( 1713): Dropped event because input dispatch is disabled.
W/EGL-GALLIUM( 1706): cache full: buf 0x41e7d638, width 1280, height 1024, format 2, usage 0x900
I/InputDispatcher( 1713): Dropped event because input dispatch is disabled.
I/InputDispatcher( 1713): Dropped event because input dispatch is disabled.
I/InputDispatcher( 1713): Dropped event because input dispatch is disabled.
W/EGL-GALLIUM( 1706): cache full: buf 0x41ed7578, width 1280, height 1024, format 2, usage 0x900
I/InputDispatcher( 1713): Dropped event because input dispatch is disabled.
I/InputDispatcher( 1713): Dropped event because input dispatch is disabled.
I/InputDispatcher( 1713): Dropped event because input dispatch is disabled.
I/InputDispatcher( 1713): Dropped event because input dispatch is disabled.
W/EGL-GALLIUM( 1706): cache full: buf 0x41ee1388, width 1280, height 1024, format 2, usage 0x900
I/InputDispatcher( 1713): Dropped event because input dispatch is disabled.
I/InputDispatcher( 1713): Dropped event because input dispatch is disabled.
I/InputDispatcher( 1713): Dropped event because input dispatch is disabled.
W/EGL-GALLIUM( 1706): cache full: buf 0x41e7d638, width 1280, height 1024, format 2, usage 0x900
I/InputDispatcher( 1713): Dropped event because input dispatch is disabled.
I/InputDispatcher( 1713): Dropped event because input dispatch is disabled.
I/InputDispatcher( 1713): Dropped event because input dispatch is disabled.
W/EGL-GALLIUM( 1706): cache full: buf 0x41ed7578, width 1280, height 1024, format 2, usage 0x900
I/InputDispatcher( 1713): Dropped event because input dispatch is disabled.
I/InputDispatcher( 1713): Dropped event because input dispatch is disabled.
I/InputDispatcher( 1713): Dropped event because input dispatch is disabled.
I/InputDispatcher( 1713): Dropped event because input dispatch is disabled.
W/EGL-GALLIUM( 1706): cache full: buf 0x41ee1388, width 1280, height 1024, format 2, usage 0x900
I/InputDispatcher( 1713): Dropped event because input dispatch is disabled.
I/InputDispatcher( 1713): Dropped event because input dispatch is disabled.
I/InputDispatcher( 1713): Dropped event because input dispatch is disabled.
W/EGL-GALLIUM( 1706): cache full: buf 0x41e7d638, width 1280, height 1024, format 2, usage 0x900
I/InputDispatcher( 1713): Dropped event because input dispatch is disabled.
I/InputDispatcher( 1713): Dropped event because input dispatch is disabled.
I/InputDispatcher( 1713): Dropped event because input dispatch is disabled.
W/EGL-GALLIUM( 1706): cache full: buf 0x41ed7578, width 1280, height 1024, format 2, usage 0x900
I/InputDispatcher( 1713): Dropped event because input dispatch is disabled.
I/InputDispatcher( 1713): Dropped event because input dispatch is disabled.
I/InputDispatcher( 1713): Dropped event because input dispatch is disabled.
I/InputDispatcher( 1713): Dropped event because input dispatch is disabled.
W/EGL-GALLIUM( 1706): cache full: buf 0x41ee1388, width 1280, height 1024, format 2, usage 0x900
I/InputDispatcher( 1713): Dropped event because input dispatch is disabled.
I/InputDispatcher( 1713): Dropped event because input dispatch is disabled.
I/InputDispatcher( 1713): Dropped event because input dispatch is disabled.
W/EGL-GALLIUM( 1706): cache full: buf 0x41e7d638, width 1280, height 1024, format 2, usage 0x900
I/InputDispatcher( 1713): Dropped event because input dispatch is disabled.
I/InputDispatcher( 1713): Dropped event because input dispatch is disabled.
I/InputDispatcher( 1713): Dropped event because input dispatch is disabled.
W/EGL-GALLIUM( 1706): cache full: buf 0x41ed7578, width 1280, height 1024, format 2, usage 0x900
I/InputDispatcher( 1713): Dropped event because input dispatch is disabled.
I/InputDispatcher( 1713): Dropped event because input dispatch is disabled.
I/InputDispatcher( 1713): Dropped event because input dispatch is disabled.
I/InputDispatcher( 1713): Dropped event because input dispatch is disabled.
W/EGL-GALLIUM( 1706): cache full: buf 0x41ee1388, width 1280, height 1024, format 2, usage 0x900
I/InputDispatcher( 1713): Dropped event because input dispatch is disabled.
I/InputDispatcher( 1713): Dropped event because input dispatch is disabled.
W/ActivityManager( 1713): Process ProcessRecord{219c6bdc 2178:com.android.providers.calendar/u0a1} failed to attach
I/ActivityManager( 1713): Killing 2178:com.android.providers.calendar/u0a1 (adj -100): start timeout
W/ActivityManager( 1713): Unattached app died before broadcast acknowledged, skipping
W/ActivityManager( 1713): Unattached app died before broadcast acknowledged, skipping
E/ProcessState( 2190): Using /dev/binder failed: unable to mmap transaction memory.
F/ProcessState( 2190): Binder driver could not be opened. Terminating.
F/libc ( 2190): Fatal signal 4 (SIGILL) at 0x40042c0d (code=2), thread 2190 (zygote)
I/ActivityManager( 1713): Start proc com.android.providers.calendar for broadcast com.android.providers.calendar/.CalendarUpgradeReceiver: pid=2190 uid=10001 gids={50001, 3003, 1028, 1015, 1023}
I/InputDispatcher( 1713): Dropped event because input dispatch is disabled.
W/EGL-GALLIUM( 1706): cache full: buf 0x41e7d638, width 1280, height 1024, format 2, usage 0x900
I/DEBUG ( 1392): *** *** *** *** *** *** *** *** *** *** *** *** *** *** *** ***
I/DEBUG ( 1392): Build fingerprint: 'Android-x86/android_x86/x86:4.4.2/KVT49L/eng.paulo.20140421.121323:userdebug/test-keys'
I/DEBUG ( 1392): Revision: '0'
I/DEBUG ( 1392): pid: 2190, tid: 2190, name: zygote >>> zygote <<<
I/DEBUG ( 1392): signal 4 (SIGILL), code 2 (ILL_ILLOPN), fault addr 40042c0d
I/InputDispatcher( 1713): Dropped event because input dispatch is disabled.
I/DEBUG ( 1392): eax 0000003f ebx 40047f60 ecx d882b94f edx d882b94f
I/DEBUG ( 1392): esi 401a8fd6 edi 728b8540
I/DEBUG ( 1392): xcs 00000073 xds 0000007b xes 0000007b xfs 00000000 xss 0000007b
I/DEBUG ( 1392): eip 40042c0d ebp bfa6a74c esp bfa6a720 flags 00210246
I/DEBUG ( 1392):
I/DEBUG ( 1392): backtrace:
I/DEBUG ( 1392): #00 pc 00001c0d /system/lib/liblog.so (__android_log_assert+125)
I/DEBUG ( 1392): #01 pc 0003c191 /system/lib/libbinder.so (android::ProcessState::self()+769)
I/DEBUG ( 1392): #02 pc 000c4cf3 /system/lib/libandroid_runtime.so (android_os_Process_setArgV0(_JNIEnv*, _jobject*, _jstring*)+243)
I/DEBUG ( 1392): #03 pc 0001fc47 [stack]
I/DEBUG ( 1392):
I/DEBUG ( 1392): stack:
I/DEBUG ( 1392): bfa6a6e0 bfa6a74c [stack]
I/DEBUG ( 1392): bfa6a6e4 00000000
I/DEBUG ( 1392): bfa6a6e8 400f3ab8
I/DEBUG ( 1392): bfa6a6ec bfa6a6ac [stack]
I/DEBUG ( 1392): bfa6a6f0 00000000
I/DEBUG ( 1392): bfa6a6f4 40045a45 /system/lib/liblog.so
I/DEBUG ( 1392): bfa6a6f8 401a8fc9 /system/lib/libbinder.so
I/DEBUG ( 1392): bfa6a6fc d882b94f
I/DEBUG ( 1392): bfa6a700 00000000
I/DEBUG ( 1392): bfa6a704 bfa6a714 [stack]
I/DEBUG ( 1392): bfa6a708 00000003
I/DEBUG ( 1392): bfa6a70c 40047f60 /system/lib/liblog.so
I/DEBUG ( 1392): bfa6a710 401a8fd6 /system/lib/libbinder.so
I/DEBUG ( 1392): bfa6a714 728b8540 [anon:libc_malloc]
I/DEBUG ( 1392): bfa6a718 bfa6a74c [stack]
I/DEBUG ( 1392): bfa6a71c 40042c0d /system/lib/liblog.so (__android_log_assert+125)
I/DEBUG ( 1392): #00 bfa6a720 00000007
I/DEBUG ( 1392): bfa6a724 401a8fc9 /system/lib/libbinder.so
I/DEBUG ( 1392): bfa6a728 bfa6a74c [stack]
I/DEBUG ( 1392): bfa6a72c bfa6ab7c [stack]
I/DEBUG ( 1392): bfa6a730 00000000
I/DEBUG ( 1392): bfa6a734 41133580 /system/lib/libselinux.so
I/DEBUG ( 1392): bfa6a738 400f33a0
I/DEBUG ( 1392): bfa6a73c 401a8fc9 /system/lib/libbinder.so
I/DEBUG ( 1392): bfa6a740 400f33a0
I/DEBUG ( 1392): bfa6a744 000003ff
I/DEBUG ( 1392): bfa6a748 400f33a0
I/DEBUG ( 1392): bfa6a74c 646e6942 /dev/ashmem/dalvik-mark-stack (deleted)
I/DEBUG ( 1392): bfa6a750 64207265 /dev/ashmem/dalvik-mark-stack (deleted)
I/DEBUG ( 1392): bfa6a754 65766972 /dev/ashmem/dalvik-mark-stack (deleted)
I/DEBUG ( 1392): bfa6a758 6f632072 /dev/ashmem/dalvik-LinearAlloc (deleted)
I/DEBUG ( 1392): bfa6a75c 20646c75
I/DEBUG ( 1392): ........ ........
I/DEBUG ( 1392): #01 bfa6ab70 401a8fd6 /system/lib/libbinder.so
I/DEBUG ( 1392): bfa6ab74 401a8fc9 /system/lib/libbinder.so
I/DEBUG ( 1392): bfa6ab78 401a98e0 /system/lib/libbinder.so
I/DEBUG ( 1392): bfa6ab7c 00004002
I/DEBUG ( 1392): bfa6ab80 00000026
I/DEBUG ( 1392): bfa6ab84 00000000
I/DEBUG ( 1392): bfa6ab88 42cf81f0 /dev/ashmem/dalvik-heap (deleted)
I/DEBUG ( 1392): bfa6ab8c 426f0cd0 /system/lib/libdvm.so
I/DEBUG ( 1392): bfa6ab90 42a45570 [anon:libc_malloc]
I/DEBUG ( 1392): bfa6ab94 bfa6abf8 [stack]
I/DEBUG ( 1392): bfa6ab98 42cf81b4 /dev/ashmem/dalvik-heap (deleted)
I/DEBUG ( 1392): bfa6ab9c 401a8fc9 /system/lib/libbinder.so
I/DEBUG ( 1392): bfa6aba0 42a45570 [anon:libc_malloc]
I/DEBUG ( 1392): bfa6aba4 00000007
I/DEBUG ( 1392): bfa6aba8 00000007
I/DEBUG ( 1392): bfa6abac 0000000f
I/DEBUG ( 1392): ........ ........
I/DEBUG ( 1392): #02 bfa6abd0 bfa6abfc [stack]
I/DEBUG ( 1392): bfa6abd4 98b0001d
I/DEBUG ( 1392): bfa6abd8 42cf81b4 /dev/ashmem/dalvik-heap (deleted)
I/DEBUG ( 1392): bfa6abdc 426098dc /system/lib/libdvm.so (dvmFindDirectMethodHier(ClassObject const*, char const*, DexProto const*)+76)
I/DEBUG ( 1392): bfa6abe0 70ac34c7 /system/framework/framework2.odex
I/DEBUG ( 1392): bfa6abe4 bfa6ac6c [stack]
I/DEBUG ( 1392): bfa6abe8 6e9520f8 /dev/ashmem/dalvik-LinearAlloc (deleted)
I/DEBUG ( 1392): bfa6abec bfa6abfc [stack]
I/DEBUG ( 1392): bfa6abf0 42cf6698 /dev/ashmem/dalvik-heap (deleted)
I/DEBUG ( 1392): bfa6abf4 00000000
I/DEBUG ( 1392): bfa6abf8 6f905f50 [anon:libc_malloc]
I/DEBUG ( 1392): bfa6abfc 6f905f50 [anon:libc_malloc]
I/DEBUG ( 1392): bfa6ac00 70ac34c7 /system/framework/framework2.odex
I/DEBUG ( 1392): bfa6ac04 42a691a0 /dev/ashmem/dalvik-zygote (deleted)
I/DEBUG ( 1392): bfa6ac08 709d0684 /system/framework/framework2.odex
I/DEBUG ( 1392): bfa6ac0c 00000002
I/DEBUG ( 1392): ........ ........
I/DEBUG ( 1392):
I/DEBUG ( 1392): memory map around fault addr 40042c0d:
I/DEBUG ( 1392): 40040000-40041000 rw- /system/lib/libcutils.so
I/DEBUG ( 1392): 40041000-40047000 r-x /system/lib/liblog.so
I/DEBUG ( 1392): 40047000-40048000 r-- /system/lib/liblog.so
I/InputDispatcher( 1713): Dropped event because input dispatch is disabled.
D/Zygote ( 1395): Process 2190 terminated by signal (4)
I/InputDispatcher( 1713): Dropped event because input dispatch is disabled.
W/EGL-GALLIUM( 1706): cache full: buf 0x41ed7578, width 1280, height 1024, format 2, usage 0x900
I/InputDispatcher( 1713): Dropped event because input dispatch is disabled.
I/InputDispatcher( 1713): Dropped event because input dispatch is disabled.
I/InputDispatcher( 1713): Dropped event because input dispatch is disabled.
I/InputDispatcher( 1713): Dropped event because input dispatch is disabled.
W/EGL-GALLIUM( 1706): cache full: buf 0x41ee1388, width 1280, height 1024, format 2, usage 0x900
I/InputDispatcher( 1713): Dropped event because input dispatch is disabled.
I/InputDispatcher( 1713): Dropped event because input dispatch is disabled.
I/InputDispatcher( 1713): Dropped event because input dispatch is disabled.
W/EGL-GALLIUM( 1706): cache full: buf 0x41e7d638, width 1280, height 1024, format 2, usage 0x900
I/InputDispatcher( 1713): Dropped event because input dispatch is disabled.
I/InputDispatcher( 1713): Dropped event because input dispatch is disabled.
I/InputDispatcher( 1713): Dropped event because input dispatch is disabled.
W/EGL-GALLIUM( 1706): cache full: buf 0x41ed7578, width 1280, height 1024, format 2, usage 0x900
I/InputDispatcher( 1713): Dropped event because input dispatch is disabled.
I/InputDispatcher( 1713): Dropped event because input dispatch is disabled.
I/InputDispatcher( 1713): Dropped event because input dispatch is disabled.
I/InputDispatcher( 1713): Dropped event because input dispatch is disabled.
W/EGL-GALLIUM( 1706): cache full: buf 0x41ee1388, width 1280, height 1024, format 2, usage 0x900
I/InputDispatcher( 1713): Dropped event because input dispatch is disabled.
I/InputDispatcher( 1713): Dropped event because input dispatch is disabled.
I/InputDispatcher( 1713): Dropped event because input dispatch is disabled.
W/EGL-GALLIUM( 1706): cache full: buf 0x41e7d638, width 1280, height 1024, format 2, usage 0x900
I/InputDispatcher( 1713): Dropped event because input dispatch is disabled.
I/InputDispatcher( 1713): Dropped event because input dispatch is disabled.
I/InputDispatcher( 1713): Dropped event because input dispatch is disabled.
W/EGL-GALLIUM( 1706): cache full: buf 0x41ed7578, width 1280, height 1024, format 2, usage 0x900
I/InputDispatcher( 1713): Dropped event because input dispatch is disabled.
I/InputDispatcher( 1713): Dropped event because input dispatch is disabled.
I/InputDispatcher( 1713): Dropped event because input dispatch is disabled.
I/InputDispatcher( 1713): Dropped event because input dispatch is disabled.
W/EGL-GALLIUM( 1706): cache full: buf 0x41ee1388, width 1280, height 1024, format 2, usage 0x900
I/InputDispatcher( 1713): Dropped event because input dispatch is disabled.
I/InputDispatcher( 1713): Dropped event because input dispatch is disabled.
I/InputDispatcher( 1713): Dropped event because input dispatch is disabled.
W/EGL-GALLIUM( 1706): cache full: buf 0x41e7d638, width 1280, height 1024, format 2, usage 0x900
I/InputDispatcher( 1713): Dropped event because input dispatch is disabled.
I/InputDispatcher( 1713): Dropped event because input dispatch is disabled.
I/InputDispatcher( 1713): Dropped event because input dispatch is disabled.
W/EGL-GALLIUM( 1706): cache full: buf 0x41ed7578, width 1280, height 1024, format 2, usage 0x900
I/InputDispatcher( 1713): Dropped event because input dispatch is disabled.
I/InputDispatcher( 1713): Dropped event because input dispatch is disabled.
I/InputDispatcher( 1713): Dropped event because input dispatch is disabled.
I/InputDispatcher( 1713): Dropped event because input dispatch is disabled.
W/EGL-GALLIUM( 1706): cache full: buf 0x41ee1388, width 1280, height 1024, format 2, usage 0x900
I/InputDispatcher( 1713): Dropped event because input dispatch is disabled.
I/InputDispatcher( 1713): Dropped event because input dispatch is disabled.
I/InputDispatcher( 1713): Dropped event because input dispatch is disabled.
W/EGL-GALLIUM( 1706): cache full: buf 0x41e7d638, width 1280, height 1024, format 2, usage 0x900
I/InputDispatcher( 1713): Dropped event because input dispatch is disabled.
I/InputDispatcher( 1713): Dropped event because input dispatch is disabled.
I/InputDispatcher( 1713): Dropped event because input dispatch is disabled.
W/EGL-GALLIUM( 1706): cache full: buf 0x41ed7578, width 1280, height 1024, format 2, usage 0x900
I/InputDispatcher( 1713): Dropped event because input dispatch is disabled.
I/InputDispatcher( 1713): Dropped event because input dispatch is disabled.
I/InputDispatcher( 1713): Dropped event because input dispatch is disabled.
I/InputDispatcher( 1713): Dropped event because input dispatch is disabled.
W/EGL-GALLIUM( 1706): cache full: buf 0x41ee1388, width 1280, height 1024, format 2, usage 0x900
I/InputDispatcher( 1713): Dropped event because input dispatch is disabled.
I/InputDispatcher( 1713): Dropped event because input dispatch is disabled.
I/InputDispatcher( 1713): Dropped event because input dispatch is disabled.
W/EGL-GALLIUM( 1706): cache full: buf 0x41e7d638, width 1280, height 1024, format 2, usage 0x900
I/InputDispatcher( 1713): Dropped event because input dispatch is disabled.
I/InputDispatcher( 1713): Dropped event because input dispatch is disabled.
I/InputDispatcher( 1713): Dropped event because input dispatch is disabled.
W/EGL-GALLIUM( 1706): cache full: buf 0x41ed7578, width 1280, height 1024, format 2, usage 0x900
I/InputDispatcher( 1713): Dropped event because input dispatch is disabled.
I/InputDispatcher( 1713): Dropped event because input dispatch is disabled.
I/InputDispatcher( 1713): Dropped event because input dispatch is disabled.