--------- beginning of /dev/log/system
I/Vold ( 1390): Vold 2.1 (the revenge) firing up
D/Vold ( 1390): failed to open /fstab.android_x86, use AutoVolume
D/Vold ( 1390): Volume usb0 state changing -1 (Initializing) -> 0 (No-Media)
D/Vold ( 1390): Volume usb1 state changing -1 (Initializing) -> 0 (No-Media)
D/Vold ( 1390): Volume usb2 state changing -1 (Initializing) -> 0 (No-Media)
D/Vold ( 1390): Volume usb3 state changing -1 (Initializing) -> 0 (No-Media)
D/Vold ( 1390): Volume usb0 state changing 0 (No-Media) -> 2 (Pending)
D/DirectVolume( 1390): DirectVolume::handlePartitionAdded -> MAJOR 8, MINOR 1, PARTN 1
D/Vold ( 1390): Volume usb0 state changing 2 (Pending) -> 1 (Idle-Unmounted)
D/Vold ( 1390): Volume usb1 state changing 0 (No-Media) -> 2 (Pending)
D/DirectVolume( 1390): DirectVolume::handlePartitionAdded -> MAJOR 8, MINOR 17, PARTN 1
D/Vold ( 1390): Volume usb1 state changing 2 (Pending) -> 1 (Idle-Unmounted)
I/SystemServer( 1713): Entered the Android system server!
I/SystemServer( 1713): Waiting for installd to be ready.
I/Installer( 1713): connecting...
I/SystemServer( 1713): Power Manager
I/SystemServer( 1713): Activity Manager
I/ActivityManager( 1713): Memory class: 192
I/AppOps ( 1713): No existing app ops /data/system/appops.xml; starting empty
I/IntentFirewall( 1713): Read new rules (A:0 B:0 S:0)
I/SystemServer( 1713): Display Manager
I/SystemServer( 1713): Telephony Registry
I/SystemServer( 1713): Scheduling Policy
I/DisplayManagerService( 1713): Display device added: DisplayDeviceInfo{"Built-in Screen": 1280 x 1024, 60.000004 fps, density 160, 85.0 x 86.0 dpi, touch INTERNAL, rotation 0, type BUILT_IN, FLAG_DEFAULT_DISPLAY, FLAG_ROTATES_WITH_CONTENT, FLAG_SECURE, FLAG_SUPPORTS_PROTECTED_BUFFERS}
I/SystemServer( 1713): Package Manager
W/FileUtils( 1713): Failed to chmod(/data/system/packages.list): libcore.io.ErrnoException: chmod failed: ENOENT (No such file or directory)
D/SELinuxMMAC( 1713): Couldn't find install policy /data/security/mac_permissions.xml
D/SELinuxMMAC( 1713): Using install policy file /system/etc/security/mac_permissions.xml
I/PackageManager( 1713): No settings file; creating initial state
W/PackageParser( 1713): No actions in intent filter at /system/priv-app/Contacts.apk Binary XML file line #375
W/PackageParser( 1713): No actions in intent filter at /system/priv-app/Dialer.apk Binary XML file line #162
W/PackageParser( 1713): No actions in intent filter at /system/priv-app/SetupWizard.apk Binary XML file line #117
W/PackageParser( 1713): No actions in intent filter at /system/app/Bluetooth.apk Binary XML file line #210
W/PackageParser( 1713): No actions in intent filter at /system/app/CMFileManager.apk Binary XML file line #137
W/PackageParser( 1713): Unknown element under : permission at /system/app/Gallery2.apk Binary XML file line #242
W/PackageParser( 1713): Unknown element under : permission at /system/app/Gallery2.apk Binary XML file line #245
W/PackageManager( 1713): Unable to update from com.android.inputmethod.latin to com.google.android.inputmethod.latin: old package still exists
W/PackageManager( 1713): Unable to update from com.android.music to com.google.android.music: old package still exists
W/PackageManager( 1713): Package com.google.android.videos desires unavailable shared library com.google.widevine.software.drm; ignoring!
W/PackageManager( 1713): Package com.google.android.gms desires unavailable shared library com.google.android.ble; ignoring!
W/PackageManager( 1713): Package com.android.gallery3d desires unavailable shared library com.google.android.media.effects; ignoring!
I/PackageManager( 1713): Time to scan packages: 6.263 seconds
W/PackageManager( 1713): Not granting permission android.permission.GLOBAL_SEARCH to package com.android.quicksearchbox (protectionLevel=18 flags=0x8be45)
W/PackageManager( 1713): Unknown permission com.android.smspush.WAPPUSH_MANAGER_BIND in package com.android.phone
W/PackageManager( 1713): Unknown permission com.android.launcher.permission.PRELOAD_WORKSPACE in package com.google.android.partnersetup
W/PackageManager( 1713): Unknown permission com.android.vending.billing.IBillingAccountService.BIND2 in package com.google.android.gsf.login
W/PackageManager( 1713): Unknown permission com.android.chrome.TOS_ACKED in package com.google.android.gsf.login
W/PackageManager( 1713): Unknown permission com.google.android.gallery3d.permission.GALLERY_PROVIDER in package com.android.bluetooth
W/PackageManager( 1713): Not granting permission android.permission.ACCESS_DOWNLOAD_MANAGER to package com.android.browser (protectionLevel=18 flags=0x9be45)
W/PackageManager( 1713): Not granting permission android.permission.SEND_DOWNLOAD_COMPLETED_INTENTS to package com.android.browser (protectionLevel=2 flags=0x9be45)
W/PackageManager( 1713): Unknown permission com.android.launcher.permission.READ_SETTINGS in package com.android.onetimeinitializer
W/PackageManager( 1713): Unknown permission com.android.launcher.permission.WRITE_SETTINGS in package com.android.onetimeinitializer
W/PackageManager( 1713): Not granting permission android.permission.BIND_WALLPAPER to package com.android.camera2 (protectionLevel=18 flags=0x58bc45)
W/PackageManager( 1713): Unknown permission android.permission.INSTALL_DRM in package com.android.mms
W/PackageManager( 1713): Unknown permission com.cyanogenmod.filemanager.permissions.READ_THEME in package com.cyanogenmod.filemanager
W/PackageManager( 1713): Not granting permission android.permission.BROADCAST_PACKAGE_REMOVED to package com.google.android.marvin.talkback (protectionLevel=2 flags=0x49be45)
W/PackageManager( 1713): Unknown permission android.permission.RECOVERY in package com.google.android.gms
W/PackageManager( 1713): Not granting permission android.permission.READ_DREAM_STATE to package com.google.android.gms (protectionLevel=2 flags=0x40483e45)
W/PackageManager( 1713): Unknown permission com.google.android.hangouts.START_HANGOUT in package com.google.android.gms
W/PackageManager( 1713): Unknown permission com.google.android.wearable.READ_SETTINGS in package com.google.android.gms
W/PackageManager( 1713): Unknown permission android.permission.READ_OWNER_DATA in package com.google.android.setupwizard
W/PackageManager( 1713): Unknown permission android.permission.WRITE_OWNER_DATA in package com.google.android.setupwizard
W/PackageManager( 1713): Unknown permission com.android.launcher.permission.READ_SETTINGS in package com.android.settings
W/PackageManager( 1713): Unknown permission com.android.launcher.permission.WRITE_SETTINGS in package com.android.settings
W/PackageManager( 1713): Unknown permission com.android.launcher.permission.READ_SETTINGS in package com.cyanogenmod.trebuchet
W/PackageManager( 1713): Unknown permission com.android.launcher.permission.WRITE_SETTINGS in package com.cyanogenmod.trebuchet
W/PackageManager( 1713): Unknown permission com.google.android.voicesearch.SHORTCUTS_ACCESS in package com.google.android.googlequicksearchbox
W/PackageManager( 1713): Unknown permission com.google.android.voicesearch.ACCESS_SETTINGS in package com.google.android.googlequicksearchbox
W/PackageManager( 1713): Unknown permission com.google.android.ears.permission.WRITE in package com.google.android.googlequicksearchbox
W/PackageManager( 1713): Unknown permission com.google.android.apps.googlevoice.permission.AUTO_SEND in package com.google.android.googlequicksearchbox
W/PackageManager( 1713): Unknown permission com.android.chrome.PRERENDER_URL in package com.google.android.googlequicksearchbox
W/PackageManager( 1713): Unknown permission com.google.android.launcher.permission.CONTENT_REDIRECT in package com.google.android.googlequicksearchbox
W/PackageManager( 1713): Not granting permission com.android.launcher3.permission.RECEIVE_LAUNCH_BROADCASTS to package com.google.android.googlequicksearchbox (protectionLevel=2 flags=0x405bbe45)
W/PackageManager( 1713): Not granting permission android.permission.SEND_DOWNLOAD_COMPLETED_INTENTS to package com.android.vending (protectionLevel=2 flags=0x400abe45)
W/PackageManager( 1713): Unknown permission android.permission.SEND_SMS_NO_CONFIRMATION in package com.android.vending
W/PackageManager( 1713): Not granting permission android.permission.MOUNT_UNMOUNT_FILESYSTEMS to package net.toload.main.hd (protectionLevel=18 flags=0x9be45)
W/PackageManager( 1713): Not granting permission android.permission.DELETE_PACKAGES to package com.svox.pico (protectionLevel=18 flags=0x8be45)
W/PackageManager( 1713): Not granting permission android.permission.MANAGE_DOCUMENTS to package com.google.android.youtube (protectionLevel=18 flags=0x18be45)
W/PackageManager( 1713): Not granting permission android.permission.DEVICE_POWER to package com.android.deskclock (protectionLevel=2 flags=0x48be45)
W/PackageManager( 1713): Not granting permission android.permission.READ_DREAM_STATE to package com.google.android.gsf (protectionLevel=2 flags=0x40083e45)
W/PackageManager( 1713): Unknown permission android.permission.WRITE_SYNC_STATS in package com.google.android.apps.docs
I/SystemServer( 1713): Entropy Mixer
W/EntropyMixer( 1713): No existing entropy file -- first boot?
I/EntropyMixer( 1713): Writing entropy...
I/SystemServer( 1713): User Service
I/SystemServer( 1713): Account Manager
I/SystemServer( 1713): Content Manager
I/SystemServer( 1713): System Content Providers
D/SettingsProvider( 1713): Generated and saved new ANDROID_ID [895189398c2f5b0b] for user 0
I/SystemServer( 1713): Lights Service
I/SystemServer( 1713): Battery Service
I/SystemServer( 1713): Vibrator Service
I/SystemServer( 1713): Consumer IR Service
I/SystemServer( 1713): Alarm Manager
I/SystemServer( 1713): Init Watchdog
I/SystemServer( 1713): Input Manager
I/InputManager( 1713): Initializing input manager, mUseDevInputEventForAudioJack=true
I/SystemServer( 1713): Window Manager
I/WindowManager( 1713): No existing display settings /data/system/display_settings.xml; starting empty
I/WindowManager( 1713): No keyguard interface!
I/InputManager( 1713): Starting input manager
I/SystemServer( 1713): Bluetooth Manager Service
I/SystemServer( 1713): Input Method Service
W/InputMethodManagerService( 1713): No IME selected. Choose the most applicable IME.
I/InputMethodManagerService( 1713): No default found, using com.google.android.inputmethod.latin/com.android.inputmethod.latin.LatinIME
I/SystemServer( 1713): Accessibility Manager
I/ActivityManager( 1713): Config changes=1df8 {1.0 ?mcc?mnc en_US ldltr sw1024dp w1280dp h1024dp 160dpi xlrg land ?uimode ?night -touch -keyb/h/h -nav/h s.2}
I/ActivityManager( 1713): Config changes=400 {1.0 ?mcc?mnc en_US ldltr sw1024dp w1280dp h951dp 160dpi xlrg land ?uimode ?night -touch -keyb/h/h -nav/h s.3}
I/SystemServer( 1713): Mount Service
D/MountService( 1713): got storage path: null description: Internal storage primary: true removable: false emulated: true mtpReserve: 100 allowMassStorage: false maxFileSize: 0
D/MountService( 1713): addVolumeLocked() StorageVolume:
D/MountService( 1713): mStorageId=65537 mPath=/storage/emulated/0 mDescriptionId=17040666
D/MountService( 1713): mPrimary=true mRemovable=false mEmulated=true mMtpReserveSpace=100
D/MountService( 1713): mAllowMassStorage=false mMaxFileSize=0 mOwner=UserHandle{0} mUuid=null
D/MountService( 1713): mUserLabel=null mState=null
D/MountService( 1713): got storage path: /storage/sdcard1 description: SD card primary: false removable: true emulated: false mtpReserve: 0 allowMassStorage: false maxFileSize: 4294967296
D/MountService( 1713): addVolumeLocked() StorageVolume:
D/MountService( 1713): mStorageId=0 mPath=/storage/sdcard1 mDescriptionId=17040667 mPrimary=false
D/MountService( 1713): mRemovable=true mEmulated=false mMtpReserveSpace=0 mAllowMassStorage=false
D/MountService( 1713): mMaxFileSize=4294967296 mOwner=null mUuid=null mUserLabel=null mState=null
D/MountService( 1713): got storage path: /storage/usb0 description: USB storage primary: false removable: true emulated: false mtpReserve: 0 allowMassStorage: false maxFileSize: 4294967296
D/MountService( 1713): addVolumeLocked() StorageVolume:
D/MountService( 1713): mStorageId=0 mPath=/storage/usb0 mDescriptionId=17040668 mPrimary=false
D/MountService( 1713): mRemovable=true mEmulated=false mMtpReserveSpace=0 mAllowMassStorage=false
D/MountService( 1713): mMaxFileSize=4294967296 mOwner=null mUuid=null mUserLabel=null mState=null
D/MountService( 1713): got storage path: /storage/usb1 description: USB storage primary: false removable: true emulated: false mtpReserve: 0 allowMassStorage: false maxFileSize: 4294967296
D/MountService( 1713): addVolumeLocked() StorageVolume:
D/MountService( 1713): mStorageId=0 mPath=/storage/usb1 mDescriptionId=17040668 mPrimary=false
D/MountService( 1713): mRemovable=true mEmulated=false mMtpReserveSpace=0 mAllowMassStorage=false
D/MountService( 1713): mMaxFileSize=4294967296 mOwner=null mUuid=null mUserLabel=null mState=null
D/MountService( 1713): got storage path: /storage/usb2 description: USB storage primary: false removable: true emulated: false mtpReserve: 0 allowMassStorage: false maxFileSize: 4294967296
D/MountService( 1713): addVolumeLocked() StorageVolume:
D/MountService( 1713): mStorageId=0 mPath=/storage/usb2 mDescriptionId=17040668 mPrimary=false
D/MountService( 1713): mRemovable=true mEmulated=false mMtpReserveSpace=0 mAllowMassStorage=false
D/MountService( 1713): mMaxFileSize=4294967296 mOwner=null mUuid=null mUserLabel=null mState=null
D/MountService( 1713): got storage path: /storage/usb3 description: USB storage primary: false removable: true emulated: false mtpReserve: 0 allowMassStorage: false maxFileSize: 4294967296
D/MountService( 1713): addVolumeLocked() StorageVolume:
D/MountService( 1713): mStorageId=0 mPath=/storage/usb3 mDescriptionId=17040668 mPrimary=false
D/MountService( 1713): mRemovable=true mEmulated=false mMtpReserveSpace=0 mAllowMassStorage=false
D/MountService( 1713): mMaxFileSize=4294967296 mOwner=null mUuid=null mUserLabel=null mState=null
I/SystemServer( 1713): LockSettingsService
I/SystemServer( 1713): Device Policy
I/SystemServer( 1713): Status Bar
I/SystemServer( 1713): Clipboard Service
I/SystemServer( 1713): NetworkManagement Service
I/SystemServer( 1713): Text Service Manager Service
W/MountService( 1713): Duplicate state transition (unmounted -> unmounted) for /storage/usb0
W/MountService( 1713): Duplicate state transition (unmounted -> unmounted) for /storage/usb1
D/MountService( 1713): volume state changed for /storage/usb2 (unmounted -> removed)
D/MountService( 1713): volume state changed for /storage/usb3 (unmounted -> removed)
W/TextServicesManagerService( 1713): more than one spell checker service found, picking first
W/PackageManager( 1713): Not granting permission android.permission.GLOBAL_SEARCH to package com.android.quicksearchbox (protectionLevel=18 flags=0x8be45)
I/SystemServer( 1713): NetworkStats Service
W/PackageManager( 1713): Unknown permission com.android.smspush.WAPPUSH_MANAGER_BIND in package com.android.phone
W/PackageManager( 1713): Unknown permission com.android.launcher.permission.PRELOAD_WORKSPACE in package com.google.android.partnersetup
I/SystemServer( 1713): NetworkPolicy Service
W/PackageManager( 1713): Unknown permission com.android.vending.billing.IBillingAccountService.BIND2 in package com.google.android.gsf.login
W/PackageManager( 1713): Unknown permission com.android.chrome.TOS_ACKED in package com.google.android.gsf.login
I/SystemServer( 1713): Wi-Fi P2pService
W/PackageManager( 1713): Unknown permission com.google.android.gallery3d.permission.GALLERY_PROVIDER in package com.android.bluetooth
W/PackageManager( 1713): Not granting permission android.permission.ACCESS_DOWNLOAD_MANAGER to package com.android.browser (protectionLevel=18 flags=0x9be45)
W/PackageManager( 1713): Not granting permission android.permission.SEND_DOWNLOAD_COMPLETED_INTENTS to package com.android.browser (protectionLevel=2 flags=0x9be45)
W/PackageManager( 1713): Unknown permission com.android.launcher.permission.READ_SETTINGS in package com.android.onetimeinitializer
W/PackageManager( 1713): Unknown permission com.android.launcher.permission.WRITE_SETTINGS in package com.android.onetimeinitializer
W/PackageManager( 1713): Not granting permission android.permission.BIND_WALLPAPER to package com.android.camera2 (protectionLevel=18 flags=0x58bc45)
W/PackageManager( 1713): Unknown permission android.permission.INSTALL_DRM in package com.android.mms
W/PackageManager( 1713): Unknown permission com.cyanogenmod.filemanager.permissions.READ_THEME in package com.cyanogenmod.filemanager
W/PackageManager( 1713): Not granting permission android.permission.BROADCAST_PACKAGE_REMOVED to package com.google.android.marvin.talkback (protectionLevel=2 flags=0x49be45)
W/PackageManager( 1713): Unknown permission android.permission.RECOVERY in package com.google.android.gms
W/PackageManager( 1713): Not granting permission android.permission.READ_DREAM_STATE to package com.google.android.gms (protectionLevel=2 flags=0x40483e45)
W/PackageManager( 1713): Unknown permission com.google.android.hangouts.START_HANGOUT in package com.google.android.gms
W/PackageManager( 1713): Unknown permission com.google.android.wearable.READ_SETTINGS in package com.google.android.gms
W/PackageManager( 1713): Unknown permission android.permission.READ_OWNER_DATA in package com.google.android.setupwizard
W/PackageManager( 1713): Unknown permission android.permission.WRITE_OWNER_DATA in package com.google.android.setupwizard
W/PackageManager( 1713): Unknown permission com.android.launcher.permission.READ_SETTINGS in package com.android.settings
W/PackageManager( 1713): Unknown permission com.android.launcher.permission.WRITE_SETTINGS in package com.android.settings
W/PackageManager( 1713): Unknown permission com.android.launcher.permission.READ_SETTINGS in package com.cyanogenmod.trebuchet
W/PackageManager( 1713): Unknown permission com.android.launcher.permission.WRITE_SETTINGS in package com.cyanogenmod.trebuchet
W/PackageManager( 1713): Unknown permission com.google.android.voicesearch.SHORTCUTS_ACCESS in package com.google.android.googlequicksearchbox
W/PackageManager( 1713): Unknown permission com.google.android.voicesearch.ACCESS_SETTINGS in package com.google.android.googlequicksearchbox
W/PackageManager( 1713): Unknown permission com.google.android.ears.permission.WRITE in package com.google.android.googlequicksearchbox
W/PackageManager( 1713): Unknown permission com.google.android.apps.googlevoice.permission.AUTO_SEND in package com.google.android.googlequicksearchbox
W/PackageManager( 1713): Unknown permission com.android.chrome.PRERENDER_URL in package com.google.android.googlequicksearchbox
W/PackageManager( 1713): Unknown permission com.google.android.launcher.permission.CONTENT_REDIRECT in package com.google.android.googlequicksearchbox
W/PackageManager( 1713): Not granting permission com.android.launcher3.permission.RECEIVE_LAUNCH_BROADCASTS to package com.google.android.googlequicksearchbox (protectionLevel=2 flags=0x40dbbe45)
W/PackageManager( 1713): Not granting permission android.permission.SEND_DOWNLOAD_COMPLETED_INTENTS to package com.android.vending (protectionLevel=2 flags=0x400abe45)
W/PackageManager( 1713): Unknown permission android.permission.SEND_SMS_NO_CONFIRMATION in package com.android.vending
W/PackageManager( 1713): Not granting permission android.permission.MOUNT_UNMOUNT_FILESYSTEMS to package net.toload.main.hd (protectionLevel=18 flags=0x9be45)
W/PackageManager( 1713): Not granting permission android.permission.DELETE_PACKAGES to package com.svox.pico (protectionLevel=18 flags=0x8be45)
W/PackageManager( 1713): Not granting permission android.permission.MANAGE_DOCUMENTS to package com.google.android.youtube (protectionLevel=18 flags=0x18be45)
W/PackageManager( 1713): Not granting permission android.permission.DEVICE_POWER to package com.android.deskclock (protectionLevel=2 flags=0x48be45)
W/PackageManager( 1713): Not granting permission android.permission.READ_DREAM_STATE to package com.google.android.gsf (protectionLevel=2 flags=0x40083e45)
W/PackageManager( 1713): Unknown permission android.permission.WRITE_SYNC_STATS in package com.google.android.apps.docs
I/SystemServer( 1713): Wi-Fi Service
I/SystemServer( 1713): Connectivity Service
D/ConnectivityService( 1713): ConnectivityService starting up
D/ConnectivityService( 1713): wifiOnly=false
E/ConnectivityService( 1713): Ignoring protectedNetwork 14
E/MobileDataStateTracker( 1713): default: Ignoring feature request because could not acquire PhoneService
E/MobileDataStateTracker( 1713): default: Could not enable APN type "default"
I/WifiService( 1713): WifiService starting up with Wi-Fi disabled
I/SystemServer( 1713): Network Service Discovery Service
D/NsdService( 1713): Network service discovery enabled true
I/SystemServer( 1713): UpdateLock Service
I/SystemServer( 1713): Notification Manager
I/SystemServer( 1713): Device Storage Monitor
I/SystemServer( 1713): Location Manager
I/SystemServer( 1713): Country Detector
I/SystemServer( 1713): Search Service
I/SystemServer( 1713): DropBox Service
I/SystemServer( 1713): Wallpaper Service
W/WallpaperService( 1713): no current wallpaper -- first boot?
I/SystemServer( 1713): Audio Service
I/SystemServer( 1713): Dock Observer
W/DockObserver( 1713): This kernel does not have dock station support
I/SystemServer( 1713): Wired Accessory Manager
W/WiredAccessoryManager( 1713): This kernel does not have usb audio support
W/WiredAccessoryManager( 1713): This kernel does not have HDMI audio support
I/SystemServer( 1713): USB Service
I/SystemServer( 1713): Serial Service
I/SystemServer( 1713): Twilight Service
I/SystemServer( 1713): UI Mode Manager Service
I/SystemServer( 1713): Backup Service
V/BackupManagerService( 1713): Initializing package tracking
V/BackupManagerService( 1713): No ancestral data
V/BackupManagerService( 1713): addPackageParticipantsLocked: all
I/BackupManagerService( 1713): Scheduling backup for new app com.android.calendar
D/BackupManagerService( 1713): Now staging backup of com.android.calendar
I/BackupManagerService( 1713): Scheduling backup for new app com.android.browser
D/BackupManagerService( 1713): Now staging backup of com.android.browser
I/BackupManagerService( 1713): Scheduling backup for new app com.android.providers.userdictionary
D/BackupManagerService( 1713): Now staging backup of com.android.providers.userdictionary
I/BackupManagerService( 1713): Scheduling backup for new app com.android.sharedstoragebackup
D/BackupManagerService( 1713): Now staging backup of com.android.sharedstoragebackup
I/BackupManagerService( 1713): Scheduling backup for new app com.google.android.marvin.talkback
D/BackupManagerService( 1713): Now staging backup of com.google.android.marvin.talkback
I/BackupManagerService( 1713): Scheduling backup for new app android
D/BackupManagerService( 1713): Now staging backup of android
I/BackupManagerService( 1713): Scheduling backup for new app com.google.android.googlequicksearchbox
D/BackupManagerService( 1713): Now staging backup of com.google.android.googlequicksearchbox
I/BackupManagerService( 1713): Scheduling backup for new app com.android.vending
D/BackupManagerService( 1713): Now staging backup of com.android.vending
I/BackupManagerService( 1713): Scheduling backup for new app net.toload.main.hd
D/BackupManagerService( 1713): Now staging backup of net.toload.main.hd
I/BackupManagerService( 1713): Scheduling backup for new app com.google.android.gm
D/BackupManagerService( 1713): Now staging backup of com.google.android.gm
I/BackupManagerService( 1713): Scheduling backup for new app com.google.android.inputmethod.latin
D/BackupManagerService( 1713): Now staging backup of com.google.android.inputmethod.latin
I/BackupManagerService( 1713): Scheduling backup for new app com.android.dialer
D/BackupManagerService( 1713): Now staging backup of com.android.dialer
I/BackupManagerService( 1713): Scheduling backup for new app com.android.providers.settings
D/BackupManagerService( 1713): Now staging backup of com.android.providers.settings
V/BackupManagerService( 1713): Starting with transport android/com.android.internal.backup.LocalTransport
V/BackupManagerService( 1713): Found transports: 2
I/BackupManagerService( 1713): Binding to transport host ComponentInfo{android/com.android.internal.backup.LocalTransportService}
I/BackupManagerService( 1713): Binding to transport host ComponentInfo{com.google.android.backuptransport/com.google.android.backup.BackupTransportService}
I/BackupManagerService( 1713): Backup enabled => false
I/BackupManagerService( 1713): Opting out of backup
I/SystemServer( 1713): AppWidget Service
I/SystemServer( 1713): Recognition Service
I/SystemServer( 1713): DiskStats Service
I/SystemServer( 1713): SamplingProfiler Service
I/SystemServer( 1713): NetworkTimeUpdateService
I/SystemServer( 1713): CommonTimeManagementService
I/SystemServer( 1713): CertBlacklister
I/SystemServer( 1713): Dreams Service
I/SystemServer( 1713): Assets Atlas Service
I/SystemServer( 1713): IdleMaintenanceService
I/SystemServer( 1713): Print Service
I/SystemServer( 1713): Media Router Service
I/LockSettingsService( 1713): Migrated lock settings to new location
I/LockSettingsService( 1713): Migrated per-user lock settings to new location
I/ActivityManager( 1713): Start proc com.android.systemui for service com.android.keyguard/.KeyguardService: pid=1808 uid=10011 gids={50011, 1028, 1015, 1023, 1035, 3002, 3001}
I/ActivityManager( 1713): Sending system update to ComponentInfo{com.android.providers.calendar/com.android.providers.calendar.CalendarUpgradeReceiver} for user 0
I/ActivityManager( 1713): Sending system update to ComponentInfo{com.android.providers.contacts/com.android.providers.contacts.ContactsUpgradeReceiver} for user 0
I/ActivityManager( 1713): Sending system update to ComponentInfo{com.google.android.gsf/com.google.android.gsf.loginservice.MigrateToAccountManagerBroadcastReceiver} for user 0
I/ActivityManager( 1713): Sending system update to ComponentInfo{com.android.providers.media/com.android.providers.media.MediaUpgradeReceiver} for user 0
I/ActivityManager( 1713): Sending system update to ComponentInfo{com.google.android.googlequicksearchbox/com.google.android.googlequicksearchbox.GelStubAppWatcher} for user 0
I/ActivityManager( 1713): Start proc com.android.providers.calendar for broadcast com.android.providers.calendar/.CalendarUpgradeReceiver: pid=1820 uid=10001 gids={50001, 3003, 1028, 1015, 1023}
W/InputMethodManagerService( 1713): Focus gain on non-focused client android.view.inputmethod.InputMethodManager$1@21a088a4 (uid=1000 pid=1713)
V/BackupManagerService( 1713): Connected to transport ComponentInfo{android/com.android.internal.backup.LocalTransportService}
V/BackupManagerService( 1713): Registering transport android/com.android.internal.backup.LocalTransportService::android/com.android.internal.backup.LocalTransport = com.android.internal.backup.LocalTransport@217ebb44
W/ActivityManager( 1713): Process ProcessRecord{216d9a00 1808:com.android.systemui/u0a11} failed to attach
W/ActivityManager( 1713): Forcing bringing down service: ServiceRecord{219c2a10 u0 com.android.keyguard/.KeyguardService}
I/ActivityManager( 1713): Killing 1808:com.android.systemui/u0a11 (adj -100): start timeout
W/ActivityManager( 1713): Process ProcessRecord{216dd204 1820:com.android.providers.calendar/u0a1} failed to attach
I/ActivityManager( 1713): Killing 1820:com.android.providers.calendar/u0a1 (adj -100): start timeout
W/ActivityManager( 1713): Unattached app died before broadcast acknowledged, skipping
W/ActivityManager( 1713): Unattached app died before broadcast acknowledged, skipping
I/ActivityManager( 1713): Start proc com.android.providers.calendar for broadcast com.android.providers.calendar/.CalendarUpgradeReceiver: pid=1832 uid=10001 gids={50001, 3003, 1028, 1015, 1023}
W/ActivityManager( 1713): Process ProcessRecord{216e0284 1832:com.android.providers.calendar/u0a1} failed to attach
I/ActivityManager( 1713): Killing 1832:com.android.providers.calendar/u0a1 (adj -100): start timeout
W/ActivityManager( 1713): Unattached app died before broadcast acknowledged, skipping
W/ActivityManager( 1713): Unattached app died before broadcast acknowledged, skipping
I/ActivityManager( 1713): Start proc com.android.providers.calendar for broadcast com.android.providers.calendar/.CalendarUpgradeReceiver: pid=1844 uid=10001 gids={50001, 3003, 1028, 1015, 1023}
W/ActivityManager( 1713): Process ProcessRecord{21709b84 1844:com.android.providers.calendar/u0a1} failed to attach
I/ActivityManager( 1713): Killing 1844:com.android.providers.calendar/u0a1 (adj -100): start timeout
W/ActivityManager( 1713): Unattached app died before broadcast acknowledged, skipping
W/ActivityManager( 1713): Unattached app died before broadcast acknowledged, skipping
I/ActivityManager( 1713): Start proc com.android.providers.calendar for broadcast com.android.providers.calendar/.CalendarUpgradeReceiver: pid=1856 uid=10001 gids={50001, 3003, 1028, 1015, 1023}
W/ActivityManager( 1713): Process ProcessRecord{21715d4c 1856:com.android.providers.calendar/u0a1} failed to attach
I/ActivityManager( 1713): Killing 1856:com.android.providers.calendar/u0a1 (adj -100): start timeout
W/ActivityManager( 1713): Unattached app died before broadcast acknowledged, skipping
W/ActivityManager( 1713): Unattached app died before broadcast acknowledged, skipping
I/ActivityManager( 1713): Start proc com.android.providers.calendar for broadcast com.android.providers.calendar/.CalendarUpgradeReceiver: pid=1868 uid=10001 gids={50001, 3003, 1028, 1015, 1023}
W/ActivityManager( 1713): Process ProcessRecord{21717c68 1868:com.android.providers.calendar/u0a1} failed to attach
I/ActivityManager( 1713): Killing 1868:com.android.providers.calendar/u0a1 (adj -100): start timeout
W/ActivityManager( 1713): Unattached app died before broadcast acknowledged, skipping
W/ActivityManager( 1713): Unattached app died before broadcast acknowledged, skipping
I/ActivityManager( 1713): Start proc com.android.providers.calendar for broadcast com.android.providers.calendar/.CalendarUpgradeReceiver: pid=1880 uid=10001 gids={50001, 3003, 1028, 1015, 1023}
E/ActivityManager( 1713): Attempt to launch receivers of broadcast intent Intent { act=android.net.ConnectivityService.action.PKT_CNT_SAMPLE_INTERVAL_ELAPSED flg=0x4 (has extras) } before boot completion
W/ActivityManager( 1713): Unable to send startActivity intent
W/ActivityManager( 1713): java.lang.IllegalStateException: Cannot broadcast before boot completed
W/ActivityManager( 1713): at com.android.server.am.ActivityManagerService.verifyBroadcastLocked(ActivityManagerService.java:13675)
W/ActivityManager( 1713): at com.android.server.am.ActivityManagerService.broadcastIntentInPackage(ActivityManagerService.java:13714)
W/ActivityManager( 1713): at com.android.server.am.PendingIntentRecord.sendInner(PendingIntentRecord.java:269)
W/ActivityManager( 1713): at com.android.server.am.PendingIntentRecord.send(PendingIntentRecord.java:192)
W/ActivityManager( 1713): at android.app.PendingIntent.send(PendingIntent.java:705)
W/ActivityManager( 1713): at android.app.PendingIntent.send(PendingIntent.java:659)
W/ActivityManager( 1713): at com.android.server.AlarmManagerService$AlarmThread.run(AlarmManagerService.java:1209)
W/ActivityManager( 1713): Process ProcessRecord{21733574 1880:com.android.providers.calendar/u0a1} failed to attach
I/ActivityManager( 1713): Killing 1880:com.android.providers.calendar/u0a1 (adj -100): start timeout
W/ActivityManager( 1713): Unattached app died before broadcast acknowledged, skipping
W/ActivityManager( 1713): Unattached app died before broadcast acknowledged, skipping
I/ActivityManager( 1713): Start proc com.android.providers.calendar for broadcast com.android.providers.calendar/.CalendarUpgradeReceiver: pid=1892 uid=10001 gids={50001, 3003, 1028, 1015, 1023}
W/ActivityManager( 1713): Process ProcessRecord{21753ae4 1892:com.android.providers.calendar/u0a1} failed to attach
I/ActivityManager( 1713): Killing 1892:com.android.providers.calendar/u0a1 (adj -100): start timeout
W/ActivityManager( 1713): Unattached app died before broadcast acknowledged, skipping
W/ActivityManager( 1713): Unattached app died before broadcast acknowledged, skipping
I/ActivityManager( 1713): Start proc com.android.providers.calendar for broadcast com.android.providers.calendar/.CalendarUpgradeReceiver: pid=1904 uid=10001 gids={50001, 3003, 1028, 1015, 1023}
W/ActivityManager( 1713): Process ProcessRecord{217819d0 1904:com.android.providers.calendar/u0a1} failed to attach
I/ActivityManager( 1713): Killing 1904:com.android.providers.calendar/u0a1 (adj -100): start timeout
W/ActivityManager( 1713): Unattached app died before broadcast acknowledged, skipping
W/ActivityManager( 1713): Unattached app died before broadcast acknowledged, skipping
I/ActivityManager( 1713): Start proc com.android.providers.calendar for broadcast com.android.providers.calendar/.CalendarUpgradeReceiver: pid=1916 uid=10001 gids={50001, 3003, 1028, 1015, 1023}
W/ActivityManager( 1713): Process ProcessRecord{217adba8 1916:com.android.providers.calendar/u0a1} failed to attach
I/ActivityManager( 1713): Killing 1916:com.android.providers.calendar/u0a1 (adj -100): start timeout
W/ActivityManager( 1713): Unattached app died before broadcast acknowledged, skipping
W/ActivityManager( 1713): Unattached app died before broadcast acknowledged, skipping
I/ActivityManager( 1713): Start proc com.android.providers.calendar for broadcast com.android.providers.calendar/.CalendarUpgradeReceiver: pid=1928 uid=10001 gids={50001, 3003, 1028, 1015, 1023}
W/ActivityManager( 1713): Process ProcessRecord{217b111c 1928:com.android.providers.calendar/u0a1} failed to attach
I/ActivityManager( 1713): Killing 1928:com.android.providers.calendar/u0a1 (adj -100): start timeout
W/ActivityManager( 1713): Unattached app died before broadcast acknowledged, skipping
W/ActivityManager( 1713): Unattached app died before broadcast acknowledged, skipping
I/ActivityManager( 1713): Start proc com.android.providers.calendar for broadcast com.android.providers.calendar/.CalendarUpgradeReceiver: pid=1940 uid=10001 gids={50001, 3003, 1028, 1015, 1023}
W/ActivityManager( 1713): Process ProcessRecord{217b2368 1940:com.android.providers.calendar/u0a1} failed to attach
I/ActivityManager( 1713): Killing 1940:com.android.providers.calendar/u0a1 (adj -100): start timeout
W/ActivityManager( 1713): Unattached app died before broadcast acknowledged, skipping
W/ActivityManager( 1713): Unattached app died before broadcast acknowledged, skipping
I/ActivityManager( 1713): Start proc com.android.providers.calendar for broadcast com.android.providers.calendar/.CalendarUpgradeReceiver: pid=1952 uid=10001 gids={50001, 3003, 1028, 1015, 1023}
W/ActivityManager( 1713): Process ProcessRecord{217dcaa0 1952:com.android.providers.calendar/u0a1} failed to attach
I/ActivityManager( 1713): Killing 1952:com.android.providers.calendar/u0a1 (adj -100): start timeout
W/ActivityManager( 1713): Unattached app died before broadcast acknowledged, skipping
W/ActivityManager( 1713): Unattached app died before broadcast acknowledged, skipping
I/ActivityManager( 1713): Start proc com.android.providers.calendar for broadcast com.android.providers.calendar/.CalendarUpgradeReceiver: pid=1964 uid=10001 gids={50001, 3003, 1028, 1015, 1023}
W/ActivityManager( 1713): Process ProcessRecord{21829a0c 1964:com.android.providers.calendar/u0a1} failed to attach
I/ActivityManager( 1713): Killing 1964:com.android.providers.calendar/u0a1 (adj -100): start timeout
W/ActivityManager( 1713): Unattached app died before broadcast acknowledged, skipping
W/ActivityManager( 1713): Unattached app died before broadcast acknowledged, skipping
I/ActivityManager( 1713): Start proc com.android.providers.calendar for broadcast com.android.providers.calendar/.CalendarUpgradeReceiver: pid=1976 uid=10001 gids={50001, 3003, 1028, 1015, 1023}
W/ActivityManager( 1713): Process ProcessRecord{2182c994 1976:com.android.providers.calendar/u0a1} failed to attach
I/ActivityManager( 1713): Killing 1976:com.android.providers.calendar/u0a1 (adj -100): start timeout
W/ActivityManager( 1713): Unattached app died before broadcast acknowledged, skipping
W/ActivityManager( 1713): Unattached app died before broadcast acknowledged, skipping
I/ActivityManager( 1713): Start proc com.android.providers.calendar for broadcast com.android.providers.calendar/.CalendarUpgradeReceiver: pid=1988 uid=10001 gids={50001, 3003, 1028, 1015, 1023}
W/ActivityManager( 1713): Process ProcessRecord{2182d50c 1988:com.android.providers.calendar/u0a1} failed to attach
I/ActivityManager( 1713): Killing 1988:com.android.providers.calendar/u0a1 (adj -100): start timeout
W/ActivityManager( 1713): Unattached app died before broadcast acknowledged, skipping
W/ActivityManager( 1713): Unattached app died before broadcast acknowledged, skipping
I/ActivityManager( 1713): Start proc com.android.providers.calendar for broadcast com.android.providers.calendar/.CalendarUpgradeReceiver: pid=2000 uid=10001 gids={50001, 3003, 1028, 1015, 1023}
W/ActivityManager( 1713): Process ProcessRecord{2186641c 2000:com.android.providers.calendar/u0a1} failed to attach
I/ActivityManager( 1713): Killing 2000:com.android.providers.calendar/u0a1 (adj -100): start timeout
W/ActivityManager( 1713): Unattached app died before broadcast acknowledged, skipping
W/ActivityManager( 1713): Unattached app died before broadcast acknowledged, skipping
I/ActivityManager( 1713): Start proc com.android.providers.calendar for broadcast com.android.providers.calendar/.CalendarUpgradeReceiver: pid=2012 uid=10001 gids={50001, 3003, 1028, 1015, 1023}
W/ActivityManager( 1713): Process ProcessRecord{2186804c 2012:com.android.providers.calendar/u0a1} failed to attach
I/ActivityManager( 1713): Killing 2012:com.android.providers.calendar/u0a1 (adj -100): start timeout
W/ActivityManager( 1713): Unattached app died before broadcast acknowledged, skipping
W/ActivityManager( 1713): Unattached app died before broadcast acknowledged, skipping
I/ActivityManager( 1713): Start proc com.android.providers.calendar for broadcast com.android.providers.calendar/.CalendarUpgradeReceiver: pid=2024 uid=10001 gids={50001, 3003, 1028, 1015, 1023}
W/ActivityManager( 1713): Process ProcessRecord{21876024 2024:com.android.providers.calendar/u0a1} failed to attach
I/ActivityManager( 1713): Killing 2024:com.android.providers.calendar/u0a1 (adj -100): start timeout
W/ActivityManager( 1713): Unattached app died before broadcast acknowledged, skipping
W/ActivityManager( 1713): Unattached app died before broadcast acknowledged, skipping
I/ActivityManager( 1713): Start proc com.android.providers.calendar for broadcast com.android.providers.calendar/.CalendarUpgradeReceiver: pid=2036 uid=10001 gids={50001, 3003, 1028, 1015, 1023} --------- beginning of /dev/log/main
I/DEBUG ( 1392): bfa6a700 00000000
I/DEBUG ( 1392): bfa6a704 bfa6a714 [stack]
I/DEBUG ( 1392): bfa6a708 00000003
I/DEBUG ( 1392): bfa6a70c 40047f60 /system/lib/liblog.so
I/DEBUG ( 1392): bfa6a710 401a8fd6 /system/lib/libbinder.so
I/DEBUG ( 1392): bfa6a714 6f905ea0 [anon:libc_malloc]
I/DEBUG ( 1392): bfa6a718 bfa6a74c [stack]
I/DEBUG ( 1392): bfa6a71c 40042c0d /system/lib/liblog.so (__android_log_assert+125)
I/DEBUG ( 1392): #00 bfa6a720 00000007
I/DEBUG ( 1392): bfa6a724 401a8fc9 /system/lib/libbinder.so
I/DEBUG ( 1392): bfa6a728 bfa6a74c [stack]
I/DEBUG ( 1392): bfa6a72c bfa6ab7c [stack]
I/DEBUG ( 1392): bfa6a730 00000000
I/DEBUG ( 1392): bfa6a734 41133580 /system/lib/libselinux.so
I/DEBUG ( 1392): bfa6a738 400f33a0
I/DEBUG ( 1392): bfa6a73c 401a8fc9 /system/lib/libbinder.so
I/DEBUG ( 1392): bfa6a740 400f33a0
I/DEBUG ( 1392): bfa6a744 000003ff
I/DEBUG ( 1392): bfa6a748 400f33a0
I/DEBUG ( 1392): bfa6a74c 646e6942 /dev/ashmem/dalvik-mark-stack (deleted)
I/DEBUG ( 1392): bfa6a750 64207265 /dev/ashmem/dalvik-mark-stack (deleted)
I/DEBUG ( 1392): bfa6a754 65766972 /dev/ashmem/dalvik-mark-stack (deleted)
I/DEBUG ( 1392): bfa6a758 6f632072 /dev/ashmem/dalvik-LinearAlloc (deleted)
I/DEBUG ( 1392): bfa6a75c 20646c75
I/DEBUG ( 1392): ........ ........
I/DEBUG ( 1392): #01 bfa6ab70 401a8fd6 /system/lib/libbinder.so
I/DEBUG ( 1392): bfa6ab74 401a8fc9 /system/lib/libbinder.so
I/DEBUG ( 1392): bfa6ab78 401a98e0 /system/lib/libbinder.so
I/DEBUG ( 1392): bfa6ab7c 00004002
I/DEBUG ( 1392): bfa6ab80 00000026
I/DEBUG ( 1392): bfa6ab84 00000000
I/DEBUG ( 1392): bfa6ab88 42cf7788 /dev/ashmem/dalvik-heap (deleted)
I/DEBUG ( 1392): bfa6ab8c 426f0cd0 /system/lib/libdvm.so
I/DEBUG ( 1392): bfa6ab90 42a45570 [anon:libc_malloc]
I/DEBUG ( 1392): bfa6ab94 bfa6abf8 [stack]
I/DEBUG ( 1392): bfa6ab98 42cf774c /dev/ashmem/dalvik-heap (deleted)
I/DEBUG ( 1392): bfa6ab9c 401a8fc9 /system/lib/libbinder.so
I/DEBUG ( 1392): bfa6aba0 42a45570 [anon:libc_malloc]
I/DEBUG ( 1392): bfa6aba4 00000007
I/DEBUG ( 1392): bfa6aba8 00000007
I/DEBUG ( 1392): bfa6abac 0000000f
I/DEBUG ( 1392): ........ ........
I/DEBUG ( 1392): #02 bfa6abd0 bfa6abfc [stack]
I/DEBUG ( 1392): bfa6abd4 8e60001d
I/DEBUG ( 1392): bfa6abd8 42cf774c /dev/ashmem/dalvik-heap (deleted)
I/DEBUG ( 1392): bfa6abdc 426098dc /system/lib/libdvm.so (dvmFindDirectMethodHier(ClassObject const*, char const*, DexProto const*)+76)
I/DEBUG ( 1392): bfa6abe0 70ac34c7 /system/framework/framework2.odex
I/DEBUG ( 1392): bfa6abe4 bfa6ac6c [stack]
I/DEBUG ( 1392): bfa6abe8 6e9520f8 /dev/ashmem/dalvik-LinearAlloc (deleted)
I/DEBUG ( 1392): bfa6abec bfa6abfc [stack]
I/DEBUG ( 1392): bfa6abf0 42cf8638 /dev/ashmem/dalvik-heap (deleted)
I/DEBUG ( 1392): bfa6abf4 00000000
I/DEBUG ( 1392): bfa6abf8 728b7740 [anon:libc_malloc]
I/DEBUG ( 1392): bfa6abfc 728b7740 [anon:libc_malloc]
I/DEBUG ( 1392): bfa6ac00 70ac34c7 /system/framework/framework2.odex
I/DEBUG ( 1392): bfa6ac04 42a691a0 /dev/ashmem/dalvik-zygote (deleted)
I/DEBUG ( 1392): bfa6ac08 709d0684 /system/framework/framework2.odex
I/DEBUG ( 1392): bfa6ac0c 00000002
I/DEBUG ( 1392): ........ ........
I/DEBUG ( 1392):
I/DEBUG ( 1392): memory map around fault addr 40042c0d:
I/DEBUG ( 1392): 40040000-40041000 rw- /system/lib/libcutils.so
I/DEBUG ( 1392): 40041000-40047000 r-x /system/lib/liblog.so
I/DEBUG ( 1392): 40047000-40048000 r-- /system/lib/liblog.so
D/Zygote ( 1395): Process 2036 terminated by signal (4)
W/EGL-GALLIUM( 1706): cache full: buf 0x41e7d638, width 1280, height 1024, format 2, usage 0x900
W/EGL-GALLIUM( 1394): cache full: buf 0x41539f08, width 1280, height 1024, format 5, usage 0x1a00
W/EGL-GALLIUM( 1706): cache full: buf 0x41ed7578, width 1280, height 1024, format 2, usage 0x900
W/EGL-GALLIUM( 1394): cache full: buf 0x41380f68, width 1280, height 1024, format 5, usage 0x1a00
W/EGL-GALLIUM( 1706): cache full: buf 0x41ee1388, width 1280, height 1024, format 2, usage 0x900
W/EGL-GALLIUM( 1394): cache full: buf 0x426a7118, width 1280, height 1024, format 5, usage 0x1a00
W/EGL-GALLIUM( 1706): cache full: buf 0x41e7d638, width 1280, height 1024, format 2, usage 0x900
W/EGL-GALLIUM( 1394): cache full: buf 0x41539f08, width 1280, height 1024, format 5, usage 0x1a00
W/EGL-GALLIUM( 1706): cache full: buf 0x41ed7578, width 1280, height 1024, format 2, usage 0x900
W/EGL-GALLIUM( 1394): cache full: buf 0x41380f68, width 1280, height 1024, format 5, usage 0x1a00
W/EGL-GALLIUM( 1706): cache full: buf 0x41ee1388, width 1280, height 1024, format 2, usage 0x900
W/EGL-GALLIUM( 1394): cache full: buf 0x426a7118, width 1280, height 1024, format 5, usage 0x1a00
W/EGL-GALLIUM( 1706): cache full: buf 0x41e7d638, width 1280, height 1024, format 2, usage 0x900
W/EGL-GALLIUM( 1394): cache full: buf 0x41539f08, width 1280, height 1024, format 5, usage 0x1a00
W/EGL-GALLIUM( 1706): cache full: buf 0x41ed7578, width 1280, height 1024, format 2, usage 0x900
W/EGL-GALLIUM( 1394): cache full: buf 0x41380f68, width 1280, height 1024, format 5, usage 0x1a00
W/EGL-GALLIUM( 1706): cache full: buf 0x41ee1388, width 1280, height 1024, format 2, usage 0x900
W/EGL-GALLIUM( 1394): cache full: buf 0x426a7118, width 1280, height 1024, format 5, usage 0x1a00
W/EGL-GALLIUM( 1706): cache full: buf 0x41e7d638, width 1280, height 1024, format 2, usage 0x900
W/EGL-GALLIUM( 1394): cache full: buf 0x41539f08, width 1280, height 1024, format 5, usage 0x1a00
W/EGL-GALLIUM( 1706): cache full: buf 0x41ed7578, width 1280, height 1024, format 2, usage 0x900
W/EGL-GALLIUM( 1394): cache full: buf 0x41380f68, width 1280, height 1024, format 5, usage 0x1a00
W/EGL-GALLIUM( 1706): cache full: buf 0x41ee1388, width 1280, height 1024, format 2, usage 0x900
W/EGL-GALLIUM( 1394): cache full: buf 0x426a7118, width 1280, height 1024, format 5, usage 0x1a00
W/EGL-GALLIUM( 1706): cache full: buf 0x41e7d638, width 1280, height 1024, format 2, usage 0x900
W/EGL-GALLIUM( 1394): cache full: buf 0x41539f08, width 1280, height 1024, format 5, usage 0x1a00
W/EGL-GALLIUM( 1706): cache full: buf 0x41ed7578, width 1280, height 1024, format 2, usage 0x900
W/EGL-GALLIUM( 1394): cache full: buf 0x41380f68, width 1280, height 1024, format 5, usage 0x1a00
W/EGL-GALLIUM( 1706): cache full: buf 0x41ee1388, width 1280, height 1024, format 2, usage 0x900
W/EGL-GALLIUM( 1394): cache full: buf 0x426a7118, width 1280, height 1024, format 5, usage 0x1a00
W/EGL-GALLIUM( 1706): cache full: buf 0x41e7d638, width 1280, height 1024, format 2, usage 0x900
W/EGL-GALLIUM( 1394): cache full: buf 0x41539f08, width 1280, height 1024, format 5, usage 0x1a00
W/EGL-GALLIUM( 1706): cache full: buf 0x41ed7578, width 1280, height 1024, format 2, usage 0x900
W/EGL-GALLIUM( 1394): cache full: buf 0x41380f68, width 1280, height 1024, format 5, usage 0x1a00
W/EGL-GALLIUM( 1706): cache full: buf 0x41ee1388, width 1280, height 1024, format 2, usage 0x900
W/EGL-GALLIUM( 1394): cache full: buf 0x426a7118, width 1280, height 1024, format 5, usage 0x1a00
W/EGL-GALLIUM( 1706): cache full: buf 0x41e7d638, width 1280, height 1024, format 2, usage 0x900
W/EGL-GALLIUM( 1394): cache full: buf 0x41539f08, width 1280, height 1024, format 5, usage 0x1a00
W/EGL-GALLIUM( 1706): cache full: buf 0x41ed7578, width 1280, height 1024, format 2, usage 0x900
W/EGL-GALLIUM( 1394): cache full: buf 0x41380f68, width 1280, height 1024, format 5, usage 0x1a00
W/EGL-GALLIUM( 1706): cache full: buf 0x41ee1388, width 1280, height 1024, format 2, usage 0x900
W/EGL-GALLIUM( 1394): cache full: buf 0x426a7118, width 1280, height 1024, format 5, usage 0x1a00
W/EGL-GALLIUM( 1706): cache full: buf 0x41e7d638, width 1280, height 1024, format 2, usage 0x900
W/EGL-GALLIUM( 1394): cache full: buf 0x41539f08, width 1280, height 1024, format 5, usage 0x1a00
W/EGL-GALLIUM( 1706): cache full: buf 0x41ed7578, width 1280, height 1024, format 2, usage 0x900
W/EGL-GALLIUM( 1394): cache full: buf 0x41380f68, width 1280, height 1024, format 5, usage 0x1a00
W/EGL-GALLIUM( 1706): cache full: buf 0x41ee1388, width 1280, height 1024, format 2, usage 0x900
W/EGL-GALLIUM( 1394): cache full: buf 0x426a7118, width 1280, height 1024, format 5, usage 0x1a00
W/EGL-GALLIUM( 1706): cache full: buf 0x41e7d638, width 1280, height 1024, format 2, usage 0x900
W/EGL-GALLIUM( 1394): cache full: buf 0x41539f08, width 1280, height 1024, format 5, usage 0x1a00
W/EGL-GALLIUM( 1706): cache full: buf 0x41ed7578, width 1280, height 1024, format 2, usage 0x900
W/EGL-GALLIUM( 1394): cache full: buf 0x41380f68, width 1280, height 1024, format 5, usage 0x1a00
W/EGL-GALLIUM( 1706): cache full: buf 0x41ee1388, width 1280, height 1024, format 2, usage 0x900
W/EGL-GALLIUM( 1394): cache full: buf 0x426a7118, width 1280, height 1024, format 5, usage 0x1a00
W/EGL-GALLIUM( 1706): cache full: buf 0x41e7d638, width 1280, height 1024, format 2, usage 0x900
W/EGL-GALLIUM( 1394): cache full: buf 0x41539f08, width 1280, height 1024, format 5, usage 0x1a00
W/EGL-GALLIUM( 1706): cache full: buf 0x41ed7578, width 1280, height 1024, format 2, usage 0x900
W/EGL-GALLIUM( 1394): cache full: buf 0x41380f68, width 1280, height 1024, format 5, usage 0x1a00
W/EGL-GALLIUM( 1706): cache full: buf 0x41ee1388, width 1280, height 1024, format 2, usage 0x900
W/EGL-GALLIUM( 1394): cache full: buf 0x426a7118, width 1280, height 1024, format 5, usage 0x1a00
W/EGL-GALLIUM( 1706): cache full: buf 0x41e7d638, width 1280, height 1024, format 2, usage 0x900
W/EGL-GALLIUM( 1394): cache full: buf 0x41539f08, width 1280, height 1024, format 5, usage 0x1a00
W/EGL-GALLIUM( 1706): cache full: buf 0x41ed7578, width 1280, height 1024, format 2, usage 0x900
W/EGL-GALLIUM( 1394): cache full: buf 0x41380f68, width 1280, height 1024, format 5, usage 0x1a00
W/EGL-GALLIUM( 1706): cache full: buf 0x41ee1388, width 1280, height 1024, format 2, usage 0x900
W/EGL-GALLIUM( 1394): cache full: buf 0x426a7118, width 1280, height 1024, format 5, usage 0x1a00
W/EGL-GALLIUM( 1706): cache full: buf 0x41e7d638, width 1280, height 1024, format 2, usage 0x900
W/EGL-GALLIUM( 1394): cache full: buf 0x41539f08, width 1280, height 1024, format 5, usage 0x1a00
W/EGL-GALLIUM( 1706): cache full: buf 0x41ed7578, width 1280, height 1024, format 2, usage 0x900
W/EGL-GALLIUM( 1394): cache full: buf 0x41380f68, width 1280, height 1024, format 5, usage 0x1a00
W/EGL-GALLIUM( 1706): cache full: buf 0x41ee1388, width 1280, height 1024, format 2, usage 0x900
W/EGL-GALLIUM( 1394): cache full: buf 0x426a7118, width 1280, height 1024, format 5, usage 0x1a00
W/EGL-GALLIUM( 1706): cache full: buf 0x41e7d638, width 1280, height 1024, format 2, usage 0x900
W/EGL-GALLIUM( 1394): cache full: buf 0x41539f08, width 1280, height 1024, format 5, usage 0x1a00
W/EGL-GALLIUM( 1706): cache full: buf 0x41ed7578, width 1280, height 1024, format 2, usage 0x900
W/EGL-GALLIUM( 1394): cache full: buf 0x41380f68, width 1280, height 1024, format 5, usage 0x1a00
W/EGL-GALLIUM( 1706): cache full: buf 0x41ee1388, width 1280, height 1024, format 2, usage 0x900
