05-03 21:50:33.706 1398 1398 I surfaceflinger: type=1400 audit(0.0:399): avc: denied { ioctl } for path="/dev/dri/card0" dev="tmpfs" ino=8252 ioctlcmd=0x640b scontext=u:r:surfaceflinger:s0 tcontext=u:object_r:device:s0 tclass=chr_file permissive=1
05-03 21:50:38.644 1697 1711 I ActivityManager: Killing 6066:com.google.android.play.games.ui/u0a77 (adj 906): empty #17
05-03 21:50:38.703 1697 3478 D ActivityManager: cleanUpApplicationRecord -- 6066
05-03 21:50:38.807 1697 1739 W InputDispatcher: channel 'ad570a0 de.saschawillems.vulkancapsviewer/org.qtproject.qt5.android.bindings.QtActivity (server)' ~ Consumer closed input channel or an error occurred. events=0x9
05-03 21:50:38.807 1697 1739 E InputDispatcher: channel 'ad570a0 de.saschawillems.vulkancapsviewer/org.qtproject.qt5.android.bindings.QtActivity (server)' ~ Channel is unrecoverably broken and will be disposed!
05-03 21:50:38.807 1697 3478 I WindowManager: WIN DEATH: Window{8dee38a u0 SurfaceView - de.saschawillems.vulkancapsviewer/org.qtproject.qt5.android.bindings.QtActivity EXITING}
05-03 21:50:38.809 1697 3807 D GraphicsStats: Buffer count: 9
05-03 21:50:38.810 1697 4318 I ActivityManager: Process de.saschawillems.vulkancapsviewer (pid 6640) has died
05-03 21:50:38.810 1697 4318 D ActivityManager: cleanUpApplicationRecord -- 6640
05-03 21:50:38.810 1697 3807 I WindowManager: WIN DEATH: Window{ad570a0 u0 de.saschawillems.vulkancapsviewer/org.qtproject.qt5.android.bindings.QtActivity EXITING}
05-03 21:50:38.810 1697 3807 W InputDispatcher: Attempted to unregister already unregistered input channel 'ad570a0 de.saschawillems.vulkancapsviewer/org.qtproject.qt5.android.bindings.QtActivity (server)'
05-03 21:50:38.857 1398 1398 W SurfaceFlinger: couldn't log to binary event log: overflow.
05-03 21:50:38.894 2294 2406 W OpenGLRenderer: Incorrectly called buildLayer on View: ShortcutAndWidgetContainer, destroying layer...
05-03 21:50:38.894 2294 2406 W OpenGLRenderer: Incorrectly called buildLayer on View: ShortcutAndWidgetContainer, destroying layer...
05-03 21:50:41.484 1404 1669 I audio_hw_primary: choose pcmC1D0p for 0
05-03 21:50:41.783 1782 1782 I SlideTouchEvent: vel=0.0, MinimumFlingVelocity=50
05-03 21:50:45.080 1410 6337 E Drm : Failed to find drm plugin
05-03 21:50:45.081 6339 6637 W DG.WV : Widevine DRM not supported on this device
05-03 21:50:45.081 6339 6637 W DG.WV : android.media.UnsupportedSchemeException: Failed to instantiate drm object.
05-03 21:50:45.081 6339 6637 W DG.WV : at android.media.MediaDrm.native_setup(Native Method)
05-03 21:50:45.081 6339 6637 W DG.WV : at android.media.MediaDrm.(MediaDrm.java:215)
05-03 21:50:45.081 6339 6637 W DG.WV : at qqj.run(:com.google.android.gms@12529025@12.5.29 (040800-192802242):10)
05-03 21:50:45.081 6339 6637 W DG.WV : at nsg.run(:com.google.android.gms@12529025@12.5.29 (040800-192802242):27)
05-03 21:50:45.081 6339 6637 W DG.WV : at java.util.concurrent.ThreadPoolExecutor.runWorker(ThreadPoolExecutor.java:1133)
05-03 21:50:45.081 6339 6637 W DG.WV : at java.util.concurrent.ThreadPoolExecutor$Worker.run(ThreadPoolExecutor.java:607)
05-03 21:50:45.081 6339 6637 W DG.WV : at nya.run(:com.google.android.gms@12529025@12.5.29 (040800-192802242))
05-03 21:50:45.081 6339 6637 W DG.WV : at java.lang.Thread.run(Thread.java:761)
05-03 21:50:45.380 6339 6352 I art : Rejecting re-init on previously-failed class java.lang.Class: java.lang.UnsatisfiedLinkError: dlopen failed: "/data/data/com.google.android.gms/app_dg_cache/87A7B6DF3A340CFF01D8DD0CA677B97CBEEAAF1C/libdF19F0D9D2526.so" is 32-bit instead of 64-bit
05-03 21:50:45.380 6339 6352 I art : (Throwable with no stack trace)
05-03 21:50:55.679 1404 1669 I audio_hw_primary: choose pcmC1D0p for 0
05-03 21:51:02.707 1398 1398 E Layer : [Sprite] rejecting buffer: bufWidth=25, bufHeight=25, front.active.{w=22, h=28}
05-03 21:51:03.404 1782 1782 D ViewRootImpl[NavigationBar]: updatePointerIcon called with position out of bounds
05-03 21:51:03.590 1782 1782 D ViewRootImpl[StatusBar]: updatePointerIcon called with position out of bounds
05-03 21:51:03.607 1782 1782 D ViewRootImpl[StatusBar]: updatePointerIcon called with position out of bounds
05-03 21:51:03.624 1782 1782 D ViewRootImpl[StatusBar]: updatePointerIcon called with position out of bounds
05-03 21:51:03.641 1782 1782 D ViewRootImpl[StatusBar]: updatePointerIcon called with position out of bounds
05-03 21:51:03.657 1782 1782 D ViewRootImpl[StatusBar]: updatePointerIcon called with position out of bounds
05-03 21:51:03.671 1697 4318 I ActivityManager: Setting hasTopUi=true for pid=1782
05-03 21:51:03.671 1782 1782 D PhoneStatusBar: disable: < expand ICONS* alerts SYSTEM_INFO* back home recent clock search quick_settings
> 05-03 21:51:03.678 1782 1782 D ViewRootImpl[StatusBar]: updatePointerIcon called with position out of bounds
05-03 21:51:03.708 1697 4318 W VibratorService: Tried to stop vibrating but there is no vibrator device.
05-03 21:51:04.709 1782 1782 D ViewRootImpl[NavigationBar]: updatePointerIcon called with position out of bounds
05-03 21:51:05.011 1404 1669 I audio_hw_primary: choose pcmC1D0p for 0
05-03 21:51:05.015 1697 4318 I ActivityManager: START u0 {flg=0x10000000 cmp=jackpal.androidterm/.Term} from uid 10046 on display 0
05-03 21:51:05.020 1697 3478 E ActivityManager: applyOptionsLocked: Unknown animationType=0
05-03 21:51:05.022 3944 3944 V Term : onCreate
05-03 21:51:05.028 3944 3944 I Term : Bound to TermService
05-03 21:51:05.028 3944 3944 I TermService: Activity binding to service
05-03 21:51:05.123 1697 1718 I ActivityManager: Displayed jackpal.androidterm/.Term: +103ms
05-03 21:51:05.154 1777 1777 I LatinIME: Starting input. Cursor position = -1,-1
05-03 21:51:05.358 1697 3478 I ActivityManager: Setting hasTopUi=false for pid=1782
05-03 21:51:05.358 1782 1782 D PhoneStatusBar: disable: < expand icons* alerts system_info* back home recent clock search quick_settings
> 05-03 21:51:08.327 1404 1669 I audio_hw_primary: choose pcmC1D0p for 0
05-03 21:51:08.387 1777 1777 I LatinIME: Starting input. Cursor position = -1,-1
05-03 21:51:08.388 3944 3944 W IInputConnectionWrapper: finishComposingText on inactive InputConnection
05-03 21:51:08.393 3944 6673 I Term : waiting for: 6670
05-03 21:51:10.375 1697 1697 W WindowManager: Attempted to remove non-existing token: android.os.Binder@26212dd
05-03 21:51:11.819 6676 6676 D su : su invoked.
05-03 21:51:11.819 6676 6676 D su : starting daemon client 10046 10046
05-03 21:51:11.820 6679 6679 D su : remote pid: 6676
05-03 21:51:11.820 6679 6679 D su : remote pts_slave: /dev/pts/2
05-03 21:51:11.820 6679 6679 D su : waiting for child exit
05-03 21:51:11.820 6681 6681 D su : daemon: stdin using PTY
05-03 21:51:11.820 6681 6681 D su : daemon: stdout using PTY
05-03 21:51:11.820 6681 6681 D su : daemon: stderr using PTY
05-03 21:51:11.821 6682 6682 D su : su invoked.
05-03 21:51:11.821 6682 6682 E su : SU from: u0_a46
05-03 21:51:11.840 6682 6682 D su : Checking whether app [uid:10046, pkgName: jackpal.androidterm] is allowed to be root
05-03 21:51:11.841 1697 1711 E AppOps : Creating dialog box
05-03 21:51:11.891 1697 1697 I RenderThread: type=1400 audit(0.0:400): avc: denied { getattr } for path="/dev/dri/card0" dev="tmpfs" ino=8252 scontext=u:r:system_server:s0 tcontext=u:object_r:device:s0 tclass=chr_file permissive=1
05-03 21:51:11.893 1697 5501 I EGL-DRI2: found extension DRI_Core version 1
05-03 21:51:11.893 1697 5501 I EGL-DRI2: found extension DRI_DRI2 version 4
05-03 21:51:11.898 1697 1697 I RenderThread: type=1400 audit(0.0:401): avc: denied { read write } for path="/dev/dri/card0" dev="tmpfs" ino=8252 scontext=u:r:system_server:s0 tcontext=u:object_r:device:s0 tclass=chr_file permissive=1
05-03 21:51:11.899 1697 5501 I EGL-DRI2: found extension DRI_TexBuffer version 3
05-03 21:51:11.899 1697 5501 I EGL-DRI2: found extension DRI2_Flush version 4
05-03 21:51:11.899 1697 5501 I EGL-DRI2: found extension DRI_IMAGE version 14
05-03 21:51:11.899 1697 5501 I EGL-DRI2: found extension DRI2_Fence version 2
05-03 21:51:11.899 1697 5501 I EGL-DRI2: found extension DRI_RENDERER_QUERY version 1
05-03 21:51:11.899 1697 5501 I EGL-DRI2: found extension DRI_CONFIG_QUERY version 1
05-03 21:51:11.899 1697 5501 I EGL-DRI2: found extension DRI_Robustness version 1
05-03 21:51:11.899 1697 5501 I OpenGLRenderer: Initialized EGL, version 1.4
05-03 21:51:11.899 1697 5501 D OpenGLRenderer: Swap behavior 2
05-03 21:51:11.903 1697 1711 W ViewRootImpl[Permission info: Terminal Emulator]: Cancelling event due to no window focus: KeyEvent { action=ACTION_UP, keyCode=KEYCODE_ENTER, scanCode=28, metaState=0, flags=0x28, repeatCount=0, eventTime=1147146, downTime=1147025, deviceId=5, source=0x101 }
05-03 21:51:11.903 1697 1711 W ViewRootImpl[Permission info: Terminal Emulator]: Cancelling event due to no window focus: KeyEvent { action=ACTION_UP, keyCode=KEYCODE_ENTER, scanCode=28, metaState=0, flags=0x28, repeatCount=0, eventTime=1147146, downTime=1147025, deviceId=5, source=0x101 }
05-03 21:51:11.903 1697 1711 W ViewRootImpl[Permission info: Terminal Emulator]: Cancelling event due to no window focus: KeyEvent { action=ACTION_UP, keyCode=KEYCODE_ENTER, scanCode=28, metaState=0, flags=0x28, repeatCount=0, eventTime=1147146, downTime=1147025, deviceId=5, source=0x101 }
05-03 21:51:11.903 1697 1711 W ViewRootImpl[Permission info: Terminal Emulator]: Cancelling event due to no window focus: KeyEvent { action=ACTION_UP, keyCode=KEYCODE_ENTER, scanCode=28, metaState=0, flags=0x28, repeatCount=0, eventTime=1147146, downTime=1147025, deviceId=5, source=0x101 }
05-03 21:51:11.903 1697 1711 W ViewRootImpl[Permission info: Terminal Emulator]: Cancelling event due to no window focus: KeyEvent { action=ACTION_UP, keyCode=KEYCODE_ENTER, scanCode=28, metaState=0, flags=0x28, repeatCount=0, eventTime=1147146, downTime=1147025, deviceId=5, source=0x101 }
05-03 21:51:11.903 1697 1711 W ViewRootImpl[Permission info: Terminal Emulator]: Cancelling event due to no window focus: KeyEvent { action=ACTION_UP, keyCode=KEYCODE_ENTER, scanCode=28, metaState=0, flags=0x28, repeatCount=0, eventTime=1147146, downTime=1147025, deviceId=5, source=0x101 }
05-03 21:51:11.903 1697 1711 W ViewRootImpl[Permission info: Terminal Emulator]: Cancelling event due to no window focus: KeyEvent { action=ACTION_UP, keyCode=KEYCODE_ENTER, scanCode=28, metaState=0, flags=0x28, repeatCount=0, eventTime=1147146, downTime=1147025, deviceId=5, source=0x101 }
05-03 21:51:11.903 1697 1711 W ViewRootImpl[Permission info: Terminal Emulator]: Cancelling event due to no window focus: KeyEvent { action=ACTION_UP, keyCode=KEYCODE_ENTER, scanCode=28, metaState=0, flags=0x28, repeatCount=0, eventTime=1147146, downTime=1147025, deviceId=5, source=0x101 }
05-03 21:51:11.903 1697 1711 W ViewRootImpl[Permission info: Terminal Emulator]: Cancelling event due to no window focus: KeyEvent { action=ACTION_UP, keyCode=KEYCODE_ENTER, scanCode=28, metaState=0, flags=0x28, repeatCount=0, eventTime=1147146, downTime=1147025, deviceId=5, source=0x101 }
05-03 21:51:12.893 1697 1711 D ViewRootImpl[Permission info: Terminal Emulator]: updatePointerIcon called with position out of bounds
05-03 21:51:12.907 1697 1711 D ViewRootImpl[Permission info: Terminal Emulator]: updatePointerIcon called with position out of bounds
05-03 21:51:12.924 1697 1711 D ViewRootImpl[Permission info: Terminal Emulator]: updatePointerIcon called with position out of bounds
05-03 21:51:12.940 1697 1711 D ViewRootImpl[Permission info: Terminal Emulator]: updatePointerIcon called with position out of bounds
05-03 21:51:12.957 1697 1711 D ViewRootImpl[Permission info: Terminal Emulator]: updatePointerIcon called with position out of bounds
05-03 21:51:12.974 1697 1711 D ViewRootImpl[Permission info: Terminal Emulator]: updatePointerIcon called with position out of bounds
05-03 21:51:12.990 1697 1711 D ViewRootImpl[Permission info: Terminal Emulator]: updatePointerIcon called with position out of bounds
05-03 21:51:13.007 1697 1711 D ViewRootImpl[Permission info: Terminal Emulator]: updatePointerIcon called with position out of bounds
05-03 21:51:13.024 1697 1711 D ViewRootImpl[Permission info: Terminal Emulator]: updatePointerIcon called with position out of bounds
05-03 21:51:13.040 1697 1711 D ViewRootImpl[Permission info: Terminal Emulator]: updatePointerIcon called with position out of bounds
05-03 21:51:14.644 1404 1669 I audio_hw_primary: choose pcmC1D0p for 0
05-03 21:51:14.659 6682 6682 D su : Privilege elevation allowed by appops
05-03 21:51:14.659 6682 6682 D su : Allowing via appops.
05-03 21:51:14.659 6682 6682 D su : 10046 /system/bin/sh executing 0 /system/bin/sh using binary /system/bin/sh : sh
05-03 21:51:14.659 6682 6682 D su : Waiting for pid 6685.
05-03 21:51:14.661 1697 5501 D OpenGLRenderer: endAllActiveAnimators on 0x7f35300eb800 (RippleDrawable) with handle 0x7f352b431d20
05-03 21:51:14.661 1697 5501 D OpenGLRenderer: endAllActiveAnimators on 0x7f35300eb000 (RippleDrawable) with handle 0x7f352b431d60
05-03 21:51:14.663 1782 1782 I SuControllerImpl: Got change
05-03 21:51:14.663 1697 1899 W InputMethodManagerService: Window already focused, ignoring focus gain of: com.android.internal.view.IInputMethodClient$Stub$Proxy@f9ded82 attribute=null, token = android.os.BinderProxy@d06a116
05-03 21:51:14.842 1697 1718 W AppOps : Finishing op nesting under-run: uid 1000 pkg android code 24 time=0 duration=0 nesting=0
05-03 21:51:26.870 1410 6337 E Drm : Failed to find drm plugin
05-03 21:51:26.870 6339 6637 W DG.WV : Widevine DRM not supported on this device
05-03 21:51:26.870 6339 6637 W DG.WV : android.media.UnsupportedSchemeException: Failed to instantiate drm object.
05-03 21:51:26.870 6339 6637 W DG.WV : at android.media.MediaDrm.native_setup(Native Method)
05-03 21:51:26.870 6339 6637 W DG.WV : at android.media.MediaDrm.(MediaDrm.java:215)
05-03 21:51:26.870 6339 6637 W DG.WV : at qqj.run(:com.google.android.gms@12529025@12.5.29 (040800-192802242):10)
05-03 21:51:26.870 6339 6637 W DG.WV : at nsg.run(:com.google.android.gms@12529025@12.5.29 (040800-192802242):27)
05-03 21:51:26.870 6339 6637 W DG.WV : at java.util.concurrent.ThreadPoolExecutor.runWorker(ThreadPoolExecutor.java:1133)
05-03 21:51:26.870 6339 6637 W DG.WV : at java.util.concurrent.ThreadPoolExecutor$Worker.run(ThreadPoolExecutor.java:607)
05-03 21:51:26.870 6339 6637 W DG.WV : at nya.run(:com.google.android.gms@12529025@12.5.29 (040800-192802242))
05-03 21:51:26.870 6339 6637 W DG.WV : at java.lang.Thread.run(Thread.java:761)
05-03 21:51:27.325 6339 6376 I art : Rejecting re-init on previously-failed class java.lang.Class: java.lang.UnsatisfiedLinkError: dlopen failed: "/data/data/com.google.android.gms/app_dg_cache/87A7B6DF3A340CFF01D8DD0CA677B97CBEEAAF1C/libdF19F0D9D2526.so" is 32-bit instead of 64-bit
05-03 21:51:27.325 6339 6376 I art : (Throwable with no stack trace)
05-03 21:51:28.243 6482 6689 I Finsky : [384] com.google.android.finsky.flushlogs.FlushLogsReceiver$FlushLogsService.onHandleIntent(10): Flushing event logs for [bbUpXpGOasxEwNX7Fwps0P4-Bmo]
05-03 21:51:28.244 6482 6506 I PlayCommon: [311] com.google.android.play.b.h.e(263): Preparing logs for uploading
05-03 21:51:28.244 6482 6598 I PlayCommon: [378] com.google.android.play.b.h.e(263): Preparing logs for uploading
05-03 21:51:28.244 6482 6598 W PlayCommon: [378] com.google.android.play.b.h.a(675): No account for auth token provided
05-03 21:51:28.245 6482 6598 I PlayCommon: [378] com.google.android.play.b.h.a(522): Connecting to server: https://play.googleapis.com/play/log?format=raw&proto_v2=true
05-03 21:51:28.258 6482 6506 I PlayCommon: [311] com.google.android.play.b.h.a(522): Connecting to server: https://play.googleapis.com/play/log?format=raw&proto_v2=true
05-03 21:51:28.524 6482 6598 I PlayCommon: [378] com.google.android.play.b.h.a(579): Successfully uploaded logs.
05-03 21:51:28.533 6482 6598 I PlayCommon: [378] com.google.android.play.b.h.e(263): Preparing logs for uploading
05-03 21:51:28.533 6482 6598 I PlayCommon: [378] com.google.android.play.b.h.e(267): No file ready to send
05-03 21:51:28.944 6482 6506 I PlayCommon: [311] com.google.android.play.b.h.a(579): Successfully uploaded logs.
05-03 21:51:28.945 6482 6506 I PlayCommon: [311] com.google.android.play.b.h.e(263): Preparing logs for uploading
05-03 21:51:28.945 6482 6506 I PlayCommon: [311] com.google.android.play.b.h.e(267): No file ready to send
05-03 21:52:01.546 1404 1669 I audio_hw_primary: choose pcmC1D0p for 0
05-03 21:52:01.844 1782 1782 I SlideTouchEvent: vel=0.0, MinimumFlingVelocity=50
05-03 21:52:01.846 1697 1739 I ActivityManager: START u0 {act=android.intent.action.MAIN cat=[android.intent.category.HOME] flg=0x10200000 cmp=com.cyanogenmod.trebuchet/com.android.launcher3.Launcher (has extras)} from uid 1000 on display 0
05-03 21:52:01.877 1697 1697 I InputDispatcher: type=1400 audit(0.0:402): avc: denied { read write } for path=2F64726D206D6D206F626A656374202864656C6574656429 dev="tmpfs" ino=95222 scontext=u:r:system_server:s0 tcontext=u:object_r:surfaceflinger_tmpfs:s0 tclass=file permissive=1
05-03 21:52:01.940 3944 3944 W IInputConnectionWrapper: reportFullscreenMode on inexistent InputConnection
05-03 21:52:01.940 3944 3944 W IInputConnectionWrapper: finishComposingText on inactive InputConnection
05-03 21:52:03.930 1697 3807 I ActivityManager: START u0 {act=android.intent.action.MAIN cat=[android.intent.category.LAUNCHER] flg=0x10200000 cmp=com.mobile.legends/com.moba.unityplugin.MobaGameMainActivity bnds=[951,92][1085,196] (has extras)} from uid 10034 on display 0
05-03 21:52:03.932 1697 3807 I WindowManager: setFocusedApp token: Token{7096d71 ActivityRecord{f4f8f18 u0 com.mobile.legends/com.moba.unityplugin.MobaGameMainActivity t37}} requestedOrientation: 6
05-03 21:52:03.934 1697 1711 W BroadcastQueue: Permission Denial: broadcasting Intent { act=com.android.launcher3.action.LAUNCH flg=0x10 (has extras) } from com.cyanogenmod.trebuchet (pid=2294, uid=10034) requires com.google.android.launcher.permission.RECEIVE_LAUNCH_BROADCASTS due to receiver com.google.android.gms/.icing.proxy.ApplicationLauncherReceiver
05-03 21:52:03.934 1697 1711 W BroadcastQueue: Permission Denial: receiving Intent { act=com.android.launcher3.action.LAUNCH flg=0x10 (has extras) } to com.google.android.gms/.chimera.GmsIntentOperationService$GmsExternalReceiver requires com.android.launcher3.permission.RECEIVE_LAUNCH_BROADCASTS due to sender com.cyanogenmod.trebuchet (uid 10034)
05-03 21:52:04.077 1697 1899 I ActivityManager: START u0 {flg=0x30000000 cmp=com.mobile.legends/com.moba.unityplugin.MobaGameUnityActivity (has extras)} from uid 10078 on display 0
05-03 21:52:04.078 1697 1899 I WindowManager: setFocusedApp token: Token{8cb8acb ActivityRecord{3e0c19a u0 com.mobile.legends/com.moba.unityplugin.MobaGameUnityActivity t44}} requestedOrientation: 6
05-03 21:52:04.081 1697 1899 I ActivityManager: START u0 {flg=0x30000000 cmp=com.mobile.legends/com.moba.unityplugin.MobaGameUnityActivity (has extras)} from uid 10078 on display 0
05-03 21:52:04.089 6701 6701 W art : Unexpected CPU variant for X86 using defaults: x86
05-03 21:52:04.096 1697 1899 I ActivityManager: Start proc 6701:com.mobile.legends:UnityKillsMe/u0a78 for activity com.mobile.legends/com.moba.unityplugin.MobaGameUnityActivity
05-03 21:52:04.128 6320 6700 D GRALLOC-DRM: drmOpen i915: 37
05-03 21:52:04.128 6320 6700 I GRALLOC-DRM: create intel for driver i915
05-03 21:52:04.130 6320 6700 I EGL-DRI2: found extension DRI_Core version 1
05-03 21:52:04.130 6320 6700 I EGL-DRI2: found extension DRI_DRI2 version 4
05-03 21:52:04.127 6320 6320 I RenderThread: type=1400 audit(0.0:403): avc: denied { read } for name="uevent" dev="sysfs" ino=4787 scontext=u:r:untrusted_app:s0:c512,c768 tcontext=u:object_r:sysfs:s0 tclass=file permissive=1
05-03 21:52:04.127 6320 6320 I RenderThread: type=1400 audit(0.0:404): avc: denied { open } for path="/sys/devices/pci0000:00/0000:00:1c.4/0000:04:00.0/uevent" dev="sysfs" ino=4787 scontext=u:r:untrusted_app:s0:c512,c768 tcontext=u:object_r:sysfs:s0 tclass=file permissive=1
05-03 21:52:04.127 6320 6320 I RenderThread: type=1400 audit(0.0:405): avc: denied { getattr } for path="/sys/devices/pci0000:00/0000:00:1c.4/0000:04:00.0/uevent" dev="sysfs" ino=4787 scontext=u:r:untrusted_app:s0:c512,c768 tcontext=u:object_r:sysfs:s0 tclass=file permissive=1
05-03 21:52:04.177 6701 6701 W ResourceType: Invalid package identifier when getting bag for resource number 0x00000000
05-03 21:52:04.178 6701 6701 W ResourceType: Invalid package identifier when getting bag for resource number 0x00000000
05-03 21:52:04.185 6320 6700 I EGL-DRI2: found extension DRI_TexBuffer version 3
05-03 21:52:04.185 6320 6700 I EGL-DRI2: found extension DRI2_Flush version 4
05-03 21:52:04.185 6320 6700 I EGL-DRI2: found extension DRI_IMAGE version 14
05-03 21:52:04.185 6320 6700 I EGL-DRI2: found extension DRI2_Fence version 2
05-03 21:52:04.185 6320 6700 I EGL-DRI2: found extension DRI_RENDERER_QUERY version 1
05-03 21:52:04.185 6320 6700 I EGL-DRI2: found extension DRI_CONFIG_QUERY version 1
05-03 21:52:04.185 6320 6700 I EGL-DRI2: found extension DRI_Robustness version 1
05-03 21:52:04.185 6320 6700 I OpenGLRenderer: Initialized EGL, version 1.4
05-03 21:52:04.185 6320 6700 D OpenGLRenderer: Swap behavior 2
05-03 21:52:04.228 6701 6722 D GRALLOC-DRM: drmOpen i915: 45
05-03 21:52:04.229 6701 6722 I GRALLOC-DRM: create intel for driver i915
05-03 21:52:04.230 6701 6722 I EGL-DRI2: found extension DRI_Core version 1
05-03 21:52:04.230 6701 6722 I EGL-DRI2: found extension DRI_DRI2 version 4
05-03 21:52:04.238 6701 6722 I EGL-DRI2: found extension DRI_TexBuffer version 3
05-03 21:52:04.238 6701 6722 I EGL-DRI2: found extension DRI2_Flush version 4
05-03 21:52:04.238 6701 6722 I EGL-DRI2: found extension DRI_IMAGE version 14
05-03 21:52:04.238 6701 6722 I EGL-DRI2: found extension DRI2_Fence version 2
05-03 21:52:04.238 6701 6722 I EGL-DRI2: found extension DRI_RENDERER_QUERY version 1
05-03 21:52:04.238 6701 6722 I EGL-DRI2: found extension DRI_CONFIG_QUERY version 1
05-03 21:52:04.238 6701 6722 I EGL-DRI2: found extension DRI_Robustness version 1
05-03 21:52:04.238 6701 6722 I OpenGLRenderer: Initialized EGL, version 1.4
05-03 21:52:04.238 6701 6722 D OpenGLRenderer: Swap behavior 2
05-03 21:52:04.319 1697 1718 I ActivityManager: Displayed com.mobile.legends/com.moba.unityplugin.MobaGameUnityActivity: +233ms (total +384ms)
05-03 21:52:04.378 1697 3505 I WindowManager: setAppOrientation token: Token{8cb8acb ActivityRecord{3e0c19a u0 com.mobile.legends/com.moba.unityplugin.MobaGameUnityActivity t44}} requestedOrientation: 0
05-03 21:52:04.380 6701 6721 D Unity : GL_EXT_debug_marker GL_EXT_blend_minmax GL_EXT_multi_draw_arrays GL_EXT_texture_filter_anisotropic GL_EXT_texture_compression_dxt1 GL_EXT_texture_format_BGRA8888 GL_OES_compressed_ETC1_RGB8_texture GL_OES_depth24 GL_OES_element_index_uint GL_OES_fbo_render_mipmap GL_OES_mapbuffer GL_OES_rgb8_rgba8 GL_OES_standard_derivatives GL_OES_stencil8 GL_OES_texture_3D GL_OES_texture_float GL_OES_texture_float_linear GL_OES_texture_half_float GL_OES_texture_half_float_linear GL_OES_texture_npot GL_OES_vertex_half_float GL_EXT_texture_sRGB_decode GL_OES_EGL_image GL_OES_depth_texture GL_OES_packed_depth_stencil GL_EXT_texture_type_2_10_10_10_REV GL_OES_get_program_binary GL_APPLE_texture_max_level GL_EXT_discard_framebuffer GL_EXT_read_format_bgra GL_EXT_frag_depth GL_NV_fbo_color_attachments GL_OES_EGL_image_external GL_OES_EGL_sync GL_OES_vertex_array_object GL_OES_viewport_array GL_ANGLE_texture_compression_dxt3 GL_ANGLE_texture_compression_dxt5 GL_EXT_robustness GL_EXT_texture_rg GL_EXT_unpack_subimage GL_NV_draw_bu
05-03 21:52:04.380 6701 6721 D Unity : ffers GL_NV_read_buffer GL_NV_read_depth GL_NV_read_depth_stencil GL_NV_read_stencil GL_EXT_draw_buffers GL_EXT_map_buffer_range GL_KHR_debug GL_KHR_robustness GL_OES_depth_texture_cube_map GL_OES_surfaceless_context GL_EXT_color_buffer_float GL_EXT_separate_shader_objects GL_EXT_shader_integer_mix GL_EXT_tessellation_point_size GL_EXT_tessellation_shader GL_INTEL_performance_query GL_EXT_compressed_ETC1_RGB8_sub_texture GL_EXT_copy_image GL_EXT_draw_buffers_indexed GL_EXT_draw_elements_base_vertex GL_EXT_gpu_shader5 GL_EXT_polygon_offset_clamp GL_EXT_primitive_bounding_box GL_EXT_shader_io_blocks GL_EXT_texture_border_clamp GL_EXT_texture_buffer GL_EXT_texture_cube_map_array GL_KHR_blend_equation_advanced GL_KHR_context_flush_control GL_KHR_robust_buffer_access_behavior GL_NV_image_formats GL_OES_copy_image GL_OES_draw_buffers_indexed GL_OES_draw_elements_base_vertex GL_OES_gpu_shader5 GL_OES_primitive_bounding_box GL_OES_sample_shading GL_OES_sample_variables GL_OES_shader_io_blocks GL_OES_shader_multisamp
05-03 21:52:04.380 6701 6721 D Unity : le_interpolation GL_OES_tessellation_point_size GL_OES_tessellation_shader GL_OES_texture_border_clamp GL_OES_texture_buffer GL_OES_texture_cube_map_array GL_OES_texture_stencil8 GL_OES_texture_storage_multisample_2d_array GL_EXT_blend_func_extended GL_EXT_buffer_storage GL_EXT_geometry_point_size GL_EXT_geometry_shader GL_EXT_shader_samples_identical GL_OES_geometry_point_size GL_OES_geometry_shader GL_OES_shader_image_atomic GL_EXT_clip_cull_distance GL_MESA_shader_integer_functions
05-03 21:52:04.423 6701 6724 D AudioTrack: Client defaulted notificationFrames to 682 for frameCount 2048
05-03 21:52:04.423 6701 6721 W libc : pthread_create sched_setscheduler call failed: Operation not permitted
05-03 21:52:04.484 1697 3637 D KbdSensor: poll_batch: dev=0x7f3532cec300 sensor_handle=0 flags=0 sampling_period_ns=66667000 max_report_latency_ns=0
05-03 21:52:04.484 1697 3637 D KbdSensor: poll_setDelay: dev=0x7f3532cec300 handle=0 ns=66667000
05-03 21:52:04.484 1697 3637 D KbdSensor: poll_flush: dev=0x7f3532cec300 sensor_handle=0
05-03 21:52:04.484 1697 3637 D KbdSensor: poll_setDelay: dev=0x7f3532cec300 handle=0 ns=20000000
05-03 21:52:04.487 1697 3637 I WindowManager: setAppOrientation token: Token{8cb8acb ActivityRecord{3e0c19a u0 com.mobile.legends/com.moba.unityplugin.MobaGameUnityActivity t44}} requestedOrientation: 0
05-03 21:52:05.005 1697 3637 W SensorService: sensor 00000000 already enabled in connection 0x7f3532d540a0 (ignoring)
05-03 21:52:05.005 1697 3637 D KbdSensor: poll_batch: dev=0x7f3532cec300 sensor_handle=0 flags=0 sampling_period_ns=66667000 max_report_latency_ns=0
05-03 21:52:05.005 1697 3637 D KbdSensor: poll_setDelay: dev=0x7f3532cec300 handle=0 ns=66667000
05-03 21:52:05.005 1697 3637 D KbdSensor: poll_flush: dev=0x7f3532cec300 sensor_handle=0
05-03 21:52:05.005 1697 3637 D KbdSensor: poll_setDelay: dev=0x7f3532cec300 handle=0 ns=20000000
05-03 21:52:07.317 6701 6710 E PowerManager: WakeLock finalized while still held: MobaGameUnityActivity
05-03 21:52:07.921 6701 6721 I Unity : ALog-DeviceUtil,IsVivoGroove Exception ,Error = UnityEngine.AndroidJavaException: java.lang.ClassNotFoundException: android.util.FtFeature
05-03 21:52:07.921 6701 6721 I Unity : at UnityEngine.AndroidJNISafe.CheckException () [0x00000] in :0
05-03 21:52:07.921 6701 6721 I Unity : at UnityEngine.AndroidJNISafe.CallStaticObjectMethod (IntPtr clazz, IntPtr methodID, UnityEngine.jvalue[] args) [0x00000] in :0
05-03 21:52:07.921 6701 6721 I Unity : at UnityEngine.AndroidJavaObject._CallStatic[AndroidJavaObject] (System.String methodName, System.Object[] args) [0x00000] in :0
05-03 21:52:07.921 6701 6721 I Unity : at UnityEngine.AndroidJavaObject.CallStatic[AndroidJavaObject] (System.String methodName, System.Object[] args) [0x00000] in :0
05-03 21:52:07.921 6701 6721 I Unity : at UnityEngine.AndroidJavaObject.FindClass (System.String name) [0x00000] in :0
05-03 21:52:07.921 6701 6721 I Unity : at UnityEngine.AndroidJavaClass._AndroidJavaClass (System.String className) [0x00000] in :0
05-03 21:52:07.921 6701 6721 I Unity : at UnityEngine.AndroidJavaClass..ctor (System.String className) [0x00000] in :0
05-03 21:52:07.921 6701 6721 I Unity : at DeviceUtil.IsVivoGroove () [0x0
05-03 21:52:09.398 1410 6337 E Drm : Failed to find drm plugin
05-03 21:52:09.398 6339 6637 W DG.WV : Widevine DRM not supported on this device
05-03 21:52:09.398 6339 6637 W DG.WV : android.media.UnsupportedSchemeException: Failed to instantiate drm object.
05-03 21:52:09.398 6339 6637 W DG.WV : at android.media.MediaDrm.native_setup(Native Method)
05-03 21:52:09.398 6339 6637 W DG.WV : at android.media.MediaDrm.(MediaDrm.java:215)
05-03 21:52:09.398 6339 6637 W DG.WV : at qqj.run(:com.google.android.gms@12529025@12.5.29 (040800-192802242):10)
05-03 21:52:09.398 6339 6637 W DG.WV : at nsg.run(:com.google.android.gms@12529025@12.5.29 (040800-192802242):27)
05-03 21:52:09.398 6339 6637 W DG.WV : at java.util.concurrent.ThreadPoolExecutor.runWorker(ThreadPoolExecutor.java:1133)
05-03 21:52:09.398 6339 6637 W DG.WV : at java.util.concurrent.ThreadPoolExecutor$Worker.run(ThreadPoolExecutor.java:607)
05-03 21:52:09.398 6339 6637 W DG.WV : at nya.run(:com.google.android.gms@12529025@12.5.29 (040800-192802242))
05-03 21:52:09.398 6339 6637 W DG.WV : at java.lang.Thread.run(Thread.java:761)
05-03 21:52:09.848 6339 6594 I art : Rejecting re-init on previously-failed class java.lang.Class: java.lang.UnsatisfiedLinkError: dlopen failed: "/data/data/com.google.android.gms/app_dg_cache/87A7B6DF3A340CFF01D8DD0CA677B97CBEEAAF1C/libdF19F0D9D2526.so" is 32-bit instead of 64-bit
05-03 21:52:09.848 6339 6594 I art : (Throwable with no stack trace)
05-03 21:52:32.531 6701 6721 I Unity : ALog-OnAnnouncement init
05-03 21:52:32.531 6701 6721 I Unity :
05-03 21:52:32.531 6701 6721 I Unity : (Filename: ./artifacts/AndroidManagedGenerated/UnityEngineDebug.cpp Line: 56)
05-03 21:52:32.531 6701 6721 I Unity :
05-03 21:52:32.534 6701 6721 I Unity : ALog-InitView
05-03 21:52:32.534 6701 6721 I Unity :
05-03 21:52:32.534 6701 6721 I Unity : (Filename: ./artifacts/AndroidManagedGenerated/UnityEngineDebug.cpp Line: 56)
05-03 21:52:32.534 6701 6721 I Unity :
05-03 21:52:32.539 6701 6721 W Unity : ALog-try default lang: 20 key: DownloadImm
05-03 21:52:32.539 6701 6721 W Unity :
05-03 21:52:32.539 6701 6721 W Unity : (Filename: ./artifacts/AndroidManagedGenerated/UnityEngineDebug.cpp Line: 56)
05-03 21:52:32.539 6701 6721 W Unity :
05-03 21:52:32.549 6701 6721 W Unity : ALog-try default lang: 20 key: Downloadinfo6
05-03 21:52:32.549 6701 6721 W Unity :
05-03 21:52:32.549 6701 6721 W Unity : (Filename: ./artifacts/AndroidManagedGenerated/UnityEngineDebug.cpp Line: 56)
05-03 21:52:32.549 6701 6721 W Unity :
05-03 21:52:32.549 6701 6721 W Unity : ALog-try default lang: 20 key: Announcement2
05-03 21:52:32.549 6701 6721 W Unity :
05-03 21:52:32.549 6701 6721 W Unity : (Filename: ./artifacts/AndroidManagedGenerated/UnityEngineDebug.cpp Line: 56)
05-03 21:52:32.549 6701 6721 W Unity :
05-03 21:52:32.549 6701 6721 W Unity : ALog-try default lang: 20 key: Announcement1
05-03 21:52:32.549 6701 6721 W Unity :
05-03 21:52:32.549 6701 6721 W Unity : (Filename: ./artifacts/AndroidManagedGenerated/UnityEngineDebug.cpp Line: 56)
05-03 21:52:32.549 6701 6721 W Unity :
05-03 21:52:32.853 6701 6721 W Unity : ALog-try default lang: 20 key: Service1
05-03 21:52:32.853 6701 6721 W Unity :
05-03 21:52:32.853 6701 6721 W Unity : (Filename: ./artifacts/AndroidManagedGenerated/UnityEngineDebug.cpp Line: 56)
05-03 21:52:32.853 6701 6721 W Unity :
05-03 21:52:32.853 6701 6721 W Unity : ALog-try default lang: 20 key: Service13
05-03 21:52:32.853 6701 6721 W Unity :
05-03 21:52:32.853 6701 6721 W Unity : (Filename: ./artifacts/AndroidManagedGenerated/UnityEngineDebug.cpp Line: 56)
05-03 21:52:32.853 6701 6721 W Unity :
05-03 21:52:32.857 6701 6721 W Unity : ALog-try default lang: 20 key: Fristloading1
05-03 21:52:32.857 6701 6721 W Unity :
05-03 21:52:32.857 6701 6721 W Unity : (Filename: ./artifacts/AndroidManagedGenerated/UnityEngineDebug.cpp Line: 56)
05-03 21:52:32.857 6701 6721 W Unity :
05-03 21:52:32.985 6701 6721 W Unity : ALog-try default lang: 20 key: LoadingInfo2
05-03 21:52:32.985 6701 6721 W Unity :
05-03 21:52:32.985 6701 6721 W Unity : (Filename: ./artifacts/AndroidManagedGenerated/UnityEngineDebug.cpp Line: 56)
05-03 21:52:32.985 6701 6721 W Unity :
05-03 21:52:32.985 6701 6721 W Unity : ALog-try default lang: 20 key: LoadingInfo5
05-03 21:52:32.985 6701 6721 W Unity :
05-03 21:52:32.985 6701 6721 W Unity : (Filename: ./artifacts/AndroidManagedGenerated/UnityEngineDebug.cpp Line: 56)
05-03 21:52:32.985 6701 6721 W Unity :
05-03 21:52:33.017 6701 6721 W Unity : ALog-try default lang: 20 key: LoadingInfo2
05-03 21:52:33.017 6701 6721 W Unity :
05-03 21:52:33.017 6701 6721 W Unity : (Filename: ./artifacts/AndroidManagedGenerated/UnityEngineDebug.cpp Line: 56)
05-03 21:52:33.017 6701 6721 W Unity :
05-03 21:52:33.017 6701 6721 W Unity : ALog-try default lang: 20 key: LoadingInfo5
05-03 21:52:33.017 6701 6721 W Unity :
05-03 21:52:33.017 6701 6721 W Unity : (Filename: ./artifacts/AndroidManagedGenerated/UnityEngineDebug.cpp Line: 56)
05-03 21:52:33.017 6701 6721 W Unity :
05-03 21:52:33.028 6701 6721 I Unity : ALog-Dev: ASUSTeK COMPUTER INC. X455LF CPU: Intel x86 SSE3 Mem: 3846 OS: Android OS 7.1.2 / API-25 (NJH47F/6accd22395)
05-03 21:52:33.028 6701 6721 I Unity :
05-03 21:52:33.028 6701 6721 I Unity : (Filename: ./artifacts/AndroidManagedGenerated/UnityEngineDebug.cpp Line: 56)
05-03 21:52:33.028 6701 6721 I Unity :
05-03 21:52:33.799 2294 2294 W ViewRootImpl[Launcher]: Cancelling event due to no window focus: MotionEvent { action=ACTION_CANCEL, actionButton=0, id[0]=0, x[0]=1004.6676, y[0]=165.31992, toolType[0]=TOOL_TYPE_FINGER, buttonState=0, metaState=0, flags=0x0, edgeFlags=0x0, pointerCount=1, historySize=0, eventTime=1229042, downTime=1198872, deviceId=2, source=0x2002 }
05-03 21:52:33.799 2294 2294 W ViewRootImpl[Launcher]: Cancelling event due to no window focus: MotionEvent { action=ACTION_CANCEL, actionButton=0, id[0]=0, x[0]=1004.6676, y[0]=165.31992, toolType[0]=TOOL_TYPE_FINGER, buttonState=0, metaState=0, flags=0x0, edgeFlags=0x0, pointerCount=1, historySize=0, eventTime=1229042, downTime=1198872, deviceId=2, source=0x2002 }
05-03 21:52:33.799 2294 2294 W ViewRootImpl[Launcher]: Cancelling event due to no window focus: MotionEvent { action=ACTION_CANCEL, actionButton=0, id[0]=0, x[0]=1004.6676, y[0]=165.31992, toolType[0]=TOOL_TYPE_FINGER, buttonState=0, metaState=0, flags=0x0, edgeFlags=0x0, pointerCount=1, historySize=0, eventTime=1229042, downTime=1198872, deviceId=2, source=0x2002 }
05-03 21:52:33.799 2294 2294 W ViewRootImpl[Launcher]: Cancelling event due to no window focus: MotionEvent { action=ACTION_CANCEL, actionButton=0, id[0]=0, x[0]=1004.6676, y[0]=165.31992, toolType[0]=TOOL_TYPE_FINGER, buttonState=0, metaState=0, flags=0x0, edgeFlags=0x0, pointerCount=1, historySize=0, eventTime=1229042, downTime=1198872, deviceId=2, source=0x2002 }
05-03 21:52:34.053 6701 6721 W System : ClassLoader referenced unknown path: /system/priv-app/GmsCore/lib/x86
05-03 21:52:34.054 6701 6721 D ApplicationLoaders: ignored Vulkan layer search path /system/priv-app/GmsCore/lib/x86:/system/fake-libs:/system/priv-app/GmsCore/GmsCore.apk!/lib/x86:/system/lib:/vendor/lib for namespace 0xf13e2090
05-03 21:52:35.373 6701 6721 I Unity : ip: 161.202.210.235 port: 30102
05-03 21:52:35.373 6701 6721 I Unity :
05-03 21:52:35.373 6701 6721 I Unity : (Filename: ./artifacts/AndroidManagedGenerated/UnityEngineDebug.cpp Line: 56)
05-03 21:52:35.373 6701 6721 I Unity :
05-03 21:52:35.418 6701 6721 E Unity : Unable to find libmoba
05-03 21:52:35.420 6701 6721 I Unity : Lib Version:1.2
05-03 21:52:35.420 6701 6721 I Unity :
05-03 21:52:35.420 6701 6721 I Unity : (Filename: ./artifacts/AndroidManagedGenerated/UnityEngineDebug.cpp Line: 56)
05-03 21:52:35.420 6701 6721 I Unity :
05-03 21:52:35.697 6701 6721 W Adjust : PRODUCTION: Adjust is running in Production mode. Use this setting only for the build that you want to publish. Set the environment to `sandbox` if you want to test your app!
05-03 21:52:35.718 6701 6701 I AppsFlyer_4.7.3: Sending first launch for this session!
05-03 21:52:35.725 6701 6701 D AppsFlyer_4.7.3: Build Number: 332
05-03 21:52:35.727 6701 6721 D Aihelp : MainLifecycleCallback created.
05-03 21:52:35.727 6701 6721 D Aihelp : MainLifecycleCallback 构造函数。isUnity:true
05-03 21:52:35.727 6701 6721 D Aihelp : MainLifecycleCallback 构造函数。类:com.unity3d.player.UnityPlayer.父类:android.widget.FrameLayout
05-03 21:52:35.728 6701 6701 D AppsFlyer_4.7.3: Loading properties..
05-03 21:52:35.728 6701 6701 D AppsFlyer_4.7.3: Done loading properties: true
05-03 21:52:35.731 6701 6721 D Aihelp : init 接口。当前Activity:com.moba.unityplugin.MobaGameUnityActivity.应用Lancer Activity:com.moba.unityplugin.MobaGameMainActivity
05-03 21:52:35.738 6701 6701 I System.out: Elva init------
05-03 21:52:35.748 6701 6790 I System.out: Elva sendHttpRequest start ----!
05-03 21:52:35.761 6701 6790 D NetworkSecurityConfig: No Network Security Config specified, using platform default
05-03 21:52:35.761 6701 6790 W System : ClassLoader referenced unknown path: /system/framework/tcmclient.jar
05-03 21:52:35.792 6701 6721 W com.facebook.appevents.AppEventsLogger: activateApp events are being logged automatically. There's no need to call activateApp explicitly, this is safe to remove.
05-03 21:52:35.797 6701 6721 I ShareStream: ShareStream
05-03 21:52:35.818 6701 6721 W PopupManager: You have not specified a View to use as content view for popups. Falling back to the Activity content view. Note that this may not work as expected in multi-screen environments
05-03 21:52:35.872 6701 6721 I FA : App measurement is starting up, version: 10298
05-03 21:52:35.872 6701 6721 I FA : To enable debug logging run: adb shell setprop log.tag.FA VERBOSE
05-03 21:52:35.873 6701 6785 I AppsFlyer_4.7.3: sendTrackingWithEvent from activity: com.moba.unityplugin.MobaGameUnityActivity
05-03 21:52:35.873 6701 6785 I AppsFlyer_4.7.3: Trying to fetch GAID..
05-03 21:52:35.880 6701 6721 I FA : To enable faster debug mode event logging run:
05-03 21:52:35.880 6701 6721 I FA : adb shell setprop debug.firebase.analytics.app com.mobile.legends
05-03 21:52:35.887 6701 6785 I AppsFlyer_4.7.3: ******* sendTrackingWithEvent: Launch
05-03 21:52:35.888 6701 6785 W AppsFlyer_4.7.3: Exception while collecting facebook's attribution ID.
05-03 21:52:35.889 6701 6785 I AppsFlyer_4.7.3: IMEI was not collected.
05-03 21:52:35.890 6701 6785 I AppsFlyer_4.7.3: Android ID was not collected.
05-03 21:52:35.892 6701 6785 I AppsFlyer_4.7.3: AppsFlyer: first launch date: 2018-05-03_214726+0700
05-03 21:52:35.893 6701 6785 D AppsFlyer_4.7.3: didConfigureTokenRefreshService=true
05-03 21:52:35.893 6701 6785 I AppsFlyer_4.7.3: AppsFlyerLib.sendTrackingWithEvent
05-03 21:52:35.894 6701 6785 I AppsFlyer_4.7.3: url: https://t.appsflyer.com/api/v4/androidevent?buildnumber=4.7.3&app_id=com.mobile.legends
05-03 21:52:35.894 6701 6785 I AppsFlyer_4.7.3: data: {"device":"android_x86_64","firstLaunchDate":"2018-05-03_214726+0700","installDate":"2018-05-03_214541+0700","sdk":"25","referrer":"utm_source=google-play&utm_medium=organic","carrier":"","deviceFingerPrintId":"ffffffff-bf3b-a975-ffff-ffffef05ac4a","date1":"2018-05-03_214541+0700","af_preinstalled":"false","advertiserIdEnabled":"true","iaecounter":"2","appsflyerKey":"U********************8","lang_code":"in","registeredUninstall":false,"installer_package":"com.android.vending","app_version_name":"1.2.72.2751","lang":"Indonesia","timepassedsincelastlaunch":"254","advertiserId":"9c11fd4f-198f-4ed6-9399-bbbd0c58fdb3","isGaidWithGps":"true","deviceData":{"build_display_id":"cm_android_x86_64-userdebug 7.1.2 NJH47F 6accd22395 test-keys","arch":"","cpu_abi":"x86_64","cpu_abi2":""},"af_v2":"edaaf85f99ae210ed6caebfd24da63840fe77428","deviceType":"userdebug","af_v":"d336e42f71352d158fee64e77e50c44c616cd9ba","app_version_code":"12722751","af_events_api":"1","network":"WIFI","platformextension":"android_unity","operator":"","country":"ID","date2":"2018-05-03_214541+0700","brand":"Android-x86","extraReferrers":"{\"utm_source=google-play&utm_medium=organic\":\"[1525358814078]\"}","af_timestamp":"1525359155887","uid":"1525358741862-4581442736948890696","isFirstCall":"false","counter":"3","model":"X455LF","product":"cm_android_x86_64"}
05-03 21:52:35.909 6701 6721 W System : ClassLoader referenced unknown path:
05-03 21:52:35.909 6701 6721 W System : ClassLoader referenced unknown path: /system/priv-app/GmsCore/lib/x86
05-03 21:52:35.910 6701 6721 D ApplicationLoaders: ignored Vulkan layer search path /system/priv-app/GmsCore/lib/x86:/system/fake-libs:/system/priv-app/GmsCore/GmsCore.apk!/lib/x86:/system/lib:/vendor/lib for namespace 0xf13e20d0
05-03 21:52:35.917 6701 6807 W FA : Failed to retrieve Firebase Instance Id
05-03 21:52:35.991 6701 6721 W System : ClassLoader referenced unknown path: /data/user_de/0/com.google.android.gms/app_chimera/m/00000001/n/x86
05-03 21:52:35.991 6701 6721 W System : ClassLoader referenced unknown path: /data/user_de/0/com.google.android.gms/app_chimera/m/00000001/n/armeabi-v7a
05-03 21:52:35.991 6701 6721 W System : ClassLoader referenced unknown path: /data/user_de/0/com.google.android.gms/app_chimera/m/00000001/n/armeabi
05-03 21:52:35.992 6701 6721 D DynamitePackage: Instantiated singleton DynamitePackage.
05-03 21:52:35.992 6701 6721 D DynamitePackage: Instantiating com.google.android.gms.ads.ChimeraMobileAdsSettingManagerCreatorImpl
05-03 21:52:36.048 6701 6721 W System : ClassLoader referenced unknown path: /system/app/webview/lib/x86
05-03 21:52:36.048 6701 6721 D ApplicationLoaders: ignored Vulkan layer search path /system/app/webview/lib/x86:/system/app/webview/webview.apk!/lib/x86:/system/lib:/vendor/lib for namespace 0xf13e2110
05-03 21:52:36.049 6701 6721 I WebViewFactory: Loading com.android.webview version 65.0.3325.144 (code 332514460)
05-03 21:52:36.063 6701 6783 E ActivityThread: Failed to find provider info for com.facebook.katana.provider.AttributionIdProvider
05-03 21:52:36.069 6701 6721 I cr_LibraryLoader: Time to load native libraries: 1 ms (timestamps 1312-1313)
05-03 21:52:36.071 6701 6701 I chromium: [INFO:library_loader_hooks.cc(36)] Chromium logging enabled: level = 0, default verbosity = 0
05-03 21:52:36.071 6701 6701 I cr_LibraryLoader: Expected native library version number "65.0.3325.144", actual native library version number "65.0.3325.144"
05-03 21:52:36.080 6701 6701 I cr_BrowserStartup: Initializing chromium process, singleProcess=true
05-03 21:52:36.080 6701 6701 I cr_base : Android Locale: in_ID requires .pak files: []
05-03 21:52:36.101 6701 6792 W cr_CrashFileManager: /data/user/0/com.mobile.legends/cache/WebView/Crash Reports does not exist or is not a directory
05-03 21:52:36.105 6701 6834 E chromium: [ERROR:devtools_http_handler.cc(249)] Cannot start http server for devtools. Stop devtools.
05-03 21:52:36.120 6701 6701 D DynamitePackage: Instantiating com.google.android.gms.ads.reward.ChimeraRewardedVideoAdCreatorImpl
05-03 21:52:36.339 6701 6837 W art : Before Android 4.1, method double java.util.concurrent.ThreadLocalRandom.internalNextDouble(double, double) would have incorrectly overridden the package-private method in java.util.Random
05-03 21:52:36.339 6701 6837 W art : Before Android 4.1, method int java.util.concurrent.ThreadLocalRandom.internalNextInt(int, int) would have incorrectly overridden the package-private method in java.util.Random
05-03 21:52:36.339 6701 6837 W art : Before Android 4.1, method long java.util.concurrent.ThreadLocalRandom.internalNextLong(long, long) would have incorrectly overridden the package-private method in java.util.Random
05-03 21:52:36.433 6701 6721 E Unity : Unable to find libmoba
05-03 21:52:36.434 6701 6721 E Unity : Unable to find libmoba
05-03 21:52:36.435 6701 6721 E Unity : Unable to find libmoba
05-03 21:52:36.437 6701 6721 E Unity : Unable to find libmoba
05-03 21:52:36.438 6701 6721 E Unity : Unable to find libmoba
05-03 21:52:36.439 6701 6721 E Unity : Unable to find libmoba
05-03 21:52:36.440 6701 6721 E Unity : Unable to find libmoba
05-03 21:52:36.442 6701 6721 E Unity : Unable to find libmoba
05-03 21:52:36.443 6701 6721 E Unity : Unable to find libmoba
05-03 21:52:36.444 6701 6721 E Unity : Unable to find libmoba
05-03 21:52:36.445 6701 6721 E Unity : Unable to find libmoba
05-03 21:52:36.446 6701 6721 E Unity : Unable to find libmoba
05-03 21:52:36.447 6701 6721 E Unity : Unable to find libmoba
05-03 21:52:36.449 6701 6721 E Unity : Unable to find libmoba
05-03 21:52:36.450 6701 6721 E Unity : Unable to find libmoba
05-03 21:52:36.451 6701 6721 E Unity : Unable to find libmoba
05-03 21:52:36.452 6701 6721 E Unity : Unable to find libmoba
05-03 21:52:36.453 6701 6721 E Unity : Unable to find libmoba
05-03 21:52:36.454 6701 6721 E Unity : Unable to find libmoba
05-03 21:52:36.455 6701 6721 E Unity : Unable to find libmoba
05-03 21:52:36.457 6701 6721 E Unity : Unable to find libmoba
05-03 21:52:36.459 6701 6721 E Unity : Unable to find libmoba
05-03 21:52:36.469 6701 6721 E Unity : Unable to find libmoba
05-03 21:52:36.470 6701 6721 E Unity : Unable to find libmoba
05-03 21:52:36.471 6701 6721 E Unity : Unable to find libmoba
05-03 21:52:36.472 6701 6721 E Unity : Unable to find libmoba
05-03 21:52:36.474 6701 6721 E Unity : Unable to find libmoba
05-03 21:52:36.475 6701 6721 E Unity : Unable to find libmoba
05-03 21:52:36.479 6701 6721 E Unity : Unable to find libmoba
05-03 21:52:36.481 6701 6721 E Unity : Unable to find libmoba
05-03 21:52:36.482 6701 6721 E Unity : Unable to find libmoba
05-03 21:52:36.483 6701 6721 E Unity : Unable to find libmoba
05-03 21:52:36.485 6701 6721 E Unity : Unable to find libmoba
05-03 21:52:36.486 6701 6721 E Unity : Unable to find libmoba
05-03 21:52:36.513 6701 6721 E Unity : Unable to find libmoba
05-03 21:52:36.514 6701 6721 E Unity : Unable to find libmoba
05-03 21:52:36.515 6701 6721 E Unity : Unable to find libmoba
05-03 21:52:36.522 6701 6721 E Unity : Unable to find libmoba
05-03 21:52:36.524 6701 6721 E Unity : Unable to find libmoba
05-03 21:52:36.560 6701 6721 E Unity : Unable to find libmoba
05-03 21:52:36.562 6701 6721 E Unity : Unable to find libmoba
05-03 21:52:36.565 6701 6721 E Unity : Unable to find libmoba
05-03 21:52:36.566 6701 6721 E Unity : Unable to find libmoba
05-03 21:52:36.567 6701 6721 E Unity : Unable to find libmoba
05-03 21:52:36.568 6701 6721 E Unity : Unable to find libmoba
05-03 21:52:36.569 6701 6721 E Unity : Unable to find libmoba
05-03 21:52:36.571 6701 6721 E Unity : Unable to find libmoba
05-03 21:52:36.579 6701 6721 E Unity : Unable to find libmoba
05-03 21:52:36.582 6701 6721 E Unity : Unable to find libmoba
05-03 21:52:36.584 6701 6721 E Unity : Unable to find libmoba
05-03 21:52:36.590 6701 6721 E Unity : Unable to find libmoba
05-03 21:52:36.592 6701 6721 E Unity : Unable to find libmoba
05-03 21:52:36.594 6701 6721 E Unity : Unable to find libmoba
05-03 21:52:36.596 6701 6721 E Unity : Unable to find libmoba
05-03 21:52:36.737 6701 6721 E Unity : Unable to find libmoba
05-03 21:52:37.132 6701 6721 E Unity : Unable to find libmoba
05-03 21:52:37.303 6701 6790 I System.out: Elva SendRequestTask result:{"faqdataForm":"https://cs30.net/elva/api/faqs2","svrip":"169.44.24.179","time":1525359148.7256474,"faqYYdata":"https://cs30.net/elva/api/faqs1","point":"https://cs30.net/elva/api/point","botEnable":"false","showfaq":"https://cs30.net/elva/FAQ/ShowFAQ.aspx","show_url":"https://cs30.net/elva/mFAQ/show.aspx","initPeriod":0,"svrport":"1883","topic":"topic","showfaqlist":"https://cs30.net/elva/mFAQ/Naval.aspx","upload":"https://cs30.net/FileService/api/upload","ip":"10.155.192.2_114.142.169.51","faqdata":"https://cs30.net/elva/api/faqs"}
05-03 21:52:37.814 6701 6785 D AppsFlyer_4.7.3: response code: 200
05-03 21:52:38.894 5110 5217 W GamesServiceBroker: Client connected with SDK 10298000, Services 12529025, and Games 57060080
05-03 21:52:38.898 5110 5646 W GamesServiceBroker: Client connected with SDK 12651000, Services 12529025, and Games 57060080
05-03 21:52:38.928 1697 3807 W AppOps : Bad call: specified package com.google.android.play.games under uid 10078 but it is really 10077
05-03 21:52:38.928 1697 3807 W AppOps : java.lang.RuntimeException: here
05-03 21:52:38.928 1697 3807 W AppOps : at com.android.server.AppOpsService.getOpsRawLocked(AppOpsService.java:1453)
05-03 21:52:38.928 1697 3807 W AppOps : at com.android.server.AppOpsService.checkPackage(AppOpsService.java:1071)
05-03 21:52:38.928 1697 3807 W AppOps : at com.android.internal.app.IAppOpsService$Stub.onTransact(IAppOpsService.java:169)
05-03 21:52:38.928 1697 3807 W AppOps : at android.os.Binder.execTransact(Binder.java:565)
05-03 21:52:39.211 5110 5646 W GamesServiceBroker: Client connected with SDK 12651000, Services 12529025, and Games 57060080
05-03 21:52:39.235 2165 3654 W GLSUser : [DeviceKeyStore] Cannot load key: Device key file not found.
05-03 21:52:39.250 1410 1410 I Binder:1410_3: type=1400 audit(0.0:406): avc: denied { read } for name="vendor" dev="tmpfs" ino=6081 scontext=u:r:mediadrmserver:s0 tcontext=u:object_r:tmpfs:s0 tclass=lnk_file permissive=1
05-03 21:52:39.252 1410 6337 E Drm : Failed to find drm plugin
05-03 21:52:39.252 6339 6637 W DG.WV : Widevine DRM not supported on this device
05-03 21:52:39.252 6339 6637 W DG.WV : android.media.UnsupportedSchemeException: Failed to instantiate drm object.
05-03 21:52:39.252 6339 6637 W DG.WV : at android.media.MediaDrm.native_setup(Native Method)
05-03 21:52:39.252 6339 6637 W DG.WV : at android.media.MediaDrm.(MediaDrm.java:215)
05-03 21:52:39.252 6339 6637 W DG.WV : at qqj.run(:com.google.android.gms@12529025@12.5.29 (040800-192802242):10)
05-03 21:52:39.252 6339 6637 W DG.WV : at nsg.run(:com.google.android.gms@12529025@12.5.29 (040800-192802242):27)
05-03 21:52:39.252 6339 6637 W DG.WV : at java.util.concurrent.ThreadPoolExecutor.runWorker(ThreadPoolExecutor.java:1133)
