05-03 21:49:26.486 6379 6403 W ProcStatsManager: No process com.google.android.configupdater/10008 for service com.google.android.configupdater.CertPin.CertPinUpdateFetcherService
05-03 21:49:26.486 6379 6403 W ProcStatsManager: No process com.google.android.configupdater/10008 for service com.google.android.configupdater.SmsShortCodes.SmsShortCodesUpdateFetcherService
05-03 21:49:26.486 6379 6403 W ProcStatsManager: No process com.android.defcontainer/10009 for service com.android.defcontainer.DefaultContainerService
05-03 21:49:26.486 6379 6403 W ProcStatsManager: No process com.android.vending:instant_app_installer/10040 for service com.google.android.finsky.instantapps.PhenotypeUpdateService
05-03 21:49:26.486 6379 6403 W ProcStatsManager: No process com.android.vending:instant_app_installer/10040 for service com.google.android.finsky.instantapps.statussync.StatusSyncService
05-03 21:49:26.486 6379 6403 W ProcStatsManager: No process com.android.vending:instant_app_installer/10040 for service com.google.android.finsky.instantapps.PhenotypeUpdateService
05-03 21:49:26.486 6379 6403 W ProcStatsManager: No process com.android.vending:instant_app_installer/10040 for service com.google.android.finsky.instantapps.statussync.StatusSyncService
05-03 21:49:26.486 6379 6403 W ProcStatsManager: No process com.android.carrierconfig/10006 for service com.android.carrierconfig.DefaultCarrierConfigService
05-03 21:49:26.486 6379 6403 W ProcStatsManager: No process com.android.printspooler/10068 for service com.android.printspooler.model.PrintSpoolerService
05-03 21:49:26.486 6379 6403 W ProcStatsManager: No process com.google.process.gapps/10057 for service com.google.android.syncadapters.contacts.ContactsSyncAdapterIntentService
05-03 21:49:26.486 6379 6403 W ProcStatsManager: No process com.google.process.gapps/10057 for service com.google.android.syncadapters.contacts.ContactsSyncAdapterService
05-03 21:49:26.486 6379 6403 W ProcStatsManager: No process com.android.keychain/1000 for service com.android.keychain.KeyChainService
05-03 21:49:26.486 6379 6403 W ProcStatsManager: No process com.android.dialer/10022 for service com.android.dialer.calllog.CallLogNotificationsService
05-03 21:49:26.486 6379 6403 W ProcStatsManager: No process com.google.android.packageinstaller/10023 for service com.android.packageinstaller.permission.service.RuntimePermissionPresenterServiceImpl
05-03 21:49:26.487 6379 6403 W ProcStatsManager: No process com.google.android.partnersetup/10021 for service com.google.android.partnersetup.AppInstalledService
05-03 21:49:26.487 6379 6403 W ProcStatsManager: No process com.google.android.partnersetup/10021 for service com.google.android.partnersetup.ClientIdService
05-03 21:49:26.487 6379 6403 W ProcStatsManager: No process com.google.android.partnersetup/10021 for service com.google.android.partnersetup.MccFallbackService
05-03 21:49:26.487 6379 6403 W ProcStatsManager: No process com.google.android.partnersetup/10021 for service com.google.android.partnersetup.AppHiderService
05-03 21:49:26.487 6379 6403 W ProcStatsManager: No process com.google.android.partnersetup/10021 for service com.google.android.partnersetup.RlzPingIntentService
05-03 21:49:26.487 6379 6403 W ProcStatsManager: No process com.google.android.partnersetup/10021 for service com.google.android.partnersetup.MccOverrideService
05-03 21:49:26.487 6379 6403 W ProcStatsManager: No process com.google.android.partnersetup/10021 for service com.google.android.partnersetup.LauncherConfigService
05-03 21:49:26.487 6379 6403 W ProcStatsManager: No process com.google.android.syncadapters.calendar/10070 for service com.google.android.syncadapters.calendar.CalendarSyncAdapterService
05-03 21:49:26.487 6379 6403 W ProcStatsManager: No process com.google.android.play.games.ui/10077 for service com.google.android.gms.games.service.PlayGamesBridgeService
05-03 21:49:26.489 6379 6403 I StorageManager: readLong(): Path doesn't exist: /sys/block/mmcblk0/size: java.io.FileNotFoundException: /sys/block/mmcblk0/size (No such file or directory)
05-03 21:49:27.597 1782 1782 I SlideTouchEvent: vel=0.0, MinimumFlingVelocity=50
05-03 21:49:27.617 1697 1697 I Binder:1697_2: type=1400 audit(0.0:356): avc: denied { read write } for path=2F64726D206D6D206F626A656374202864656C6574656429 dev="tmpfs" ino=58075 scontext=u:r:system_server:s0 tcontext=u:object_r:surfaceflinger_tmpfs:s0 tclass=file permissive=1
05-03 21:49:28.157 2294 2406 W OpenGLRenderer: Incorrectly called buildLayer on View: ShortcutAndWidgetContainer, destroying layer...
05-03 21:49:30.190 1410 6337 E Drm : Failed to find drm plugin
05-03 21:49:30.190 6339 6474 W DG.WV : Widevine DRM not supported on this device
05-03 21:49:30.190 6339 6474 W DG.WV : android.media.UnsupportedSchemeException: Failed to instantiate drm object.
05-03 21:49:30.190 6339 6474 W DG.WV : at android.media.MediaDrm.native_setup(Native Method)
05-03 21:49:30.190 6339 6474 W DG.WV : at android.media.MediaDrm.(MediaDrm.java:215)
05-03 21:49:30.190 6339 6474 W DG.WV : at qqj.run(:com.google.android.gms@12529025@12.5.29 (040800-192802242):10)
05-03 21:49:30.190 6339 6474 W DG.WV : at nsg.run(:com.google.android.gms@12529025@12.5.29 (040800-192802242):27)
05-03 21:49:30.190 6339 6474 W DG.WV : at java.util.concurrent.ThreadPoolExecutor.runWorker(ThreadPoolExecutor.java:1133)
05-03 21:49:30.190 6339 6474 W DG.WV : at java.util.concurrent.ThreadPoolExecutor$Worker.run(ThreadPoolExecutor.java:607)
05-03 21:49:30.190 6339 6474 W DG.WV : at nya.run(:com.google.android.gms@12529025@12.5.29 (040800-192802242))
05-03 21:49:30.190 6339 6474 W DG.WV : at java.lang.Thread.run(Thread.java:761)
05-03 21:49:30.511 6339 6376 I art : Rejecting re-init on previously-failed class java.lang.Class: java.lang.UnsatisfiedLinkError: dlopen failed: "/data/data/com.google.android.gms/app_dg_cache/87A7B6DF3A340CFF01D8DD0CA677B97CBEEAAF1C/libdF19F0D9D2526.so" is 32-bit instead of 64-bit
05-03 21:49:30.511 6339 6376 I art : at void java.lang.Runtime.load0(java.lang.Class, java.lang.String) (Runtime.java:908)
05-03 21:49:30.511 6339 6376 I art : at void java.lang.System.load(java.lang.String) (System.java:1537)
05-03 21:49:30.511 6339 6376 I art : at void com.google.ccc.abuse.droidguard.DroidGuard.() ((null):-1)
05-03 21:49:30.511 6339 6376 I art : at java.lang.Object java.lang.reflect.Constructor.newInstance0!(java.lang.Object[]) (Constructor.java:-2)
05-03 21:49:30.511 6339 6376 I art : at java.lang.Object java.lang.reflect.Constructor.newInstance(java.lang.Object[]) (Constructor.java:430)
05-03 21:49:30.511 6339 6376 I art : at void qth.(java.lang.Class, android.content.Context, java.lang.String, qss, java.lang.Object, byte[], boolean, android.os.Bundle) (:com.google.android.gms@12529025@12.5.29 (040800-192802242):5)
05-03 21:49:30.511 6339 6376 I art : at qth qtg.a(java.lang.String, qss, qsx, boolean, qqn) (:com.google.android.gms@12529025@12.5.29 (040800-192802242):35)
05-03 21:49:30.511 6339 6376 I art : at qth qso.a(java.lang.String, java.lang.String, qsx, vqj, qqn) (:com.google.android.gms@12529025@12.5.29 (040800-192802242):16)
05-03 21:49:30.511 6339 6376 I art : at byte[] qso.a(java.lang.String, java.lang.String, qsx, java.util.Map, qqn) (:com.google.android.gms@12529025@12.5.29 (040800-192802242):57)
05-03 21:49:30.511 6339 6376 I art : at void qsg.a(qrz, java.lang.String, java.util.Map, qqn) (:com.google.android.gms@12529025@12.5.29 (040800-192802242):7)
05-03 21:49:30.511 6339 6376 I art : at boolean qsg.onTransact(int, android.os.Parcel, android.os.Parcel, int) (:com.google.android.gms@12529025@12.5.29 (040800-192802242):16)
05-03 21:49:30.511 6339 6376 I art : at boolean android.os.Binder.execTransact(int, long, long, int) (Binder.java:565)
05-03 21:49:30.511 6339 6376 I art :
05-03 21:49:30.525 2294 2406 W OpenGLRenderer: Incorrectly called buildLayer on View: LinearLayout, destroying layer...
05-03 21:49:30.525 2294 2406 W OpenGLRenderer: Incorrectly called buildLayer on View: LauncherAppWidgetHost$1, destroying layer...
05-03 21:49:30.551 6475 6475 W dex2oat : Unexpected CPU variant for X86 using defaults: x86_64
05-03 21:49:30.552 6475 6475 I dex2oat : /system/bin/dex2oat --dex-file=/data/user/0/com.google.android.gms/app_fb/f.apk --oat-fd=49 --oat-location=/data/user/0/com.google.android.gms/app_fb/f.dex --compiler-filter=speed
05-03 21:49:30.552 6475 6475 E cutils-trace: Error opening trace file: Permission denied (13)
05-03 21:49:31.059 6475 6475 I dex2oat : dex2oat took 508.112ms (threads: 4) arena alloc=199KB (204288B) java alloc=43KB (44528B) native alloc=1129KB (1156720B) free=1942KB (1989008B)
05-03 21:49:31.062 6339 6339 I Binder:6339_4: type=1400 audit(0.0:357): avc: denied { getattr } for path="/dev/dri/card0" dev="tmpfs" ino=8252 scontext=u:r:priv_app:s0:c512,c768 tcontext=u:object_r:device:s0 tclass=chr_file permissive=1
05-03 21:49:31.062 6339 6339 I Binder:6339_4: type=1400 audit(0.0:358): avc: denied { read write } for name="card0" dev="tmpfs" ino=8252 scontext=u:r:priv_app:s0:c512,c768 tcontext=u:object_r:device:s0 tclass=chr_file permissive=1
05-03 21:49:31.062 6339 6339 I Binder:6339_4: type=1400 audit(0.0:359): avc: denied { open } for path="/dev/dri/card0" dev="tmpfs" ino=8252 scontext=u:r:priv_app:s0:c512,c768 tcontext=u:object_r:device:s0 tclass=chr_file permissive=1
05-03 21:49:31.062 6339 6339 I Binder:6339_4: type=1400 audit(0.0:360): avc: denied { ioctl } for path="/dev/dri/card0" dev="tmpfs" ino=8252 ioctlcmd=0x6400 scontext=u:r:priv_app:s0:c512,c768 tcontext=u:object_r:device:s0 tclass=chr_file permissive=1
05-03 21:49:31.062 6339 6339 I Binder:6339_4: type=1400 audit(0.0:361): avc: denied { read } for name="dri" dev="tmpfs" ino=8249 scontext=u:r:priv_app:s0:c512,c768 tcontext=u:object_r:device:s0 tclass=dir permissive=1
05-03 21:49:31.062 6339 6339 I Binder:6339_4: type=1400 audit(0.0:362): avc: denied { open } for path="/dev/dri" dev="tmpfs" ino=8249 scontext=u:r:priv_app:s0:c512,c768 tcontext=u:object_r:device:s0 tclass=dir permissive=1
05-03 21:49:31.062 6339 6376 W System : ClassLoader referenced unknown path:
05-03 21:49:31.064 6339 6376 D GRALLOC-DRM: drmOpen i915: 48
05-03 21:49:31.064 6339 6376 I GRALLOC-DRM: create intel for driver i915
05-03 21:49:31.065 6339 6376 I EGL-DRI2: found extension DRI_Core version 1
05-03 21:49:31.065 6339 6376 I EGL-DRI2: found extension DRI_DRI2 version 4
05-03 21:49:31.077 6339 6376 I EGL-DRI2: found extension DRI_TexBuffer version 3
05-03 21:49:31.077 6339 6376 I EGL-DRI2: found extension DRI2_Flush version 4
05-03 21:49:31.077 6339 6376 I EGL-DRI2: found extension DRI_IMAGE version 14
05-03 21:49:31.077 6339 6376 I EGL-DRI2: found extension DRI2_Fence version 2
05-03 21:49:31.077 6339 6376 I EGL-DRI2: found extension DRI_RENDERER_QUERY version 1
05-03 21:49:31.077 6339 6376 I EGL-DRI2: found extension DRI_CONFIG_QUERY version 1
05-03 21:49:31.077 6339 6376 I EGL-DRI2: found extension DRI_Robustness version 1
05-03 21:49:31.116 1410 6337 E Drm : Failed to find drm plugin
05-03 21:49:31.118 6339 6344 I art : Do partial code cache collection, code=24KB, data=30KB
05-03 21:49:31.118 6339 6344 I art : After code cache collection, code=24KB, data=30KB
05-03 21:49:31.118 6339 6344 I art : Increasing code cache capacity to 128KB
05-03 21:49:31.445 2165 3141 W GLSUser : [AppCertManager] IOException while requesting key:
05-03 21:49:31.445 2165 3141 W GLSUser : java.io.IOException: Invalid device key response.
05-03 21:49:31.445 2165 3141 W GLSUser : at gga.a(:com.google.android.gms@12529025@12.5.29 (040800-192802242):12)
05-03 21:49:31.445 2165 3141 W GLSUser : at gga.a(:com.google.android.gms@12529025@12.5.29 (040800-192802242):64)
05-03 21:49:31.445 2165 3141 W GLSUser : at gfy.a(:com.google.android.gms@12529025@12.5.29 (040800-192802242):8)
05-03 21:49:31.445 2165 3141 W GLSUser : at gfu.a(:com.google.android.gms@12529025@12.5.29 (040800-192802242):1)
05-03 21:49:31.445 2165 3141 W GLSUser : at gft.a(:com.google.android.gms@12529025@12.5.29 (040800-192802242):10)
05-03 21:49:31.445 2165 3141 W GLSUser : at com.google.android.gms.auth.account.be.legacy.AuthCronChimeraService.b(:com.google.android.gms@12529025@12.5.29 (040800-192802242):7)
05-03 21:49:31.445 2165 3141 W GLSUser : at fiw.call(:com.google.android.gms@12529025@12.5.29 (040800-192802242):3)
05-03 21:49:31.445 2165 3141 W GLSUser : at java.util.concurrent.FutureTask.run(FutureTask.java:237)
05-03 21:49:31.445 2165 3141 W GLSUser : at nsg.run(:com.google.android.gms@12529025@12.5.29 (040800-192802242):27)
05-03 21:49:31.445 2165 3141 W GLSUser : at java.util.concurrent.ThreadPoolExecutor.runWorker(ThreadPoolExecutor.java:1133)
05-03 21:49:31.445 2165 3141 W GLSUser : at java.util.concurrent.ThreadPoolExecutor$Worker.run(ThreadPoolExecutor.java:607)
05-03 21:49:31.445 2165 3141 W GLSUser : at nya.run(:com.google.android.gms@12529025@12.5.29 (040800-192802242))
05-03 21:49:31.445 2165 3141 W GLSUser : at java.lang.Thread.run(Thread.java:761)
05-03 21:49:33.615 1697 1709 I ActivityManager: START u0 {act=android.intent.action.MAIN cat=[android.intent.category.LAUNCHER] flg=0x10200000 cmp=com.android.vending/.AssetBrowserActivity bnds=[951,508][1085,612] (has extras)} from uid 10034 on display 0
05-03 21:49:33.618 1404 1669 I audio_hw_primary: choose pcmC1D0p for 0
05-03 21:49:33.624 1697 1711 W BroadcastQueue: Permission Denial: broadcasting Intent { act=com.android.launcher3.action.LAUNCH flg=0x10 (has extras) } from com.cyanogenmod.trebuchet (pid=2294, uid=10034) requires com.google.android.launcher.permission.RECEIVE_LAUNCH_BROADCASTS due to receiver com.google.android.gms/.icing.proxy.ApplicationLauncherReceiver
05-03 21:49:33.624 1697 1711 W BroadcastQueue: Permission Denial: receiving Intent { act=com.android.launcher3.action.LAUNCH flg=0x10 (has extras) } to com.google.android.gms/.chimera.GmsIntentOperationService$GmsExternalReceiver requires com.android.launcher3.permission.RECEIVE_LAUNCH_BROADCASTS due to sender com.cyanogenmod.trebuchet (uid 10034)
05-03 21:49:33.631 6482 6482 W art : Unexpected CPU variant for X86 using defaults: x86_64
05-03 21:49:33.635 1697 1709 I ActivityManager: Start proc 6482:com.android.vending/u0a40 for activity com.android.vending/.AssetBrowserActivity
05-03 21:49:33.717 6482 6504 I Finsky : [309] com.google.android.finsky.db.a.l.a(7): Started reading experiment flags from file [F69zl4GrrQuX8lH-TjvV6t5xUrE].
05-03 21:49:33.717 6482 6503 I Finsky : [308] com.google.android.finsky.db.a.l.a(7): Started reading experiment flags from file [SKocQA9EQQFTb-1gQsc5WsjVhGA].
05-03 21:49:33.717 6482 6503 I Finsky : [308] com.google.android.finsky.db.a.l.a(44): Finished reading experiment flags from file [SKocQA9EQQFTb-1gQsc5WsjVhGA].
05-03 21:49:33.723 6482 6504 I Finsky : [309] com.google.android.finsky.db.a.l.a(44): Finished reading experiment flags from file [F69zl4GrrQuX8lH-TjvV6t5xUrE].
05-03 21:49:33.736 6482 6505 D NetworkSecurityConfig: No Network Security Config specified, using platform default
05-03 21:49:33.736 6482 6505 V Volley : Enforcing TLS 1.2
05-03 21:49:33.742 6482 6482 W Settings: Setting download_manager_max_bytes_over_mobile has moved from android.provider.Settings.Secure to android.provider.Settings.Global.
05-03 21:49:33.743 6482 6482 W Settings: Setting download_manager_recommended_max_bytes_over_mobile has moved from android.provider.Settings.Secure to android.provider.Settings.Global.
05-03 21:49:33.746 6482 6482 V Volley : Enforcing TLS 1.2
05-03 21:49:33.749 6482 6482 I Finsky : [1] com.google.android.finsky.scheduler.ba.(22): Resetting scheduler db
05-03 21:49:33.749 6482 6482 I Finsky : [1] com.google.android.finsky.hygiene.a.d.a(33): No need to run daily hygiene.
05-03 21:49:33.757 6482 6526 I Finsky : [331] com.google.android.finsky.cf.a.f.j(72): Loaded library for account: [bbUpXpGOasxEwNX7Fwps0P4-Bmo]
05-03 21:49:33.761 6482 6482 I Finsky : [1] com.google.android.finsky.installer.a.s.(9): Not checking if recovering from paused session because experiment is off
05-03 21:49:33.763 6482 6482 I Finsky : [1] com.google.android.finsky.splitinstallservice.bu.a(11): Connecting InstallListener to SplitInstallService broadcaster...
05-03 21:49:33.765 6482 6482 E MediaPlayer-JNI: JNIMediaPlayerFactory: bIsQCMediaPlayerPresent 0
05-03 21:49:33.765 6482 6482 E MediaPlayer-JNI: JNIMediaPlayerFactory: bIsQCMediaPlayerPresent 0
05-03 21:49:33.767 6482 6482 I Finsky : [1] com.google.android.finsky.cn.a.a(50): Enabling bucket experiment: factor=1.000, zeroDelta=0ms, forceNetwork=true
05-03 21:49:33.779 6482 6482 W Finsky : [1] com.google.android.finsky.f.v.a(50): No LoggingContext in the bundle, which breaks event chain!. Creating a new logging context.
05-03 21:49:33.783 6482 6482 I AppCompatDelegate: Failed to instantiate custom view inflater android.support.v7.app.AppCompatViewInflater. Falling back to default.
05-03 21:49:33.783 6482 6482 I AppCompatDelegate: java.lang.ClassNotFoundException: android.support.v7.app.AppCompatViewInflater
05-03 21:49:33.783 6482 6482 I AppCompatDelegate: at java.lang.Class.classForName(Native Method)
05-03 21:49:33.783 6482 6482 I AppCompatDelegate: at java.lang.Class.forName(Class.java:400)
05-03 21:49:33.783 6482 6482 I AppCompatDelegate: at java.lang.Class.forName(Class.java:326)
05-03 21:49:33.783 6482 6482 I AppCompatDelegate: at android.support.v7.app.ap.a(SourceFile:480)
05-03 21:49:33.783 6482 6482 I AppCompatDelegate: at android.support.v7.app.ap.onCreateView(SourceFile:570)
05-03 21:49:33.783 6482 6482 I AppCompatDelegate: at android.view.LayoutInflater.createViewFromTag(LayoutInflater.java:769)
05-03 21:49:33.783 6482 6482 I AppCompatDelegate: at android.view.LayoutInflater.createViewFromTag(LayoutInflater.java:727)
05-03 21:49:33.783 6482 6482 I AppCompatDelegate: at android.view.LayoutInflater.inflate(LayoutInflater.java:495)
05-03 21:49:33.783 6482 6482 I AppCompatDelegate: at android.view.LayoutInflater.inflate(LayoutInflater.java:426)
05-03 21:49:33.783 6482 6482 I AppCompatDelegate: at android.view.LayoutInflater.inflate(LayoutInflater.java:377)
05-03 21:49:33.783 6482 6482 I AppCompatDelegate: at com.android.internal.policy.DecorView.onResourcesLoaded(DecorView.java:1821)
05-03 21:49:33.783 6482 6482 I AppCompatDelegate: at com.android.internal.policy.PhoneWindow.generateLayout(PhoneWindow.java:2555)
05-03 21:49:33.783 6482 6482 I AppCompatDelegate: at com.android.internal.policy.PhoneWindow.installDecor(PhoneWindow.java:2628)
05-03 21:49:33.783 6482 6482 I AppCompatDelegate: at com.android.internal.policy.PhoneWindow.getDecorView(PhoneWindow.java:2047)
05-03 21:49:33.783 6482 6482 I AppCompatDelegate: at android.view.Window.findViewById(Window.java:1300)
05-03 21:49:33.783 6482 6482 I AppCompatDelegate: at com.google.android.finsky.t.a.L(SourceFile:277)
05-03 21:49:33.783 6482 6482 I AppCompatDelegate: at com.google.android.finsky.t.a.onCreate(SourceFile:44)
05-03 21:49:33.783 6482 6482 I AppCompatDelegate: at com.google.android.finsky.activities.MainActivity.onCreate(SourceFile:11)
05-03 21:49:33.783 6482 6482 I AppCompatDelegate: at android.app.Activity.performCreate(Activity.java:6694)
05-03 21:49:33.783 6482 6482 I AppCompatDelegate: at android.app.Instrumentation.callActivityOnCreate(Instrumentation.java:1119)
05-03 21:49:33.783 6482 6482 I AppCompatDelegate: at android.app.ActivityThread.performLaunchActivity(ActivityThread.java:2637)
05-03 21:49:33.783 6482 6482 I AppCompatDelegate: at android.app.ActivityThread.handleLaunchActivity(ActivityThread.java:2751)
05-03 21:49:33.783 6482 6482 I AppCompatDelegate: at android.app.ActivityThread.-wrap12(ActivityThread.java)
05-03 21:49:33.783 6482 6482 I AppCompatDelegate: at android.app.ActivityThread$H.handleMessage(ActivityThread.java:1496)
05-03 21:49:33.783 6482 6482 I AppCompatDelegate: at android.os.Handler.dispatchMessage(Handler.java:102)
05-03 21:49:33.783 6482 6482 I AppCompatDelegate: at android.os.Looper.loop(Looper.java:154)
05-03 21:49:33.783 6482 6482 I AppCompatDelegate: at android.app.ActivityThread.main(ActivityThread.java:6186)
05-03 21:49:33.783 6482 6482 I AppCompatDelegate: at java.lang.reflect.Method.invoke(Native Method)
05-03 21:49:33.783 6482 6482 I AppCompatDelegate: at com.android.internal.os.ZygoteInit$MethodAndArgsCaller.run(ZygoteInit.java:890)
05-03 21:49:33.783 6482 6482 I AppCompatDelegate: at com.android.internal.os.ZygoteInit.main(ZygoteInit.java:780)
05-03 21:49:33.783 6482 6482 I AppCompatDelegate: Caused by: java.lang.ClassNotFoundException: Didn't find class "android.support.v7.app.AppCompatViewInflater" on path: DexPathList[[zip file "/data/app/com.android.vending-1/base.apk"],nativeLibraryDirectories=[/data/app/com.android.vending-1/lib/x86_64, /data/app/com.android.vending-1/base.apk!/lib/x86_64, /system/lib64, /vendor/lib64]]
05-03 21:49:33.783 6482 6482 I AppCompatDelegate: at dalvik.system.BaseDexClassLoader.findClass(BaseDexClassLoader.java:56)
05-03 21:49:33.783 6482 6482 I AppCompatDelegate: at java.lang.ClassLoader.loadClass(ClassLoader.java:380)
05-03 21:49:33.783 6482 6482 I AppCompatDelegate: at java.lang.ClassLoader.loadClass(ClassLoader.java:312)
05-03 21:49:33.783 6482 6482 I AppCompatDelegate: ... 30 more
05-03 21:49:33.802 6482 6526 I Finsky : [331] com.google.android.finsky.cf.a.f.j(100): Finished loading 1 libraries.
05-03 21:49:33.806 6482 6510 D Volley : [315] e.b: Cache cleared.
05-03 21:49:33.852 6482 6519 D Volley : [324] e.b: Cache cleared.
05-03 21:49:33.860 6482 6482 D Volley : [1] e.b: Cache cleared.
05-03 21:49:34.134 6482 6487 I art : Do partial code cache collection, code=22KB, data=30KB
05-03 21:49:34.134 6482 6487 I art : After code cache collection, code=22KB, data=29KB
05-03 21:49:34.134 6482 6487 I art : Increasing code cache capacity to 128KB
05-03 21:49:34.142 6482 6482 D GRALLOC-DRM: drmOpen i915: 61
05-03 21:49:34.142 6482 6482 I GRALLOC-DRM: create intel for driver i915
05-03 21:49:34.154 6482 6482 I Finsky : [1] com.google.android.finsky.installer.a.ag.a(756): Installer kick - no action, not running yet
05-03 21:49:34.177 6482 6534 I EGL-DRI2: found extension DRI_Core version 1
05-03 21:49:34.177 6482 6534 I EGL-DRI2: found extension DRI_DRI2 version 4
05-03 21:49:34.183 6482 6534 I EGL-DRI2: found extension DRI_TexBuffer version 3
05-03 21:49:34.183 6482 6534 I EGL-DRI2: found extension DRI2_Flush version 4
05-03 21:49:34.183 6482 6534 I EGL-DRI2: found extension DRI_IMAGE version 14
05-03 21:49:34.183 6482 6534 I EGL-DRI2: found extension DRI2_Fence version 2
05-03 21:49:34.183 6482 6534 I EGL-DRI2: found extension DRI_RENDERER_QUERY version 1
05-03 21:49:34.183 6482 6534 I EGL-DRI2: found extension DRI_CONFIG_QUERY version 1
05-03 21:49:34.183 6482 6534 I EGL-DRI2: found extension DRI_Robustness version 1
05-03 21:49:34.184 6482 6534 I OpenGLRenderer: Initialized EGL, version 1.4
05-03 21:49:34.184 6482 6534 D OpenGLRenderer: Swap behavior 2
05-03 21:49:34.221 1697 1718 I ActivityManager: Displayed com.android.vending/.AssetBrowserActivity: +596ms
05-03 21:49:34.296 5110 5983 W Herrevad: [408] vph.b: Invalid mccmnc
05-03 21:49:34.297 5110 5983 W Herrevad: [408] vph.b: Invalid mccmnc
05-03 21:49:34.318 6482 6532 W System : ClassLoader referenced unknown path: /system/priv-app/GmsCore/lib/x86_64
05-03 21:49:34.319 6482 6532 D ApplicationLoaders: ignored Vulkan layer search path /system/priv-app/GmsCore/lib/x86_64:/system/fake-libs64:/system/priv-app/GmsCore/GmsCore.apk!/lib/x86_64:/system/lib64:/vendor/lib64 for namespace 0x7f355302d0f0
05-03 21:49:34.320 6482 6487 I art : Compiler allocated 4MB to compile void com.caverock.androidsvg.cy.startElement(java.lang.String, java.lang.String, java.lang.String, org.xml.sax.Attributes)
05-03 21:49:34.347 6482 6487 I art : Do partial code cache collection, code=61KB, data=59KB
05-03 21:49:34.347 6482 6487 I art : After code cache collection, code=59KB, data=59KB
05-03 21:49:34.347 6482 6487 I art : Increasing code cache capacity to 256KB
05-03 21:49:34.883 6482 6482 I Finsky : [1] com.google.android.finsky.dq.c.a(73): Skipping DFE self-update. Local Version [80980700] >= Server Version [-1]
05-03 21:49:34.885 6482 6482 W Finsky : [1] com.google.android.finsky.f.v.a(50): No LoggingContext in the bundle, which breaks event chain!. Creating a new logging context.
05-03 21:49:34.906 6482 6482 I Finsky : [1] com.google.android.finsky.bg.a.c.a(83): FamilyOptions=30011=>[3]
05-03 21:49:34.985 5110 5110 I MobileDataPlan: [1] MobileDataPlanApiChimeraService.: Service is created.
05-03 21:49:34.995 5110 5308 I MobileDataPlanLogger: Creating clearcut logger with com.google.android.gms.mobiledataplan.service.MobileDataPlanApiChimeraService@153dd9b
05-03 21:49:34.995 5110 5308 I MobileDataPlan: [349] MobileDataPlanApiChimeraService.a: onGetService success for google package com.android.vending
05-03 21:49:35.787 6482 6487 I art : Do full code cache collection, code=101KB, data=124KB
05-03 21:49:35.822 6482 6487 I art : Starting a blocking GC JitCodeCache
05-03 21:49:35.822 6482 6487 I art : After code cache collection, code=90KB, data=68KB
05-03 21:49:35.862 6482 6487 I art : Compiler allocated 4MB to compile void com.google.android.finsky.playcard.n.a(com.google.android.play.layout.d, com.google.android.finsky.dfemodel.Document, int, java.lang.String, com.google.android.finsky.navigationmanager.b, boolean, com.google.android.finsky.playcardview.base.s, com.google.android.finsky.f.ad, com.google.android.finsky.installqueue.q, boolean, int, boolean, boolean, com.google.android.finsky.f.v, boolean, boolean, boolean, com.google.android.finsky.dc.c.g)
05-03 21:49:36.154 6482 6487 I art : Do partial code cache collection, code=118KB, data=124KB
05-03 21:49:36.155 6482 6487 I art : After code cache collection, code=118KB, data=124KB
05-03 21:49:36.155 6482 6487 I art : Increasing code cache capacity to 512KB
05-03 21:49:36.273 1777 1777 I LatinIME: Starting input. Cursor position = 0,0
05-03 21:49:36.273 1777 1777 W LatinIME: Deprecated private IME option specified: nm
05-03 21:49:36.273 1777 1777 W LatinIME: Use com.android.inputmethod.latin.noMicrophoneKey instead
05-03 21:49:36.381 6482 6487 I art : Compiler allocated 4MB to compile void com.caverock.androidsvg.cy.a(com.caverock.androidsvg.av, java.lang.String, java.lang.String)
05-03 21:49:36.601 6482 6487 I art : Do full code cache collection, code=253KB, data=242KB
05-03 21:49:36.601 6482 6487 I art : Starting a blocking GC JitCodeCache
05-03 21:49:36.601 6482 6487 I art : After code cache collection, code=233KB, data=182KB
05-03 21:49:37.353 6482 6487 I art : Do partial code cache collection, code=242KB, data=216KB
05-03 21:49:37.353 6482 6487 I art : After code cache collection, code=242KB, data=216KB
05-03 21:49:37.353 6482 6487 I art : Increasing code cache capacity to 1024KB
05-03 21:49:39.747 1777 1777 I LatinIME: Starting input. Cursor position = -1,-1
05-03 21:49:39.785 6482 6482 W IInputConnectionWrapper: finishComposingText on inactive InputConnection
05-03 21:49:39.785 6482 6482 E RecyclerView: No adapter attached; skipping layout
05-03 21:49:39.863 6482 6532 W System : ClassLoader referenced unknown path:
05-03 21:49:39.863 6482 6532 W System : ClassLoader referenced unknown path: /system/priv-app/GmsCore/lib/x86_64
05-03 21:49:39.864 6482 6532 D ApplicationLoaders: ignored Vulkan layer search path /system/priv-app/GmsCore/lib/x86_64:/system/fake-libs64:/system/priv-app/GmsCore/GmsCore.apk!/lib/x86_64:/system/lib64:/vendor/lib64 for namespace 0x7f355302d160
05-03 21:49:39.880 6482 6532 W System : ClassLoader referenced unknown path: /data/user_de/0/com.google.android.gms/app_chimera/m/00000001/n/x86_64
05-03 21:49:39.880 6482 6532 W System : ClassLoader referenced unknown path: /data/user_de/0/com.google.android.gms/app_chimera/m/00000001/n/arm64-v8a
05-03 21:49:39.884 6482 6532 D DynamitePackage: Instantiated singleton DynamitePackage.
05-03 21:49:39.884 6482 6532 D DynamitePackage: Instantiating com.google.android.gms.ads.adshield.ChimeraAdShieldCreatorImpl
05-03 21:49:41.666 6482 6521 D Volley : [326] e.a: HTTP response for request=<[ ] https://lh6.ggpht.com/K1tRqaJOobHT8D8YdjQ8R0WWdLkHmIHTiiHKKUKZ6IPNKgewHmsjOb4QCbhCx2n_9-4=rw-w145-h145-v1 0x5caeaa7b LOW 9> [lifetime=5513], [size=2544], [rc=200], [retryCount=1]
05-03 21:49:43.276 1404 1669 I audio_hw_primary: choose pcmC1D0p for 0
05-03 21:49:43.574 6482 6482 D ViewRootImpl[PopupWindow:424e6bb]: updatePointerIcon called with position out of bounds
05-03 21:49:43.590 6482 6482 D ViewRootImpl[PopupWindow:424e6bb]: updatePointerIcon called with position out of bounds
05-03 21:49:43.607 6482 6482 D ViewRootImpl[PopupWindow:424e6bb]: updatePointerIcon called with position out of bounds
05-03 21:49:43.624 6482 6482 D ViewRootImpl[PopupWindow:424e6bb]: updatePointerIcon called with position out of bounds
05-03 21:49:43.640 6482 6482 D ViewRootImpl[PopupWindow:424e6bb]: updatePointerIcon called with position out of bounds
05-03 21:49:43.657 6482 6482 D ViewRootImpl[PopupWindow:424e6bb]: updatePointerIcon called with position out of bounds
05-03 21:49:43.674 6482 6482 D ViewRootImpl[PopupWindow:424e6bb]: updatePointerIcon called with position out of bounds
05-03 21:49:43.690 6482 6482 D ViewRootImpl[PopupWindow:424e6bb]: updatePointerIcon called with position out of bounds
05-03 21:49:43.707 6482 6482 D ViewRootImpl[PopupWindow:424e6bb]: updatePointerIcon called with position out of bounds
05-03 21:49:43.724 6482 6482 D ViewRootImpl[PopupWindow:424e6bb]: updatePointerIcon called with position out of bounds
05-03 21:49:43.726 6482 6505 E Finsky : [310] com.google.android.finsky.ar.c.a(34): Unable to build selector: /storage/emulated/0/Download/marketenvs.csv (No such file or directory)
05-03 21:49:43.728 6482 6529 I Finsky : [334] com.google.android.finsky.db.a.a.a.b(33): Triggered update for experiment package com.google.android.finsky.stable.
05-03 21:49:43.735 6482 6529 E art : The String#value field is not present on Android versions >= 6.0
05-03 21:49:43.769 6482 6482 I Finsky : [1] com.google.android.finsky.wear.WearSupportService.onStartCommand(16): Starting WearSupportService for send_installed_apps
05-03 21:49:43.769 6482 6482 I Finsky : [1] com.google.android.finsky.wear.s.a(16): Connecting to wearable
05-03 21:49:43.772 2165 2165 I WearableService: Wearable Services not starting - Wear is not available on this device.
05-03 21:49:43.777 6482 6505 I ShortcutBadger: Checking if platform supports badge counters, attempt 1/3.
05-03 21:49:43.778 2165 2179 W WearableService: onGetService - Wear is not available on this device.
05-03 21:49:43.779 6482 6482 E Finsky : [1] com.google.android.finsky.wear.t.a(3): onConnectionFailed: ConnectionResult{statusCode=API_UNAVAILABLE, resolution=null, message=null}
05-03 21:49:43.779 6482 6482 W Finsky : [1] com.google.android.finsky.wear.s.a(5): GoogleApiClient instance is not connected when requested
05-03 21:49:43.779 6482 6482 W Finsky : [1] com.google.android.finsky.wear.cx.run(10): Dropping command=send_installed_apps due to Gms not connected
05-03 21:49:43.779 6482 6482 I Finsky : [1] com.google.android.finsky.wear.WearSupportService.b(59): Stopping WearSupportService
05-03 21:49:43.781 6482 6505 I ShortcutBadger: Checking if platform supports badge counters, attempt 2/3.
05-03 21:49:43.782 6482 6505 I ShortcutBadger: Checking if platform supports badge counters, attempt 3/3.
05-03 21:49:43.782 6482 6505 W ShortcutBadger: Badge counter seems not supported in this platform: unable to resolve intent: Intent { act=android.intent.action.BADGE_COUNT_UPDATE (has extras) }
05-03 21:49:44.159 6482 6482 I Finsky : [1] com.google.android.finsky.setup.ba.a(213): Restore complete with 0 success and 0 failed.
05-03 21:49:44.419 1697 3836 I ActivityManager: START u0 {cmp=com.android.vending/com.google.android.finsky.billing.lightpurchase.LightPurchaseFlowActivity (has extras)} from uid 10040 on display 0
05-03 21:49:44.427 6482 6482 I AppLifecycleTracker: onActivityPaused:
05-03 21:49:44.444 6482 6482 I AppLifecycleTracker: onActivityCreated:
05-03 21:49:44.446 6482 6482 I AppCompatDelegate: Failed to instantiate custom view inflater android.support.v7.app.AppCompatViewInflater. Falling back to default.
05-03 21:49:44.446 6482 6482 I AppCompatDelegate: java.lang.ClassNotFoundException: android.support.v7.app.AppCompatViewInflater
05-03 21:49:44.446 6482 6482 I AppCompatDelegate: at java.lang.Class.classForName(Native Method)
05-03 21:49:44.446 6482 6482 I AppCompatDelegate: at java.lang.Class.forName(Class.java:400)
05-03 21:49:44.446 6482 6482 I AppCompatDelegate: at java.lang.Class.forName(Class.java:326)
05-03 21:49:44.446 6482 6482 I AppCompatDelegate: at android.support.v7.app.ap.a(SourceFile:480)
05-03 21:49:44.446 6482 6482 I AppCompatDelegate: at android.support.v7.app.ap.onCreateView(SourceFile:570)
05-03 21:49:44.446 6482 6482 I AppCompatDelegate: at android.view.LayoutInflater.createViewFromTag(LayoutInflater.java:769)
05-03 21:49:44.446 6482 6482 I AppCompatDelegate: at android.view.LayoutInflater.createViewFromTag(LayoutInflater.java:727)
05-03 21:49:44.446 6482 6482 I AppCompatDelegate: at android.view.LayoutInflater.inflate(LayoutInflater.java:495)
05-03 21:49:44.446 6482 6482 I AppCompatDelegate: at android.view.LayoutInflater.inflate(LayoutInflater.java:426)
05-03 21:49:44.446 6482 6482 I AppCompatDelegate: at android.view.LayoutInflater.inflate(LayoutInflater.java:377)
05-03 21:49:44.446 6482 6482 I AppCompatDelegate: at com.android.internal.policy.DecorView.onResourcesLoaded(DecorView.java:1821)
05-03 21:49:44.446 6482 6482 I AppCompatDelegate: at com.android.internal.policy.PhoneWindow.generateLayout(PhoneWindow.java:2555)
05-03 21:49:44.446 6482 6482 I AppCompatDelegate: at com.android.internal.policy.PhoneWindow.installDecor(PhoneWindow.java:2628)
05-03 21:49:44.446 6482 6482 I AppCompatDelegate: at com.android.internal.policy.PhoneWindow.getDecorView(PhoneWindow.java:2047)
05-03 21:49:44.446 6482 6482 I AppCompatDelegate: at android.view.Window.findViewById(Window.java:1300)
05-03 21:49:44.446 6482 6482 I AppCompatDelegate: at com.google.android.finsky.t.a.L(SourceFile:277)
05-03 21:49:44.446 6482 6482 I AppCompatDelegate: at com.google.android.finsky.t.a.onCreate(SourceFile:44)
05-03 21:49:44.446 6482 6482 I AppCompatDelegate: at com.google.android.finsky.billing.lightpurchase.LightPurchaseFlowActivity.onCreate(SourceFile:229)
05-03 21:49:44.446 6482 6482 I AppCompatDelegate: at android.app.Activity.performCreate(Activity.java:6694)
05-03 21:49:44.446 6482 6482 I AppCompatDelegate: at android.app.Instrumentation.callActivityOnCreate(Instrumentation.java:1119)
05-03 21:49:44.446 6482 6482 I AppCompatDelegate: at android.app.ActivityThread.performLaunchActivity(ActivityThread.java:2637)
05-03 21:49:44.446 6482 6482 I AppCompatDelegate: at android.app.ActivityThread.handleLaunchActivity(ActivityThread.java:2751)
05-03 21:49:44.446 6482 6482 I AppCompatDelegate: at android.app.ActivityThread.-wrap12(ActivityThread.java)
05-03 21:49:44.446 6482 6482 I AppCompatDelegate: at android.app.ActivityThread$H.handleMessage(ActivityThread.java:1496)
05-03 21:49:44.446 6482 6482 I AppCompatDelegate: at android.os.Handler.dispatchMessage(Handler.java:102)
05-03 21:49:44.446 6482 6482 I AppCompatDelegate: at android.os.Looper.loop(Looper.java:154)
05-03 21:49:44.446 6482 6482 I AppCompatDelegate: at android.app.ActivityThread.main(ActivityThread.java:6186)
05-03 21:49:44.446 6482 6482 I AppCompatDelegate: at java.lang.reflect.Method.invoke(Native Method)
05-03 21:49:44.446 6482 6482 I AppCompatDelegate: at com.android.internal.os.ZygoteInit$MethodAndArgsCaller.run(ZygoteInit.java:890)
05-03 21:49:44.446 6482 6482 I AppCompatDelegate: at com.android.internal.os.ZygoteInit.main(ZygoteInit.java:780)
05-03 21:49:44.446 6482 6482 I AppCompatDelegate: Caused by: java.lang.ClassNotFoundException: Didn't find class "android.support.v7.app.AppCompatViewInflater" on path: DexPathList[[zip file "/data/app/com.android.vending-1/base.apk"],nativeLibraryDirectories=[/data/app/com.android.vending-1/lib/x86_64, /data/app/com.android.vending-1/base.apk!/lib/x86_64, /system/lib64, /vendor/lib64]]
05-03 21:49:44.446 6482 6482 I AppCompatDelegate: at dalvik.system.BaseDexClassLoader.findClass(BaseDexClassLoader.java:56)
05-03 21:49:44.446 6482 6482 I AppCompatDelegate: at java.lang.ClassLoader.loadClass(ClassLoader.java:380)
05-03 21:49:44.446 6482 6482 I AppCompatDelegate: at java.lang.ClassLoader.loadClass(ClassLoader.java:312)
05-03 21:49:44.446 6482 6482 I AppCompatDelegate: ... 30 more
05-03 21:49:44.448 6482 6482 I AppLifecycleTracker: onActivityStarted:
05-03 21:49:44.452 6482 6482 I AppLifecycleTracker: onActivityResumed:
05-03 21:49:44.481 1697 1718 I ActivityManager: Displayed com.android.vending/com.google.android.finsky.billing.lightpurchase.LightPurchaseFlowActivity: +54ms
05-03 21:49:44.494 6482 6482 I Finsky : [1] com.google.android.finsky.dq.c.a(73): Skipping DFE self-update. Local Version [80980700] >= Server Version [-1]
05-03 21:49:44.497 1697 1708 I ActivityManager: START u0 {cmp=com.android.vending/com.google.android.finsky.activities.AppsPermissionsActivity (has extras)} from uid 10040 on display 0
05-03 21:49:44.500 6482 6482 I AppLifecycleTracker: onActivityPaused:
05-03 21:49:44.504 6482 6482 I AppLifecycleTracker: onActivityCreated:
05-03 21:49:44.505 6482 6482 I AppCompatDelegate: Failed to instantiate custom view inflater android.support.v7.app.AppCompatViewInflater. Falling back to default.
05-03 21:49:44.505 6482 6482 I AppCompatDelegate: java.lang.ClassNotFoundException: android.support.v7.app.AppCompatViewInflater
05-03 21:49:44.505 6482 6482 I AppCompatDelegate: at java.lang.Class.classForName(Native Method)
05-03 21:49:44.505 6482 6482 I AppCompatDelegate: at java.lang.Class.forName(Class.java:400)
05-03 21:49:44.505 6482 6482 I AppCompatDelegate: at java.lang.Class.forName(Class.java:326)
05-03 21:49:44.505 6482 6482 I AppCompatDelegate: at android.support.v7.app.ap.a(SourceFile:480)
05-03 21:49:44.505 6482 6482 I AppCompatDelegate: at android.support.v7.app.ap.onCreateView(SourceFile:570)
05-03 21:49:44.505 6482 6482 I AppCompatDelegate: at android.view.LayoutInflater.createViewFromTag(LayoutInflater.java:769)
05-03 21:49:44.505 6482 6482 I AppCompatDelegate: at android.view.LayoutInflater.createViewFromTag(LayoutInflater.java:727)
05-03 21:49:44.505 6482 6482 I AppCompatDelegate: at android.view.LayoutInflater.inflate(LayoutInflater.java:495)
05-03 21:49:44.505 6482 6482 I AppCompatDelegate: at android.view.LayoutInflater.inflate(LayoutInflater.java:426)
05-03 21:49:44.505 6482 6482 I AppCompatDelegate: at android.view.LayoutInflater.inflate(LayoutInflater.java:377)
05-03 21:49:44.505 6482 6482 I AppCompatDelegate: at com.android.internal.policy.DecorView.onResourcesLoaded(DecorView.java:1821)
05-03 21:49:44.505 6482 6482 I AppCompatDelegate: at com.android.internal.policy.PhoneWindow.generateLayout(PhoneWindow.java:2555)
05-03 21:49:44.505 6482 6482 I AppCompatDelegate: at com.android.internal.policy.PhoneWindow.installDecor(PhoneWindow.java:2628)
05-03 21:49:44.505 6482 6482 I AppCompatDelegate: at com.android.internal.policy.PhoneWindow.getDecorView(PhoneWindow.java:2047)
05-03 21:49:44.505 6482 6482 I AppCompatDelegate: at android.support.v7.app.ap.r(SourceFile:113)
05-03 21:49:44.505 6482 6482 I AppCompatDelegate: at android.support.v7.app.ap.b(SourceFile:74)
05-03 21:49:44.505 6482 6482 I AppCompatDelegate: at android.support.v7.app.aa.setContentView(SourceFile:21)
05-03 21:49:44.505 6482 6482 I AppCompatDelegate: at com.google.android.finsky.activities.AppsPermissionsActivity.onCreate(SourceFile:18)
05-03 21:49:44.505 6482 6482 I AppCompatDelegate: at android.app.Activity.performCreate(Activity.java:6694)
05-03 21:49:44.505 6482 6482 I AppCompatDelegate: at android.app.Instrumentation.callActivityOnCreate(Instrumentation.java:1119)
05-03 21:49:44.505 6482 6482 I AppCompatDelegate: at android.app.ActivityThread.performLaunchActivity(ActivityThread.java:2637)
05-03 21:49:44.505 6482 6482 I AppCompatDelegate: at android.app.ActivityThread.handleLaunchActivity(ActivityThread.java:2751)
05-03 21:49:44.505 6482 6482 I AppCompatDelegate: at android.app.ActivityThread.-wrap12(ActivityThread.java)
05-03 21:49:44.505 6482 6482 I AppCompatDelegate: at android.app.ActivityThread$H.handleMessage(ActivityThread.java:1496)
05-03 21:49:44.505 6482 6482 I AppCompatDelegate: at android.os.Handler.dispatchMessage(Handler.java:102)
05-03 21:49:44.505 6482 6482 I AppCompatDelegate: at android.os.Looper.loop(Looper.java:154)
05-03 21:49:44.505 6482 6482 I AppCompatDelegate: at android.app.ActivityThread.main(ActivityThread.java:6186)
05-03 21:49:44.505 6482 6482 I AppCompatDelegate: at java.lang.reflect.Method.invoke(Native Method)
05-03 21:49:44.505 6482 6482 I AppCompatDelegate: at com.android.internal.os.ZygoteInit$MethodAndArgsCaller.run(ZygoteInit.java:890)
05-03 21:49:44.505 6482 6482 I AppCompatDelegate: at com.android.internal.os.ZygoteInit.main(ZygoteInit.java:780)
05-03 21:49:44.505 6482 6482 I AppCompatDelegate: Caused by: java.lang.ClassNotFoundException: Didn't find class "android.support.v7.app.AppCompatViewInflater" on path: DexPathList[[zip file "/data/app/com.android.vending-1/base.apk"],nativeLibraryDirectories=[/data/app/com.android.vending-1/lib/x86_64, /data/app/com.android.vending-1/base.apk!/lib/x86_64, /system/lib64, /vendor/lib64]]
05-03 21:49:44.505 6482 6482 I AppCompatDelegate: at dalvik.system.BaseDexClassLoader.findClass(BaseDexClassLoader.java:56)
05-03 21:49:44.505 6482 6482 I AppCompatDelegate: at java.lang.ClassLoader.loadClass(ClassLoader.java:380)
05-03 21:49:44.505 6482 6482 I AppCompatDelegate: at java.lang.ClassLoader.loadClass(ClassLoader.java:312)
05-03 21:49:44.505 6482 6482 I AppCompatDelegate: ... 30 more
05-03 21:49:44.518 6482 6482 I AppLifecycleTracker: onActivityStarted:
05-03 21:49:44.519 6482 6482 I AppLifecycleTracker: onActivityResumed:
05-03 21:49:44.546 1697 1718 I ActivityManager: Displayed com.android.vending/com.google.android.finsky.activities.AppsPermissionsActivity: +46ms
05-03 21:49:44.563 5110 5982 W Herrevad: [407] vph.b: Invalid mccmnc
05-03 21:49:44.564 5110 5982 W Herrevad: [407] vph.b: Invalid mccmnc
05-03 21:49:44.702 6482 6529 I RequestAddCookies: Cookie store not available in HTTP context
05-03 21:49:44.742 6482 6534 D OpenGLRenderer: endAllActiveAnimators on 0x7f3527333400 (ch) with handle 0x7f3527b27a40
05-03 21:49:45.083 6482 6529 I ResponseProcessCookies: Cookie store not available in HTTP context
05-03 21:49:45.126 6482 6482 I RenderThread: type=1400 audit(0.0:363): avc: denied { ioctl } for path="/dev/dri/card0" dev="tmpfs" ino=8252 ioctlcmd=0x640b scontext=u:r:priv_app:s0:c512,c768 tcontext=u:object_r:device:s0 tclass=chr_file permissive=1
05-03 21:49:45.240 6482 6529 I Finsky : [334] com.google.android.finsky.db.a.l.a(77): Started writing experiment flags into file [44O8VQCEUzya29uefFMIdRuUEpA].
05-03 21:49:45.240 6482 6529 I Finsky : [334] com.google.android.finsky.db.a.l.a(129): Finished writing experiment flags into file [44O8VQCEUzya29uefFMIdRuUEpA].
05-03 21:49:45.242 6482 6529 I Finsky : [334] com.google.android.finsky.db.a.a.a.b(119): Successfully applied new configurations for package com.google.android.finsky.stable.
05-03 21:49:45.242 6482 6532 W art : Long monitor contention with owner AsyncTask #1 (6529) at void com.google.android.gms.phenotype.core.b.a.k.(com.google.android.gms.phenotype.core.c.c, com.google.android.gms.phenotype.core.b.a.n, java.lang.String, int, java.lang.String[], byte[], java.lang.String, java.lang.String)(SourceFile:8) waiters=0 in int com.google.android.finsky.db.a.a.a.b() for 1.513s
05-03 21:49:45.243 6482 6532 I Finsky : [337] com.google.android.finsky.db.a.a.a.b(33): Triggered update for experiment package com.google.android.finsky.regular.
05-03 21:49:45.245 6482 6529 I Finsky : [334] com.google.android.finsky.verifier.impl.as.a(6): Restoring notifications
05-03 21:49:45.250 6482 6482 I Finsky : [1] com.google.android.finsky.verifier.impl.as.c(56): Done restoring notifications
05-03 21:49:45.250 6482 6529 W art : Before Android 4.1, method double java.util.concurrent.ThreadLocalRandom.internalNextDouble(double, double) would have incorrectly overridden the package-private method in java.util.Random
05-03 21:49:45.250 6482 6529 W art : Before Android 4.1, method int java.util.concurrent.ThreadLocalRandom.internalNextInt(int, int) would have incorrectly overridden the package-private method in java.util.Random
05-03 21:49:45.250 6482 6529 W art : Before Android 4.1, method long java.util.concurrent.ThreadLocalRandom.internalNextLong(long, long) would have incorrectly overridden the package-private method in java.util.Random
05-03 21:49:45.257 6482 6506 I PlayCommon: [311] com.google.android.play.b.h.e(263): Preparing logs for uploading
05-03 21:49:45.258 6482 6506 I PlayCommon: [311] com.google.android.play.b.y.a(18): Connecting to server for timestamp: https://play.googleapis.com/play/log/timestamp
05-03 21:49:45.259 6482 6506 W System : ClassLoader referenced unknown path: /system/framework/tcmclient.jar
05-03 21:49:45.341 6482 6532 W ProxyAndroidLoggerBackend: Too many Flogger logs received before configuration. Dropping old logs.
05-03 21:49:45.341 6482 6532 W ProxyAndroidLoggerBackend: Too many Flogger logs received before configuration. Dropping old logs.
05-03 21:49:45.343 6482 6532 W ProxyAndroidLoggerBackend: Too many Flogger logs received before configuration. Dropping old logs.
05-03 21:49:45.343 6482 6532 W ProxyAndroidLoggerBackend: Too many Flogger logs received before configuration. Dropping old logs.
05-03 21:49:45.347 6482 6532 W ProxyAndroidLoggerBackend: Too many Flogger logs received before configuration. Dropping old logs.
05-03 21:49:45.349 6482 6532 W ProxyAndroidLoggerBackend: Too many Flogger logs received before configuration. Dropping old logs.
05-03 21:49:45.483 6482 6482 I AppLifecycleTracker: onActivityPaused:
05-03 21:49:45.487 6482 6482 I AppLifecycleTracker: onActivityResumed:
05-03 21:49:45.487 6482 6482 I Finsky : [1] com.google.android.finsky.billing.lightpurchase.aa.run(8): Permissions accepted: de.saschawillems.vulkancapsviewer
05-03 21:49:45.488 6482 6482 I Finsky : [1] com.google.android.finsky.h.c.b(137): Presetting external-hosting status for non-installed de.saschawillems.vulkancapsviewer
05-03 21:49:45.495 6482 6482 I AppLifecycleTracker: onActivityPaused:
05-03 21:49:45.498 6482 6482 I Finsky : [1] com.google.android.finsky.installqueue.a.ak.a(100): Requesting install request=package_name=de.saschawillems.vulkancapsviewer, priority=2, reason=single_install, account_name=[bbUpXpGOasxEwNX7Fwps0P4-Bmo], type=0, constraints=((NETWORK=ANY, PROVISIONING_STATE = PROVISIONED, STORAGE = SUFFICIENT_STORAGE, ),)
05-03 21:49:45.499 6482 6482 I Finsky : [1] com.google.android.finsky.installer.a.ag.a(163): Request install of de.saschawillems.vulkancapsviewer v=3 pri=2 mods=[] for single_install
05-03 21:49:45.502 6482 6482 I Finsky : [1] com.google.android.finsky.installer.a.ag.a(863): Installer kick - starting de.saschawillems.vulkancapsviewer
05-03 21:49:45.503 6482 6482 I AppLifecycleTracker: onActivityResumed:
05-03 21:49:45.514 6482 6482 I Finsky : [1] com.google.android.finsky.installer.a.aw.c(295): isInstantAppSplitOnlyInstall false
05-03 21:49:45.514 6482 6529 I Finsky : [334] com.google.android.finsky.installer.a.n.doInBackground(121): File-by-File compatibility check result: true
05-03 21:49:45.531 6482 6482 I AppLifecycleTracker: onActivityStopped:
05-03 21:49:45.532 6482 6482 I AppLifecycleTracker: onActivityDestroyed:
05-03 21:49:45.534 6482 6482 I AppLifecycleTracker: onActivityStopped:
05-03 21:49:45.535 6482 6482 I AppLifecycleTracker: onActivityDestroyed:
05-03 21:49:45.585 6482 6532 I RequestAddCookies: Cookie store not available in HTTP context
05-03 21:49:45.619 6482 6527 I Finsky : [332] com.google.android.finsky.cu.e.a(95): Created session 1591879302 for de.saschawillems.vulkancapsviewer
05-03 21:49:45.742 6482 6532 I ResponseProcessCookies: Cookie store not available in HTTP context
05-03 21:49:45.743 6482 6532 W ProxyAndroidLoggerBackend: Too many Flogger logs received before configuration. Dropping old logs.
05-03 21:49:45.743 6482 6532 W ProxyAndroidLoggerBackend: Too many Flogger logs received before configuration. Dropping old logs.
05-03 21:49:45.743 6482 6532 W ProxyAndroidLoggerBackend: Too many Flogger logs received before configuration. Dropping old logs.
05-03 21:49:45.743 6482 6532 W ProxyAndroidLoggerBackend: Too many Flogger logs received before configuration. Dropping old logs.
05-03 21:49:45.756 6482 6482 I Finsky : [1] com.google.android.finsky.installer.a.aw.a(730): Required downloads: [de.saschawillems.vulkancapsviewer]
05-03 21:49:45.756 6482 6527 I Finsky : [332] com.google.android.finsky.cu.q.run(5): Session for de.saschawillems.vulkancapsviewer already exists, skipping creation
05-03 21:49:45.757 6482 6482 I Finsky : [1] com.google.android.finsky.installer.a.bh.onPostExecute(51): Downloading compressed for de.saschawillems.vulkancapsviewer (adid: de.saschawillems.vulkancapsviewer , isid: Fyv9JR1-RjW5iDd5YHaFIw)
05-03 21:49:45.758 6482 6482 I Finsky : [1] com.google.android.finsky.download.e.a(50): Duplicate state set for 'de.saschawillems.vulkancapsviewer' (0). Already in that state
05-03 21:49:45.759 6482 6482 I Finsky : [1] com.google.android.finsky.download.n.a(27): Download de.saschawillems.vulkancapsviewer added to DownloadQueue
05-03 21:49:45.760 6482 6482 I Finsky : [1] com.google.android.finsky.download.e.a(51): de.saschawillems.vulkancapsviewer from 0 to 1.
05-03 21:49:45.761 1407 1407 I : free_cache(7601067) avail 3000623104
05-03 21:49:45.763 6482 6482 I Finsky : [1] com.google.android.finsky.download.w.a(34): Download de.saschawillems.vulkancapsviewer starting
