05-03 21:52:39.252 6339 6637 W DG.WV : at java.util.concurrent.ThreadPoolExecutor$Worker.run(ThreadPoolExecutor.java:607)
05-03 21:52:39.252 6339 6637 W DG.WV : at nya.run(:com.google.android.gms@12529025@12.5.29 (040800-192802242))
05-03 21:52:39.252 6339 6637 W DG.WV : at java.lang.Thread.run(Thread.java:761)
05-03 21:52:39.806 6339 6376 I art : Rejecting re-init on previously-failed class java.lang.Class: java.lang.UnsatisfiedLinkError: dlopen failed: "/data/data/com.google.android.gms/app_dg_cache/87A7B6DF3A340CFF01D8DD0CA677B97CBEEAAF1C/libdF19F0D9D2526.so" is 32-bit instead of 64-bit
05-03 21:52:39.806 6339 6376 I art : (Throwable with no stack trace)
05-03 21:52:39.810 6339 6339 I Binder:6339_4: type=1400 audit(0.0:407): avc: denied { getattr } for path="/dev/dri/card0" dev="tmpfs" ino=8252 scontext=u:r:priv_app:s0:c512,c768 tcontext=u:object_r:device:s0 tclass=chr_file permissive=1
05-03 21:52:39.810 6339 6339 I Binder:6339_4: type=1400 audit(0.0:408): avc: denied { read } for name="dri" dev="tmpfs" ino=8249 scontext=u:r:priv_app:s0:c512,c768 tcontext=u:object_r:device:s0 tclass=dir permissive=1
05-03 21:52:39.810 6339 6339 I Binder:6339_4: type=1400 audit(0.0:409): avc: denied { open } for path="/dev/dri" dev="tmpfs" ino=8249 scontext=u:r:priv_app:s0:c512,c768 tcontext=u:object_r:device:s0 tclass=dir permissive=1
05-03 21:52:39.812 6339 6376 I EGL-DRI2: found extension DRI_Core version 1
05-03 21:52:39.812 6339 6376 I EGL-DRI2: found extension DRI_DRI2 version 4
05-03 21:52:39.819 6339 6376 I EGL-DRI2: found extension DRI_TexBuffer version 3
05-03 21:52:39.819 6339 6376 I EGL-DRI2: found extension DRI2_Flush version 4
05-03 21:52:39.819 6339 6376 I EGL-DRI2: found extension DRI_IMAGE version 14
05-03 21:52:39.819 6339 6376 I EGL-DRI2: found extension DRI2_Fence version 2
05-03 21:52:39.819 6339 6376 I EGL-DRI2: found extension DRI_RENDERER_QUERY version 1
05-03 21:52:39.819 6339 6376 I EGL-DRI2: found extension DRI_CONFIG_QUERY version 1
05-03 21:52:39.819 6339 6376 I EGL-DRI2: found extension DRI_Robustness version 1
05-03 21:52:39.818 6339 6339 I Binder:6339_4: type=1400 audit(0.0:410): avc: denied { read write } for path="/dev/dri/card0" dev="tmpfs" ino=8252 scontext=u:r:priv_app:s0:c512,c768 tcontext=u:object_r:device:s0 tclass=chr_file permissive=1
05-03 21:52:39.849 1410 6337 E Drm : Failed to find drm plugin
05-03 21:52:39.889 6339 6344 I art : Compiler allocated 6MB to compile byte[] qqy.a(java.util.Map, byte[])
05-03 21:52:40.076 2165 3654 W GLSUser : [AppCertManager] IOException while requesting key:
05-03 21:52:40.076 2165 3654 W GLSUser : java.io.IOException: Invalid device key response.
05-03 21:52:40.076 2165 3654 W GLSUser : at gga.a(:com.google.android.gms@12529025@12.5.29 (040800-192802242):12)
05-03 21:52:40.076 2165 3654 W GLSUser : at gga.a(:com.google.android.gms@12529025@12.5.29 (040800-192802242):64)
05-03 21:52:40.076 2165 3654 W GLSUser : at gga.a(:com.google.android.gms@12529025@12.5.29 (040800-192802242):21)
05-03 21:52:40.076 2165 3654 W GLSUser : at gfy.a(:com.google.android.gms@12529025@12.5.29 (040800-192802242):4)
05-03 21:52:40.076 2165 3654 W GLSUser : at gfy.onTransact(:com.google.android.gms@12529025@12.5.29 (040800-192802242):4)
05-03 21:52:40.076 2165 3654 W GLSUser : at android.os.Binder.transact(Binder.java:499)
05-03 21:52:40.076 2165 3654 W GLSUser : at cwl.onTransact(:com.google.android.gms@12529025@12.5.29 (040800-192802242):3)
05-03 21:52:40.076 2165 3654 W GLSUser : at android.os.Binder.execTransact(Binder.java:565)
05-03 21:52:40.076 2165 3654 W GLSUser : [DeviceKeyStore] Cannot load key: Device key file not found.
05-03 21:52:42.637 6701 6721 I Unity : WwiseUnity: Initialize sound engine ...
05-03 21:52:42.637 6701 6721 I Unity :
05-03 21:52:42.637 6701 6721 I Unity : (Filename: ./artifacts/AndroidManagedGenerated/UnityEngineDebug.cpp Line: 56)
05-03 21:52:42.637 6701 6721 I Unity :
05-03 21:52:42.648 6701 7160 W libOpenSLES: Leaving Object::GetInterface (SL_RESULT_FEATURE_UNSUPPORTED)
05-03 21:52:42.648 6701 7160 I libOpenSLES: Emulating old channel mask behavior (ignoring positional mask 0x3, using default mask 0x3 based on channel count of 2)
05-03 21:52:42.649 1404 1404 W AudioFlinger: createTrack_l(): mismatch between requested flags (00000104) and output flags (00000006)
05-03 21:52:42.649 6701 7160 D AudioTrack: Client defaulted notificationFrames to 512 for frameCount 3072
05-03 21:52:42.651 1404 1404 W AudioFlinger: checkEffectCompatibility_l(): non HW effect Equalizer on playback thread in fast mode
05-03 21:52:42.651 2274 3283 E AudioEffect: set(): AudioFlinger could not create effect, status: -22
05-03 21:52:42.651 2274 3283 E AudioEffects-JNI: AudioEffect initCheck failed -3
05-03 21:52:42.651 2274 3283 E AudioEffect-JAVA: Error code -3 when initializing AudioEffect.
05-03 21:52:42.651 2274 3283 E AudioFx-EffectSet: error creatingEffectSet (AndroidEffects) [ mSessionId: 129 mDeviceInfo: android.media.AudioDeviceInfo@1920259 mGlobalEnabled: false ], releasing and throwing!
05-03 21:52:42.651 2274 3283 E AudioFxService: couldn't create effects for session id: 129
05-03 21:52:42.651 2274 3283 E AudioFxService: java.lang.RuntimeException: Cannot initialize effect engine for type: 0bed4300-ddd6-11db-8f34-0002a5d5c51b Error: -3
05-03 21:52:42.651 2274 3283 E AudioFxService: at android.media.audiofx.AudioEffect.(AudioEffect.java:411)
05-03 21:52:42.651 2274 3283 E AudioFxService: at android.media.audiofx.Equalizer.(Equalizer.java:139)
05-03 21:52:42.651 2274 3283 E AudioFxService: at org.cyanogenmod.audiofx.backends.EffectSetWithAndroidEq.onCreate(EffectSetWithAndroidEq.java:39)
05-03 21:52:42.651 2274 3283 E AudioFxService: at org.cyanogenmod.audiofx.backends.AndroidEffects.onCreate(AndroidEffects.java:53)
05-03 21:52:42.651 2274 3283 E AudioFxService: at org.cyanogenmod.audiofx.backends.EffectSet.(EffectSet.java:41)
05-03 21:52:42.651 2274 3283 E AudioFxService: at org.cyanogenmod.audiofx.backends.EffectSetWithAndroidEq.(EffectSetWithAndroidEq.java:34)
05-03 21:52:42.651 2274 3283 E AudioFxService: at org.cyanogenmod.audiofx.backends.AndroidEffects.(AndroidEffects.java:48)
05-03 21:52:42.651 2274 3283 E AudioFxService: at org.cyanogenmod.audiofx.backends.EffectsFactory.createEffectSet(EffectsFactory.java:22)
05-03 21:52:42.651 2274 3283 E AudioFxService: at org.cyanogenmod.audiofx.service.SessionManager$AudioServiceHandler.handleMessage(SessionManager.java:320)
05-03 21:52:42.651 2274 3283 E AudioFxService: at android.os.Handler.dispatchMessage(Handler.java:98)
05-03 21:52:42.651 2274 3283 E AudioFxService: at android.os.Looper.loop(Looper.java:154)
05-03 21:52:42.651 2274 3283 E AudioFxService: at android.os.HandlerThread.run(HandlerThread.java:61)
05-03 21:52:42.653 6701 6721 I Unity : WwiseUnity: Sound engine initialized.
05-03 21:52:42.653 6701 6721 I Unity :
05-03 21:52:42.653 6701 6721 I Unity : (Filename: ./artifacts/AndroidManagedGenerated/UnityEngineDebug.cpp Line: 56)
05-03 21:52:42.653 6701 6721 I Unity :
05-03 21:52:43.455 6701 6721 E Unity : Unable to find libmoba
05-03 21:52:45.377 1697 1710 I UsageStatsService: User[0] Flushing usage stats to disk
05-03 21:52:46.457 6482 6495 I Finsky : [300] com.google.android.finsky.billing.iab.ab.b(31): com.mobile.legends: Account determined from installer data - [bbUpXpGOasxEwNX7Fwps0P4-Bmo]
05-03 21:52:46.464 6482 6500 I Finsky : [305] com.google.android.finsky.billing.iab.ab.b(31): com.mobile.legends: Account determined from installer data - [bbUpXpGOasxEwNX7Fwps0P4-Bmo]
05-03 21:52:46.465 6482 6495 I Finsky : [300] com.google.android.finsky.billing.iab.ab.b(31): com.mobile.legends: Account determined from installer data - [bbUpXpGOasxEwNX7Fwps0P4-Bmo]
05-03 21:52:46.469 6482 6495 I Finsky : [300] com.google.android.finsky.billing.iab.ab.b(31): com.mobile.legends: Account determined from installer data - [bbUpXpGOasxEwNX7Fwps0P4-Bmo]
05-03 21:52:46.472 6482 6495 I Finsky : [300] com.google.android.finsky.billing.iab.ab.b(31): com.mobile.legends: Account determined from installer data - [bbUpXpGOasxEwNX7Fwps0P4-Bmo]
05-03 21:52:46.507 6482 6495 I Finsky : [300] com.google.android.finsky.billing.iab.ab.b(31): com.mobile.legends: Account determined from installer data - [bbUpXpGOasxEwNX7Fwps0P4-Bmo]
05-03 21:52:46.509 6482 6495 I Finsky : [300] com.google.android.finsky.billing.iab.ab.b(31): com.mobile.legends: Account determined from installer data - [bbUpXpGOasxEwNX7Fwps0P4-Bmo]
05-03 21:52:46.909 1697 2686 W ActivityManager: Unable to start service Intent { act=android.support.customtabs.action.CustomTabsService pkg=com.android.chrome } U=0: not found
05-03 21:52:46.916 1855 3371 E PhoneInterfaceManager: [PhoneIntfMgr] getIccId: No UICC
05-03 21:52:46.920 1855 3371 D TelephonyProvider: subIdString = -1 subId = -1
05-03 21:52:46.920 1855 3371 D TelephonyProvider: getPreferredApnIdFromApn: for subId -1
05-03 21:52:46.920 1855 3371 D TelephonyProvider: Preferred APN: -1
05-03 21:52:46.924 6482 6482 V FingerprintManager: FingerprintManagerService was null
05-03 21:52:46.924 6482 6482 W FingerprintManager: isFingerprintHardwareDetected(): Service not connected!
05-03 21:52:46.937 6482 6482 W Finsky : [1] com.google.android.finsky.billing.a.j.a(46): Got an exception trying to get proto method: java.lang.NoSuchMethodException: getFingerprintValid []
05-03 21:52:46.937 6482 6482 W Finsky : [1] com.google.android.finsky.billing.a.j.a(46): Got an exception trying to get proto method: java.lang.NoSuchMethodException: getDesiredAuthMethod []
05-03 21:52:46.938 6482 6482 W Finsky : [1] com.google.android.finsky.billing.a.j.a(46): Got an exception trying to get proto method: java.lang.NoSuchMethodException: getAuthFrequency []
05-03 21:52:46.938 6482 6482 W Finsky : [1] com.google.android.finsky.billing.a.j.a(46): Got an exception trying to get proto method: java.lang.NoSuchMethodException: getUserHasFop []
05-03 21:52:46.938 6482 6482 W Finsky : [1] com.google.android.finsky.billing.a.j.a(46): Got an exception trying to get proto method: java.lang.NoSuchMethodException: getFingerprintValid []
05-03 21:52:46.938 6482 6482 W Finsky : [1] com.google.android.finsky.billing.a.j.a(46): Got an exception trying to get proto method: java.lang.NoSuchMethodException: getDesiredAuthMethod []
05-03 21:52:46.938 6482 6482 W Finsky : [1] com.google.android.finsky.billing.a.j.a(46): Got an exception trying to get proto method: java.lang.NoSuchMethodException: getAuthFrequency []
05-03 21:52:46.938 6482 6482 W Finsky : [1] com.google.android.finsky.billing.a.j.a(46): Got an exception trying to get proto method: java.lang.NoSuchMethodException: getUserHasFop []
05-03 21:52:46.938 6482 6482 W Finsky : [1] com.google.android.finsky.billing.a.j.a(46): Got an exception trying to get proto method: java.lang.NoSuchMethodException: getFingerprintValid []
05-03 21:52:46.938 6482 6482 W Finsky : [1] com.google.android.finsky.billing.a.j.a(46): Got an exception trying to get proto method: java.lang.NoSuchMethodException: getDesiredAuthMethod []
05-03 21:52:46.938 6482 6482 W Finsky : [1] com.google.android.finsky.billing.a.j.a(46): Got an exception trying to get proto method: java.lang.NoSuchMethodException: getAuthFrequency []
05-03 21:52:46.938 6482 6482 W Finsky : [1] com.google.android.finsky.billing.a.j.a(46): Got an exception trying to get proto method: java.lang.NoSuchMethodException: getUserHasFop []
05-03 21:52:46.938 6482 6482 W Finsky : [1] com.google.android.finsky.billing.a.j.a(46): Got an exception trying to get proto method: java.lang.NoSuchMethodException: getFingerprintValid []
05-03 21:52:46.939 6482 6482 W Finsky : [1] com.google.android.finsky.billing.a.j.a(46): Got an exception trying to get proto method: java.lang.NoSuchMethodException: getDesiredAuthMethod []
05-03 21:52:46.939 6482 6482 W Finsky : [1] com.google.android.finsky.billing.a.j.a(46): Got an exception trying to get proto method: java.lang.NoSuchMethodException: getAuthFrequency []
05-03 21:52:46.939 6482 6482 W Finsky : [1] com.google.android.finsky.billing.a.j.a(46): Got an exception trying to get proto method: java.lang.NoSuchMethodException: getUserHasFop []
05-03 21:52:46.939 6482 6482 W Finsky : [1] com.google.android.finsky.billing.a.j.a(46): Got an exception trying to get proto method: java.lang.NoSuchMethodException: getFingerprintValid []
05-03 21:52:46.939 6482 6482 W Finsky : [1] com.google.android.finsky.billing.a.j.a(46): Got an exception trying to get proto method: java.lang.NoSuchMethodException: getDesiredAuthMethod []
05-03 21:52:46.939 6482 6482 W Finsky : [1] com.google.android.finsky.billing.a.j.a(46): Got an exception trying to get proto method: java.lang.NoSuchMethodException: getAuthFrequency []
05-03 21:52:46.939 6482 6482 W Finsky : [1] com.google.android.finsky.billing.a.j.a(46): Got an exception trying to get proto method: java.lang.NoSuchMethodException: getUserHasFop []
05-03 21:52:46.939 6482 6482 W Finsky : [1] com.google.android.finsky.billing.a.j.a(46): Got an exception trying to get proto method: java.lang.NoSuchMethodException: getFingerprintValid []
05-03 21:52:46.939 6482 6482 W Finsky : [1] com.google.android.finsky.billing.a.j.a(46): Got an exception trying to get proto method: java.lang.NoSuchMethodException: getDesiredAuthMethod []
05-03 21:52:46.939 6482 6482 W Finsky : [1] com.google.android.finsky.billing.a.j.a(46): Got an exception trying to get proto method: java.lang.NoSuchMethodException: getAuthFrequency []
05-03 21:52:46.940 6482 6482 W Finsky : [1] com.google.android.finsky.billing.a.j.a(46): Got an exception trying to get proto method: java.lang.NoSuchMethodException: getUserHasFop []
05-03 21:52:46.940 6482 6482 W Finsky : [1] com.google.android.finsky.billing.a.j.a(46): Got an exception trying to get proto method: java.lang.NoSuchMethodException: getFingerprintValid []
05-03 21:52:46.940 6482 6482 W Finsky : [1] com.google.android.finsky.billing.a.j.a(46): Got an exception trying to get proto method: java.lang.NoSuchMethodException: getDesiredAuthMethod []
05-03 21:52:46.940 6482 6482 W Finsky : [1] com.google.android.finsky.billing.a.j.a(46): Got an exception trying to get proto method: java.lang.NoSuchMethodException: getAuthFrequency []
05-03 21:52:46.940 6482 6482 W Finsky : [1] com.google.android.finsky.billing.a.j.a(46): Got an exception trying to get proto method: java.lang.NoSuchMethodException: getUserHasFop []
05-03 21:52:46.953 6482 6482 W Finsky : [1] com.google.android.finsky.billing.a.j.a(46): Got an exception trying to get proto method: java.lang.NoSuchMethodException: getFingerprintValid []
05-03 21:52:46.953 6482 6482 W Finsky : [1] com.google.android.finsky.billing.a.j.a(46): Got an exception trying to get proto method: java.lang.NoSuchMethodException: getDesiredAuthMethod []
05-03 21:52:46.953 6482 6482 W Finsky : [1] com.google.android.finsky.billing.a.j.a(46): Got an exception trying to get proto method: java.lang.NoSuchMethodException: getAuthFrequency []
05-03 21:52:46.954 6482 6482 W Finsky : [1] com.google.android.finsky.billing.a.j.a(46): Got an exception trying to get proto method: java.lang.NoSuchMethodException: getUserHasFop []
05-03 21:52:46.954 6482 6482 W Finsky : [1] com.google.android.finsky.billing.a.j.a(46): Got an exception trying to get proto method: java.lang.NoSuchMethodException: getFingerprintValid []
05-03 21:52:46.954 6482 6482 W Finsky : [1] com.google.android.finsky.billing.a.j.a(46): Got an exception trying to get proto method: java.lang.NoSuchMethodException: getDesiredAuthMethod []
05-03 21:52:46.954 6482 6482 W Finsky : [1] com.google.android.finsky.billing.a.j.a(46): Got an exception trying to get proto method: java.lang.NoSuchMethodException: getAuthFrequency []
05-03 21:52:46.954 6482 6482 W Finsky : [1] com.google.android.finsky.billing.a.j.a(46): Got an exception trying to get proto method: java.lang.NoSuchMethodException: getUserHasFop []
05-03 21:52:46.954 6482 6482 W Finsky : [1] com.google.android.finsky.billing.a.j.a(46): Got an exception trying to get proto method: java.lang.NoSuchMethodException: getFingerprintValid []
05-03 21:52:46.954 6482 6482 W Finsky : [1] com.google.android.finsky.billing.a.j.a(46): Got an exception trying to get proto method: java.lang.NoSuchMethodException: getDesiredAuthMethod []
05-03 21:52:46.954 6482 6482 W Finsky : [1] com.google.android.finsky.billing.a.j.a(46): Got an exception trying to get proto method: java.lang.NoSuchMethodException: getAuthFrequency []
05-03 21:52:46.954 6482 6482 W Finsky : [1] com.google.android.finsky.billing.a.j.a(46): Got an exception trying to get proto method: java.lang.NoSuchMethodException: getUserHasFop []
05-03 21:52:46.954 6482 6482 W Finsky : [1] com.google.android.finsky.billing.a.j.a(46): Got an exception trying to get proto method: java.lang.NoSuchMethodException: getFingerprintValid []
05-03 21:52:46.955 6482 6482 W Finsky : [1] com.google.android.finsky.billing.a.j.a(46): Got an exception trying to get proto method: java.lang.NoSuchMethodException: getDesiredAuthMethod []
05-03 21:52:46.955 6482 6482 W Finsky : [1] com.google.android.finsky.billing.a.j.a(46): Got an exception trying to get proto method: java.lang.NoSuchMethodException: getAuthFrequency []
05-03 21:52:46.955 6482 6482 W Finsky : [1] com.google.android.finsky.billing.a.j.a(46): Got an exception trying to get proto method: java.lang.NoSuchMethodException: getUserHasFop []
05-03 21:52:46.955 6482 6482 W Finsky : [1] com.google.android.finsky.billing.a.j.a(46): Got an exception trying to get proto method: java.lang.NoSuchMethodException: getFingerprintValid []
05-03 21:52:46.955 6482 6482 W Finsky : [1] com.google.android.finsky.billing.a.j.a(46): Got an exception trying to get proto method: java.lang.NoSuchMethodException: getDesiredAuthMethod []
05-03 21:52:46.955 6482 6482 W Finsky : [1] com.google.android.finsky.billing.a.j.a(46): Got an exception trying to get proto method: java.lang.NoSuchMethodException: getAuthFrequency []
05-03 21:52:46.955 6482 6482 W Finsky : [1] com.google.android.finsky.billing.a.j.a(46): Got an exception trying to get proto method: java.lang.NoSuchMethodException: getUserHasFop []
05-03 21:52:46.955 6482 6482 W Finsky : [1] com.google.android.finsky.billing.a.j.a(46): Got an exception trying to get proto method: java.lang.NoSuchMethodException: getFingerprintValid []
05-03 21:52:46.955 6482 6482 W Finsky : [1] com.google.android.finsky.billing.a.j.a(46): Got an exception trying to get proto method: java.lang.NoSuchMethodException: getDesiredAuthMethod []
05-03 21:52:46.955 6482 6482 W Finsky : [1] com.google.android.finsky.billing.a.j.a(46): Got an exception trying to get proto method: java.lang.NoSuchMethodException: getAuthFrequency []
05-03 21:52:46.956 6482 6482 W Finsky : [1] com.google.android.finsky.billing.a.j.a(46): Got an exception trying to get proto method: java.lang.NoSuchMethodException: getUserHasFop []
05-03 21:52:46.956 6482 6482 W Finsky : [1] com.google.android.finsky.billing.a.j.a(46): Got an exception trying to get proto method: java.lang.NoSuchMethodException: getFingerprintValid []
05-03 21:52:46.956 6482 6482 W Finsky : [1] com.google.android.finsky.billing.a.j.a(46): Got an exception trying to get proto method: java.lang.NoSuchMethodException: getDesiredAuthMethod []
05-03 21:52:46.956 6482 6482 W Finsky : [1] com.google.android.finsky.billing.a.j.a(46): Got an exception trying to get proto method: java.lang.NoSuchMethodException: getAuthFrequency []
05-03 21:52:46.956 6482 6482 W Finsky : [1] com.google.android.finsky.billing.a.j.a(46): Got an exception trying to get proto method: java.lang.NoSuchMethodException: getUserHasFop []
05-03 21:52:46.961 6482 6482 W Finsky : [1] com.google.android.finsky.billing.a.j.a(46): Got an exception trying to get proto method: java.lang.NoSuchMethodException: getFingerprintValid []
05-03 21:52:46.961 6482 6482 W Finsky : [1] com.google.android.finsky.billing.a.j.a(46): Got an exception trying to get proto method: java.lang.NoSuchMethodException: getDesiredAuthMethod []
05-03 21:52:46.961 6482 6482 W Finsky : [1] com.google.android.finsky.billing.a.j.a(46): Got an exception trying to get proto method: java.lang.NoSuchMethodException: getAuthFrequency []
05-03 21:52:46.961 6482 6482 W Finsky : [1] com.google.android.finsky.billing.a.j.a(46): Got an exception trying to get proto method: java.lang.NoSuchMethodException: getUserHasFop []
05-03 21:52:46.961 6482 6482 I Finsky : [1] com.google.android.finsky.billing.a.l.run(35): Skipping a request to /bulkAcquire since cache has all the records.
05-03 21:52:46.962 6482 6495 I Finsky : [300] com.google.android.finsky.billing.iab.ab.b(31): com.mobile.legends: Account determined from installer data - [bbUpXpGOasxEwNX7Fwps0P4-Bmo]
05-03 21:52:46.964 6482 6495 I Finsky : [300] com.google.android.finsky.billing.iab.ab.b(31): com.mobile.legends: Account determined from installer data - [bbUpXpGOasxEwNX7Fwps0P4-Bmo]
05-03 21:52:48.268 6701 6721 I Unity : ALog-Dev: ASUSTeK COMPUTER INC. X455LF report: inver: 1.2.72.275.1.6|lver: 1.2.72.275.1|sver: 1.2.72.275.1|glver: OpenGL ES 3.1 Mesa 17.1.10 (git-946651c)|mem: 3846|fmem: 2456|fdisk: 2835
05-03 21:52:48.268 6701 6721 I Unity :
05-03 21:52:48.268 6701 6721 I Unity : (Filename: ./artifacts/AndroidManagedGenerated/UnityEngineDebug.cpp Line: 56)
05-03 21:52:48.268 6701 6721 I Unity :
05-03 21:52:48.342 6701 6721 I CrashlyticsCore: Initializing Crashlytics 2.3.17.dev
05-03 21:52:48.365 6701 6721 E Unity : Unable to find libmoba
05-03 21:52:48.387 6701 6721 E Unity : Unable to find libmoba
05-03 21:52:48.678 6701 6721 I YOUME : 调用init 函数 开始,目录:
05-03 21:52:48.678 6701 6721 I YOUME : 调用init 函数 开始,目录:/data/user/0/com.mobile.legends/app_libs
05-03 21:52:48.682 6701 6721 I YOUME : 没有当前版本的更新,忽略已经下载的so 应用versioncode: 12722751可以更新的版本:
05-03 21:52:48.693 6701 6721 I YOUME : 线程id:3880974624 2018-05-03 21:52:48.693 INFO 1 [onNetWorkChanged#NgnNetworkService.cpp:163]
05-03 21:52:48.694 6701 6721 I YOUME : 线程id:3880974624 2018-05-03 21:52:48.694 INFO 1 [onNetWorkChanged#NgnNetworkService.cpp:163]
05-03 21:52:48.694 6701 6701 I AudioMgr: onReceive action: android.net.conn.CONNECTIVITY_CHANGE
05-03 21:52:48.695 6701 6701 I YOUME : 线程id:4151870848 2018-05-03 21:52:48.695 INFO 1 [onNetWorkChanged#NgnNetworkService.cpp:163]
05-03 21:52:48.695 6701 6721 I YOUME : 调用init 函数 结束
05-03 21:52:48.698 6320 6320 V VoiceEngineService: ServiceDemo onStartCommand
05-03 21:52:48.698 6320 6320 V VoiceEngineService: ServiceDemo onStart
05-03 21:52:48.703 6701 6721 I YOUME : 线程id:3880974624 2018-05-03 21:52:48.703 INFO @@ setServerRegion, regionId:10000, extRegionName:ID, bAppend:0 [setServerRegion#YouMeVoiceEngine.cpp:3465]
05-03 21:52:48.703 6701 6721 I YOUME : 线程id:3880974624 2018-05-03 21:52:48.703 INFO ------------------------------------------------------------------------- [tsk_init_log#tsk_log.c:68]
05-03 21:52:48.703 6701 6721 I YOUME : 线程id:3880974624 2018-05-03 21:52:48.703 INFO Brand:Android-x86
05-03 21:52:48.703 6701 6721 I YOUME : Model:X455LF
05-03 21:52:48.703 6701 6721 I YOUME : CPU:x86
05-03 21:52:48.703 6701 6721 I YOUME : IMEI:
05-03 21:52:48.703 6701 6721 I YOUME : UUID:
05-03 21:52:48.703 6701 6721 I YOUME : sysver:7.1.2
05-03 21:52:48.703 6701 6721 I YOUME : package:com.mobile.legends
05-03 21:52:48.703 6701 6721 I YOUME : sdkver:trunk-2.5.3.3635
05-03 21:52:48.703 6701 6721 I YOUME : ffmpeg-support:1
05-03 21:52:48.703 6701 6721 I YOUME : commonLibVer:1.0.0.2
05-03 21:52:48.703 6701 6721 I YOUME : CPUChip:cm_android_x86_64
05-03 21:52:48.703 6701 6721 I YOUME : ServerArea=10000 [initialize#NgnEngine.cpp:96]
05-03 21:52:48.703 6701 6721 I YOUME : 线程id:3880974624 2018-05-03 21:52:48.703 INFO @@ init: YOUME460AAEE94C5D9A758A3D1D3047DD5FB4C005F28E [init#YouMeVoiceEngine.cpp:2989]
05-03 21:52:48.704 6701 6721 I YOUME : 线程id:3880974624 2018-05-03 21:52:48.704 INFO Enter [Report#MonitoringCenter.cpp:173]
05-03 21:52:48.708 6701 7302 I YOUME : 线程id:2763098400 2018-05-03 21:52:48.708 INFO Enter CbMsg thread [ThreadFunc#YouMeVoiceEngine.cpp:722]
05-03 21:52:48.709 6701 7303 I YOUME : 线程id:2762053920 2018-05-03 21:52:48.709 INFO Enter WorkerMsg thread [ThreadFunc#YouMeVoiceEngine.cpp:722]
05-03 21:52:48.711 6701 7301 I YOUME : 线程id:2769254688 2018-05-03 21:52:48.711 INFO Enter MainMsg thread [ThreadFunc#YouMeVoiceEngine.cpp:722]
05-03 21:52:48.848 6701 6721 I YOUME : 线程id:3880974624 2018-05-03 21:52:48.848 INFO == init [init#YouMeVoiceEngine.cpp:3123]
05-03 21:52:48.850 6701 7305 I YOUME : 线程id:2759964960 2018-05-03 21:52:48.850 INFO DataReport waits for SDK config to be available [ReportProc#MonitoringCenter.cpp:369]
05-03 21:52:48.852 6701 7301 I YOUME : 线程id:2769254688 2018-05-03 21:52:48.852 INFO $$ doInit [doInit#YouMeVoiceEngine.cpp:1431]
05-03 21:52:48.852 6701 7301 I YOUME : 线程id:2769254688 2018-05-03 21:52:48.852 INFO Enter [Report#MonitoringCenter.cpp:173]
05-03 21:52:48.870 6701 6721 E Unity : Unable to find libmoba
05-03 21:52:50.139 6701 7301 E YOUME : 线程id:2769254688 2018-05-03 21:52:50.139 ERROR ## serverRegionId:10000, extServerRegionName:ID [ServerLoginIn#SDKValidateTalk.cpp:132]
05-03 21:52:50.140 6701 7301 I YOUME : 线程id:2769254688 2018-05-03 21:52:50.140 INFO #### Parsing SDKValidate server:C005F28E.rtc.youme.im [getValidateIPList#SDKValidateTalk.cpp:804]
05-03 21:52:50.213 6701 7301 I YOUME : 线程id:2769254688 2018-05-03 21:52:50.213 INFO Adding backup IP:47.91.162.99 [getValidateIPList#SDKValidateTalk.cpp:839]
05-03 21:52:50.213 6701 7301 I YOUME : 线程id:2769254688 2018-05-03 21:52:50.213 INFO Adding backup IP:106.75.25.67 [getValidateIPList#SDKValidateTalk.cpp:839]
05-03 21:52:50.213 6701 7301 I YOUME : 线程id:2769254688 2018-05-03 21:52:50.213 INFO Enter [Report#MonitoringCenter.cpp:173]
05-03 21:52:50.342 6701 7301 I YOUME : 线程id:2769254688 2018-05-03 21:52:50.342 INFO --TCP Validate SDK with 128.1.33.14:8012 [ValidateWithTcp#SDKValidateTalk.cpp:368]
05-03 21:52:50.704 6701 7301 I YOUME : 线程id:2769254688 2018-05-03 21:52:50.704 INFO SDKValidate returns length:869 [ValidateWithTcp#SDKValidateTalk.cpp:389]
05-03 21:52:50.704 6701 7301 I YOUME : 线程id:2769254688 2018-05-03 21:52:50.704 INFO status:0 : 0 :128.1.33.14 [ValidateWithTcp#SDKValidateTalk.cpp:415]
05-03 21:52:50.704 6701 7301 I YOUME : 线程id:2769254688 2018-05-03 21:52:50.704 INFO type:1 key:AEC_MODE value:3 [parseValidateServerResponse#SDKValidateTalk.cpp:448]
05-03 21:52:50.704 6701 7301 I YOUME : 线程id:2769254688 2018-05-03 21:52:50.704 INFO type:1 key:AEC_NLPMODE value:2 [parseValidateServerResponse#SDKValidateTalk.cpp:448]
05-03 21:52:50.704 6701 7301 I YOUME : 线程id:2769254688 2018-05-03 21:52:50.704 INFO type:1 key:AGC_COMPRESS_GAIN value:18 [parseValidateServerResponse#SDKValidateTalk.cpp:448]
05-03 21:52:50.704 6701 7301 I YOUME : 线程id:2769254688 2018-05-03 21:52:50.704 INFO type:1 key:AGC_TARGET_LEVEL value:6 [parseValidateServerResponse#SDKValidateTalk.cpp:448]
05-03 21:52:50.704 6701 7301 I YOUME : 线程id:2769254688 2018-05-03 21:52:50.704 INFO type:1 key:ANDROID_OUT_VOL_GAIN value:90 [parseValidateServerResponse#SDKValidateTalk.cpp:448]
05-03 21:52:50.704 6701 7301 I YOUME : 线程id:2769254688 2018-05-03 21:52:50.704 INFO type:7 key:ANDROID_UNDER_OPENSLES value:1 [parseValidateServerResponse#SDKValidateTalk.cpp:448]
05-03 21:52:50.704 6701 7301 I YOUME : 线程id:2769254688 2018-05-03 21:52:50.704 INFO type:2 key:AVMONITOR_CONSUMER_PEROID_MS value:0 [parseValidateServerResponse#SDKValidateTalk.cpp:448]
05-03 21:52:50.704 6701 7301 I YOUME : 线程id:2769254688 2018-05-03 21:52:50.704 INFO type:2 key:AVMONITOR_PRODUCER_PEROID_MS value:0 [parseValidateServerResponse#SDKValidateTalk.cpp:448]
05-03 21:52:50.704 6701 7301 I YOUME : 线程id:2769254688 2018-05-03 21:52:50.704 INFO type:2 key:BACKGROUND_MUSIC_DELAY value:600 [parseValidateServerResponse#SDKValidateTalk.cpp:448]
05-03 21:52:50.704 6701 7301 I YOUME : 线程id:2769254688 2018-05-03 21:52:50.704 INFO type:1 key:COMM_ORDER value:1 [parseValidateServerResponse#SDKValidateTalk.cpp:448]
05-03 21:52:50.704 6701 7301 I YOUME : 线程id:2769254688 2018-05-03 21:52:50.704 INFO type:5 key:DATAREPORT_ADDR value:g.rtcdr.youme.im [parseValidateServerResponse#SDKValidateTalk.cpp:448]
05-03 21:52:50.704 6701 7301 I YOUME : 线程id:2769254688 2018-05-03 21:52:50.704 INFO type:1 key:DATAREPORT_MODE value:1 [parseValidateServerResponse#SDKValidateTalk.cpp:448]
05-03 21:52:50.705 6701 7301 I YOUME : 线程id:2769254688 2018-05-03 21:52:50.704 INFO type:1 key:DATAREPORT_PORT value:5574 [parseValidateServerResponse#SDKValidateTalk.cpp:448]
05-03 21:52:50.705 6701 7301 I YOUME : 线程id:2769254688 2018-05-03 21:52:50.705 INFO type:1 key:ECHO_TAIL value:150 [parseValidateServerResponse#SDKValidateTalk.cpp:448]
05-03 21:52:50.705 6701 7301 I YOUME : 线程id:2769254688 2018-05-03 21:52:50.705 INFO type:7 key:Enable value:1 [parseValidateServerResponse#SDKValidateTalk.cpp:448]
05-03 21:52:50.705 6701 7301 I YOUME : 线程id:2769254688 2018-05-03 21:52:50.705 INFO type:1 key:HEART_TIMEOUT value:5 [parseValidateServerResponse#SDKValidateTalk.cpp:448]
05-03 21:52:50.705 6701 7301 I YOUME : 线程id:2769254688 2018-05-03 21:52:50.705 INFO type:1 key:HEART_TIMEOUT_COUNT value:5 [parseValidateServerResponse#SDKValidateTalk.cpp:448]
05-03 21:52:50.705 6701 7301 I YOUME : 线程id:2769254688 2018-05-03 21:52:50.705 INFO type:2 key:LOG_LEVEL_CONSOLE value:0 [parseValidateServerResponse#SDKValidateTalk.cpp:448]
05-03 21:52:50.705 6701 7301 I YOUME : 线程id:2769254688 2018-05-03 21:52:50.705 INFO type:2 key:LOG_LEVEL_FILE value:40 [parseValidateServerResponse#SDKValidateTalk.cpp:448]
05-03 21:52:50.705 6701 7301 I YOUME : 线程id:2769254688 2018-05-03 21:52:50.705 INFO type:1 key:MCU_MODE value:2 [parseValidateServerResponse#SDKValidateTalk.cpp:448]
05-03 21:52:50.705 6701 7301 I YOUME : 线程id:2769254688 2018-05-03 21:52:50.705 INFO type:5 key:NETWORK_REDIRECT_ADD value:161.202.16.87 [parseValidateServerResponse#SDKValidateTalk.cpp:448]
05-03 21:52:50.705 6701 7301 I YOUME : 线程id:2769254688 2018-05-03 21:52:50.705 INFO type:1 key:NETWORK_REDIRECT_PORT value:5574 [parseValidateServerResponse#SDKValidateTalk.cpp:448]
05-03 21:52:50.705 6701 7301 I YOUME : 线程id:2769254688 2018-05-03 21:52:50.705 INFO type:2 key:PACKET_STAT_REPORT_PERIOD_MS value:0 [parseValidateServerResponse#SDKValidateTalk.cpp:448]
05-03 21:52:50.705 6701 7301 I YOUME : 线程id:2769254688 2018-05-03 21:52:50.705 INFO type:1 key:RECONNECT_COUNT value:10 [parseValidateServerResponse#SDKValidateTalk.cpp:448]
05-03 21:52:50.705 6701 7301 I YOUME : 线程id:2769254688 2018-05-03 21:52:50.705 INFO type:7 key:VAD value:0 [parseValidateServerResponse#SDKValidateTalk.cpp:448]
05-03 21:52:50.705 6701 7301 I YOUME : 线程id:2769254688 2018-05-03 21:52:50.705 INFO type:2 key:VERIFY_TIME value:1525359170 [parseValidateServerResponse#SDKValidateTalk.cpp:448]
05-03 21:52:50.705 6701 7301 I YOUME : 线程id:2769254688 2018-05-03 21:52:50.705 INFO --Redirect server 161.202.16.87:5574 [parseValidateServerResponse#SDKValidateTalk.cpp:508]
05-03 21:52:50.705 6701 7301 I YOUME : 线程id:2769254688 2018-05-03 21:52:50.705 INFO --Redirect server 119.81.21.99:5574 [parseValidateServerResponse#SDKValidateTalk.cpp:508]
05-03 21:52:50.705 6701 7301 E YOUME : 线程id:2769254688 2018-05-03 21:52:50.705 ERROR SDK Validate exit [ServerLoginIn#SDKValidateTalk.cpp:266]
05-03 21:52:50.705 6701 7301 I YOUME : 线程id:2769254688 2018-05-03 21:52:50.705 INFO Enter [Report#MonitoringCenter.cpp:173]
05-03 21:52:50.751 6701 7305 I YOUME : 线程id:2759964960 2018-05-03 21:52:50.751 INFO #### DataReport using default server:47.89.13.3 [ReportProc#MonitoringCenter.cpp:391]
05-03 21:52:50.821 6701 7301 I YOUME : 线程id:2769254688 2018-05-03 21:52:50.821 INFO @@ start [start#YouMeVoiceEngine.cpp:3550]
05-03 21:52:50.822 6701 7301 I YOUME : 线程id:2769254688 2018-05-03 21:52:50.822 INFO Enter [Report#MonitoringCenter.cpp:173]
05-03 21:52:50.889 1410 6337 E Drm : Failed to find drm plugin
05-03 21:52:50.889 6339 6637 W DG.WV : Widevine DRM not supported on this device
05-03 21:52:50.889 6339 6637 W DG.WV : android.media.UnsupportedSchemeException: Failed to instantiate drm object.
05-03 21:52:50.889 6339 6637 W DG.WV : at android.media.MediaDrm.native_setup(Native Method)
05-03 21:52:50.889 6339 6637 W DG.WV : at android.media.MediaDrm.(MediaDrm.java:215)
05-03 21:52:50.889 6339 6637 W DG.WV : at qqj.run(:com.google.android.gms@12529025@12.5.29 (040800-192802242):10)
05-03 21:52:50.889 6339 6637 W DG.WV : at nsg.run(:com.google.android.gms@12529025@12.5.29 (040800-192802242):27)
05-03 21:52:50.889 6339 6637 W DG.WV : at java.util.concurrent.ThreadPoolExecutor.runWorker(ThreadPoolExecutor.java:1133)
05-03 21:52:50.889 6339 6637 W DG.WV : at java.util.concurrent.ThreadPoolExecutor$Worker.run(ThreadPoolExecutor.java:607)
05-03 21:52:50.889 6339 6637 W DG.WV : at nya.run(:com.google.android.gms@12529025@12.5.29 (040800-192802242))
05-03 21:52:50.889 6339 6637 W DG.WV : at java.lang.Thread.run(Thread.java:761)
05-03 21:52:51.469 6339 6376 I art : Rejecting re-init on previously-failed class java.lang.Class: java.lang.UnsatisfiedLinkError: dlopen failed: "/data/data/com.google.android.gms/app_dg_cache/87A7B6DF3A340CFF01D8DD0CA677B97CBEEAAF1C/libdF19F0D9D2526.so" is 32-bit instead of 64-bit
05-03 21:52:51.469 6339 6376 I art : (Throwable with no stack trace)
05-03 21:52:59.116 1782 1782 I SlideTouchEvent: vel=124.454506, MinimumFlingVelocity=50
05-03 21:52:59.116 1782 1782 I SlideTouchEvent: Sliding distance is too short, can not trigger the single hand mode
05-03 21:52:59.119 1697 1739 I ActivityManager: START u0 {act=android.intent.action.MAIN cat=[android.intent.category.HOME] flg=0x10200000 cmp=com.cyanogenmod.trebuchet/com.android.launcher3.Launcher (has extras)} from uid 1000 on display 0
05-03 21:52:59.120 6701 6701 W com.facebook.appevents.internal.ActivityLifecycleTracker: Unexpected activity pause without a matching activity resume. Logging data may be incorrect. Make sure you call activateApp from your Application's onCreate method
05-03 21:52:59.126 6701 6807 I FA : Tag Manager is not found and thus will not be used
05-03 21:52:59.156 1697 2686 D KbdSensor: poll_batch: dev=0x7f3532cec300 sensor_handle=0 flags=0 sampling_period_ns=66667000 max_report_latency_ns=100000000
05-03 21:52:59.156 1697 2686 D KbdSensor: poll_setDelay: dev=0x7f3532cec300 handle=0 ns=66667000
05-03 21:52:59.242 2294 2294 W IInputConnectionWrapper: reportFullscreenMode on inexistent InputConnection
05-03 21:52:59.296 1404 3829 W AudioFlinger::EffectModule: EffectModule 0xf5d6ec00 destructor called with unreleased interface
05-03 21:52:59.296 1404 1404 W AudioFlinger::EffectHandle: disconnect Effect handle 0xf651be40 disconnected after thread destruction
05-03 21:52:59.532 6701 6807 W FA : Failed to retrieve Firebase Instance Id
05-03 21:52:59.999 1697 1697 I AlarmManager: type=1400 audit(0.0:411): avc: denied { wake_alarm } for capability=35 scontext=u:r:system_server:s0 tcontext=u:r:system_server:s0 tclass=capability2 permissive=1
05-03 21:53:00.327 1782 1782 I SlideTouchEvent: vel=0.0, MinimumFlingVelocity=50
05-03 21:53:00.329 1697 4387 I ActivityManager: START u0 {flg=0x10804000 cmp=com.android.systemui/.recents.RecentsActivity} from uid 10033 on display 0
05-03 21:53:00.343 1782 1782 I RenderThread: type=1400 audit(0.0:412): avc: denied { read write } for path="/dev/dri/card0" dev="tmpfs" ino=8252 scontext=u:r:platform_app:s0:c512,c768 tcontext=u:object_r:device:s0 tclass=chr_file permissive=1
05-03 21:53:02.028 1782 1782 D ViewRootImpl[NavigationBar]: updatePointerIcon called with position out of bounds
05-03 21:53:02.028 1782 1782 D ViewRootImpl[StatusBar]: updatePointerIcon called with position out of bounds
05-03 21:53:02.342 1697 4387 E ActivityManager: applyOptionsLocked: Unknown animationType=0
05-03 21:53:02.378 3944 3944 I Term : Bound to TermService
05-03 21:53:02.378 3944 3944 I TermService: Activity binding to service
05-03 21:53:02.387 1777 1777 I LatinIME: Starting input. Cursor position = -1,-1
05-03 21:53:02.781 2165 2691 W GCoreFlp: No location to return for getLastLocation()
05-03 21:53:04.382 4438 4516 I bt_vendor: bt_vendor_op op 7
05-03 21:53:04.382 4438 4516 I bt_vendor: bt_vendor_op op 7 retval 0
05-03 21:53:04.381 4438 4438 I hci_thread: type=1400 audit(0.0:413): avc: denied { write } for path="socket:[45478]" dev="sockfs" ino=45478 scontext=u:r:bluetooth:s0 tcontext=u:r:bluetooth:s0 tclass=socket permissive=1
05-03 21:53:04.384 4438 4516 I bt_vendor: bt_vendor_op op 7
05-03 21:53:04.384 4438 4516 I bt_vendor: bt_vendor_op op 7 retval 0
05-03 21:53:04.382 4438 4438 I hci_thread: type=1400 audit(0.0:414): avc: denied { read } for path="socket:[45478]" dev="sockfs" ino=45478 scontext=u:r:bluetooth:s0 tcontext=u:r:bluetooth:s0 tclass=socket permissive=1
05-03 21:53:05.278 1697 4387 W InputMethodManagerService: Window already focused, ignoring focus gain of: com.android.internal.view.IInputMethodClient$Stub$Proxy@e59c9cb attribute=null, token = android.os.BinderProxy@d06a116
05-03 21:53:05.297 1777 1777 I LatinIME: Starting input. Cursor position = -1,-1
05-03 21:53:05.317 3944 3944 W IInputConnectionWrapper: finishComposingText on inactive InputConnection
05-03 21:53:05.592 3944 3964 D OpenGLRenderer: endAllActiveAnimators on 0xd4238400 (DropDownListView) with handle 0xd3aad220