05-03 14:32:45.221 1697 1697 I ActivityManager: Config changes=1df8 {1.0 ?mcc?mnc [in_ID] ldltr sw768dp w1366dp h768dp 160dpi xlrg long land ?uimode ?night -touch qwerty/v/v -nav/h s.2}
05-03 14:32:45.225 1697 1718 I ActivityManager: Config changes=400 {1.0 ?mcc?mnc [in_ID] ldltr sw768dp w1366dp h696dp 160dpi xlrg long land ?uimode ?night -touch qwerty/v/v -nav/h s.3}
05-03 14:32:45.248 1697 1697 I SystemServiceManager: Starting com.android.server.MountService$Lifecycle
05-03 14:32:45.259 1697 1710 I UsageStatsService: User[0] Rollover scheduled @ 2018-05-04 14:32:45(1525419165223)
05-03 14:32:45.274 1697 1697 I SystemServiceManager: Starting com.android.server.UiModeManagerService
05-03 14:32:45.275 1697 1697 I ActivityManager: Config changes=200 {1.0 ?mcc?mnc [in_ID] ldltr sw768dp w1366dp h696dp 160dpi xlrg long land -touch qwerty/v/v -nav/h s.4}
05-03 14:32:45.278 1697 1697 I SystemServer: StartLockSettingsService
05-03 14:32:45.279 1697 1697 I SystemServiceManager: Starting com.android.server.LockSettingsService$Lifecycle
05-03 14:32:45.280 1697 1741 D MountService: Thinking about init, mSystemReady=false, mDaemonConnected=true
05-03 14:32:45.280 1697 1741 D MountService: Thinking about reset, mSystemReady=false, mDaemonConnected=true
05-03 14:32:45.280 1697 1741 D MountService: Thinking about init, mSystemReady=false, mDaemonConnected=true
05-03 14:32:45.280 1697 1741 D MountService: Thinking about reset, mSystemReady=false, mDaemonConnected=true
05-03 14:32:45.280 1697 1741 D CryptdConnector: SND -> {1 cryptfs getfield SystemLocale}
05-03 14:32:45.281 1697 1743 D CryptdConnector: RCV <- {200 1 -1}
05-03 14:32:45.302 1697 1697 I SystemServiceManager: Starting com.android.server.DeviceIdleController
05-03 14:32:45.304 1697 1741 W MountService: No primary storage mounted!
05-03 14:32:45.304 1697 1741 D VoldConnector: SND -> {1 asec list}
05-03 14:32:45.320 1697 1697 E DeviceIdleController: Bad device idle settings
05-03 14:32:45.320 1697 1697 E DeviceIdleController: java.lang.IllegalArgumentException: 'null' in 'null' is not a valid key-value pair
05-03 14:32:45.320 1697 1697 E DeviceIdleController: at android.util.KeyValueListParser.setString(KeyValueListParser.java:57)
05-03 14:32:45.320 1697 1697 E DeviceIdleController: at com.android.server.DeviceIdleController$Constants.updateConstants(DeviceIdleController.java:793)
05-03 14:32:45.320 1697 1697 E DeviceIdleController: at com.android.server.DeviceIdleController$Constants.(DeviceIdleController.java:782)
05-03 14:32:45.320 1697 1697 E DeviceIdleController: at com.android.server.DeviceIdleController.onStart(DeviceIdleController.java:1354)
05-03 14:32:45.320 1697 1697 E DeviceIdleController: at com.android.server.SystemServiceManager.startService(SystemServiceManager.java:113)
05-03 14:32:45.320 1697 1697 E DeviceIdleController: at com.android.server.SystemServer.startOtherServices(SystemServer.java:820)
05-03 14:32:45.320 1697 1697 E DeviceIdleController: at com.android.server.SystemServer.run(SystemServer.java:368)
05-03 14:32:45.320 1697 1697 E DeviceIdleController: at com.android.server.SystemServer.main(SystemServer.java:237)
05-03 14:32:45.320 1697 1697 E DeviceIdleController: at java.lang.reflect.Method.invoke(Native Method)
05-03 14:32:45.320 1697 1697 E DeviceIdleController: at com.android.internal.os.ZygoteInit$MethodAndArgsCaller.run(ZygoteInit.java:890)
05-03 14:32:45.320 1697 1697 E DeviceIdleController: at com.android.internal.os.ZygoteInit.main(ZygoteInit.java:780)
05-03 14:32:45.333 1697 1697 I SystemServiceManager: Starting com.android.server.devicepolicy.DevicePolicyManagerService$Lifecycle
05-03 14:32:45.333 1697 1742 D VoldConnector: RCV <- {200 1 asec operation succeeded}
05-03 14:32:45.333 1697 1741 W PackageManager: Not granting permission android.permission.MANAGE_DOCUMENTS to package com.google.android.youtube (protectionLevel=2 flags=0x385bbe45)
05-03 14:32:45.334 1697 1741 W PackageManager: Unknown permission android.permission.READ_SETTINGS in package org.android_x86.analytics
05-03 14:32:45.334 1697 1741 W PackageManager: Unknown permission com.google.android.launcher.permission.CONTENT_REDIRECT in package com.google.android.googlequicksearchbox
05-03 14:32:45.334 1697 1741 W PackageManager: Unknown permission com.google.android.voicesearch.SHORTCUTS_ACCESS in package com.google.android.googlequicksearchbox
05-03 14:32:45.334 1697 1741 W PackageManager: Unknown permission com.google.android.voicesearch.ACCESS_SETTINGS in package com.google.android.googlequicksearchbox
05-03 14:32:45.334 1697 1741 W PackageManager: Unknown permission com.android.browser.permission.PRELOAD in package com.google.android.googlequicksearchbox
05-03 14:32:45.334 1697 1741 W PackageManager: Unknown permission com.google.android.ears.permission.WRITE in package com.google.android.googlequicksearchbox
05-03 14:32:45.334 1697 1741 W PackageManager: Unknown permission com.google.googlenav.friend.permission.OPT_IN in package com.google.android.googlequicksearchbox
05-03 14:32:45.334 1697 1741 W PackageManager: Unknown permission com.google.android.apps.maps.permission.PREFETCH in package com.google.android.googlequicksearchbox
05-03 14:32:45.334 1697 1741 W PackageManager: Unknown permission com.google.android.apps.googlevoice.permission.AUTO_SEND in package com.google.android.googlequicksearchbox
05-03 14:32:45.334 1697 1741 W PackageManager: Unknown permission com.google.android.hangouts.START_HANGOUT in package com.google.android.googlequicksearchbox
05-03 14:32:45.334 1697 1741 W PackageManager: Unknown permission com.android.chrome.PRERENDER_URL in package com.google.android.googlequicksearchbox
05-03 14:32:45.334 1697 1741 W PackageManager: Not granting permission com.google.android.googleapps.permission.GOOGLE_AUTH to package com.android.providers.calendar (protectionLevel=2 flags=0x30083e45)
05-03 14:32:45.334 1697 1741 W PackageManager: Not granting permission com.google.android.googleapps.permission.GOOGLE_AUTH.cl to package com.android.providers.calendar (protectionLevel=2 flags=0x30083e45)
05-03 14:32:45.334 1697 1741 W PackageManager: Unknown permission cyanogenmod.permission.LEGALESE in package com.cyanogenmod.setupwizard
05-03 14:32:45.334 1697 1741 W PackageManager: Not granting permission android.permission.SEND_DOWNLOAD_COMPLETED_INTENTS to package com.android.vending (protectionLevel=2 flags=0x384abec5)
05-03 14:32:45.334 1697 1741 W PackageManager: Unknown permission android.permission.ALLOCATE_AGGRESSIVE in package com.android.vending
05-03 14:32:45.334 1697 1741 W PackageManager: Not granting permission android.permission.SET_PREFERRED_APPLICATIONS to package com.android.vending (protectionLevel=2 flags=0x384abec5)
05-03 14:32:45.334 1697 1741 W PackageManager: Unknown permission android.permission.ACCESS_INSTANT_APPS in package com.android.vending
05-03 14:32:45.334 1697 1741 W PackageManager: Unknown permission android.permission.MANAGE_APP_OPS_MODES in package com.android.vending
05-03 14:32:45.334 1697 1741 W PackageManager: Unknown permission com.sec.android.provider.badge.permission.READ in package com.android.vending
05-03 14:32:45.334 1697 1741 W PackageManager: Unknown permission com.sec.android.provider.badge.permission.WRITE in package com.android.vending
05-03 14:32:45.334 1697 1741 W PackageManager: Unknown permission com.htc.launcher.permission.READ_SETTINGS in package com.android.vending
05-03 14:32:45.334 1697 1741 W PackageManager: Unknown permission com.htc.launcher.permission.UPDATE_SHORTCUT in package com.android.vending
05-03 14:32:45.334 1697 1741 W PackageManager: Unknown permission com.sonyericsson.home.permission.BROADCAST_BADGE in package com.android.vending
05-03 14:32:45.334 1697 1741 W PackageManager: Unknown permission com.sonymobile.home.permission.PROVIDER_INSERT_BADGE in package com.android.vending
05-03 14:32:45.334 1697 1741 W PackageManager: Unknown permission com.anddoes.launcher.permission.UPDATE_COUNT in package com.android.vending
05-03 14:32:45.334 1697 1741 W PackageManager: Unknown permission com.majeur.launcher.permission.UPDATE_BADGE in package com.android.vending
05-03 14:32:45.334 1697 1741 W PackageManager: Unknown permission com.huawei.android.launcher.permission.CHANGE_BADGE in package com.android.vending
05-03 14:32:45.334 1697 1741 W PackageManager: Unknown permission com.huawei.android.launcher.permission.READ_SETTINGS in package com.android.vending
05-03 14:32:45.334 1697 1741 W PackageManager: Unknown permission com.huawei.android.launcher.permission.WRITE_SETTINGS in package com.android.vending
05-03 14:32:45.334 1697 1741 W PackageManager: Unknown permission android.permission.READ_APP_BADGE in package com.android.vending
05-03 14:32:45.334 1697 1741 W PackageManager: Unknown permission com.oppo.launcher.permission.READ_SETTINGS in package com.android.vending
05-03 14:32:45.334 1697 1741 W PackageManager: Unknown permission com.oppo.launcher.permission.WRITE_SETTINGS in package com.android.vending
05-03 14:32:45.334 1697 1741 W PackageManager: Unknown permission org.chromium.arc.apkcacheprovider.permission.READ_CACHE in package com.android.vending
05-03 14:32:45.334 1697 1741 W PackageManager: Unknown permission org.chromium.arc.apkcacheprovider.permission.WRITE_CACHE in package com.android.vending
05-03 14:32:45.334 1697 1741 W PackageManager: Unknown permission android.Manifest.permission.SUBSTITUTE_NOTIFICATION_APP_NAME in package com.android.vending
05-03 14:32:45.334 1697 1741 W PackageManager: Unknown permission android.permission.READ_RUNTIME_PROFILES in package com.android.vending
05-03 14:32:45.334 1697 1741 W PackageManager: Unknown permission android.permission.FOREGROUND_SERVICE in package com.android.vending
05-03 14:32:45.334 1697 1741 W PackageManager: Not granting permission android.permission.BIND_WALLPAPER to package com.android.camera2 (protectionLevel=18 flags=0x3058bc45)
05-03 14:32:45.334 1697 1741 W PackageManager: Unknown permission com.google.android.calendar.permission.READ_OOBE in package com.google.android.gm
05-03 14:32:45.334 1697 1741 W PackageManager: Unknown permission com.google.android.email.permission.ACCESS_PROVIDER in package com.google.android.gm
05-03 14:32:45.334 1697 1741 W PackageManager: Unknown permission com.google.android.gm.exchange.BIND in package com.google.android.gm
05-03 14:32:45.334 1697 1741 W PackageManager: Unknown permission com.android.email.partnerprovider.PARTNER_PROVIDER in package com.google.android.gm
05-03 14:32:45.334 1697 1741 W PackageManager: Not granting permission com.google.android.googleapps.permission.GOOGLE_AUTH.mail to package com.android.calendar (protectionLevel=2 flags=0x3009be45)
05-03 14:32:45.334 1697 1741 W PackageManager: Not granting permission android.permission.INTERACT_ACROSS_USERS to package com.google.android.syncadapters.contacts (protectionLevel=50 flags=0x38083e45)
05-03 14:32:45.334 1697 1741 W PackageManager: Unknown permission com.google.android.syncadapters.contacts.permission.GAL_SEARCH in package com.google.android.syncadapters.contacts
05-03 14:32:45.334 1697 1741 W PackageManager: Unknown permission com.android.launcher.permission.READ_SETTINGS in package com.cyanogenmod.trebuchet
05-03 14:32:45.334 1697 1741 W PackageManager: Unknown permission com.android.launcher.permission.WRITE_SETTINGS in package com.cyanogenmod.trebuchet
05-03 14:32:45.334 1697 1741 W PackageManager: Unknown permission com.google.android.permission.INSTALL_WEARABLE_PACKAGES in package com.google.android.packageinstaller
05-03 14:32:45.334 1697 1741 W PackageManager: Unknown permission android.permission.RECOVER_KEYSTORE in package com.google.android.gms
05-03 14:32:45.334 1697 1741 W PackageManager: Unknown permission android.permission.PRE_FACTORY_RESET in package com.google.android.gms
05-03 14:32:45.334 1697 1741 W PackageManager: Unknown permission com.google.android.apps.enterprise.dmagent.permission.AutoSyncPermission in package com.google.android.gms
05-03 14:32:45.334 1697 1741 W PackageManager: Unknown permission com.google.android.wearable.WRITE_SETTINGS in package com.google.android.gms
05-03 14:32:45.334 1697 1741 W PackageManager: Unknown permission com.felicanetworks.mfc.mfi.permission.MFI_ACCESS in package com.google.android.gms
05-03 14:32:45.334 1697 1741 W PackageManager: Not granting permission android.permission.BIND_NOTIFICATION_LISTENER_SERVICE to package com.google.android.gms (protectionLevel=2 flags=0xb8c83e45)
05-03 14:32:45.334 1697 1741 W PackageManager: Unknown permission com.google.android.hangouts.START_HANGOUT in package com.google.android.gms
05-03 14:32:45.334 1697 1741 W PackageManager: Unknown permission android.car.permission.CAR_HVAC in package com.google.android.gms
05-03 14:32:45.334 1697 1741 W PackageManager: Unknown permission com.google.android.permission.ACCESSIBILITY_SCAN_SERVICE in package com.google.android.gms
05-03 14:32:45.334 1697 1741 W PackageManager: Unknown permission android.permission.ACTIVITY_EMBEDDING in package com.google.android.gms
05-03 14:32:45.334 1697 1741 W PackageManager: Unknown permission android.permission.PROVIDE_RESOLVER_RANKER_SERVICE in package com.google.android.gms
05-03 14:32:45.334 1697 1741 W PackageManager: Unknown permission com.google.android.wearable.READ_SETTINGS in package com.google.android.gms
05-03 14:32:45.334 1697 1741 W PackageManager: Unknown permission android.permission.MANAGE_SUBSCRIPTION_PLANS in package com.google.android.gms
05-03 14:32:45.334 1697 1741 W PackageManager: Unknown permission com.google.android.gms.game.notifications.permission.WRITE in package com.google.android.gms
05-03 14:32:45.335 1697 1741 W PackageManager: Unknown permission com.android.launcher.permission.PRELOAD_WORKSPACE in package com.google.android.partnersetup
05-03 14:32:45.335 1697 1741 W PackageManager: Not granting permission android.permission.DELETE_PACKAGES to package com.svox.pico (protectionLevel=18 flags=0x3808be45)
05-03 14:32:45.335 1697 1741 W PackageManager: Unknown permission com.google.android.gallery3d.permission.PICASA_STORE in package com.android.dreams.phototable
05-03 14:32:45.335 1697 1741 W PackageManager: Not granting permission android.permission.CONTROL_KEYGUARD to package com.google.android.gsf.login (protectionLevel=2 flags=0x3048be45)
05-03 14:32:45.335 1697 1741 W PackageManager: Unknown permission com.android.vending.billing.IBillingAccountService.BIND2 in package com.google.android.gsf.login
05-03 14:32:45.335 1697 1741 W PackageManager: Unknown permission com.android.chrome.TOS_ACKED in package com.google.android.gsf.login
05-03 14:32:45.335 1697 1741 W PackageManager: Unknown permission android.permission.ACCESS_SUPERUSER in package jackpal.androidterm
05-03 14:32:45.335 1697 1741 W PackageManager: Unknown permission com.android.launcher.permission.READ_SETTINGS in package com.android.settings
05-03 14:32:45.335 1697 1741 W PackageManager: Unknown permission com.android.launcher.permission.WRITE_SETTINGS in package com.android.settings
05-03 14:32:45.335 1697 1741 W PackageManager: Unknown permission com.android.smspush.WAPPUSH_MANAGER_BIND in package com.android.phone
05-03 14:32:45.335 1697 1741 W PackageManager: Not granting permission android.permission.MANAGE_DOCUMENTS to package com.android.deskclock (protectionLevel=2 flags=0x3c49be45)
05-03 14:32:45.335 1697 1741 W PackageManager: Unknown permission com.android.deskclock.worldclock.permissions.WRITE_DATABASE in package com.android.deskclock
05-03 14:32:45.335 1697 1741 W PackageManager: Unknown permission org.codeaurora.permission.POWER_ON_ALERT in package com.android.deskclock
05-03 14:32:45.335 1697 1741 W PackageManager: Not granting permission android.permission.WRITE_SECURE_SETTINGS to package com.android.deskclock (protectionLevel=50 flags=0x3c49be45)
05-03 14:32:45.335 1697 1741 W PackageManager: Unknown permission com.cyanogenmod.lockclock.permission.READ_WEATHER in package com.android.systemui
05-03 14:32:45.335 1697 1741 W PackageManager: Unknown permission com.android.email.permission.READ_ATTACHMENT in package com.android.exchange
05-03 14:32:45.335 1697 1741 W PackageManager: Unknown permission com.android.email.permission.ACCESS_PROVIDER in package com.android.exchange
05-03 14:32:45.335 1697 1741 W PackageManager: Unknown permission com.google.android.gallery3d.permission.GALLERY_PROVIDER in package com.android.bluetooth
05-03 14:32:45.335 1697 1741 W PackageManager: Unknown permission com.android.email.permission.ACCESS_PROVIDER in package com.android.bluetooth
05-03 14:32:45.335 1697 1741 W PackageManager: Unknown permission com.android.email.permission.READ_ATTACHMENT in package com.android.bluetooth
05-03 14:32:45.493 1697 1741 W MountService: No primary storage mounted!
05-03 14:32:45.493 1697 1741 D VoldConnector: SND -> {2 asec list}
05-03 14:32:45.493 1697 1742 D VoldConnector: RCV <- {200 2 asec operation succeeded}
05-03 14:32:45.508 1697 1697 I SystemServer: StartStatusBarManagerService
05-03 14:32:45.508 1697 1697 I SystemServer: StartClipboardService
05-03 14:32:45.509 1697 1697 I SystemServer: StartNetworkManagementService
05-03 14:32:45.511 1697 1744 I NetworkManagement: onDaemonConnected()
05-03 14:32:45.512 1697 1697 I SystemServiceManager: Starting com.android.server.TextServicesManagerService$Lifecycle
05-03 14:32:45.514 1697 1697 I SystemServer: StartNetworkScoreService
05-03 14:32:45.515 1697 1697 I SystemServer: StartNetworkStatsService
05-03 14:32:45.531 1697 1697 I SystemServer: StartNetworkPolicyManagerService
05-03 14:32:45.533 1697 1697 I SystemServer: No Wi-Fi NAN Service (NAN support Not Present)
05-03 14:32:45.533 1697 1697 I SystemServiceManager: Starting com.android.server.wifi.p2p.WifiP2pService
05-03 14:32:45.562 1697 1697 I SystemServiceManager: Starting com.android.server.wifi.WifiService
05-03 14:32:45.853 1697 1697 I SystemServiceManager: Starting com.android.server.wifi.scanner.WifiScanningService
05-03 14:32:45.855 1697 1697 I SystemServiceManager: Starting com.android.server.wifi.RttService
05-03 14:32:45.855 1697 1697 I SystemServiceManager: Starting com.android.server.ethernet.EthernetService
05-03 14:32:45.862 1697 1697 I SystemServer: StartConnectivityService
05-03 14:32:45.864 1697 1697 D ConnectivityService: ConnectivityService starting up
05-03 14:32:45.866 1697 1697 D ConnectivityService: wifiOnly=true
05-03 14:32:45.866 1697 1697 D ConnectivityService: networkAttributes - ignoring mobile as this dev is wifiOnly 0
05-03 14:32:45.866 1697 1697 D ConnectivityService: networkAttributes - ignoring mobile as this dev is wifiOnly 2
05-03 14:32:45.866 1697 1697 D ConnectivityService: networkAttributes - ignoring mobile as this dev is wifiOnly 3
05-03 14:32:45.866 1697 1697 D ConnectivityService: networkAttributes - ignoring mobile as this dev is wifiOnly 5
05-03 14:32:45.866 1697 1697 D ConnectivityService: networkAttributes - ignoring mobile as this dev is wifiOnly 10
05-03 14:32:45.866 1697 1697 D ConnectivityService: networkAttributes - ignoring mobile as this dev is wifiOnly 11
05-03 14:32:45.866 1697 1697 D ConnectivityService: networkAttributes - ignoring mobile as this dev is wifiOnly 12
05-03 14:32:45.866 1697 1697 E ConnectivityService: Ignoring protectedNetwork 10
05-03 14:32:45.866 1697 1697 E ConnectivityService: Ignoring protectedNetwork 11
05-03 14:32:45.866 1697 1697 E ConnectivityService: Ignoring protectedNetwork 12
05-03 14:32:45.866 1697 1697 E ConnectivityService: Ignoring protectedNetwork 14
05-03 14:32:45.866 1697 1697 E ConnectivityService: Ignoring protectedNetwork 15
05-03 14:32:45.869 1697 1697 I SystemServer: StartNsdService
05-03 14:32:45.870 1697 1697 I SystemServer: StartUpdateLockService
05-03 14:32:45.870 1697 1697 I SystemServiceManager: Starting com.android.server.RecoverySystemService
05-03 14:32:45.871 1697 1697 I SystemServiceManager: Starting com.android.server.notification.NotificationManagerService
05-03 14:32:45.874 1697 1697 D ConditionProviders.SCP: new ScheduleConditionProvider()
05-03 14:32:45.885 1697 1697 D ZenLog : config: readXml,ZenModeConfig[user=0,allowCalls=true,allowRepeatCallers=false,allowMessages=false,allowCallsFrom=contacts,allowMessagesFrom=contacts,allowReminders=true,allowEvents=true,allowWhenScreenOff=true,allowWhenScreenOn=true,automaticRules={5a1eb0401ade4cd3a8c35bcda57b2b9e=ZenRule[enabled=false,snoozing=false,name=Weeknight,zenMode=ZEN_MODE_ALARMS,conditionId=condition://android/schedule?days=1.2.3.4.5&start=22.0&end=7.0&exitAtAlarm=false,condition=Condition[id=condition://android/schedule?days=1.2.3.4.5&start=22.0&end=7.0&exitAtAlarm=false,summary=...,line1=...,line2=...,icon=0,state=STATE_FALSE,flags=2],component=ComponentInfo{android/com.android.server.notification.ScheduleConditionProvider},id=5a1eb0401ade4cd3a8c35bcda57b2b9e,creationTime=1525355755667,enabler=null], 10cc78c7a1774efa8d17480e7a53d7a6=ZenRule[enabled=false,snoozing=false,name=Event,zenMode=ZEN_MODE_ALARMS,conditionId=condition://android/event?userId=-10000&calendar=&reply=1,condition=Condition[id=condition://android/event?userId=-10000&calendar=&reply=1,summary=...,line1=...,line2=...,icon=0,state=STATE_FALSE,flags=2],component=ComponentInfo{android/com.android.server.notification.EventConditionProvider},id=10cc78c7a1774efa8d17480e7a53d7a6,creationTime=1525355755667,enabler=null], e94e2cadf1da470ab7f9d61870d3d432=ZenRule[enabled=false,snoozing=false,name=Weekend,zenMode=ZEN_MODE_ALARMS,conditionId=condition://android/schedule?days=6.7&start=23.30&end=10.0&exitAtAlarm=false,condition=Condition[id=condition://android/schedule?days=6.7&start=23.30&end=10.0&exitAtAlarm=false,summary=...,line1=...,line2=...,icon=0,state=STATE_FALSE,flags=2],component=ComponentInfo{android/com.android.server.notification.ScheduleConditionProvider},id=e94e2cadf1da470ab7f9d61870d3d432,creationTime=1525355755667,enabler=null]},manualRule=null],Diff[automaticRule[18ac32a336b540dfbee760ad82ffaab9]:delete,automaticRule[3aee3e2cd6ff4ea6be7d7d1f6f51a9fc]:delete,automaticRule[5a1eb0401ade4cd3a8c35bcda57b2b9e]:insert,automaticRule[10cc78c7a1774efa8d17480e7a53d7a6]:insert,automaticRule[7ad73cf393ca4531beba18d28c959200]:delete,automaticRule[e94e2cadf1da470ab7f9d61870d3d432]:insert]
05-03 14:32:45.887 1697 1697 D ZenLog : set_zen_mode: off,init
05-03 14:32:45.889 1697 1697 I SystemServiceManager: Starting com.android.server.storage.DeviceStorageMonitorService
05-03 14:32:45.890 1697 1697 I SystemServer: StartLocationManagerService
05-03 14:32:45.891 1697 1697 I SystemServer: StartCountryDetectorService
05-03 14:32:45.891 1697 1697 I SystemServer: StartSearchManagerService
05-03 14:32:45.891 1697 1697 I SystemServiceManager: Starting com.android.server.search.SearchManagerService$Lifecycle
05-03 14:32:45.892 1697 1697 I SystemServiceManager: Starting com.android.server.DropBoxManagerService
05-03 14:32:45.892 1697 1697 I SystemServer: StartWallpaperManagerService
05-03 14:32:45.892 1697 1697 I SystemServiceManager: Starting com.android.server.wallpaper.WallpaperManagerService$Lifecycle
05-03 14:32:45.894 1697 1697 E WallpaperManagerService: Invalid wallpaper data
05-03 14:32:45.894 1697 1697 E WallpaperManagerService: Unable to apply new wallpaper
05-03 14:32:45.907 1697 1697 I SystemServer: StartAudioService
05-03 14:32:45.907 1697 1697 I SystemServiceManager: Starting com.android.server.audio.AudioService$Lifecycle
05-03 14:32:45.922 1697 1711 E KernelCpuSpeedReader: Failed to read cpu-freq: /sys/devices/system/cpu/cpu0/cpufreq/stats/time_in_state (No such file or directory)
05-03 14:32:45.930 1697 1697 I SystemServiceManager: Starting com.android.server.DockObserver
05-03 14:32:45.930 1697 1697 W DockObserver: This kernel does not have dock station support
05-03 14:32:45.931 1697 1697 I SystemServer: StartWiredAccessoryManager
05-03 14:32:45.931 1697 1697 W WiredAccessoryManager: This kernel does not have usb audio support
05-03 14:32:45.931 1697 1697 W WiredAccessoryManager: This kernel does not have HDMI audio support
05-03 14:32:45.931 1697 1697 I SystemServiceManager: Starting com.android.server.usb.UsbService$Lifecycle
05-03 14:32:45.975 1697 1697 I SystemServer: StartSerialService
05-03 14:32:45.976 1697 1697 I SystemServiceManager: Starting com.android.server.twilight.TwilightService
05-03 14:32:45.976 1697 1697 I SystemServiceManager: Starting com.android.server.job.JobSchedulerService
05-03 14:32:45.978 1697 1697 D JobStore: Start tag: job-info
05-03 14:32:45.978 1697 1697 W JobStore: Periodic job for uid='10041' persisted run-time is too big [30.26.50, 54.26.50]. Clamping to [24.00.41,48.00.41]
05-03 14:32:45.979 1697 1697 W JobStore: Periodic job for uid='10041' persisted run-time is too big [30.26.50, 54.26.50]. Clamping to [24.00.41,48.00.41]
05-03 14:32:45.979 1697 1697 W JobStore: Periodic job for uid='10041' persisted run-time is too big [6.26.50, 12.26.50]. Clamping to [6.00.41,12.00.41]
05-03 14:32:45.979 1697 1697 W JobStore: Periodic job for uid='10041' persisted run-time is too big [14.04.48, 21.42.47]. Clamping to [7.38.39,15.16.37]
05-03 14:32:45.979 1697 1697 W JobStore: Periodic job for uid='10041' persisted run-time is too big [8.19.59, 10.13.07]. Clamping to [1.53.49,3.46.58]
05-03 14:32:45.979 1697 1697 W JobStore: Periodic job for uid='10041' persisted run-time is too big [25.58.30, 45.30.09]. Clamping to [19.32.20,39.03.59]
05-03 14:32:45.980 1697 1697 W JobStore: Periodic job for uid='10041' persisted run-time is too big [25.58.30, 45.30.09]. Clamping to [19.32.20,39.03.59]
05-03 14:32:45.981 1697 1697 I SystemServiceManager: Starting com.android.server.soundtrigger.SoundTriggerService
05-03 14:32:45.982 1697 1697 I SystemServiceManager: Starting com.android.server.backup.BackupManagerService$Lifecycle
05-03 14:32:45.983 1697 1697 I SystemServiceManager: Starting com.android.server.appwidget.AppWidgetService
05-03 14:32:46.004 1697 1697 I SystemServiceManager: Starting com.android.server.voiceinteraction.VoiceInteractionManagerService
05-03 14:32:46.005 1697 1697 I SystemServer: Gesture Launcher Service
05-03 14:32:46.005 1697 1697 I SystemServiceManager: Starting com.android.server.GestureLauncherService
05-03 14:32:46.005 1697 1697 I SystemServiceManager: Starting com.android.server.SensorNotificationService
05-03 14:32:46.005 1697 1697 I SystemServiceManager: Starting com.android.server.ContextHubSystemService
05-03 14:32:46.005 1697 1697 I SystemServer: StartDiskStatsService
05-03 14:32:46.006 1697 1697 I SystemServer: StartSamplingProfilerService
05-03 14:32:46.061 1697 1697 I SystemServer: StartNetworkTimeUpdateService
05-03 14:32:46.061 1697 1697 I SystemServer: StartCommonTimeManagementService
05-03 14:32:46.062 1697 1697 I SystemServer: CertBlacklister
05-03 14:32:46.062 1697 1697 I SystemServiceManager: Starting com.android.server.emergency.EmergencyAffordanceService
05-03 14:32:46.062 1697 1697 I SystemServiceManager: Starting com.android.server.dreams.DreamManagerService
05-03 14:32:46.063 1697 1697 I SystemServer: StartAssetAtlasService
05-03 14:32:46.064 1697 1697 I SystemServiceManager: Starting com.android.server.print.PrintManagerService
05-03 14:32:46.065 1697 1697 I SystemServiceManager: Starting com.android.server.restrictions.RestrictionsManagerService
05-03 14:32:46.066 1697 1697 I SystemServiceManager: Starting com.android.server.media.MediaSessionService
05-03 14:32:46.067 1697 1697 I SystemServer: StartMediaRouterService
05-03 14:32:46.068 1697 1697 I SystemServiceManager: Starting com.android.server.trust.TrustManagerService
05-03 14:32:46.068 1697 1697 I SystemServer: StartBackgroundDexOptService
05-03 14:32:46.068 1697 1697 I SystemServiceManager: Starting com.android.server.pm.ShortcutService$Lifecycle
05-03 14:32:46.069 1697 1697 I SystemServiceManager: Starting com.android.server.pm.LauncherAppsService
05-03 14:32:46.070 1697 1697 I SystemServiceManager: Starting com.android.server.media.projection.MediaProjectionManagerService
05-03 14:32:46.320 1697 1697 I SystemServiceManager: Starting com.android.server.MmsServiceBroker
05-03 14:32:46.321 1697 1697 I CMSystemServer: Attempting to start service org.cyanogenmod.platform.internal.CMStatusBarManagerService
05-03 14:32:46.322 1697 1697 I CMSystemServer: Starting service org.cyanogenmod.platform.internal.CMStatusBarManagerService
05-03 14:32:46.322 1697 1697 I SystemServiceManager: Starting org.cyanogenmod.platform.internal.CMStatusBarManagerService
05-03 14:32:46.323 1697 1697 I CMSystemServer: Attempting to start service org.cyanogenmod.platform.internal.ProfileManagerService
05-03 14:32:46.324 1697 1697 I CMSystemServer: Starting service org.cyanogenmod.platform.internal.ProfileManagerService
05-03 14:32:46.324 1697 1697 I SystemServiceManager: Starting org.cyanogenmod.platform.internal.ProfileManagerService
05-03 14:32:46.345 1697 1697 I CMSystemServer: Attempting to start service org.cyanogenmod.platform.internal.CMTelephonyManagerService
05-03 14:32:46.345 1697 1697 I CMSystemServer: Starting service org.cyanogenmod.platform.internal.CMTelephonyManagerService
05-03 14:32:46.345 1697 1697 I SystemServiceManager: Starting org.cyanogenmod.platform.internal.CMTelephonyManagerService
05-03 14:32:46.346 1697 1697 I CMSystemServer: Attempting to start service org.cyanogenmod.platform.internal.CMHardwareService
05-03 14:32:46.347 1697 1697 I CMSystemServer: Starting service org.cyanogenmod.platform.internal.CMHardwareService
05-03 14:32:46.347 1697 1697 I SystemServiceManager: Starting org.cyanogenmod.platform.internal.CMHardwareService
05-03 14:32:46.347 1697 1697 I CMSystemServer: Attempting to start service org.cyanogenmod.platform.internal.PerformanceManagerService
05-03 14:32:46.348 1697 1697 I CMSystemServer: Starting service org.cyanogenmod.platform.internal.PerformanceManagerService
05-03 14:32:46.348 1697 1697 I SystemServiceManager: Starting org.cyanogenmod.platform.internal.PerformanceManagerService
05-03 14:32:46.349 1697 1697 I CMSystemServer: Attempting to start service org.cyanogenmod.platform.internal.WeatherManagerServiceBroker
05-03 14:32:46.349 1697 1697 I CMSystemServer: Starting service org.cyanogenmod.platform.internal.WeatherManagerServiceBroker
05-03 14:32:46.349 1697 1697 I SystemServiceManager: Starting org.cyanogenmod.platform.internal.WeatherManagerServiceBroker
05-03 14:32:46.350 1697 1697 I CMSystemServer: Attempting to start service org.cyanogenmod.platform.internal.display.LiveDisplayService
05-03 14:32:46.352 1697 1697 I CMSystemServer: Starting service org.cyanogenmod.platform.internal.display.LiveDisplayService
05-03 14:32:46.352 1697 1697 I SystemServiceManager: Starting org.cyanogenmod.platform.internal.display.LiveDisplayService
05-03 14:32:46.353 1697 1697 I CMSystemServer: Attempting to start service org.cyanogenmod.platform.internal.CMAudioServiceBroker
05-03 14:32:46.353 1697 1697 I CMSystemServer: Starting service org.cyanogenmod.platform.internal.CMAudioServiceBroker
05-03 14:32:46.353 1697 1697 I SystemServiceManager: Starting org.cyanogenmod.platform.internal.CMAudioServiceBroker
05-03 14:32:46.431 1697 1697 E LockSettingsStorage: Cannot read file java.io.FileNotFoundException: /data/system/gatekeeper.password.key: open failed: ENOENT (No such file or directory)
05-03 14:32:46.431 1697 1697 E LockSettingsStorage: Cannot read file java.io.FileNotFoundException: /data/system/password.key: open failed: ENOENT (No such file or directory)
05-03 14:32:46.431 1697 1697 E LockSettingsStorage: Cannot read file java.io.FileNotFoundException: /data/system/gatekeeper.pattern.key: open failed: ENOENT (No such file or directory)
05-03 14:32:46.431 1697 1697 E LockSettingsStorage: Cannot read file java.io.FileNotFoundException: /data/system/gatekeeper.gesture.key: open failed: ENOENT (No such file or directory)
05-03 14:32:46.431 1697 1697 E LockSettingsStorage: Cannot read file java.io.FileNotFoundException: /data/system/gesture.key: open failed: ENOENT (No such file or directory)
05-03 14:32:46.431 1697 1697 I SystemServiceManager: Starting phase 480
05-03 14:32:46.442 1697 1697 I DevicePolicyManagerService: Set ro.device_owner property to false
05-03 14:32:46.449 1697 1697 W ShortcutService: Clock rewound
05-03 14:32:46.449 1697 1697 I SystemServiceManager: Starting phase 500
05-03 14:32:46.462 1697 1697 I WifiService: WifiService starting up with Wi-Fi enabled
05-03 14:32:46.462 1697 1697 D WifiService: setWifiEnabled: true pid=1697, uid=1000
05-03 14:32:46.472 1697 1754 D ConnectivityService: Got NetworkFactory Messenger for Ethernet
05-03 14:32:46.547 1697 1697 D ZenLog : config: cleanUpZenRules,ZenModeConfig[user=0,allowCalls=true,allowRepeatCallers=false,allowMessages=false,allowCallsFrom=contacts,allowMessagesFrom=contacts,allowReminders=true,allowEvents=true,allowWhenScreenOff=true,allowWhenScreenOn=true,automaticRules={5a1eb0401ade4cd3a8c35bcda57b2b9e=ZenRule[enabled=false,snoozing=false,name=Weeknight,zenMode=ZEN_MODE_ALARMS,conditionId=condition://android/schedule?days=1.2.3.4.5&start=22.0&end=7.0&exitAtAlarm=false,condition=Condition[id=condition://android/schedule?days=1.2.3.4.5&start=22.0&end=7.0&exitAtAlarm=false,summary=...,line1=...,line2=...,icon=0,state=STATE_FALSE,flags=2],component=ComponentInfo{android/com.android.server.notification.ScheduleConditionProvider},id=5a1eb0401ade4cd3a8c35bcda57b2b9e,creationTime=1525355755667,enabler=null], 10cc78c7a1774efa8d17480e7a53d7a6=ZenRule[enabled=false,snoozing=false,name=Event,zenMode=ZEN_MODE_ALARMS,conditionId=condition://android/event?userId=-10000&calendar=&reply=1,condition=Condition[id=condition://android/event?userId=-10000&calendar=&reply=1,summary=...,line1=...,line2=...,icon=0,state=STATE_FALSE,flags=2],component=ComponentInfo{android/com.android.server.notification.EventConditionProvider},id=10cc78c7a1774efa8d17480e7a53d7a6,creationTime=1525355755667,enabler=null], e94e2cadf1da470ab7f9d61870d3d432=ZenRule[enabled=false,snoozing=false,name=Weekend,zenMode=ZEN_MODE_ALARMS,conditionId=condition://android/schedule?days=6.7&start=23.30&end=10.0&exitAtAlarm=false,condition=Condition[id=condition://android/schedule?days=6.7&start=23.30&end=10.0&exitAtAlarm=false,summary=...,line1=...,line2=...,icon=0,state=STATE_FALSE,flags=2],component=ComponentInfo{android/com.android.server.notification.ScheduleConditionProvider},id=e94e2cadf1da470ab7f9d61870d3d432,creationTime=1525355755667,enabler=null]},manualRule=null],Diff[]
05-03 14:32:46.547 1697 1697 D ZenLog : set_zen_mode: off,onSystemReady
05-03 14:32:46.548 1697 1697 W SoundTriggerHelper: listModules status=0, # of modules=0
05-03 14:32:46.638 1697 1720 W KeyguardServiceDelegate: onScreenTurningOn(): no keyguard service!
05-03 14:32:46.638 1697 1697 V UserManagerService: Found /data/user_de/0 with serial number 0
05-03 14:32:46.638 1697 1697 V UserManagerService: Found /data/user/0 with serial number 0
05-03 14:32:46.638 1697 1697 V UserManagerService: Found /data/system_de/0 with serial number 0
05-03 14:32:46.638 1697 1697 V UserManagerService: Found /data/system_ce/0 with serial number 0
05-03 14:32:46.642 1697 1697 I ActivityManager: System now ready
05-03 14:32:46.646 1697 1697 I SystemServer: Making services ready
05-03 14:32:46.646 1697 1697 I SystemServiceManager: Starting phase 550
05-03 14:32:46.647 1697 1697 D BluetoothManagerService: Bluetooth boot completed
05-03 14:32:46.649 1697 1697 E InputMethodManagerService: Ignoring updateSystemUiLocked due to an invalid token. uid:1000 token:null
05-03 14:32:46.659 1697 1697 I ActivityManager: Start proc 1777:com.android.inputmethod.latin/u0a74 for service com.android.inputmethod.latin/.LatinIME
05-03 14:32:46.659 1697 1697 V InputMethodManagerService: Adding window token: android.os.Binder@cdf6022
05-03 14:32:46.659 1697 1741 D MountService: Thinking about init, mSystemReady=true, mDaemonConnected=true
05-03 14:32:46.659 1697 1741 D MountService: Setting up emulation state, initlocked=false
05-03 14:32:46.659 1697 1741 D CryptdConnector: SND -> {2 cryptfs unlock_user_key 0 0 ! !}
05-03 14:32:46.661 1697 1697 E WallpaperManagerService: Invalid wallpaper data
05-03 14:32:46.661 1697 1697 E WallpaperManagerService: Unable to apply new wallpaper
05-03 14:32:46.662 1371 1377 D vold : e4crypt_unlock_user_key 0 serial=0 token_present=0
05-03 14:32:46.663 1697 1743 D CryptdConnector: RCV <- {200 2 Command succeeded}
05-03 14:32:46.663 1697 1741 D MountService: Thinking about reset, mSystemReady=true, mDaemonConnected=true
05-03 14:32:46.663 1697 1741 D VoldConnector: SND -> {3 volume reset}
05-03 14:32:46.663 1697 1742 D VoldConnector: RCV <- {651 emulated 7}
05-03 14:32:46.663 1697 1742 D VoldConnector: RCV <- {659 emulated}
05-03 14:32:46.663 1697 1742 D VoldConnector: RCV <- {650 emulated 2 "" ""}
05-03 14:32:46.664 1697 1742 D VoldConnector: RCV <- {654 emulated emulated}
05-03 14:32:46.664 1697 1742 D VoldConnector: RCV <- {651 emulated 0}
05-03 14:32:46.664 1697 1742 D VoldConnector: RCV <- {649 disk:11_0}
05-03 14:32:46.664 1697 1742 D VoldConnector: RCV <- {640 disk:11_0 64}
05-03 14:32:46.668 1697 1716 V MountService: Found primary storage at VolumeInfo{emulated}:
05-03 14:32:46.668 1697 1716 V MountService: type=EMULATED diskId=null partGuid=null mountFlags=0 mountUserId=-1
05-03 14:32:46.668 1697 1716 V MountService: state=UNMOUNTED
05-03 14:32:46.668 1697 1716 V MountService: fsType=null fsUuid=null fsLabel=null
05-03 14:32:46.668 1697 1716 V MountService: path=null internalPath=null
05-03 14:32:46.679 1697 1697 I ActivityManager: Start proc 1782:com.android.systemui/u0a33 for service com.android.systemui/.ImageWallpaper
05-03 14:32:46.679 1697 1711 I ActivityManager: Force stopping com.android.providers.media appid=10011 user=-1: vold reset
05-03 14:32:46.686 1697 1697 D UsbAlsaManager: Adding ALSA device AlsaDevice: [card: 0, device: 8, type: 1]
05-03 14:32:46.686 1697 1697 D UsbAlsaManager: Adding ALSA device AlsaDevice: [card: 0, device: 7, type: 1]
05-03 14:32:46.686 1697 1697 D UsbAlsaManager: Adding ALSA device AlsaDevice: [card: 0, device: 3, type: 1]
05-03 14:32:46.686 1697 1697 D UsbAlsaManager: Adding ALSA device AlsaDevice: [card: 1, device: 0, type: 2]
05-03 14:32:46.686 1697 1697 D UsbAlsaManager: Adding ALSA device AlsaDevice: [card: 1, device: 0, type: 1]
05-03 14:32:46.687 1697 1697 I SystemServer: WebViewFactory preparation
05-03 14:32:46.688 1697 1761 D BluetoothManagerService: Trying to bind to profile: 1, while Bluetooth was disabled
05-03 14:32:46.698 1697 1788 D UsbHostManager: Added device UsbDevice[mName=/dev/bus/usb/001/004,mVendorId=5075,mProductId=13347,mClass=224,mSubclass=1,mProtocol=1,mManufacturerName=null,mProductName=null,mVersion=1.16,mSerialNumber=null,mConfigurations=[
05-03 14:32:46.698 1697 1788 D UsbHostManager: UsbConfiguration[mId=1,mName=null,mAttributes=224,mMaxPower=50,mInterfaces=[
05-03 14:32:46.698 1697 1788 D UsbHostManager: UsbInterface[mId=0,mAlternateSetting=0,mName=null,mClass=224,mSubclass=1,mProtocol=1,mEndpoints=[
05-03 14:32:46.698 1697 1788 D UsbHostManager: UsbEndpoint[mAddress=129,mAttributes=3,mMaxPacketSize=16,mInterval=1]
05-03 14:32:46.698 1697 1788 D UsbHostManager: UsbEndpoint[mAddress=130,mAttributes=2,mMaxPacketSize=64,mInterval=1]
05-03 14:32:46.698 1697 1788 D UsbHostManager: UsbEndpoint[mAddress=2,mAttributes=2,mMaxPacketSize=64,mInterval=1]]
05-03 14:32:46.698 1697 1788 D UsbHostManager: UsbInterface[mId=1,mAlternateSetting=0,mName=null,mClass=224,mSubclass=1,mProtocol=1,mEndpoints=[
05-03 14:32:46.698 1697 1788 D UsbHostManager: UsbEndpoint[mAddress=131,mAttributes=1,mMaxPacketSize=0,mInterval=1]
05-03 14:32:46.698 1697 1788 D UsbHostManager: UsbEndpoint[mAddress=3,mAttributes=1,mMaxPacketSize=0,mInterval=1]]
05-03 14:32:46.698 1697 1788 D UsbHostManager: UsbInterface[mId=1,mAlternateSetting=1,mName=null,mClass=224,mSubclass=1,mProtocol=1,mEndpoints=[
05-03 14:32:46.698 1697 1788 D UsbHostManager: UsbEndpoint[mAddress=131,mAttributes=1,mMaxPacketSize=9,mInterval=1]
05-03 14:32:46.698 1697 1788 D UsbHostManager: UsbEndpoint[mAddress=3,mAttributes=1,mMaxPacketSize=9,mInterval=1]]
05-03 14:32:46.698 1697 1788 D UsbHostManager: UsbInterface[mId=1,mAlternateSetting=2,mName=null,mClass=224,mSubclass=1,mProtocol=1,mEndpoints=[
05-03 14:32:46.698 1697 1788 D UsbHostManager: UsbEndpoint[mAddress=131,mAttributes=1,mMaxPacketSize=17,mInterval=1]
05-03 14:32:46.698 1697 1788 D UsbHostManager: UsbEndpoint[mAddress=3,mAttributes=1,mMaxPacketSize=17,mInterval=1]]
05-03 14:32:46.698 1697 1788 D UsbHostManager: UsbInterface[mId=1,mAlternateSetting=3,mName=null,mClass=224,mSubclass=1,mProtocol=1,mEndpoints=[
05-03 14:32:46.698 1697 1788 D UsbHostManager: UsbEndpoint[mAddress=131,mAttributes=1,mMaxPacketSize=25,mInterval=1]
05-03 14:32:46.698 1697 1788 D UsbHostManager: UsbEndpoint[mAddress=3,mAttributes=1,mMaxPacketSize=25,mInterval=1]]
05-03 14:32:46.698 1697 1788 D UsbHostManager: UsbInterface[mId=1,mAlternateSetting=4,mName=null,mClass=224,mSubclass=1,mProtocol=1,mEndpoints=[
05-03 14:32:46.698 1697 1788 D UsbHostManager: UsbEndpoint[mAddress=131,mAttributes=1,mMaxPacketSize=33,mInterval=1]
05-03 14:32:46.698 1697 1788 D UsbHostManager: UsbEndpoint[mAddress=3,mAttributes=1,mMaxPacketSize=33,mInterval=1]]
05-03 14:32:46.698 1697 1788 D UsbHostManager: UsbInterface[mId=1,mAlternateSetting=5,mName=null,mClass=224,mSubclass=1,mProtocol=1,mEndpoints=[
05-03 14:32:46.698 1697 1788 D UsbHostManager: UsbEndpoint[mAddress=131,mAttributes=1,mMaxPacketSize=49,mInterval=1]
05-03 14:32:46.698 1697 1788 D UsbHostManager: UsbEndpoint[mAddress=3,mAttributes=1,mMaxPacketSize=49,mInterval=1]]]]
05-03 14:32:46.711 1371 1376 D vold : Found a CDROM: /sys//devices/pci0000:00/0000:00:1f.2/ata2/host1/target1:0:0/1:0:0:0/block/sr0
05-03 14:32:46.711 1371 1376 W vold : sgdisk failed to scan /dev/block/vold/disk:11_0
05-03 14:32:46.711 1371 1376 V vold : /system/bin/blkid
05-03 14:32:46.711 1371 1376 V vold : -c
05-03 14:32:46.711 1371 1376 V vold : /dev/null
05-03 14:32:46.711 1371 1376 V vold : -s
05-03 14:32:46.711 1371 1376 V vold : TYPE
05-03 14:32:46.711 1371 1376 V vold : -s
05-03 14:32:46.711 1371 1376 V vold : UUID
05-03 14:32:46.711 1371 1376 V vold : -s
05-03 14:32:46.711 1371 1376 V vold : LABEL
05-03 14:32:46.711 1371 1376 V vold : /dev/block/vold/disk:11_0
05-03 14:32:46.711 1697 1742 D VoldConnector: RCV <- {641 disk:11_0 18446744073709551615}
05-03 14:32:46.711 1697 1742 D VoldConnector: RCV <- {642 disk:11_0 HL-DT-ST
05-03 14:32:46.711 1697 1742 D VoldConnector: }
05-03 14:32:46.711 1697 1742 D VoldConnector: RCV <- {644 disk:11_0 /sys//devices/pci0000:00/0000:00:1f.2/ata2/host1/target1:0:0/1:0:0:0/block/sr0}
05-03 14:32:46.711 1697 1716 E VoldConnector: Error handling '641 disk:11_0 18446744073709551615': java.lang.NumberFormatException: For input string: "18446744073709551615"
05-03 14:32:46.744 1697 1788 W ContextImpl: Calling a method in the system process without a qualified user: android.app.ContextImpl.sendBroadcast:877 com.android.server.usb.UsbSettingsManager.deviceAttached:739 com.android.server.usb.UsbHostManager.endUsbDeviceAdded:225 com.android.server.usb.UsbHostManager.monitorUsbHostBus:-2 com.android.server.usb.UsbHostManager.-wrap0:-1
05-03 14:32:46.758 1371 1376 E vold : Failed to pclose /system/bin/blkid -c /dev/null -s TYPE -s UUID -s LABEL /dev/block/vold/disk:11_0 : No medium found
05-03 14:32:46.758 1371 1376 W vold : blkid failed to identify /dev/block/vold/disk:11_0
05-03 14:32:46.758 1697 1742 D VoldConnector: RCV <- {643 disk:11_0}
05-03 14:32:46.758 1697 1742 D VoldConnector: RCV <- {200 3 Command succeeded}
05-03 14:32:46.759 1697 1741 D VoldConnector: SND -> {4 volume user_added 0 0}
05-03 14:32:46.759 1697 1742 D VoldConnector: RCV <- {200 4 Command succeeded}
05-03 14:32:46.759 1697 1741 D VoldConnector: SND -> {5 volume mount emulated 3 -1}
05-03 14:32:46.760 1371 1376 V vold : Waiting for FUSE to spin up...
05-03 14:32:46.760 1697 1742 D VoldConnector: RCV <- {651 emulated 1}
05-03 14:32:46.760 1697 1742 D VoldConnector: RCV <- {656 emulated /data/media}
05-03 14:32:46.760 1697 1742 D VoldConnector: RCV <- {655 emulated /storage/emulated}
05-03 14:32:46.761 1697 1788 D UsbHostManager: Added device UsbDevice[mName=/dev/bus/usb/001/002,mVendorId=1266,mProductId=46211,mClass=239,mSubclass=2,mProtocol=1,mManufacturerName=null,mProductName=USB2.0 VGA UVC WebCam,mVersion=2.0,mSerialNumber=null,mConfigurations=[
05-03 14:32:46.761 1697 1788 D UsbHostManager: UsbConfiguration[mId=1,mName=null,mAttributes=128,mMaxPower=100,mInterfaces=[
05-03 14:32:46.761 1697 1788 D UsbHostManager: UsbInterface[mId=0,mAlternateSetting=0,mName=USB2.0 VGA UVC WebCam,mClass=14,mSubclass=1,mProtocol=0,mEndpoints=[
05-03 14:32:46.761 1697 1788 D UsbHostManager: UsbEndpoint[mAddress=131,mAttributes=3,mMaxPacketSize=23,mInterval=6]]
05-03 14:32:46.761 1697 1788 D UsbHostManager: UsbInterface[mId=1,mAlternateSetting=0,mName=null,mClass=14,mSubclass=2,mProtocol=0,mEndpoints=[]
05-03 14:32:46.761 1697 1788 D UsbHostManager: UsbInterface[mId=1,mAlternateSetting=1,mName=null,mClass=14,mSubclass=2,mProtocol=0,mEndpoints=[
05-03 14:32:46.761 1697 1788 D UsbHostManager: UsbEndpoint[mAddress=129,mAttributes=5,mMaxPacketSize=5120,mInterval=1]]
05-03 14:32:46.761 1697 1788 D UsbHostManager: UsbInterface[mId=1,mAlternateSetting=2,mName=null,mClass=14,mSubclass=2,mProtocol=0,mEndpoints=[
05-03 14:32:46.761 1697 1788 D UsbHostManager: UsbEndpoint[mAddress=129,mAttributes=5,mMaxPacketSize=1024,mInterval=1]]
05-03 14:32:46.761 1697 1788 D UsbHostManager: UsbInterface[mId=1,mAlternateSetting=3,mName=null,mClass=14,mSubclass=2,mProtocol=0,mEndpoints=[
05-03 14:32:46.761 1697 1788 D UsbHostManager: UsbEndpoint[mAddress=129,mAttributes=5,mMaxPacketSize=3072,mInterval=1]]
05-03 14:32:46.761 1697 1788 D UsbHostManager: UsbInterface[mId=1,mAlternateSetting=4,mName=null,mClass=14,mSubclass=2,mProtocol=0,mEndpoints=[
05-03 14:32:46.761 1697 1788 D UsbHostManager: UsbEndpoint[mAddress=129,mAttributes=5,mMaxPacketSize=0,mInterval=1]]]]
05-03 14:32:46.761 1697 1788 W ContextImpl: Calling a method in the system process without a qualified user: android.app.ContextImpl.sendBroadcast:877 com.android.server.usb.UsbSettingsManager.deviceAttached:739 com.android.server.usb.UsbHostManager.endUsbDeviceAdded:225 com.android.server.usb.UsbHostManager.monitorUsbHostBus:-2 com.android.server.usb.UsbHostManager.-wrap0:-1
05-03 14:32:46.810 1371 1376 V vold : Waiting for FUSE to spin up...
05-03 14:32:46.822 1697 1697 I ActivityManager: Start proc 1796:WebViewLoader-x86/1037 [android.webkit.WebViewFactory$RelroFileCreator] for
05-03 14:32:46.832 1697 1697 I ActivityManager: Start proc 1801:WebViewLoader-x86_64/1037 [android.webkit.WebViewFactory$RelroFileCreator] for
05-03 14:32:46.832 1697 1697 I NetworkManagement: not enabling bandwidth control
05-03 14:32:46.851 1697 1697 W NetworkStats: bandwidth controls disabled, unable to track stats
05-03 14:32:46.851 1697 1697 W NetworkPolicy: bandwidth controls disabled, unable to enforce policy
05-03 14:32:46.855 1697 1697 I SystemServiceManager: Starting phase 600
05-03 14:32:46.860 1371 1376 V vold : Waiting for FUSE to spin up...
05-03 14:32:46.861 1697 1697 D GestureLauncherService: Gesture launcher mEmergencyNumber = 112 hits = 3
05-03 14:32:46.861 1697 1697 D SensorNotificationService: Cannot obtain dynamic meta sensor, not supported.
05-03 14:32:46.867 1697 1697 D BrokerableCMSystemService: Third party apps ready
05-03 14:32:46.867 1697 1697 I BrokerableCMSystemService: Connecting to implementation
05-03 14:32:46.867 1697 1697 W ContextImpl: Calling a method in the system process without a qualified user: android.app.ContextImpl.bindService:1421 org.cyanogenmod.platform.internal.BrokerableCMSystemService.tryConnecting:199 org.cyanogenmod.platform.internal.BrokerableCMSystemService.onBootPhase:127 org.cyanogenmod.platform.internal.CMAudioServiceBroker.onBootPhase:58 com.android.server.SystemServiceManager.startBootPhase:143
05-03 14:32:46.870 1697 1697 I ActivityManager: Start proc 1813:org.cyanogenmod.cmaudio.service/u0a1 for service org.cyanogenmod.cmaudio.service/.CMAudioService
05-03 14:32:46.910 1697 1742 D VoldConnector: RCV <- {651 emulated 2}
05-03 14:32:46.910 1697 1742 D VoldConnector: RCV <- {200 5 Command succeeded}
05-03 14:32:46.942 1697 1697 W LocationProviderProxy-network: Odd, no component found for service com.android.location.service.v3.NetworkLocationProvider
05-03 14:32:46.943 1697 1697 W GeocoderProxy: Odd, no component found for service com.android.location.service.GeocodeProvider
05-03 14:32:46.943 1697 1697 D LocationManagerService: FLP HAL not supported
05-03 14:32:46.944 1697 1697 W GeofenceProxy: Odd, no component found for service com.android.location.service.GeofenceProvider
05-03 14:32:46.944 1697 1697 D LocationManagerService: Hardware Activity-Recognition not supported.
05-03 14:32:46.945 1697 1697 W ActivityRecognitionProxy: Odd, no component found for service com.android.location.service.ActivityRecognitionProvider
05-03 14:32:46.962 1697 1697 I MmsServiceBroker: Delay connecting to MmsService until an API is called
05-03 14:32:47.099 1697 1697 I ActivityManager: Start proc 1855:com.android.phone/1001 for added application com.android.phone
05-03 14:32:47.099 1697 1697 I ActivityManager: START u0 {act=android.intent.action.MAIN cat=[android.intent.category.HOME] flg=0x10000100 cmp=com.android.settings/.FallbackHome} from uid 0 on display 0
05-03 14:32:47.472 1697 1697 I ActivityManager: Loaded persisted task ids for user 0
05-03 14:32:47.484 1697 1697 I ActivityManager: Start proc 1885:com.android.settings/1000 for activity com.android.settings/.FallbackHome
05-03 14:32:47.486 1697 1697 D ConditionProviders.SCP: onConnected
05-03 14:32:47.486 1697 1697 D ZenLog : set_zen_mode: off,readXml
