05-03 21:37:11.033 3352 3352 W ViewRootImpl[Settings]: Cancelling event due to no window focus: MotionEvent { action=ACTION_CANCEL, actionButton=0, id[0]=0, x[0]=317.41565, y[0]=357.56042, toolType[0]=TOOL_TYPE_FINGER, buttonState=0, metaState=0, flags=0x0, edgeFlags=0x0, pointerCount=1, historySize=0, eventTime=306276, downTime=305383, deviceId=2, source=0x2002 }
05-03 21:37:11.033 3352 3352 W ViewRootImpl[Settings]: Cancelling event due to no window focus: MotionEvent { action=ACTION_CANCEL, actionButton=0, id[0]=0, x[0]=317.41565, y[0]=357.56042, toolType[0]=TOOL_TYPE_FINGER, buttonState=0, metaState=0, flags=0x0, edgeFlags=0x0, pointerCount=1, historySize=0, eventTime=306276, downTime=305383, deviceId=2, source=0x2002 }
05-03 21:37:11.033 3352 3352 W ViewRootImpl[Settings]: Cancelling event due to no window focus: MotionEvent { action=ACTION_CANCEL, actionButton=0, id[0]=0, x[0]=317.41565, y[0]=357.56042, toolType[0]=TOOL_TYPE_FINGER, buttonState=0, metaState=0, flags=0x0, edgeFlags=0x0, pointerCount=1, historySize=0, eventTime=306276, downTime=305383, deviceId=2, source=0x2002 }
05-03 21:37:11.033 3352 3352 W ViewRootImpl[Settings]: Cancelling event due to no window focus: MotionEvent { action=ACTION_CANCEL, actionButton=0, id[0]=0, x[0]=317.41565, y[0]=357.56042, toolType[0]=TOOL_TYPE_FINGER, buttonState=0, metaState=0, flags=0x0, edgeFlags=0x0, pointerCount=1, historySize=0, eventTime=306276, downTime=305383, deviceId=2, source=0x2002 }
05-03 21:37:12.461 1697 3836 I ActivityManager: START u0 {act=android.settings.ADD_ACCOUNT_SETTINGS cmp=com.android.settings/.accounts.AddAccountSettings (has extras)} from uid 1000 on display 0
05-03 21:37:12.478 1697 3836 I ActivityManager: START u0 {cmp=com.android.settings/.Settings$ChooseAccountActivity (has extras)} from uid 1000 on display 0
05-03 21:37:12.550 3352 3981 D Index : Indexing locale 'in_ID' took 6 millis
05-03 21:37:12.593 3352 3667 D OpenGLRenderer: endAllActiveAnimators on 0x7f3546863c00 (RippleDrawable) with handle 0x7f352b167c80
05-03 21:37:12.698 3352 3981 D Index : Indexing locale 'in_ID' took 1 millis
05-03 21:37:12.812 3352 3981 W TileUtils: Found com.android.systemui.tuner.TunerActivity for intent Intent { act=com.android.settings.action.EXTRA_SETTINGS } missing metadata
05-03 21:37:12.986 1410 1667 E Drm : Failed to find drm plugin
05-03 21:37:13.042 3352 3352 W ViewRootImpl[Settings$AccountSettingsActivity]: Cancelling event due to no window focus: MotionEvent { action=ACTION_CANCEL, actionButton=0, id[0]=0, x[0]=241.53944, y[0]=129.40257, toolType[0]=TOOL_TYPE_FINGER, buttonState=0, metaState=0, flags=0x0, edgeFlags=0x0, pointerCount=1, historySize=0, eventTime=308284, downTime=307402, deviceId=2, source=0x2002 }
05-03 21:37:13.042 3352 3352 W ViewRootImpl[Settings$AccountSettingsActivity]: Cancelling event due to no window focus: MotionEvent { action=ACTION_CANCEL, actionButton=0, id[0]=0, x[0]=241.53944, y[0]=129.40257, toolType[0]=TOOL_TYPE_FINGER, buttonState=0, metaState=0, flags=0x0, edgeFlags=0x0, pointerCount=1, historySize=0, eventTime=308284, downTime=307402, deviceId=2, source=0x2002 }
05-03 21:37:13.042 3352 3352 W ViewRootImpl[Settings$AccountSettingsActivity]: Cancelling event due to no window focus: MotionEvent { action=ACTION_CANCEL, actionButton=0, id[0]=0, x[0]=241.53944, y[0]=129.40257, toolType[0]=TOOL_TYPE_FINGER, buttonState=0, metaState=0, flags=0x0, edgeFlags=0x0, pointerCount=1, historySize=0, eventTime=308284, downTime=307402, deviceId=2, source=0x2002 }
05-03 21:37:13.042 3352 3352 W ViewRootImpl[Settings$AccountSettingsActivity]: Cancelling event due to no window focus: MotionEvent { action=ACTION_CANCEL, actionButton=0, id[0]=0, x[0]=241.53944, y[0]=129.40257, toolType[0]=TOOL_TYPE_FINGER, buttonState=0, metaState=0, flags=0x0, edgeFlags=0x0, pointerCount=1, historySize=0, eventTime=308284, downTime=307402, deviceId=2, source=0x2002 }
05-03 21:37:13.795 2708 3720 I chatty : uid=10015 com.google.android.gms.unstable expire 13 lines
05-03 21:37:14.049 3352 3980 D Index : Indexing locale 'in_ID' took 3 millis
05-03 21:37:14.293 3352 3667 D OpenGLRenderer: endAllActiveAnimators on 0x7f352b0e7400 (RippleDrawable) with handle 0x7f352b4557e0
05-03 21:37:14.294 1697 3625 I ActivityManager: START u0 {act=com.google.android.gms.ui.UNPACKING_REDIRECT dat=intent://com.google.android.gms.auth.uiflows.common/94ddc01f-2066-43f8-b0e9-99e872892a94 flg=0x10000000 pkg=com.google.android.gms cmp=com.google.android.gms/.auth.uiflows.common.UnpackingRedirectActivity (has extras)} from uid 1000 on display 0
05-03 21:37:14.297 1697 3625 W ActivityManager: Activity is launching as a new task, so cancelling activity result.
05-03 21:37:14.330 1697 2798 I ActivityManager: START u0 {cat=[categoryhack:58c3411f-3dbc-4765-a79f-5881292b00f5] flg=0x2000000 cmp=com.google.android.gms/.auth.uiflows.addaccount.AccountIntroActivity (has extras)} from uid 10015 on display 0
05-03 21:37:14.353 3426 3426 I chatty : uid=10015 com.google.android.gms.ui expire 190 lines
05-03 21:37:14.354 1697 2798 I ActivityManager: START u0 {flg=0x2000000 cmp=com.google.android.gms/.auth.uiflows.addaccount.WrapperControlledActivity (has extras)} from uid 10015 on display 0
05-03 21:37:14.429 1697 3169 I ActivityManager: START u0 {act=com.google.android.gms.auth.addaccount.PRE_ADD_ACCOUNT cmp=com.google.android.gms/.auth.uiflows.addaccount.PreAddAccountActivity (has extras)} from uid 10015 on display 0
05-03 21:37:14.465 3426 3991 I chatty : uid=10015 com.google.android.gms.ui expire 11 lines
05-03 21:37:14.603 1782 1782 D PhoneStatusBar: disable: < expand icons alerts system_info BACK* home recent clock search quick_settings
> 05-03 21:37:14.624 1398 1398 W SurfaceFlinger: couldn't log to binary event log: overflow.
05-03 21:37:14.625 2165 3816 I chatty : uid=10015(com.google.android.gms) Binder:2165_10 expire 10 lines
05-03 21:37:14.635 1697 2798 I ActivityManager: START u0 {flg=0x2000000 cmp=com.google.android.gms/.auth.uiflows.minutemaid.MinuteMaidActivity (has extras)} from uid 10015 on display 0
05-03 21:37:14.801 3426 3438 I chatty : uid=10015 com.google.android.gms.ui expire 2 lines
05-03 21:37:16.405 3426 4016 I chatty : uid=10015 com.google.android.gms.ui expire 1 line
05-03 21:37:16.405 3426 4015 I chatty : uid=10015 com.google.android.gms.ui expire 5 lines
05-03 21:37:16.474 1782 1782 D PhoneStatusBar: disable: < expand icons alerts system_info back* home recent clock search quick_settings
> 05-03 21:37:16.552 1410 1667 E Drm : Failed to find drm plugin
05-03 21:37:16.590 1398 1398 W SurfaceFlinger: couldn't log to binary event log: overflow.
05-03 21:37:16.592 1855 2086 E PhoneInterfaceManager: [PhoneIntfMgr] getIccId: No UICC
05-03 21:37:16.704 3426 4021 I chatty : uid=10015 com.google.android.gms.ui expire 17 lines
05-03 21:37:17.107 1398 1398 W SurfaceFlinger: couldn't log to binary event log: overflow.
05-03 21:37:21.276 1855 2086 E PhoneInterfaceManager: [PhoneIntfMgr] getIccId: No UICC
05-03 21:37:24.548 1777 1777 I LatinIME: Starting input. Cursor position = 0,0
05-03 21:37:29.352 1410 1667 E Drm : Failed to find drm plugin
05-03 21:37:29.355 1855 2086 E PhoneInterfaceManager: [PhoneIntfMgr] getIccId: No UICC
05-03 21:37:30.975 1777 1777 I LatinIME: Starting input. Cursor position = 0,0
05-03 21:37:33.352 2708 3720 I chatty : uid=10015 com.google.android.gms.unstable expire 31 lines
05-03 21:37:33.402 1410 4043 E Drm : Failed to find drm plugin
05-03 21:37:33.404 1855 2086 E PhoneInterfaceManager: [PhoneIntfMgr] getIccId: No UICC
05-03 21:37:36.901 1855 2086 E PhoneInterfaceManager: [PhoneIntfMgr] getIccId: No UICC
05-03 21:37:37.246 1855 2086 E PhoneInterfaceManager: [PhoneIntfMgr] getIccId: No UICC
05-03 21:37:37.269 1697 3169 I ActivityManager: START u0 {flg=0x2000000 cmp=com.google.android.gms/.auth.uiflows.addaccount.AddAccountActivity (has extras)} from uid 10015 on display 0
05-03 21:37:37.298 1782 1782 D PhoneStatusBar: disable: < expand icons alerts system_info BACK* home recent clock search quick_settings
> 05-03 21:37:37.334 3426 3994 I chatty : uid=10015 com.google.android.gms.ui expire 1 line
05-03 21:37:37.438 1410 4043 E Drm : Failed to find drm plugin
05-03 21:37:38.057 1398 1398 W SurfaceFlinger: couldn't log to binary event log: overflow.
05-03 21:37:38.315 1410 4043 E Drm : Failed to find drm plugin
05-03 21:37:39.303 2534 2534 I chatty : uid=10015(com.google.android.gms) expire 10 lines
05-03 21:37:39.308 4050 4050 I main : type=1400 audit(0.0:265): avc: denied { mounton } for path="/storage" dev="tmpfs" ino=6076 scontext=u:r:zygote:s0 tcontext=u:object_r:tmpfs:s0 tclass=dir permissive=1
05-03 21:37:39.308 4050 4050 I main : type=1400 audit(0.0:266): avc: denied { open } for path="/selinux_version" dev="tmpfs" ino=6073 scontext=u:r:zygote:s0 tcontext=u:object_r:tmpfs:s0 tclass=file permissive=1
05-03 21:37:39.312 4050 4050 W art : Unexpected CPU variant for X86 using defaults: x86_64
05-03 21:37:39.312 1697 1711 I ActivityManager: Start proc 4050:com.android.exchange/u0a54 for broadcast com.android.exchange/.ExchangeBroadcastReceiver
05-03 21:37:39.333 4050 4050 W System : ClassLoader referenced unknown path: /system/app/Exchange2/lib/x86_64
05-03 21:37:39.765 4050 4050 E ActivityThread: Failed to find provider info for com.android.email.provider
05-03 21:37:39.766 4050 4050 I Exchange: Accounts changed - requesting FolderSync for unsynced accounts
05-03 21:37:40.070 2963 2963 I chatty : uid=10040(com.android.vending) expire 10 lines
05-03 21:37:40.460 1697 3288 I chatty : uid=1000(system) Binder:1697_F expire 12 lines
05-03 21:37:40.564 1697 1710 E SyncManager: Couldn't find backoff values for anoninjamous@gmail.com/com.google.android.gms.reminders:u0
05-03 21:37:40.914 2963 3021 I chatty : uid=10040(com.android.vending) expire 2 lines
05-03 21:37:40.921 1697 1710 E SyncManager: Couldn't find backoff values for anoninjamous@gmail.com/com.google.android.gms.people:u0
05-03 21:37:41.021 1697 1710 E SyncManager: Couldn't find backoff values for anoninjamous@gmail.com/com.google.android.gms.auth.accountstate:u0
05-03 21:37:41.072 2421 2421 I CalendarProvider2: Sending notification intent: Intent { act=android.intent.action.PROVIDER_CHANGED dat=content://com.android.calendar flg=0x20000000 }
05-03 21:37:41.072 2421 2421 W ContentResolver: Failed to get type for: content://com.android.calendar (Unknown URL content://com.android.calendar)
05-03 21:37:41.131 1697 1710 E SyncManager: Couldn't find backoff values for anoninjamous@gmail.com/com.android.calendar:u0
05-03 21:37:41.222 1697 1710 E SyncManager: Couldn't find backoff values for anoninjamous@gmail.com/com.google.android.location.reporting:u0
05-03 21:37:41.313 1697 1710 E SyncManager: Couldn't find backoff values for anoninjamous@gmail.com/com.google.android.gms.drive.sync:u0
05-03 21:37:41.403 1697 1710 E SyncManager: Couldn't find backoff values for anoninjamous@gmail.com/com.google.android.gms.fitness:u0
05-03 21:37:41.525 1697 1710 E SyncManager: Couldn't find backoff values for anoninjamous@gmail.com/gmail-ls:u0
05-03 21:37:41.584 1697 1710 E SyncManager: Couldn't find backoff values for anoninjamous@gmail.com/com.google.android.gms.auth.confirm:u0
05-03 21:37:41.640 1697 1710 E SyncManager: Couldn't find backoff values for anoninjamous@gmail.com/com.google.android.gms.appstate:u0
05-03 21:37:41.689 1697 1710 E SyncManager: Couldn't find backoff values for anoninjamous@gmail.com/com.android.contacts.metadata:u0
05-03 21:37:41.754 1697 1710 E SyncManager: Couldn't find backoff values for anoninjamous@gmail.com/com.android.contacts:u0
05-03 21:37:41.823 1697 1710 E SyncManager: Couldn't find backoff values for anoninjamous@gmail.com/com.google.android.gms.photos.iu.EsGoogleIuProvider:u0
05-03 21:37:41.892 1697 1710 E SyncManager: Couldn't find backoff values for anoninjamous@gmail.com/com.google.android.gms.games.background:u0
05-03 21:37:41.948 1410 4043 E Drm : Failed to find drm plugin
05-03 21:37:41.964 1697 1710 E SyncManager: Couldn't find backoff values for anoninjamous@gmail.com/com.google.android.gms.games:u0
05-03 21:37:42.062 1697 1710 I chatty : uid=1000(system) android.bg expire 24 lines
05-03 21:37:42.118 1697 1710 I ActivityManager: Start proc 4074:com.google.android.syncadapters.calendar/u0a70 for service com.google.android.syncadapters.calendar/.CalendarSyncAdapterService
05-03 21:37:42.121 4074 4074 W art : Unexpected CPU variant for X86 using defaults: x86_64
05-03 21:37:42.132 4074 4074 W System : ClassLoader referenced unknown path: /system/app/GoogleCalendarSyncAdapter/lib/x86_64
05-03 21:37:42.344 2165 4091 I chatty : uid=10015 com.google.android.gms.persistent expire 2 lines
05-03 21:37:42.368 1697 4098 I ActivityManager: Start proc 4105:com.google.android.play.games.ui/u0a15 for content provider com.google.android.gms/.games.provider.NotificationStubContentProvider
05-03 21:37:42.370 4105 4105 I chatty : uid=10015(com.google.android.gms) com.google.android.play.games.ui expire 10 lines
05-03 21:37:42.375 1697 3807 I ActivityManager: Start proc 4111:android.process.acore/u0a0 for content provider com.android.providers.contacts/.ContactMetadataProvider
05-03 21:37:42.380 4111 4111 W art : Unexpected CPU variant for X86 using defaults: x86_64
05-03 21:37:42.409 4111 4111 W System : ClassLoader referenced unknown path: /system/priv-app/ContactsProvider/lib/x86_64
05-03 21:37:42.466 1697 2980 I chatty : uid=1000(system) Binder:1697_B expire 10 lines
05-03 21:37:42.467 1697 2118 W ActivityManager: Unable to start service Intent { act=com.google.android.gms.playlog.service.START pkg=com.google.android.gms } U=0: not found
05-03 21:37:42.468 1697 2118 W ActivityManager: Unbind failed: could not find connection for android.os.BinderProxy@ad33acc
05-03 21:37:42.468 4074 4074 E GmsClient: unable to connect to service: com.google.android.gms.playlog.service.START
05-03 21:37:42.469 4074 4074 W AnalyticsLogBase: PlayLogger.onLoggerFailedConnection
05-03 21:37:42.470 4111 4111 I ContactsPerf: VoicemailContentProvider.onCreate start
05-03 21:37:42.470 4111 4111 I ContactsPerf: VoicemailContentProvider.onCreate finish
05-03 21:37:42.471 4111 4111 W System : ClassLoader referenced unknown path: /system/priv-app/BlockedNumberProvider/lib/x86_64
05-03 21:37:42.471 4111 4111 D ApplicationLoaders: ignored Vulkan layer search path /system/priv-app/BlockedNumberProvider/lib/x86_64:/system/lib64:/vendor/lib64 for namespace 0x7f35530ad0f0
05-03 21:37:42.473 4111 4111 W System : ClassLoader referenced unknown path: /system/app/UserDictionaryProvider/lib/x86_64
05-03 21:37:42.474 4111 4111 D ApplicationLoaders: ignored Vulkan layer search path /system/app/UserDictionaryProvider/lib/x86_64:/system/lib64:/vendor/lib64 for namespace 0x7f35530ad160
05-03 21:37:42.659 4111 4136 I ContactLocale: AddressBook Labels [[in_ID]]: […, A, B, C, D, E, F, G, H, I, J, K, L, M, N, O, P, Q, R, S, T, U, V, W, X, Y, Z, Α, Β, Γ, Δ, Ε, Ζ, Η, Θ, Ι, Κ, Λ, Μ, Ν, Ξ, Ο, Π, Ρ, Σ, Τ, Υ, Φ, Χ, Ψ, Ω, …, А, Б, В, Г, Д, Ђ, Е, Є, Ж, З, И, І, Й, Ј, К, Л, Љ, М, Н, Њ, О, П, Р, С, Т, Ћ, У, Ф, Х, Ц, Ч, Џ, Ш, Щ, Ю, Я, …, א, ב, ג, ד, ה, ו, ז, ח, ט, י, כ, ל, מ, נ, ס, ע, פ, צ, ק, ר, ש, ת, …, ا, ب, ت, ث, ج, ح, خ, د, ذ, ر, ز, س, ش, ص, ض, ط, ظ, ع, غ, ف, ق, ك, ل, م, ن, ه, و, ي, …, ก, ข, ฃ, ค, ฅ, ฆ, ง, จ, ฉ, ช, ซ, ฌ, ญ, ฎ, ฏ, ฐ, ฑ, ฒ, ณ, ด, ต, ถ, ท, ธ, น, บ, ป, ผ, ฝ, พ, ฟ, ภ, ม, ย, ร, ฤ, ล, ฦ, ว, ศ, ษ, ส, ห, ฬ, อ, ฮ, …, ㄱ, ㄴ, ㄷ, ㄹ, ㅁ, ㅂ, ㅅ, ㅇ, ㅈ, ㅊ, ㅋ, ㅌ, ㅍ, ㅎ, …, あ, か, さ, た, な, は, ま, や, ら, わ, #, …]
05-03 21:37:42.686 2534 4096 I chatty : uid=10015(com.google.android.gms) expire 1 line
05-03 21:37:42.687 4111 4136 I ContactsProvider: Accounts changed
05-03 21:37:42.687 2534 4152 I chatty : uid=10015(com.google.android.gms) expire 2 lines
05-03 21:37:42.829 1697 1763 I chatty : uid=1000(system) Binder:1697_3 expire 8 lines
05-03 21:37:42.962 1697 4098 I chatty : uid=1000(system) Binder:1697_1C expire 10 lines
05-03 21:37:42.966 1697 1763 W ActivityManager: Unable to start service Intent { cmp=com.google.android.gm.exchange/com.android.exchange.service.EasService } U=0: not found
05-03 21:37:43.000 1410 4043 E Drm : Failed to find drm plugin
05-03 21:37:43.023 2708 4097 I chatty : uid=10015 com.google.android.gms.unstable expire 11 lines
05-03 21:37:43.047 1697 3807 I ActivityManager: Start proc 4159:com.google.process.gapps/u0a57 for broadcast com.google.android.syncadapters.contacts/.ContactsSyncAdapterBroadcastReceiver
05-03 21:37:43.055 1410 4043 E Drm : Failed to find drm plugin
05-03 21:37:43.091 4159 4159 W art : Unexpected CPU variant for X86 using defaults: x86_64
05-03 21:37:43.105 2165 4172 I chatty : uid=10015 com.google.android.gms.persistent expire 1 line
05-03 21:37:43.107 2534 4166 I chatty : uid=10015(com.google.android.gms) expire 28 lines
05-03 21:37:43.137 1855 2086 E PhoneInterfaceManager: [PhoneIntfMgr] getIccId: No UICC
05-03 21:37:43.152 4159 4159 W System : ClassLoader referenced unknown path: /system/app/GoogleContactsSyncAdapter/lib/x86_64
05-03 21:37:43.163 4159 4159 I GoogleHttpClient: GMS http client unavailable, use old client
05-03 21:37:43.169 1410 4043 E Drm : Failed to find drm plugin
05-03 21:37:43.186 4189 4189 W art : Unexpected CPU variant for X86 using defaults: x86_64
05-03 21:37:43.190 1697 3807 I ActivityManager: Start proc 4189:com.google.android.youtube/u0a75 for broadcast com.google.android.youtube/com.google.android.libraries.youtube.account.AccountsChangedReceiver
05-03 21:37:43.198 4159 4195 I GoogleHttpClient: GMS http client unavailable, use old client
05-03 21:37:43.216 4189 4189 W System : ClassLoader referenced unknown path: /system/app/YouTube/lib/x86_64
05-03 21:37:43.242 1410 4043 E Drm : Failed to find drm plugin
05-03 21:37:43.247 2165 2503 I chatty : uid=10015(com.google.android.gms) Binder:2165_3 expire 28 lines
05-03 21:37:43.250 2468 4160 I NowOptInSettings: onAccountChanged() : [REDACTED-22]
05-03 21:37:43.251 2468 4160 W ThreadPoolDumper: Queue length for executor User-Facing Blocking is now 6. Perhaps some tasks are too long, or the pool is too small.
05-03 21:37:43.290 4189 4227 W YouTube : Fetching the Gservices key 'failsafe_maxnumbercrash_12_15' before the end of the bulk initialization
05-03 21:37:43.303 1410 4043 E Drm : Failed to find drm plugin
05-03 21:37:43.313 4189 4218 W YouTube : Fetching the Gservices key 'disable_binder_callback_flush' before the end of the bulk initialization
05-03 21:37:43.366 4189 4189 V MediaRouter: Adding route: RouteInfo{ name=Tablet, description=null, status=null, category=RouteCategory{ name=null types=ROUTE_TYPE_LIVE_AUDIO ROUTE_TYPE_LIVE_VIDEO groupable=false }, supportedTypes=ROUTE_TYPE_LIVE_AUDIO ROUTE_TYPE_LIVE_VIDEO , presentationDisplay=null }
05-03 21:37:43.367 4189 4189 V MediaRouter: Updating audio routes: AudioRoutesInfo{ type=SPEAKER }
05-03 21:37:43.367 4189 4189 V MediaRouter: Selecting route: RouteInfo{ name=Tablet, description=null, status=null, category=RouteCategory{ name=null types=ROUTE_TYPE_LIVE_AUDIO ROUTE_TYPE_LIVE_VIDEO groupable=false }, supportedTypes=ROUTE_TYPE_LIVE_AUDIO ROUTE_TYPE_LIVE_VIDEO , presentationDisplay=null }
05-03 21:37:43.394 4189 4189 W InstanceID/Rpc: Found 10015
05-03 21:37:43.433 2468 2637 W System : ClassLoader referenced unknown path: /system/app/webview/lib/x86
05-03 21:37:43.433 2468 2637 D ApplicationLoaders: ignored Vulkan layer search path /system/app/webview/lib/x86:/system/app/webview/webview.apk!/lib/x86:/system/lib:/vendor/lib for namespace 0xf13e7090
05-03 21:37:43.439 1398 1398 I surfaceflinger: type=1400 audit(0.0:267): avc: denied { ioctl } for path="/dev/dri/card0" dev="tmpfs" ino=8252 ioctlcmd=0x640b scontext=u:r:surfaceflinger:s0 tcontext=u:object_r:device:s0 tclass=chr_file permissive=1
05-03 21:37:43.439 4189 4189 V MediaRouter: Selecting route: RouteInfo{ name=Tablet, description=null, status=null, category=RouteCategory{ name=null types=ROUTE_TYPE_LIVE_AUDIO ROUTE_TYPE_LIVE_VIDEO groupable=false }, supportedTypes=ROUTE_TYPE_LIVE_AUDIO ROUTE_TYPE_LIVE_VIDEO , presentationDisplay=null }
05-03 21:37:43.447 1405 1684 D Camera_Factory: CameraFactory::get_camera_info
05-03 21:37:43.447 1405 1684 D Camera_Factory: CameraFactory::getCameraInfo: id = 0, info = 0xf6581368
05-03 21:37:43.447 1405 1684 D Camera_Factory: CameraFactory::getCameraNum: 1
05-03 21:37:43.447 1405 1684 D CameraHardware: CameraHardware::getCameraInfo
05-03 21:37:43.472 4189 4223 W System : ClassLoader referenced unknown path: /system/priv-app/GmsCore/lib/x86_64
05-03 21:37:43.472 4189 4223 D ApplicationLoaders: ignored Vulkan layer search path /system/priv-app/GmsCore/lib/x86_64:/system/fake-libs64:/system/priv-app/GmsCore/GmsCore.apk!/lib/x86_64:/system/lib64:/vendor/lib64 for namespace 0x7f35530ad0f0
05-03 21:37:43.479 4189 4221 W System : ClassLoader referenced unknown path:
05-03 21:37:43.480 4189 4221 W System : ClassLoader referenced unknown path: /system/priv-app/GmsCore/lib/x86_64
05-03 21:37:43.480 4189 4221 D ApplicationLoaders: ignored Vulkan layer search path /system/priv-app/GmsCore/lib/x86_64:/system/fake-libs64:/system/priv-app/GmsCore/GmsCore.apk!/lib/x86_64:/system/lib64:/vendor/lib64 for namespace 0x7f35530ad160
05-03 21:37:43.482 4189 4223 W common.FileUtils: Failed to set dir world executable: java.io.FileNotFoundException: /data/user_de/0/com.google.android.gms/files/gmscore_global_dirs.txt: open failed: EACCES (Permission denied)
05-03 21:37:43.482 4189 4223 W System : ClassLoader referenced unknown path: /system/priv-app/GmsCore/lib/x86_64
05-03 21:37:43.483 2468 2637 I WebViewFactory: Loading com.android.webview version 65.0.3325.144 (code 332514460)
05-03 21:37:43.487 4189 4223 W common.FileUtils: Failed to set dir world executable: java.io.FileNotFoundException: /data/user_de/0/com.google.android.gms/files/gmscore_global_dirs.txt: open failed: EACCES (Permission denied)
05-03 21:37:43.487 4189 4223 W System : ClassLoader referenced unknown path: /system/priv-app/GmsCore/lib/x86_64
05-03 21:37:43.490 4189 4221 W System : ClassLoader referenced unknown path: /data/user_de/0/com.google.android.gms/app_chimera/m/00000001/n/x86_64
05-03 21:37:43.490 4189 4221 W System : ClassLoader referenced unknown path: /data/user_de/0/com.google.android.gms/app_chimera/m/00000001/n/arm64-v8a
05-03 21:37:43.495 4189 4223 W common.FileUtils: Failed to set dir world executable: java.io.FileNotFoundException: /data/user_de/0/com.google.android.gms/files/gmscore_global_dirs.txt: open failed: EACCES (Permission denied)
05-03 21:37:43.495 4189 4223 W System : ClassLoader referenced unknown path: /system/priv-app/GmsCore/lib/x86_64
05-03 21:37:43.495 4189 4223 W common.FileUtils: Failed to set dir world executable: java.io.FileNotFoundException: /data/user_de/0/com.google.android.gms/files/gmscore_global_dirs.txt: open failed: EACCES (Permission denied)
05-03 21:37:43.496 4189 4223 W System : ClassLoader referenced unknown path: /system/priv-app/GmsCore/lib/x86_64
05-03 21:37:43.498 4189 4221 D DynamitePackage: Instantiated singleton DynamitePackage.
05-03 21:37:43.498 4189 4221 D DynamitePackage: Instantiating com.google.android.gms.ads.adshield.ChimeraAdShieldCreatorImpl
05-03 21:37:43.503 4189 4223 W linker : /data/user_de/0/com.google.android.gms/app_extracted_libs/x86_64/libconscrypt_gmscore_jni.so: unused DT entry: type 0xf arg 0x10b
05-03 21:37:43.503 4189 4223 V NativeCrypto: Registering com/google/android/gms/org/conscrypt/NativeCrypto's 279 native methods...
05-03 21:37:43.522 4189 4223 D NetworkSecurityConfig: No Network Security Config specified, using platform default
05-03 21:37:43.523 4189 4223 I ProviderInstaller: Installed default security provider GmsCore_OpenSSL
05-03 21:37:43.667 2534 4149 I chatty : uid=10015(com.google.android.gms) expire 1 line
05-03 21:37:43.683 2534 4169 I chatty : uid=10015(com.google.android.gms) expire 1 line
05-03 21:37:43.784 4189 4221 W art : Before Android 4.1, method double java.util.concurrent.ThreadLocalRandom.internalNextDouble(double, double) would have incorrectly overridden the package-private method in java.util.Random
05-03 21:37:43.785 4189 4221 W art : Before Android 4.1, method int java.util.concurrent.ThreadLocalRandom.internalNextInt(int, int) would have incorrectly overridden the package-private method in java.util.Random
05-03 21:37:43.785 4189 4221 W art : Before Android 4.1, method long java.util.concurrent.ThreadLocalRandom.internalNextLong(long, long) would have incorrectly overridden the package-private method in java.util.Random
05-03 21:37:44.016 4189 4285 W System : ClassLoader referenced unknown path: /system/framework/tcmclient.jar
05-03 21:37:44.093 1697 2808 I chatty : uid=1000(system) Binder:1697_A expire 10 lines
05-03 21:37:44.094 1697 3807 I chatty : uid=1000(system) Binder:1697_1A expire 13 lines
05-03 21:37:44.095 2534 4166 V FingerprintManager: FingerprintManagerService was null
05-03 21:37:44.101 4189 4219 W art : Long monitor contention with owner background2-6 (4227) at byte[] android.database.AbstractWindowedCursor.getBlob(int)(AbstractWindowedCursor.java:44) waiters=0 in void ofm.a(iju) for 648ms
05-03 21:37:44.229 1697 3563 I chatty : uid=1000(system) Binder:1697_13 expire 10 lines
05-03 21:37:44.232 2468 2637 I cr_LibraryLoader: Time to load native libraries: 62 ms (timestamps 9409-9471)
05-03 21:37:44.247 4111 4136 I ContactsProvider: Accounts changed
05-03 21:37:44.340 1697 2301 I chatty : uid=1000(system) Binder:1697_7 expire 11 lines
05-03 21:37:44.509 1697 3478 I chatty : uid=1000(system) Binder:1697_10 expire 10 lines
05-03 21:37:44.510 1697 2293 I chatty : uid=1000(system) Binder:1697_6 expire 11 lines
05-03 21:37:45.086 1697 3206 I chatty : uid=1000(system) Binder:1697_E expire 12 lines
05-03 21:37:45.203 2468 2637 I chromium: [INFO:library_loader_hooks.cc(36)] Chromium logging enabled: level = 0, default verbosity = 0
05-03 21:37:45.203 2468 2637 I cr_LibraryLoader: Expected native library version number "65.0.3325.144", actual native library version number "65.0.3325.144"
05-03 21:37:46.089 2468 4266 E SQLiteLog: (1) no such table: blob_table
05-03 21:37:46.104 2468 2637 W CookieHeaderHelper: Auth token not ready, no auth header set.
05-03 21:37:46.140 2165 3788 I chatty : uid=10015(com.google.android.gms) Binder:2165_E expire 10 lines
05-03 21:37:46.650 1697 1710 E SyncManager: Job params not found for 103096
05-03 21:37:46.666 1697 1710 E SyncManager: Job params not found for 102170
05-03 21:37:46.708 2165 4345 I chatty : uid=10015 com.google.android.gms.persistent expire 13 lines
05-03 21:37:46.784 2165 4048 I chatty : uid=10015(com.google.android.gms) Thread-39 expire 12 lines
05-03 21:37:46.862 2165 3629 I chatty : uid=10015(com.google.android.gms) Binder:2165_C expire 12 lines
05-03 21:37:46.892 2165 4344 I chatty : uid=10015 com.google.android.gms.persistent expire 3 lines
05-03 21:37:47.036 2468 4269 I cr_CronetLibraryLoader: Cronet version: 59.0.3071.25, arch: i686
05-03 21:37:47.313 4111 4136 D ContactDirectoryManager: Found com.google.android.gm.exchange.bundled.directory.provider
05-03 21:37:47.313 4111 4136 D ContactDirectoryManager: Found com.google.contacts.gal.provider
05-03 21:37:47.313 4111 4136 D ContactDirectoryManager: Found com.android.exchange.directory.provider
05-03 21:37:47.458 4074 4139 I GAV2 : Thread[GAThread,5,main]: No campaign data found.
05-03 21:37:47.559 2165 4361 I chatty : uid=10015 com.google.android.gms.persistent expire 2 lines
05-03 21:37:47.768 2468 4354 D NetworkSecurityConfig: Using Network Security Config from resource network_security_config debugBuild: false
05-03 21:37:48.255 1697 1716 I chatty : uid=1000(system) android.fg expire 1 line
05-03 21:37:48.262 4111 4136 I ContactDirectoryManager: deleted 0 stale rows which don't have any relevant directory
05-03 21:37:48.454 4111 4136 I ContactDirectoryManager: Discovered 0 contact directories in 1950ms
05-03 21:37:48.638 1697 1709 I chatty : uid=1000(system) Binder:1697_2 expire 10 lines
05-03 21:37:48.641 1697 3679 I chatty : uid=1000(system) Binder:1697_19 expire 12 lines
05-03 21:37:49.082 4050 4050 I Exchange: Accounts changed - requesting FolderSync for unsynced accounts
05-03 21:37:49.362 2165 4157 I chatty : uid=10015 com.google.android.gms.persistent expire 15 lines
05-03 21:37:49.590 4074 4365 E SQLiteLog: (1) no such table: timelysettings
05-03 21:37:50.033 2963 3017 I chatty : uid=10040(com.android.vending) expire 4 lines
05-03 21:37:50.034 1697 3616 I chatty : uid=1000(system) Binder:1697_14 expire 10 lines
05-03 21:37:50.152 2165 2179 I chatty : uid=10015(com.google.android.gms) Binder:2165_2 expire 12 lines
05-03 21:37:50.290 4159 4367 I SyncAdapterProxy: Delagator disabled, using the (deprecated) GData sync adapter
05-03 21:37:50.751 4074 4369 W System : ClassLoader referenced unknown path: /system/priv-app/GmsCore/lib/x86_64
05-03 21:37:50.752 4074 4369 D ApplicationLoaders: ignored Vulkan layer search path /system/priv-app/GmsCore/lib/x86_64:/system/fake-libs64:/system/priv-app/GmsCore/GmsCore.apk!/lib/x86_64:/system/lib64:/vendor/lib64 for namespace 0x7f35530ad0f0
05-03 21:37:50.756 4074 4369 W common.FileUtils: Failed to set dir world executable: java.io.FileNotFoundException: /data/user_de/0/com.google.android.gms/files/gmscore_global_dirs.txt: open failed: EACCES (Permission denied)
05-03 21:37:50.756 4074 4369 W System : ClassLoader referenced unknown path: /system/priv-app/GmsCore/lib/x86_64
05-03 21:37:50.756 4074 4369 W common.FileUtils: Failed to set dir world executable: java.io.FileNotFoundException: /data/user_de/0/com.google.android.gms/files/gmscore_global_dirs.txt: open failed: EACCES (Permission denied)
05-03 21:37:50.756 4074 4369 W System : ClassLoader referenced unknown path: /system/priv-app/GmsCore/lib/x86_64
05-03 21:37:50.758 4074 4369 W common.FileUtils: Failed to set dir world executable: java.io.FileNotFoundException: /data/user_de/0/com.google.android.gms/files/gmscore_global_dirs.txt: open failed: EACCES (Permission denied)
05-03 21:37:50.758 4074 4369 W System : ClassLoader referenced unknown path: /system/priv-app/GmsCore/lib/x86_64
05-03 21:37:50.758 4074 4369 W common.FileUtils: Failed to set dir world executable: java.io.FileNotFoundException: /data/user_de/0/com.google.android.gms/files/gmscore_global_dirs.txt: open failed: EACCES (Permission denied)
05-03 21:37:50.758 4074 4369 W System : ClassLoader referenced unknown path: /system/priv-app/GmsCore/lib/x86_64
05-03 21:37:50.760 4074 4369 W linker : /data/user_de/0/com.google.android.gms/app_extracted_libs/x86_64/libconscrypt_gmscore_jni.so: unused DT entry: type 0xf arg 0x10b
05-03 21:37:50.762 4074 4369 V NativeCrypto: Registering com/google/android/gms/org/conscrypt/NativeCrypto's 279 native methods...
05-03 21:37:50.774 4074 4369 D NetworkSecurityConfig: No Network Security Config specified, using platform default
05-03 21:37:50.774 4074 4369 I ProviderInstaller: Installed default security provider GmsCore_OpenSSL
05-03 21:37:50.774 4074 4369 W AbstractGoogleClient: Application name is not set. Call Builder#setApplicationName.
05-03 21:37:51.507 2468 2632 W Search.LoginHelper: TimeoutException while waiting for token.
05-03 21:37:51.507 2468 2632 W Search.LoginHelper: java.util.concurrent.TimeoutException
05-03 21:37:51.507 2468 2632 W Search.LoginHelper: at com.google.common.util.concurrent.d.get(SourceFile:52)
05-03 21:37:51.507 2468 2632 W Search.LoginHelper: at com.google.common.util.concurrent.l.get(SourceFile:2)
05-03 21:37:51.507 2468 2632 W Search.LoginHelper: at com.google.android.apps.gsa.search.core.google.gaia.q.a(SourceFile:258)
05-03 21:37:51.507 2468 2632 W Search.LoginHelper: at com.google.android.apps.gsa.search.core.google.gaia.q.a(SourceFile:221)
05-03 21:37:51.507 2468 2632 W Search.LoginHelper: at com.google.android.apps.gsa.staticplugins.bm.az.a(SourceFile:164)
05-03 21:37:51.507 2468 2632 W Search.LoginHelper: at com.google.android.apps.gsa.search.core.bd.A(SourceFile:441)
05-03 21:37:51.507 2468 2632 W Search.LoginHelper: at com.google.android.apps.gsa.search.core.bh.run(SourceFile:3)
05-03 21:37:51.507 2468 2632 W Search.LoginHelper: at java.util.concurrent.Executors$RunnableAdapter.call(Executors.java:428)
05-03 21:37:51.507 2468 2632 W Search.LoginHelper: at java.util.concurrent.FutureTask.run(FutureTask.java:237)
05-03 21:37:51.507 2468 2632 W Search.LoginHelper: at com.google.android.apps.gsa.shared.util.concurrent.a.ax.run(SourceFile:14)
05-03 21:37:51.507 2468 2632 W Search.LoginHelper: at com.google.android.apps.gsa.shared.util.concurrent.a.bl.run(SourceFile:4)
05-03 21:37:51.507 2468 2632 W Search.LoginHelper: at com.google.android.apps.gsa.shared.util.concurrent.a.bl.run(SourceFile:4)
05-03 21:37:51.507 2468 2632 W Search.LoginHelper: at java.util.concurrent.ThreadPoolExecutor.runWorker(ThreadPoolExecutor.java:1133)
05-03 21:37:51.507 2468 2632 W Search.LoginHelper: at java.util.concurrent.ThreadPoolExecutor$Worker.run(ThreadPoolExecutor.java:607)
05-03 21:37:51.507 2468 2632 W Search.LoginHelper: at java.lang.Thread.run(Thread.java:761)
05-03 21:37:51.507 2468 2632 W Search.LoginHelper: at com.google.android.apps.gsa.shared.util.concurrent.a.ai.run(SourceFile:6)
05-03 21:37:51.508 2468 2632 W Search.LoginHelper: [Trace]
05-03 21:37:51.508 2468 2632 W Search.LoginHelper: LoginHelper: get token: 5027+
05-03 21:37:51.508 2468 2632 W Search.LoginHelper: CachingGoogleAuthAdapter: access token cache: 0
05-03 21:37:51.508 2468 2632 W Search.LoginHelper: CachingGoogleAuthAdapter: get token from wrapped adapter: 5027+
05-03 21:37:51.508 2468 2632 W Search.LoginHelper: FallingBackGoogleAuthAdapter: try chosen adapter: 5027+
05-03 21:37:51.508 2468 2632 W Search.LoginHelper: GoogleAuthAdapter: get token with auth-util: 5027+
05-03 21:37:51.508 2468 2632 E VelvetNetworkClient: Failed to get auth token
05-03 21:37:51.508 2468 2632 W NowOptInSettings: Failed to fetch default configuration
05-03 21:37:51.562 1697 2686 I chatty : uid=1000(system) Binder:1697_8 expire 8 lines
05-03 21:37:51.562 1697 4362 I chatty : uid=1000(system) Binder:1697_1E expire 6 lines
05-03 21:37:51.582 3426 3426 I chatty : uid=10015 com.google.android.gms.ui expire 6 lines
05-03 21:37:51.777 1697 3488 I chatty : uid=1000(system) Binder:1697_11 expire 7 lines
05-03 21:37:52.754 1697 1697 I chatty : uid=1000 system_server expire 12 lines
05-03 21:37:52.755 1697 3505 I chatty : uid=1000(system) Binder:1697_12 expire 10 lines
05-03 21:37:53.094 1697 3488 I ActivityManager: START u0 {flg=0x2000000 cmp=com.google.android.gms/.auth.uiflows.addaccount.WrapperControlledActivity (has extras)} from uid 10015 on display 0
05-03 21:37:53.182 2963 2963 I chatty : uid=10040(com.android.vending) expire 11 lines
05-03 21:37:53.237 2534 4092 I chatty : uid=10015(com.google.android.gms) expire 8 lines
05-03 21:37:53.245 2468 2637 W Search.LoginHelper: TimeoutException while waiting for token.
05-03 21:37:53.245 2468 2637 W Search.LoginHelper: java.util.concurrent.TimeoutException
05-03 21:37:53.245 2468 2637 W Search.LoginHelper: at com.google.common.util.concurrent.d.get(SourceFile:52)
05-03 21:37:53.245 2468 2637 W Search.LoginHelper: at com.google.common.util.concurrent.l.get(SourceFile:2)
05-03 21:37:53.245 2468 2637 W Search.LoginHelper: at com.google.android.apps.gsa.search.core.google.gaia.q.a(SourceFile:258)
05-03 21:37:53.245 2468 2637 W Search.LoginHelper: at com.google.android.apps.gsa.search.core.google.gaia.q.a(SourceFile:221)
05-03 21:37:53.245 2468 2637 W Search.LoginHelper: at com.google.android.apps.gsa.search.core.q.a.a.d.H(SourceFile:17)
05-03 21:37:53.245 2468 2637 W Search.LoginHelper: at com.google.android.apps.gsa.search.core.q.a.a.j.Oo(SourceFile:98)
05-03 21:37:53.245 2468 2637 W Search.LoginHelper: at com.google.android.apps.gsa.search.core.q.a.a.o.Oj(SourceFile:251)
05-03 21:37:53.245 2468 2637 W Search.LoginHelper: at com.google.android.apps.gsa.search.core.q.a.a.q.run(SourceFile:2)
05-03 21:37:53.245 2468 2637 W Search.LoginHelper: at java.util.concurrent.Executors$RunnableAdapter.call(Executors.java:428)
05-03 21:37:53.245 2468 2637 W Search.LoginHelper: at java.util.concurrent.FutureTask.run(FutureTask.java:237)
05-03 21:37:53.245 2468 2637 W Search.LoginHelper: at com.google.android.apps.gsa.shared.util.concurrent.a.ax.run(SourceFile:14)
05-03 21:37:53.245 2468 2637 W Search.LoginHelper: at com.google.android.apps.gsa.shared.util.concurrent.a.bl.run(SourceFile:4)
05-03 21:37:53.245 2468 2637 W Search.LoginHelper: at com.google.android.apps.gsa.shared.util.concurrent.a.bl.run(SourceFile:4)
05-03 21:37:53.245 2468 2637 W Search.LoginHelper: at java.util.concurrent.ThreadPoolExecutor.runWorker(ThreadPoolExecutor.java:1133)
05-03 21:37:53.245 2468 2637 W Search.LoginHelper: at java.util.concurrent.ThreadPoolExecutor$Worker.run(ThreadPoolExecutor.java:607)
05-03 21:37:53.245 2468 2637 W Search.LoginHelper: at java.lang.Thread.run(Thread.java:761)
05-03 21:37:53.245 2468 2637 W Search.LoginHelper: at com.google.android.apps.gsa.shared.util.concurrent.a.ai.run(SourceFile:6)
05-03 21:37:53.245 2468 2637 W Search.LoginHelper: [Trace]
05-03 21:37:53.245 2468 2637 W Search.LoginHelper: LoginHelper: get token: 4998+
05-03 21:37:53.245 2468 2637 W Search.LoginHelper: CachingGoogleAuthAdapter: access token cache: 0
05-03 21:37:53.245 2468 2637 W Search.LoginHelper: CachingGoogleAuthAdapter: get token from wrapped adapter: 4998+
05-03 21:37:53.245 2468 2637 W Search.LoginHelper: FallingBackGoogleAuthAdapter: try chosen adapter: 4998+
05-03 21:37:53.245 2468 2637 W Search.LoginHelper: GoogleAuthAdapter: get token with auth-util: 4998+
05-03 21:37:53.246 2468 2637 W ErrorReporter: reportError [type: 477, code: 1441801]: null
05-03 21:37:53.246 2468 2637 W OAuthCookieFetcher: Failed to retrieve OAuth token and / or GAIA ID
05-03 21:37:53.697 1398 1398 W SurfaceFlinger: couldn't log to binary event log: overflow.
05-03 21:37:54.313 2963 3015 I chatty : uid=10040(com.android.vending) expire 10 lines
05-03 21:37:54.629 1410 4043 E Drm : Failed to find drm plugin
05-03 21:37:54.629 2708 3822 I chatty : uid=10015 com.google.android.gms.unstable expire 10 lines
05-03 21:37:54.703 1697 3637 I chatty : uid=1000(system) Binder:1697_17 expire 5 lines
05-03 21:37:54.703 1697 3121 I chatty : uid=1000(system) Binder:1697_C expire 10 lines
05-03 21:37:54.704 1697 2293 I chatty : uid=1000(system) Binder:1697_6 expire 3 lines
05-03 21:37:54.704 1697 2980 I chatty : uid=1000(system) Binder:1697_B expire 8 lines
05-03 21:37:54.705 2165 4385 I chatty : uid=10015 com.google.android.gms.persistent expire 17 lines
05-03 21:37:54.716 2859 2859 D AlertReceiver: onReceive: a=android.intent.action.PROVIDER_CHANGED Intent { act=android.intent.action.PROVIDER_CHANGED dat=content://com.android.calendar flg=0x20000010 cmp=com.android.calendar/.alerts.AlertReceiver }
05-03 21:37:54.722 2859 4389 D AlertService: 0 Action = android.intent.action.PROVIDER_CHANGED
05-03 21:37:54.725 2534 4383 I chatty : uid=10015(com.google.android.gms) expire 15 lines
05-03 21:37:54.778 2534 3582 I chatty : uid=10015(com.google.android.gms) expire 24 lines
05-03 21:37:54.889 2165 4386 I chatty : uid=10015 com.google.android.gms.persistent expire 1 line
05-03 21:37:54.933 1697 4387 I chatty : uid=1000(system) Binder:1697_1F expire 12 lines
05-03 21:37:55.485 2165 2165 I chatty : uid=10015 com.google.android.gms.persistent expire 27 lines
05-03 21:37:55.641 1697 3288 I chatty : uid=1000(system) Binder:1697_F expire 10 lines
05-03 21:37:55.646 1697 3630 W ActivityManager: Unable to start service Intent { cmp=com.google.android.gm.exchange/com.android.exchange.service.EasService } U=0: not found
05-03 21:37:55.767 2534 4405 I chatty : uid=10015(com.google.android.gms) expire 19 lines
05-03 21:37:55.864 1697 4098 I chatty : uid=1000(system) Binder:1697_1C expire 10 lines
05-03 21:37:56.317 1697 4395 I chatty : uid=1000(system) Binder:1697_20 expire 7 lines
05-03 21:37:56.563 1697 3630 I chatty : uid=1000(system) Binder:1697_16 expire 7 lines
05-03 21:37:57.109 2165 3328 I chatty : uid=10015(com.google.android.gms) Binder:2165_5 expire 17 lines
05-03 21:37:57.120 1697 1710 E SyncManager: Job params not found for 100645
05-03 21:37:57.128 2708 3720 I chatty : uid=10015 com.google.android.gms.unstable expire 13 lines
05-03 21:37:57.734 2534 4410 I chatty : uid=10015(com.google.android.gms) expire 4 lines
05-03 21:37:57.833 1697 1711 I ActivityManager: Waited long enough for: ServiceRecord{8d63739 u0 com.google.android.gm/.GmailIntentService}
05-03 21:37:58.246 2468 2637 W Search.LoginHelper: TimeoutException while waiting for token.
05-03 21:37:58.246 2468 2637 W Search.LoginHelper: java.util.concurrent.TimeoutException
05-03 21:37:58.246 2468 2637 W Search.LoginHelper: at com.google.common.util.concurrent.d.get(SourceFile:52)
05-03 21:37:58.246 2468 2637 W Search.LoginHelper: at com.google.common.util.concurrent.l.get(SourceFile:2)
05-03 21:37:58.246 2468 2637 W Search.LoginHelper: at com.google.android.apps.gsa.search.core.google.gaia.q.a(SourceFile:258)
05-03 21:37:58.246 2468 2637 W Search.LoginHelper: at com.google.android.apps.gsa.search.core.google.gaia.q.a(SourceFile:221)
05-03 21:37:58.246 2468 2637 W Search.LoginHelper: at com.google.android.apps.gsa.search.core.q.a.a.d.H(SourceFile:17)
05-03 21:37:58.246 2468 2637 W Search.LoginHelper: at com.google.android.apps.gsa.search.core.q.a.a.j.Oo(SourceFile:98)
05-03 21:37:58.246 2468 2637 W Search.LoginHelper: at com.google.android.apps.gsa.search.core.q.a.a.o.Oj(SourceFile:251)
05-03 21:37:58.246 2468 2637 W Search.LoginHelper: at com.google.android.apps.gsa.search.core.q.a.a.q.run(SourceFile:2)
05-03 21:37:58.246 2468 2637 W Search.LoginHelper: at java.util.concurrent.Executors$RunnableAdapter.call(Executors.java:428)
05-03 21:37:58.246 2468 2637 W Search.LoginHelper: at java.util.concurrent.FutureTask.run(FutureTask.java:237)
05-03 21:37:58.246 2468 2637 W Search.LoginHelper: at com.google.android.apps.gsa.shared.util.concurrent.a.ax.run(SourceFile:14)
05-03 21:37:58.246 2468 2637 W Search.LoginHelper: at com.google.android.apps.gsa.shared.util.concurrent.a.bl.run(SourceFile:4)
05-03 21:37:58.246 2468 2637 W Search.LoginHelper: at com.google.android.apps.gsa.shared.util.concurrent.a.bl.run(SourceFile:4)
05-03 21:37:58.246 2468 2637 W Search.LoginHelper: at java.util.concurrent.ThreadPoolExecutor.runWorker(ThreadPoolExecutor.java:1133)
05-03 21:37:58.246 2468 2637 W Search.LoginHelper: at java.util.concurrent.ThreadPoolExecutor$Worker.run(ThreadPoolExecutor.java:607)
05-03 21:37:58.246 2468 2637 W Search.LoginHelper: at java.lang.Thread.run(Thread.java:761)
05-03 21:37:58.246 2468 2637 W Search.LoginHelper: at com.google.android.apps.gsa.shared.util.concurrent.a.ai.run(SourceFile:6)
05-03 21:37:58.246 2468 2637 W Search.LoginHelper: [Trace]
05-03 21:37:58.246 2468 2637 W Search.LoginHelper: LoginHelper: get token: 5001+
05-03 21:37:58.246 2468 2637 W Search.LoginHelper: CachingGoogleAuthAdapter: access token cache: 0
05-03 21:37:58.246 2468 2637 W Search.LoginHelper: CachingGoogleAuthAdapter: get token from wrapped adapter: 5001+
05-03 21:37:58.246 2468 2637 W Search.LoginHelper: FallingBackGoogleAuthAdapter: try chosen adapter: 5001+
05-03 21:37:58.246 2468 2637 W Search.LoginHelper: GoogleAuthAdapter: get token with auth-util: 5001+
05-03 21:37:58.246 2468 2637 W ErrorReporter: reportError [type: 477, code: 1441801]: null
05-03 21:37:58.247 2468 2637 W OAuthCookieFetcher: Failed to retrieve OAuth token and / or GAIA ID
05-03 21:37:58.874 1410 4043 E Drm : Failed to find drm plugin
05-03 21:37:58.967 2534 4400 I chatty : uid=10015(com.google.android.gms) expire 12 lines
05-03 21:37:59.473 1697 1709 I chatty : uid=1000(system) Binder:1697_2 expire 6 lines
05-03 21:37:59.476 1697 3206 I chatty : uid=1000(system) Binder:1697_E expire 9 lines
05-03 21:37:59.527 1855 2086 E PhoneInterfaceManager: [PhoneIntfMgr] getIccId: No UICC
05-03 21:37:59.541 1410 4043 E Drm : Failed to find drm plugin
05-03 21:37:59.722 2859 4389 I GlobalDismissManager: no sender configured
05-03 21:37:59.722 2859 4389 D AlertService: Beginning updateAlertNotification
05-03 21:37:59.724 2859 4389 D AlertService: No fired or scheduled alerts
05-03 21:37:59.726 2859 4389 D AlertService: Scheduling next alarm with AlarmScheduler. sEventReminderReceived: null
05-03 21:37:59.729 2859 4389 D AlarmScheduler: No events found starting within 1 week.
05-03 21:37:59.813 1697 3807 I chatty : uid=1000(system) Binder:1697_1A expire 5 lines
05-03 21:37:59.861 2534 2925 I chatty : uid=10015(com.google.android.gms) expire 12 lines
05-03 21:37:59.937 1697 3836 I chatty : uid=1000(system) Binder:1697_1B expire 5 lines
05-03 21:38:00.240 1410 4043 E Drm : Failed to find drm plugin
05-03 21:38:00.517 2165 4046 I chatty : uid=10015(com.google.android.gms) Thread-37 expire 12 lines
05-03 21:38:00.702 1410 4043 E Drm : Failed to find drm plugin
05-03 21:38:00.950 1697 3640 I chatty : uid=1000(system) Binder:1697_18 expire 5 lines
05-03 21:38:01.156 1697 1710 I chatty : uid=1000(system) android.bg expire 5 lines
05-03 21:38:01.370 2165 4095 I chatty : uid=10015 com.google.android.gms.persistent expire 12 lines
05-03 21:38:01.535 2534 2534 I chatty : uid=10015(com.google.android.gms) expire 2 lines
05-03 21:38:01.732 2165 4437 I chatty : uid=10015 com.google.android.gms.persistent expire 7 lines
05-03 21:38:01.736 2165 3577 I chatty : uid=10015 com.google.android.gms.persistent expire 12 lines
05-03 21:38:01.791 2165 2806 I chatty : uid=10015(com.google.android.gms) highpool[1] expire 13 lines
05-03 21:38:01.847 1697 3807 D BluetoothManagerService: Registered for death of com.google.android.gms
05-03 21:38:01.847 1697 3807 D BluetoothManagerService: 1 registered Ble Apps
05-03 21:38:01.847 1697 3807 D BluetoothManagerService: enable(com.google.android.gms): mBluetooth =null mBinding = false mState = OFF
05-03 21:38:01.847 1697 3807 D BluetoothManagerService: enable returning
05-03 21:38:01.847 1697 1717 D BluetoothManagerService: MESSAGE_ENABLE(0): mBluetooth = null
05-03 21:38:01.852 4438 4438 I chatty : uid=1002(bluetooth) com.android.bluetooth expire 161 lines
05-03 21:38:01.858 1697 1717 I ActivityManager: Start proc 4438:com.android.bluetooth/1002 for service com.android.bluetooth/.btservice.AdapterService
05-03 21:38:01.903 2165 3767 I chatty : uid=10015 com.google.android.gms.persistent expire 16 lines
05-03 21:38:02.010 1697 3679 I chatty : uid=1000(system) Binder:1697_19 expire 12 lines
05-03 21:38:02.016 4074 4369 W System : ClassLoader referenced unknown path: /system/framework/tcmclient.jar
05-03 21:38:02.693 2165 4419 I chatty : uid=10015 com.google.android.gms.persistent expire 13 lines
05-03 21:38:02.797 4074 4085 W art : Suspending all threads took: 14.709ms
05-03 21:38:02.905 1697 3616 I chatty : uid=1000(system) Binder:1697_14 expire 10 lines
05-03 21:38:03.019 2165 2754 I chatty : uid=10015(com.google.android.gms) lowpool[2] expire 11 lines
05-03 21:38:03.121 2165 3506 I chatty : uid=10015(com.google.android.gms) Binder:2165_A expire 12 lines
05-03 21:38:03.133 3723 4491 I chatty : uid=10040 com.android.vending:instant_app_installer expire 1 line
05-03 21:38:03.243 2534 4408 I chatty : uid=10015(com.google.android.gms) expire 34 lines
05-03 21:38:03.251 2165 4429 I chatty : uid=10015 com.google.android.gms.persistent expire 7 lines
05-03 21:38:03.432 2534 4500 I chatty : uid=10015(com.google.android.gms) expire 40 lines
05-03 21:38:03.435 2165 4503 I chatty : uid=10015 com.google.android.gms.persistent expire 23 lines
05-03 21:38:03.700 2534 4501 I chatty : uid=10015(com.google.android.gms) expire 36 lines
05-03 21:38:03.819 4438 4506 I chatty : uid=1002(bluetooth) BluetoothAdapte expire 30 lines
05-03 21:38:03.921 4438 4507 I chatty : uid=1002(bluetooth) stack_manager expire 34 lines
05-03 21:38:03.936 4438 4510 I chatty : uid=1002(bluetooth) alarm_default_c expire 1 line
05-03 21:38:03.936 4438 4511 I chatty : uid=1002(bluetooth) alarm_dispatche expire 1 line
05-03 21:38:03.982 4438 4512 I chatty : uid=1002(bluetooth) BT Service Call expire 43 lines
05-03 21:38:04.010 1697 1697 D BluetoothManagerService: BluetoothServiceConnection: com.android.bluetooth.btservice.AdapterService
05-03 21:38:04.010 1697 1717 D BluetoothManagerService: MESSAGE_BLUETOOTH_SERVICE_CONNECTED: 1
05-03 21:38:04.010 4438 4453 I chatty : uid=1002(bluetooth) Binder:4438_3 expire 1 line
05-03 21:38:04.021 2165 3654 I chatty : uid=10015(com.google.android.gms) Binder:2165_D expire 2 lines
05-03 21:38:04.089 1697 1717 D BluetoothManagerService: Broadcasting onBluetoothServiceUp() to 9 receivers.
05-03 21:38:04.090 4438 4451 I chatty : uid=1002(bluetooth) Binder:4438_2 expire 1 line
05-03 21:38:04.091 1697 1717 D BluetoothManagerService: MESSAGE_BLUETOOTH_STATE_CHANGE: OFF > BLE_TURNING_ON
05-03 21:38:04.091 1697 1717 D BluetoothManagerService: Sending BLE State Change: OFF > BLE_TURNING_ON
05-03 21:38:04.102 4438 4513 I chatty : uid=1002(bluetooth) BondStateMachin expire 1 line
05-03 21:38:04.112 4438 4516 I chatty : uid=1002(bluetooth) hci_thread expire 62 lines
05-03 21:38:04.117 4074 4369 I CalendarSyncAdapter: Found no pending settings
05-03 21:38:04.275 4438 4517 I chatty : uid=1002(bluetooth) bt_workqueue expire 39 lines
05-03 21:38:04.287 4438 4518 I chatty : uid=1002(bluetooth) com.android.bluetooth expire 4 lines
05-03 21:38:04.387 4438 4520 I chatty : uid=1002(bluetooth) btif_sock expire 1 line
05-03 21:38:04.396 2165 4504 I chatty : uid=10015 com.google.android.gms.persistent expire 31 lines
05-03 21:38:04.602 1697 1717 D BluetoothManagerService: MESSAGE_BLUETOOTH_STATE_CHANGE: BLE_TURNING_ON > BLE_ON
05-03 21:38:04.602 1697 1717 D BluetoothManagerService: Bluetooth is in LE only mode
05-03 21:38:04.602 1697 1717 D BluetoothManagerService: Binding Bluetooth GATT service
05-03 21:38:04.602 1697 1717 D BluetoothManagerService: Sending BLE State Change: BLE_TURNING_ON > BLE_ON
05-03 21:38:04.738 2165 4460 I chatty : uid=10015 com.google.android.gms.persistent expire 9 lines
