05-03 21:48:19.001 1697 1739 I ActivityManager: START u0 {act=android.intent.action.MAIN cat=[android.intent.category.HOME] flg=0x10200000 cmp=com.cyanogenmod.trebuchet/com.android.launcher3.Launcher (has extras)} from uid 1000 on display 0
05-03 21:48:19.005 5458 5458 W com.facebook.appevents.internal.ActivityLifecycleTracker: Unexpected activity pause without a matching activity resume. Logging data may be incorrect. Make sure you call activateApp from your Application's onCreate method
05-03 21:48:19.012 5458 6288 I FA : Tag Manager is not found and thus will not be used
05-03 21:48:19.022 1697 1697 I InputDispatcher: type=1400 audit(0.0:340): avc: denied { read write } for path=2F64726D206D6D206F626A656374202864656C6574656429 dev="tmpfs" ino=58043 scontext=u:r:system_server:s0 tcontext=u:object_r:surfaceflinger_tmpfs:s0 tclass=file permissive=1
05-03 21:48:19.022 1697 3630 D KbdSensor: poll_batch: dev=0x7f3532cec300 sensor_handle=0 flags=0 sampling_period_ns=66667000 max_report_latency_ns=100000000
05-03 21:48:19.022 1697 3630 D KbdSensor: poll_setDelay: dev=0x7f3532cec300 handle=0 ns=66667000
05-03 21:48:19.133 5458 5463 I art : Do partial code cache collection, code=30KB, data=25KB
05-03 21:48:19.149 5458 5463 I art : After code cache collection, code=30KB, data=25KB
05-03 21:48:19.149 5458 5463 I art : Increasing code cache capacity to 128KB
05-03 21:48:19.166 1404 3851 W AudioFlinger::EffectModule: EffectModule 0xf5dbad80 destructor called with unreleased interface
05-03 21:48:19.167 1404 1677 W AudioFlinger::EffectHandle: disconnect Effect handle 0xf5d8b7c0 disconnected after thread destruction
05-03 21:48:19.503 5458 6288 W FA : Failed to retrieve Firebase Instance Id
05-03 21:48:19.608 2294 2406 W OpenGLRenderer: Incorrectly called buildLayer on View: ShortcutAndWidgetContainer, destroying layer...
05-03 21:48:20.120 1410 1410 I Binder:1410_2: type=1400 audit(0.0:341): avc: denied { read } for name="vendor" dev="tmpfs" ino=6081 scontext=u:r:mediadrmserver:s0 tcontext=u:object_r:tmpfs:s0 tclass=lnk_file permissive=1
05-03 21:48:20.122 1410 4043 E Drm : Failed to find drm plugin
05-03 21:48:20.122 2708 3822 W DG.WV : Widevine DRM not supported on this device
05-03 21:48:20.122 2708 3822 W DG.WV : android.media.UnsupportedSchemeException: Failed to instantiate drm object.
05-03 21:48:20.122 2708 3822 W DG.WV : at android.media.MediaDrm.native_setup(Native Method)
05-03 21:48:20.122 2708 3822 W DG.WV : at android.media.MediaDrm.(MediaDrm.java:215)
05-03 21:48:20.122 2708 3822 W DG.WV : at qqj.run(:com.google.android.gms@12529025@12.5.29 (040800-192802242):10)
05-03 21:48:20.122 2708 3822 W DG.WV : at nsg.run(:com.google.android.gms@12529025@12.5.29 (040800-192802242):27)
05-03 21:48:20.122 2708 3822 W DG.WV : at java.util.concurrent.ThreadPoolExecutor.runWorker(ThreadPoolExecutor.java:1133)
05-03 21:48:20.122 2708 3822 W DG.WV : at java.util.concurrent.ThreadPoolExecutor$Worker.run(ThreadPoolExecutor.java:607)
05-03 21:48:20.122 2708 3822 W DG.WV : at nya.run(:com.google.android.gms@12529025@12.5.29 (040800-192802242))
05-03 21:48:20.122 2708 3822 W DG.WV : at java.lang.Thread.run(Thread.java:761)
05-03 21:48:21.388 2708 3115 I art : Rejecting re-init on previously-failed class java.lang.Class: java.lang.UnsatisfiedLinkError: dlopen failed: "/data/data/com.google.android.gms/app_dg_cache/87A7B6DF3A340CFF01D8DD0CA677B97CBEEAAF1C/libdF19F0D9D2526.so" is 32-bit instead of 64-bit
05-03 21:48:21.388 2708 3115 I art : (Throwable with no stack trace)
05-03 21:48:21.390 2708 3115 I EGL-DRI2: found extension DRI_Core version 1
05-03 21:48:21.390 2708 3115 I EGL-DRI2: found extension DRI_DRI2 version 4
05-03 21:48:21.397 2708 3115 I EGL-DRI2: found extension DRI_TexBuffer version 3
05-03 21:48:21.397 2708 3115 I EGL-DRI2: found extension DRI2_Flush version 4
05-03 21:48:21.397 2708 3115 I EGL-DRI2: found extension DRI_IMAGE version 14
05-03 21:48:21.397 2708 3115 I EGL-DRI2: found extension DRI2_Fence version 2
05-03 21:48:21.397 2708 3115 I EGL-DRI2: found extension DRI_RENDERER_QUERY version 1
05-03 21:48:21.397 2708 3115 I EGL-DRI2: found extension DRI_CONFIG_QUERY version 1
05-03 21:48:21.397 2708 3115 I EGL-DRI2: found extension DRI_Robustness version 1
05-03 21:48:21.419 1410 4043 E Drm : Failed to find drm plugin
05-03 21:48:21.594 1697 3630 I ActivityManager: START u0 {act=android.intent.action.MAIN cat=[android.intent.category.LAUNCHER] flg=0x10200000 cmp=com.mobile.legends/com.moba.unityplugin.MobaGameMainActivity bnds=[951,92][1085,196] (has extras)} from uid 10034 on display 0
05-03 21:48:21.594 1697 3630 I WindowManager: setFocusedApp token: Token{7096d71 ActivityRecord{f4f8f18 u0 com.mobile.legends/com.moba.unityplugin.MobaGameMainActivity t37}} requestedOrientation: 6
05-03 21:48:21.596 1697 1711 W BroadcastQueue: Permission Denial: broadcasting Intent { act=com.android.launcher3.action.LAUNCH flg=0x10 (has extras) } from com.cyanogenmod.trebuchet (pid=2294, uid=10034) requires com.google.android.launcher.permission.RECEIVE_LAUNCH_BROADCASTS due to receiver com.google.android.gms/.icing.proxy.ApplicationLauncherReceiver
05-03 21:48:21.596 1697 1711 W BroadcastQueue: Permission Denial: receiving Intent { act=com.android.launcher3.action.LAUNCH flg=0x10 (has extras) } to com.google.android.gms/.chimera.GmsIntentOperationService$GmsExternalReceiver requires com.android.launcher3.permission.RECEIVE_LAUNCH_BROADCASTS due to sender com.cyanogenmod.trebuchet (uid 10034)
05-03 21:48:21.612 1697 3121 I ActivityManager: START u0 {flg=0x30000000 cmp=com.mobile.legends/com.moba.unityplugin.MobaGameUnityActivity (has extras)} from uid 10078 on display 0
05-03 21:48:21.613 1697 3121 I WindowManager: setFocusedApp token: Token{dd0ee48 ActivityRecord{ca9c0eb u0 com.mobile.legends/com.moba.unityplugin.MobaGameUnityActivity t38}} requestedOrientation: 0
05-03 21:48:21.644 5458 5458 I AppsFlyer_4.7.3: onBecameForeground
05-03 21:48:21.644 5458 5458 I AppsFlyer_4.7.3: Last successful launch event: 2018-05-03_214728+0700. Sending launch (52810.0 ms)
05-03 21:48:21.680 5458 5458 W IInputConnectionWrapper: reportFullscreenMode on inexistent InputConnection
05-03 21:48:21.680 1697 3121 I WindowManager: setAppOrientation token: Token{dd0ee48 ActivityRecord{ca9c0eb u0 com.mobile.legends/com.moba.unityplugin.MobaGameUnityActivity t38}} requestedOrientation: 0
05-03 21:48:21.682 5458 5968 W libOpenSLES: Leaving Object::GetInterface (SL_RESULT_FEATURE_UNSUPPORTED)
05-03 21:48:21.682 5458 5968 I libOpenSLES: Emulating old channel mask behavior (ignoring positional mask 0x3, using default mask 0x3 based on channel count of 2)
05-03 21:48:21.682 1404 1677 W AudioFlinger: createTrack_l(): mismatch between requested flags (00000104) and output flags (00000006)
05-03 21:48:21.683 5458 5968 D AudioTrack: Client defaulted notificationFrames to 512 for frameCount 3072
05-03 21:48:21.688 5458 5458 I UnityMain: type=1400 audit(0.0:342): avc: denied { ioctl } for path="/dev/dri/card0" dev="tmpfs" ino=8252 ioctlcmd=0x6409 scontext=u:r:untrusted_app:s0:c512,c768 tcontext=u:object_r:device:s0 tclass=chr_file permissive=1
05-03 21:48:21.689 1697 3630 D KbdSensor: poll_batch: dev=0x7f3532cec300 sensor_handle=0 flags=0 sampling_period_ns=66667000 max_report_latency_ns=0
05-03 21:48:21.689 1697 3630 D KbdSensor: poll_setDelay: dev=0x7f3532cec300 handle=0 ns=66667000
05-03 21:48:21.689 1697 3630 D KbdSensor: poll_flush: dev=0x7f3532cec300 sensor_handle=0
05-03 21:48:21.689 1697 3630 D KbdSensor: poll_setDelay: dev=0x7f3532cec300 handle=0 ns=20000000
05-03 21:48:21.689 1398 3812 E BufferQueueProducer: [SurfaceView - com.mobile.legends/com.moba.unityplugin.MobaGameUnityActivity] cancelBuffer: BufferQueue has been abandoned
05-03 21:48:21.695 1404 3829 W AudioFlinger: checkEffectCompatibility_l(): non HW effect Equalizer on playback thread in fast mode
05-03 21:48:21.695 2274 3283 E AudioEffect: set(): AudioFlinger could not create effect, status: -22
05-03 21:48:21.695 2274 3283 E AudioEffects-JNI: AudioEffect initCheck failed -3
05-03 21:48:21.695 2274 3283 E AudioEffect-JAVA: Error code -3 when initializing AudioEffect.
05-03 21:48:21.695 2274 3283 E AudioFx-EffectSet: error creatingEffectSet (AndroidEffects) [ mSessionId: 89 mDeviceInfo: android.media.AudioDeviceInfo@1920259 mGlobalEnabled: false ], releasing and throwing!
05-03 21:48:21.696 2274 3283 E AudioFxService: couldn't create effects for session id: 89
05-03 21:48:21.696 2274 3283 E AudioFxService: java.lang.RuntimeException: Cannot initialize effect engine for type: 0bed4300-ddd6-11db-8f34-0002a5d5c51b Error: -3
05-03 21:48:21.696 2274 3283 E AudioFxService: at android.media.audiofx.AudioEffect.(AudioEffect.java:411)
05-03 21:48:21.696 2274 3283 E AudioFxService: at android.media.audiofx.Equalizer.(Equalizer.java:139)
05-03 21:48:21.696 2274 3283 E AudioFxService: at org.cyanogenmod.audiofx.backends.EffectSetWithAndroidEq.onCreate(EffectSetWithAndroidEq.java:39)
05-03 21:48:21.696 2274 3283 E AudioFxService: at org.cyanogenmod.audiofx.backends.AndroidEffects.onCreate(AndroidEffects.java:53)
05-03 21:48:21.696 2274 3283 E AudioFxService: at org.cyanogenmod.audiofx.backends.EffectSet.(EffectSet.java:41)
05-03 21:48:21.696 2274 3283 E AudioFxService: at org.cyanogenmod.audiofx.backends.EffectSetWithAndroidEq.(EffectSetWithAndroidEq.java:34)
05-03 21:48:21.696 2274 3283 E AudioFxService: at org.cyanogenmod.audiofx.backends.AndroidEffects.(AndroidEffects.java:48)
05-03 21:48:21.696 2274 3283 E AudioFxService: at org.cyanogenmod.audiofx.backends.EffectsFactory.createEffectSet(EffectsFactory.java:22)
05-03 21:48:21.696 2274 3283 E AudioFxService: at org.cyanogenmod.audiofx.service.SessionManager$AudioServiceHandler.handleMessage(SessionManager.java:320)
05-03 21:48:21.696 2274 3283 E AudioFxService: at android.os.Handler.dispatchMessage(Handler.java:98)
05-03 21:48:21.696 2274 3283 E AudioFxService: at android.os.Looper.loop(Looper.java:154)
05-03 21:48:21.696 2274 3283 E AudioFxService: at android.os.HandlerThread.run(HandlerThread.java:61)
05-03 21:48:21.699 5458 6299 D AudioTrack: Client defaulted notificationFrames to 682 for frameCount 2048
05-03 21:48:21.773 4438 4516 I bt_vendor: bt_vendor_op op 7
05-03 21:48:21.773 4438 4516 I bt_vendor: bt_vendor_op op 7 retval 0
05-03 21:48:21.795 5458 6298 I AppsFlyer_4.7.3: sendTrackingWithEvent from activity: com.moba.unityplugin.MobaGameUnityActivity
05-03 21:48:21.795 5458 6298 I AppsFlyer_4.7.3: Trying to fetch GAID..
05-03 21:48:21.800 5458 6298 I AppsFlyer_4.7.3: ******* sendTrackingWithEvent: Launch
05-03 21:48:21.801 5458 6298 W AppsFlyer_4.7.3: Exception while collecting facebook's attribution ID.
05-03 21:48:21.801 5458 6298 I AppsFlyer_4.7.3: IMEI was not collected.
05-03 21:48:21.802 5458 6298 I AppsFlyer_4.7.3: Android ID was not collected.
05-03 21:48:21.803 5458 6298 I AppsFlyer_4.7.3: AppsFlyer: first launch date: 2018-05-03_214726+0700
05-03 21:48:21.804 5458 6298 D AppsFlyer_4.7.3: didConfigureTokenRefreshService=true
05-03 21:48:21.804 5458 6298 I AppsFlyer_4.7.3: AppsFlyerLib.sendTrackingWithEvent
05-03 21:48:21.805 5458 6298 I AppsFlyer_4.7.3: url: https://t.appsflyer.com/api/v4/androidevent?buildnumber=4.7.3&app_id=com.mobile.legends
05-03 21:48:21.805 5458 6298 I AppsFlyer_4.7.3: data: {"device":"android_x86_64","firstLaunchDate":"2018-05-03_214726+0700","installDate":"2018-05-03_214541+0700","sdk":"25","referrer":"utm_source=google-play&utm_medium=organic","carrier":"","deviceFingerPrintId":"ffffffff-bf3b-a975-ffff-ffffef05ac4a","date1":"2018-05-03_214541+0700","af_preinstalled":"false","advertiserIdEnabled":"true","iaecounter":"2","appsflyerKey":"U********************8","lang_code":"in","registeredUninstall":false,"installer_package":"com.android.vending","app_version_name":"1.2.72.2751","lang":"Indonesia","timepassedsincelastlaunch":"54","advertiserId":"9c11fd4f-198f-4ed6-9399-bbbd0c58fdb3","isGaidWithGps":"true","deviceData":{"build_display_id":"cm_android_x86_64-userdebug 7.1.2 NJH47F 6accd22395 test-keys","arch":"","cpu_abi":"x86_64","cpu_abi2":""},"af_v2":"3873318ba60b1f589d0fa9085b6c034a18be2af5","deviceType":"userdebug","af_v":"1a538d1857b19490334bc86df1b54c87e3bf865f","app_version_code":"12722751","af_events_api":"1","network":"WIFI","platformextension":"android_unity","operator":"","country":"ID","date2":"2018-05-03_214541+0700","brand":"Android-x86","extraReferrers":"{\"utm_source=google-play&utm_medium=organic\":\"[1525358814078]\"}","af_timestamp":"1525358901800","uid":"1525358741862-4581442736948890696","isFirstCall":"false","counter":"2","model":"X455LF","product":"cm_android_x86_64"}
05-03 21:48:22.010 1782 1782 I RenderThread: type=1400 audit(0.0:343): avc: denied { ioctl } for path="/dev/dri/card0" dev="tmpfs" ino=8252 ioctlcmd=0x640b scontext=u:r:platform_app:s0:c512,c768 tcontext=u:object_r:device:s0 tclass=chr_file permissive=1
05-03 21:48:22.019 5458 6288 W FA : Failed to retrieve Firebase Instance Id
05-03 21:48:22.025 2294 2294 W ViewRootImpl[Launcher]: Cancelling event due to no window focus: MotionEvent { action=ACTION_CANCEL, actionButton=0, id[0]=0, x[0]=1041.2937, y[0]=168.03662, toolType[0]=TOOL_TYPE_FINGER, buttonState=0, metaState=0, flags=0x0, edgeFlags=0x0, pointerCount=1, historySize=0, eventTime=977268, downTime=976535, deviceId=2, source=0x2002 }
05-03 21:48:22.025 2294 2294 W ViewRootImpl[Launcher]: Cancelling event due to no window focus: MotionEvent { action=ACTION_CANCEL, actionButton=0, id[0]=0, x[0]=1041.2937, y[0]=168.03662, toolType[0]=TOOL_TYPE_FINGER, buttonState=0, metaState=0, flags=0x0, edgeFlags=0x0, pointerCount=1, historySize=0, eventTime=977268, downTime=976535, deviceId=2, source=0x2002 }
05-03 21:48:22.025 2294 2294 W ViewRootImpl[Launcher]: Cancelling event due to no window focus: MotionEvent { action=ACTION_CANCEL, actionButton=0, id[0]=0, x[0]=1041.2937, y[0]=168.03662, toolType[0]=TOOL_TYPE_FINGER, buttonState=0, metaState=0, flags=0x0, edgeFlags=0x0, pointerCount=1, historySize=0, eventTime=977268, downTime=976535, deviceId=2, source=0x2002 }
05-03 21:48:22.025 2294 2294 W ViewRootImpl[Launcher]: Cancelling event due to no window focus: MotionEvent { action=ACTION_CANCEL, actionButton=0, id[0]=0, x[0]=1041.2937, y[0]=168.03662, toolType[0]=TOOL_TYPE_FINGER, buttonState=0, metaState=0, flags=0x0, edgeFlags=0x0, pointerCount=1, historySize=0, eventTime=977268, downTime=976535, deviceId=2, source=0x2002 }
05-03 21:48:22.116 2165 3141 W GLSUser : [AppCertManager] IOException while requesting key:
05-03 21:48:22.116 2165 3141 W GLSUser : java.io.IOException: Invalid device key response.
05-03 21:48:22.116 2165 3141 W GLSUser : at gga.a(:com.google.android.gms@12529025@12.5.29 (040800-192802242):12)
05-03 21:48:22.116 2165 3141 W GLSUser : at gga.a(:com.google.android.gms@12529025@12.5.29 (040800-192802242):64)
05-03 21:48:22.116 2165 3141 W GLSUser : at gfy.a(:com.google.android.gms@12529025@12.5.29 (040800-192802242):8)
05-03 21:48:22.116 2165 3141 W GLSUser : at gfu.a(:com.google.android.gms@12529025@12.5.29 (040800-192802242):1)
05-03 21:48:22.116 2165 3141 W GLSUser : at gft.a(:com.google.android.gms@12529025@12.5.29 (040800-192802242):10)
05-03 21:48:22.116 2165 3141 W GLSUser : at com.google.android.gms.auth.account.be.legacy.AuthCronChimeraService.b(:com.google.android.gms@12529025@12.5.29 (040800-192802242):7)
05-03 21:48:22.116 2165 3141 W GLSUser : at fiw.call(:com.google.android.gms@12529025@12.5.29 (040800-192802242):3)
05-03 21:48:22.116 2165 3141 W GLSUser : at java.util.concurrent.FutureTask.run(FutureTask.java:237)
05-03 21:48:22.116 2165 3141 W GLSUser : at nsg.run(:com.google.android.gms@12529025@12.5.29 (040800-192802242):27)
05-03 21:48:22.116 2165 3141 W GLSUser : at java.util.concurrent.ThreadPoolExecutor.runWorker(ThreadPoolExecutor.java:1133)
05-03 21:48:22.116 2165 3141 W GLSUser : at java.util.concurrent.ThreadPoolExecutor$Worker.run(ThreadPoolExecutor.java:607)
05-03 21:48:22.116 2165 3141 W GLSUser : at nya.run(:com.google.android.gms@12529025@12.5.29 (040800-192802242))
05-03 21:48:22.116 2165 3141 W GLSUser : at java.lang.Thread.run(Thread.java:761)
05-03 21:48:22.218 2165 2960 W art : Long monitor contention with owner lowpool[15] (4685) at void usa.a(boolean, uqj)(:com.google.android.gms@12529025@12.5.29 (040800-192802242):15) waiters=0 in void ury.handleMessage(android.os.Message) for 101ms
05-03 21:48:23.696 1782 1782 I SlideTouchEvent: vel=0.0, MinimumFlingVelocity=50
05-03 21:48:26.608 5458 6298 D AppsFlyer_4.7.3: response code: 200
05-03 21:48:27.967 1782 1782 I SlideTouchEvent: vel=0.0, MinimumFlingVelocity=50
05-03 21:48:27.970 1697 2808 I ActivityManager: START u0 {flg=0x10804000 cmp=com.android.systemui/.recents.RecentsActivity} from uid 10033 on display 0
05-03 21:48:27.998 1697 3630 D KbdSensor: poll_batch: dev=0x7f3532cec300 sensor_handle=0 flags=0 sampling_period_ns=66667000 max_report_latency_ns=100000000
05-03 21:48:27.998 1697 3630 D KbdSensor: poll_setDelay: dev=0x7f3532cec300 handle=0 ns=66667000
05-03 21:48:28.046 1782 1782 I RenderThread: type=1400 audit(0.0:344): avc: denied { read write } for path="/dev/dri/card0" dev="tmpfs" ino=8252 scontext=u:r:platform_app:s0:c512,c768 tcontext=u:object_r:device:s0 tclass=chr_file permissive=1
05-03 21:48:28.107 1404 1677 W AudioFlinger::EffectModule: EffectModule 0xf5dbb500 destructor called with unreleased interface
05-03 21:48:28.107 1404 3829 W AudioFlinger::EffectHandle: disconnect Effect handle 0xf5d8b900 disconnected after thread destruction
05-03 21:48:28.109 1697 1718 I ActivityManager: Displayed com.android.systemui/.recents.RecentsActivity: +103ms
05-03 21:48:28.129 1697 1707 I art : Background partial concurrent mark sweep GC freed 23031(1325KB) AllocSpace objects, 5(124KB) LOS objects, 33% free, 10MB/15MB, paused 324us total 133.202ms
05-03 21:48:28.443 5458 6288 W FA : Failed to retrieve Firebase Instance Id
05-03 21:48:28.478 5458 6309 I AppsFlyer_4.7.3: onBecameBackground
05-03 21:48:28.478 5458 6309 I AppsFlyer_4.7.3: callStatsBackground background call
05-03 21:48:28.478 5458 6309 I AppsFlyer_4.7.3: app went to background
05-03 21:48:28.481 5458 6309 D AppsFlyer_4.7.3: Running callStats task (on current thread: Thread[AsyncTask #5,5,main] )
05-03 21:48:28.482 5458 6309 I AppsFlyer_4.7.3: call = https://stats.appsflyer.com/stats; size = 417 bytes; body = {"platform":"Android","advertiserId":"9c11fd4f-198f-4ed6-9399-bbbd0c58fdb3","gcd_conversion_data_timing":"0","devkey":"U********************8","statType":"user_closed_app","originalAppsflyerId":"1525358741862-4581442736948890696","time_in_app":"6","deviceFingerPrintId":"ffffffff-bf3b-a975-ffff-ffffef05ac4a","app_id":"com.mobile.legends","uid":"1525358741862-4581442736948890696","channel":null,"launch_counter":"2"}
05-03 21:48:28.490 5458 5468 E PowerManager: WakeLock finalized while still held: MobaGameUnityActivity
05-03 21:48:29.038 1782 1782 D ViewRootImpl[NavigationBar]: updatePointerIcon called with position out of bounds
05-03 21:48:29.039 1782 1782 D ViewRootImpl[StatusBar]: updatePointerIcon called with position out of bounds
05-03 21:48:30.111 1697 4362 I ActivityManager: Killing 2421:com.android.providers.calendar/u0a4 (adj 906): empty #17
05-03 21:48:30.114 1697 4362 I ActivityManager: Killing 5458:com.mobile.legends:UnityKillsMe/u0a78 (adj 900): remove task
05-03 21:48:30.117 1697 3630 I ActivityManager: Killing 5425:com.mobile.legends/u0a78 (adj 700): remove task
05-03 21:48:30.125 1697 3630 D ActivityManager: cleanUpApplicationRecord -- 2421
05-03 21:48:30.133 1697 1739 W InputDispatcher: channel '1315892 com.mobile.legends/com.moba.unityplugin.MobaGameMainActivity (server)' ~ Consumer closed input channel or an error occurred. events=0x9
05-03 21:48:30.133 1697 1739 E InputDispatcher: channel '1315892 com.mobile.legends/com.moba.unityplugin.MobaGameMainActivity (server)' ~ Channel is unrecoverably broken and will be disposed!
05-03 21:48:30.133 1697 3630 D GraphicsStats: Buffer count: 10
05-03 21:48:30.134 1697 3630 I WindowManager: WIN DEATH: Window{1315892 u0 com.mobile.legends/com.moba.unityplugin.MobaGameMainActivity}
05-03 21:48:30.134 1697 3630 W InputDispatcher: Attempted to unregister already unregistered input channel '1315892 com.mobile.legends/com.moba.unityplugin.MobaGameMainActivity (server)'
05-03 21:48:30.134 1697 4362 D ActivityManager: cleanUpApplicationRecord -- 5425
05-03 21:48:30.134 1697 4362 W ActivityManager: Scheduling restart of crashed service com.mobile.legends/com.youme.voiceengine.VoiceEngineService in 1000ms
05-03 21:48:30.169 1782 1782 D ViewRootImpl[NavigationBar]: updatePointerIcon called with position out of bounds
05-03 21:48:30.169 1782 1782 D ViewRootImpl[StatusBar]: updatePointerIcon called with position out of bounds
05-03 21:48:30.204 1697 1739 W InputDispatcher: channel '1bd0a42 com.mobile.legends/com.moba.unityplugin.MobaGameUnityActivity (server)' ~ Consumer closed input channel or an error occurred. events=0x9
05-03 21:48:30.204 1697 1739 E InputDispatcher: channel '1bd0a42 com.mobile.legends/com.moba.unityplugin.MobaGameUnityActivity (server)' ~ Channel is unrecoverably broken and will be disposed!
05-03 21:48:30.205 1697 4362 D ConnectivityService: ConnectivityService NetworkRequestInfo binderDied(NetworkRequest [ LISTEN id=10, [ Capabilities: INTERNET&NOT_RESTRICTED&TRUSTED] ], android.os.BinderProxy@10b5ac6)
05-03 21:48:30.205 1697 3630 D GraphicsStats: Buffer count: 9
05-03 21:48:30.205 1697 3630 I WindowManager: WIN DEATH: Window{1bd0a42 u0 com.mobile.legends/com.moba.unityplugin.MobaGameUnityActivity}
05-03 21:48:30.205 1697 3630 W InputDispatcher: Attempted to unregister already unregistered input channel '1bd0a42 com.mobile.legends/com.moba.unityplugin.MobaGameUnityActivity (server)'
05-03 21:48:30.205 1697 3630 W WindowManager: Force-removing child win Window{454ff90 u0 SurfaceView - com.mobile.legends/com.moba.unityplugin.MobaGameUnityActivity} from container Window{1bd0a42 u0 com.mobile.legends/com.moba.unityplugin.MobaGameUnityActivity}
05-03 21:48:30.205 1697 1754 E ConnectivityService: RemoteException caught trying to send a callback msg for NetworkRequest [ LISTEN id=10, [ Capabilities: INTERNET&NOT_RESTRICTED&TRUSTED] ]
05-03 21:48:30.206 1697 4362 D ActivityManager: cleanUpApplicationRecord -- 5458
05-03 21:48:30.213 1697 1708 W WindowManager: Failed looking up window
05-03 21:48:30.213 1697 1708 W WindowManager: java.lang.IllegalArgumentException: Requested window android.os.BinderProxy@7a9aa53 does not exist
05-03 21:48:30.213 1697 1708 W WindowManager: at com.android.server.wm.WindowManagerService.windowForClientLocked(WindowManagerService.java:9469)
05-03 21:48:30.213 1697 1708 W WindowManager: at com.android.server.wm.WindowManagerService.windowForClientLocked(WindowManagerService.java:9460)
05-03 21:48:30.213 1697 1708 W WindowManager: at com.android.server.wm.WindowState$DeathRecipient.binderDied(WindowState.java:1807)
05-03 21:48:30.213 1697 1708 W WindowManager: at android.os.BinderProxy.sendDeathNotice(Binder.java:688)
05-03 21:48:30.213 1697 1708 I WindowManager: WIN DEATH: null
05-03 21:48:30.926 1697 4362 I ActivityManager: Killing 5367:com.android.settings/1000 (adj 902): remove task
05-03 21:48:30.943 1697 4362 D GraphicsStats: Buffer count: 8
05-03 21:48:30.944 1697 4362 D ActivityManager: cleanUpApplicationRecord -- 5367
05-03 21:48:31.080 1782 1782 D ViewRootImpl[NavigationBar]: updatePointerIcon called with position out of bounds
05-03 21:48:31.080 1782 1782 D ViewRootImpl[StatusBar]: updatePointerIcon called with position out of bounds
05-03 21:48:31.139 6320 6320 W art : Unexpected CPU variant for X86 using defaults: x86
05-03 21:48:31.146 1697 1711 I ActivityManager: Start proc 6320:com.mobile.legends/u0a78 for service com.mobile.legends/com.youme.voiceengine.VoiceEngineService
05-03 21:48:31.156 6320 6320 V VoiceEngineService: ServiceDemo onCreate
05-03 21:48:31.156 6320 6320 I YOUME : 调用init 函数 开始,目录:
05-03 21:48:31.156 6320 6320 I YOUME : 调用init 函数 开始,目录:/data/user/0/com.mobile.legends/app_libs
05-03 21:48:31.157 6320 6320 I YOUME : 没有当前版本的更新,忽略已经下载的so 应用versioncode: 12722751可以更新的版本:
05-03 21:48:31.161 6320 6320 I YOUME : 线程id:4151870848 2018-05-03 21:48:31.161 INFO 1 [onNetWorkChanged#NgnNetworkService.cpp:163]
05-03 21:48:31.162 6320 6320 I YOUME : 线程id:4151870848 2018-05-03 21:48:31.162 INFO 1 [onNetWorkChanged#NgnNetworkService.cpp:163]
05-03 21:48:31.163 6320 6320 I YOUME : 调用init 函数 结束
05-03 21:48:31.163 6320 6320 V VoiceEngineService: ServiceDemo onStartCommand
05-03 21:48:31.163 6320 6320 V VoiceEngineService: ServiceDemo onStart
05-03 21:48:31.163 6320 6320 I AudioMgr: onReceive action: android.net.conn.CONNECTIVITY_CHANGE
05-03 21:48:31.163 6320 6320 I YOUME : 线程id:4151870848 2018-05-03 21:48:31.163 INFO 1 [onNetWorkChanged#NgnNetworkService.cpp:163]
05-03 21:48:31.926 1697 3288 I ActivityManager: Killing 2963:com.android.vending/u0a40 (adj 900): remove task
05-03 21:48:31.951 1697 3288 D GraphicsStats: Buffer count: 7
05-03 21:48:31.951 1697 3288 D ActivityManager: cleanUpApplicationRecord -- 2963
05-03 21:48:32.049 1782 1782 D ViewRootImpl[NavigationBar]: updatePointerIcon called with position out of bounds
05-03 21:48:32.049 1782 1782 D ViewRootImpl[StatusBar]: updatePointerIcon called with position out of bounds
05-03 21:48:32.341 1782 1782 D ViewRootImpl[RecentsActivity]: updatePointerIcon called with position out of bounds
05-03 21:48:32.356 1782 1782 D ViewRootImpl[RecentsActivity]: updatePointerIcon called with position out of bounds
05-03 21:48:32.953 1782 1782 D ViewRootImpl[NavigationBar]: updatePointerIcon called with position out of bounds
05-03 21:48:32.953 1782 1782 D ViewRootImpl[StatusBar]: updatePointerIcon called with position out of bounds
05-03 21:48:33.829 1697 3288 I ActivityManager: Killing 2708:com.google.android.gms.unstable/u0a15 (adj 900): remove task
05-03 21:48:33.829 1697 3288 I ActivityManager: Killing 5992:com.google.android.play.games.ui/u0a15 (adj 900): remove task
05-03 21:48:33.848 1697 1709 D ActivityManager: cleanUpApplicationRecord -- 5992
05-03 21:48:33.853 1697 3836 D ActivityManager: cleanUpApplicationRecord -- 2708
05-03 21:48:33.933 1782 1782 D ViewRootImpl[NavigationBar]: updatePointerIcon called with position out of bounds
05-03 21:48:33.933 1782 1782 D ViewRootImpl[StatusBar]: updatePointerIcon called with position out of bounds
05-03 21:48:35.185 6339 6339 W art : Unexpected CPU variant for X86 using defaults: x86_64
05-03 21:48:35.192 1697 3288 I ActivityManager: Start proc 6339:com.google.android.gms.unstable/u0a15 for service com.google.android.gms/.droidguard.DroidGuardService
05-03 21:48:35.210 6339 6339 W System : ClassLoader referenced unknown path: /system/priv-app/GmsCore/lib/x86_64
05-03 21:48:35.231 6339 6339 W System : ClassLoader referenced unknown path: /system/priv-app/GmsCore/lib/x86_64
05-03 21:48:35.231 6339 6339 W System : ClassLoader referenced unknown path: /system/priv-app/GmsCore/lib/x86_64
05-03 21:48:35.233 6339 6339 W System : ClassLoader referenced unknown path: /system/priv-app/GmsCore/lib/x86_64
05-03 21:48:35.233 6339 6339 W System : ClassLoader referenced unknown path: /system/priv-app/GmsCore/lib/x86_64
05-03 21:48:35.236 6339 6339 W linker : /data/user_de/0/com.google.android.gms/app_extracted_libs/x86_64/libconscrypt_gmscore_jni.so: unused DT entry: type 0xf arg 0x10b
05-03 21:48:35.237 6339 6339 V NativeCrypto: Registering com/google/android/gms/org/conscrypt/NativeCrypto's 279 native methods...
05-03 21:48:35.244 6339 6339 D NetworkSecurityConfig: No Network Security Config specified, using platform default
05-03 21:48:35.245 6339 6339 I ProviderInstaller: Installed default security provider GmsCore_OpenSSL
05-03 21:48:35.304 6339 6352 W System : ClassLoader referenced unknown path: /system/framework/tcmclient.jar
05-03 21:48:35.317 1410 6337 E Drm : Failed to find drm plugin
05-03 21:48:35.318 6339 6365 W DG.WV : Widevine DRM not supported on this device
05-03 21:48:35.318 6339 6365 W DG.WV : android.media.UnsupportedSchemeException: Failed to instantiate drm object.
05-03 21:48:35.318 6339 6365 W DG.WV : at android.media.MediaDrm.native_setup(Native Method)
05-03 21:48:35.318 6339 6365 W DG.WV : at android.media.MediaDrm.(MediaDrm.java:215)
05-03 21:48:35.318 6339 6365 W DG.WV : at qqj.run(:com.google.android.gms@12529025@12.5.29 (040800-192802242):10)
05-03 21:48:35.318 6339 6365 W DG.WV : at nsg.run(:com.google.android.gms@12529025@12.5.29 (040800-192802242):27)
05-03 21:48:35.318 6339 6365 W DG.WV : at java.util.concurrent.ThreadPoolExecutor.runWorker(ThreadPoolExecutor.java:1133)
05-03 21:48:35.318 6339 6365 W DG.WV : at java.util.concurrent.ThreadPoolExecutor$Worker.run(ThreadPoolExecutor.java:607)
05-03 21:48:35.318 6339 6365 W DG.WV : at nya.run(:com.google.android.gms@12529025@12.5.29 (040800-192802242))
05-03 21:48:35.318 6339 6365 W DG.WV : at java.lang.Thread.run(Thread.java:761)
05-03 21:48:35.425 1782 1782 D ViewRootImpl[NavigationBar]: updatePointerIcon called with position out of bounds
05-03 21:48:35.425 1782 1782 D ViewRootImpl[StatusBar]: updatePointerIcon called with position out of bounds
05-03 21:48:35.937 6339 6352 I DynamiteModule: Considering local module com.google.android.gms.googlecertificates:4 and remote module com.google.android.gms.googlecertificates:4
05-03 21:48:35.937 6339 6352 I DynamiteModule: Selected local version of com.google.android.gms.googlecertificates
05-03 21:48:36.376 1782 1782 D ViewRootImpl[NavigationBar]: updatePointerIcon called with position out of bounds
05-03 21:48:36.376 1782 1782 D ViewRootImpl[StatusBar]: updatePointerIcon called with position out of bounds
05-03 21:48:36.691 1782 1782 D ViewRootImpl[RecentsActivity]: updatePointerIcon called with position out of bounds
05-03 21:48:36.724 1782 1782 D ViewRootImpl[RecentsActivity]: updatePointerIcon called with position out of bounds
05-03 21:48:36.731 1782 1782 D ViewRootImpl[RecentsActivity]: updatePointerIcon called with position out of bounds
05-03 21:48:37.424 2165 2691 W GCoreFlp: No location to return for getLastLocation()
05-03 21:48:38.115 1782 1782 D ViewRootImpl[NavigationBar]: updatePointerIcon called with position out of bounds
05-03 21:48:38.115 1782 1782 D ViewRootImpl[StatusBar]: updatePointerIcon called with position out of bounds
05-03 21:48:38.418 1697 3488 I ActivityManager: START u0 {act=android.intent.action.MAIN cat=[android.intent.category.LAUNCHER] flg=0x10300000 cmp=jackpal.androidterm/.Term bnds=[205,492][269,556] (has extras)} from uid 10034 on display 0
05-03 21:48:38.421 1404 1669 I audio_hw_primary: choose pcmC1D0p for 0
05-03 21:48:38.428 1697 3488 E ActivityManager: applyOptionsLocked: Unknown animationType=0
05-03 21:48:38.431 3944 3944 V Term : onCreate
05-03 21:48:38.438 3944 3944 I Term : Bound to TermService
05-03 21:48:38.438 3944 3944 I TermService: Activity binding to service
05-03 21:48:38.502 1777 1777 I LatinIME: Starting input. Cursor position = -1,-1
05-03 21:48:38.506 3944 3944 W IInputConnectionWrapper: reportFullscreenMode on inexistent InputConnection
05-03 21:48:38.508 1697 1718 I ActivityManager: Displayed jackpal.androidterm/.Term: +79ms
05-03 21:48:39.340 1782 1782 W ViewRootImpl[RecentsActivity]: Cancelling event due to no window focus: MotionEvent { action=ACTION_CANCEL, actionButton=0, id[0]=0, x[0]=567.67706, y[0]=413.01157, toolType[0]=TOOL_TYPE_FINGER, buttonState=0, metaState=0, flags=0x0, edgeFlags=0x0, pointerCount=1, historySize=0, eventTime=994583, downTime=993358, deviceId=2, source=0x2002 }
05-03 21:48:39.340 1782 1782 W ViewRootImpl[RecentsActivity]: Cancelling event due to no window focus: MotionEvent { action=ACTION_CANCEL, actionButton=0, id[0]=0, x[0]=567.67706, y[0]=413.01157, toolType[0]=TOOL_TYPE_FINGER, buttonState=0, metaState=0, flags=0x0, edgeFlags=0x0, pointerCount=1, historySize=0, eventTime=994583, downTime=993358, deviceId=2, source=0x2002 }
05-03 21:48:39.340 1782 1782 W ViewRootImpl[RecentsActivity]: Cancelling event due to no window focus: MotionEvent { action=ACTION_CANCEL, actionButton=0, id[0]=0, x[0]=567.67706, y[0]=413.01157, toolType[0]=TOOL_TYPE_FINGER, buttonState=0, metaState=0, flags=0x0, edgeFlags=0x0, pointerCount=1, historySize=0, eventTime=994583, downTime=993358, deviceId=2, source=0x2002 }
05-03 21:48:39.340 1782 1782 W ViewRootImpl[RecentsActivity]: Cancelling event due to no window focus: MotionEvent { action=ACTION_CANCEL, actionButton=0, id[0]=0, x[0]=567.67706, y[0]=413.01157, toolType[0]=TOOL_TYPE_FINGER, buttonState=0, metaState=0, flags=0x0, edgeFlags=0x0, pointerCount=1, historySize=0, eventTime=994583, downTime=993358, deviceId=2, source=0x2002 }
05-03 21:48:40.917 1782 1782 I SlideTouchEvent: vel=0.0, MinimumFlingVelocity=50
05-03 21:48:41.700 1782 1782 I SlideTouchEvent: vel=0.0, MinimumFlingVelocity=50
05-03 21:48:41.778 3944 3944 W IInputConnectionWrapper: reportFullscreenMode on inexistent InputConnection
05-03 21:48:41.778 3944 3944 W IInputConnectionWrapper: finishComposingText on inactive InputConnection
05-03 21:48:42.274 2294 2406 W OpenGLRenderer: Incorrectly called buildLayer on View: ShortcutAndWidgetContainer, destroying layer...
05-03 21:48:42.708 1782 1782 D ViewRootImpl[NavigationBar]: updatePointerIcon called with position out of bounds
05-03 21:48:42.890 1782 1782 D ViewRootImpl[StatusBar]: updatePointerIcon called with position out of bounds
05-03 21:48:42.907 1782 1782 D ViewRootImpl[StatusBar]: updatePointerIcon called with position out of bounds
05-03 21:48:42.924 1782 1782 D ViewRootImpl[StatusBar]: updatePointerIcon called with position out of bounds
05-03 21:48:42.940 1782 1782 D ViewRootImpl[StatusBar]: updatePointerIcon called with position out of bounds
05-03 21:48:42.957 1782 1782 D ViewRootImpl[StatusBar]: updatePointerIcon called with position out of bounds
05-03 21:48:42.974 1782 1782 D ViewRootImpl[StatusBar]: updatePointerIcon called with position out of bounds
05-03 21:48:42.985 1697 1709 I ActivityManager: Setting hasTopUi=true for pid=1782
05-03 21:48:42.986 1782 1782 D PhoneStatusBar: disable: < expand ICONS* alerts SYSTEM_INFO* back home recent clock search quick_settings
> 05-03 21:48:42.987 1782 1782 D ViewRootImpl[StatusBar]: updatePointerIcon called with position out of bounds
05-03 21:48:43.024 1697 1709 W VibratorService: Tried to stop vibrating but there is no vibrator device.
05-03 21:48:44.114 1782 1782 D ViewRootImpl[NavigationBar]: updatePointerIcon called with position out of bounds
05-03 21:48:44.416 1697 3836 I ActivityManager: START u0 {act=android.settings.SETTINGS flg=0x14000000 cmp=com.android.settings/.Settings} from uid 10033 on display 0
05-03 21:48:44.422 1697 1709 E ActivityManager: applyOptionsLocked: Unknown animationType=0
05-03 21:48:44.427 6379 6379 I chatty : uid=1000(system) com.android.settings expire 13 lines
05-03 21:48:44.432 1697 1709 I ActivityManager: Start proc 6379:com.android.settings/1000 for activity com.android.settings/.Settings
05-03 21:48:44.463 1697 1697 I android.display: type=1400 audit(0.0:346): avc: denied { ioctl } for path="/dev/dri/card0" dev="tmpfs" ino=8252 ioctlcmd=0x640b scontext=u:r:system_server:s0 tcontext=u:object_r:device:s0 tclass=chr_file permissive=1
05-03 21:48:44.531 6379 6396 I chatty : uid=1000(system) com.android.settings expire 3 lines
05-03 21:48:44.535 1697 3488 I ActivityManager: Start proc 6398:com.android.cellbroadcastreceiver/u0a10 for content provider com.android.cellbroadcastreceiver/.CellBroadcastSearchIndexableProvider
05-03 21:48:44.538 6398 6398 I main : type=1400 audit(0.0:351): avc: denied { mounton } for path="/storage" dev="tmpfs" ino=6076 scontext=u:r:zygote:s0 tcontext=u:object_r:tmpfs:s0 tclass=dir permissive=1
05-03 21:48:44.548 6398 6398 W art : Unexpected CPU variant for X86 using defaults: x86_64
05-03 21:48:44.569 6379 6397 I chatty : uid=1000(system) RenderThread expire 11 lines
05-03 21:48:44.606 6398 6398 W System : ClassLoader referenced unknown path: /system/priv-app/CellBroadcastReceiver/lib/x86_64
05-03 21:48:44.651 1697 1718 I ActivityManager: Displayed com.android.settings/.Settings: +228ms
05-03 21:48:44.672 1398 1398 I surfaceflinger: type=1400 audit(0.0:354): avc: denied { ioctl } for path="/dev/dri/card0" dev="tmpfs" ino=8252 ioctlcmd=0x640b scontext=u:r:surfaceflinger:s0 tcontext=u:object_r:device:s0 tclass=chr_file permissive=1
05-03 21:48:44.696 6419 6419 W art : Unexpected CPU variant for X86 using defaults: x86_64
05-03 21:48:44.698 1697 3836 I ActivityManager: Start proc 6419:org.cyanogenmod.cmparts/1000 for content provider org.cyanogenmod.cmparts/.search.CMPartsSearchIndexablesProvider
05-03 21:48:44.698 6379 6403 I chatty : uid=1000(system) com.android.settings expire 11 lines
05-03 21:48:44.712 6419 6419 W System : ClassLoader referenced unknown path: /system/priv-app/CMParts/lib/x86_64
05-03 21:48:44.730 1697 3488 I ActivityManager: Start proc 6436:com.android.printspooler/u0a68 for service com.android.printspooler/.model.PrintSpoolerService
05-03 21:48:44.732 6436 6436 W art : Unexpected CPU variant for X86 using defaults: x86_64
05-03 21:48:44.760 1697 1709 I ActivityManager: Setting hasTopUi=false for pid=1782
05-03 21:48:44.761 1782 1782 D PhoneStatusBar: disable: < expand icons* alerts system_info* back home recent clock search quick_settings
> 05-03 21:48:44.804 1697 1709 I ProcessStatsService: Added stats: 2018-05-03-20-54-07, over +37m46s947ms
05-03 21:48:44.817 6379 6403 W ProcStatsManager: No process com.android.vending:instant_app_installer/10040 for service com.google.android.finsky.instantapps.PhenotypeUpdateService
05-03 21:48:44.817 6379 6403 W ProcStatsManager: No process com.android.vending:instant_app_installer/10040 for service com.google.android.finsky.instantapps.statussync.StatusSyncService
05-03 21:48:44.817 6379 6403 W ProcStatsManager: No process com.android.carrierconfig/10006 for service com.android.carrierconfig.DefaultCarrierConfigService
05-03 21:48:44.817 6379 6403 W ProcStatsManager: No process com.android.printspooler/10068 for service com.android.printspooler.model.PrintSpoolerService
05-03 21:48:44.817 6379 6403 W ProcStatsManager: No process com.google.process.gapps/10057 for service com.google.android.syncadapters.contacts.ContactsSyncAdapterIntentService
05-03 21:48:44.817 6379 6403 W ProcStatsManager: No process com.google.process.gapps/10057 for service com.google.android.syncadapters.contacts.ContactsSyncAdapterService
05-03 21:48:44.817 6379 6403 W ProcStatsManager: No process com.android.keychain/1000 for service com.android.keychain.KeyChainService
05-03 21:48:44.817 6379 6403 W ProcStatsManager: No process com.android.dialer/10022 for service com.android.dialer.calllog.CallLogNotificationsService
05-03 21:48:44.817 6379 6403 W ProcStatsManager: No process com.google.android.packageinstaller/10023 for service com.android.packageinstaller.permission.service.RuntimePermissionPresenterServiceImpl
05-03 21:48:44.817 6379 6403 W ProcStatsManager: No process com.google.android.partnersetup/10021 for service com.google.android.partnersetup.AppInstalledService
05-03 21:48:44.817 6379 6403 W ProcStatsManager: No process com.google.android.partnersetup/10021 for service com.google.android.partnersetup.ClientIdService
05-03 21:48:44.817 6379 6403 W ProcStatsManager: No process com.google.android.partnersetup/10021 for service com.google.android.partnersetup.MccFallbackService
05-03 21:48:44.817 6379 6403 W ProcStatsManager: No process com.google.android.partnersetup/10021 for service com.google.android.partnersetup.AppHiderService
05-03 21:48:44.817 6379 6403 W ProcStatsManager: No process com.google.android.partnersetup/10021 for service com.google.android.partnersetup.RlzPingIntentService
05-03 21:48:44.817 6379 6403 W ProcStatsManager: No process com.google.android.partnersetup/10021 for service com.google.android.partnersetup.MccOverrideService
05-03 21:48:44.817 6379 6403 W ProcStatsManager: No process com.google.android.partnersetup/10021 for service com.google.android.partnersetup.LauncherConfigService
05-03 21:48:44.817 6379 6403 W ProcStatsManager: No process com.google.android.syncadapters.calendar/10070 for service com.google.android.syncadapters.calendar.CalendarSyncAdapterService
05-03 21:48:44.817 6379 6403 W ProcStatsManager: No process com.google.android.play.games.ui/10077 for service com.google.android.gms.games.service.PlayGamesBridgeService
05-03 21:48:44.840 6379 6403 I StorageManager: readLong(): Path doesn't exist: /sys/block/mmcblk0/size: java.io.FileNotFoundException: /sys/block/mmcblk0/size (No such file or directory)
05-03 21:48:44.845 6379 6396 V NFC : this device does not have NFC support
05-03 21:48:44.856 6379 6455 W TileUtils: Found com.android.systemui.tuner.TunerActivity for intent Intent { act=com.android.settings.action.EXTRA_SETTINGS } missing metadata
05-03 21:48:44.879 1697 1750 D WifiNative-HAL: Failing getSupportedFeatureset because HAL isn't started
05-03 21:48:44.880 1855 1855 E PhoneInterfaceManager: [PhoneIntfMgr] queryModemActivityInfo: Empty response
05-03 21:48:44.880 1697 3488 E BatteryStatsService: no controller energy info supplied
05-03 21:48:44.880 1697 3488 E BatteryStatsService: no controller energy info supplied
05-03 21:48:44.880 1697 3488 E KernelCpuSpeedReader: Failed to read cpu-freq: /sys/devices/system/cpu/cpu0/cpufreq/stats/time_in_state (No such file or directory)
05-03 21:48:44.881 1697 3488 E BatteryStatsService: modem info is invalid: ModemActivityInfo{ mTimestamp=0 mSleepTimeMs=0 mIdleTimeMs=0 mTxTimeMs[]=[0, 0, 0, 0, 0] mRxTimeMs=0 mEnergyUsed=0}
05-03 21:48:44.889 6379 6456 I IndexDatabaseHelper: Using schema version: 115
05-03 21:48:44.889 6379 6456 I IndexDatabaseHelper: Index is fine
05-03 21:48:44.947 6379 6456 D Index : Locale 'in_ID' is already indexed
05-03 21:48:44.965 6379 6456 D Index : Indexing locale 'in_ID' took 9 millis
05-03 21:48:45.144 6379 6456 D Index : Indexing locale 'in_ID' took 1 millis
05-03 21:48:48.258 1697 1697 I AlarmManager: type=1400 audit(0.0:355): avc: denied { wake_alarm } for capability=35 scontext=u:r:system_server:s0 tcontext=u:r:system_server:s0 tclass=capability2 permissive=1
05-03 21:49:12.299 1697 2118 I ActivityManager: START u0 {flg=0x8000 cmp=com.android.settings/.Settings$DeviceInfoSettingsActivity (has extras)} from uid 1000 on display 0
05-03 21:49:12.301 1404 1669 I audio_hw_primary: choose pcmC1D0p for 0
05-03 21:49:12.316 6379 6379 D ConstraintsHelper: construct key=cm_updates available=true
05-03 21:49:12.316 6379 6379 D ConstraintsHelper: construct key=contributors available=true
05-03 21:49:12.322 6379 6379 D DeviceInfoSettings: Property 'ro.url.safetylegal' missing and no 'safetylegal' preference
05-03 21:49:12.337 6379 6379 D RemotePreference: ResolveInfo ResolveInfo{eaf3e5a org.cyanogenmod.cmparts/.PartsActivity m=0x0}
05-03 21:49:12.347 6379 6396 D Index : Indexing locale 'in_ID' took 6 millis
05-03 21:49:12.390 1697 1718 I ActivityManager: Displayed com.android.settings/.Settings$DeviceInfoSettingsActivity: +85ms
05-03 21:49:12.393 6379 6397 D OpenGLRenderer: endAllActiveAnimators on 0x7f352e39c800 (RippleDrawable) with handle 0x7f3529e6ed80
05-03 21:49:12.549 6379 6396 D Index : Indexing locale 'in_ID' took 2 millis
05-03 21:49:12.673 6379 6396 W TileUtils: Found com.android.systemui.tuner.TunerActivity for intent Intent { act=com.android.settings.action.EXTRA_SETTINGS } missing metadata
05-03 21:49:12.782 6379 6379 W ViewRootImpl[Settings]: Cancelling event due to no window focus: MotionEvent { action=ACTION_CANCEL, actionButton=0, id[0]=0, x[0]=341.5978, y[0]=693.5785, toolType[0]=TOOL_TYPE_FINGER, buttonState=0, metaState=0, flags=0x0, edgeFlags=0x0, pointerCount=1, historySize=0, eventTime=1028025, downTime=1027241, deviceId=2, source=0x2002 }
05-03 21:49:12.782 6379 6379 W ViewRootImpl[Settings]: Cancelling event due to no window focus: MotionEvent { action=ACTION_CANCEL, actionButton=0, id[0]=0, x[0]=341.5978, y[0]=693.5785, toolType[0]=TOOL_TYPE_FINGER, buttonState=0, metaState=0, flags=0x0, edgeFlags=0x0, pointerCount=1, historySize=0, eventTime=1028025, downTime=1027241, deviceId=2, source=0x2002 }
05-03 21:49:12.782 6379 6379 W ViewRootImpl[Settings]: Cancelling event due to no window focus: MotionEvent { action=ACTION_CANCEL, actionButton=0, id[0]=0, x[0]=341.5978, y[0]=693.5785, toolType[0]=TOOL_TYPE_FINGER, buttonState=0, metaState=0, flags=0x0, edgeFlags=0x0, pointerCount=1, historySize=0, eventTime=1028025, downTime=1027241, deviceId=2, source=0x2002 }
05-03 21:49:12.782 6379 6379 W ViewRootImpl[Settings]: Cancelling event due to no window focus: MotionEvent { action=ACTION_CANCEL, actionButton=0, id[0]=0, x[0]=341.5978, y[0]=693.5785, toolType[0]=TOOL_TYPE_FINGER, buttonState=0, metaState=0, flags=0x0, edgeFlags=0x0, pointerCount=1, historySize=0, eventTime=1028025, downTime=1027241, deviceId=2, source=0x2002 }
05-03 21:49:18.793 1410 6337 E Drm : Failed to find drm plugin
05-03 21:49:18.793 6339 6466 W DG.WV : Widevine DRM not supported on this device
05-03 21:49:18.793 6339 6466 W DG.WV : android.media.UnsupportedSchemeException: Failed to instantiate drm object.
05-03 21:49:18.793 6339 6466 W DG.WV : at android.media.MediaDrm.native_setup(Native Method)
05-03 21:49:18.793 6339 6466 W DG.WV : at android.media.MediaDrm.(MediaDrm.java:215)
05-03 21:49:18.793 6339 6466 W DG.WV : at qqj.run(:com.google.android.gms@12529025@12.5.29 (040800-192802242):10)
05-03 21:49:18.793 6339 6466 W DG.WV : at nsg.run(:com.google.android.gms@12529025@12.5.29 (040800-192802242):27)
05-03 21:49:18.793 6339 6466 W DG.WV : at java.util.concurrent.ThreadPoolExecutor.runWorker(ThreadPoolExecutor.java:1133)
05-03 21:49:18.793 6339 6466 W DG.WV : at java.util.concurrent.ThreadPoolExecutor$Worker.run(ThreadPoolExecutor.java:607)
05-03 21:49:18.793 6339 6466 W DG.WV : at nya.run(:com.google.android.gms@12529025@12.5.29 (040800-192802242))
05-03 21:49:18.793 6339 6466 W DG.WV : at java.lang.Thread.run(Thread.java:761)
05-03 21:49:19.822 6339 6352 I art : Rejecting re-init on previously-failed class java.lang.Class: java.lang.UnsatisfiedLinkError: dlopen failed: "/data/data/com.google.android.gms/app_dg_cache/87A7B6DF3A340CFF01D8DD0CA677B97CBEEAAF1C/libdF19F0D9D2526.so" is 32-bit instead of 64-bit
05-03 21:49:19.822 6339 6352 I art : at void java.lang.Runtime.load0(java.lang.Class, java.lang.String) (Runtime.java:908)
05-03 21:49:19.822 6339 6352 I art : at void java.lang.System.load(java.lang.String) (System.java:1537)
05-03 21:49:19.822 6339 6352 I art : at void com.google.ccc.abuse.droidguard.DroidGuard.() ((null):-1)
05-03 21:49:19.822 6339 6352 I art : at java.lang.Object java.lang.reflect.Constructor.newInstance0!(java.lang.Object[]) (Constructor.java:-2)
05-03 21:49:19.822 6339 6352 I art : at java.lang.Object java.lang.reflect.Constructor.newInstance(java.lang.Object[]) (Constructor.java:430)
05-03 21:49:19.822 6339 6352 I art : at void qth.(java.lang.Class, android.content.Context, java.lang.String, qss, java.lang.Object, byte[], boolean, android.os.Bundle) (:com.google.android.gms@12529025@12.5.29 (040800-192802242):5)
05-03 21:49:19.822 6339 6352 I art : at qth qtg.a(java.lang.String, qss, qsx, boolean, qqn) (:com.google.android.gms@12529025@12.5.29 (040800-192802242):35)
05-03 21:49:19.822 6339 6352 I art : at qth qso.a(java.lang.String, java.lang.String, qsx, vqj, qqn) (:com.google.android.gms@12529025@12.5.29 (040800-192802242):16)
05-03 21:49:19.822 6339 6352 I art : at byte[] qso.a(java.lang.String, java.lang.String, qsx, java.util.Map, qqn) (:com.google.android.gms@12529025@12.5.29 (040800-192802242):57)
05-03 21:49:19.822 6339 6352 I art : at void qsg.a(qrz, java.lang.String, java.util.Map, qqn) (:com.google.android.gms@12529025@12.5.29 (040800-192802242):7)
05-03 21:49:19.822 6339 6352 I art : at boolean qsg.onTransact(int, android.os.Parcel, android.os.Parcel, int) (:com.google.android.gms@12529025@12.5.29 (040800-192802242):16)
05-03 21:49:19.822 6339 6352 I art : at boolean android.os.Binder.execTransact(int, long, long, int) (Binder.java:565)
05-03 21:49:19.822 6339 6352 I art :
05-03 21:49:26.100 1404 1669 I audio_hw_primary: choose pcmC1D0p for 0
05-03 21:49:26.399 1782 1782 I SlideTouchEvent: vel=0.0, MinimumFlingVelocity=50
05-03 21:49:26.420 1697 1750 D WifiNative-HAL: Failing getSupportedFeatureset because HAL isn't started
05-03 21:49:26.420 1855 1855 E PhoneInterfaceManager: [PhoneIntfMgr] queryModemActivityInfo: Empty response
05-03 21:49:26.420 1697 1708 E BatteryStatsService: no controller energy info supplied
05-03 21:49:26.420 1697 1708 E BatteryStatsService: no controller energy info supplied
05-03 21:49:26.421 1697 1708 E KernelCpuSpeedReader: Failed to read cpu-freq: /sys/devices/system/cpu/cpu0/cpufreq/stats/time_in_state (No such file or directory)
05-03 21:49:26.421 1697 1708 E BatteryStatsService: modem info is invalid: ModemActivityInfo{ mTimestamp=0 mSleepTimeMs=0 mIdleTimeMs=0 mTxTimeMs[]=[0, 0, 0, 0, 0] mRxTimeMs=0 mEnergyUsed=0}
05-03 21:49:26.423 6379 6379 D DashboardSummary: onConditionsChanged
05-03 21:49:26.466 6379 6467 W TileUtils: Found com.android.systemui.tuner.TunerActivity for intent Intent { act=com.android.settings.action.EXTRA_SETTINGS } missing metadata
05-03 21:49:26.470 6379 6467 D Index : Indexing locale 'in_ID' took 2 millis
05-03 21:49:26.472 1697 1709 I ProcessStatsService: Added stats: 2018-05-03-20-54-07, over +37m46s947ms
05-03 21:49:26.486 6379 6403 W ProcStatsManager: No process com.google.android.onetimeinitializer/10020 for service com.google.android.onetimeinitializer.OneTimeService
05-03 21:49:26.486 6379 6403 W ProcStatsManager: No process com.android.messaging/10072 for service com.android.messaging.datamodel.action.BackgroundWorkerService
05-03 21:49:26.486 6379 6403 W ProcStatsManager: No process com.android.messaging/10072 for service com.android.messaging.datamodel.action.ActionServiceImpl
