05-03 14:32:47.486 1697 1697 D ConditionProviders: Subscribing to condition://android/schedule?days=1.2.3.4.5&start=22.0&end=7.0&exitAtAlarm=false with ComponentInfo{android/com.android.server.notification.ScheduleConditionProvider}
05-03 14:32:47.486 1697 1697 D ZenLog : subscribe: condition://android/schedule?days=1.2.3.4.5&start=22.0&end=7.0&exitAtAlarm=false,ok
05-03 14:32:47.486 1697 1697 D ConditionProviders: Subscribing to condition://android/event?userId=-10000&calendar=&reply=1 with ComponentInfo{android/com.android.server.notification.EventConditionProvider}
05-03 14:32:47.487 1697 1697 D ZenLog : subscribe: condition://android/event?userId=-10000&calendar=&reply=1,ok
05-03 14:32:47.487 1697 1697 D ConditionProviders: Subscribing to condition://android/schedule?days=6.7&start=23.30&end=10.0&exitAtAlarm=false with ComponentInfo{android/com.android.server.notification.ScheduleConditionProvider}
05-03 14:32:47.487 1697 1697 D ZenLog : subscribe: condition://android/schedule?days=6.7&start=23.30&end=10.0&exitAtAlarm=false,ok
05-03 14:32:47.491 1697 1710 W LocationProviderProxy-network: Odd, no component found for service com.android.location.service.v3.NetworkLocationProvider
05-03 14:32:47.491 1697 1710 W GeocoderProxy: Odd, no component found for service com.android.location.service.GeocodeProvider
05-03 14:32:47.491 1697 1710 W GeofenceProxy: Odd, no component found for service com.android.location.service.GeofenceProvider
05-03 14:32:47.491 1697 1710 W ActivityRecognitionProxy: Odd, no component found for service com.android.location.service.ActivityRecognitionProvider
05-03 14:32:47.638 1697 1712 W WindowManager: Keyguard drawn timeout. Setting mKeyguardDrawComplete
05-03 14:32:48.622 1697 1714 E BatteryStatsService: no controller energy info supplied
05-03 14:32:48.623 1697 1714 E KernelCpuSpeedReader: Failed to read cpu-freq: /sys/devices/system/cpu/cpu0/cpufreq/stats/time_in_state (No such file or directory)
05-03 14:32:48.623 1697 1714 E BatteryStatsService: no controller energy info supplied
05-03 14:32:48.624 1697 1714 E KernelCpuSpeedReader: Failed to read cpu-freq: /sys/devices/system/cpu/cpu0/cpufreq/stats/time_in_state (No such file or directory)
05-03 14:32:48.854 1697 1697 W ContextImpl: Calling a method in the system process without a qualified user: android.app.ContextImpl.startService:1357 com.android.server.content.SyncManager$13.run:658 android.os.Handler.handleCallback:751 android.os.Handler.dispatchMessage:95 android.os.Looper.loop:154
05-03 14:32:48.854 1697 1697 D ZenLog : set_zen_mode: off,cleanUpZenRules
05-03 14:32:49.492 1697 1718 W WindowManager: App freeze timeout expired.
05-03 14:32:49.492 1697 1718 W WindowManager: Force clearing freeze: AppWindowToken{87f4757 token=Token{14eb4f1 ActivityRecord{c74498 u0 com.android.settings/.FallbackHome t1}}}
05-03 14:32:50.919 1697 1697 D BluetoothManagerService: Trying to bind to profile: 1, while Bluetooth was disabled
05-03 14:32:50.949 1697 1697 I Telecom : SystemStateProvider: Registering car mode receiver: android.content.IntentFilter@9092d48: TS.init@AAA
05-03 14:32:51.006 1697 2027 I Telecom : Telecom: Non-call EVENT: AUDIO_ROUTE, Entering state QuiescentEarpieceRoute
05-03 14:32:51.029 1777 2029 E ActivityThread: Failed to find provider info for user_dictionary
05-03 14:32:51.034 1697 2031 I Telecom : CallAudioModeStateMachine: Message received: null.: TS.init->CAMSM.pM_1@AAA_0
05-03 14:32:51.040 1697 1711 W KeyguardServiceDelegate: onScreenTurningOn(): no keyguard service!
05-03 14:32:51.099 1697 1697 I Telecom : ViceNotificationImpl: ViceNotificationImpl: TS.init@AAA
05-03 14:32:51.101 1697 1697 D BluetoothManagerService: Trying to bind to profile: 1, while Bluetooth was disabled
05-03 14:32:51.101 1697 2032 E ActivityThread: Failed to find provider info for call_log
05-03 14:32:51.107 1697 1697 I Telecom : Class: TelecomSystem.INSTANCE being set
05-03 14:32:51.107 1697 1697 W ContextImpl: Calling a method in the system process without a qualified user: android.app.ContextImpl.startService:1357 android.content.ContextWrapper.startService:613 com.android.server.telecom.components.TelecomService.initializeTelecomSystem:196 com.android.server.telecom.components.TelecomService.onBind:64 android.app.ActivityThread.handleBindService:3243
05-03 14:32:51.207 1697 1697 I WiredAccessoryManager: notifyWiredAccessoryChanged: when=0 bits= mask=154
05-03 14:32:51.207 1697 1697 V WiredAccessoryManager: newName=h2w newState=0 headsetState=0 prev headsetState=0
05-03 14:32:51.207 1697 1697 V WiredAccessoryManager: init()
05-03 14:32:51.208 1697 1697 D ConditionProviders.SCP: onSubscribe condition://android/schedule?days=1.2.3.4.5&start=22.0&end=7.0&exitAtAlarm=false
05-03 14:32:51.208 1697 1697 D ConditionProviders.SCP: setRegistered true
05-03 14:32:51.208 1697 1697 D ConditionProviders.SCP: notifyCondition condition://android/schedule?days=1.2.3.4.5&start=22.0&end=7.0&exitAtAlarm=false STATE_FALSE reason=!meetsSchedule
05-03 14:32:51.208 1697 1697 D ConditionProviders.SCP: Scheduling evaluate for Thu May 03 22:00:00 GMT+07:00 2018 (1525359600000), in +7h27m8s792ms, now=Thu May 03 14:32:51 GMT+07:00 2018 (1525332771208)
05-03 14:32:51.209 1697 1697 D ConditionProviders.SCP: onSubscribe condition://android/schedule?days=6.7&start=23.30&end=10.0&exitAtAlarm=false
05-03 14:32:51.209 1697 1697 D ConditionProviders.SCP: notifyCondition condition://android/schedule?days=6.7&start=23.30&end=10.0&exitAtAlarm=false STATE_FALSE reason=!meetsSchedule
05-03 14:32:51.209 1697 1697 D ConditionProviders.SCP: notifyCondition condition://android/schedule?days=1.2.3.4.5&start=22.0&end=7.0&exitAtAlarm=false STATE_FALSE reason=!meetsSchedule
05-03 14:32:51.209 1697 1697 D ConditionProviders.SCP: Scheduling evaluate for Thu May 03 22:00:00 GMT+07:00 2018 (1525359600000), in +7h27m8s791ms, now=Thu May 03 14:32:51 GMT+07:00 2018 (1525332771209)
05-03 14:32:51.218 1697 1760 E ActivityThread: Failed to find provider info for com.android.calendar
05-03 14:32:51.219 1697 1760 E ActivityThread: Failed to find provider info for com.android.calendar
05-03 14:32:51.247 1697 1697 D AccessibilityManagerService: Ignoring non-encryption-aware service ComponentInfo{com.farmerbb.taskbar.androidx86/com.farmerbb.taskbar.service.PowerMenuService}
05-03 14:32:51.254 1697 1697 I BrokerableCMSystemService: Implementation service connected
05-03 14:32:51.257 1697 1710 I SyncManager: Got SyncJobService instance.
05-03 14:32:51.258 1697 1697 I Telecom : WiredHeadsetManager: ACTION_HEADSET_PLUG event, plugged in: false, : WHC.oADA@AAE
05-03 14:32:51.282 1697 1697 I ActivityManager: user 0 is still locked. Cannot load recents
05-03 14:32:51.453 1782 1782 V FingerprintManager: FingerprintManagerService was null
05-03 14:32:52.035 1697 1711 I ActivityManager: Start proc 2061:com.android.cellbroadcastreceiver/u0a10 for broadcast com.android.cellbroadcastreceiver/.CellBroadcastReceiver
05-03 14:32:52.040 1697 1712 W WindowManager: Keyguard drawn timeout. Setting mKeyguardDrawComplete
05-03 14:32:52.185 1697 1754 D ConnectivityService: Got NetworkFactory Messenger for PhoneSwitcherNetworkRequstListener
05-03 14:32:52.187 1697 1754 D ConnectivityService: Got NetworkFactory Messenger for TelephonyNetworkFactory[0]
05-03 14:32:52.192 1697 1899 D BluetoothManagerService: Trying to bind to profile: 1, while Bluetooth was disabled
05-03 14:32:52.195 1855 2083 E ActivityThread: Failed to find provider info for com.android.contacts
05-03 14:32:52.375 1697 1899 I Telecom : PhoneAccountRegistrar: [ComponentInfo{com.android.phone/com.android.services.telephony.TelephonyConnectionService}, [e0184adedf913b076626646d3f52c3b49c39ad6d], UserHandle{0}(icon: Icon(typ=BITMAP size=19x24) -> Icon(typ=BITMAP size=19x24))]: TSI.rPA@AAM
05-03 14:32:52.376 1697 1899 I Telecom : : Sending phone-account registered intent as user: TSI.rPA@AAM
05-03 14:32:52.412 1697 1899 I Telecom : PhoneAccountRegistrar: [ComponentInfo{com.android.phone/com.android.services.telephony.TelephonyConnectionService}, [e0184adedf913b076626646d3f52c3b49c39ad6d], UserHandle{0}(icon: Icon(typ=BITMAP size=19x24) -> Icon(typ=BITMAP size=19x24))]: TSI.rPA@AAY
05-03 14:32:52.412 1697 1899 I Telecom : : Sending phone-account registered intent as user: TSI.rPA@AAY
05-03 14:32:52.496 1697 1899 I StatusBarManagerService: registerStatusBar bar=com.android.internal.statusbar.IStatusBar$Stub$Proxy@116a9ea
05-03 14:32:52.782 1697 1763 I ActivityManager: Start proc 2104:org.cyanogenmod.weather.provider/u0a39 for content provider org.cyanogenmod.weather.provider/.WeatherContentProvider
05-03 14:32:52.909 1782 1782 I StatusBar: isKeyguardShowing() called before startKeyguard(), returning true
05-03 14:32:52.913 1782 2124 E ActivityThread: Failed to find provider info for com.android.contacts
05-03 14:32:52.936 1782 1782 W StatusBar: isKeyguardSecure() called before startKeyguard(), returning false
05-03 14:32:52.936 1782 1782 W StatusBar: java.lang.Throwable
05-03 14:32:52.936 1782 1782 W StatusBar: at com.android.systemui.statusbar.BaseStatusBar.isKeyguardSecure(BaseStatusBar.java:2694)
05-03 14:32:52.936 1782 1782 W StatusBar: at com.android.systemui.statusbar.BaseStatusBar.isCameraAllowedByAdmin(BaseStatusBar.java:2717)
05-03 14:32:52.936 1782 1782 W StatusBar: at com.android.systemui.statusbar.phone.KeyguardBottomAreaView.updateCameraVisibility(KeyguardBottomAreaView.java:384)
05-03 14:32:52.936 1782 1782 W StatusBar: at com.android.systemui.statusbar.phone.KeyguardBottomAreaView.setUserSetupComplete(KeyguardBottomAreaView.java:334)
05-03 14:32:52.936 1782 1782 W StatusBar: at com.android.systemui.statusbar.phone.PhoneStatusBar$2.onChange(PhoneStatusBar.java:557)
05-03 14:32:52.936 1782 1782 W StatusBar: at com.android.systemui.statusbar.phone.PhoneStatusBar.resetUserSetupObserver(PhoneStatusBar.java:4033)
05-03 14:32:52.936 1782 1782 W StatusBar: at com.android.systemui.statusbar.phone.PhoneStatusBar.makeStatusBarView(PhoneStatusBar.java:1171)
05-03 14:32:52.936 1782 1782 W StatusBar: at com.android.systemui.statusbar.phone.PhoneStatusBar.addStatusBarWindow(PhoneStatusBar.java:3770)
05-03 14:32:52.936 1782 1782 W StatusBar: at com.android.systemui.statusbar.phone.PhoneStatusBar.createAndAddWindows(PhoneStatusBar.java:3766)
05-03 14:32:52.936 1782 1782 W StatusBar: at com.android.systemui.statusbar.BaseStatusBar.start(BaseStatusBar.java:774)
05-03 14:32:52.936 1782 1782 W StatusBar: at com.android.systemui.statusbar.phone.PhoneStatusBar.start(PhoneStatusBar.java:806)
05-03 14:32:52.936 1782 1782 W StatusBar: at com.android.systemui.statusbar.SystemBars.createStatusBarFromConfig(SystemBars.java:106)
05-03 14:32:52.936 1782 1782 W StatusBar: at com.android.systemui.statusbar.SystemBars.onNoService(SystemBars.java:58)
05-03 14:32:52.936 1782 1782 W StatusBar: at com.android.systemui.statusbar.ServiceMonitor.startService(ServiceMonitor.java:230)
05-03 14:32:52.936 1782 1782 W StatusBar: at com.android.systemui.statusbar.ServiceMonitor.-wrap5(ServiceMonitor.java)
05-03 14:32:52.936 1782 1782 W StatusBar: at com.android.systemui.statusbar.ServiceMonitor$1.handleMessage(ServiceMonitor.java:73)
05-03 14:32:52.936 1782 1782 W StatusBar: at android.os.Handler.dispatchMessage(Handler.java:102)
05-03 14:32:52.936 1782 1782 W StatusBar: at android.os.Looper.loop(Looper.java:154)
05-03 14:32:52.936 1782 1782 W StatusBar: at android.app.ActivityThread.main(ActivityThread.java:6186)
05-03 14:32:52.936 1782 1782 W StatusBar: at java.lang.reflect.Method.invoke(Native Method)
05-03 14:32:52.936 1782 1782 W StatusBar: at com.android.internal.os.ZygoteInit$MethodAndArgsCaller.run(ZygoteInit.java:890)
05-03 14:32:52.936 1782 1782 W StatusBar: at com.android.internal.os.ZygoteInit.main(ZygoteInit.java:780)
05-03 14:32:52.936 1782 1782 I StatusBar: isKeyguardShowing() called before startKeyguard(), returning true
05-03 14:32:52.936 1782 1782 W StatusBar: isKeyguardSecure() called before startKeyguard(), returning false
05-03 14:32:52.936 1782 1782 W StatusBar: java.lang.Throwable
05-03 14:32:52.936 1782 1782 W StatusBar: at com.android.systemui.statusbar.BaseStatusBar.isKeyguardSecure(BaseStatusBar.java:2694)
05-03 14:32:52.936 1782 1782 W StatusBar: at com.android.systemui.statusbar.BaseStatusBar.isCameraAllowedByAdmin(BaseStatusBar.java:2717)
05-03 14:32:52.936 1782 1782 W StatusBar: at com.android.systemui.statusbar.phone.KeyguardBottomAreaView.updateCameraVisibility(KeyguardBottomAreaView.java:384)
05-03 14:32:52.936 1782 1782 W StatusBar: at com.android.systemui.statusbar.phone.KeyguardBottomAreaView.updateRightAffordanceIcon(KeyguardBottomAreaView.java:264)
05-03 14:32:52.936 1782 1782 W StatusBar: at com.android.systemui.statusbar.phone.KeyguardBottomAreaView.setUserSetupComplete(KeyguardBottomAreaView.java:335)
05-03 14:32:52.936 1782 1782 W StatusBar: at com.android.systemui.statusbar.phone.PhoneStatusBar$2.onChange(PhoneStatusBar.java:557)
05-03 14:32:52.936 1782 1782 W StatusBar: at com.android.systemui.statusbar.phone.PhoneStatusBar.resetUserSetupObserver(PhoneStatusBar.java:4033)
05-03 14:32:52.936 1782 1782 W StatusBar: at com.android.systemui.statusbar.phone.PhoneStatusBar.makeStatusBarView(PhoneStatusBar.java:1171)
05-03 14:32:52.936 1782 1782 W StatusBar: at com.android.systemui.statusbar.phone.PhoneStatusBar.addStatusBarWindow(PhoneStatusBar.java:3770)
05-03 14:32:52.936 1782 1782 W StatusBar: at com.android.systemui.statusbar.phone.PhoneStatusBar.createAndAddWindows(PhoneStatusBar.java:3766)
05-03 14:32:52.936 1782 1782 W StatusBar: at com.android.systemui.statusbar.BaseStatusBar.start(BaseStatusBar.java:774)
05-03 14:32:52.936 1782 1782 W StatusBar: at com.android.systemui.statusbar.phone.PhoneStatusBar.start(PhoneStatusBar.java:806)
05-03 14:32:52.936 1782 1782 W StatusBar: at com.android.systemui.statusbar.SystemBars.createStatusBarFromConfig(SystemBars.java:106)
05-03 14:32:52.936 1782 1782 W StatusBar: at com.android.systemui.statusbar.SystemBars.onNoService(SystemBars.java:58)
05-03 14:32:52.936 1782 1782 W StatusBar: at com.android.systemui.statusbar.ServiceMonitor.startService(ServiceMonitor.java:230)
05-03 14:32:52.936 1782 1782 W StatusBar: at com.android.systemui.statusbar.ServiceMonitor.-wrap5(ServiceMonitor.java)
05-03 14:32:52.936 1782 1782 W StatusBar: at com.android.systemui.statusbar.ServiceMonitor$1.handleMessage(ServiceMonitor.java:73)
05-03 14:32:52.936 1782 1782 W StatusBar: at android.os.Handler.dispatchMessage(Handler.java:102)
05-03 14:32:52.936 1782 1782 W StatusBar: at android.os.Looper.loop(Looper.java:154)
05-03 14:32:52.936 1782 1782 W StatusBar: at android.app.ActivityThread.main(ActivityThread.java:6186)
05-03 14:32:52.936 1782 1782 W StatusBar: at java.lang.reflect.Method.invoke(Native Method)
05-03 14:32:52.936 1782 1782 W StatusBar: at com.android.internal.os.ZygoteInit$MethodAndArgsCaller.run(ZygoteInit.java:890)
05-03 14:32:52.936 1782 1782 W StatusBar: at com.android.internal.os.ZygoteInit.main(ZygoteInit.java:780)
05-03 14:32:53.010 1697 1763 I ActivityManager: Setting hasTopUi=true for pid=1782
05-03 14:32:53.011 1697 1763 I ActivityManager: Setting hasTopUi=false for pid=1782
05-03 14:32:53.136 1697 1749 D WifiService: New client listening to asynchronous messages
05-03 14:32:53.151 1697 2118 I ActivityManager: user 0 is still locked. Cannot load recents
05-03 14:33:21.048 1697 1718 W WindowManager: ***** BOOT TIMEOUT: forcing display enabled
05-03 14:33:21.049 1697 1718 W ActivityManager: Unable to mark boot complete for abi: arm64-v8a (Failed to execute markbootcomplete [arm64]: -1)
05-03 14:33:21.049 1697 1718 W ActivityManager: Unable to mark boot complete for abi: armeabi-v7a (Failed to execute markbootcomplete [arm]: -1)
05-03 14:33:21.049 1697 1718 I SystemServiceManager: Starting phase 1000
05-03 14:33:21.055 1697 1771 E LiveDisplay: Color temperature out of range: 0
05-03 14:33:21.059 1697 1718 I ActivityManager: Start proc 2127:com.google.android.ext.services/u0a16 for on-hold
05-03 14:33:21.060 1697 1718 D ActivityManager: Finishing user boot 0
05-03 14:33:21.061 1697 1718 D CryptdConnector: SND -> {3 cryptfs prepare_user_storage ! 0 0 2}
05-03 14:33:21.061 1371 1377 D vold : e4crypt_prepare_user_storage for volume null, user 0, serial 0, flags 2
05-03 14:33:21.061 1371 1377 D vold : Preparing: /data/system_ce/0
05-03 14:33:21.061 1371 1377 D vold : Preparing: /data/misc_ce/0
05-03 14:33:21.061 1371 1377 D vold : Preparing: /data/media/0
05-03 14:33:21.061 1371 1377 D vold : Preparing: /data/data
05-03 14:33:21.061 1697 1743 D CryptdConnector: RCV <- {200 3 Command succeeded}
05-03 14:33:21.061 1697 1718 V UserManagerService: Found /data/user/0 with serial number 0
05-03 14:33:21.061 1697 1718 V UserManagerService: Found /data/system_ce/0 with serial number 0
05-03 14:33:21.061 1697 1718 V PackageManager: reconcileAppsData for null u0 0x2
05-03 14:33:21.128 1697 1718 V PackageManager: reconcileAppsData finished 106 packages
05-03 14:33:21.128 1697 1711 D BluetoothManagerService: User 0 unlocked
05-03 14:33:21.128 1697 1711 D MountService: onUnlockUser 0
05-03 14:33:21.128 1697 1711 D VoldConnector: SND -> {6 volume user_started 0}
05-03 14:33:21.128 1697 1717 D BluetoothManagerService: MESSAGE_USER_UNLOCKED
05-03 14:33:21.131 1697 1754 D ConnectivityService: Got NetworkFactory Messenger for WIFI
05-03 14:33:21.131 1697 1754 D ConnectivityService: Got NetworkFactory Messenger for WIFI_UT
05-03 14:33:21.131 1371 1376 D vold : Linking /storage/emulated/0 to /mnt/user/0/primary
05-03 14:33:21.131 1697 1742 D VoldConnector: RCV <- {200 6 Command succeeded}
05-03 14:33:21.132 1697 1741 D MountService: Volume emulated broadcasting mounted to UserHandle{0}
05-03 14:33:21.140 1697 1697 I ActivityManager: Start proc 2148:com.android.deskclock/u0a53 for broadcast com.android.deskclock/.AlarmInitReceiver
05-03 14:33:21.355 1697 1711 V BackupManagerService: No ancestral data
05-03 14:33:21.400 1697 1711 V BackupManagerService: Starting with transport com.google.android.gms/.backup.BackupTransportService
05-03 14:33:21.400 1697 1711 V BackupManagerService: Found transports: 2
05-03 14:33:21.411 1697 1711 I ActivityManager: Start proc 2165:com.google.android.gms.persistent/u0a15 for service com.google.android.gms/.backup.BackupTransportService
05-03 14:33:21.429 1697 1711 I BackupManagerService: Backup enabled => false
05-03 14:33:21.453 1697 1697 V BackupManagerService: Connected to transport ComponentInfo{android/com.android.internal.backup.LocalTransportService}
05-03 14:33:21.453 1697 1697 V BackupManagerService: Registering transport android/com.android.internal.backup.LocalTransportService::android/com.android.internal.backup.LocalTransport = android.app.backup.BackupTransport$TransportImpl@1aa5d6e
05-03 14:33:22.102 1697 2163 V KeyValueBackupJob: Scheduling k/v pass in 243 minutes
05-03 14:33:22.249 1697 1711 I ActivityManager: Start proc 2223:com.google.android.googlequicksearchbox:interactor/u0a41 for service com.google.android.googlequicksearchbox/com.google.android.voiceinteraction.GsaVoiceInteractionService
05-03 14:33:22.249 1697 1711 I BrokerableCMSystemService: Connecting to implementation
05-03 14:33:22.249 1697 1711 W ContextImpl: Calling a method in the system process without a qualified user: android.app.ContextImpl.bindService:1421 org.cyanogenmod.platform.internal.BrokerableCMSystemService.tryConnecting:199 org.cyanogenmod.platform.internal.WeatherManagerServiceBroker.onUnlockUser:97 com.android.server.SystemServiceManager.unlockUser:179 com.android.server.am.ActivityManagerService$MainHandler.handleMessage:2064
05-03 14:33:22.260 1697 1711 I ActivityManager: Start proc 2238:org.cyanogenmod.weatherservice/u0a38 for service org.cyanogenmod.weatherservice/.WeatherManagerService
05-03 14:33:22.260 1697 1711 I ActivityManager: Loading recents for user 0 into memory.
05-03 14:33:22.504 1697 2163 V KeyValueBackupJob: Scheduling k/v pass in 247 minutes
05-03 14:33:22.549 1697 1710 I ActivityManager: Start proc 2253:com.android.printspooler/u0a68 for service com.android.printspooler/.model.PrintSpoolerService
05-03 14:33:22.561 1697 1711 I ActivityManager: Start proc 2267:org.android_x86.analytics/u0a3 for added application org.android_x86.analytics
05-03 14:33:22.572 1697 1711 I ActivityManager: Start proc 2274:org.cyanogenmod.audiofx/u0a5 for added application org.cyanogenmod.audiofx
05-03 14:33:22.572 1697 1711 D ActivityManager: Sending BOOT_COMPLETE user #0
05-03 14:33:22.583 1697 1709 I ActivityManager: START u0 {act=android.intent.action.MAIN cat=[android.intent.category.HOME] flg=0x10000100 cmp=com.cyanogenmod.trebuchet/com.android.launcher3.Launcher} from uid 0 on display 0
05-03 14:33:22.596 1697 1709 I ActivityManager: Start proc 2294:com.cyanogenmod.trebuchet/u0a34 for activity com.cyanogenmod.trebuchet/com.android.launcher3.Launcher
05-03 14:33:22.619 1697 2288 I ActivityManager: Start proc 2306:com.android.keychain/1000 for service com.android.keychain/.KeyChainService
05-03 14:33:22.763 1697 1750 D ConnectivityService: registerNetworkAgent NetworkAgentInfo{ ni{[type: WIFI[], state: CONNECTING/CONNECTING, reason: (unspecified), extra: "@free.wifi", failover: false, available: true, roaming: false, metered: false]} network{100} nethandle{429513165534} lp{{LinkAddresses: [] Routes: [] DnsAddresses: [] Domains: null MTU: 0}} nc{[ Transports: WIFI Capabilities: NOT_METERED&INTERNET&NOT_RESTRICTED&TRUSTED&NOT_VPN LinkUpBandwidth>=1048576Kbps LinkDnBandwidth>=1048576Kbps]} Score{20} everValidated{false} lastValidated{false} created{false} lingering{false} explicitlySelected{false} acceptUnvalidated{false} everCaptivePortalDetected{false} lastCaptivePortalDetected{false} }
05-03 14:33:22.764 1697 1754 D ConnectivityService: NetworkAgentInfo [WIFI () - 100] EVENT_NETWORK_INFO_CHANGED, going from null to CONNECTING
05-03 14:33:22.848 1697 1754 D ConnectivityService: NetworkAgentInfo [WIFI () - 100] EVENT_NETWORK_INFO_CHANGED, going from CONNECTING to CONNECTED
05-03 14:33:22.848 1697 1754 D ConnectivityService: Adding iface wlan0 to network 100
05-03 14:33:22.867 1697 1754 D ConnectivityService: Setting DNS servers for network 100 to [/192.168.43.1]
05-03 14:33:22.868 1697 1754 D ConnectivityService: Switching to new default network: NetworkAgentInfo{ ni{[type: WIFI[], state: CONNECTED/CONNECTED, reason: (unspecified), extra: "@free.wifi", failover: false, available: true, roaming: false, metered: false]} network{100} nethandle{429513165534} lp{{InterfaceName: wlan0 LinkAddresses: [fe80::f203:8cff:fe15:d147/64,192.168.43.39/24,] Routes: [fe80::/64 -> :: wlan0,192.168.43.0/24 -> 0.0.0.0 wlan0,0.0.0.0/0 -> 192.168.43.1 wlan0,] DnsAddresses: [192.168.43.1,] Domains: null MTU: 0 TcpBufferSizes: 524288,1048576,2097152,262144,524288,1048576}} nc{[ Transports: WIFI Capabilities: INTERNET&NOT_RESTRICTED&TRUSTED&NOT_VPN&FOREGROUND LinkUpBandwidth>=1048576Kbps LinkDnBandwidth>=1048576Kbps SignalStrength: -24]} Score{17} everValidated{false} lastValidated{false} created{true} lingering{false} explicitlySelected{false} acceptUnvalidated{false} everCaptivePortalDetected{false} lastCaptivePortalDetected{false} }
05-03 14:33:22.886 1697 1754 D ConnectivityService: Sending CONNECTED broadcast for type 1 NetworkAgentInfo [WIFI () - 100] isDefaultNetwork=true
05-03 14:33:23.535 1697 2301 I ActivityManager: Start proc 2380:com.google.android.youtube/u0a75 for broadcast com.google.android.youtube/com.google.android.libraries.youtube.mdx.background.MdxBackgroundScanBootReceiver
05-03 14:33:25.584 1697 1697 I BrokerableCMSystemService: Implementation service connected
05-03 14:33:26.532 1697 1754 D ConnectivityService: NetworkAgentInfo [WIFI () - 100] validation passed
05-03 21:33:26.668 1697 1697 D ConditionProviders.SCP: onReceive android.intent.action.TIME_SET
05-03 21:33:26.668 1697 1697 D ConditionProviders.SCP: notifyCondition condition://android/schedule?days=6.7&start=23.30&end=10.0&exitAtAlarm=false STATE_FALSE reason=!meetsSchedule
05-03 21:33:26.668 1697 1697 D ConditionProviders.SCP: notifyCondition condition://android/schedule?days=1.2.3.4.5&start=22.0&end=7.0&exitAtAlarm=false STATE_FALSE reason=!meetsSchedule
05-03 21:33:26.669 1697 1697 D ConditionProviders.SCP: Scheduling evaluate for Thu May 03 22:00:00 GMT+07:00 2018 (1525359600000), in +26m33s332ms, now=Thu May 03 21:33:26 GMT+07:00 2018 (1525358006668)
05-03 21:33:26.683 1697 1760 I ActivityManager: Start proc 2421:com.android.providers.calendar/u0a4 for content provider com.android.providers.calendar/.CalendarProvider2
05-03 21:33:27.150 1697 1710 I UsageStatsService: Time changed in UsageStats by 25200 seconds
05-03 21:33:27.150 1697 1710 I UsageStatsService: User[0] Flushing usage stats to disk
05-03 21:33:27.662 1697 2163 I BackupManagerService: Found stale backup journal, scheduling
05-03 21:33:28.220 1697 1710 I UsageStatsDatabase: Time changed by +7h0m0s81ms. files deleted: 0 files moved: 4
05-03 21:33:28.224 1697 1710 I UsageStatsService: User[0] Rollover scheduled @ 2018-05-04 21:32:45(1525444365304)
05-03 21:33:28.317 1697 2301 I ActivityManager: Start proc 2449:com.google.process.gapps/u0a15 for content provider com.google.android.gsf/.gservices.GservicesProvider
05-03 21:33:28.779 1697 1899 I ActivityManager: Start proc 2468:com.google.android.googlequicksearchbox:search/u0a41 for service com.google.android.googlequicksearchbox/com.google.android.hotword.service.HotwordService
05-03 21:33:31.542 1697 1899 I ActivityManager: Start proc 2534:com.google.android.gms/u0a15 for service com.google.android.gms/.ads.identifier.service.AdvertisingIdService
05-03 21:33:32.309 1697 1708 I ActivityManager: Start proc 2568:android.process.media/u0a11 for broadcast com.android.providers.downloads/.DownloadReceiver
05-03 21:33:33.842 1697 1697 V BackupManagerService: Connected to transport ComponentInfo{com.google.android.gms/com.google.android.gms.backup.BackupTransportService}
05-03 21:33:33.843 1697 1697 V BackupManagerService: Registering transport com.google.android.gms/.backup.BackupTransportService::com.google.android.gms/.backup.BackupTransportService = com.android.internal.backup.IBackupTransport$Stub$Proxy@a6330af
05-03 21:33:34.407 1697 1708 I ActivityManager: Start proc 2641:com.cyanogenmod.eleven/u0a14 for broadcast com.cyanogenmod.eleven/.appwidgets.AppWidgetLarge
05-03 21:33:34.504 2223 2223 W KeyphraseEnrollmentInfo: No Enrollment application supports the given keyphrase/locale
05-03 21:33:34.865 1697 1899 I ActivityManager: Start proc 2668:com.google.android.partnersetup/u0a21 for content provider com.google.android.partnersetup/.RlzAppProvider
05-03 21:33:35.676 1697 1899 I ActivityManager: Start proc 2696:com.cyanogenmod.lockclock/u0a62 for broadcast com.cyanogenmod.lockclock/.ClockWidgetProvider
05-03 21:33:35.709 1697 2301 I ActivityManager: Start proc 2708:com.google.android.gms.unstable/u0a15 for service com.google.android.gms/.droidguard.DroidGuardService
05-03 21:33:36.375 1697 2301 I ActivityManager: Start proc 2773:org.cyanogenmod.cmparts/1000 for broadcast org.cyanogenmod.cmparts/.BootReceiver
05-03 21:33:37.177 1697 1697 I ActivityManager: Start proc 2819:com.android.dialer/u0a22 for broadcast com.android.dialer/.calllog.CallLogReceiver
05-03 21:33:37.323 1697 2818 I BootReceiver: Copying audit failures to DropBox
05-03 21:33:37.323 1697 2818 I BootReceiver: Checking for fsck errors
05-03 21:33:38.385 1697 1899 I ActivityManager: Start proc 2845:com.android.carrierconfig/u0a6 for service com.android.carrierconfig/.DefaultCarrierConfigService
05-03 21:33:38.396 1697 2808 I ActivityManager: Start proc 2859:com.android.calendar/u0a50 for broadcast com.android.calendar/.alerts.AlertReceiver
05-03 21:33:38.510 1697 1697 I Telecom : PhoneAccountRegistrar: SimCallManager queried, returning: null: TSI.gSCMFU@AAs
05-03 21:33:38.602 1697 2808 I ActivityManager: Start proc 2880:android.process.acore/u0a0 for content provider com.android.providers.contacts/.CallLogProvider
05-03 21:33:38.866 1697 2293 I ActivityManager: Start proc 2905:com.android.managedprovisioning/u0a24 for broadcast com.android.managedprovisioning/.BootReminder
05-03 21:33:39.062 1697 2293 I ActivityManager: Start proc 2931:com.android.messaging/u0a72 for broadcast com.android.messaging/.receiver.BootAndPackageReplacedReceiver
05-03 21:33:39.786 1697 1763 I ActivityManager: Start proc 2963:com.android.vending/u0a40 for broadcast com.android.vending/com.google.android.finsky.boothandler.BootCompletedReceiver
05-03 21:33:42.412 1697 2980 I ActivityManager: Start proc 3030:com.farmerbb.taskbar.androidx86/u0a31 for broadcast com.farmerbb.taskbar.androidx86/com.farmerbb.taskbar.receiver.BootReceiver
05-03 21:33:42.614 1697 2301 I ActivityManager: Start proc 3049:com.google.android.configupdater/u0a8 for broadcast com.google.android.configupdater/.CertPin.CertPinUpdateRequestReceiver
05-03 21:33:42.807 1697 2118 I ActivityManager: Start proc 3080:com.google.android.gm/u0a73 for broadcast com.google.android.gm/.GoogleMailDeviceStartupReceiver
05-03 21:33:43.243 3080 3100 D ActivityThread: Loading provider com.google.android.gmail.provider;com.android.mail.notifier;com.google.android.gm.email.provider;com.google.android.gm.tasks.provider;com.google.android.gm.email.notifier: com.android.email.provider.EmailProvider
05-03 21:33:43.483 1697 2301 W ActivityManager: Unable to start service Intent { cmp=com.google.android.gm.exchange/com.android.exchange.service.EasService } U=0: not found
05-03 21:33:43.892 1697 2980 I ActivityManager: Killing 2061:com.android.cellbroadcastreceiver/u0a10 (adj 906): empty #17
05-03 21:33:43.904 1697 2980 D ActivityManager: cleanUpApplicationRecord -- 2061
05-03 21:33:43.920 1697 2980 W ActivityManager: Unable to start service Intent { cmp=com.google.android.gm/com.android.email.service.AttachmentService } U=0: not found
05-03 21:33:43.925 1697 2798 I ActivityManager: Killing 2104:org.cyanogenmod.weather.provider/u0a39 (adj 906): empty #17
05-03 21:33:43.943 1697 2118 D ActivityManager: cleanUpApplicationRecord -- 2104
05-03 21:33:43.961 1697 2301 W ActivityManager: Unable to start service Intent { cmp=com.google.android.gm.exchange/com.android.exchange.service.EasService } U=0: not found
05-03 21:33:44.157 1697 3121 I ActivityManager: Start proc 3127:com.google.android.onetimeinitializer/u0a20 for broadcast com.google.android.onetimeinitializer/.OneTimeInitializerReceiver
05-03 21:33:44.295 1697 1899 I BroadcastQueue: Delay finish: com.google.android.partnersetup/.GooglePartnerSetup
05-03 21:33:44.305 1697 1899 I BroadcastQueue: Resuming delayed broadcast
05-03 21:33:44.307 1697 1899 I BroadcastQueue: Delay finish: com.google.android.partnersetup/.RlzPingBroadcastReceiver
05-03 21:33:44.309 1697 1899 I BroadcastQueue: Resuming delayed broadcast
05-03 21:33:44.319 1697 1899 I ActivityManager: Start proc 3154:com.google.process.gapps/u0a57 for broadcast com.google.android.syncadapters.contacts/.ContactsSyncAdapterBroadcastReceiver
05-03 21:33:44.364 1697 2798 I ActivityManager: Killing 2380:com.google.android.youtube/u0a75 (adj 906): empty #17
05-03 21:33:44.382 1697 1899 D ActivityManager: cleanUpApplicationRecord -- 2380
05-03 21:33:44.948 1697 1899 I ActivityManager: Start proc 3176:com.google.android.youtube/u0a75 for broadcast com.google.android.youtube/com.google.android.libraries.youtube.mdx.background.MdxBackgroundScanBootReceiver
05-03 21:33:44.980 1697 1708 I ActivityManager: Killing 1885:com.android.settings/1000 (adj 906): empty #17
05-03 21:33:44.998 1697 1899 D ActivityManager: cleanUpApplicationRecord -- 1885
05-03 21:33:45.068 1697 3206 I ActivityManager: Killing 2306:com.android.keychain/1000 (adj 906): empty #17
05-03 21:33:45.081 1697 1899 D ActivityManager: cleanUpApplicationRecord -- 2306
05-03 21:33:45.120 1697 1708 I ActivityManager: Start proc 3250:org.lineageos.updater/u0a37 for broadcast org.lineageos.updater/.UpdaterReceiver
05-03 21:33:45.536 1697 1708 I ActivityManager: Killing 2253:com.android.printspooler/u0a68 (adj 906): empty #17
05-03 21:33:45.547 1697 1899 D ActivityManager: cleanUpApplicationRecord -- 2253
05-03 21:33:45.859 1697 2293 I ActivityManager: Start proc 3334:com.android.cellbroadcastreceiver/u0a10 for broadcast com.android.cellbroadcastreceiver/.CellBroadcastReceiver
05-03 21:33:45.860 1697 2293 I ActivityManager: Killing 2641:com.cyanogenmod.eleven/u0a14 (adj 906): empty #17
05-03 21:33:45.873 1697 2293 D ActivityManager: cleanUpApplicationRecord -- 2641
05-03 21:33:45.890 1697 2293 I ActivityManager: Killing 2819:com.android.dialer/u0a22 (adj 906): empty #17
05-03 21:33:45.903 1697 2293 I ActivityManager: Start proc 3352:com.android.settings/1000 for broadcast com.android.settings/.sim.SimSelectNotification
05-03 21:33:45.907 1697 2808 D ActivityManager: cleanUpApplicationRecord -- 2819
05-03 21:33:45.934 1697 2118 I ActivityManager: Killing 2845:com.android.carrierconfig/u0a6 (adj 906): empty #17
05-03 21:33:45.946 1697 2293 D ActivityManager: cleanUpApplicationRecord -- 2845
05-03 21:33:48.061 1697 3121 I ActivityManager: Start proc 3426:com.google.android.gms.ui/u0a15 for service com.google.android.gms/.chimera.UiIntentOperationService
05-03 21:33:50.889 1697 1711 I ActivityManager: Waited long enough for: ServiceRecord{fd2b267 u0 com.cyanogenmod.lockclock/.weather.WeatherSourceListenerService}
05-03 21:33:50.889 1697 1711 I ActivityManager: Waited long enough for: ServiceRecord{1bb8814 u0 com.cyanogenmod.lockclock/.DeviceStatusService}
05-03 21:33:52.639 2165 2165 E ActivityThread: Failed to find provider info for com.google.android.gms.common.phenotype
05-03 21:33:53.560 1697 1710 I ActivityManager: Start proc 3591:com.android.printspooler/u0a68 for service com.android.printspooler/.model.PrintSpoolerService
05-03 21:33:53.818 1697 1711 I ActivityManager: Waited long enough for: ServiceRecord{67aaf04 u0 com.android.calendar/.alerts.InitAlarmsService}
05-03 21:33:56.811 1697 3121 I ActivityManager: Killing 2905:com.android.managedprovisioning/u0a24 (adj 906): empty #17
05-03 21:33:56.823 1697 3121 D ActivityManager: cleanUpApplicationRecord -- 2905
05-03 21:33:57.077 1697 3121 D PackageManager: Ignoring attempt to set enabled state of disabled component com.google.android.gsf/com.google.android.gsf.update.SystemUpdateActivity
05-03 21:33:57.077 1697 3625 D PackageManager: Ignoring attempt to set enabled state of disabled component com.google.android.gsf/com.google.android.gsf.update.SystemUpdateService$SecretCodeReceiver
05-03 21:33:57.078 1697 3121 D PackageManager: Ignoring attempt to set enabled state of disabled component com.google.android.gsf/com.google.android.gsf.update.SystemUpdateService$Receiver
05-03 21:33:58.618 1697 3630 I ActivityManager: Killing 2931:com.android.messaging/u0a72 (adj 906): empty #17
05-03 21:33:58.635 1697 3630 D ActivityManager: cleanUpApplicationRecord -- 2931
05-03 21:34:08.825 1697 3640 I ActivityManager: Killing 3030:com.farmerbb.taskbar.androidx86/u0a31 (adj 906): empty #17
05-03 21:34:08.838 1697 1763 D ActivityManager: cleanUpApplicationRecord -- 3030
05-03 21:34:10.732 1697 3640 I ActivityManager: Killing 3127:com.google.android.onetimeinitializer/u0a20 (adj 906): empty #17
05-03 21:34:10.732 1697 3640 I ActivityManager: Killing 3049:com.google.android.configupdater/u0a8 (adj 906): empty #18
05-03 21:34:10.747 1697 3121 D ActivityManager: cleanUpApplicationRecord -- 3127
05-03 21:34:10.751 1697 3121 D ActivityManager: cleanUpApplicationRecord -- 3049
05-03 21:34:10.887 1782 1782 D ViewRootImpl[NavigationBar]: updatePointerIcon called with position out of bounds
05-03 21:34:11.027 1782 1782 D ViewRootImpl[StatusBar]: updatePointerIcon called with position out of bounds
05-03 21:34:11.041 1782 1782 D ViewRootImpl[StatusBar]: updatePointerIcon called with position out of bounds
05-03 21:34:11.058 1782 1782 D ViewRootImpl[StatusBar]: updatePointerIcon called with position out of bounds
05-03 21:34:11.074 1782 1782 D ViewRootImpl[StatusBar]: updatePointerIcon called with position out of bounds
05-03 21:34:11.091 1782 1782 D ViewRootImpl[StatusBar]: updatePointerIcon called with position out of bounds
05-03 21:34:11.107 1782 1782 D ViewRootImpl[StatusBar]: updatePointerIcon called with position out of bounds
05-03 21:34:11.124 1782 1782 D ViewRootImpl[StatusBar]: updatePointerIcon called with position out of bounds
05-03 21:34:11.132 1697 3640 I ActivityManager: Setting hasTopUi=true for pid=1782
05-03 21:34:11.135 1782 1782 D ViewRootImpl[StatusBar]: updatePointerIcon called with position out of bounds
05-03 21:34:12.335 1697 1738 W ActivityManager: Unable to start service Intent { act=com.google.android.gms.drive.ApiService.RESET_AFTER_BOOT flg=0x4 cmp=com.google.android.gms/.drive.api.ApiService (has extras) } U=0: not found
05-03 21:34:12.629 1782 1782 D ViewRootImpl[NavigationBar]: updatePointerIcon called with position out of bounds
05-03 21:34:12.933 1697 3640 I ActivityManager: START u0 {act=android.settings.SETTINGS flg=0x14000000 cmp=com.android.settings/.Settings} from uid 10033 on display 0
05-03 21:34:12.934 1697 3121 E ActivityManager: applyOptionsLocked: Unknown animationType=0
05-03 21:34:13.261 1697 3121 I ActivityManager: Setting hasTopUi=false for pid=1782
05-03 21:34:13.806 1697 3679 I ProcessStatsService: Added stats: 2018-05-03-20-54-07, over +37m46s947ms
05-03 21:34:13.816 3352 3669 I StorageManager: readLong(): Path doesn't exist: /sys/block/mmcblk0/size: java.io.FileNotFoundException: /sys/block/mmcblk0/size (No such file or directory)
05-03 21:34:14.610 1697 1711 I ActivityManager: Start proc 3723:com.android.vending:instant_app_installer/u0a40 for broadcast com.android.vending/com.google.android.finsky.instantapps.PhenotypeUpdateReceiver
05-03 21:34:14.702 1697 2808 E BatteryStatsService: no controller energy info supplied
05-03 21:34:14.702 1697 2808 E BatteryStatsService: no controller energy info supplied
05-03 21:34:14.706 1697 2808 E KernelCpuSpeedReader: Failed to read cpu-freq: /sys/devices/system/cpu/cpu0/cpufreq/stats/time_in_state (No such file or directory)
05-03 21:34:14.739 1697 2808 E BatteryStatsService: modem info is invalid: ModemActivityInfo{ mTimestamp=0 mSleepTimeMs=0 mIdleTimeMs=0 mTxTimeMs[]=[0, 0, 0, 0, 0] mRxTimeMs=0 mEnergyUsed=0}
05-03 21:34:19.665 1697 3488 I ActivityManager: START u0 {flg=0x8000 cmp=com.android.settings/.Settings$DeviceInfoSettingsActivity (has extras)} from uid 1000 on display 0
05-03 21:34:20.308 3352 3352 W ViewRootImpl[Settings]: Cancelling event due to no window focus: MotionEvent { action=ACTION_CANCEL, actionButton=0, id[0]=0, x[0]=347.91083, y[0]=664.25226, toolType[0]=TOOL_TYPE_FINGER, buttonState=0, metaState=0, flags=0x0, edgeFlags=0x0, pointerCount=1, historySize=0, eventTime=135551, downTime=134604, deviceId=2, source=0x2002 }
05-03 21:34:20.308 3352 3352 W ViewRootImpl[Settings]: Cancelling event due to no window focus: MotionEvent { action=ACTION_CANCEL, actionButton=0, id[0]=0, x[0]=347.91083, y[0]=664.25226, toolType[0]=TOOL_TYPE_FINGER, buttonState=0, metaState=0, flags=0x0, edgeFlags=0x0, pointerCount=1, historySize=0, eventTime=135551, downTime=134604, deviceId=2, source=0x2002 }
05-03 21:34:20.308 3352 3352 W ViewRootImpl[Settings]: Cancelling event due to no window focus: MotionEvent { action=ACTION_CANCEL, actionButton=0, id[0]=0, x[0]=347.91083, y[0]=664.25226, toolType[0]=TOOL_TYPE_FINGER, buttonState=0, metaState=0, flags=0x0, edgeFlags=0x0, pointerCount=1, historySize=0, eventTime=135551, downTime=134604, deviceId=2, source=0x2002 }
05-03 21:34:20.309 3352 3352 W ViewRootImpl[Settings]: Cancelling event due to no window focus: MotionEvent { action=ACTION_CANCEL, actionButton=0, id[0]=0, x[0]=347.91083, y[0]=664.25226, toolType[0]=TOOL_TYPE_FINGER, buttonState=0, metaState=0, flags=0x0, edgeFlags=0x0, pointerCount=1, historySize=0, eventTime=135551, downTime=134604, deviceId=2, source=0x2002 }
05-03 21:34:23.253 1697 3807 I ProcessStatsService: Added stats: 2018-05-03-20-54-07, over +37m46s947ms
05-03 21:34:23.290 3352 3669 I StorageManager: readLong(): Path doesn't exist: /sys/block/mmcblk0/size: java.io.FileNotFoundException: /sys/block/mmcblk0/size (No such file or directory)
05-03 21:34:23.499 1697 3807 E BatteryStatsService: no controller energy info supplied
05-03 21:34:23.499 1697 3807 E BatteryStatsService: no controller energy info supplied
05-03 21:34:23.499 1697 3807 E KernelCpuSpeedReader: Failed to read cpu-freq: /sys/devices/system/cpu/cpu0/cpufreq/stats/time_in_state (No such file or directory)
05-03 21:34:23.500 1697 3807 E BatteryStatsService: modem info is invalid: ModemActivityInfo{ mTimestamp=0 mSleepTimeMs=0 mIdleTimeMs=0 mTxTimeMs[]=[0, 0, 0, 0, 0] mRxTimeMs=0 mEnergyUsed=0}
05-03 21:34:25.602 1697 3625 I ActivityManager: START u0 {flg=0x8000 cmp=com.android.settings/.Settings$AccessibilitySettingsActivity (has extras)} from uid 1000 on display 0
05-03 21:34:26.139 3352 3352 W ViewRootImpl[Settings]: Cancelling event due to no window focus: MotionEvent { action=ACTION_CANCEL, actionButton=0, id[0]=0, x[0]=408.82578, y[0]=522.6841, toolType[0]=TOOL_TYPE_FINGER, buttonState=0, metaState=0, flags=0x0, edgeFlags=0x0, pointerCount=1, historySize=0, eventTime=141382, downTime=140545, deviceId=2, source=0x2002 }
05-03 21:34:26.139 3352 3352 W ViewRootImpl[Settings]: Cancelling event due to no window focus: MotionEvent { action=ACTION_CANCEL, actionButton=0, id[0]=0, x[0]=408.82578, y[0]=522.6841, toolType[0]=TOOL_TYPE_FINGER, buttonState=0, metaState=0, flags=0x0, edgeFlags=0x0, pointerCount=1, historySize=0, eventTime=141382, downTime=140545, deviceId=2, source=0x2002 }
05-03 21:34:26.139 3352 3352 W ViewRootImpl[Settings]: Cancelling event due to no window focus: MotionEvent { action=ACTION_CANCEL, actionButton=0, id[0]=0, x[0]=408.82578, y[0]=522.6841, toolType[0]=TOOL_TYPE_FINGER, buttonState=0, metaState=0, flags=0x0, edgeFlags=0x0, pointerCount=1, historySize=0, eventTime=141382, downTime=140545, deviceId=2, source=0x2002 }
05-03 21:34:26.139 3352 3352 W ViewRootImpl[Settings]: Cancelling event due to no window focus: MotionEvent { action=ACTION_CANCEL, actionButton=0, id[0]=0, x[0]=408.82578, y[0]=522.6841, toolType[0]=TOOL_TYPE_FINGER, buttonState=0, metaState=0, flags=0x0, edgeFlags=0x0, pointerCount=1, historySize=0, eventTime=141382, downTime=140545, deviceId=2, source=0x2002 }
05-03 21:34:42.273 1697 2808 I ActivityManager: START u0 {act=android.intent.action.MAIN cmp=com.android.settings/.SubSettings (has extras)} from uid 1000 on display 0
05-03 21:34:46.720 1697 3630 I ActivityManager: Killing 2668:com.google.android.partnersetup/u0a21 (adj 906): empty #17
05-03 21:34:46.738 1697 3505 D ActivityManager: cleanUpApplicationRecord -- 2668
05-03 21:34:47.868 1697 3563 I ProcessStatsService: Added stats: 2018-05-03-20-54-07, over +37m46s947ms
05-03 21:34:47.915 3352 3669 I StorageManager: readLong(): Path doesn't exist: /sys/block/mmcblk0/size: java.io.FileNotFoundException: /sys/block/mmcblk0/size (No such file or directory)
05-03 21:34:48.088 1697 3505 E BatteryStatsService: no controller energy info supplied
05-03 21:34:48.088 1697 3505 E BatteryStatsService: no controller energy info supplied
05-03 21:34:48.088 1697 3505 E KernelCpuSpeedReader: Failed to read cpu-freq: /sys/devices/system/cpu/cpu0/cpufreq/stats/time_in_state (No such file or directory)
05-03 21:34:48.089 1697 3505 E BatteryStatsService: modem info is invalid: ModemActivityInfo{ mTimestamp=0 mSleepTimeMs=0 mIdleTimeMs=0 mTxTimeMs[]=[0, 0, 0, 0, 0] mRxTimeMs=0 mEnergyUsed=0}
05-03 21:34:51.336 1697 3505 I ActivityManager: START u0 {flg=0x8000 cmp=com.android.settings/.Settings$DisplaySettingsActivity (has extras)} from uid 1000 on display 0
05-03 21:34:51.348 1697 3505 E UserRestrictionsUtils: Unknown restriction: null
05-03 21:34:51.348 1697 3505 E UserRestrictionsUtils: Unknown restriction: null
05-03 21:34:51.692 1697 2798 W DreamManagerService: Dream ComponentInfo{com.google.android.deskclock/com.android.deskclock.Screensaver} does not exist
05-03 21:34:51.692 1697 2798 W DreamManagerService: Falling back to default dream ComponentInfo{com.google.android.deskclock/com.android.deskclock.Screensaver}
05-03 21:34:59.592 1697 2293 I ActivityManager: START u0 {act=org.cyanogenmod.cmparts.parts.livedisplay cmp=org.cyanogenmod.cmparts/.PartsActivity} from uid 1000 on display 0 --------- beginning of main
05-03 21:34:59.983 2773 3838 I EGL-DRI2: found extension DRI_RENDERER_QUERY version 1
05-03 21:34:59.983 2773 3838 I EGL-DRI2: found extension DRI_CONFIG_QUERY version 1
05-03 21:34:59.983 2773 3838 I EGL-DRI2: found extension DRI_Robustness version 1
05-03 21:34:59.983 2773 3838 I OpenGLRenderer: Initialized EGL, version 1.4
05-03 21:34:59.983 2773 3838 D OpenGLRenderer: Swap behavior 2
05-03 21:35:00.803 3352 3352 W ViewRootImpl[Settings$DisplaySettingsActivity]: Cancelling event due to no window focus: MotionEvent { action=ACTION_CANCEL, actionButton=0, id[0]=0, x[0]=456.2088, y[0]=238.85074, toolType[0]=TOOL_TYPE_FINGER, buttonState=0, metaState=0, flags=0x0, edgeFlags=0x0, pointerCount=1, historySize=0, eventTime=176045, downTime=174523, deviceId=2, source=0x2002 }
05-03 21:35:00.803 3352 3352 W ViewRootImpl[Settings$DisplaySettingsActivity]: Cancelling event due to no window focus: MotionEvent { action=ACTION_CANCEL, actionButton=0, id[0]=0, x[0]=456.2088, y[0]=238.85074, toolType[0]=TOOL_TYPE_FINGER, buttonState=0, metaState=0, flags=0x0, edgeFlags=0x0, pointerCount=1, historySize=0, eventTime=176045, downTime=174523, deviceId=2, source=0x2002 }
05-03 21:35:00.803 3352 3352 W ViewRootImpl[Settings$DisplaySettingsActivity]: Cancelling event due to no window focus: MotionEvent { action=ACTION_CANCEL, actionButton=0, id[0]=0, x[0]=456.2088, y[0]=238.85074, toolType[0]=TOOL_TYPE_FINGER, buttonState=0, metaState=0, flags=0x0, edgeFlags=0x0, pointerCount=1, historySize=0, eventTime=176045, downTime=174523, deviceId=2, source=0x2002 }
05-03 21:35:00.803 3352 3352 W ViewRootImpl[Settings$DisplaySettingsActivity]: Cancelling event due to no window focus: MotionEvent { action=ACTION_CANCEL, actionButton=0, id[0]=0, x[0]=456.2088, y[0]=238.85074, toolType[0]=TOOL_TYPE_FINGER, buttonState=0, metaState=0, flags=0x0, edgeFlags=0x0, pointerCount=1, historySize=0, eventTime=176045, downTime=174523, deviceId=2, source=0x2002 }
05-03 21:35:03.529 1404 1669 I audio_hw_primary: choose pcmC1D0p for 0
05-03 21:35:04.157 2773 2773 D ViewRootImpl[PartsActivity]: updatePointerIcon called with position out of bounds
05-03 21:35:04.174 2773 2773 D ViewRootImpl[PartsActivity]: updatePointerIcon called with position out of bounds
05-03 21:35:04.191 2773 2773 D ViewRootImpl[PartsActivity]: updatePointerIcon called with position out of bounds
05-03 21:35:04.207 2773 2773 D ViewRootImpl[PartsActivity]: updatePointerIcon called with position out of bounds
05-03 21:35:04.224 2773 2773 D ViewRootImpl[PartsActivity]: updatePointerIcon called with position out of bounds
05-03 21:35:04.241 2773 2773 D ViewRootImpl[PartsActivity]: updatePointerIcon called with position out of bounds
05-03 21:35:04.257 2773 2773 D ViewRootImpl[PartsActivity]: updatePointerIcon called with position out of bounds
05-03 21:35:04.274 2773 2773 D ViewRootImpl[PartsActivity]: updatePointerIcon called with position out of bounds
05-03 21:35:04.290 2773 2773 D ViewRootImpl[PartsActivity]: updatePointerIcon called with position out of bounds
05-03 21:35:04.307 2773 2773 D ViewRootImpl[PartsActivity]: updatePointerIcon called with position out of bounds
05-03 21:35:04.324 2773 2773 D ViewRootImpl[PartsActivity]: updatePointerIcon called with position out of bounds
05-03 21:35:04.341 2773 2773 D ViewRootImpl[PartsActivity]: updatePointerIcon called with position out of bounds
05-03 21:35:04.357 2773 2773 D ViewRootImpl[PartsActivity]: updatePointerIcon called with position out of bounds
05-03 21:35:04.374 2773 2773 D ViewRootImpl[PartsActivity]: updatePointerIcon called with position out of bounds
05-03 21:35:04.390 2773 2773 D ViewRootImpl[PartsActivity]: updatePointerIcon called with position out of bounds
05-03 21:35:04.407 2773 2773 D ViewRootImpl[PartsActivity]: updatePointerIcon called with position out of bounds
05-03 21:35:05.347 2773 2773 D ViewRootImpl[PartsActivity]: updatePointerIcon called after view was removed
05-03 21:35:05.347 2773 2773 W InputEventReceiver: Attempted to finish an input event but the input event receiver has already been disposed.
05-03 21:35:05.347 2773 2773 W ViewRootImpl[PartsActivity]: Dropping event due to root view being removed: MotionEvent { action=ACTION_HOVER_ENTER, actionButton=0, id[0]=0, x[0]=65.835236, y[0]=146.76224, toolType[0]=TOOL_TYPE_FINGER, buttonState=0, metaState=0, flags=0x0, edgeFlags=0x0, pointerCount=1, historySize=0, eventTime=180587, downTime=180287, deviceId=2, source=0x2002 }
05-03 21:35:05.347 2773 2773 W InputEventReceiver: Attempted to finish an input event but the input event receiver has already been disposed.
05-03 21:35:05.347 2773 2773 W ViewRootImpl[PartsActivity]: Dropping event due to root view being removed: MotionEvent { action=ACTION_HOVER_MOVE, actionButton=0, id[0]=0, x[0]=65.835236, y[0]=146.76224, toolType[0]=TOOL_TYPE_FINGER, buttonState=0, metaState=0, flags=0x0, edgeFlags=0x0, pointerCount=1, historySize=0, eventTime=180587, downTime=180287, deviceId=2, source=0x2002 }
05-03 21:35:05.347 2773 2773 W InputEventReceiver: Attempted to finish an input event but the input event receiver has already been disposed.
05-03 21:35:05.347 1697 3478 W InputMethodManagerService: Window already focused, ignoring focus gain of: com.android.internal.view.IInputMethodClient$Stub$Proxy@1fa5745 attribute=null, token = android.os.BinderProxy@a371078
05-03 21:35:08.795 1404 1669 I audio_hw_primary: choose pcmC1D0p for 0
05-03 21:35:09.276 2773 2773 D ViewRootImpl[PartsActivity]: updatePointerIcon called with position out of bounds
