05-03 21:47:29.737 5633 5633 W dex2oat : /system/bin/dex2oat --runtime-arg -classpath --runtime-arg & --instruction-set=x86 --instruction-set-features=smp,ssse3,sse4.1,sse4.2,-avx,-avx2,-lock_add,popcnt --runtime-arg -Xrelocate --boot-image=/system/framework/boot.art --runtime-arg -Xms64m --runtime-arg -Xmx512m --instruction-set-variant=x86 --instruction-set-features=default --dex-file=/data/user/0/com.mobile.legends/cache/1516407526388.jar --oat-fd=131 --oat-location=/data/user/0/com.mobile.legends/cache/1516407526388.dex --compiler-filter=speed
05-03 21:47:29.737 5633 5633 I dex2oat : /system/bin/dex2oat --dex-file=/data/user/0/com.mobile.legends/cache/1516407526388.jar --oat-fd=131 --oat-location=/data/user/0/com.mobile.legends/cache/1516407526388.dex --compiler-filter=speed
05-03 21:47:29.737 5633 5633 E cutils-trace: Error opening trace file: Permission denied (13)
05-03 21:47:29.801 5110 5355 W GamesServiceBroker: Client connected with SDK 10298000, Services 12529025, and Games 57060080
05-03 21:47:29.856 5110 5644 W DynamiteModule: Local module descriptor class for com.google.android.gms.googlecertificates not found.
05-03 21:47:29.857 5110 5644 I DynamiteModule: Considering local module com.google.android.gms.googlecertificates:0 and remote module com.google.android.gms.googlecertificates:4
05-03 21:47:29.857 5110 5644 I DynamiteModule: Selected remote version of com.google.android.gms.googlecertificates, version >= 4
05-03 21:47:29.859 5110 5644 W System : ClassLoader referenced unknown path: /data/user_de/0/com.google.android.gms/app_chimera/m/00000005/n/x86_64
05-03 21:47:29.859 5110 5644 W System : ClassLoader referenced unknown path: /data/user_de/0/com.google.android.gms/app_chimera/m/00000005/n/arm64-v8a
05-03 21:47:29.866 5110 5646 W GamesServiceBroker: Client connected with SDK 12651000, Services 12529025, and Games 57060080
05-03 21:47:29.886 5458 5479 E Unity : Unable to find libmoba
05-03 21:47:29.901 5458 5479 E Unity : Unable to find libmoba
05-03 21:47:29.902 5458 5479 E Unity : Unable to find libmoba
05-03 21:47:29.904 5458 5479 E Unity : Unable to find libmoba
05-03 21:47:29.915 5458 5479 E Unity : Unable to find libmoba
05-03 21:47:29.916 5458 5479 E Unity : Unable to find libmoba
05-03 21:47:29.917 5458 5479 E Unity : Unable to find libmoba
05-03 21:47:29.919 5458 5479 E Unity : Unable to find libmoba
05-03 21:47:29.928 5110 5646 W GamesServiceBroker: Client connected with SDK 12651000, Services 12529025, and Games 57060080
05-03 21:47:29.942 5458 5479 E Unity : Unable to find libmoba
05-03 21:47:29.943 5458 5479 E Unity : Unable to find libmoba
05-03 21:47:29.950 5458 5479 E Unity : Unable to find libmoba
05-03 21:47:29.951 5458 5479 E Unity : Unable to find libmoba
05-03 21:47:29.952 5458 5479 E Unity : Unable to find libmoba
05-03 21:47:29.953 5458 5479 E Unity : Unable to find libmoba
05-03 21:47:29.961 5458 5479 E Unity : Unable to find libmoba
05-03 21:47:29.962 5458 5479 E Unity : Unable to find libmoba
05-03 21:47:29.963 5458 5479 E Unity : Unable to find libmoba
05-03 21:47:29.964 5458 5479 E Unity : Unable to find libmoba
05-03 21:47:29.965 5458 5479 E Unity : Unable to find libmoba
05-03 21:47:29.966 5458 5479 E Unity : Unable to find libmoba
05-03 21:47:29.968 5458 5479 E Unity : Unable to find libmoba
05-03 21:47:29.969 5458 5479 E Unity : Unable to find libmoba
05-03 21:47:29.981 5458 5479 E Unity : Unable to find libmoba
05-03 21:47:29.982 5458 5479 E Unity : Unable to find libmoba
05-03 21:47:29.983 5458 5479 E Unity : Unable to find libmoba
05-03 21:47:29.984 5458 5479 E Unity : Unable to find libmoba
05-03 21:47:29.986 5458 5479 E Unity : Unable to find libmoba
05-03 21:47:29.987 5458 5479 E Unity : Unable to find libmoba
05-03 21:47:29.991 5458 5479 E Unity : Unable to find libmoba
05-03 21:47:29.993 5458 5479 E Unity : Unable to find libmoba
05-03 21:47:29.994 5458 5479 E Unity : Unable to find libmoba
05-03 21:47:29.996 5458 5479 E Unity : Unable to find libmoba
05-03 21:47:29.997 5458 5479 E Unity : Unable to find libmoba
05-03 21:47:29.998 5458 5479 E Unity : Unable to find libmoba
05-03 21:47:30.009 5458 5479 E Unity : Unable to find libmoba
05-03 21:47:30.010 5458 5479 E Unity : Unable to find libmoba
05-03 21:47:30.011 5458 5479 E Unity : Unable to find libmoba
05-03 21:47:30.013 5458 5479 E Unity : Unable to find libmoba
05-03 21:47:30.014 5458 5479 E Unity : Unable to find libmoba
05-03 21:47:30.041 5458 5479 E Unity : Unable to find libmoba
05-03 21:47:30.043 5458 5479 E Unity : Unable to find libmoba
05-03 21:47:30.046 5458 5479 E Unity : Unable to find libmoba
05-03 21:47:30.047 5458 5479 E Unity : Unable to find libmoba
05-03 21:47:30.049 5458 5479 E Unity : Unable to find libmoba
05-03 21:47:30.050 5458 5479 E Unity : Unable to find libmoba
05-03 21:47:30.051 5458 5479 E Unity : Unable to find libmoba
05-03 21:47:30.053 5458 5479 E Unity : Unable to find libmoba
05-03 21:47:30.062 5458 5479 E Unity : Unable to find libmoba
05-03 21:47:30.065 5458 5479 E Unity : Unable to find libmoba
05-03 21:47:30.067 5458 5479 E Unity : Unable to find libmoba
05-03 21:47:30.073 5458 5479 E Unity : Unable to find libmoba
05-03 21:47:30.075 5458 5479 E Unity : Unable to find libmoba
05-03 21:47:30.078 5458 5479 E Unity : Unable to find libmoba
05-03 21:47:30.079 5458 5479 E Unity : Unable to find libmoba
05-03 21:47:30.232 5458 5479 E Unity : Unable to find libmoba
05-03 21:47:30.286 5110 5646 W GamesServiceBroker: Client connected with SDK 12651000, Services 12529025, and Games 57060080
05-03 21:47:30.683 5458 5479 E Unity : Unable to find libmoba
05-03 21:47:30.991 5633 5633 I dex2oat : dex2oat took 1.254s (threads: 4) arena alloc=856KB (877160B) java alloc=62KB (63960B) native alloc=1204KB (1232936B) free=2MB (2437080B)
05-03 21:47:31.122 5458 5628 W art : Before Android 4.1, method double java.util.concurrent.ThreadLocalRandom.internalNextDouble(double, double) would have incorrectly overridden the package-private method in java.util.Random
05-03 21:47:31.122 5458 5628 W art : Before Android 4.1, method int java.util.concurrent.ThreadLocalRandom.internalNextInt(int, int) would have incorrectly overridden the package-private method in java.util.Random
05-03 21:47:31.122 5458 5628 W art : Before Android 4.1, method long java.util.concurrent.ThreadLocalRandom.internalNextLong(long, long) would have incorrectly overridden the package-private method in java.util.Random
05-03 21:47:31.252 5458 5626 D AppsFlyer_4.7.3: response code: 200
05-03 21:47:31.986 2165 3405 W GLSUser : [DeviceKeyStore] Cannot load key: Device key file not found.
05-03 21:47:31.986 2165 3405 W GLSUser : [DeviceKeyStore] Cannot load key: Device key file not found.
05-03 21:47:32.373 5110 5646 W GamesServiceBroker: Client connected with SDK 12651000, Services 12529025, and Games 57060080
05-03 21:47:32.380 5110 5645 W GamesServiceBroker: Client connected with SDK 12651000, Services 12529025, and Games 57060080
05-03 21:47:34.556 5110 5645 W GamesServiceBroker: Client connected with SDK 12651000, Services 12529025, and Games 57060080
05-03 21:47:34.801 5110 5644 I GamesDatabaseHelper: Bootstrapping database version: 2200
05-03 21:47:34.968 5110 5841 W art : Long monitor contention with owner PlayGamesAsyncThread1 (5644) at void android.database.sqlite.SQLiteConnection.nativeExecute(long, long)(SQLiteConnection.java:-2) waiters=0 in android.database.sqlite.SQLiteDatabase android.database.sqlite.SQLiteOpenHelper.getWritableDatabase() for 359ms
05-03 21:47:34.979 2165 3405 W GLSUser : [DeviceKeyStore] Cannot load key: Device key file not found.
05-03 21:47:34.979 2165 3405 W GLSUser : [DeviceKeyStore] Cannot load key: Device key file not found.
05-03 21:47:35.806 5110 5645 W GamesServiceBroker: Client connected with SDK 12651000, Services 12529025, and Games 57060080
05-03 21:47:35.808 5110 5644 W DataBroker: No player ID found when refreshing
05-03 21:47:35.811 2165 3405 W GLSUser : [DeviceKeyStore] Cannot load key: Device key file not found.
05-03 21:47:35.811 2165 3405 W GLSUser : [DeviceKeyStore] Cannot load key: Device key file not found.
05-03 21:47:36.325 5458 5479 I Unity : WwiseUnity: Initialize sound engine ...
05-03 21:47:36.325 5458 5479 I Unity :
05-03 21:47:36.325 5458 5479 I Unity : (Filename: ./artifacts/AndroidManagedGenerated/UnityEngineDebug.cpp Line: 56)
05-03 21:47:36.325 5458 5479 I Unity :
05-03 21:47:36.337 5458 5479 I Unity : WwiseUnity: Sound engine initialized.
05-03 21:47:36.337 5458 5479 I Unity :
05-03 21:47:36.337 5458 5479 I Unity : (Filename: ./artifacts/AndroidManagedGenerated/UnityEngineDebug.cpp Line: 56)
05-03 21:47:36.337 5458 5479 I Unity :
05-03 21:47:36.435 5458 5968 W libOpenSLES: Leaving Object::GetInterface (SL_RESULT_FEATURE_UNSUPPORTED)
05-03 21:47:36.435 5458 5968 I libOpenSLES: Emulating old channel mask behavior (ignoring positional mask 0x3, using default mask 0x3 based on channel count of 2)
05-03 21:47:36.435 1404 1677 W AudioFlinger: createTrack_l(): mismatch between requested flags (00000104) and output flags (00000006)
05-03 21:47:36.436 5458 5968 D AudioTrack: Client defaulted notificationFrames to 512 for frameCount 3072
05-03 21:47:36.437 1404 3851 W AudioFlinger: checkEffectCompatibility_l(): non HW effect Equalizer on playback thread in fast mode
05-03 21:47:36.437 2274 3283 E AudioEffect: set(): AudioFlinger could not create effect, status: -22
05-03 21:47:36.437 2274 3283 E AudioEffects-JNI: AudioEffect initCheck failed -3
05-03 21:47:36.437 2274 3283 E AudioEffect-JAVA: Error code -3 when initializing AudioEffect.
05-03 21:47:36.437 2274 3283 E AudioFx-EffectSet: error creatingEffectSet (AndroidEffects) [ mSessionId: 81 mDeviceInfo: android.media.AudioDeviceInfo@1920259 mGlobalEnabled: false ], releasing and throwing!
05-03 21:47:36.437 2274 3283 E AudioFxService: couldn't create effects for session id: 81
05-03 21:47:36.437 2274 3283 E AudioFxService: java.lang.RuntimeException: Cannot initialize effect engine for type: 0bed4300-ddd6-11db-8f34-0002a5d5c51b Error: -3
05-03 21:47:36.437 2274 3283 E AudioFxService: at android.media.audiofx.AudioEffect.(AudioEffect.java:411)
05-03 21:47:36.437 2274 3283 E AudioFxService: at android.media.audiofx.Equalizer.(Equalizer.java:139)
05-03 21:47:36.437 2274 3283 E AudioFxService: at org.cyanogenmod.audiofx.backends.EffectSetWithAndroidEq.onCreate(EffectSetWithAndroidEq.java:39)
05-03 21:47:36.437 2274 3283 E AudioFxService: at org.cyanogenmod.audiofx.backends.AndroidEffects.onCreate(AndroidEffects.java:53)
05-03 21:47:36.437 2274 3283 E AudioFxService: at org.cyanogenmod.audiofx.backends.EffectSet.(EffectSet.java:41)
05-03 21:47:36.437 2274 3283 E AudioFxService: at org.cyanogenmod.audiofx.backends.EffectSetWithAndroidEq.(EffectSetWithAndroidEq.java:34)
05-03 21:47:36.437 2274 3283 E AudioFxService: at org.cyanogenmod.audiofx.backends.AndroidEffects.(AndroidEffects.java:48)
05-03 21:47:36.437 2274 3283 E AudioFxService: at org.cyanogenmod.audiofx.backends.EffectsFactory.createEffectSet(EffectsFactory.java:22)
05-03 21:47:36.437 2274 3283 E AudioFxService: at org.cyanogenmod.audiofx.service.SessionManager$AudioServiceHandler.handleMessage(SessionManager.java:320)
05-03 21:47:36.437 2274 3283 E AudioFxService: at android.os.Handler.dispatchMessage(Handler.java:98)
05-03 21:47:36.437 2274 3283 E AudioFxService: at android.os.Looper.loop(Looper.java:154)
05-03 21:47:36.437 2274 3283 E AudioFxService: at android.os.HandlerThread.run(HandlerThread.java:61)
05-03 21:47:36.488 5110 5645 W GamesServiceBroker: Client connected with SDK 12651000, Services 12529025, and Games 57060080
05-03 21:47:36.493 5110 5645 W GamesServiceBroker: Client connected with SDK 12651000, Services 12529025, and Games 57060080
05-03 21:47:36.506 5110 5645 W GamesServiceBroker: Client connected with SDK 12651000, Services 12529025, and Games 57060080
05-03 21:47:36.567 5110 5188 W Conscrypt: Could not set socket write timeout: java.lang.reflect.InvocationTargetException
05-03 21:47:36.567 5110 5188 W Conscrypt: at java.lang.reflect.Method.invoke(Native Method)
05-03 21:47:36.567 5110 5188 W Conscrypt: at com.google.android.gms.org.conscrypt.Platform.setSocketWriteTimeout(:com.google.android.gms@12529025@12.5.29 (040800-192802242):13)
05-03 21:47:36.567 5110 5188 W Conscrypt: Caused by: android.system.ErrnoException: setsockopt failed: EBADF (Bad file descriptor)
05-03 21:47:36.567 5110 5188 W Conscrypt: at libcore.io.Posix.setsockoptTimeval(Native Method)
05-03 21:47:36.567 5110 5188 W Conscrypt: at libcore.io.ForwardingOs.setsockoptTimeval(ForwardingOs.java:157)
05-03 21:47:36.583 5110 5187 W Conscrypt: Could not set socket write timeout: java.lang.reflect.InvocationTargetException
05-03 21:47:36.583 5110 5187 W Conscrypt: at java.lang.reflect.Method.invoke(Native Method)
05-03 21:47:36.583 5110 5187 W Conscrypt: at com.google.android.gms.org.conscrypt.Platform.setSocketWriteTimeout(:com.google.android.gms@12529025@12.5.29 (040800-192802242):13)
05-03 21:47:36.583 5110 5187 W Conscrypt: Caused by: android.system.ErrnoException: setsockopt failed: EBADF (Bad file descriptor)
05-03 21:47:36.586 5110 5187 W Conscrypt: at libcore.io.Posix.setsockoptTimeval(Native Method)
05-03 21:47:36.586 5110 5187 W Conscrypt: at libcore.io.ForwardingOs.setsockoptTimeval(ForwardingOs.java:157)
05-03 21:47:36.647 5110 5188 W Conscrypt: Could not set socket write timeout: java.lang.reflect.InvocationTargetException
05-03 21:47:36.647 5110 5188 W Conscrypt: at java.lang.reflect.Method.invoke(Native Method)
05-03 21:47:36.647 5110 5188 W Conscrypt: at com.google.android.gms.org.conscrypt.Platform.setSocketWriteTimeout(:com.google.android.gms@12529025@12.5.29 (040800-192802242):13)
05-03 21:47:36.647 5110 5188 W Conscrypt: Caused by: android.system.ErrnoException: setsockopt failed: EBADF (Bad file descriptor)
05-03 21:47:36.647 5110 5188 W Conscrypt: at libcore.io.Posix.setsockoptTimeval(Native Method)
05-03 21:47:36.647 5110 5188 W Conscrypt: at libcore.io.ForwardingOs.setsockoptTimeval(ForwardingOs.java:157)
05-03 21:47:36.667 5110 5187 W Conscrypt: Could not set socket write timeout: java.lang.reflect.InvocationTargetException
05-03 21:47:36.667 5110 5187 W Conscrypt: at java.lang.reflect.Method.invoke(Native Method)
05-03 21:47:36.667 5110 5187 W Conscrypt: at com.google.android.gms.org.conscrypt.Platform.setSocketWriteTimeout(:com.google.android.gms@12529025@12.5.29 (040800-192802242):13)
05-03 21:47:36.667 5110 5187 W Conscrypt: Caused by: android.system.ErrnoException: setsockopt failed: EBADF (Bad file descriptor)
05-03 21:47:36.667 5110 5187 W Conscrypt: at libcore.io.Posix.setsockoptTimeval(Native Method)
05-03 21:47:36.667 5110 5187 W Conscrypt: at libcore.io.ForwardingOs.setsockoptTimeval(ForwardingOs.java:157)
05-03 21:47:36.727 1697 3505 W AppOps : Bad call: specified package com.google.android.play.games under uid 10078 but it is really 10077
05-03 21:47:36.727 1697 3505 W AppOps : java.lang.RuntimeException: here
05-03 21:47:36.727 1697 3505 W AppOps : at com.android.server.AppOpsService.getOpsRawLocked(AppOpsService.java:1453)
05-03 21:47:36.727 1697 3505 W AppOps : at com.android.server.AppOpsService.checkPackage(AppOpsService.java:1071)
05-03 21:47:36.727 1697 3505 W AppOps : at com.android.internal.app.IAppOpsService$Stub.onTransact(IAppOpsService.java:169)
05-03 21:47:36.727 1697 3505 W AppOps : at android.os.Binder.execTransact(Binder.java:565)
05-03 21:47:36.861 2165 2179 W GLSUser : [DeviceKeyStore] Cannot load key: Device key file not found.
05-03 21:47:36.861 2165 2179 W GLSUser : [DeviceKeyStore] Cannot load key: Device key file not found.
05-03 21:47:36.891 5110 5645 W GamesServiceBroker: Client connected with SDK 12651000, Services 12529025, and Games 57060080
05-03 21:47:36.899 1697 3121 W AppOps : Bad call: specified package com.google.android.play.games under uid 10078 but it is really 10077
05-03 21:47:36.899 1697 3121 W AppOps : java.lang.RuntimeException: here
05-03 21:47:36.899 1697 3121 W AppOps : at com.android.server.AppOpsService.getOpsRawLocked(AppOpsService.java:1453)
05-03 21:47:36.899 1697 3121 W AppOps : at com.android.server.AppOpsService.checkPackage(AppOpsService.java:1071)
05-03 21:47:36.899 1697 3121 W AppOps : at com.android.internal.app.IAppOpsService$Stub.onTransact(IAppOpsService.java:169)
05-03 21:47:36.899 1697 3121 W AppOps : at android.os.Binder.execTransact(Binder.java:565)
05-03 21:47:36.988 5110 5986 I GamesSyncAdapter PII_LOG: Starting sync for anoninjamous@gmail.com
05-03 21:47:36.988 5110 5986 I GamesSyncAdapter: Starting sync for a285a599
05-03 21:47:37.080 2165 3405 D Backup : [BackupScheduler] Setting backup scheduler enabled=true due to desired state 1
05-03 21:47:37.080 2165 3405 V Backup : [BackupTransportCS] no backup now: [OperationScheduler: enabledState=true moratoriumSet=2018-05-03/21:37:40 moratorium=1970-01-01/07:00:00]
05-03 21:47:37.126 2165 3405 D Backup : [BackupScheduler] Setting backup scheduler enabled=true due to desired state 1
05-03 21:47:37.126 2165 3405 V Backup : [BackupTransportCS] no backup now: [OperationScheduler: enabledState=true moratoriumSet=2018-05-03/21:37:40 moratorium=1970-01-01/07:00:00]
05-03 21:47:37.202 2165 2179 D Backup : [BackupScheduler] Setting backup scheduler enabled=true due to desired state 1
05-03 21:47:37.202 2165 2179 V Backup : [BackupTransportCS] no backup now: [OperationScheduler: enabledState=true moratoriumSet=2018-05-03/21:37:40 moratorium=1970-01-01/07:00:00]
05-03 21:47:37.202 2165 2179 D Backup : [BackupScheduler] Setting backup scheduler enabled=true due to desired state 1
05-03 21:47:37.203 2165 2179 V Backup : [BackupTransportCS] no backup now: [OperationScheduler: enabledState=true moratoriumSet=2018-05-03/21:37:40 moratorium=1970-01-01/07:00:00]
05-03 21:47:37.203 5110 5986 I GamesSyncAdapter PII_LOG: Sync duration for anoninjamous@gmail.com: 214
05-03 21:47:37.203 5110 5986 I GamesSyncAdapter: Sync duration for a285a599: 214
05-03 21:47:37.211 5110 5646 W GamesServiceBroker: Client connected with SDK 12651000, Services 12529025, and Games 57060080
05-03 21:47:37.301 1697 4318 I ActivityManager: Start proc 5992:com.google.android.play.games.ui/u0a15 for content provider com.google.android.gms/.games.provider.NotificationStubContentProvider
05-03 21:47:37.305 5992 5992 W art : Unexpected CPU variant for X86 using defaults: x86_64
05-03 21:47:37.321 5110 5645 W GamesServiceBroker: Client connected with SDK 12651000, Services 12529025, and Games 57060080
05-03 21:47:37.346 5992 5992 W System : ClassLoader referenced unknown path: /system/priv-app/GmsCore/lib/x86_64
05-03 21:47:37.356 5110 6000 I GamesSyncAdapter PII_LOG: Starting sync for anoninjamous@gmail.com
05-03 21:47:37.356 5110 6000 I GamesSyncAdapter: Starting sync for a285a599
05-03 21:47:37.399 5110 5991 I GamesSyncAdapter PII_LOG: Starting sync for anoninjamous@gmail.com
05-03 21:47:37.399 5110 5991 I GamesSyncAdapter: Starting sync for a285a599
05-03 21:47:37.408 5110 5991 I GamesSyncAdapter PII_LOG: Sync duration for anoninjamous@gmail.com: 6
05-03 21:47:37.408 5110 5991 I GamesSyncAdapter: Sync duration for a285a599: 6
05-03 21:47:37.412 5992 5992 W System : ClassLoader referenced unknown path: /system/priv-app/GmsCore/lib/x86_64
05-03 21:47:37.412 5992 5992 W System : ClassLoader referenced unknown path: /system/priv-app/GmsCore/lib/x86_64
05-03 21:47:37.414 5992 5992 W System : ClassLoader referenced unknown path: /system/priv-app/GmsCore/lib/x86_64
05-03 21:47:37.420 5992 5992 W System : ClassLoader referenced unknown path: /system/priv-app/GmsCore/lib/x86_64
05-03 21:47:37.422 5992 5992 W linker : /data/user_de/0/com.google.android.gms/app_extracted_libs/x86_64/libconscrypt_gmscore_jni.so: unused DT entry: type 0xf arg 0x10b
05-03 21:47:37.423 5992 5992 V NativeCrypto: Registering com/google/android/gms/org/conscrypt/NativeCrypto's 279 native methods...
05-03 21:47:37.427 5110 5646 W GamesServiceBroker: Client connected with SDK 12651000, Services 12529025, and Games 57060080
05-03 21:47:37.434 5992 5992 D NetworkSecurityConfig: No Network Security Config specified, using platform default
05-03 21:47:37.435 5992 5992 I ProviderInstaller: Installed default security provider GmsCore_OpenSSL
05-03 21:47:37.532 5992 6004 W art : Suspending all threads took: 14.983ms
05-03 21:47:37.568 5110 5110 I gle.android.gms: type=1400 audit(0.0:333): avc: denied { open } for path="/dev/dri/card0" dev="tmpfs" ino=8252 scontext=u:r:priv_app:s0:c512,c768 tcontext=u:object_r:device:s0 tclass=chr_file permissive=1
05-03 21:47:37.569 5110 5110 D GRALLOC-DRM: drmOpen i915: 138
05-03 21:47:37.569 5110 5110 I GRALLOC-DRM: create intel for driver i915
05-03 21:47:37.604 5110 6015 I EGL-DRI2: found extension DRI_Core version 1
05-03 21:47:37.604 5110 6015 I EGL-DRI2: found extension DRI_DRI2 version 4
05-03 21:47:37.611 5110 6015 I EGL-DRI2: found extension DRI_TexBuffer version 3
05-03 21:47:37.611 5110 6015 I EGL-DRI2: found extension DRI2_Flush version 4
05-03 21:47:37.611 5110 6015 I EGL-DRI2: found extension DRI_IMAGE version 14
05-03 21:47:37.611 5110 6015 I EGL-DRI2: found extension DRI2_Fence version 2
05-03 21:47:37.611 5110 6015 I EGL-DRI2: found extension DRI_RENDERER_QUERY version 1
05-03 21:47:37.611 5110 6015 I EGL-DRI2: found extension DRI_CONFIG_QUERY version 1
05-03 21:47:37.611 5110 6015 I EGL-DRI2: found extension DRI_Robustness version 1
05-03 21:47:37.611 5110 6015 I OpenGLRenderer: Initialized EGL, version 1.4
05-03 21:47:37.611 5110 6015 D OpenGLRenderer: Swap behavior 2
05-03 21:47:37.794 5458 5479 E Unity : Unable to find libmoba
05-03 21:47:38.494 2165 3405 I Auth : [BroadcastManager] Broadcasting account services changed.
05-03 21:47:38.753 5110 5187 W Conscrypt: Could not set socket write timeout: java.lang.reflect.InvocationTargetException
05-03 21:47:38.753 5110 5187 W Conscrypt: at java.lang.reflect.Method.invoke(Native Method)
05-03 21:47:38.753 5110 5187 W Conscrypt: at com.google.android.gms.org.conscrypt.Platform.setSocketWriteTimeout(:com.google.android.gms@12529025@12.5.29 (040800-192802242):13)
05-03 21:47:38.753 5110 5187 W Conscrypt: Caused by: android.system.ErrnoException: setsockopt failed: EBADF (Bad file descriptor)
05-03 21:47:38.754 5110 5187 W Conscrypt: at libcore.io.Posix.setsockoptTimeval(Native Method)
05-03 21:47:38.754 5110 5187 W Conscrypt: at libcore.io.ForwardingOs.setsockoptTimeval(ForwardingOs.java:157)
05-03 21:47:39.068 5110 5187 W Conscrypt: Could not set socket write timeout: java.lang.reflect.InvocationTargetException
05-03 21:47:39.068 5110 5187 W Conscrypt: at java.lang.reflect.Method.invoke(Native Method)
05-03 21:47:39.068 5110 5187 W Conscrypt: at com.google.android.gms.org.conscrypt.Platform.setSocketWriteTimeout(:com.google.android.gms@12529025@12.5.29 (040800-192802242):13)
05-03 21:47:39.068 5110 5187 W Conscrypt: Caused by: android.system.ErrnoException: setsockopt failed: EBADF (Bad file descriptor)
05-03 21:47:39.068 5110 5187 W Conscrypt: at libcore.io.Posix.setsockoptTimeval(Native Method)
05-03 21:47:39.068 5110 5187 W Conscrypt: at libcore.io.ForwardingOs.setsockoptTimeval(ForwardingOs.java:157)
05-03 21:47:39.336 6066 6066 W art : Unexpected CPU variant for X86 using defaults: x86_64
05-03 21:47:39.337 1697 3640 I ActivityManager: Start proc 6066:com.google.android.play.games.ui/u0a77 for service com.google.android.play.games/com.google.android.gms.games.service.PlayGamesBridgeService
05-03 21:47:39.379 6066 6066 I PhFlagCommitter PII_LOG: Committing experiment config for user:
05-03 21:47:39.584 6066 6066 I PhFlagCommitter PII_LOG: Successfully committed experiment flags for user:
05-03 21:47:39.597 2165 2747 W GLSUser : [DeviceKeyStore] Cannot load key: Device key file not found.
05-03 21:47:39.597 2165 2747 W GLSUser : [DeviceKeyStore] Cannot load key: Device key file not found.
05-03 21:47:40.239 5110 5110 I gle.android.gms: type=1400 audit(0.0:334): avc: denied { read write } for path=2F64726D206D6D206F626A656374202864656C6574656429 dev="tmpfs" ino=16109 scontext=u:r:priv_app:s0:c512,c768 tcontext=u:object_r:surfaceflinger_tmpfs:s0 tclass=file permissive=1
05-03 21:47:40.672 2165 3654 W GLSUser : [DeviceKeyStore] Cannot load key: Device key file not found.
05-03 21:47:40.672 2165 3654 W GLSUser : [DeviceKeyStore] Cannot load key: Device key file not found.
05-03 21:47:41.065 2963 2975 I chatty : uid=10040(com.android.vending) expire 8 lines
05-03 21:47:41.071 2963 2976 I chatty : uid=10040(com.android.vending) expire 1 line
05-03 21:47:41.381 1697 2118 W ActivityManager: Unable to start service Intent { act=android.support.customtabs.action.CustomTabsService pkg=com.android.chrome } U=0: not found
05-03 21:47:41.385 1855 3371 E PhoneInterfaceManager: [PhoneIntfMgr] getIccId: No UICC
05-03 21:47:41.386 1855 3371 D TelephonyProvider: subIdString = -1 subId = -1
05-03 21:47:41.387 1855 3371 D TelephonyProvider: getPreferredApnIdFromApn: for subId -1
05-03 21:47:41.387 1855 3371 D TelephonyProvider: Preferred APN: -1
05-03 21:47:41.391 2963 2963 V FingerprintManager: FingerprintManagerService was null
05-03 21:47:41.522 2165 3328 W GLSUser : [DeviceKeyStore] Cannot load key: Device key file not found.
05-03 21:47:41.522 2165 3328 W GLSUser : [DeviceKeyStore] Cannot load key: Device key file not found.
05-03 21:47:42.130 2165 2747 W GLSUser : [DeviceKeyStore] Cannot load key: Device key file not found.
05-03 21:47:42.130 2165 2747 W GLSUser : [DeviceKeyStore] Cannot load key: Device key file not found.
05-03 21:47:42.139 5458 5458 I UnityMain: type=1400 audit(0.0:335): avc: denied { read } for name="address" dev="sysfs" ino=14084 scontext=u:r:untrusted_app:s0:c512,c768 tcontext=u:object_r:sysfs:s0 tclass=file permissive=1
05-03 21:47:42.139 5458 5458 I UnityMain: type=1400 audit(0.0:336): avc: denied { open } for path="/sys/devices/pci0000:00/0000:00:1c.3/0000:03:00.0/net/wlan0/address" dev="sysfs" ino=14084 scontext=u:r:untrusted_app:s0:c512,c768 tcontext=u:object_r:sysfs:s0 tclass=file permissive=1
05-03 21:47:42.139 5458 5458 I UnityMain: type=1400 audit(0.0:337): avc: denied { getattr } for path="/sys/devices/pci0000:00/0000:00:1c.3/0000:03:00.0/net/wlan0/address" dev="sysfs" ino=14084 scontext=u:r:untrusted_app:s0:c512,c768 tcontext=u:object_r:sysfs:s0 tclass=file permissive=1
05-03 21:47:42.206 2963 6169 I chatty : uid=10040(com.android.vending) expire 60 lines
05-03 21:47:42.489 5458 5479 I Unity : ALog-Dev: ASUSTeK COMPUTER INC. X455LF report: inver: 1.2.72.275.1.6|lver: 1.2.72.275.1|sver: 1.2.72.275.1|glver: OpenGL ES 3.1 Mesa 17.1.10 (git-946651c)|mem: 3846|fmem: 2416|fdisk: 2869
05-03 21:47:42.489 5458 5479 I Unity :
05-03 21:47:42.489 5458 5479 I Unity : (Filename: ./artifacts/AndroidManagedGenerated/UnityEngineDebug.cpp Line: 56)
05-03 21:47:42.489 5458 5479 I Unity :
05-03 21:47:42.623 5458 5479 I CrashlyticsCore: Initializing Crashlytics 2.3.17.dev
05-03 21:47:42.637 5458 6171 I AppsFlyer_4.7.3: sendTrackingWithEvent from activity: com.moba.unityplugin.MobaGameUnityActivity
05-03 21:47:42.637 5458 6171 I AppsFlyer_4.7.3: Trying to fetch GAID..
05-03 21:47:42.638 5458 5479 E Unity : Unable to find libmoba
05-03 21:47:42.649 5458 5479 E Unity : Unable to find libmoba
05-03 21:47:42.664 5458 6171 I AppsFlyer_4.7.3: ******* sendTrackingWithEvent: Character
05-03 21:47:42.665 5458 6171 W AppsFlyer_4.7.3: Exception while collecting facebook's attribution ID.
05-03 21:47:42.665 5458 6171 I AppsFlyer_4.7.3: IMEI was not collected.
05-03 21:47:42.666 5458 6171 I AppsFlyer_4.7.3: Android ID was not collected.
05-03 21:47:42.667 5458 6171 I AppsFlyer_4.7.3: AppsFlyer: first launch date: 2018-05-03_214726+0700
05-03 21:47:42.667 5458 6171 D AppsFlyer_4.7.3: didConfigureTokenRefreshService=true
05-03 21:47:42.668 5458 6171 I AppsFlyer_4.7.3: AppsFlyerLib.sendTrackingWithEvent
05-03 21:47:42.668 5458 6171 I AppsFlyer_4.7.3: url: https://events.appsflyer.com/api/v4/androidevent?buildnumber=4.7.3&app_id=com.mobile.legends
05-03 21:47:42.668 5458 6171 I AppsFlyer_4.7.3: data: {"device":"android_x86_64","firstLaunchDate":"2018-05-03_214726+0700","installDate":"2018-05-03_214541+0700","sdk":"25","referrer":"utm_source=google-play&utm_medium=organic","carrier":"","deviceFingerPrintId":"ffffffff-bf3b-a975-ffff-ffffef05ac4a","date1":"2018-05-03_214541+0700","af_preinstalled":"false","advertiserIdEnabled":"true","iaecounter":"2","appsflyerKey":"U********************8","lang_code":"in","registeredUninstall":false,"installer_package":"com.android.vending","app_version_name":"1.2.72.2751","lang":"Indonesia","eventName":"Character","advertiserId":"9c11fd4f-198f-4ed6-9399-bbbd0c58fdb3","isGaidWithGps":"true","deviceData":{"build_display_id":"cm_android_x86_64-userdebug 7.1.2 NJH47F 6accd22395 test-keys","arch":"","cpu_abi":"x86_64","cpu_abi2":""},"af_v2":"2e8c0f54de5afe409523a279efa6a4845c297d20","deviceType":"userdebug","af_v":"ca1fab9a492fa533d5eaa13629999f588f4c500a","app_version_code":"12722751","eventValue":"{}","af_events_api":"1","platformextension":"android_unity","network":"WIFI","operator":"","country":"ID","date2":"2018-05-03_214541+0700","brand":"Android-x86","prev_event":"{\"prev_event_timestamp\":\"1525358849454\",\"prev_event_value\":\"{}\",\"prev_event_name\":\"Registration\"}","extraReferrers":"{\"utm_source=google-play&utm_medium=organic\":\"[1525358814078]\"}","af_timestamp":"1525358862664","uid":"1525358741862-4581442736948890696","isFirstCall":"false","counter":"1","model":"X455LF","product":"cm_android_x86_64"}
05-03 21:47:42.833 5458 5479 I YOUME : 调用init 函数 开始,目录:
05-03 21:47:42.833 5458 5479 I YOUME : 调用init 函数 开始,目录:/data/user/0/com.mobile.legends/app_libs
05-03 21:47:42.839 5458 5479 I YOUME : 没有当前版本的更新,忽略已经下载的so 应用versioncode: 12722751可以更新的版本:
05-03 21:47:42.846 5458 5479 I YOUME : 线程id:3880974624 2018-05-03 21:47:42.846 INFO 1 [onNetWorkChanged#NgnNetworkService.cpp:163]
05-03 21:47:42.847 5458 5479 I YOUME : 线程id:3880974624 2018-05-03 21:47:42.847 INFO 1 [onNetWorkChanged#NgnNetworkService.cpp:163]
05-03 21:47:42.847 5458 5458 I AudioMgr: onReceive action: android.net.conn.CONNECTIVITY_CHANGE
05-03 21:47:42.848 5458 5458 I YOUME : 线程id:4151870848 2018-05-03 21:47:42.848 INFO 1 [onNetWorkChanged#NgnNetworkService.cpp:163]
05-03 21:47:42.848 5458 5479 I YOUME : 调用init 函数 结束
05-03 21:47:42.851 5425 5425 V VoiceEngineService: ServiceDemo onCreate
05-03 21:47:42.851 5425 5425 I YOUME : 调用init 函数 开始,目录:
05-03 21:47:42.851 5425 5425 I YOUME : 调用init 函数 开始,目录:/data/user/0/com.mobile.legends/app_libs
05-03 21:47:42.856 5425 5425 I YOUME : 没有当前版本的更新,忽略已经下载的so 应用versioncode: 12722751可以更新的版本:
05-03 21:47:42.859 5425 5425 I YOUME : 线程id:4151870848 2018-05-03 21:47:42.859 INFO 1 [onNetWorkChanged#NgnNetworkService.cpp:163]
05-03 21:47:42.860 5425 5425 I YOUME : 线程id:4151870848 2018-05-03 21:47:42.860 INFO 1 [onNetWorkChanged#NgnNetworkService.cpp:163]
05-03 21:47:42.861 5425 5425 I YOUME : 调用init 函数 结束
05-03 21:47:42.861 5425 5425 V VoiceEngineService: ServiceDemo onStartCommand
05-03 21:47:42.861 5425 5425 V VoiceEngineService: ServiceDemo onStart
05-03 21:47:42.861 5425 5425 I AudioMgr: onReceive action: android.net.conn.CONNECTIVITY_CHANGE
05-03 21:47:42.862 5425 5425 I YOUME : 线程id:4151870848 2018-05-03 21:47:42.862 INFO 1 [onNetWorkChanged#NgnNetworkService.cpp:163]
05-03 21:47:42.867 5458 5479 I YOUME : 线程id:3880974624 2018-05-03 21:47:42.867 INFO @@ setServerRegion, regionId:10000, extRegionName:ID, bAppend:0 [setServerRegion#YouMeVoiceEngine.cpp:3465]
05-03 21:47:42.867 5458 5479 I YOUME : 线程id:3880974624 2018-05-03 21:47:42.867 INFO ------------------------------------------------------------------------- [tsk_init_log#tsk_log.c:68]
05-03 21:47:42.867 5458 5479 I YOUME : 线程id:3880974624 2018-05-03 21:47:42.867 INFO Brand:Android-x86
05-03 21:47:42.867 5458 5479 I YOUME : Model:X455LF
05-03 21:47:42.867 5458 5479 I YOUME : CPU:x86
05-03 21:47:42.867 5458 5479 I YOUME : IMEI:
05-03 21:47:42.867 5458 5479 I YOUME : UUID:
05-03 21:47:42.867 5458 5479 I YOUME : sysver:7.1.2
05-03 21:47:42.867 5458 5479 I YOUME : package:com.mobile.legends
05-03 21:47:42.867 5458 5479 I YOUME : sdkver:trunk-2.5.3.3635
05-03 21:47:42.867 5458 5479 I YOUME : ffmpeg-support:1
05-03 21:47:42.867 5458 5479 I YOUME : commonLibVer:1.0.0.2
05-03 21:47:42.867 5458 5479 I YOUME : CPUChip:cm_android_x86_64
05-03 21:47:42.867 5458 5479 I YOUME : ServerArea=10000 [initialize#NgnEngine.cpp:96]
05-03 21:47:42.867 5458 5479 I YOUME : 线程id:3880974624 2018-05-03 21:47:42.867 INFO @@ init: YOUME460AAEE94C5D9A758A3D1D3047DD5FB4C005F28E [init#YouMeVoiceEngine.cpp:2989]
05-03 21:47:42.870 5458 6192 I YOUME : 线程id:2752968992 2018-05-03 21:47:42.870 INFO Enter WorkerMsg thread [ThreadFunc#YouMeVoiceEngine.cpp:722]
05-03 21:47:42.870 5458 6191 I YOUME : 线程id:2754013472 2018-05-03 21:47:42.870 INFO Enter CbMsg thread [ThreadFunc#YouMeVoiceEngine.cpp:722]
05-03 21:47:42.870 5458 6190 I YOUME : 线程id:2760169760 2018-05-03 21:47:42.870 INFO Enter MainMsg thread [ThreadFunc#YouMeVoiceEngine.cpp:722]
05-03 21:47:43.103 5458 6171 D AppsFlyer_4.7.3: response code: 200
05-03 21:47:43.178 5458 5479 I YOUME : 线程id:3880974624 2018-05-03 21:47:43.178 INFO Enter [Report#MonitoringCenter.cpp:173]
05-03 21:47:43.346 5458 5479 I YOUME : 线程id:3880974624 2018-05-03 21:47:43.346 INFO == init [init#YouMeVoiceEngine.cpp:3123]
05-03 21:47:43.348 5458 6196 I YOUME : 线程id:2769791264 2018-05-03 21:47:43.348 INFO DataReport waits for SDK config to be available [ReportProc#MonitoringCenter.cpp:369]
05-03 21:47:43.348 5458 6190 I YOUME : 线程id:2760169760 2018-05-03 21:47:43.348 INFO $$ doInit [doInit#YouMeVoiceEngine.cpp:1431]
05-03 21:47:43.348 5458 6190 I YOUME : 线程id:2760169760 2018-05-03 21:47:43.348 INFO Enter [Report#MonitoringCenter.cpp:173]
05-03 21:47:43.369 5458 5479 E Unity : Unable to find libmoba
05-03 21:47:43.449 5458 6190 E YOUME : 线程id:2760169760 2018-05-03 21:47:43.449 ERROR ## serverRegionId:10000, extServerRegionName:ID [ServerLoginIn#SDKValidateTalk.cpp:132]
05-03 21:47:43.449 5458 6190 I YOUME : 线程id:2760169760 2018-05-03 21:47:43.449 INFO #### Parsing SDKValidate server:C005F28E.rtc.youme.im [getValidateIPList#SDKValidateTalk.cpp:804]
05-03 21:47:43.573 5458 6190 I YOUME : 线程id:2760169760 2018-05-03 21:47:43.573 INFO Adding backup IP:47.91.162.99 [getValidateIPList#SDKValidateTalk.cpp:839]
05-03 21:47:43.573 5458 6190 I YOUME : 线程id:2760169760 2018-05-03 21:47:43.573 INFO Adding backup IP:106.75.25.67 [getValidateIPList#SDKValidateTalk.cpp:839]
05-03 21:47:43.573 5458 6190 I YOUME : 线程id:2760169760 2018-05-03 21:47:43.573 INFO Enter [Report#MonitoringCenter.cpp:173]
05-03 21:47:43.672 5458 6190 I YOUME : 线程id:2760169760 2018-05-03 21:47:43.672 INFO --TCP Validate SDK with 128.1.33.14:8012 [ValidateWithTcp#SDKValidateTalk.cpp:368]
05-03 21:47:43.943 5458 6190 I YOUME : 线程id:2760169760 2018-05-03 21:47:43.943 INFO SDKValidate returns length:868 [ValidateWithTcp#SDKValidateTalk.cpp:389]
05-03 21:47:43.943 5458 6190 I YOUME : 线程id:2760169760 2018-05-03 21:47:43.943 INFO status:0 : 0 :128.1.33.14 [ValidateWithTcp#SDKValidateTalk.cpp:415]
05-03 21:47:43.943 5458 6190 I YOUME : 线程id:2760169760 2018-05-03 21:47:43.943 INFO type:1 key:AEC_MODE value:3 [parseValidateServerResponse#SDKValidateTalk.cpp:448]
05-03 21:47:43.943 5458 6190 I YOUME : 线程id:2760169760 2018-05-03 21:47:43.943 INFO type:1 key:AEC_NLPMODE value:2 [parseValidateServerResponse#SDKValidateTalk.cpp:448]
05-03 21:47:43.943 5458 6190 I YOUME : 线程id:2760169760 2018-05-03 21:47:43.943 INFO type:1 key:AGC_COMPRESS_GAIN value:18 [parseValidateServerResponse#SDKValidateTalk.cpp:448]
05-03 21:47:43.943 5458 6190 I YOUME : 线程id:2760169760 2018-05-03 21:47:43.943 INFO type:1 key:AGC_TARGET_LEVEL value:6 [parseValidateServerResponse#SDKValidateTalk.cpp:448]
05-03 21:47:43.943 5458 6190 I YOUME : 线程id:2760169760 2018-05-03 21:47:43.943 INFO type:1 key:ANDROID_OUT_VOL_GAIN value:90 [parseValidateServerResponse#SDKValidateTalk.cpp:448]
05-03 21:47:43.943 5458 6190 I YOUME : 线程id:2760169760 2018-05-03 21:47:43.943 INFO type:7 key:ANDROID_UNDER_OPENSLES value:1 [parseValidateServerResponse#SDKValidateTalk.cpp:448]
05-03 21:47:43.943 5458 6190 I YOUME : 线程id:2760169760 2018-05-03 21:47:43.943 INFO type:2 key:AVMONITOR_CONSUMER_PEROID_MS value:0 [parseValidateServerResponse#SDKValidateTalk.cpp:448]
05-03 21:47:43.943 5458 6190 I YOUME : 线程id:2760169760 2018-05-03 21:47:43.943 INFO type:2 key:AVMONITOR_PRODUCER_PEROID_MS value:0 [parseValidateServerResponse#SDKValidateTalk.cpp:448]
05-03 21:47:43.943 5458 6190 I YOUME : 线程id:2760169760 2018-05-03 21:47:43.943 INFO type:2 key:BACKGROUND_MUSIC_DELAY value:600 [parseValidateServerResponse#SDKValidateTalk.cpp:448]
05-03 21:47:43.943 5458 6190 I YOUME : 线程id:2760169760 2018-05-03 21:47:43.943 INFO type:1 key:COMM_ORDER value:1 [parseValidateServerResponse#SDKValidateTalk.cpp:448]
05-03 21:47:43.943 5458 6190 I YOUME : 线程id:2760169760 2018-05-03 21:47:43.943 INFO type:5 key:DATAREPORT_ADDR value:g.rtcdr.youme.im [parseValidateServerResponse#SDKValidateTalk.cpp:448]
05-03 21:47:43.944 5458 6190 I YOUME : 线程id:2760169760 2018-05-03 21:47:43.943 INFO type:1 key:DATAREPORT_MODE value:1 [parseValidateServerResponse#SDKValidateTalk.cpp:448]
05-03 21:47:43.944 5458 6190 I YOUME : 线程id:2760169760 2018-05-03 21:47:43.944 INFO type:1 key:DATAREPORT_PORT value:5574 [parseValidateServerResponse#SDKValidateTalk.cpp:448]
05-03 21:47:43.944 5458 6190 I YOUME : 线程id:2760169760 2018-05-03 21:47:43.944 INFO type:1 key:ECHO_TAIL value:150 [parseValidateServerResponse#SDKValidateTalk.cpp:448]
05-03 21:47:43.944 5458 6190 I YOUME : 线程id:2760169760 2018-05-03 21:47:43.944 INFO type:7 key:Enable value:1 [parseValidateServerResponse#SDKValidateTalk.cpp:448]
05-03 21:47:43.944 5458 6190 I YOUME : 线程id:2760169760 2018-05-03 21:47:43.944 INFO type:1 key:HEART_TIMEOUT value:5 [parseValidateServerResponse#SDKValidateTalk.cpp:448]
05-03 21:47:43.944 5458 6190 I YOUME : 线程id:2760169760 2018-05-03 21:47:43.944 INFO type:1 key:HEART_TIMEOUT_COUNT value:5 [parseValidateServerResponse#SDKValidateTalk.cpp:448]
05-03 21:47:43.944 5458 6190 I YOUME : 线程id:2760169760 2018-05-03 21:47:43.944 INFO type:2 key:LOG_LEVEL_CONSOLE value:0 [parseValidateServerResponse#SDKValidateTalk.cpp:448]
05-03 21:47:43.944 5458 6190 I YOUME : 线程id:2760169760 2018-05-03 21:47:43.944 INFO type:2 key:LOG_LEVEL_FILE value:40 [parseValidateServerResponse#SDKValidateTalk.cpp:448]
05-03 21:47:43.944 5458 6190 I YOUME : 线程id:2760169760 2018-05-03 21:47:43.944 INFO type:1 key:MCU_MODE value:2 [parseValidateServerResponse#SDKValidateTalk.cpp:448]
05-03 21:47:43.944 5458 6190 I YOUME : 线程id:2760169760 2018-05-03 21:47:43.944 INFO type:5 key:NETWORK_REDIRECT_ADD value:119.81.21.99 [parseValidateServerResponse#SDKValidateTalk.cpp:448]
05-03 21:47:43.944 5458 6190 I YOUME : 线程id:2760169760 2018-05-03 21:47:43.944 INFO type:1 key:NETWORK_REDIRECT_PORT value:5574 [parseValidateServerResponse#SDKValidateTalk.cpp:448]
05-03 21:47:43.944 5458 6190 I YOUME : 线程id:2760169760 2018-05-03 21:47:43.944 INFO type:2 key:PACKET_STAT_REPORT_PERIOD_MS value:0 [parseValidateServerResponse#SDKValidateTalk.cpp:448]
05-03 21:47:43.944 5458 6190 I YOUME : 线程id:2760169760 2018-05-03 21:47:43.944 INFO type:1 key:RECONNECT_COUNT value:10 [parseValidateServerResponse#SDKValidateTalk.cpp:448]
05-03 21:47:43.944 5458 6190 I YOUME : 线程id:2760169760 2018-05-03 21:47:43.944 INFO type:7 key:VAD value:0 [parseValidateServerResponse#SDKValidateTalk.cpp:448]
05-03 21:47:43.944 5458 6190 I YOUME : 线程id:2760169760 2018-05-03 21:47:43.944 INFO type:2 key:VERIFY_TIME value:1525358863 [parseValidateServerResponse#SDKValidateTalk.cpp:448]
05-03 21:47:43.944 5458 6190 I YOUME : 线程id:2760169760 2018-05-03 21:47:43.944 INFO --Redirect server 119.81.21.99:5574 [parseValidateServerResponse#SDKValidateTalk.cpp:508]
05-03 21:47:43.944 5458 6190 I YOUME : 线程id:2760169760 2018-05-03 21:47:43.944 INFO --Redirect server 161.202.16.90:5574 [parseValidateServerResponse#SDKValidateTalk.cpp:508]
05-03 21:47:43.944 5458 6190 E YOUME : 线程id:2760169760 2018-05-03 21:47:43.944 ERROR SDK Validate exit [ServerLoginIn#SDKValidateTalk.cpp:266]
05-03 21:47:43.944 5458 6190 I YOUME : 线程id:2760169760 2018-05-03 21:47:43.944 INFO Enter [Report#MonitoringCenter.cpp:173]
05-03 21:47:43.949 5458 6196 I YOUME : 线程id:2769791264 2018-05-03 21:47:43.949 INFO #### DataReport using default server:47.89.13.3 [ReportProc#MonitoringCenter.cpp:391]
05-03 21:47:44.184 5458 6190 I YOUME : 线程id:2760169760 2018-05-03 21:47:44.184 INFO @@ start [start#YouMeVoiceEngine.cpp:3550]
05-03 21:47:44.184 5458 6190 I YOUME : 线程id:2760169760 2018-05-03 21:47:44.184 INFO Enter [Report#MonitoringCenter.cpp:173]
05-03 21:47:45.081 5110 5115 I art : Compiler allocated 8MB to compile android.database.Cursor com.google.android.gms.games.provider.PlayGamesContentProvider.a(android.database.sqlite.SQLiteDatabase, android.net.Uri, java.lang.String[], java.lang.String, java.lang.String[], java.lang.String)
05-03 21:47:46.983 5110 6000 I GamesSyncAdapter PII_LOG: Sync duration for anoninjamous@gmail.com: 9626
05-03 21:47:46.983 5110 6000 I GamesSyncAdapter: Sync duration for a285a599: 9626
05-03 21:47:46.986 5110 5645 W GamesServiceBroker: Client connected with SDK 12651000, Services 12529025, and Games 57060080
05-03 21:47:48.213 2963 6239 I chatty : uid=10040(com.android.vending) expire 1 line
05-03 21:47:48.213 2963 4069 I chatty : uid=10040(com.android.vending) expire 2 lines
05-03 21:47:48.213 2963 3001 I chatty : uid=10040(com.android.vending) expire 4 lines
05-03 21:47:48.704 2963 3001 I PlayCommon: [163] com.google.android.play.b.h.e(263): Preparing logs for uploading
05-03 21:47:48.704 2963 3001 I PlayCommon: [163] com.google.android.play.b.h.e(267): No file ready to send
05-03 21:47:49.053 2963 4069 I PlayCommon: [220] com.google.android.play.b.h.a(579): Successfully uploaded logs.
05-03 21:47:49.054 2963 4069 I PlayCommon: [220] com.google.android.play.b.h.e(263): Preparing logs for uploading
05-03 21:47:49.054 2963 4069 I PlayCommon: [220] com.google.android.play.b.h.e(267): No file ready to send
05-03 21:47:51.955 5110 5186 W Conscrypt: Could not set socket write timeout: java.lang.reflect.InvocationTargetException
05-03 21:47:51.955 5110 5186 W Conscrypt: at java.lang.reflect.Method.invoke(Native Method)
05-03 21:47:51.955 5110 5186 W Conscrypt: at com.google.android.gms.org.conscrypt.Platform.setSocketWriteTimeout(:com.google.android.gms@12529025@12.5.29 (040800-192802242):13)
05-03 21:47:51.955 5110 5186 W Conscrypt: Caused by: android.system.ErrnoException: setsockopt failed: EBADF (Bad file descriptor)
05-03 21:47:51.955 5110 5186 W Conscrypt: at libcore.io.Posix.setsockoptTimeval(Native Method)
05-03 21:47:51.955 5110 5186 W Conscrypt: at libcore.io.ForwardingOs.setsockoptTimeval(ForwardingOs.java:157)
05-03 21:47:52.369 5110 5186 W Conscrypt: Could not set socket write timeout: java.lang.reflect.InvocationTargetException
05-03 21:47:52.370 5110 5186 W Conscrypt: at java.lang.reflect.Method.invoke(Native Method)
05-03 21:47:52.370 5110 5186 W Conscrypt: at com.google.android.gms.org.conscrypt.Platform.setSocketWriteTimeout(:com.google.android.gms@12529025@12.5.29 (040800-192802242):13)
05-03 21:47:52.370 5110 5186 W Conscrypt: Caused by: android.system.ErrnoException: setsockopt failed: EBADF (Bad file descriptor)
05-03 21:47:52.370 5110 5186 W Conscrypt: at libcore.io.Posix.setsockoptTimeval(Native Method)
05-03 21:47:52.370 5110 5186 W Conscrypt: at libcore.io.ForwardingOs.setsockoptTimeval(ForwardingOs.java:157)
05-03 21:47:52.486 1410 4043 E Drm : Failed to find drm plugin
05-03 21:47:52.486 2708 3822 W DG.WV : Widevine DRM not supported on this device
05-03 21:47:52.486 2708 3822 W DG.WV : android.media.UnsupportedSchemeException: Failed to instantiate drm object.
05-03 21:47:52.486 2708 3822 W DG.WV : at android.media.MediaDrm.native_setup(Native Method)
05-03 21:47:52.486 2708 3822 W DG.WV : at android.media.MediaDrm.(MediaDrm.java:215)
05-03 21:47:52.486 2708 3822 W DG.WV : at qqj.run(:com.google.android.gms@12529025@12.5.29 (040800-192802242):10)
05-03 21:47:52.486 2708 3822 W DG.WV : at nsg.run(:com.google.android.gms@12529025@12.5.29 (040800-192802242):27)
05-03 21:47:52.486 2708 3822 W DG.WV : at java.util.concurrent.ThreadPoolExecutor.runWorker(ThreadPoolExecutor.java:1133)
05-03 21:47:52.486 2708 3822 W DG.WV : at java.util.concurrent.ThreadPoolExecutor$Worker.run(ThreadPoolExecutor.java:607)
05-03 21:47:52.486 2708 3822 W DG.WV : at nya.run(:com.google.android.gms@12529025@12.5.29 (040800-192802242))
05-03 21:47:52.486 2708 3822 W DG.WV : at java.lang.Thread.run(Thread.java:761)
05-03 21:47:52.976 2708 3115 I art : Rejecting re-init on previously-failed class java.lang.Class: java.lang.UnsatisfiedLinkError: dlopen failed: "/data/data/com.google.android.gms/app_dg_cache/87A7B6DF3A340CFF01D8DD0CA677B97CBEEAAF1C/libdF19F0D9D2526.so" is 32-bit instead of 64-bit
05-03 21:47:52.976 2708 3115 I art : (Throwable with no stack trace)
05-03 21:48:05.256 1774 1774 I wpa_supplicant: wlan0: WPA: Group rekeying completed with f4:4d:30:03:de:18 [GTK=CCMP]
05-03 21:48:12.842 1782 1782 I SlideTouchEvent: vel=0.0, MinimumFlingVelocity=50
05-03 21:48:13.725 1697 3121 I ActivityManager: Killing 2859:com.android.calendar/u0a50 (adj 906): empty #17
05-03 21:48:13.739 1697 3121 D ActivityManager: cleanUpApplicationRecord -- 2859
05-03 21:48:14.201 1782 1782 I SlideTouchEvent: vel=0.0, MinimumFlingVelocity=50
05-03 21:48:16.767 2165 2754 I GCoreUlr: Starting BLE scan: mode: 2
05-03 21:48:16.767 2165 2165 I BeaconBle: Client requested scan, settings=BleSettings [scanMode=LOW_LATENCY, callbackType=ALL_MATCHES, reportDelayMillis=0, 2 filters, 0 clients, callingClientName=ULR]
05-03 21:48:16.772 2165 2165 I BeaconBle: 'L' hardware scan: 2 filters, scanMode=2, reportdelay=0, callback type=1, #clients=1, workSource=WorkSource{}
05-03 21:48:16.772 2165 2165 I BeaconBle: Starting scan on OS scanner. BT state: 15
05-03 21:48:16.773 2165 3792 D BluetoothLeScanner: onClientRegistered() - status=0 clientIf=4 mClientIf=0
05-03 21:48:16.774 4438 4438 I hci_thread: type=1400 audit(0.0:338): avc: denied { write } for path="socket:[45478]" dev="sockfs" ino=45478 scontext=u:r:bluetooth:s0 tcontext=u:r:bluetooth:s0 tclass=socket permissive=1
05-03 21:48:16.775 4438 4438 I hci_thread: type=1400 audit(0.0:339): avc: denied { read } for path="socket:[45478]" dev="sockfs" ino=45478 scontext=u:r:bluetooth:s0 tcontext=u:r:bluetooth:s0 tclass=socket permissive=1
05-03 21:48:16.775 4438 4516 I bt_vendor: bt_vendor_op op 7
05-03 21:48:16.775 4438 4516 I bt_vendor: bt_vendor_op op 7 retval 0
05-03 21:48:16.776 4438 4516 I bt_vendor: bt_vendor_op op 7
05-03 21:48:16.776 4438 4516 I bt_vendor: bt_vendor_op op 7 retval 0
05-03 21:48:16.777 4438 4516 I bt_vendor: bt_vendor_op op 7
05-03 21:48:16.777 4438 4516 I bt_vendor: bt_vendor_op op 7 retval 0
05-03 21:48:16.778 4438 4516 I bt_vendor: bt_vendor_op op 7
05-03 21:48:16.778 4438 4516 I bt_vendor: bt_vendor_op op 7 retval 0
05-03 21:48:16.779 4438 4516 I bt_vendor: bt_vendor_op op 7
05-03 21:48:16.779 4438 4516 I bt_vendor: bt_vendor_op op 7 retval 0
05-03 21:48:16.780 4438 4516 I bt_vendor: bt_vendor_op op 7
05-03 21:48:16.780 4438 4516 I bt_vendor: bt_vendor_op op 7 retval 0
05-03 21:48:16.780 4438 4512 D BtGatt.GattService: onScanParamSetupCompleted : 0
05-03 21:48:17.242 1782 1782 I SlideTouchEvent: vel=0.0, MinimumFlingVelocity=50
05-03 21:48:17.456 5110 6281 W Conscrypt: Could not set socket write timeout: java.lang.reflect.InvocationTargetException
05-03 21:48:17.457 5110 6281 W Conscrypt: at java.lang.reflect.Method.invoke(Native Method)
05-03 21:48:17.457 5110 6281 W Conscrypt: at com.google.android.gms.org.conscrypt.Platform.setSocketWriteTimeout(:com.google.android.gms@12529025@12.5.29 (040800-192802242):13)
05-03 21:48:17.457 5110 6281 W Conscrypt: Caused by: android.system.ErrnoException: setsockopt failed: EBADF (Bad file descriptor)
05-03 21:48:17.462 5110 6281 W Conscrypt: at libcore.io.Posix.setsockoptTimeval(Native Method)
05-03 21:48:17.462 5110 6281 W Conscrypt: at libcore.io.ForwardingOs.setsockoptTimeval(ForwardingOs.java:157)
05-03 21:48:18.066 5110 6281 W Conscrypt: Could not set socket write timeout: java.lang.reflect.InvocationTargetException
05-03 21:48:18.067 5110 6281 W Conscrypt: at java.lang.reflect.Method.invoke(Native Method)
05-03 21:48:18.067 5110 6281 W Conscrypt: at com.google.android.gms.org.conscrypt.Platform.setSocketWriteTimeout(:com.google.android.gms@12529025@12.5.29 (040800-192802242):13)
05-03 21:48:18.067 5110 6281 W Conscrypt: Caused by: android.system.ErrnoException: setsockopt failed: EBADF (Bad file descriptor)
05-03 21:48:18.067 5110 6281 W Conscrypt: at libcore.io.Posix.setsockoptTimeval(Native Method)
05-03 21:48:18.067 5110 6281 W Conscrypt: at libcore.io.ForwardingOs.setsockoptTimeval(ForwardingOs.java:157)
05-03 21:48:18.767 2165 2754 I GCoreUlr: Starting BLE scan: mode: 3
05-03 21:48:18.767 2165 2754 I GCoreUlr: BLE: collected 0 results
05-03 21:48:18.767 2165 2165 I BeaconBle: Client requested scan, settings=BleSettings [scanMode=ZERO_POWER, callbackType=ALL_MATCHES, reportDelayMillis=0, 2 filters, 0 clients, callingClientName=ULR]
05-03 21:48:18.772 2165 2165 I BeaconBle: Stopping scan on delegate scanner. BT state: 15
05-03 21:48:18.772 4438 4516 I bt_vendor: bt_vendor_op op 7
05-03 21:48:18.772 4438 4516 I bt_vendor: bt_vendor_op op 7 retval 0
05-03 21:48:18.773 4438 4516 I bt_vendor: bt_vendor_op op 7
05-03 21:48:18.773 4438 4516 I bt_vendor: bt_vendor_op op 7 retval 0
05-03 21:48:18.775 2165 2165 I BeaconBle: Resetting - new scanner available: true
05-03 21:48:18.775 2165 2165 I BeaconBle: ZERO_POWER is disabled.
05-03 21:48:18.775 2165 2165 I BeaconBle: 'L' hardware scan: scan stopped, no powered clients
05-03 21:48:19.000 1782 1782 I SlideTouchEvent: vel=0.0, MinimumFlingVelocity=50
