05-03 21:49:45.774 1398 1398 W SurfaceFlinger: couldn't log to binary event log: overflow.
05-03 21:49:45.810 6482 6532 W ProxyAndroidLoggerBackend: Too many Flogger logs received before configuration. Dropping old logs.
05-03 21:49:45.811 6482 6532 W ProxyAndroidLoggerBackend: Too many Flogger logs received before configuration. Dropping old logs.
05-03 21:49:45.814 6482 6532 W ProxyAndroidLoggerBackend: Too many Flogger logs received before configuration. Dropping old logs.
05-03 21:49:45.814 6482 6532 W ProxyAndroidLoggerBackend: Too many Flogger logs received before configuration. Dropping old logs.
05-03 21:49:45.815 6482 6532 I Finsky : [337] com.google.android.finsky.db.a.l.a(7): Started reading experiment flags from file [v6B-2IolLQRBwrwPhscSaeg04As].
05-03 21:49:45.815 6482 6532 I Finsky : [337] com.google.android.finsky.db.a.l.a(44): Finished reading experiment flags from file [v6B-2IolLQRBwrwPhscSaeg04As].
05-03 21:49:45.822 6482 6506 I PlayCommon: [311] com.google.android.play.b.h.a(522): Connecting to server: https://play.googleapis.com/play/log?format=raw&proto_v2=true
05-03 21:49:45.900 6482 6532 W ProxyAndroidLoggerBackend: Too many Flogger logs received before configuration. Dropping old logs.
05-03 21:49:45.901 6482 6532 I Finsky : [337] com.google.android.finsky.db.a.l.a(77): Started writing experiment flags into file [3iTZK60-XSU6ycLHV1Pe7j2ByDQ].
05-03 21:49:45.901 6482 6532 I Finsky : [337] com.google.android.finsky.db.a.l.a(129): Finished writing experiment flags into file [3iTZK60-XSU6ycLHV1Pe7j2ByDQ].
05-03 21:49:45.901 6482 6532 I Finsky : [337] com.google.android.finsky.db.a.a.a.b(119): Successfully applied new configurations for package com.google.android.finsky.regular.
05-03 21:49:45.901 6482 6531 W art : Long monitor contention with owner AsyncTask #1 (6529) at void com.google.android.gms.phenotype.core.b.a.k.(com.google.android.gms.phenotype.core.c.c, com.google.android.gms.phenotype.core.b.a.n, java.lang.String, int, java.lang.String[], byte[], java.lang.String, java.lang.String)(SourceFile:8) waiters=1 in int com.google.android.finsky.db.a.a.a.b() for 2.169s
05-03 21:49:45.902 6482 6531 I Finsky : [336] com.google.android.finsky.db.a.a.a.b(33): Triggered update for experiment package com.google.android.finsky.regular.
05-03 21:49:45.904 6482 6531 W ProxyAndroidLoggerBackend: Too many Flogger logs received before configuration. Dropping old logs.
05-03 21:49:45.905 6482 6531 W ProxyAndroidLoggerBackend: Too many Flogger logs received before configuration. Dropping old logs.
05-03 21:49:45.905 6482 6531 W ProxyAndroidLoggerBackend: Too many Flogger logs received before configuration. Dropping old logs.
05-03 21:49:46.010 6482 6531 W ProxyAndroidLoggerBackend: Too many Flogger logs received before configuration. Dropping old logs.
05-03 21:49:46.012 6482 6531 I Finsky : [336] com.google.android.finsky.db.a.l.a(77): Started writing experiment flags into file [Lz1nkNQFvt86e5FLHCVtHyb0T5Q].
05-03 21:49:46.013 6482 6531 I Finsky : [336] com.google.android.finsky.db.a.l.a(129): Finished writing experiment flags into file [Lz1nkNQFvt86e5FLHCVtHyb0T5Q].
05-03 21:49:46.021 6482 6482 I Finsky : [1] com.google.android.finsky.download.u.onPostExecute(7): Enqueued de.saschawillems.vulkancapsviewer as content://downloads/my_downloads/17
05-03 21:49:46.022 6482 6482 I Finsky : [1] com.google.android.finsky.download.e.a(51): de.saschawillems.vulkancapsviewer from 1 to 2.
05-03 21:49:46.022 6482 6482 I Finsky : [1] com.google.android.finsky.download.n.g(154): de.saschawillems.vulkancapsviewer: onStart
05-03 21:49:46.025 6482 6531 I Finsky : [336] com.google.android.finsky.db.a.a.a.b(119): Successfully applied new configurations for package com.google.android.finsky.regular.
05-03 21:49:46.026 4786 6586 D DownloadManager: [17] Starting
05-03 21:49:46.174 6482 6506 I PlayCommon: [311] com.google.android.play.b.h.a(579): Successfully uploaded logs.
05-03 21:49:46.188 6482 6506 I PlayCommon: [311] com.google.android.play.b.h.e(263): Preparing logs for uploading
05-03 21:49:46.188 6482 6506 I PlayCommon: [311] com.google.android.play.b.h.e(267): No file ready to send
05-03 21:49:46.369 6482 6482 I Finsky : [1] com.google.android.finsky.download.n.a(115): de.saschawillems.vulkancapsviewer: onProgress 0/-1 Status: 192 ID: 17.
05-03 21:49:46.388 4786 6586 D NetworkSecurityConfig: No Network Security Config specified, using platform default
05-03 21:49:46.398 4786 6586 W System : ClassLoader referenced unknown path: /system/framework/tcmclient.jar
05-03 21:49:46.407 1782 1782 I RenderThread: type=1400 audit(0.0:364): avc: denied { ioctl } for path="/dev/dri/card0" dev="tmpfs" ino=8252 ioctlcmd=0x645b scontext=u:r:platform_app:s0:c512,c768 tcontext=u:object_r:device:s0 tclass=chr_file permissive=1
05-03 21:49:48.495 1782 1782 D ViewRootImpl[NavigationBar]: updatePointerIcon called with position out of bounds
05-03 21:49:48.690 1782 1782 D ViewRootImpl[StatusBar]: updatePointerIcon called with position out of bounds
05-03 21:49:48.707 1782 1782 D ViewRootImpl[StatusBar]: updatePointerIcon called with position out of bounds
05-03 21:49:48.724 1782 1782 D ViewRootImpl[StatusBar]: updatePointerIcon called with position out of bounds
05-03 21:49:48.740 1782 1782 D ViewRootImpl[StatusBar]: updatePointerIcon called with position out of bounds
05-03 21:49:48.757 1782 1782 D ViewRootImpl[StatusBar]: updatePointerIcon called with position out of bounds
05-03 21:49:48.774 1782 1782 D ViewRootImpl[StatusBar]: updatePointerIcon called with position out of bounds
05-03 21:49:48.780 2165 2165 I WearableService: Wearable Services stopping
05-03 21:49:48.786 1697 1708 I ActivityManager: Setting hasTopUi=true for pid=1782
05-03 21:49:48.786 1782 1782 D PhoneStatusBar: disable: < expand ICONS* alerts SYSTEM_INFO* back home recent clock search quick_settings
> 05-03 21:49:48.787 1782 1782 D ViewRootImpl[StatusBar]: updatePointerIcon called with position out of bounds
05-03 21:49:48.825 1697 1708 W VibratorService: Tried to stop vibrating but there is no vibrator device.
05-03 21:49:49.967 5110 5115 I art : Do full code cache collection, code=251KB, data=243KB
05-03 21:49:49.975 5110 5115 I art : Starting a blocking GC JitCodeCache
05-03 21:49:49.975 5110 5115 I art : After code cache collection, code=210KB, data=177KB
05-03 21:49:59.037 4786 6586 D DownloadManager: [17] Finished with status SUCCESS
05-03 21:49:59.231 6482 6482 I Finsky : [1] com.google.android.finsky.download.DownloadBroadcastReceiver.a(12): Intent received at DownloadBroadcastReceiver
05-03 21:49:59.236 6482 6482 I Finsky : [1] com.google.android.finsky.download.e.a(51): de.saschawillems.vulkancapsviewer from 2 to 3.
05-03 21:49:59.236 6482 6482 I Finsky : [1] com.google.android.finsky.download.n.e(143): de.saschawillems.vulkancapsviewer: onComplete
05-03 21:49:59.236 6482 6482 I Finsky : [1] com.google.android.finsky.download.n.i(89): Download de.saschawillems.vulkancapsviewer removed from DownloadQueue
05-03 21:49:59.236 1407 1407 I : free_cache(0) avail 2992910336
05-03 21:49:59.247 6482 6482 I Finsky : [1] com.google.android.finsky.installer.a.aw.c(457): Prepare to copy de.saschawillems.vulkancapsviewer (adid: de.saschawillems.vulkancapsviewer , isid: Fyv9JR1-RjW5iDd5YHaFIw) from content://downloads/my_downloads/17 (expect 7725257 bytes, isCompressed: true)
05-03 21:49:59.247 6482 6482 I Finsky : [1] com.google.android.finsky.g.e.a(2): APK integrity will be verified using [SHA-256] method
05-03 21:49:59.283 6482 6529 I Finsky : [334] com.google.android.finsky.g.g.a(23): Decompressing de.saschawillems.vulkancapsviewer (de.saschawillems.vulkancapsviewer) format 2
05-03 21:49:59.284 5110 5983 W Herrevad: [408] vph.b: Invalid mccmnc
05-03 21:49:59.285 5110 5983 W Herrevad: [408] vph.b: Invalid mccmnc
05-03 21:49:59.287 1407 1407 I : free_cache(7725257) avail 2992906240
05-03 21:49:59.317 2165 2691 W GCoreFlp: No location to return for getLastLocation()
05-03 21:49:59.499 6482 6529 I Finsky : [334] com.google.android.finsky.g.g.a(58): de.saschawillems.vulkancapsviewer (de.saschawillems.vulkancapsviewer) (7725257 bytes) copied successfully in 211 ms
05-03 21:49:59.768 6482 6529 W com.google.common.io.i: IOException thrown while closing Closeable.
05-03 21:49:59.768 6482 6529 W com.google.common.io.i: java.io.IOException: write failed: EBADF (Bad file descriptor)
05-03 21:49:59.768 6482 6529 W com.google.common.io.i: at libcore.io.IoBridge.write(IoBridge.java:501)
05-03 21:49:59.768 6482 6529 W com.google.common.io.i: at android.os.FileBridge$FileBridgeOutputStream.writeCommandAndBlock(FileBridge.java:165)
05-03 21:49:59.768 6482 6529 W com.google.common.io.i: at android.os.FileBridge$FileBridgeOutputStream.close(FileBridge.java:152)
05-03 21:49:59.768 6482 6529 W com.google.common.io.i: at java.io.FilterOutputStream.close(FilterOutputStream.java:160)
05-03 21:49:59.768 6482 6529 W com.google.common.io.i: at com.google.common.io.i.a(SourceFile:4)
05-03 21:49:59.768 6482 6529 W com.google.common.io.i: at com.google.android.finsky.g.g.a(SourceFile:89)
05-03 21:49:59.768 6482 6529 W com.google.common.io.i: at com.google.android.finsky.g.g.doInBackground(SourceFile:126)
05-03 21:49:59.768 6482 6529 W com.google.common.io.i: at android.os.AsyncTask$2.call(AsyncTask.java:305)
05-03 21:49:59.768 6482 6529 W com.google.common.io.i: at java.util.concurrent.FutureTask.run(FutureTask.java:237)
05-03 21:49:59.768 6482 6529 W com.google.common.io.i: at java.util.concurrent.ThreadPoolExecutor.runWorker(ThreadPoolExecutor.java:1133)
05-03 21:49:59.768 6482 6529 W com.google.common.io.i: at java.util.concurrent.ThreadPoolExecutor$Worker.run(ThreadPoolExecutor.java:607)
05-03 21:49:59.768 6482 6529 W com.google.common.io.i: at java.lang.Thread.run(Thread.java:761)
05-03 21:49:59.768 6482 6529 W com.google.common.io.i: Caused by: android.system.ErrnoException: write failed: EBADF (Bad file descriptor)
05-03 21:49:59.768 6482 6529 W com.google.common.io.i: at libcore.io.Posix.writeBytes(Native Method)
05-03 21:49:59.768 6482 6529 W com.google.common.io.i: at libcore.io.Posix.write(Posix.java:273)
05-03 21:49:59.768 6482 6529 W com.google.common.io.i: at libcore.io.BlockGuardOs.write(BlockGuardOs.java:319)
05-03 21:49:59.768 6482 6529 W com.google.common.io.i: at libcore.io.IoBridge.write(IoBridge.java:496)
05-03 21:49:59.768 6482 6529 W com.google.common.io.i: ... 11 more
05-03 21:49:59.774 6482 6482 I Finsky : [1] com.google.android.finsky.installer.a.ba.a(10): Successfully copied APK to update de.saschawillems.vulkancapsviewer (adid: de.saschawillems.vulkancapsviewer , isid: Fyv9JR1-RjW5iDd5YHaFIw)
05-03 21:49:59.779 6482 6482 I Finsky : [1] com.google.android.finsky.installer.a.aw.c(570): Begin install of de.saschawillems.vulkancapsviewer (isid: Fyv9JR1-RjW5iDd5YHaFIw)
05-03 21:49:59.817 4786 5257 V DownloadManager: Deleting /data/data/com.android.providers.downloads/cache/downloadfile.bin via provider delete
05-03 21:50:00.347 6482 6482 I Finsky : [1] com.google.android.finsky.verifier.impl.PackageVerificationReceiver.onReceive(12): Verification requested, id = 2
05-03 21:50:00.348 6482 6482 W Finsky : [1] com.google.android.finsky.f.v.a(47): Null bundle, which breaks event chain!. Creating a new logging context.
05-03 21:50:00.377 6482 6531 I Finsky : [336] com.google.android.finsky.db.a.l.a(7): Started reading experiment flags from file [v6B-2IolLQRBwrwPhscSaeg04As].
05-03 21:50:00.377 6482 6531 I Finsky : [336] com.google.android.finsky.db.a.l.a(44): Finished reading experiment flags from file [v6B-2IolLQRBwrwPhscSaeg04As].
05-03 21:50:00.380 6482 6532 I Finsky : [337] com.google.android.finsky.verifier.impl.cl.a(103): Skipping verification because own installation
05-03 21:50:00.380 6482 6532 I Finsky : [337] com.google.android.finsky.verifier.impl.cl.a(119): Skipping anti malware verification due to pre-check failure
05-03 21:50:00.381 6482 6482 I Finsky : [1] com.google.android.finsky.verifier.impl.ds.c(195): Verifying id=2, result=1
05-03 21:50:00.382 6482 6482 I Finsky : [1] com.google.android.finsky.verifier.impl.ds.c(212): Verification complete: id=2, package_name=de.saschawillems.vulkancapsviewer
05-03 21:50:00.421 1697 1724 I PackageManager.DexOptimizer: Running dexopt (dex2oat) on: /data/app/vmdl1591879302.tmp/base.apk pkg=de.saschawillems.vulkancapsviewer isa=x86 vmSafeMode=false debuggable=false target-filter=interpret-only oatDir = /data/app/vmdl1591879302.tmp/oat sharedLibraries=null
05-03 21:50:00.435 6599 6599 W dex2oat : Unexpected CPU variant for X86 using defaults: x86
05-03 21:50:00.435 6599 6599 W dex2oat : Mismatch between dex2oat instruction set features (ISA: X86 Feature string: smp,-ssse3,-sse4.1,-sse4.2,-avx,-avx2,-lock_add,-popcnt) and those of dex2oat executable (ISA: X86 Feature string: smp,ssse3,sse4.1,sse4.2,-avx,-avx2,-lock_add,popcnt) for the command line:
05-03 21:50:00.435 6599 6599 W dex2oat : /system/bin/dex2oat --zip-fd=6 --zip-location=base.apk --oat-fd=7 --oat-location=/data/app/vmdl1591879302.tmp/oat/x86/base.odex --instruction-set=x86 --instruction-set-variant=x86 --instruction-set-features=default --runtime-arg -Xms64m --runtime-arg -Xmx512m --compiler-filter=interpret-only --swap-fd=8
05-03 21:50:00.435 6599 6599 I dex2oat : /system/bin/dex2oat --compiler-filter=interpret-only
05-03 21:50:00.435 6599 6599 E cutils-trace: Error opening trace file: Permission denied (13)
05-03 21:50:00.918 6599 6599 I dex2oat : dex2oat took 483.815ms (threads: 4) arena alloc=7KB (7632B) java alloc=278KB (284976B) native alloc=1458KB (1493928B) free=3MB (3224664B)
05-03 21:50:01.664 1407 1407 D installd: Detected label change from u:object_r:system_data_file:s0 to u:object_r:app_data_file:s0:c512,c768 at /data/data/de.saschawillems.vulkancapsviewer; running recursive restorecon
05-03 21:50:01.664 1407 1407 D installd: Detected label change from u:object_r:system_data_file:s0 to u:object_r:app_data_file:s0:c512,c768 at /data/user_de/0/de.saschawillems.vulkancapsviewer; running recursive restorecon
05-03 21:50:01.665 1697 1724 V BackupManagerService: restoreAtInstall pkg=de.saschawillems.vulkancapsviewer token=3 restoreSet=0
05-03 21:50:01.665 1697 1724 V BackupManagerService: Finishing install immediately
05-03 21:50:01.666 1697 1724 I art : Starting a blocking GC Explicit
05-03 21:50:01.696 1697 1724 I art : Explicit concurrent mark sweep GC freed 52402(2MB) AllocSpace objects, 22(924KB) LOS objects, 33% free, 10MB/15MB, paused 334us total 21.231ms
05-03 21:50:01.696 1407 1407 E : Couldn't opendir /data/app/vmdl1591879302.tmp: No such file or directory
05-03 21:50:01.701 1697 4395 D PackageInstaller: Ignoring abandon after commit relinquished control
05-03 21:50:01.701 6482 6527 I Finsky : [332] com.google.android.finsky.cu.e.b(119): Canceling session 1591879302 for de.saschawillems.vulkancapsviewer
05-03 21:50:01.701 6482 6482 I Finsky : [1] com.google.android.finsky.installer.a.bj.a(5): Successful install of de.saschawillems.vulkancapsviewer (isid: Fyv9JR1-RjW5iDd5YHaFIw)
05-03 21:50:01.705 2294 2294 W Launcher: setApplicationContext called twice! old=android.app.Application@76ba41b new=android.app.Application@76ba41b
05-03 21:50:01.707 6482 6482 I Finsky : [1] com.google.android.finsky.installer.a.aw.e(1443): Requested shortcut for de.saschawillems.vulkancapsviewer
05-03 21:50:01.740 1697 1740 I InputReader: Reconfiguring input devices. changes=0x00000010
05-03 21:50:01.748 1855 1855 E PhoneInterfaceManager: [PhoneIntfMgr] getCarrierPackageNamesForIntent: No UICC
05-03 21:50:01.748 1855 1855 D CarrierSvcBindHelper: No carrier app for: 0
05-03 21:50:01.748 1855 1855 D CarrierConfigLoader: mHandler: 9 phoneId: 0
05-03 21:50:01.786 6482 6482 W Finsky : [1] com.google.android.finsky.notification.o.a(54): Resource for de.saschawillems.vulkancapsviewer is android.graphics.drawable.BitmapDrawable of size 256*256
05-03 21:50:01.814 6482 6482 I Finsky : [1] com.google.android.finsky.wear.WearSupportService.onStartCommand(16): Starting WearSupportService for auto_install
05-03 21:50:01.814 6482 6482 I Finsky : [1] com.google.android.finsky.wear.s.a(16): Connecting to wearable
05-03 21:50:01.815 6482 6482 I Finsky : [1] com.google.android.finsky.wear.WearSupportService.onStartCommand(16): Starting WearSupportService for send_installed_apps
05-03 21:50:01.819 2165 2165 I WearableService: Wearable Services not starting - Wear is not available on this device.
05-03 21:50:01.821 2165 3425 W WearableService: onGetService - Wear is not available on this device.
05-03 21:50:01.822 6482 6482 E Finsky : [1] com.google.android.finsky.wear.t.a(3): onConnectionFailed: ConnectionResult{statusCode=API_UNAVAILABLE, resolution=null, message=null}
05-03 21:50:01.822 6482 6482 W Finsky : [1] com.google.android.finsky.wear.s.a(5): GoogleApiClient instance is not connected when requested
05-03 21:50:01.822 6482 6482 W Finsky : [1] com.google.android.finsky.wear.cx.run(10): Dropping command=auto_install due to Gms not connected
05-03 21:50:01.822 6482 6482 I Finsky : [1] com.google.android.finsky.wear.WearSupportService.b(59): Stopping WearSupportService
05-03 21:50:01.823 6482 6482 W Finsky : [1] com.google.android.finsky.wear.s.a(5): GoogleApiClient instance is not connected when requested
05-03 21:50:01.824 6482 6482 W Finsky : [1] com.google.android.finsky.wear.cx.run(10): Dropping command=send_installed_apps due to Gms not connected
05-03 21:50:01.824 6482 6482 I Finsky : [1] com.google.android.finsky.wear.WearSupportService.b(59): Stopping WearSupportService
05-03 21:50:01.852 5110 6609 I ChromeSync: [Sync,SyncIntentOperation] Handling the intent: Intent { act=android.intent.action.PACKAGE_ADDED dat=package:de.saschawillems.vulkancapsviewer flg=0x4000010 cmp=com.google.android.gms/.chimera.GmsIntentOperationService (has extras) }.
05-03 21:50:01.854 5110 6609 I ChromeSync: [Persistence,AffiliationManager] No affiliation data for android://ZYK90e4XXF5Ch4mfP0uyO_P_JqGDa2NfBi5OIOrbvJTuQT6_66U4pU9o9iYdnHUxm7UAzC2K8w7OAa5Vd7ZoBw==@de.saschawillems.vulkancapsviewer/. Marking affiliation data as stale...
05-03 21:50:01.856 5110 6608 I FontsPackageChangeOp: Package de.saschawillems.vulkancapsviewer has no metadata
05-03 21:50:02.116 5110 5181 I Icing : IndexChimeraService.getServiceInterface callingPackage=com.google.android.gms componentName=AppsCorpus serviceId=32
05-03 21:50:02.116 5110 5209 I Icing : IndexChimeraService.getServiceInterface callingPackage=com.google.android.gms componentName=AppsCorpus serviceId=36
05-03 21:50:02.180 1697 1697 I Binder:1697_F: type=1400 audit(0.0:365): avc: denied { wake_alarm } for capability=35 scontext=u:r:system_server:s0 tcontext=u:r:system_server:s0 tclass=capability2 permissive=1
05-03 21:50:02.181 6482 6482 I Finsky : [1] com.google.android.finsky.scheduler.JobSchedulerEngine.a(127): Scheduling job Id: 9000, MinLatency: 14635, Override Deadline: 86399635, C: false, I: false, N: 1
05-03 21:50:02.244 5110 6609 I ChromeSync: [Persistence,AffiliationManager] Fetching affiliations from the server.
05-03 21:50:02.471 5110 5983 I Icing : Usage reports ok 6, Failed Usage reports 0, indexed 0, rejected 0, imm upload false
05-03 21:50:02.544 5110 5983 I Icing : Usage reports ok 0, Failed Usage reports 0, indexed 0, rejected 0, imm upload false
05-03 21:50:02.689 2294 2303 I art : Compiler allocated 4MB to compile void com.android.launcher3.LauncherModel$PackageUpdatedTask.run()
05-03 21:50:02.893 1410 1410 I Binder:1410_3: type=1400 audit(0.0:366): avc: denied { read } for name="vendor" dev="tmpfs" ino=6081 scontext=u:r:mediadrmserver:s0 tcontext=u:object_r:tmpfs:s0 tclass=lnk_file permissive=1
05-03 21:50:02.896 1410 6337 E Drm : Failed to find drm plugin
05-03 21:50:02.896 6339 6637 W DG.WV : Widevine DRM not supported on this device
05-03 21:50:02.896 6339 6637 W DG.WV : android.media.UnsupportedSchemeException: Failed to instantiate drm object.
05-03 21:50:02.896 6339 6637 W DG.WV : at android.media.MediaDrm.native_setup(Native Method)
05-03 21:50:02.896 6339 6637 W DG.WV : at android.media.MediaDrm.(MediaDrm.java:215)
05-03 21:50:02.896 6339 6637 W DG.WV : at qqj.run(:com.google.android.gms@12529025@12.5.29 (040800-192802242):10)
05-03 21:50:02.896 6339 6637 W DG.WV : at nsg.run(:com.google.android.gms@12529025@12.5.29 (040800-192802242):27)
05-03 21:50:02.896 6339 6637 W DG.WV : at java.util.concurrent.ThreadPoolExecutor.runWorker(ThreadPoolExecutor.java:1133)
05-03 21:50:02.896 6339 6637 W DG.WV : at java.util.concurrent.ThreadPoolExecutor$Worker.run(ThreadPoolExecutor.java:607)
05-03 21:50:02.896 6339 6637 W DG.WV : at nya.run(:com.google.android.gms@12529025@12.5.29 (040800-192802242))
05-03 21:50:02.896 6339 6637 W DG.WV : at java.lang.Thread.run(Thread.java:761)
05-03 21:50:03.257 6339 6594 I art : Rejecting re-init on previously-failed class java.lang.Class: java.lang.UnsatisfiedLinkError: dlopen failed: "/data/data/com.google.android.gms/app_dg_cache/87A7B6DF3A340CFF01D8DD0CA677B97CBEEAAF1C/libdF19F0D9D2526.so" is 32-bit instead of 64-bit
05-03 21:50:03.257 6339 6594 I art : (Throwable with no stack trace)
05-03 21:50:03.562 5110 5982 I Icing : Indexing F57B353381C3CAC338155E60ECADB6222EBDDF8F from com.google.android.gms
05-03 21:50:03.572 5110 5982 I Icing : Indexing done F57B353381C3CAC338155E60ECADB6222EBDDF8F
05-03 21:50:03.636 1782 1782 D ViewRootImpl[NavigationBar]: updatePointerIcon called with position out of bounds
05-03 21:50:03.938 1404 1669 I audio_hw_primary: choose pcmC1D0p for 0
05-03 21:50:04.395 1697 4098 W InputMethodManagerService: Window already focused, ignoring focus gain of: com.android.internal.view.IInputMethodClient$Stub$Proxy@41e1172 attribute=null, token = android.os.BinderProxy@127a349
05-03 21:50:04.677 1697 3288 I ActivityManager: Setting hasTopUi=false for pid=1782
05-03 21:50:04.677 1782 1782 D PhoneStatusBar: disable: < expand icons* alerts system_info* back home recent clock search quick_settings
> 05-03 21:50:04.710 1782 1782 D ViewRootImpl[StatusBar]: updatePointerIcon called with position out of bounds
05-03 21:50:05.585 1782 1782 I SlideTouchEvent: vel=0.0, MinimumFlingVelocity=50
05-03 21:50:05.608 6482 6482 I Finsky : [1] com.google.android.finsky.bg.a.c.a(83): FamilyOptions=30011=>[3]
05-03 21:50:05.798 6482 6487 I art : Do full code cache collection, code=504KB, data=474KB
05-03 21:50:05.799 6482 6487 I art : Starting a blocking GC JitCodeCache
05-03 21:50:05.799 6482 6487 I art : After code cache collection, code=475KB, data=372KB
05-03 21:50:06.167 6482 6487 I art : Do partial code cache collection, code=487KB, data=402KB
05-03 21:50:06.168 6482 6487 I art : After code cache collection, code=487KB, data=402KB
05-03 21:50:06.168 6482 6487 I art : Increasing code cache capacity to 2MB
05-03 21:50:06.380 1782 1782 I SlideTouchEvent: vel=0.0, MinimumFlingVelocity=50
05-03 21:50:06.396 6482 6482 I AppLifecycleTracker: onActivityPaused:
05-03 21:50:06.521 2294 2294 W IInputConnectionWrapper: reportFullscreenMode on inexistent InputConnection
05-03 21:50:06.761 6482 6482 I Finsky : [1] com.google.android.finsky.ci.a.onTrimMemory(5): Memory trim requested to level 20
05-03 21:50:06.761 6482 6482 I Finsky : [1] com.google.android.finsky.ci.a.onTrimMemory(11): Flushing in-memory image cache
05-03 21:50:06.763 6482 6482 I AppLifecycleTracker: onActivityStopped:
05-03 21:50:06.765 6482 6482 I AppLifecycleTracker: onActivityDestroyed:
05-03 21:50:06.767 6482 6482 E MediaPlayer-JNI: JNIMediaPlayerFactory: bIsQCMediaPlayerPresent 0
05-03 21:50:06.767 6482 6482 E MediaPlayer-JNI: JNIMediaPlayerFactory: bIsQCMediaPlayerPresent 0
05-03 21:50:06.822 2165 2165 I WearableService: Wearable Services stopping
05-03 21:50:11.445 1404 1669 I audio_hw_primary: choose pcmC1D0p for 0
05-03 21:50:11.446 1697 3616 I ActivityManager: START u0 {act=android.intent.action.MAIN cat=[android.intent.category.LAUNCHER] flg=0x10200000 cmp=de.saschawillems.vulkancapsviewer/org.qtproject.qt5.android.bindings.QtActivity (has extras)} from uid 10034 on display 0
05-03 21:50:11.452 1697 1711 W BroadcastQueue: Permission Denial: broadcasting Intent { act=com.android.launcher3.action.LAUNCH flg=0x10 (has extras) } from com.cyanogenmod.trebuchet (pid=2294, uid=10034) requires com.google.android.launcher.permission.RECEIVE_LAUNCH_BROADCASTS due to receiver com.google.android.gms/.icing.proxy.ApplicationLauncherReceiver
05-03 21:50:11.452 1697 1711 W BroadcastQueue: Permission Denial: receiving Intent { act=com.android.launcher3.action.LAUNCH flg=0x10 (has extras) } to com.google.android.gms/.chimera.GmsIntentOperationService$GmsExternalReceiver requires com.android.launcher3.permission.RECEIVE_LAUNCH_BROADCASTS due to sender com.cyanogenmod.trebuchet (uid 10034)
05-03 21:50:11.457 6640 6640 I main : type=1400 audit(0.0:367): avc: denied { open } for path="/selinux_version" dev="tmpfs" ino=6073 scontext=u:r:zygote:s0 tcontext=u:object_r:tmpfs:s0 tclass=file permissive=1
05-03 21:50:11.457 6640 6640 I ulkancapsviewe: type=1400 audit(0.0:368): avc: denied { read } for name="libhoudini.so" dev="loop2" ino=57 scontext=u:r:untrusted_app:s0:c512,c768 tcontext=u:object_r:unlabeled:s0 tclass=file permissive=1
05-03 21:50:11.457 6640 6640 I ulkancapsviewe: type=1400 audit(0.0:369): avc: denied { open } for path="/system/lib/libhoudini.so" dev="loop2" ino=57 scontext=u:r:untrusted_app:s0:c512,c768 tcontext=u:object_r:unlabeled:s0 tclass=file permissive=1
05-03 21:50:11.457 6640 6640 I ulkancapsviewe: type=1400 audit(0.0:370): avc: denied { getattr } for path="/system/lib/libhoudini.so" dev="loop2" ino=57 scontext=u:r:untrusted_app:s0:c512,c768 tcontext=u:object_r:unlabeled:s0 tclass=file permissive=1
05-03 21:50:11.463 1697 3616 I ActivityManager: Start proc 6640:de.saschawillems.vulkancapsviewer/u0a79 for activity de.saschawillems.vulkancapsviewer/org.qtproject.qt5.android.bindings.QtActivity
05-03 21:50:11.467 6482 6482 I Finsky : [1] com.google.android.finsky.externalreferrer.s.d(19): Package first launch for de.saschawillems.vulkancapsviewer
05-03 21:50:11.470 6482 6482 I Finsky : [1] com.google.android.finsky.externalreferrer.e.a(77): Backfilling empty external referrer for de.saschawillems.vulkancapsviewer
05-03 21:50:11.494 1697 1697 I android.display: type=1400 audit(0.0:371): avc: denied { ioctl } for path="/dev/dri/card0" dev="tmpfs" ino=8252 ioctlcmd=0x640b scontext=u:r:system_server:s0 tcontext=u:object_r:device:s0 tclass=chr_file permissive=1
05-03 21:50:11.496 6640 6640 I ulkancapsviewe: type=1400 audit(0.0:372): avc: denied { execute } for path="/system/lib/libhoudini.so" dev="loop2" ino=57 scontext=u:r:untrusted_app:s0:c512,c768 tcontext=u:object_r:unlabeled:s0 tclass=file permissive=1
05-03 21:50:11.548 6640 6640 D houdini : [6640] Initialize library(version: 7.1.0a_y.49344 RELEASE)... successfully.
05-03 21:50:11.549 6640 6640 W art : Unexpected CPU variant for X86 using defaults: x86
05-03 21:50:11.581 6640 6640 W System : ClassLoader referenced unknown path:
05-03 21:50:11.718 6640 6640 D houdini : [6640] Added shared library /data/user/0/de.saschawillems.vulkancapsviewer/lib/libgnustl_shared.so for ClassLoader by Native Bridge.
05-03 21:50:11.751 6640 6640 D houdini : [6640] Added shared library /data/user/0/de.saschawillems.vulkancapsviewer/lib/libQt5Core.so for ClassLoader by Native Bridge.
05-03 21:50:11.864 6640 6640 D houdini : [6640] Added shared library /data/user/0/de.saschawillems.vulkancapsviewer/lib/libQt5Gui.so for ClassLoader by Native Bridge.
05-03 21:50:11.871 6640 6640 D houdini : [6640] Added shared library /data/user/0/de.saschawillems.vulkancapsviewer/lib/libQt5Widgets.so for ClassLoader by Native Bridge.
05-03 21:50:11.873 6640 6640 D houdini : [6640] Added shared library /data/user/0/de.saschawillems.vulkancapsviewer/lib/libQt5Network.so for ClassLoader by Native Bridge.
05-03 21:50:11.874 6640 6640 D houdini : [6640] Added shared library /data/user/0/de.saschawillems.vulkancapsviewer/lib/libQt5AndroidExtras.so for ClassLoader by Native Bridge.
05-03 21:50:11.898 6640 6640 D houdini : [6640] Added shared library /data/user/0/de.saschawillems.vulkancapsviewer/qt-reserved-files/plugins/platforms/android/libqtforandroid.so for ClassLoader by Native Bridge.
05-03 21:50:11.898 6640 6640 I Qt : qt start
05-03 21:50:11.900 6640 6640 D houdini : [6640] Added shared library /data/user/0/de.saschawillems.vulkancapsviewer/qt-reserved-files/plugins/bearer/libqandroidbearer.so for ClassLoader by Native Bridge.
05-03 21:50:11.901 6640 6640 D houdini : [6640] Added shared library /data/app/de.saschawillems.vulkancapsviewer-1/lib/arm/libcrypto.so for ClassLoader by Native Bridge.
05-03 21:50:11.902 6640 6640 D houdini : [6640] Added shared library /data/app/de.saschawillems.vulkancapsviewer-1/lib/arm/libssl.so for ClassLoader by Native Bridge.
05-03 21:50:12.215 6640 6640 D houdini : [6640] Added shared library /data/app/de.saschawillems.vulkancapsviewer-1/lib/arm/libvulkanCapsViewer.so for ClassLoader by Native Bridge.
05-03 21:50:12.225 6640 6652 W art : Suspending all threads took: 8.020ms
05-03 21:50:12.227 6640 6652 I art : Background sticky concurrent mark sweep GC freed 19004(1697KB) AllocSpace objects, 27(668KB) LOS objects, 33% free, 3MB/4MB, paused 8.769ms total 41.271ms
05-03 21:50:12.242 6640 6646 I art : Do partial code cache collection, code=13KB, data=30KB
05-03 21:50:12.242 6640 6646 I art : After code cache collection, code=13KB, data=30KB
05-03 21:50:12.242 6640 6646 I art : Increasing code cache capacity to 128KB
05-03 21:50:12.275 6640 6640 I RenderThread: type=1400 audit(0.0:373): avc: denied { getattr } for path="/dev/dri/card0" dev="tmpfs" ino=8252 scontext=u:r:untrusted_app:s0:c512,c768 tcontext=u:object_r:device:s0 tclass=chr_file permissive=1
05-03 21:50:12.275 6640 6640 I RenderThread: type=1400 audit(0.0:374): avc: denied { read write } for name="card0" dev="tmpfs" ino=8252 scontext=u:r:untrusted_app:s0:c512,c768 tcontext=u:object_r:device:s0 tclass=chr_file permissive=1
05-03 21:50:12.275 6640 6640 I RenderThread: type=1400 audit(0.0:375): avc: denied { open } for path="/dev/dri/card0" dev="tmpfs" ino=8252 scontext=u:r:untrusted_app:s0:c512,c768 tcontext=u:object_r:device:s0 tclass=chr_file permissive=1
05-03 21:50:12.275 6640 6640 I RenderThread: type=1400 audit(0.0:376): avc: denied { ioctl } for path="/dev/dri/card0" dev="tmpfs" ino=8252 ioctlcmd=0x6400 scontext=u:r:untrusted_app:s0:c512,c768 tcontext=u:object_r:device:s0 tclass=chr_file permissive=1
05-03 21:50:12.275 6640 6640 I RenderThread: type=1400 audit(0.0:377): avc: denied { read } for name="dri" dev="tmpfs" ino=8249 scontext=u:r:untrusted_app:s0:c512,c768 tcontext=u:object_r:device:s0 tclass=dir permissive=1
05-03 21:50:12.275 6640 6640 I RenderThread: type=1400 audit(0.0:378): avc: denied { open } for path="/dev/dri" dev="tmpfs" ino=8249 scontext=u:r:untrusted_app:s0:c512,c768 tcontext=u:object_r:device:s0 tclass=dir permissive=1
05-03 21:50:12.275 6640 6640 I RenderThread: type=1400 audit(0.0:379): avc: denied { read } for name="uevent" dev="sysfs" ino=4787 scontext=u:r:untrusted_app:s0:c512,c768 tcontext=u:object_r:sysfs:s0 tclass=file permissive=1
05-03 21:50:12.275 6640 6640 I RenderThread: type=1400 audit(0.0:380): avc: denied { open } for path="/sys/devices/pci0000:00/0000:00:1c.4/0000:04:00.0/uevent" dev="sysfs" ino=4787 scontext=u:r:untrusted_app:s0:c512,c768 tcontext=u:object_r:sysfs:s0 tclass=file permissive=1
05-03 21:50:12.275 6640 6640 I RenderThread: type=1400 audit(0.0:381): avc: denied { getattr } for path="/sys/devices/pci0000:00/0000:00:1c.4/0000:04:00.0/uevent" dev="sysfs" ino=4787 scontext=u:r:untrusted_app:s0:c512,c768 tcontext=u:object_r:sysfs:s0 tclass=file permissive=1
05-03 21:50:12.276 6640 6659 D GRALLOC-DRM: drmOpen i915: 42
05-03 21:50:12.276 6640 6659 I GRALLOC-DRM: create intel for driver i915
05-03 21:50:12.284 6640 6659 I EGL-DRI2: found extension DRI_Core version 1
05-03 21:50:12.284 6640 6659 I EGL-DRI2: found extension DRI_DRI2 version 4
05-03 21:50:12.292 6640 6659 I EGL-DRI2: found extension DRI_TexBuffer version 3
05-03 21:50:12.292 6640 6659 I EGL-DRI2: found extension DRI2_Flush version 4
05-03 21:50:12.292 6640 6659 I EGL-DRI2: found extension DRI_IMAGE version 14
05-03 21:50:12.292 6640 6659 I EGL-DRI2: found extension DRI2_Fence version 2
05-03 21:50:12.292 6640 6659 I EGL-DRI2: found extension DRI_RENDERER_QUERY version 1
05-03 21:50:12.292 6640 6659 I EGL-DRI2: found extension DRI_CONFIG_QUERY version 1
05-03 21:50:12.292 6640 6659 I EGL-DRI2: found extension DRI_Robustness version 1
05-03 21:50:12.292 6640 6659 I OpenGLRenderer: Initialized EGL, version 1.4
05-03 21:50:12.292 6640 6659 D OpenGLRenderer: Swap behavior 2
05-03 21:50:12.332 1697 1718 I ActivityManager: Displayed de.saschawillems.vulkancapsviewer/org.qtproject.qt5.android.bindings.QtActivity: +878ms
05-03 21:50:13.076 6640 6660 W libvulkanCapsViewer.so: (null):0 ((null)): libpng warning: iCCP: known incorrect sRGB profile
05-03 21:50:13.098 6640 6660 W libvulkanCapsViewer.so: (null):0 ((null)): libpng warning: iCCP: known incorrect sRGB profile
05-03 21:50:13.112 6640 6660 W libvulkanCapsViewer.so: (null):0 ((null)): libpng warning: iCCP: known incorrect sRGB profile
05-03 21:50:13.124 6640 6660 W libvulkanCapsViewer.so: (null):0 ((null)): libpng warning: iCCP: known incorrect sRGB profile
05-03 21:50:13.137 6640 6660 W libvulkanCapsViewer.so: (null):0 ((null)): libpng warning: iCCP: known incorrect sRGB profile
05-03 21:50:13.145 6640 6660 W libvulkanCapsViewer.so: (null):0 ((null)): libpng warning: iCCP: known incorrect sRGB profile
05-03 21:50:13.163 6640 6660 W libvulkanCapsViewer.so: (null):0 ((null)): libpng warning: iCCP: known incorrect sRGB profile
05-03 21:50:13.201 6640 6660 W libvulkanCapsViewer.so: (null):0 ((null)): libpng warning: iCCP: known incorrect sRGB profile
05-03 21:50:14.540 6640 6660 I vulkanCapsViewer: Loading libvulkan.so...
05-03 21:50:14.643 6640 6640 I QtThread: type=1400 audit(0.0:382): avc: denied { open } for path="/dev/__properties__/u:object_r:userinit_prop:s0" dev="tmpfs" ino=1213 scontext=u:r:untrusted_app:s0:c512,c768 tcontext=u:object_r:userinit_prop:s0 tclass=file permissive=1
05-03 21:50:14.643 6640 6640 I QtThread: type=1400 audit(0.0:383): avc: denied { getattr } for path="/dev/__properties__/u:object_r:userinit_prop:s0" dev="tmpfs" ino=1213 scontext=u:r:untrusted_app:s0:c512,c768 tcontext=u:object_r:userinit_prop:s0 tclass=file permissive=1
05-03 21:50:14.643 6640 6640 I QtThread: type=1400 audit(0.0:384): avc: denied { open } for path="/dev/__properties__/u:object_r:adbsecure_prop:s0" dev="tmpfs" ino=1214 scontext=u:r:untrusted_app:s0:c512,c768 tcontext=u:object_r:adbsecure_prop:s0 tclass=file permissive=1
05-03 21:50:14.643 6640 6640 I QtThread: type=1400 audit(0.0:385): avc: denied { getattr } for path="/dev/__properties__/u:object_r:adbsecure_prop:s0" dev="tmpfs" ino=1214 scontext=u:r:untrusted_app:s0:c512,c768 tcontext=u:object_r:adbsecure_prop:s0 tclass=file permissive=1
05-03 21:50:14.643 6640 6640 I QtThread: type=1400 audit(0.0:386): avc: denied { open } for path="/dev/__properties__/u:object_r:recovery_prop:s0" dev="tmpfs" ino=1215 scontext=u:r:untrusted_app:s0:c512,c768 tcontext=u:object_r:recovery_prop:s0 tclass=file permissive=1
05-03 21:50:14.643 6640 6640 I QtThread: type=1400 audit(0.0:387): avc: denied { getattr } for path="/dev/__properties__/u:object_r:recovery_prop:s0" dev="tmpfs" ino=1215 scontext=u:r:untrusted_app:s0:c512,c768 tcontext=u:object_r:recovery_prop:s0 tclass=file permissive=1
05-03 21:50:14.643 6640 6640 I QtThread: type=1400 audit(0.0:388): avc: denied { open } for path="/dev/__properties__/u:object_r:adbtcp_prop:s0" dev="tmpfs" ino=1216 scontext=u:r:untrusted_app:s0:c512,c768 tcontext=u:object_r:adbtcp_prop:s0 tclass=file permissive=1
05-03 21:50:14.643 6640 6640 I QtThread: type=1400 audit(0.0:389): avc: denied { getattr } for path="/dev/__properties__/u:object_r:adbtcp_prop:s0" dev="tmpfs" ino=1216 scontext=u:r:untrusted_app:s0:c512,c768 tcontext=u:object_r:adbtcp_prop:s0 tclass=file permissive=1
05-03 21:50:14.643 6640 6640 I QtThread: type=1400 audit(0.0:390): avc: denied { open } for path="/dev/__properties__/u:object_r:safemode_prop:s0" dev="tmpfs" ino=1225 scontext=u:r:untrusted_app:s0:c512,c768 tcontext=u:object_r:safemode_prop:s0 tclass=file permissive=1
05-03 21:50:14.643 6640 6640 I QtThread: type=1400 audit(0.0:391): avc: denied { getattr } for path="/dev/__properties__/u:object_r:safemode_prop:s0" dev="tmpfs" ino=1225 scontext=u:r:untrusted_app:s0:c512,c768 tcontext=u:object_r:safemode_prop:s0 tclass=file permissive=1
05-03 21:50:14.643 6640 6640 I QtThread: type=1400 audit(0.0:392): avc: denied { open } for path="/dev/__properties__/u:object_r:mmc_prop:s0" dev="tmpfs" ino=1226 scontext=u:r:untrusted_app:s0:c512,c768 tcontext=u:object_r:mmc_prop:s0 tclass=file permissive=1
05-03 21:50:14.643 6640 6640 I QtThread: type=1400 audit(0.0:393): avc: denied { getattr } for path="/dev/__properties__/u:object_r:mmc_prop:s0" dev="tmpfs" ino=1226 scontext=u:r:untrusted_app:s0:c512,c768 tcontext=u:object_r:mmc_prop:s0 tclass=file permissive=1
05-03 21:50:14.643 6640 6640 I QtThread: type=1400 audit(0.0:394): avc: denied { open } for path="/dev/__properties__/u:object_r:logpersistd_logging_prop:s0" dev="tmpfs" ino=1227 scontext=u:r:untrusted_app:s0:c512,c768 tcontext=u:object_r:logpersistd_logging_prop:s0 tclass=file permissive=1
05-03 21:50:14.643 6640 6640 I QtThread: type=1400 audit(0.0:395): avc: denied { getattr } for path="/dev/__properties__/u:object_r:logpersistd_logging_prop:s0" dev="tmpfs" ino=1227 scontext=u:r:untrusted_app:s0:c512,c768 tcontext=u:object_r:logpersistd_logging_prop:s0 tclass=file permissive=1
05-03 21:50:14.643 6640 6640 I QtThread: type=1400 audit(0.0:396): avc: denied { open } for path="/dev/__properties__/u:object_r:device_logging_prop:s0" dev="tmpfs" ino=1228 scontext=u:r:untrusted_app:s0:c512,c768 tcontext=u:object_r:device_logging_prop:s0 tclass=file permissive=1
05-03 21:50:14.643 6640 6640 I QtThread: type=1400 audit(0.0:397): avc: denied { getattr } for path="/dev/__properties__/u:object_r:device_logging_prop:s0" dev="tmpfs" ino=1228 scontext=u:r:untrusted_app:s0:c512,c768 tcontext=u:object_r:device_logging_prop:s0 tclass=file permissive=1
05-03 21:50:14.644 6640 6660 D vulkan : searching for layers in '/data/app/de.saschawillems.vulkancapsviewer-1/lib/arm'
05-03 21:50:14.644 6640 6660 D vulkan : searching for layers in '/system/fake-libs'
05-03 21:50:14.644 6640 6660 D vulkan : searching for layers in '/data/app/de.saschawillems.vulkancapsviewer-1/base.apk!/lib/armeabi-v7a'
05-03 21:50:14.645 6640 6660 I vulkanCapsViewer: Loading instance based function pointers...
05-03 21:50:14.647 6640 6660 D libvulkanCapsViewer.so: (null):0 ((null)): true
05-03 21:50:14.649 6640 6660 D libvulkanCapsViewer.so: (null):0 ((null)): true
05-03 21:50:14.649 6640 6660 D libvulkanCapsViewer.so: (null):0 ((null)): -728954872
05-03 21:50:14.740 2294 2294 W ViewRootImpl[Launcher]: Cancelling event due to no window focus: MotionEvent { action=ACTION_CANCEL, actionButton=0, id[0]=0, x[0]=112.40016, y[0]=475.21045, toolType[0]=TOOL_TYPE_FINGER, buttonState=0, metaState=0, flags=0x0, edgeFlags=0x0, pointerCount=1, historySize=0, eventTime=1089983, downTime=1086387, deviceId=2, source=0x2002 }
05-03 21:50:14.740 2294 2294 W ViewRootImpl[Launcher]: Cancelling event due to no window focus: MotionEvent { action=ACTION_CANCEL, actionButton=0, id[0]=0, x[0]=112.40016, y[0]=475.21045, toolType[0]=TOOL_TYPE_FINGER, buttonState=0, metaState=0, flags=0x0, edgeFlags=0x0, pointerCount=1, historySize=0, eventTime=1089983, downTime=1086387, deviceId=2, source=0x2002 }
05-03 21:50:14.740 2294 2294 W ViewRootImpl[Launcher]: Cancelling event due to no window focus: MotionEvent { action=ACTION_CANCEL, actionButton=0, id[0]=0, x[0]=112.40016, y[0]=475.21045, toolType[0]=TOOL_TYPE_FINGER, buttonState=0, metaState=0, flags=0x0, edgeFlags=0x0, pointerCount=1, historySize=0, eventTime=1089983, downTime=1086387, deviceId=2, source=0x2002 }
05-03 21:50:14.740 2294 2294 W ViewRootImpl[Launcher]: Cancelling event due to no window focus: MotionEvent { action=ACTION_CANCEL, actionButton=0, id[0]=0, x[0]=112.40016, y[0]=475.21045, toolType[0]=TOOL_TYPE_FINGER, buttonState=0, metaState=0, flags=0x0, edgeFlags=0x0, pointerCount=1, historySize=0, eventTime=1089983, downTime=1086387, deviceId=2, source=0x2002 }
05-03 21:50:14.792 6640 6640 D ViewRootImpl[Error]: updatePointerIcon called with position out of bounds
05-03 21:50:14.793 6640 6640 D ViewRootImpl[Error]: updatePointerIcon called with position out of bounds
05-03 21:50:14.824 6640 6640 D ViewRootImpl[Error]: updatePointerIcon called with position out of bounds
05-03 21:50:14.840 6640 6640 D ViewRootImpl[Error]: updatePointerIcon called with position out of bounds
05-03 21:50:14.857 6640 6640 D ViewRootImpl[Error]: updatePointerIcon called with position out of bounds
05-03 21:50:14.874 6640 6640 D ViewRootImpl[Error]: updatePointerIcon called with position out of bounds
05-03 21:50:14.891 6640 6640 D ViewRootImpl[Error]: updatePointerIcon called with position out of bounds
05-03 21:50:14.907 6640 6640 D ViewRootImpl[Error]: updatePointerIcon called with position out of bounds
05-03 21:50:14.924 6640 6640 D ViewRootImpl[Error]: updatePointerIcon called with position out of bounds
05-03 21:50:14.940 6640 6640 D ViewRootImpl[Error]: updatePointerIcon called with position out of bounds
05-03 21:50:14.957 6640 6640 D ViewRootImpl[Error]: updatePointerIcon called with position out of bounds
05-03 21:50:14.974 6640 6640 D ViewRootImpl[Error]: updatePointerIcon called with position out of bounds
05-03 21:50:14.990 6640 6640 D ViewRootImpl[Error]: updatePointerIcon called with position out of bounds
05-03 21:50:15.007 6640 6640 D ViewRootImpl[Error]: updatePointerIcon called with position out of bounds
05-03 21:50:15.024 6640 6640 D ViewRootImpl[Error]: updatePointerIcon called with position out of bounds
05-03 21:50:15.040 6640 6640 D ViewRootImpl[Error]: updatePointerIcon called with position out of bounds
05-03 21:50:15.057 6640 6640 D ViewRootImpl[Error]: updatePointerIcon called with position out of bounds
05-03 21:50:15.374 6640 6640 D ViewRootImpl[Error]: updatePointerIcon called with position out of bounds
05-03 21:50:15.390 6640 6640 D ViewRootImpl[Error]: updatePointerIcon called with position out of bounds
05-03 21:50:15.424 6640 6640 D ViewRootImpl[Error]: updatePointerIcon called with position out of bounds
05-03 21:50:15.440 6640 6640 D ViewRootImpl[Error]: updatePointerIcon called with position out of bounds
05-03 21:50:15.457 6640 6640 D ViewRootImpl[Error]: updatePointerIcon called with position out of bounds
05-03 21:50:15.474 6640 6640 D ViewRootImpl[Error]: updatePointerIcon called with position out of bounds
05-03 21:50:16.395 6482 6532 I Finsky : [337] com.google.android.finsky.db.a.a.a.b(33): Triggered update for experiment package com.google.android.finsky.stable.
05-03 21:50:16.398 6482 6532 W ProxyAndroidLoggerBackend: Too many Flogger logs received before configuration. Dropping old logs.
05-03 21:50:16.398 6482 6532 W ProxyAndroidLoggerBackend: Too many Flogger logs received before configuration. Dropping old logs.
05-03 21:50:16.398 6482 6532 W ProxyAndroidLoggerBackend: Too many Flogger logs received before configuration. Dropping old logs.
05-03 21:50:16.478 6482 6532 W ProxyAndroidLoggerBackend: Too many Flogger logs received before configuration. Dropping old logs.
05-03 21:50:16.478 6482 6532 I Finsky : [337] com.google.android.finsky.db.a.l.a(77): Started writing experiment flags into file [44O8VQCEUzya29uefFMIdRuUEpA].
05-03 21:50:16.479 6482 6532 I Finsky : [337] com.google.android.finsky.db.a.l.a(129): Finished writing experiment flags into file [44O8VQCEUzya29uefFMIdRuUEpA].
05-03 21:50:16.479 6482 6532 I Finsky : [337] com.google.android.finsky.db.a.a.a.b(119): Successfully applied new configurations for package com.google.android.finsky.stable.
05-03 21:50:16.479 6482 6531 I Finsky : [336] com.google.android.finsky.db.a.a.a.b(33): Triggered update for experiment package com.google.android.finsky.regular.
05-03 21:50:16.481 6482 6531 W ProxyAndroidLoggerBackend: Too many Flogger logs received before configuration. Dropping old logs.
05-03 21:50:16.482 6482 6531 W ProxyAndroidLoggerBackend: Too many Flogger logs received before configuration. Dropping old logs.
05-03 21:50:16.482 6482 6531 W ProxyAndroidLoggerBackend: Too many Flogger logs received before configuration. Dropping old logs.
05-03 21:50:16.523 6482 6531 W ProxyAndroidLoggerBackend: Too many Flogger logs received before configuration. Dropping old logs.
05-03 21:50:16.524 6482 6531 I Finsky : [336] com.google.android.finsky.db.a.l.a(77): Started writing experiment flags into file [Lz1nkNQFvt86e5FLHCVtHyb0T5Q].
05-03 21:50:16.524 6482 6531 I Finsky : [336] com.google.android.finsky.db.a.l.a(129): Finished writing experiment flags into file [Lz1nkNQFvt86e5FLHCVtHyb0T5Q].
05-03 21:50:16.524 6482 6531 I Finsky : [336] com.google.android.finsky.db.a.a.a.b(119): Successfully applied new configurations for package com.google.android.finsky.regular.
05-03 21:50:16.525 6482 6529 I Finsky : [334] com.google.android.finsky.db.a.a.a.b(33): Triggered update for experiment package com.google.android.finsky.regular.
05-03 21:50:16.526 6482 6529 W ProxyAndroidLoggerBackend: Too many Flogger logs received before configuration. Dropping old logs.
05-03 21:50:16.527 6482 6529 W ProxyAndroidLoggerBackend: Too many Flogger logs received before configuration. Dropping old logs.
05-03 21:50:16.527 6482 6529 W ProxyAndroidLoggerBackend: Too many Flogger logs received before configuration. Dropping old logs.
05-03 21:50:16.604 6482 6529 W ProxyAndroidLoggerBackend: Too many Flogger logs received before configuration. Dropping old logs.
05-03 21:50:16.605 6482 6529 I Finsky : [334] com.google.android.finsky.db.a.l.a(77): Started writing experiment flags into file [3iTZK60-XSU6ycLHV1Pe7j2ByDQ].
05-03 21:50:16.605 6482 6529 I Finsky : [334] com.google.android.finsky.db.a.l.a(129): Finished writing experiment flags into file [3iTZK60-XSU6ycLHV1Pe7j2ByDQ].
05-03 21:50:16.605 6482 6529 I Finsky : [334] com.google.android.finsky.db.a.a.a.b(119): Successfully applied new configurations for package com.google.android.finsky.regular.
05-03 21:50:16.819 6482 6482 I Finsky : [1] com.google.android.finsky.scheduler.JobSchedulerEngine$PhoneskyJobSchedulerJobService.onStartJob(9): onJobSchedulerWakeup
05-03 21:50:16.820 6482 6482 I Finsky : [1] com.google.android.finsky.scheduler.w.a(51): Scheduling fallback in 43199999 (absolute: 44292063)
05-03 21:50:16.821 6482 6482 I Finsky : [1] com.google.android.finsky.scheduler.w.a(51): Scheduling fallback in 64800000 (absolute: 65892064)
05-03 21:50:16.822 6482 6482 I Finsky : [1] com.google.android.finsky.scheduler.ad.handleMessage(32): DeviceState: DeviceState{currentTime=1525359016821, isCharging=true, isIdle=false, netAny=true, netNotRoaming=true, netUnmetered=true}
05-03 21:50:16.824 6482 6482 I Finsky : [1] com.google.android.finsky.scheduler.y.a(88): Running job: 1 (12)
05-03 21:50:16.824 6482 6482 I Finsky : [1] com.google.android.finsky.ai.c.a(41): ContentSyncJob started
05-03 21:50:16.825 6482 6482 I Finsky : [1] com.google.android.finsky.scheduler.y.a(160): RunningQueue size: 1
05-03 21:50:16.825 6482 6482 I Finsky : [1] com.google.android.finsky.scheduler.y.a(161): PendingQueue size: 0
05-03 21:50:17.498 6482 6482 I Finsky : [1] com.google.android.finsky.o.c.a(25): Completed 1 account content syncs with 1 successful.
05-03 21:50:17.500 6482 6482 I Finsky : [1] com.google.android.finsky.ai.c.a(5): Installation state replication succeeded.
05-03 21:50:17.501 6482 6482 I Finsky : [1] com.google.android.finsky.scheduler.ax.b(12): jobFinished: 1 12
05-03 21:50:17.501 6482 6482 I Finsky : [1] com.google.android.finsky.scheduler.y.a(186): Job 1 (12) finished
05-03 21:50:17.501 6482 6482 I Finsky : [1] com.google.android.finsky.scheduler.y.a(160): RunningQueue size: 0
05-03 21:50:17.502 6482 6482 I Finsky : [1] com.google.android.finsky.scheduler.y.a(161): PendingQueue size: 0
05-03 21:50:17.502 6482 6482 I Finsky : [1] com.google.android.finsky.scheduler.ad.handleMessage(224): Executor finished
05-03 21:50:17.875 1404 1669 I audio_hw_primary: choose pcmC1D0p for 0
05-03 21:50:17.885 1697 4098 W InputMethodManagerService: Window already focused, ignoring focus gain of: com.android.internal.view.IInputMethodClient$Stub$Proxy@1c7cb2c attribute=null, token = android.os.BinderProxy@4aff5a3
05-03 21:50:17.957 6640 6660 D libvulkanCapsViewer.so: (null):0 ((null)): Unknown property align
05-03 21:50:18.244 6640 6640 I QtThread: type=1400 audit(0.0:398): avc: denied { read write } for path=2F64726D206D6D206F626A656374202864656C6574656429 dev="tmpfs" ino=58172 scontext=u:r:untrusted_app:s0:c512,c768 tcontext=u:object_r:surfaceflinger_tmpfs:s0 tclass=file permissive=1
05-03 21:50:23.693 1697 3288 I ActivityManager: Killing 5277:com.android.deskclock/u0a53 (adj 906): empty #17
05-03 21:50:23.698 1697 3288 I ActivityManager: Killing 3080:com.google.android.gm/u0a73 (adj 906): empty #18
05-03 21:50:23.718 1697 3288 D ActivityManager: cleanUpApplicationRecord -- 3080
05-03 21:50:23.718 1697 4387 D ActivityManager: cleanUpApplicationRecord -- 5277
05-03 21:50:28.229 1697 4387 D KbdSensor: poll_batch: dev=0x7f3532cec300 sensor_handle=0 flags=0 sampling_period_ns=20000000 max_report_latency_ns=0
05-03 21:50:28.229 1697 4387 D KbdSensor: poll_setDelay: dev=0x7f3532cec300 handle=0 ns=20000000
05-03 21:50:28.229 1697 4387 D KbdSensor: poll_flush: dev=0x7f3532cec300 sensor_handle=0
05-03 21:50:29.731 1697 3288 D KbdSensor: poll_batch: dev=0x7f3532cec300 sensor_handle=0 flags=0 sampling_period_ns=66667000 max_report_latency_ns=100000000
05-03 21:50:29.731 1697 3288 D KbdSensor: poll_setDelay: dev=0x7f3532cec300 handle=0 ns=66667000
