05-03 21:38:05.104 2534 4343 I chatty : uid=10015(com.google.android.gms) expire 12 lines
05-03 21:38:05.235 1774 1774 I wpa_supplicant: wlan0: WPA: Group rekeying completed with f4:4d:30:03:de:18 [GTK=CCMP]
05-03 21:38:05.376 1697 2798 D BluetoothManagerService: Unregistered for death of com.google.android.gms
05-03 21:38:05.376 1697 2798 D BluetoothManagerService: 0 registered Ble Apps
05-03 21:38:05.377 1697 2798 D BluetoothManagerService: Reseting the mEnable flag for clean disable
05-03 21:38:05.501 2468 2473 I art : Do full code cache collection, code=124KB, data=83KB
05-03 21:38:05.507 2468 2473 I art : Waiting for a blocking GC JitCodeCache
05-03 21:38:05.514 2468 2473 I art : WaitForGcToComplete blocked for 6.608ms for cause JitCodeCache
05-03 21:38:05.514 2468 2473 I art : Starting a blocking GC JitCodeCache
05-03 21:38:05.514 2468 2473 I art : After code cache collection, code=100KB, data=63KB
05-03 21:38:05.552 1697 1697 D BluetoothManagerService: Bluetooth Adapter name changed to X455LF
05-03 21:38:05.552 1697 1697 D BluetoothManagerService: Stored Bluetooth name: X455LF
05-03 21:38:05.552 1697 1697 D BluetoothManagerService: Bluetooth Adapter name changed to X455LF
05-03 21:38:05.552 1697 1697 D BluetoothManagerService: Stored Bluetooth name: X455LF
05-03 21:38:05.552 1697 1697 D BluetoothManagerService: BluetoothServiceConnection: com.android.bluetooth.gatt.GattService
05-03 21:38:05.553 1697 1717 D BluetoothManagerService: MESSAGE_BLUETOOTH_SERVICE_CONNECTED: 2
05-03 21:38:05.554 1697 1717 D BluetoothManagerService: BluetoothGatt Service is Up
05-03 21:38:05.555 1697 1717 D BluetoothManagerService: isBleAppPresent() count: 0
05-03 21:38:05.556 1697 1717 D BluetoothManagerService: Persisting Bluetooth Setting: 1
05-03 21:38:05.556 1697 1717 D BluetoothManagerService: MESSAGE_BLUETOOTH_STATE_CHANGE: BLE_ON > TURNING_ON
05-03 21:38:05.556 1697 1717 D BluetoothManagerService: Sending BLE State Change: BLE_ON > TURNING_ON
05-03 21:38:05.568 3352 3352 D BluetoothEventManager: isFirstBoot: true state: 11
05-03 21:38:05.568 1782 2094 D BluetoothEventManager: isFirstBoot: true state: 11
05-03 21:38:05.584 4438 4529 I chatty : uid=1002(bluetooth) com.android.bluetooth expire 2 lines
05-03 21:38:05.585 4438 4530 I chatty : uid=1002(bluetooth) com.android.bluetooth expire 2 lines
05-03 21:38:05.707 1782 1782 D BluetoothInputDevice: Proxy object connected
05-03 21:38:05.707 1782 1782 D HidProfile: Bluetooth service connected
05-03 21:38:05.707 3352 3352 D BluetoothInputDevice: Proxy object connected
05-03 21:38:05.707 3352 3352 D HidProfile: Bluetooth service connected
05-03 21:38:05.714 3352 3352 D BluetoothPan: BluetoothPAN Proxy object connected
05-03 21:38:05.714 3352 3352 D PanProfile: Bluetooth service connected
05-03 21:38:05.714 1782 1782 D BluetoothPan: BluetoothPAN Proxy object connected
05-03 21:38:05.714 1782 1782 D PanProfile: Bluetooth service connected
05-03 21:38:05.739 3352 3352 D BluetoothMap: Proxy object connected
05-03 21:38:05.739 3352 3352 D MapProfile: Bluetooth service connected
05-03 21:38:05.739 3352 3352 D BluetoothMap: getConnectedDevices()
05-03 21:38:05.739 1782 1782 D BluetoothMap: Proxy object connected
05-03 21:38:05.739 1782 1782 D MapProfile: Bluetooth service connected
05-03 21:38:05.739 1782 1782 D BluetoothMap: getConnectedDevices()
05-03 21:38:05.740 1782 1782 D BluetoothMap: Bluetooth is Not enabled
05-03 21:38:05.740 3352 3352 D BluetoothMap: Bluetooth is Not enabled
05-03 21:38:05.742 4438 4535 I chatty : uid=1002(bluetooth) com.android.bluetooth expire 11 lines
05-03 21:38:05.749 4438 4438 V BluetoothAdapterState: isTurningOff()=false
05-03 21:38:05.749 4438 4438 V BluetoothAdapterState: isTurningOn()=true
05-03 21:38:05.749 4438 4438 V BluetoothAdapterState: isBleTurningOn()=false
05-03 21:38:05.749 4438 4438 V BluetoothAdapterState: isBleTurningOff()=false
05-03 21:38:05.749 4438 4438 D BluetoothAdapterService: processProfileServiceStateChanged() - serviceName=com.android.bluetooth.pan.PanService isTurningOn=true isTurningOff=false isBleTurningOn=false isBleTurningOff=false
05-03 21:38:05.749 4438 4438 D BluetoothAdapterService: Service: com.android.bluetooth.gatt.GattService
05-03 21:38:05.749 4438 4438 W BluetoothAdapterService: Skip GATT service - already started before
05-03 21:38:05.749 4438 4438 D BluetoothAdapterService: Service: com.android.bluetooth.hfp.HeadsetService
05-03 21:38:05.749 4438 4438 D BluetoothAdapterService: Service: com.android.bluetooth.hid.HidService
05-03 21:38:05.749 4438 4438 D BluetoothAdapterService: Service: com.android.bluetooth.hdp.HealthService
05-03 21:38:05.749 4438 4438 D BluetoothAdapterService: Service: com.android.bluetooth.pan.PanService
05-03 21:38:05.749 4438 4438 D BluetoothAdapterService: Service: com.android.bluetooth.a2dp.A2dpService
05-03 21:38:05.749 4438 4438 D BluetoothAdapterService: Service: com.android.bluetooth.map.BluetoothMapService
05-03 21:38:05.749 4438 4438 W BluetoothAdapterService: onProfileServiceStateChange() - Profile still not running:com.android.bluetooth.map.BluetoothMapService
05-03 21:38:05.749 4438 4438 D BluetoothAdapterService: handleMessage() - Message: 1
05-03 21:38:05.749 4438 4438 D BluetoothAdapterService: handleMessage() - MESSAGE_PROFILE_SERVICE_STATE_CHANGED
05-03 21:38:05.750 4438 4438 W BluetoothAdapterService: onProfileServiceStateChange() serviceName=com.android.bluetooth.map.BluetoothMapService, state=12, doUpdate=true
05-03 21:38:05.750 4438 4438 V BluetoothAdapterState: isTurningOff()=false
05-03 21:38:05.750 4438 4438 V BluetoothAdapterState: isTurningOn()=true
05-03 21:38:05.750 4438 4438 V BluetoothAdapterState: isBleTurningOn()=false
05-03 21:38:05.750 4438 4438 V BluetoothAdapterState: isBleTurningOff()=false
05-03 21:38:05.750 4438 4438 D BluetoothAdapterService: processProfileServiceStateChanged() - serviceName=com.android.bluetooth.map.BluetoothMapService isTurningOn=true isTurningOff=false isBleTurningOn=false isBleTurningOff=false
05-03 21:38:05.750 4438 4438 D BluetoothAdapterService: Service: com.android.bluetooth.gatt.GattService
05-03 21:38:05.750 4438 4438 W BluetoothAdapterService: Skip GATT service - already started before
05-03 21:38:05.750 4438 4438 D BluetoothAdapterService: Service: com.android.bluetooth.hfp.HeadsetService
05-03 21:38:05.750 4438 4438 D BluetoothAdapterService: Service: com.android.bluetooth.hid.HidService
05-03 21:38:05.750 4438 4438 D BluetoothAdapterService: Service: com.android.bluetooth.hdp.HealthService
05-03 21:38:05.750 4438 4438 D BluetoothAdapterService: Service: com.android.bluetooth.pan.PanService
05-03 21:38:05.750 4438 4438 D BluetoothAdapterService: Service: com.android.bluetooth.a2dp.A2dpService
05-03 21:38:05.750 4438 4438 D BluetoothAdapterService: Service: com.android.bluetooth.map.BluetoothMapService
05-03 21:38:05.750 4438 4438 W BluetoothAdapterService: onProfileServiceStateChange() - All profile services started.
05-03 21:38:05.750 4438 4506 D BluetoothAdapterState: Current state: PENDING_COMMAND, message: 2
05-03 21:38:05.750 4438 4506 D BluetoothAdapterProperties: ScanMode = 20
05-03 21:38:05.750 4438 4506 D BluetoothAdapterProperties: State = 11
05-03 21:38:05.750 4438 4516 I bt_vendor: bt_vendor_op op 7
05-03 21:38:05.750 4438 4516 I bt_vendor: bt_vendor_op op 7 retval 0
05-03 21:38:05.751 4438 4516 I bt_vendor: bt_vendor_op op 7
05-03 21:38:05.751 4438 4516 I bt_vendor: bt_vendor_op op 7 retval 0
05-03 21:38:05.752 4438 4516 I bt_vendor: bt_vendor_op op 7
05-03 21:38:05.752 4438 4516 I bt_vendor: bt_vendor_op op 7 retval 0
05-03 21:38:05.752 4438 4506 D BluetoothAdapterProperties: Setting state to 12
05-03 21:38:05.752 4438 4506 I BluetoothAdapterState: Bluetooth adapter state changed: 11-> 12
05-03 21:38:05.752 4438 4506 D BluetoothAdapterService: updateAdapterState() - Broadcasting state to 1 receivers.
05-03 21:38:05.752 1697 1717 D BluetoothManagerService: MESSAGE_BLUETOOTH_STATE_CHANGE: TURNING_ON > ON
05-03 21:38:05.752 1697 1717 D BluetoothManagerService: Broadcasting onBluetoothStateChange(true) to 13 receivers.
05-03 21:38:05.752 3352 4373 D BluetoothPan: onBluetoothStateChange on: true
05-03 21:38:05.753 3352 4373 D BluetoothMap: onBluetoothStateChange: up=true
05-03 21:38:05.753 1782 1852 D BluetoothMap: onBluetoothStateChange: up=true
05-03 21:38:05.753 4438 4512 D BluetoothAdapterProperties: Scan Mode:21
05-03 21:38:05.753 4438 4512 D BluetoothAdapterProperties: Discoverable Timeout:120
05-03 21:38:05.753 3352 4373 D BluetoothInputDevice: onBluetoothStateChange: up=true
05-03 21:38:05.753 1697 1717 I chatty : uid=1000(system) android.io expire 14 lines
05-03 21:38:05.753 3352 4373 D BluetoothPbap: onBluetoothStateChange: up=true
05-03 21:38:05.753 4438 4506 I BluetoothAdapterState: Entering OnState
05-03 21:38:05.753 4438 4506 D BluetoothAdapterService: update uuids for bonded devices
05-03 21:38:05.753 4438 4506 D BluetoothAdapterService: isQuetModeEnabled() - Enabled = false
05-03 21:38:05.753 4438 4506 D BluetoothAdapterService: autoConnect() - Initiate auto connection on BT on...
05-03 21:38:05.753 4438 4506 D A2dpService: getA2DPService(): returning com.android.bluetooth.a2dp.A2dpService@b08a797
05-03 21:38:05.754 1855 3371 D BluetoothHeadset: onBluetoothStateChange: up=true
05-03 21:38:05.754 1855 3371 D BluetoothHeadset: Binding service...
05-03 21:38:05.754 1697 1717 D BluetoothManagerService: Trying to bind to profile: 1, while Bluetooth was disabled
05-03 21:38:05.754 1782 1852 D BluetoothPan: onBluetoothStateChange on: true
05-03 21:38:05.754 1697 1717 D BluetoothManagerService: Trying to bind to profile: 1, while Bluetooth was disabled
05-03 21:38:05.754 1697 1717 D BluetoothManagerService: Trying to bind to profile: 1, while Bluetooth was disabled
05-03 21:38:05.754 1782 1852 D BluetoothInputDevice: onBluetoothStateChange: up=true
05-03 21:38:05.754 4438 4506 D A2dpSinkService: getA2dpSinkService(): service is NULL
05-03 21:38:05.754 1782 1852 D BluetoothPbap: onBluetoothStateChange: up=true
05-03 21:38:05.754 1697 1717 D BluetoothManagerService: Trying to bind to profile: 1, while Bluetooth was disabled
05-03 21:38:05.754 1697 1717 D BluetoothManagerService: Sending BLE State Change: TURNING_ON > ON
05-03 21:38:05.757 1697 1697 I Telecom : BluetoothPhoneService: queryPhoneState: BPSI.qPS@AA8
05-03 21:38:05.759 3352 3352 D LocalBluetoothProfileManager: Adding local A2DP SRC profile
05-03 21:38:05.760 3352 3352 D LocalBluetoothProfileManager: Adding local HEADSET profile
05-03 21:38:05.762 2165 2165 I chatty : uid=10015 com.google.android.gms.persistent expire 10 lines
05-03 21:38:05.765 1697 2118 D BluetoothManagerService: Trying to bind to profile: 1, while Bluetooth was disabled
05-03 21:38:05.765 3352 3352 D LocalBluetoothProfileManager: Handsfree Uuid not found.
05-03 21:38:05.766 3352 3352 D BluetoothEventManager: isFirstBoot: true state: 12
05-03 21:38:05.766 3352 3352 D BluetoothEventManager: custom bluetooth name:
05-03 21:38:05.766 3352 3352 D BluetoothA2dp: Proxy object connected
05-03 21:38:05.766 4438 4438 D AvrcpBipRsp: onReceive
05-03 21:38:05.766 4438 4438 D AvrcpBipRsp: onReceive: android.bluetooth.adapter.action.STATE_CHANGED
05-03 21:38:05.767 4438 4438 D AvrcpBipRsp: STATE_ON
05-03 21:38:05.767 4438 4438 D BluetoothMapService: onReceive
05-03 21:38:05.767 4438 4438 D BluetoothMapService: onReceive: android.bluetooth.adapter.action.STATE_CHANGED
05-03 21:38:05.767 4438 4438 D BluetoothMapService: STATE_ON
05-03 21:38:05.767 4438 4438 W BluetoothMapService: mSessionStatusHandler START_LISTENER message already in Queue
05-03 21:38:05.767 4438 4438 V AvrcpBipRsp: Handler(): got msg=1
05-03 21:38:05.767 4438 4438 D AvrcpBipRsp: startL2capListener
05-03 21:38:05.767 4438 4438 D ObexServerSockets: create(rfcomm = -1, l2capPsm = 4129)
05-03 21:38:05.768 4438 4438 W BluetoothAdapter: getBluetoothService() called with no BluetoothManagerCallback
05-03 21:38:05.768 4438 4524 D A2dpStateMachine: Enter getConnectedDevices()
05-03 21:38:05.768 4438 4524 I A2dpStateMachine: mConnectedDevicesList size is 0
05-03 21:38:05.768 4438 4524 D A2dpStateMachine: Exit getConnectedDevices()
05-03 21:38:05.769 4438 4517 W bt_l2cap: L2CAP - L2CA_Register() called for PSM: 0x1021
05-03 21:38:05.769 4438 4438 D ObexServerSockets: Succeed to create listening sockets
05-03 21:38:05.769 4438 4438 D ObexServerSockets0: startAccept()
05-03 21:38:05.769 4438 4438 D ObexServerSockets0: prepareForNewConnect()
05-03 21:38:05.771 1782 2094 D LocalBluetoothProfileManager: Adding local A2DP SRC profile
05-03 21:38:05.771 4438 4535 D BluetoothMapService: Handler(): got msg=1
05-03 21:38:05.771 4438 4535 D BluetoothMapMasInstance0: Map Service startRfcommSocketListener
05-03 21:38:05.771 4438 4535 D ObexServerSockets: create(rfcomm = -2, l2capPsm = -2)
05-03 21:38:05.771 4438 4535 W BluetoothAdapter: getBluetoothService() called with no BluetoothManagerCallback
05-03 21:38:05.772 4438 4535 W BluetoothAdapter: getBluetoothService() called with no BluetoothManagerCallback
05-03 21:38:05.772 4438 4517 W bt_l2cap: L2CAP - L2CA_Register() called for PSM: 0x1001
05-03 21:38:05.772 4438 4535 D ObexServerSockets: Succeed to create listening sockets
05-03 21:38:05.772 4438 4535 D ObexServerSockets1: startAccept()
05-03 21:38:05.772 4438 4535 D ObexServerSockets1: prepareForNewConnect()
05-03 21:38:05.772 4438 4535 D BluetoothSdpJni: sdpCreateMapMasRecordNative:
05-03 21:38:05.772 4438 4516 I bt_vendor: bt_vendor_op op 7
05-03 21:38:05.772 4438 4516 I bt_vendor: bt_vendor_op op 7 retval 0
05-03 21:38:05.772 4438 4535 D BluetoothSdpJni: SDP Create record success - handle: 0
05-03 21:38:05.773 1782 1782 D BluetoothA2dp: Proxy object connected
05-03 21:38:05.774 4438 4451 D A2dpStateMachine: Enter getConnectedDevices()
05-03 21:38:05.774 4438 4451 I A2dpStateMachine: mConnectedDevicesList size is 0
05-03 21:38:05.774 4438 4451 D A2dpStateMachine: Exit getConnectedDevices()
05-03 21:38:05.774 1782 2094 D LocalBluetoothProfileManager: Adding local HEADSET profile
05-03 21:38:05.775 4438 4537 D ObexServerSockets0: Accepting socket connection...
05-03 21:38:05.775 4438 4539 D ObexServerSockets1: Accepting socket connection...
05-03 21:38:05.775 4438 4538 D ObexServerSockets1: Accepting socket connection...
05-03 21:38:05.778 1697 4098 D BluetoothManagerService: Trying to bind to profile: 1, while Bluetooth was disabled
05-03 21:38:05.778 1782 2094 D LocalBluetoothProfileManager: Handsfree Uuid not found.
05-03 21:38:05.782 1782 2094 D BluetoothEventManager: isFirstBoot: true state: 12
05-03 21:38:05.782 1782 2094 D BluetoothEventManager: custom bluetooth name:
05-03 21:38:05.981 4438 4438 D BluetoothPbapReceiver: PbapReceiver onReceive action = android.bluetooth.adapter.action.STATE_CHANGED
05-03 21:38:05.981 4438 4438 D BluetoothPbapReceiver: state = 12
05-03 21:38:05.981 4438 4438 D BluetoothPbapReceiver: Calling start service with action = null
05-03 21:38:05.982 4438 4438 I BluetoothPbapReceiver: Exit - onReceive for intent:android.bluetooth.adapter.action.STATE_CHANGED
05-03 21:38:05.983 4438 4438 D BluetoothPbapService: Enter - onCreate for service PBAP
05-03 21:38:05.992 3352 3352 W ContextImpl: Calling a method in the system process without a qualified user: android.app.ContextImpl.startService:1357 android.content.ContextWrapper.startService:613 android.content.ContextWrapper.startService:613 com.android.settings.bluetooth.DockEventReceiver.beginStartingService:134 com.android.settings.bluetooth.DockEventReceiver.onReceive:115
05-03 21:38:06.013 3352 3352 D DockEventReceiver: finishStartingService: stopping service
05-03 21:38:06.015 4438 4438 D BluetoothPbapService: Registering observer
05-03 21:38:06.016 4438 4542 D BluetoothPbapService: startsocketListener
05-03 21:38:06.016 4438 4542 D ObexServerSockets: create(rfcomm = -2, l2capPsm = -2)
05-03 21:38:06.016 4438 4542 W BluetoothAdapter: getBluetoothService() called with no BluetoothManagerCallback
05-03 21:38:06.016 4438 4542 W BluetoothAdapter: getBluetoothService() called with no BluetoothManagerCallback
05-03 21:38:06.017 4438 4517 W bt_l2cap: L2CAP - L2CA_Register() called for PSM: 0x1003
05-03 21:38:06.017 4438 4542 D ObexServerSockets: Succeed to create listening sockets
05-03 21:38:06.017 4438 4542 D ObexServerSockets2: startAccept()
05-03 21:38:06.017 4438 4542 D ObexServerSockets2: prepareForNewConnect()
05-03 21:38:06.017 4438 4542 D BluetoothPbapService: isDisabledNonAosp :false
05-03 21:38:06.017 4438 4542 D BluetoothSdpJni: sdpCreatePbapPseRecordNative:
05-03 21:38:06.017 4438 4516 I bt_vendor: bt_vendor_op op 7
05-03 21:38:06.017 4438 4516 I bt_vendor: bt_vendor_op op 7 retval 0
05-03 21:38:06.017 4438 4542 D BluetoothSdpJni: SDP Create record success - handle: 1
05-03 21:38:06.017 4438 4542 D BluetoothPbapService: Creating new SDP record for PBAP server with handle: 1
05-03 21:38:06.020 4438 4547 D ObexServerSockets2: Accepting socket connection...
05-03 21:38:06.020 4438 4546 D ObexServerSockets2: Accepting socket connection...
05-03 21:38:06.079 4438 4438 D BluetoothPbapService: Exit - onCreate for service PBAP
05-03 21:38:06.079 4438 4438 D BluetoothPbapService: Pbap Service onBind
05-03 21:38:06.079 3352 3352 D BluetoothPbap: Proxy object connected
05-03 21:38:06.079 3352 3352 D PbapServerProfile: Bluetooth service connected
05-03 21:38:06.079 1782 1782 D BluetoothPbap: Proxy object connected
05-03 21:38:06.079 1782 1782 D PbapServerProfile: Bluetooth service connected
05-03 21:38:06.080 4438 4438 D BluetoothPbapService: Enter - onStartCommand for service PBAP
05-03 21:38:06.080 4438 4438 D BluetoothPbapService: action: android.bluetooth.adapter.action.STATE_CHANGED
05-03 21:38:06.080 4438 4438 D BluetoothPbapService: state: 12
05-03 21:38:06.080 4438 4438 D BluetoothPbapService: Exit - onStartCommand for service PBAP
05-03 21:38:06.080 4438 4438 D BluetoothOppReceiver: Enter - onReceive for intent:android.bluetooth.adapter.action.STATE_CHANGED
05-03 21:38:06.080 4438 4438 D BluetoothOppReceiver: Bluetooth Adapter state = 12
05-03 21:38:06.082 2165 2170 I chatty : uid=10015(com.google.android.gms) Jit thread pool expire 4 lines
05-03 21:38:06.091 4438 4438 D BluetoothOppReceiver: Exit - onReceive for intent:android.bluetooth.adapter.action.STATE_CHANGED
05-03 21:38:06.092 4438 4438 D BtOppService: Enter - onCreate for service OPP
05-03 21:38:06.095 4438 4438 D BtOppService: Exit - onCreate for service OPP
05-03 21:38:06.095 4438 4438 D BtOppService: Enter - onStartCommand for service OPP
05-03 21:38:06.095 4438 4438 D BtOppService: Exit - onStartCommand for service OPP
05-03 21:38:06.169 2165 2503 I chatty : uid=10015(com.google.android.gms) Binder:2165_3 expire 2 lines
05-03 21:38:06.179 4438 4438 D BtOppService: start Socket Listeners
05-03 21:38:06.180 4438 4438 W BluetoothAdapter: getBluetoothService() called with no BluetoothManagerCallback
05-03 21:38:06.180 4438 4438 I BtOppRfcommListener: Accept thread started.
05-03 21:38:06.180 4438 4438 W BluetoothAdapter: getBluetoothService() called with no BluetoothManagerCallback
05-03 21:38:06.180 4438 4517 W bt_l2cap: L2CAP - L2CA_Register() called for PSM: 0x1005
05-03 21:38:06.181 4438 4438 I BluetoothOppL2capListener: Accept thread started.
05-03 21:38:06.181 4438 4438 D BtOppService: isDisabledNonAosp :false
05-03 21:38:06.181 4438 4438 D BtOppRfcommListener: rfcomm channel is 6
05-03 21:38:06.181 4438 4438 D BluetoothOppL2capListener: L2CAP psm is 4101
05-03 21:38:06.181 4438 4438 D BluetoothSdpJni: sdpCreateOppOpsRecordNative:
05-03 21:38:06.181 4438 4516 I bt_vendor: bt_vendor_op op 7
05-03 21:38:06.181 4438 4516 I bt_vendor: bt_vendor_op op 7 retval 0
05-03 21:38:06.181 4438 4438 D BluetoothSdpJni: SDP Create record success - handle: 2
05-03 21:38:06.565 2534 3798 I chatty : uid=10015(com.google.android.gms) expire 1 line
05-03 21:38:06.675 2165 4462 I chatty : uid=10015 com.google.android.gms.persistent expire 2 lines
05-03 21:38:06.701 2165 3816 I chatty : uid=10015(com.google.android.gms) Binder:2165_10 expire 2 lines
05-03 21:38:06.717 2165 4548 I chatty : uid=10015 com.google.android.gms.persistent expire 12 lines
05-03 21:38:06.719 1697 3169 D BluetoothManagerService: Registered for death of com.google.android.gms
05-03 21:38:06.719 1697 3169 D BluetoothManagerService: 1 registered Ble Apps
05-03 21:38:06.726 4438 4516 I bt_vendor: bt_vendor_op op 7
05-03 21:38:06.726 4438 4516 I bt_vendor: bt_vendor_op op 7 retval 0
05-03 21:38:06.726 4438 4516 I bt_vendor: bt_vendor_op op 7
05-03 21:38:06.726 4438 4516 I bt_vendor: bt_vendor_op op 7 retval 0
05-03 21:38:06.727 4438 4516 I bt_vendor: bt_vendor_op op 7
05-03 21:38:06.727 4438 4516 I bt_vendor: bt_vendor_op op 7 retval 0
05-03 21:38:06.728 4438 4516 I bt_vendor: bt_vendor_op op 7
05-03 21:38:06.728 4438 4516 I bt_vendor: bt_vendor_op op 7 retval 0
05-03 21:38:06.728 4438 4512 D BtGatt.GattService: onScanParamSetupCompleted : 0
05-03 21:38:06.729 4438 4516 I bt_vendor: bt_vendor_op op 7
05-03 21:38:06.729 4438 4516 I bt_vendor: bt_vendor_op op 7 retval 0
05-03 21:38:06.730 4438 4516 I bt_vendor: bt_vendor_op op 7
05-03 21:38:06.730 4438 4516 I bt_vendor: bt_vendor_op op 7 retval 0
05-03 21:38:06.731 4438 4516 I bt_vendor: bt_vendor_op op 7
05-03 21:38:06.731 4438 4516 I bt_vendor: bt_vendor_op op 7 retval 0
05-03 21:38:06.733 4438 4516 I bt_vendor: bt_vendor_op op 7
05-03 21:38:06.733 4438 4516 I bt_vendor: bt_vendor_op op 7 retval 0
05-03 21:38:06.734 4438 4516 I bt_vendor: bt_vendor_op op 7
05-03 21:38:06.734 4438 4516 I bt_vendor: bt_vendor_op op 7 retval 0
05-03 21:38:06.735 4438 4516 I bt_vendor: bt_vendor_op op 7
05-03 21:38:06.735 4438 4516 I bt_vendor: bt_vendor_op op 7 retval 0
05-03 21:38:06.735 4438 4512 D BtGatt.GattService: onScanParamSetupCompleted : 0
05-03 21:38:06.784 2165 2691 I chatty : uid=10015(com.google.android.gms) FlpThread expire 11 lines
05-03 21:38:06.784 2165 4544 I chatty : uid=10015 com.google.android.gms.persistent expire 1 line
05-03 21:38:07.167 4438 4557 W art : Long monitor contention with owner trimDatabase (4556) at void android.database.sqlite.SQLiteConnection.nativeExecute(long, long)(SQLiteConnection.java:-2) waiters=0 in android.database.sqlite.SQLiteDatabase android.database.sqlite.SQLiteOpenHelper.getReadableDatabase() for 1.070s
05-03 21:38:07.168 4438 4558 W art : Long monitor contention with owner trimDatabase (4556) at void android.database.sqlite.SQLiteConnection.nativeExecute(long, long)(SQLiteConnection.java:-2) waiters=1 in android.database.sqlite.SQLiteDatabase android.database.sqlite.SQLiteOpenHelper.getReadableDatabase() for 987ms
05-03 21:38:07.353 2534 4409 I chatty : uid=10015(com.google.android.gms) expire 13 lines
05-03 21:38:07.481 1697 2301 I chatty : uid=1000(system) Binder:1697_7 expire 3 lines
05-03 21:38:07.707 1697 3563 I chatty : uid=1000(system) Binder:1697_13 expire 10 lines
05-03 21:38:08.296 1697 2808 I chatty : uid=1000(system) Binder:1697_A expire 4 lines
05-03 21:38:08.359 1782 1782 D ViewRootImpl[NavigationBar]: updatePointerIcon called with position out of bounds
05-03 21:38:08.533 2165 3792 I chatty : uid=10015(com.google.android.gms) Binder:2165_F expire 2 lines
05-03 21:38:08.574 1782 1782 D ViewRootImpl[StatusBar]: updatePointerIcon called with position out of bounds
05-03 21:38:08.591 1782 1782 D ViewRootImpl[StatusBar]: updatePointerIcon called with position out of bounds
05-03 21:38:08.598 3426 4466 I chatty : uid=10015 com.google.android.gms.ui expire 1 line
05-03 21:38:08.607 1782 1782 D ViewRootImpl[StatusBar]: updatePointerIcon called with position out of bounds
05-03 21:38:08.640 1782 1782 D ViewRootImpl[StatusBar]: updatePointerIcon called with position out of bounds
05-03 21:38:08.657 1782 1782 D ViewRootImpl[StatusBar]: updatePointerIcon called with position out of bounds
05-03 21:38:08.672 1697 3616 I ActivityManager: Setting hasTopUi=true for pid=1782
05-03 21:38:08.672 1782 1782 D PhoneStatusBar: disable: < expand ICONS* alerts SYSTEM_INFO* BACK home recent clock search quick_settings
> 05-03 21:38:08.673 1782 1782 D ViewRootImpl[StatusBar]: updatePointerIcon called with position out of bounds
05-03 21:38:08.708 1697 4098 I chatty : uid=1000(system) Binder:1697_1C expire 10 lines
05-03 21:38:08.712 1782 1782 D PhoneStatusBar: disable: < expand ICONS alerts SYSTEM_INFO back* home recent clock search quick_settings
> 05-03 21:38:09.138 1697 3169 I chatty : uid=1000(system) Binder:1697_D expire 5 lines
05-03 21:38:09.139 1697 3121 I chatty : uid=1000(system) Binder:1697_C expire 2 lines
05-03 21:38:09.145 2963 3016 I chatty : uid=10040(com.android.vending) expire 4 lines
05-03 21:38:09.553 2534 4578 I chatty : uid=10015(com.google.android.gms) expire 1 line
05-03 21:38:09.704 4438 4516 I bt_vendor: bt_vendor_op op 7
05-03 21:38:09.704 4438 4516 I bt_vendor: bt_vendor_op op 7 retval 0
05-03 21:38:09.705 4438 4516 I bt_vendor: bt_vendor_op op 7
05-03 21:38:09.705 4438 4516 I bt_vendor: bt_vendor_op op 7 retval 0
05-03 21:38:09.706 4438 4516 I bt_vendor: bt_vendor_op op 7
05-03 21:38:09.706 4438 4516 I bt_vendor: bt_vendor_op op 7 retval 0
05-03 21:38:09.707 4438 4516 I bt_vendor: bt_vendor_op op 7
05-03 21:38:09.707 4438 4516 I bt_vendor: bt_vendor_op op 7 retval 0
05-03 21:38:09.707 4438 4512 D BtGatt.GattService: onScanParamSetupCompleted : 0
05-03 21:38:10.171 2534 4497 I chatty : uid=10015(com.google.android.gms) expire 12 lines
05-03 21:38:10.174 2534 4498 I chatty : uid=10015(com.google.android.gms) expire 4 lines
05-03 21:38:10.185 2534 4499 I chatty : uid=10015(com.google.android.gms) expire 24 lines
05-03 21:38:10.206 2534 4494 I chatty : uid=10015(com.google.android.gms) expire 20 lines
05-03 21:38:10.215 2534 4495 I chatty : uid=10015(com.google.android.gms) expire 4 lines
05-03 21:38:10.221 2534 4493 I chatty : uid=10015(com.google.android.gms) expire 13 lines
05-03 21:38:10.240 2534 4431 I chatty : uid=10015(com.google.android.gms) expire 8 lines
05-03 21:38:10.328 1782 1782 D ViewRootImpl[NavigationBar]: updatePointerIcon called with position out of bounds
05-03 21:38:10.332 2534 4496 I chatty : uid=10015(com.google.android.gms) expire 4 lines
05-03 21:38:10.385 2534 2545 I chatty : uid=10015(com.google.android.gms) expire 2 lines
05-03 21:38:10.633 1404 1669 I audio_hw_primary: choose pcmC1D0p for 0
05-03 21:38:10.650 1697 3630 D BluetoothManagerService: disable(): mBluetooth = android.bluetooth.IBluetooth$Stub$Proxy@e579b97 mBinding = false
05-03 21:38:10.650 1697 3630 D BluetoothManagerService: Persisting Bluetooth Setting: 0
05-03 21:38:10.662 1697 1717 D BluetoothManagerService: MESSAGE_DISABLE: mBluetooth = android.bluetooth.IBluetooth$Stub$Proxy@e579b97
05-03 21:38:10.662 1697 1717 D BluetoothManagerService: Sending off request.
05-03 21:38:10.663 4438 4572 D BluetoothAdapterService: disable() called...
05-03 21:38:10.663 4438 4506 D BluetoothAdapterState: Current state: ON, message: 23
05-03 21:38:10.663 4438 4506 D BluetoothAdapterProperties: Setting state to 13
05-03 21:38:10.663 4438 4506 I BluetoothAdapterState: Bluetooth adapter state changed: 12-> 13
05-03 21:38:10.663 4438 4506 D BluetoothAdapterService: updateAdapterState() - Broadcasting state to 1 receivers.
05-03 21:38:10.663 4438 4506 D BluetoothAdapterProperties: onBluetoothDisable()
05-03 21:38:10.663 1697 1717 D BluetoothManagerService: MESSAGE_BLUETOOTH_STATE_CHANGE: ON > TURNING_OFF
05-03 21:38:10.663 1697 1717 D BluetoothManagerService: Sending BLE State Change: ON > TURNING_OFF
05-03 21:38:10.665 1782 2094 D BluetoothEventManager: isFirstBoot: false state: 13
05-03 21:38:10.665 3352 3352 D BluetoothEventManager: isFirstBoot: false state: 13
05-03 21:38:10.665 4438 4438 D AvrcpBipRsp: onReceive
05-03 21:38:10.665 4438 4438 D AvrcpBipRsp: onReceive: android.bluetooth.adapter.action.STATE_CHANGED
05-03 21:38:10.665 4438 4438 D AvrcpBipRsp: STATE_TURNING_OFF
05-03 21:38:10.665 4438 4438 D AvrcpBipRsp: stop()
05-03 21:38:10.666 4438 4438 D ObexServerSockets0: shutdown(block = false)
05-03 21:38:10.666 4438 4438 D ObexServerSockets0: shutdown called from another thread - interrupt().
05-03 21:38:10.666 4438 4438 D AvrcpBipRsp: returning from stop()
05-03 21:38:10.667 4438 4438 D BluetoothMapService: onReceive
05-03 21:38:10.667 4438 4438 D BluetoothMapService: onReceive: android.bluetooth.adapter.action.STATE_CHANGED
05-03 21:38:10.667 4438 4438 D BluetoothMapService: STATE_TURNING_OFF
05-03 21:38:10.667 4438 4438 E BluetoothMapService: mSessionStatusHandler.sendMessage() dispatched shutdown message
05-03 21:38:10.667 4438 4537 D ObexServerSockets0: AcceptThread ended for: ServerSocket: Type: TYPE_L2CAP Channel: 4129
05-03 21:38:10.667 4438 4519 E bt_btif : SOCK_LIST: free(id = 1) - NO app_fd!
05-03 21:38:10.667 4438 4517 W bt_l2cap: L2CAP - L2CA_Deregister() called for PSM: 0x1021
05-03 21:38:10.667 4438 4535 D BluetoothMapService: Handler(): got msg=4
05-03 21:38:10.667 4438 4535 D BluetoothMapService: MAP Service closeService in
05-03 21:38:10.667 4438 4535 D BluetoothMapMasInstance0: MAP Service shutdown
05-03 21:38:10.667 4438 4535 D BluetoothSdpJni: sdpRemoveSdpRecordNative:
05-03 21:38:10.667 4438 4535 D BluetoothSdpJni: SDP Remove record success - handle: 0
05-03 21:38:10.667 4438 4535 D BluetoothMapMasInstance0: RemoveSDPrecord returns true
05-03 21:38:10.667 4438 4535 D ObexServerSockets1: shutdown(block = false)
05-03 21:38:10.667 4438 4535 D ObexServerSockets1: shutdown called from another thread - interrupt().
05-03 21:38:10.667 4438 4535 D ObexServerSockets1: shutdown called from another thread - interrupt().
05-03 21:38:10.667 4438 4535 D BluetoothMapService: MAP Service closeService out
05-03 21:38:10.667 4438 4538 D ObexServerSockets1: AcceptThread ended for: ServerSocket: Type: TYPE_RFCOMM Channel: 4
05-03 21:38:10.667 4438 4539 D ObexServerSockets1: AcceptThread ended for: ServerSocket: Type: TYPE_L2CAP Channel: 4097
05-03 21:38:10.667 4438 4519 E bt_btif : SOCK_LIST: free(id = 2) - NO app_fd!
05-03 21:38:10.667 4438 4517 W bt_l2cap: L2CAP - L2CA_Deregister() called for PSM: 0x1001
05-03 21:38:10.667 4438 4438 D BtOppService: Adapter state = 13
05-03 21:38:10.668 4438 4438 D BluetoothPbapReceiver: PbapReceiver onReceive action = android.bluetooth.adapter.action.STATE_CHANGED
05-03 21:38:10.668 4438 4438 D BluetoothPbapReceiver: state = 13
05-03 21:38:10.668 4438 4438 D BluetoothPbapReceiver: Calling start service with action = null
05-03 21:38:10.668 4438 4506 I BluetoothAdapterService: discovery not active, ignore cancelDiscovery
05-03 21:38:10.668 4438 4516 I bt_vendor: bt_vendor_op op 7
05-03 21:38:10.668 4438 4516 I bt_vendor: bt_vendor_op op 7 retval 0
05-03 21:38:10.669 4438 4516 I bt_vendor: bt_vendor_op op 7
05-03 21:38:10.669 4438 4516 I bt_vendor: bt_vendor_op op 7 retval 0
05-03 21:38:10.669 4438 4506 I BluetoothAdapterState: Entering PendingCommandState
05-03 21:38:10.670 4438 4512 D BluetoothAdapterProperties: Scan Mode:20
05-03 21:38:10.670 4438 4506 D BluetoothAdapterState: Current state: PENDING_COMMAND, message: 27
05-03 21:38:10.670 4438 4506 W BluetoothAdapterState: Calling BREDR cleanup
05-03 21:38:10.670 4438 4506 I BluetoothVendorJni: bredrcleanupNative
05-03 21:38:10.670 4438 4506 I bt_btif_vendor: bredrcleanup
05-03 21:38:10.670 4438 4512 D bt_btif : btif_av_execute_service: enable: 0
05-03 21:38:10.670 4438 4517 D bt_btif : AV Sevent(0x41)=0x120a(API_CLOSE) state=0(INIT)
05-03 21:38:10.670 4438 4517 I bt_vendor: bt_vendor_op op 11
05-03 21:38:10.670 4438 4517 I bt_vendor: bt_vendor_op op 11 retval 0
05-03 21:38:10.670 4438 4517 W bt_l2cap: L2CAP - L2CA_Deregister() called for PSM: 0x0019
05-03 21:38:10.670 4438 4517 W bt_l2cap: L2CAP - L2CA_Deregister() called for PSM: 0x0017
05-03 21:38:10.670 4438 4516 I bt_vendor: bt_vendor_op op 7
05-03 21:38:10.670 4438 4516 I bt_vendor: bt_vendor_op op 7 retval 0
05-03 21:38:10.671 4438 4516 I bt_vendor: bt_vendor_op op 7
05-03 21:38:10.671 4438 4516 I bt_vendor: bt_vendor_op op 7 retval 0
05-03 21:38:10.673 4438 4516 I bt_vendor: bt_vendor_op op 7
05-03 21:38:10.673 4438 4516 I bt_vendor: bt_vendor_op op 7 retval 0
05-03 21:38:10.674 4438 4516 I bt_vendor: bt_vendor_op op 7
05-03 21:38:10.674 4438 4516 I bt_vendor: bt_vendor_op op 7 retval 0
05-03 21:38:10.676 4438 4517 W bt_l2cap: L2CAP - L2CA_Deregister() called for PSM: 0x0019
05-03 21:38:10.676 4438 4517 W bt_l2cap: L2CAP - PSM: 0x0019 not found for deregistration
05-03 21:38:10.676 4438 4517 W bt_l2cap: L2CAP - L2CA_Deregister() called for PSM: 0x0017
05-03 21:38:10.676 4438 4517 W bt_l2cap: L2CAP - PSM: 0x0017 not found for deregistration
05-03 21:38:10.676 4438 4517 W bt_l2cap: L2CAP - L2CA_Deregister() called for PSM: 0x0019
05-03 21:38:10.676 4438 4517 W bt_l2cap: L2CAP - PSM: 0x0019 not found for deregistration
05-03 21:38:10.676 4438 4517 W bt_l2cap: L2CAP - L2CA_Deregister() called for PSM: 0x0017
05-03 21:38:10.676 4438 4517 W bt_l2cap: L2CAP - PSM: 0x0017 not found for deregistration
05-03 21:38:10.676 4438 4512 D bt_btif : btif_av_execute_service: enable: 0 completed
05-03 21:38:10.676 4438 4512 D bt_btif : btif_hf_execute_service: enable: 0
05-03 21:38:10.676 4438 4512 D bt_btif : btif_hf_execute_service: setting call backs to NULL
05-03 21:38:10.676 4438 4517 D bt_btif : bta_ag_hdl_event: p_scb 0xeb42e450
05-03 21:38:10.676 4438 4517 D bt_btif : AG evt (hdl 0x0001): State 0, Event 0x0501
05-03 21:38:10.677 4438 4516 I bt_vendor: bt_vendor_op op 7
05-03 21:38:10.677 4438 4516 I bt_vendor: bt_vendor_op op 7 retval 0
05-03 21:38:10.678 4438 4516 I bt_vendor: bt_vendor_op op 7
05-03 21:38:10.678 4438 4516 I bt_vendor: bt_vendor_op op 7 retval 0
05-03 21:38:10.678 4438 4512 D bt_btif : btif_hf_execute_service: enable: 0 completed
05-03 21:38:10.678 4438 4517 W bt_l2cap: L2CAP - L2CA_Deregister() called for PSM: 0x0011
05-03 21:38:10.678 4438 4517 W bt_l2cap: L2CAP - L2CA_Deregister() called for PSM: 0x0013
05-03 21:38:10.678 4438 4512 I BluetoothVendorJni: bredr_cleanup_callback
05-03 21:38:10.678 4438 4512 D BluetoothVendorService: BREDR cleanup done
05-03 21:38:10.678 4438 4512 D bt_btif : btif_hf_upstreams_evt: event=BTA_AG_DISABLE_EVT
05-03 21:38:10.678 4438 4512 E bt_btif : btif_hf_upstreams_evt: Invalid index 4095
05-03 21:38:10.679 4438 4506 D BluetoothAdapterState: Current state: PENDING_COMMAND, message: 21
05-03 21:38:10.679 4438 4506 W BluetoothAdapterService: Total profiles =7
05-03 21:38:10.679 4438 4506 W BluetoothAdapterService: setProfileServiceState() - Stopping service com.android.bluetooth.hfp.HeadsetService
05-03 21:38:10.681 4438 4506 W BluetoothAdapterService: setProfileServiceState() - Stopping service com.android.bluetooth.a2dp.A2dpService
05-03 21:38:10.681 4438 4506 W BluetoothAdapterService: setProfileServiceState() - Stopping service com.android.bluetooth.hid.HidService
05-03 21:38:10.682 4438 4506 W BluetoothAdapterService: setProfileServiceState() - Stopping service com.android.bluetooth.hdp.HealthService
05-03 21:38:10.682 4438 4506 W BluetoothAdapterService: setProfileServiceState() - Stopping service com.android.bluetooth.pan.PanService
05-03 21:38:10.682 4438 4506 W BluetoothAdapterService: setProfileServiceState() - Stopping service com.android.bluetooth.map.BluetoothMapService
05-03 21:38:10.682 4438 4438 I BluetoothPbapReceiver: Exit - onReceive for intent:android.bluetooth.adapter.action.STATE_CHANGED
05-03 21:38:10.682 4438 4438 D BtOppService: Removing SDP record mOppSdpHandle :2
05-03 21:38:10.682 4438 4438 D BluetoothSdpJni: sdpRemoveSdpRecordNative:
05-03 21:38:10.683 4438 4438 D BluetoothSdpJni: SDP Remove record success - handle: 2
05-03 21:38:10.683 4438 4438 D BtOppService: RemoveSDPrecord returns true
05-03 21:38:10.683 4438 4438 I BtOppRfcommListener: stopping Accept Thread
05-03 21:38:10.683 4438 4438 I BluetoothOppL2capListener: stopping Accept Thread
05-03 21:38:10.683 4438 4438 D BtOppService: STOP_LISTENER :null
05-03 21:38:10.683 4438 4559 E BtOppRfcommListener: Error accept connection java.io.IOException: read failed, socket might closed or timeout, read ret: -1
05-03 21:38:10.683 4438 4560 E BluetoothOppL2capListener: Error accept connection java.io.IOException: read failed, socket might closed or timeout, read ret: -1
05-03 21:38:10.683 4438 4519 E bt_btif : SOCK_LIST: free(id = 4) - NO app_fd!
05-03 21:38:10.683 4438 4517 W bt_l2cap: L2CAP - L2CA_Deregister() called for PSM: 0x1005
05-03 21:38:10.683 4438 4560 W BluetoothOppL2capListener: 13 L2cap listener failed as BT is (being) turned off
05-03 21:38:10.683 4438 4560 I BluetoothOppL2capListener: BluetoothSocket listen thread finished
05-03 21:38:10.683 4438 4559 W BtOppRfcommListener: 13 RFCOMM listener failed as BT is being turned off
05-03 21:38:10.683 4438 4559 I BtOppRfcommListener: BluetoothSocket listen thread finished
05-03 21:38:10.685 3352 3352 W ContextImpl: Calling a method in the system process without a qualified user: android.app.ContextImpl.startService:1357 android.content.ContextWrapper.startService:613 android.content.ContextWrapper.startService:613 com.android.settings.bluetooth.DockEventReceiver.beginStartingService:134 com.android.settings.bluetooth.DockEventReceiver.onReceive:115
05-03 21:38:10.698 4438 4438 D BluetoothPbapService: Enter - onStartCommand for service PBAP
05-03 21:38:10.698 4438 4438 D BluetoothPbapService: action: android.bluetooth.adapter.action.STATE_CHANGED
05-03 21:38:10.698 4438 4438 D BluetoothPbapService: state: 13
05-03 21:38:10.698 4438 4438 D BluetoothPbapService: Adapter turning off, SHUTDOWN..
05-03 21:38:10.698 4438 4542 D BluetoothPbapService: Closing PBAP service
05-03 21:38:10.698 4438 4542 D BluetoothPbapService: Pbap Service closeService in
05-03 21:38:10.698 4438 4542 D BluetoothPbapService: Removing SDP record for PBAP with SDP handle: 1
05-03 21:38:10.698 4438 4542 D BluetoothSdpJni: sdpRemoveSdpRecordNative:
05-03 21:38:10.698 4438 4542 D BluetoothSdpJni: SDP Remove record success - handle: 1
05-03 21:38:10.698 4438 4542 D BluetoothPbapService: RemoveSDPrecord returns true
05-03 21:38:10.698 4438 4542 D ObexServerSockets2: shutdown(block = false)
05-03 21:38:10.699 4438 4542 D ObexServerSockets2: shutdown called from another thread - interrupt().
05-03 21:38:10.699 4438 4542 D ObexServerSockets2: shutdown called from another thread - interrupt().
05-03 21:38:10.699 4438 4546 D ObexServerSockets2: AcceptThread ended for: ServerSocket: Type: TYPE_RFCOMM Channel: 5
05-03 21:38:10.699 4438 4547 D ObexServerSockets2: AcceptThread ended for: ServerSocket: Type: TYPE_L2CAP Channel: 4099
05-03 21:38:10.699 4438 4519 E bt_btif : SOCK_LIST: free(id = 3) - NO app_fd!
05-03 21:38:10.699 4438 4517 W bt_l2cap: L2CAP - L2CA_Deregister() called for PSM: 0x1003
05-03 21:38:10.699 4438 4438 D BluetoothPbapService: Exit - onStartCommand for service PBAP
05-03 21:38:10.699 4438 4438 D BluetoothAdapterService: getAdapterService() - returning com.android.bluetooth.btservice.AdapterService@d5ac242
05-03 21:38:10.699 4438 4438 D HeadsetService: Received stop request...Stopping profile...
05-03 21:38:10.700 1782 1782 D BluetoothPbap: Proxy object disconnected
05-03 21:38:10.700 1782 1782 D PbapServerProfile: Bluetooth service disconnected
05-03 21:38:10.700 4438 4438 D HeadsetService: profile stopped successfully
05-03 21:38:10.700 4438 4438 D BluetoothAdapterService: getAdapterService() - returning com.android.bluetooth.btservice.AdapterService@d5ac242
05-03 21:38:10.700 4438 4438 D BluetoothAdapterService: getAdapterService() - returning com.android.bluetooth.btservice.AdapterService@d5ac242
05-03 21:38:10.700 4438 4438 D A2dpService: Received stop request...Stopping profile...
05-03 21:38:10.700 4438 4438 D A2dpService: STOP of A2dpService
05-03 21:38:10.700 4438 4438 D A2dpStateMachine: Enter doQuit()
05-03 21:38:10.701 4438 4529 D A2dpStateMachine: Exit Disconnected: -1
05-03 21:38:10.701 4438 4438 D A2dpStateMachine: Exit doQuit()
05-03 21:38:10.701 4438 4532 D Avrcp : Enter clearDeviceDependentFeature()
05-03 21:38:10.701 4438 4532 D Avrcp : Exit clearDeviceDependentFeature()
05-03 21:38:10.701 4438 4532 I Avrcp : cleanupDeviceFeaturesIndex index:0
05-03 21:38:10.701 4438 4438 D AvrcpBipRsp: stop()
05-03 21:38:10.701 4438 4438 D AvrcpBipRsp: already stopped, returning
05-03 21:38:10.702 4438 4542 D BluetoothPbapService: Pbap Service closeService out
05-03 21:38:10.702 4438 4438 D A2dpService: Exit STOP of A2dpService
05-03 21:38:10.702 1782 1782 D BluetoothA2dp: Proxy object disconnected
05-03 21:38:10.703 4438 4438 D A2dpService: profile stopped successfully
05-03 21:38:10.703 4438 4438 D BluetoothAdapterService: getAdapterService() - returning com.android.bluetooth.btservice.AdapterService@d5ac242
05-03 21:38:10.703 4438 4438 D BluetoothAdapterService: getAdapterService() - returning com.android.bluetooth.btservice.AdapterService@d5ac242
05-03 21:38:10.703 4438 4438 D HidService: Received stop request...Stopping profile...
05-03 21:38:10.703 1782 1782 D BluetoothInputDevice: Proxy object disconnected
05-03 21:38:10.703 1782 1782 D HidProfile: Bluetooth service disconnected
05-03 21:38:10.703 4438 4438 D HidService: profile stopped successfully
05-03 21:38:10.703 4438 4438 D BluetoothAdapterService: getAdapterService() - returning com.android.bluetooth.btservice.AdapterService@d5ac242
05-03 21:38:10.703 4438 4438 D BluetoothAdapterService: getAdapterService() - returning com.android.bluetooth.btservice.AdapterService@d5ac242
05-03 21:38:10.703 4438 4438 D HealthService: Received stop request...Stopping profile...
05-03 21:38:10.704 4438 4438 D HealthService: profile stopped successfully
05-03 21:38:10.704 4438 4438 D BluetoothAdapterService: getAdapterService() - returning com.android.bluetooth.btservice.AdapterService@d5ac242
05-03 21:38:10.704 4438 4438 D BluetoothAdapterService: getAdapterService() - returning com.android.bluetooth.btservice.AdapterService@d5ac242
05-03 21:38:10.704 4438 4438 D PanService: Received stop request...Stopping profile...
05-03 21:38:10.704 1782 1782 D BluetoothPan: BluetoothPAN Proxy object disconnected
05-03 21:38:10.704 1782 1782 D PanProfile: Bluetooth service disconnected
05-03 21:38:10.704 4438 4438 D PanService: profile stopped successfully
05-03 21:38:10.704 4438 4438 D BluetoothAdapterService: getAdapterService() - returning com.android.bluetooth.btservice.AdapterService@d5ac242
05-03 21:38:10.704 4438 4438 D BluetoothAdapterService: getAdapterService() - returning com.android.bluetooth.btservice.AdapterService@d5ac242
05-03 21:38:10.705 4438 4438 D BluetoothMapService: Received stop request...Stopping profile...
05-03 21:38:10.705 4438 4438 D BluetoothMapService: stop()
05-03 21:38:10.705 4438 4438 D BluetoothMapAppObserver: deinitObservers()
05-03 21:38:10.705 4438 4438 D BluetoothMapAppObserver: removeReceiver()
05-03 21:38:10.705 4438 4438 D BluetoothMapService: Service Not Available to STOP or Shutdown already in progress - Ignoring
05-03 21:38:10.705 1782 1782 D BluetoothMap: Proxy object disconnected
05-03 21:38:10.705 1782 1782 D MapProfile: Bluetooth service disconnected
05-03 21:38:10.705 4438 4438 D BluetoothMapService: profile stopped successfully
05-03 21:38:10.705 4438 4438 D BluetoothAdapterService: getAdapterService() - returning com.android.bluetooth.btservice.AdapterService@d5ac242
05-03 21:38:10.705 4438 4438 D BtOppService: onDestroy
05-03 21:38:10.706 4438 4438 D BluetoothOppReceiver: Enter - onReceive for intent:android.bluetooth.adapter.action.STATE_CHANGED
05-03 21:38:10.706 4438 4438 D BluetoothOppReceiver: Bluetooth Adapter state = 13
05-03 21:38:10.706 4438 4438 D BluetoothOppReceiver: Exit - onReceive for intent:android.bluetooth.adapter.action.STATE_CHANGED
05-03 21:38:10.706 4438 4438 D BluetoothAdapterService: getAdapterService() - returning com.android.bluetooth.btservice.AdapterService@d5ac242
05-03 21:38:10.710 4438 4438 W BluetoothHeadsetServiceJni: Cleaning up Bluetooth Handsfree Interface...
05-03 21:38:10.712 4438 4438 D bt_btif : cleanup
05-03 21:38:10.712 4438 4512 D bt_btif : btif_hf_execute_service: enable: 0
05-03 21:38:10.712 4438 4512 D bt_btif : btif_hf_execute_service: enable: 0 completed
05-03 21:38:10.712 4438 4512 I bt_btif_storage: btif_storage_get_adapter_property service_mask:0x20100008
05-03 21:38:10.712 4438 4517 W bt_btif : ag scb idx 1 not allocated
05-03 21:38:10.712 4438 4517 E bt_btif : BTA AG is already disabled, ignoring ...
05-03 21:38:10.713 4438 4438 W BluetoothHeadsetServiceJni: Cleaning up Bluetooth Handsfree callback object
05-03 21:38:10.713 4438 4438 D BluetoothPbapService: Pbap Service onDestroy
05-03 21:38:10.713 4438 4438 D BluetoothPbapService: Unregistering observer
05-03 21:38:10.714 4438 4438 D BluetoothPbapService: StatusHandler :null mInterrupted:true
05-03 21:38:10.714 4438 4438 D BluetoothAdapterService: handleMessage() - Message: 1
05-03 21:38:10.714 4438 4438 D BluetoothAdapterService: handleMessage() - MESSAGE_PROFILE_SERVICE_STATE_CHANGED
05-03 21:38:10.714 4438 4438 W BluetoothAdapterService: onProfileServiceStateChange() serviceName=com.android.bluetooth.hfp.HeadsetService, state=10, doUpdate=true
05-03 21:38:10.714 4438 4438 V BluetoothAdapterState: isTurningOff()=true
05-03 21:38:10.714 4438 4438 V BluetoothAdapterState: isTurningOn()=false
05-03 21:38:10.714 4438 4438 V BluetoothAdapterState: isBleTurningOn()=false
05-03 21:38:10.714 4438 4438 V BluetoothAdapterState: isBleTurningOff()=false
05-03 21:38:10.714 4438 4438 D BluetoothAdapterService: processProfileServiceStateChanged() - serviceName=com.android.bluetooth.hfp.HeadsetService isTurningOn=false isTurningOff=true isBleTurningOn=false isBleTurningOff=false
05-03 21:38:10.714 4438 4438 D BluetoothAdapterService: Service: com.android.bluetooth.gatt.GattService
05-03 21:38:10.714 4438 4438 D BluetoothAdapterService: Skip GATT service - already started before
05-03 21:38:10.714 4438 4438 D BluetoothAdapterService: Service: com.android.bluetooth.hfp.HeadsetService
05-03 21:38:10.714 4438 4438 D BluetoothAdapterService: Service: com.android.bluetooth.hid.HidService
05-03 21:38:10.714 4438 4438 W BluetoothAdapterService: onProfileServiceStateChange() - Profile still running: com.android.bluetooth.hid.HidService
05-03 21:38:10.714 4438 4438 D BluetoothAdapterService: getAdapterService() - returning com.android.bluetooth.btservice.AdapterService@d5ac242
05-03 21:38:10.714 4438 4438 D A2dpService: Enter cleanup
05-03 21:38:10.714 4438 4438 D A2dpStateMachine: Enter cleanup()
05-03 21:38:10.714 4438 4438 D A2dpStateMachine: cleanup: mConnectedDevicesList size is 0
05-03 21:38:10.714 4438 4438 D bt_btif : AV cleanup
05-03 21:38:10.714 4438 4512 D bt_btif : btif_av_handle_event: BTIF_AV_CLEANUP_REQ_EVT
05-03 21:38:10.714 4438 4530 D bt_btif : btif_media_thread_cleanup
05-03 21:38:10.714 4438 4531 D bt_btif : A2DP-CTRL-CHANNEL EVENT UIPC_CLOSE_EVT
05-03 21:38:10.714 4438 4530 W bt_osi_thread: run_thread: thread id 4530, thread name media_worker exited
05-03 21:38:10.714 4438 4512 D bt_btif : btif_av_execute_service: enable: 0
05-03 21:38:10.714 4438 4517 W bt_l2cap: L2CAP - L2CA_Deregister() called for PSM: 0x0019
05-03 21:38:10.714 4438 4517 W bt_l2cap: L2CAP - PSM: 0x0019 not found for deregistration
05-03 21:38:10.714 4438 4517 W bt_l2cap: L2CAP - L2CA_Deregister() called for PSM: 0x0017
05-03 21:38:10.714 4438 4517 W bt_l2cap: L2CAP - PSM: 0x0017 not found for deregistration
05-03 21:38:10.714 4438 4517 W bt_l2cap: L2CAP - L2CA_Deregister() called for PSM: 0x0019
05-03 21:38:10.714 4438 4517 W bt_l2cap: L2CAP - PSM: 0x0019 not found for deregistration
05-03 21:38:10.714 4438 4517 W bt_l2cap: L2CAP - L2CA_Deregister() called for PSM: 0x0017
05-03 21:38:10.714 4438 4517 W bt_l2cap: L2CAP - PSM: 0x0017 not found for deregistration
05-03 21:38:10.714 4438 4517 W bt_l2cap: L2CAP - L2CA_Deregister() called for PSM: 0x0019
05-03 21:38:10.714 4438 4517 W bt_l2cap: L2CAP - PSM: 0x0019 not found for deregistration
05-03 21:38:10.714 4438 4517 W bt_l2cap: L2CAP - L2CA_Deregister() called for PSM: 0x0017
05-03 21:38:10.714 4438 4517 W bt_l2cap: L2CAP - PSM: 0x0017 not found for deregistration
05-03 21:38:10.714 4438 4512 D bt_btif : btif_av_execute_service: enable: 0 completed
05-03 21:38:10.714 4438 4512 I bt_btif_storage: btif_storage_get_adapter_property service_mask:0x20100000
05-03 21:38:10.715 4438 4438 D A2dpStateMachine: Exit cleanup()
05-03 21:38:10.715 4438 4512 D bt_btif : btif_rc_handler event:BTIF_AV_CLEANUP_REQ_EVT
05-03 21:38:10.715 4438 4438 D Avrcp : Exit cleanup()
05-03 21:38:10.715 4438 4438 D A2dpService: Exit cleanup
05-03 21:38:10.715 4438 4438 D BluetoothAdapterService: handleMessage() - Message: 1
05-03 21:38:10.715 4438 4438 D BluetoothAdapterService: handleMessage() - MESSAGE_PROFILE_SERVICE_STATE_CHANGED
05-03 21:38:10.715 4438 4438 W BluetoothAdapterService: onProfileServiceStateChange() serviceName=com.android.bluetooth.a2dp.A2dpService, state=10, doUpdate=true
05-03 21:38:10.715 4438 4438 V BluetoothAdapterState: isTurningOff()=true
05-03 21:38:10.715 4438 4438 V BluetoothAdapterState: isTurningOn()=false
05-03 21:38:10.715 4438 4438 V BluetoothAdapterState: isBleTurningOn()=false
05-03 21:38:10.715 4438 4438 V BluetoothAdapterState: isBleTurningOff()=false
05-03 21:38:10.715 4438 4438 D BluetoothAdapterService: processProfileServiceStateChanged() - serviceName=com.android.bluetooth.a2dp.A2dpService isTurningOn=false isTurningOff=true isBleTurningOn=false isBleTurningOff=false
05-03 21:38:10.715 4438 4438 D BluetoothAdapterService: Service: com.android.bluetooth.gatt.GattService
05-03 21:38:10.715 4438 4438 D BluetoothAdapterService: Skip GATT service - already started before
05-03 21:38:10.715 4438 4438 D BluetoothAdapterService: Service: com.android.bluetooth.hfp.HeadsetService
05-03 21:38:10.715 4438 4438 D BluetoothAdapterService: Service: com.android.bluetooth.hid.HidService
05-03 21:38:10.715 4438 4438 W BluetoothAdapterService: onProfileServiceStateChange() - Profile still running: com.android.bluetooth.hid.HidService
