05-03 21:38:10.715 4438 4438 D BluetoothAdapterService: getAdapterService() - returning com.android.bluetooth.btservice.AdapterService@d5ac242
05-03 21:38:10.715 4438 4438 W BluetoothHidServiceJni: Cleaning up Bluetooth HID Interface...
05-03 21:38:10.715 4438 4438 W bt_btif : cleanup: HH disabling or disabled already, status = 0
05-03 21:38:10.715 4438 4438 W BluetoothHidServiceJni: Cleaning up Bluetooth GID callback object
05-03 21:38:10.716 4438 4438 D BluetoothAdapterService: handleMessage() - Message: 1
05-03 21:38:10.716 4438 4438 D BluetoothAdapterService: handleMessage() - MESSAGE_PROFILE_SERVICE_STATE_CHANGED
05-03 21:38:10.716 4438 4438 W BluetoothAdapterService: onProfileServiceStateChange() serviceName=com.android.bluetooth.hid.HidService, state=10, doUpdate=true
05-03 21:38:10.716 4438 4438 V BluetoothAdapterState: isTurningOff()=true
05-03 21:38:10.716 4438 4438 V BluetoothAdapterState: isTurningOn()=false
05-03 21:38:10.716 4438 4438 V BluetoothAdapterState: isBleTurningOn()=false
05-03 21:38:10.716 4438 4438 V BluetoothAdapterState: isBleTurningOff()=false
05-03 21:38:10.716 4438 4438 D BluetoothAdapterService: processProfileServiceStateChanged() - serviceName=com.android.bluetooth.hid.HidService isTurningOn=false isTurningOff=true isBleTurningOn=false isBleTurningOff=false
05-03 21:38:10.716 4438 4438 D BluetoothAdapterService: Service: com.android.bluetooth.gatt.GattService
05-03 21:38:10.716 4438 4438 D BluetoothAdapterService: Skip GATT service - already started before
05-03 21:38:10.716 4438 4438 D BluetoothAdapterService: Service: com.android.bluetooth.hfp.HeadsetService
05-03 21:38:10.716 4438 4438 D BluetoothAdapterService: Service: com.android.bluetooth.hid.HidService
05-03 21:38:10.716 4438 4438 D BluetoothAdapterService: Service: com.android.bluetooth.hdp.HealthService
05-03 21:38:10.716 4438 4438 W BluetoothAdapterService: onProfileServiceStateChange() - Profile still running: com.android.bluetooth.hdp.HealthService
05-03 21:38:10.716 4438 4438 D BluetoothAdapterService: getAdapterService() - returning com.android.bluetooth.btservice.AdapterService@d5ac242
05-03 21:38:10.716 4438 4438 W BluetoothHealthServiceJni: Cleaning up Bluetooth Health Interface...
05-03 21:38:10.716 4438 4512 E bt_btif : btif_in_execute_service_request: Unknown service 27 being disabled
05-03 21:38:10.716 4438 4438 W BluetoothHealthServiceJni: Cleaning up Bluetooth Health object
05-03 21:38:10.716 4438 4438 D BluetoothAdapterService: handleMessage() - Message: 1
05-03 21:38:10.716 4438 4438 D BluetoothAdapterService: handleMessage() - MESSAGE_PROFILE_SERVICE_STATE_CHANGED
05-03 21:38:10.716 4438 4438 W BluetoothAdapterService: onProfileServiceStateChange() serviceName=com.android.bluetooth.hdp.HealthService, state=10, doUpdate=true
05-03 21:38:10.716 4438 4438 V BluetoothAdapterState: isTurningOff()=true
05-03 21:38:10.716 4438 4438 V BluetoothAdapterState: isTurningOn()=false
05-03 21:38:10.716 4438 4438 V BluetoothAdapterState: isBleTurningOn()=false
05-03 21:38:10.716 4438 4438 V BluetoothAdapterState: isBleTurningOff()=false
05-03 21:38:10.716 4438 4438 D BluetoothAdapterService: processProfileServiceStateChanged() - serviceName=com.android.bluetooth.hdp.HealthService isTurningOn=false isTurningOff=true isBleTurningOn=false isBleTurningOff=false
05-03 21:38:10.716 4438 4438 D BluetoothAdapterService: Service: com.android.bluetooth.gatt.GattService
05-03 21:38:10.716 4438 4438 D BluetoothAdapterService: Skip GATT service - already started before
05-03 21:38:10.716 4438 4438 D BluetoothAdapterService: Service: com.android.bluetooth.hfp.HeadsetService
05-03 21:38:10.716 4438 4438 D BluetoothAdapterService: Service: com.android.bluetooth.hid.HidService
05-03 21:38:10.716 4438 4438 D BluetoothAdapterService: Service: com.android.bluetooth.hdp.HealthService
05-03 21:38:10.716 4438 4438 D BluetoothAdapterService: Service: com.android.bluetooth.pan.PanService
05-03 21:38:10.716 4438 4438 W BluetoothAdapterService: onProfileServiceStateChange() - Profile still running: com.android.bluetooth.pan.PanService
05-03 21:38:10.716 4438 4438 D BluetoothAdapterService: getAdapterService() - returning com.android.bluetooth.btservice.AdapterService@d5ac242
05-03 21:38:10.716 4438 4438 W BluetoothPanServiceJni: Cleaning up Bluetooth PAN Interface...
05-03 21:38:10.716 4438 4517 W bt_l2cap: L2CAP - L2CA_Deregister() called for PSM: 0x000f
05-03 21:38:10.716 4438 4516 I bt_vendor: bt_vendor_op op 7
05-03 21:38:10.716 4438 4516 I bt_vendor: bt_vendor_op op 7 retval 0
05-03 21:38:10.717 4438 4516 I bt_vendor: bt_vendor_op op 7
05-03 21:38:10.717 4438 4516 I bt_vendor: bt_vendor_op op 7 retval 0
05-03 21:38:10.719 4438 4516 I bt_vendor: bt_vendor_op op 7
05-03 21:38:10.719 4438 4516 I bt_vendor: bt_vendor_op op 7 retval 0
05-03 21:38:10.721 4438 4516 I bt_vendor: bt_vendor_op op 7
05-03 21:38:10.721 4438 4516 I bt_vendor: bt_vendor_op op 7 retval 0
05-03 21:38:10.722 4438 4516 I bt_vendor: bt_vendor_op op 7
05-03 21:38:10.722 4438 4516 I bt_vendor: bt_vendor_op op 7 retval 0
05-03 21:38:10.722 4438 4438 W BluetoothPanServiceJni: Cleaning up Bluetooth PAN callback object
05-03 21:38:10.728 4438 4438 D BluetoothAdapterService: handleMessage() - Message: 1
05-03 21:38:10.728 4438 4438 D BluetoothAdapterService: handleMessage() - MESSAGE_PROFILE_SERVICE_STATE_CHANGED
05-03 21:38:10.728 4438 4438 W BluetoothAdapterService: onProfileServiceStateChange() serviceName=com.android.bluetooth.pan.PanService, state=10, doUpdate=true
05-03 21:38:10.728 4438 4438 V BluetoothAdapterState: isTurningOff()=true
05-03 21:38:10.728 4438 4438 V BluetoothAdapterState: isTurningOn()=false
05-03 21:38:10.728 4438 4438 V BluetoothAdapterState: isBleTurningOn()=false
05-03 21:38:10.728 4438 4438 V BluetoothAdapterState: isBleTurningOff()=false
05-03 21:38:10.728 4438 4438 D BluetoothAdapterService: processProfileServiceStateChanged() - serviceName=com.android.bluetooth.pan.PanService isTurningOn=false isTurningOff=true isBleTurningOn=false isBleTurningOff=false
05-03 21:38:10.728 4438 4438 D BluetoothAdapterService: Service: com.android.bluetooth.gatt.GattService
05-03 21:38:10.728 4438 4438 D BluetoothAdapterService: Skip GATT service - already started before
05-03 21:38:10.728 4438 4438 D BluetoothAdapterService: Service: com.android.bluetooth.hfp.HeadsetService
05-03 21:38:10.728 4438 4438 D BluetoothAdapterService: Service: com.android.bluetooth.hid.HidService
05-03 21:38:10.728 4438 4438 D BluetoothAdapterService: Service: com.android.bluetooth.hdp.HealthService
05-03 21:38:10.728 4438 4438 D BluetoothAdapterService: Service: com.android.bluetooth.pan.PanService
05-03 21:38:10.728 4438 4438 D BluetoothAdapterService: Service: com.android.bluetooth.a2dp.A2dpService
05-03 21:38:10.728 4438 4438 D BluetoothAdapterService: Service: com.android.bluetooth.map.BluetoothMapService
05-03 21:38:10.728 4438 4438 W BluetoothAdapterService: onProfileServiceStateChange() - Profile still running: com.android.bluetooth.map.BluetoothMapService
05-03 21:38:10.729 4438 4438 D BluetoothAdapterService: getAdapterService() - returning com.android.bluetooth.btservice.AdapterService@d5ac242
05-03 21:38:10.729 4438 4438 D BluetoothMapService: cleanup()
05-03 21:38:10.729 4438 4438 D BluetoothMapService: Service Not Available to STOP or Shutdown already in progress - Ignoring
05-03 21:38:10.729 4438 4438 D BluetoothAdapterService: handleMessage() - Message: 1
05-03 21:38:10.729 4438 4438 D BluetoothAdapterService: handleMessage() - MESSAGE_PROFILE_SERVICE_STATE_CHANGED
05-03 21:38:10.729 4438 4438 W BluetoothAdapterService: onProfileServiceStateChange() serviceName=com.android.bluetooth.map.BluetoothMapService, state=10, doUpdate=true
05-03 21:38:10.729 4438 4438 V BluetoothAdapterState: isTurningOff()=true
05-03 21:38:10.729 4438 4438 V BluetoothAdapterState: isTurningOn()=false
05-03 21:38:10.729 4438 4438 V BluetoothAdapterState: isBleTurningOn()=false
05-03 21:38:10.729 4438 4438 V BluetoothAdapterState: isBleTurningOff()=false
05-03 21:38:10.729 4438 4438 D BluetoothAdapterService: processProfileServiceStateChanged() - serviceName=com.android.bluetooth.map.BluetoothMapService isTurningOn=false isTurningOff=true isBleTurningOn=false isBleTurningOff=false
05-03 21:38:10.729 4438 4438 D BluetoothAdapterService: Service: com.android.bluetooth.gatt.GattService
05-03 21:38:10.729 4438 4438 D BluetoothAdapterService: Skip GATT service - already started before
05-03 21:38:10.729 4438 4438 D BluetoothAdapterService: Service: com.android.bluetooth.hfp.HeadsetService
05-03 21:38:10.729 4438 4438 D BluetoothAdapterService: Service: com.android.bluetooth.hid.HidService
05-03 21:38:10.729 4438 4438 D BluetoothAdapterService: Service: com.android.bluetooth.hdp.HealthService
05-03 21:38:10.729 4438 4438 D BluetoothAdapterService: Service: com.android.bluetooth.pan.PanService
05-03 21:38:10.729 4438 4438 D BluetoothAdapterService: Service: com.android.bluetooth.a2dp.A2dpService
05-03 21:38:10.729 4438 4438 D BluetoothAdapterService: Service: com.android.bluetooth.map.BluetoothMapService
05-03 21:38:10.729 4438 4438 W BluetoothAdapterService: onProfileServiceStateChange() - All profile services stopped...
05-03 21:38:10.729 4438 4506 D BluetoothAdapterState: Current state: PENDING_COMMAND, message: 26
05-03 21:38:10.729 4438 4506 D BluetoothAdapterProperties: Setting state to 15
05-03 21:38:10.729 4438 4506 I BluetoothAdapterState: Bluetooth adapter state changed: 13-> 15
05-03 21:38:10.729 4438 4506 D BluetoothAdapterService: updateAdapterState() - Broadcasting state to 1 receivers.
05-03 21:38:10.729 1697 1717 D BluetoothManagerService: MESSAGE_BLUETOOTH_STATE_CHANGE: TURNING_OFF > BLE_ON
05-03 21:38:10.729 1697 1717 D BluetoothManagerService: Intermediate off, back to LE only mode
05-03 21:38:10.729 1697 1717 D BluetoothManagerService: Sending BLE State Change: TURNING_OFF > BLE_ON
05-03 21:38:10.729 1697 1717 D BluetoothManagerService: Broadcasting onBluetoothStateChange(false) to 17 receivers.
05-03 21:38:10.729 3352 4373 D BluetoothPan: onBluetoothStateChange on: false
05-03 21:38:10.729 3352 4373 D BluetoothMap: onBluetoothStateChange: up=false
05-03 21:38:10.729 1782 1852 D BluetoothMap: onBluetoothStateChange: up=false
05-03 21:38:10.730 3352 4373 D BluetoothInputDevice: onBluetoothStateChange: up=false
05-03 21:38:10.730 3352 4373 D BluetoothPbap: onBluetoothStateChange: up=false
05-03 21:38:10.730 1855 2086 D BluetoothHeadset: onBluetoothStateChange: up=false
05-03 21:38:10.730 1855 2086 D BluetoothHeadset: Unbinding service...
05-03 21:38:10.730 1782 1852 D BluetoothPan: onBluetoothStateChange on: false
05-03 21:38:10.730 3352 4373 D BluetoothA2dp: onBluetoothStateChange: up=false
05-03 21:38:10.730 3352 4373 D BluetoothHeadset: onBluetoothStateChange: up=false
05-03 21:38:10.730 3352 4373 D BluetoothHeadset: Unbinding service...
05-03 21:38:10.730 1782 1852 D BluetoothA2dp: onBluetoothStateChange: up=false
05-03 21:38:10.730 1782 1852 D BluetoothInputDevice: onBluetoothStateChange: up=false
05-03 21:38:10.730 1782 1852 D BluetoothPbap: onBluetoothStateChange: up=false
05-03 21:38:10.731 1782 1852 D BluetoothHeadset: onBluetoothStateChange: up=false
05-03 21:38:10.731 1782 1852 D BluetoothHeadset: Unbinding service...
05-03 21:38:10.731 1697 1717 D BluetoothManagerService: Calling sendBrEdrDownCallback callbacks
05-03 21:38:10.731 1697 1717 D BluetoothManagerService: isBleAppPresent() count: 1
05-03 21:38:10.731 4438 4506 I BluetoothAdapterState: Entering BleOnState
05-03 21:38:10.739 4438 4450 E BtGatt.ContextMap: Context not found for ID 5
05-03 21:38:10.740 4438 4517 E bt_btif : bta_gattc_deregister Deregister Failedm unknown client cif
05-03 21:38:10.740 4438 4516 I bt_vendor: bt_vendor_op op 7
05-03 21:38:10.740 4438 4516 I bt_vendor: bt_vendor_op op 7 retval 0
05-03 21:38:10.741 4438 4516 I bt_vendor: bt_vendor_op op 7
05-03 21:38:10.741 4438 4516 I bt_vendor: bt_vendor_op op 7 retval 0
05-03 21:38:10.746 1782 2094 D BluetoothEventManager: isFirstBoot: false state: 10
05-03 21:38:10.753 3352 3352 D DockEventReceiver: finishStartingService: stopping service
05-03 21:38:10.753 1697 1707 I chatty : uid=1000(system) HeapTaskDaemon expire 2 lines
05-03 21:38:10.769 4438 4438 D BluetoothPbapReceiver: PbapReceiver onReceive action = android.bluetooth.adapter.action.STATE_CHANGED
05-03 21:38:10.769 4438 4438 D BluetoothPbapReceiver: state = 10
05-03 21:38:10.769 4438 4438 I BluetoothPbapReceiver: Exit - onReceive for intent:android.bluetooth.adapter.action.STATE_CHANGED
05-03 21:38:10.812 3352 3352 D BluetoothEventManager: isFirstBoot: false state: 10
05-03 21:38:10.813 3352 3352 W ContextImpl: Calling a method in the system process without a qualified user: android.app.ContextImpl.startService:1357 android.content.ContextWrapper.startService:613 android.content.ContextWrapper.startService:613 com.android.settings.bluetooth.DockEventReceiver.beginStartingService:134 com.android.settings.bluetooth.DockEventReceiver.onReceive:115
05-03 21:38:10.814 4438 4438 D BluetoothOppReceiver: Enter - onReceive for intent:android.bluetooth.adapter.action.STATE_CHANGED
05-03 21:38:10.814 4438 4438 D BluetoothOppReceiver: Bluetooth Adapter state = 10
05-03 21:38:10.814 4438 4438 D BluetoothOppReceiver: Exit - onReceive for intent:android.bluetooth.adapter.action.STATE_CHANGED
05-03 21:38:10.828 2534 4581 I chatty : uid=10015(com.google.android.gms) expire 1 line
05-03 21:38:10.847 2534 4405 I chatty : uid=10015(com.google.android.gms) expire 8 lines
05-03 21:38:10.873 3352 3352 D DockEventReceiver: finishStartingService: stopping service
05-03 21:38:10.979 1697 3505 I chatty : uid=1000(system) Binder:1697_12 expire 5 lines
05-03 21:38:10.980 1697 3288 I chatty : uid=1000(system) Binder:1697_F expire 10 lines
05-03 21:38:10.999 2165 2179 I chatty : uid=10015(com.google.android.gms) Binder:2165_2 expire 2 lines
05-03 21:38:11.001 2165 4562 I chatty : uid=10015 com.google.android.gms.persistent expire 5 lines
05-03 21:38:11.302 1405 1684 D Camera_Factory: CameraFactory::get_camera_info
05-03 21:38:11.302 1405 1684 D Camera_Factory: CameraFactory::getCameraInfo: id = 0, info = 0xf6581368
05-03 21:38:11.302 1405 1684 D Camera_Factory: CameraFactory::getCameraNum: 1
05-03 21:38:11.302 1405 1684 D CameraHardware: CameraHardware::getCameraInfo
05-03 21:38:12.004 2534 4166 I chatty : uid=10015(com.google.android.gms) expire 4 lines
05-03 21:38:12.532 1697 3630 I ActivityManager: START u0 {act=com.google.android.gms.auth.addaccount.POST_ADD_ACCOUNT cmp=com.google.android.gms/.setupservices.GoogleServicesActivity (has extras)} from uid 10015 on display 0
05-03 21:38:12.587 1410 1410 I Binder:1410_2: type=1400 audit(0.0:273): avc: denied { read } for name="vendor" dev="tmpfs" ino=6081 scontext=u:r:mediadrmserver:s0 tcontext=u:object_r:tmpfs:s0 tclass=lnk_file permissive=1
05-03 21:38:12.589 1410 4043 E Drm : Failed to find drm plugin
05-03 21:38:12.620 2534 2926 I chatty : uid=10015(com.google.android.gms) expire 12 lines
05-03 21:38:12.670 2708 2799 I chatty : uid=10015 com.google.android.gms.unstable expire 11 lines
05-03 21:38:12.763 1410 4043 E Drm : Failed to find drm plugin
05-03 21:38:12.855 2963 2963 I chatty : uid=10040(com.android.vending) expire 72 lines
05-03 21:38:13.070 3080 4154 E SQLiteLog: (1) no such table: search_status
05-03 21:38:13.305 1697 1899 I chatty : uid=1000(system) Binder:1697_4 expire 7 lines
05-03 21:38:13.317 2165 4595 I chatty : uid=10015 com.google.android.gms.persistent expire 5 lines
05-03 21:38:13.742 4438 4516 I bt_vendor: bt_vendor_op op 7
05-03 21:38:13.742 4438 4516 I bt_vendor: bt_vendor_op op 7 retval 0
05-03 21:38:14.029 2165 4419 I chatty : uid=10015 com.google.android.gms.persistent expire 2 lines
05-03 21:38:14.029 1398 1398 W SurfaceFlinger: couldn't log to binary event log: overflow.
05-03 21:38:14.410 1697 4387 I chatty : uid=1000(system) Binder:1697_1F expire 4 lines
05-03 21:38:14.416 2963 3018 I chatty : uid=10040(com.android.vending) expire 5 lines
05-03 21:38:14.532 2534 2924 I chatty : uid=10015(com.google.android.gms) expire 12 lines
05-03 21:38:14.684 2534 4585 I chatty : uid=10015(com.google.android.gms) expire 12 lines
05-03 21:38:14.768 1782 1782 D ViewRootImpl[NavigationBar]: updatePointerIcon called with position out of bounds
05-03 21:38:14.826 1782 1782 I RenderThread: type=1400 audit(0.0:274): avc: denied { ioctl } for path="/dev/dri/card0" dev="tmpfs" ino=8252 ioctlcmd=0x640b scontext=u:r:platform_app:s0:c512,c768 tcontext=u:object_r:device:s0 tclass=chr_file permissive=1
05-03 21:38:14.916 3080 4404 E Gmail.LabelManager: Unable to get label ^i for account account:-1568299623
05-03 21:38:14.916 3080 4404 E Gmail : Couldn't find label: ^i
05-03 21:38:14.955 3080 4606 E Gmail.LabelManager: Unable to get label ^i for account account:-1568299623
05-03 21:38:14.956 3080 4606 E Gmail : Couldn't find label: ^i
05-03 21:38:15.019 2534 2664 I chatty : uid=10015(com.google.android.gms) expire 12 lines
05-03 21:38:15.070 1404 1669 I audio_hw_primary: choose pcmC1D0p for 0
05-03 21:38:16.201 1697 4318 I chatty : uid=1000(system) Binder:1697_1D expire 2 lines
05-03 21:38:16.217 1855 2086 E PhoneInterfaceManager: [PhoneIntfMgr] getIccId: No UICC
05-03 21:38:16.820 1855 1855 E PhoneInterfaceManager: [PhoneIntfMgr] getCarrierPackageNamesForIntent: No UICC
05-03 21:38:16.820 1855 1855 D CarrierSvcBindHelper: No carrier app for: 0
05-03 21:38:16.994 1697 2118 I chatty : uid=1000(system) Binder:1697_5 expire 4 lines
05-03 21:38:17.215 1782 1782 D ViewRootImpl[NavigationBar]: updatePointerIcon called with position out of bounds
05-03 21:38:17.470 1697 3625 I chatty : uid=1000(system) Binder:1697_15 expire 1 line
05-03 21:38:17.654 2534 4418 I chatty : uid=10015(com.google.android.gms) expire 1 line
05-03 21:38:17.712 2421 2447 I CalendarProvider2: No events to update: uri=content://com.android.calendar/events?account_name=anoninjamous%40gmail.com&account_type=com.google&caller_is_syncadapter=true selection=_sync_id IS NOT NULL AND calendar_id=? selectionArgs=[1]
05-03 21:38:17.748 4159 4636 I SyncAdapterProxy: Delagator disabled, using the (deprecated) GData sync adapter
05-03 21:38:17.950 1697 2118 I ActivityManager: Setting hasTopUi=false for pid=1782
05-03 21:38:17.950 1782 1782 D PhoneStatusBar: disable: < expand icons* alerts system_info* back home recent clock search quick_settings
> 05-03 21:38:17.991 1782 1782 D ViewRootImpl[StatusBar]: updatePointerIcon called with position out of bounds
05-03 21:38:18.620 4074 4624 I CalendarSyncAdapter: Found no pending settings
05-03 21:38:18.717 3080 4607 E Gmail.LabelManager: Unable to get label ^i for account account:-1568299623
05-03 21:38:18.717 3080 4607 E Gmail : Couldn't find label: ^i
05-03 21:38:18.837 3080 4641 W System : ClassLoader referenced unknown path: /system/priv-app/GmsCore/lib/x86_64
05-03 21:38:18.837 3080 4641 D ApplicationLoaders: ignored Vulkan layer search path /system/priv-app/GmsCore/lib/x86_64:/system/fake-libs64:/system/priv-app/GmsCore/GmsCore.apk!/lib/x86_64:/system/lib64:/vendor/lib64 for namespace 0x7f35530ad0f0
05-03 21:38:18.847 3080 4641 W common.FileUtils: Failed to set dir world executable: java.io.FileNotFoundException: /data/user_de/0/com.google.android.gms/files/gmscore_global_dirs.txt: open failed: EACCES (Permission denied)
05-03 21:38:18.848 3080 4641 W System : ClassLoader referenced unknown path: /system/priv-app/GmsCore/lib/x86_64
05-03 21:38:18.848 3080 4641 W common.FileUtils: Failed to set dir world executable: java.io.FileNotFoundException: /data/user_de/0/com.google.android.gms/files/gmscore_global_dirs.txt: open failed: EACCES (Permission denied)
05-03 21:38:18.848 3080 4641 W System : ClassLoader referenced unknown path: /system/priv-app/GmsCore/lib/x86_64
05-03 21:38:18.849 3080 4641 W common.FileUtils: Failed to set dir world executable: java.io.FileNotFoundException: /data/user_de/0/com.google.android.gms/files/gmscore_global_dirs.txt: open failed: EACCES (Permission denied)
05-03 21:38:18.850 3080 4641 W System : ClassLoader referenced unknown path: /system/priv-app/GmsCore/lib/x86_64
05-03 21:38:18.850 3080 4641 W common.FileUtils: Failed to set dir world executable: java.io.FileNotFoundException: /data/user_de/0/com.google.android.gms/files/gmscore_global_dirs.txt: open failed: EACCES (Permission denied)
05-03 21:38:18.850 3080 4641 W System : ClassLoader referenced unknown path: /system/priv-app/GmsCore/lib/x86_64
05-03 21:38:18.852 3080 4641 W linker : /data/user_de/0/com.google.android.gms/app_extracted_libs/x86_64/libconscrypt_gmscore_jni.so: unused DT entry: type 0xf arg 0x10b
05-03 21:38:18.852 3080 4641 V NativeCrypto: Registering com/google/android/gms/org/conscrypt/NativeCrypto's 279 native methods...
05-03 21:38:18.863 3080 4641 D NetworkSecurityConfig: Using Network Security Config from resource network_security_config debugBuild: false
05-03 21:38:18.864 3080 4641 I ProviderInstaller: Installed default security provider GmsCore_OpenSSL
05-03 21:38:19.133 1697 1697 I chatty : uid=1000 system_server expire 10 lines
05-03 21:38:19.169 4159 4636 V ContactsSyncAdapter: No contacts feed data; creating new feedSyncState...
05-03 21:38:20.092 1404 1669 I audio_hw_primary: choose pcmC1D0p for 0
05-03 21:38:20.219 2534 4646 I chatty : uid=10015(com.google.android.gms) expire 1 line
05-03 21:38:20.396 2165 2165 I chatty : uid=10015 com.google.android.gms.persistent expire 10 lines
05-03 21:38:20.438 1697 3288 I BackupManagerService: Backup enabled => true
05-03 21:38:20.441 3352 3352 I RenderThread: type=1400 audit(0.0:277): avc: denied { ioctl } for path="/dev/dri/card0" dev="tmpfs" ino=8252 ioctlcmd=0x645f scontext=u:r:system_app:s0 tcontext=u:object_r:device:s0 tclass=chr_file permissive=1
05-03 21:38:20.459 1697 3288 D WindowManager: relayoutVisibleWindow: Window{265e7fa u0 com.android.settings/com.android.settings.Settings$AccountSettingsActivity EXITING} mAnimatingExit=true, mRemoveOnExit=false, mDestroying=true
05-03 21:38:20.470 2165 4655 I chatty : uid=10015 com.google.android.gms.persistent expire 1 line
05-03 21:38:20.486 3426 3991 I chatty : uid=10015 com.google.android.gms.ui expire 1 line
05-03 21:38:20.530 3352 4654 W TileUtils: Found com.android.systemui.tuner.TunerActivity for intent Intent { act=com.android.settings.action.EXTRA_SETTINGS } missing metadata
05-03 21:38:20.536 3352 4652 D Index : Indexing locale 'in_ID' took 2 millis
05-03 21:38:21.075 3352 4652 D Index : Deleting data for locale 'in_ID' took 1 millis
05-03 21:38:21.076 3352 4652 D Index : Indexing locale 'in_ID' took 1 millis
05-03 21:38:21.427 4074 4644 I CalendarSyncAdapter: Found no pending settings
05-03 21:38:22.385 2165 3629 I chatty : uid=10015(com.google.android.gms) Binder:2165_C expire 5 lines
05-03 21:38:22.642 1782 1782 I SlideTouchEvent: vel=0.0, MinimumFlingVelocity=50
05-03 21:38:22.656 3352 4654 D Index : Indexing locale 'in_ID' took 7 millis
05-03 21:38:22.660 3352 3352 D DashboardSummary: onConditionsChanged
05-03 21:38:22.667 3352 3978 I StorageManager: readLong(): Path doesn't exist: /sys/block/mmcblk0/size: java.io.FileNotFoundException: /sys/block/mmcblk0/size (No such file or directory)
05-03 21:38:22.672 2534 4645 I chatty : uid=10015(com.google.android.gms) expire 3 lines
05-03 21:38:22.730 1697 3836 I ProcessStatsService: Added stats: 2018-05-03-20-54-07, over +37m46s947ms
05-03 21:38:22.740 3352 3978 W ProcStatsManager: No process com.android.providers.calendar/10004 for service com.android.providers.calendar.EmptyService
05-03 21:38:22.740 3352 3978 W ProcStatsManager: No process com.android.providers.calendar/10004 for service com.android.providers.calendar.CalendarProviderIntentService
05-03 21:38:22.740 3352 3978 W ProcStatsManager: No process com.google.android.onetimeinitializer/10020 for service com.google.android.onetimeinitializer.OneTimeService
05-03 21:38:22.740 3352 3978 W ProcStatsManager: No process com.android.messaging/10072 for service com.android.messaging.datamodel.action.BackgroundWorkerService
05-03 21:38:22.740 3352 3978 W ProcStatsManager: No process com.android.messaging/10072 for service com.android.messaging.datamodel.action.ActionServiceImpl
05-03 21:38:22.740 3352 3978 W ProcStatsManager: No process com.google.android.configupdater/10008 for service com.google.android.configupdater.CertPin.CertPinUpdateFetcherService
05-03 21:38:22.740 3352 3978 W ProcStatsManager: No process com.google.android.configupdater/10008 for service com.google.android.configupdater.SmsShortCodes.SmsShortCodesUpdateFetcherService
05-03 21:38:22.740 3352 3978 W ProcStatsManager: No process com.android.defcontainer/10009 for service com.android.defcontainer.DefaultContainerService
05-03 21:38:22.740 3352 3978 W ProcStatsManager: No process com.android.vending:instant_app_installer/10040 for service com.google.android.finsky.instantapps.PhenotypeUpdateService
05-03 21:38:22.740 3352 3978 W ProcStatsManager: No process com.android.vending:instant_app_installer/10040 for service com.google.android.finsky.instantapps.statussync.StatusSyncService
05-03 21:38:22.740 3352 3978 W ProcStatsManager: No process com.android.vending:instant_app_installer/10040 for service com.google.android.finsky.instantapps.PhenotypeUpdateService
05-03 21:38:22.740 3352 3978 W ProcStatsManager: No process com.android.vending:instant_app_installer/10040 for service com.google.android.finsky.instantapps.statussync.StatusSyncService
05-03 21:38:22.740 3352 3978 W ProcStatsManager: No process com.android.carrierconfig/10006 for service com.android.carrierconfig.DefaultCarrierConfigService
05-03 21:38:22.740 3352 3978 W ProcStatsManager: No process com.android.printspooler/10068 for service com.android.printspooler.model.PrintSpoolerService
05-03 21:38:22.740 3352 3978 W ProcStatsManager: No process com.google.process.gapps/10057 for service com.google.android.syncadapters.contacts.ContactsSyncAdapterIntentService
05-03 21:38:22.740 3352 3978 W ProcStatsManager: No process com.google.process.gapps/10057 for service com.google.android.syncadapters.contacts.ContactsSyncAdapterService
05-03 21:38:22.740 3352 3978 W ProcStatsManager: No process com.android.keychain/1000 for service com.android.keychain.KeyChainService
05-03 21:38:22.740 3352 3978 W ProcStatsManager: No process com.android.dialer/10022 for service com.android.dialer.calllog.CallLogNotificationsService
05-03 21:38:22.740 3352 3978 W ProcStatsManager: No process com.google.android.packageinstaller/10023 for service com.android.packageinstaller.permission.service.RuntimePermissionPresenterServiceImpl
05-03 21:38:22.740 3352 3978 W ProcStatsManager: No process com.google.android.partnersetup/10021 for service com.google.android.partnersetup.AppInstalledService
05-03 21:38:22.740 3352 3978 W ProcStatsManager: No process com.google.android.partnersetup/10021 for service com.google.android.partnersetup.ClientIdService
05-03 21:38:22.740 3352 3978 W ProcStatsManager: No process com.google.android.partnersetup/10021 for service com.google.android.partnersetup.MccFallbackService
05-03 21:38:22.740 3352 3978 W ProcStatsManager: No process com.google.android.partnersetup/10021 for service com.google.android.partnersetup.AppHiderService
05-03 21:38:22.740 3352 3978 W ProcStatsManager: No process com.google.android.partnersetup/10021 for service com.google.android.partnersetup.RlzPingIntentService
05-03 21:38:22.740 3352 3978 W ProcStatsManager: No process com.google.android.partnersetup/10021 for service com.google.android.partnersetup.MccOverrideService
05-03 21:38:22.740 3352 3978 W ProcStatsManager: No process com.google.android.partnersetup/10021 for service com.google.android.partnersetup.LauncherConfigService
05-03 21:38:22.740 3352 3978 W ProcStatsManager: No process com.google.android.syncadapters.calendar/10070 for service com.google.android.syncadapters.calendar.CalendarSyncAdapterService
05-03 21:38:22.881 3352 4654 W TileUtils: Found com.android.systemui.tuner.TunerActivity for intent Intent { act=com.android.settings.action.EXTRA_SETTINGS } missing metadata
05-03 21:38:22.902 1697 1750 I chatty : uid=1000(system) WifiStateMachin expire 2 lines
05-03 21:38:22.903 1855 1855 E PhoneInterfaceManager: [PhoneIntfMgr] queryModemActivityInfo: Empty response
05-03 21:38:22.903 1697 3488 E BatteryStatsService: no controller energy info supplied
05-03 21:38:22.903 1697 3488 E BatteryStatsService: no controller energy info supplied
05-03 21:38:22.904 1697 3488 E KernelCpuSpeedReader: Failed to read cpu-freq: /sys/devices/system/cpu/cpu0/cpufreq/stats/time_in_state (No such file or directory)
05-03 21:38:22.905 1697 3488 E BatteryStatsService: modem info is invalid: ModemActivityInfo{ mTimestamp=0 mSleepTimeMs=0 mIdleTimeMs=0 mTxTimeMs[]=[0, 0, 0, 0, 0] mRxTimeMs=0 mEnergyUsed=0}
05-03 21:38:23.280 2165 2747 I chatty : uid=10015(com.google.android.gms) Binder:2165_4 expire 4 lines
05-03 21:38:23.692 1782 1782 I SlideTouchEvent: vel=0.0, MinimumFlingVelocity=50
05-03 21:38:24.333 4159 4671 D NetworkSecurityConfig: No Network Security Config specified, using platform default
05-03 21:38:24.367 2963 4675 I chatty : uid=10040(com.android.vending) expire 83 lines
05-03 21:38:24.877 3426 4681 I chatty : uid=10015 com.google.android.gms.ui expire 1 line
05-03 21:38:25.115 2165 4623 I chatty : uid=10015 com.google.android.gms.persistent expire 14 lines
05-03 21:38:25.251 3080 4404 E Gmail.LabelManager: Unable to get label ^i for account account:-1568299623
05-03 21:38:25.251 3080 4404 E Gmail : Couldn't find label: ^i
05-03 21:38:25.434 3080 4606 E Gmail.LabelManager: Unable to get label ^i for account account:-1568299623
05-03 21:38:25.434 3080 4606 E Gmail : Couldn't find label: ^i
05-03 21:38:27.164 2165 4684 I chatty : uid=10015 com.google.android.gms.persistent expire 6 lines
05-03 21:38:27.167 3080 4641 W Gmail : Could not find personal inbox android config protobuf
05-03 21:38:27.168 3080 4641 W Gmail : Could not find personal inbox android config protobuf
05-03 21:38:27.168 3080 4641 W Gmail : Could not find personal inbox android config protobuf
05-03 21:38:27.170 3080 4641 W Gmail : Could not find personal inbox android config protobuf
05-03 21:38:27.170 3080 4641 W Gmail : Could not find personal inbox android config protobuf
05-03 21:38:27.170 3080 4641 W Gmail : Could not find personal inbox android config protobuf
05-03 21:38:27.654 2963 4694 I chatty : uid=10040(com.android.vending) expire 16 lines
05-03 21:38:27.834 2963 4693 I chatty : uid=10040(com.android.vending) expire 17 lines
05-03 21:38:27.962 3080 4641 E Gmail.LabelManager: Unable to get label ^sq_ig_i_personal for account account:-1568299623
05-03 21:38:27.962 3080 4641 E Gmail : Couldn't find label: ^sq_ig_i_personal
05-03 21:38:27.969 3080 4641 W Gmail : Could not find personal inbox android config protobuf
05-03 21:38:27.991 3080 4607 E Gmail.LabelManager: Unable to get label ^sq_ig_i_personal for account account:-1568299623
05-03 21:38:27.991 3080 4607 E Gmail : Couldn't find label: ^sq_ig_i_personal
05-03 21:38:28.404 3080 4404 E Gmail.LabelManager: Unable to get label ^sq_ig_i_personal for account account:-1568299623
05-03 21:38:28.404 3080 4404 E Gmail : Couldn't find label: ^sq_ig_i_personal
05-03 21:38:28.599 2963 4702 I chatty : uid=10040(com.android.vending) expire 11 lines
05-03 21:38:29.107 2963 4704 I chatty : uid=10040(com.android.vending) expire 2 lines
05-03 21:38:29.129 3723 4706 I chatty : uid=10040 com.android.vending:instant_app_installer expire 2 lines
05-03 21:38:29.130 3723 4705 I chatty : uid=10040 com.android.vending:instant_app_installer expire 2 lines
05-03 21:38:29.430 2165 3506 I chatty : uid=10015(com.google.android.gms) Binder:2165_A expire 14 lines
05-03 21:38:29.641 2963 4712 I chatty : uid=10040(com.android.vending) expire 1 line
05-03 21:38:29.641 2963 4069 I chatty : uid=10040(com.android.vending) expire 10 lines
05-03 21:38:30.934 1782 1782 D ViewRootImpl[NavigationBar]: updatePointerIcon called with position out of bounds
05-03 21:38:31.107 1782 1782 D ViewRootImpl[StatusBar]: updatePointerIcon called with position out of bounds
05-03 21:38:31.124 1782 1782 D ViewRootImpl[StatusBar]: updatePointerIcon called with position out of bounds
05-03 21:38:31.140 1782 1782 D ViewRootImpl[StatusBar]: updatePointerIcon called with position out of bounds
05-03 21:38:31.157 1782 1782 D ViewRootImpl[StatusBar]: updatePointerIcon called with position out of bounds
05-03 21:38:31.190 1782 1782 D ViewRootImpl[StatusBar]: updatePointerIcon called with position out of bounds
05-03 21:38:31.196 1697 3288 I ActivityManager: Setting hasTopUi=true for pid=1782
05-03 21:38:31.197 1782 1782 D PhoneStatusBar: disable: < expand ICONS* alerts SYSTEM_INFO* back home recent clock search quick_settings
> 05-03 21:38:31.198 1782 1782 D ViewRootImpl[StatusBar]: updatePointerIcon called with position out of bounds
05-03 21:38:31.371 3080 3085 I art : Do partial code cache collection, code=30KB, data=28KB
05-03 21:38:31.372 3080 3085 I art : After code cache collection, code=30KB, data=28KB
05-03 21:38:31.372 3080 3085 I art : Increasing code cache capacity to 128KB
05-03 21:38:33.568 1782 1782 D ViewRootImpl[NavigationBar]: updatePointerIcon called with position out of bounds
05-03 21:38:33.769 2963 4728 I chatty : uid=10040(com.android.vending) expire 2 lines
05-03 21:38:33.784 3723 4729 I chatty : uid=10040 com.android.vending:instant_app_installer expire 2 lines
05-03 21:38:33.870 1404 1669 I audio_hw_primary: choose pcmC1D0p for 0
05-03 21:38:34.280 2963 2963 I chatty : uid=10040(com.android.vending) expire 47 lines
05-03 21:38:34.290 2165 3589 I chatty : uid=10015(com.google.android.gms) Binder:2165_B expire 13 lines
05-03 21:38:34.303 2963 4730 I chatty : uid=10040(com.android.vending) expire 1 line
05-03 21:38:34.329 1697 4387 W InputMethodManagerService: Window already focused, ignoring focus gain of: com.android.internal.view.IInputMethodClient$Stub$Proxy@c5a8e2a attribute=null, token = android.os.BinderProxy@65ee705
05-03 21:38:34.611 1697 3288 I ActivityManager: Setting hasTopUi=false for pid=1782
05-03 21:38:34.611 1782 1782 D PhoneStatusBar: disable: < expand icons* alerts system_info* back home recent clock search quick_settings
> 05-03 21:38:34.623 1782 1782 D ViewRootImpl[NavigationBar]: updatePointerIcon called with position out of bounds
05-03 21:38:34.790 1782 1782 D ViewRootImpl[StatusBar]: updatePointerIcon called with position out of bounds
05-03 21:38:34.807 1782 1782 D ViewRootImpl[StatusBar]: updatePointerIcon called with position out of bounds
05-03 21:38:34.824 1782 1782 D ViewRootImpl[StatusBar]: updatePointerIcon called with position out of bounds
05-03 21:38:34.840 1782 1782 D ViewRootImpl[StatusBar]: updatePointerIcon called with position out of bounds
05-03 21:38:34.857 1782 1782 D ViewRootImpl[StatusBar]: updatePointerIcon called with position out of bounds
05-03 21:38:34.874 1782 1782 D ViewRootImpl[StatusBar]: updatePointerIcon called with position out of bounds
05-03 21:38:34.890 1782 1782 D ViewRootImpl[StatusBar]: updatePointerIcon called with position out of bounds
05-03 21:38:34.907 1782 1782 D ViewRootImpl[StatusBar]: updatePointerIcon called with position out of bounds
05-03 21:38:34.924 1782 1782 D ViewRootImpl[StatusBar]: updatePointerIcon called with position out of bounds
05-03 21:38:34.941 1782 1782 D ViewRootImpl[StatusBar]: updatePointerIcon called with position out of bounds
05-03 21:38:34.957 1782 1782 D ViewRootImpl[StatusBar]: updatePointerIcon called with position out of bounds
05-03 21:38:34.974 1782 1782 D ViewRootImpl[StatusBar]: updatePointerIcon called with position out of bounds
05-03 21:38:34.990 1782 1782 D ViewRootImpl[StatusBar]: updatePointerIcon called with position out of bounds
05-03 21:38:35.007 1782 1782 D ViewRootImpl[StatusBar]: updatePointerIcon called with position out of bounds
05-03 21:38:35.024 1782 1782 D ViewRootImpl[StatusBar]: updatePointerIcon called with position out of bounds
05-03 21:38:35.040 1782 1782 D ViewRootImpl[StatusBar]: updatePointerIcon called with position out of bounds
05-03 21:38:35.057 1782 1782 D ViewRootImpl[StatusBar]: updatePointerIcon called with position out of bounds
05-03 21:38:35.074 1782 1782 D ViewRootImpl[StatusBar]: updatePointerIcon called with position out of bounds
05-03 21:38:35.090 1782 1782 D ViewRootImpl[StatusBar]: updatePointerIcon called with position out of bounds
05-03 21:38:35.107 1782 1782 D ViewRootImpl[StatusBar]: updatePointerIcon called with position out of bounds
05-03 21:38:35.124 1782 1782 D ViewRootImpl[StatusBar]: updatePointerIcon called with position out of bounds
05-03 21:38:35.141 1782 1782 D ViewRootImpl[StatusBar]: updatePointerIcon called with position out of bounds
05-03 21:38:35.157 1782 1782 D ViewRootImpl[StatusBar]: updatePointerIcon called with position out of bounds
05-03 21:38:35.174 1782 1782 D ViewRootImpl[StatusBar]: updatePointerIcon called with position out of bounds
05-03 21:38:35.190 1782 1782 D ViewRootImpl[StatusBar]: updatePointerIcon called with position out of bounds
05-03 21:38:35.207 1782 1782 D ViewRootImpl[StatusBar]: updatePointerIcon called with position out of bounds
05-03 21:38:35.224 1782 1782 D ViewRootImpl[StatusBar]: updatePointerIcon called with position out of bounds
05-03 21:38:35.257 1782 1782 D ViewRootImpl[StatusBar]: updatePointerIcon called with position out of bounds
05-03 21:38:35.284 1782 1782 D ViewRootImpl[StatusBar]: updatePointerIcon called with position out of bounds
05-03 21:38:35.284 1782 1782 D ViewRootImpl[StatusBar]: updatePointerIcon called with position out of bounds
05-03 21:38:37.261 3080 3085 I art : Do partial code cache collection, code=51KB, data=61KB
05-03 21:38:37.262 3080 3085 I art : After code cache collection, code=51KB, data=61KB
05-03 21:38:37.262 3080 3085 I art : Increasing code cache capacity to 256KB
05-03 21:38:37.346 1697 2798 I ActivityManager: START u0 {act=android.intent.action.MAIN cat=[android.intent.category.LAUNCHER] flg=0x10200000 cmp=com.android.vending/.AssetBrowserActivity (has extras)} from uid 10034 on display 0
05-03 21:38:37.349 1404 1669 I audio_hw_primary: choose pcmC1D0p for 0
05-03 21:38:37.354 1697 1711 W BroadcastQueue: Permission Denial: broadcasting Intent { act=com.android.launcher3.action.LAUNCH flg=0x10 (has extras) } from com.cyanogenmod.trebuchet (pid=2294, uid=10034) requires com.google.android.launcher.permission.RECEIVE_LAUNCH_BROADCASTS due to receiver com.google.android.gms/.icing.proxy.ApplicationLauncherReceiver
05-03 21:38:37.354 1697 1711 W BroadcastQueue: Permission Denial: receiving Intent { act=com.android.launcher3.action.LAUNCH flg=0x10 (has extras) } to com.google.android.gms/.chimera.GmsIntentOperationService$GmsExternalReceiver requires com.android.launcher3.permission.RECEIVE_LAUNCH_BROADCASTS due to sender com.cyanogenmod.trebuchet (uid 10034)
05-03 21:38:37.431 3080 3085 I art : Compiler allocated 4MB to compile void ewd.a(eww, long, long, int)
05-03 21:38:37.795 1697 1739 I chatty : uid=1000(system) InputDispatcher expire 14 lines
05-03 21:38:37.994 2963 4735 I chatty : uid=10040(com.android.vending) expire 12 lines
05-03 21:38:38.098 1697 1718 I chatty : uid=1000(system) android.display expire 8 lines
05-03 21:38:38.140 2534 2664 I chatty : uid=10015(com.google.android.gms) expire 2 lines
05-03 21:38:38.683 2534 3528 I chatty : uid=10015(com.google.android.gms) expire 2 lines
05-03 21:38:39.422 2963 2974 I chatty : uid=10040(com.android.vending) expire 8 lines
05-03 21:38:39.723 2534 3582 I chatty : uid=10015(com.google.android.gms) expire 2 lines
05-03 21:38:39.862 2534 2631 I chatty : uid=10015(com.google.android.gms) expire 16 lines
05-03 21:38:40.442 1410 4043 E Drm : Failed to find drm plugin
05-03 21:38:40.643 1404 1669 I audio_hw_primary: choose pcmC1D0p for 0
05-03 21:38:41.096 2708 2799 I chatty : uid=10015 com.google.android.gms.unstable expire 4 lines
05-03 21:38:41.347 3080 4641 W Gmail : Sync complete for account: account:-1568299623
05-03 21:38:41.702 2963 3001 I chatty : uid=10040(com.android.vending) expire 10 lines
05-03 21:38:41.732 3080 3085 I art : Do full code cache collection, code=126KB, data=125KB
05-03 21:38:41.735 3080 3085 I art : Starting a blocking GC JitCodeCache
05-03 21:38:41.735 3080 3085 I art : After code cache collection, code=117KB, data=100KB
05-03 21:38:41.864 3080 3085 I art : Do partial code cache collection, code=125KB, data=112KB
05-03 21:38:41.864 3080 3085 I art : After code cache collection, code=125KB, data=112KB
05-03 21:38:41.864 3080 3085 I art : Increasing code cache capacity to 512KB
05-03 21:38:42.027 1782 4768 E MediaPlayer-JNI: JNIMediaPlayerFactory: bIsQCMediaPlayerPresent 0
05-03 21:38:42.027 1782 4768 E MediaPlayer-JNI: JNIMediaPlayerFactory: bIsQCMediaPlayerPresent 0
05-03 21:38:42.079 1782 1782 I RenderThread: type=1400 audit(0.0:284): avc: denied { read write } for path="/dev/dri/card0" dev="tmpfs" ino=8252 scontext=u:r:platform_app:s0:c512,c768 tcontext=u:object_r:device:s0 tclass=chr_file permissive=1
05-03 21:38:42.198 1412 4772 D NuPlayerDriver: notifyListener_l(0xf4707ba0), (1, 0, 0), loop setting(0, 0)
05-03 21:38:42.198 1782 4768 D MediaPlayer: setSubtitleAnchor in MediaPlayer
05-03 21:38:42.204 1697 3616 I chatty : uid=1000(system) Binder:1697_14 expire 1 line
05-03 21:38:42.205 1412 1676 D NuPlayerDriver: start(0xf4707ba0), state is 4, eos is 0
05-03 21:38:42.205 1412 4772 I GenericSource: start
05-03 21:38:42.206 1412 4772 W Utils : track of type 'audio/vorbis' does not publish channel mask, channel count 2
05-03 21:38:42.206 1412 4772 W Utils : track of type 'audio/vorbis' does not publish channel mask, channel count 2
05-03 21:38:42.207 1412 4779 I MediaPlayerService: MediaPlayerService::getOMX
05-03 21:38:42.207 1412 4779 I OMXClient: MuxOMX ctor
05-03 21:38:42.209 1409 2005 I OMXMaster: makeComponentInstance(OMX.ffmpeg.vorbis.decoder) in mediacodec process
05-03 21:38:42.209 1409 2005 V FFmpegOMXPlugin: makeComponentInstance 'OMX.ffmpeg.vorbis.decoder'
05-03 21:38:42.209 1409 2005 D SoftFFmpegAudio: SoftFFmpegAudio component: OMX.ffmpeg.vorbis.decoder mCodingType: 24
05-03 21:38:42.210 1412 4779 D FFMPEGSoftCodec: No PCM format specified, using 16 bit
05-03 21:38:42.210 1409 2005 D SoftFFmpegAudio: set OMX_IndexParamAudioVorbis, nChannels=2, nSampleRate=44100, nBitRate=0, nMinBitRate=0, nMaxBitRate=0
05-03 21:38:42.210 1409 2005 E OMXNodeInstance: setConfig(5810039:ffmpeg.vorbis.decoder, ConfigPriority(0x6f800002)) ERROR: Undefined(0x80001001)
05-03 21:38:42.210 1412 4779 I ACodec : codec does not support config priority (err -2147483648)
05-03 21:38:42.211 1412 4779 I MediaCodec: MediaCodec will operate in async mode
05-03 21:38:42.218 1409 4780 D SoftFFmpegAudio: begin to open ffmpeg audio decoder(vorbis), mCtx sample_rate: 44100, channels: 2
05-03 21:38:42.219 1409 4780 D SoftFFmpegAudio: open ffmpeg audio decoder(vorbis) success, mCtx sample_rate: 44100, channels: 2, sample_fmt: fltp, bits_per_coded_sample: 0, bits_per_raw_sample: 0
05-03 21:38:42.219 1409 4780 I SoftFFmpegAudio: Create sample rate converter for conversion of 44100 Hz fltp 2 channels(stereo) to 44100 Hz s16 2 channels(stereo)!
05-03 21:38:42.220 1412 4777 D AudioTrack: Client defaulted notificationFrames to 7520 for frameCount 22560
05-03 21:38:42.234 1412 4772 D NuPlayerDriver: notifyListener_l(0xf4707ba0), (6, 0, 0), loop setting(0, 0)
05-03 21:38:42.297 3080 4764 W Gmail : Sync complete for account: account:-1568299623
05-03 21:38:43.011 1409 4780 D SoftFFmpegAudio: ffmpeg audio decoder eos
05-03 21:38:43.011 1409 4780 D SoftFFmpegAudio: ffmpeg audio decoder fill eos outbuf
05-03 21:38:43.011 1412 4778 I NuPlayerDecoder: [audio] saw output EOS
05-03 21:38:43.518 1412 4772 D NuPlayerDriver: notifyListener_l(0xf4707ba0), (2, 0, 0), loop setting(0, 0)
05-03 21:38:43.835 4786 4786 I main : type=1400 audit(0.0:285): avc: denied { mounton } for path="/storage" dev="tmpfs" ino=6076 scontext=u:r:zygote:s0 tcontext=u:object_r:tmpfs:s0 tclass=dir permissive=1
05-03 21:38:43.835 4786 4786 I main : type=1400 audit(0.0:286): avc: denied { open } for path="/selinux_version" dev="tmpfs" ino=6073 scontext=u:r:zygote:s0 tcontext=u:object_r:tmpfs:s0 tclass=file permissive=1
05-03 21:38:43.838 4786 4786 W art : Unexpected CPU variant for X86 using defaults: x86_64
05-03 21:38:43.843 1697 4387 I ActivityManager: Start proc 4786:android.process.media/u0a11 for content provider com.android.providers.downloads/.DownloadProvider
05-03 21:38:43.860 4786 4786 W System : ClassLoader referenced unknown path: /system/priv-app/DownloadProvider/lib/x86_64
05-03 21:38:43.864 4786 4786 W System : ClassLoader referenced unknown path: /system/priv-app/MediaProvider/lib/x86_64
05-03 21:38:43.864 4786 4786 D ApplicationLoaders: ignored Vulkan layer search path /system/priv-app/MediaProvider/lib/x86_64:/system/priv-app/MediaProvider/MediaProvider.apk!/lib/x86_64:/system/lib64:/vendor/lib64 for namespace 0x7f35530ad0f0
05-03 21:38:44.082 1697 1711 I ActivityManager: Waited long enough for: ServiceRecord{dc428b2 u0 com.android.vending/com.google.android.finsky.verifier.impl.PackageVerificationService}
05-03 21:38:44.189 1398 1398 I surfaceflinger: type=1400 audit(0.0:287): avc: denied { ioctl } for path="/dev/dri/card0" dev="tmpfs" ino=8252 ioctlcmd=0x640b scontext=u:r:surfaceflinger:s0 tcontext=u:object_r:device:s0 tclass=chr_file permissive=1
05-03 21:38:44.669 4786 4806 D DownloadManager: [14] Starting
05-03 21:38:44.835 4786 4806 W System : ClassLoader referenced unknown path:
05-03 21:38:44.835 4786 4806 W System : ClassLoader referenced unknown path: /system/app/Gmail2/lib/x86_64
05-03 21:38:44.836 4786 4806 D ApplicationLoaders: ignored Vulkan layer search path /system/app/Gmail2/lib/x86_64:/system/lib64:/vendor/lib64 for namespace 0x7f35530ad160
05-03 21:38:44.838 4786 4806 D NetworkSecurityConfig: Using Network Security Config from resource network_security_config debugBuild: false
05-03 21:38:44.839 4786 4806 W System : ClassLoader referenced unknown path: /system/framework/tcmclient.jar
05-03 21:38:44.839 4786 4806 D NetworkSecurityConfig: No Network Security Config specified, using platform default
05-03 21:38:46.015 1697 4387 I ActivityManager: START u0 {cmp=com.android.vending/com.google.android.finsky.settings.SettingsActivity (has extras)} from uid 10040 on display 0
05-03 21:38:46.031 2963 2963 I chatty : uid=10040(com.android.vending) expire 38 lines
05-03 21:38:46.049 1697 2118 W ActivityManager: Unable to start service Intent { act=com.google.android.instantapps.common.logging.LOG_ODYSSEY cmp=com.google.android.instantapps.supervisor/.InstantAppsLoggingService (has extras) } U=0: not found
05-03 21:38:46.217 4786 4806 D DownloadManager: [14] Finished with status SUCCESS
05-03 21:38:46.545 2963 2963 W ViewRootImpl[AssetBrowserActivity]: Cancelling event due to no window focus: MotionEvent { action=ACTION_CANCEL, actionButton=0, id[0]=0, x[0]=116.29016, y[0]=619.3217, toolType[0]=TOOL_TYPE_FINGER, buttonState=0, metaState=0, flags=0x0, edgeFlags=0x0, pointerCount=1, historySize=0, eventTime=401788, downTime=400955, deviceId=2, source=0x2002 }
05-03 21:38:46.545 2963 2963 W ViewRootImpl[AssetBrowserActivity]: Cancelling event due to no window focus: MotionEvent { action=ACTION_CANCEL, actionButton=0, id[0]=0, x[0]=116.29016, y[0]=619.3217, toolType[0]=TOOL_TYPE_FINGER, buttonState=0, metaState=0, flags=0x0, edgeFlags=0x0, pointerCount=1, historySize=0, eventTime=401788, downTime=400955, deviceId=2, source=0x2002 }
05-03 21:38:46.545 2963 2963 W ViewRootImpl[AssetBrowserActivity]: Cancelling event due to no window focus: MotionEvent { action=ACTION_CANCEL, actionButton=0, id[0]=0, x[0]=116.29016, y[0]=619.3217, toolType[0]=TOOL_TYPE_FINGER, buttonState=0, metaState=0, flags=0x0, edgeFlags=0x0, pointerCount=1, historySize=0, eventTime=401788, downTime=400955, deviceId=2, source=0x2002 }
05-03 21:38:46.545 2963 2963 W ViewRootImpl[AssetBrowserActivity]: Cancelling event due to no window focus: MotionEvent { action=ACTION_CANCEL, actionButton=0, id[0]=0, x[0]=116.29016, y[0]=619.3217, toolType[0]=TOOL_TYPE_FINGER, buttonState=0, metaState=0, flags=0x0, edgeFlags=0x0, pointerCount=1, historySize=0, eventTime=401788, downTime=400955, deviceId=2, source=0x2002 }
05-03 21:38:46.790 4786 4804 V DownloadManager: Deleting /data/data/com.android.providers.downloads/cache/downloadfile.bin via provider delete
05-03 21:38:46.939 1697 4387 I ActivityManager: Killing 3874:com.android.wallpaper.livepicker/u0a61 (adj 906): empty #17
05-03 21:38:46.955 1697 4387 D ActivityManager: cleanUpApplicationRecord -- 3874
05-03 21:38:48.090 2468 2468 W SearchService: Abort, client detached.
05-03 21:38:48.093 2534 4813 I chatty : uid=10015(com.google.android.gms) expire 12 lines
05-03 21:38:48.250 2421 2421 I CalendarProvider2: Sending notification intent: Intent { act=android.intent.action.PROVIDER_CHANGED dat=content://com.android.calendar flg=0x20000000 }
05-03 21:38:48.250 2421 2421 W ContentResolver: Failed to get type for: content://com.android.calendar (Unknown URL content://com.android.calendar)
05-03 21:38:48.251 2859 2859 D AlertReceiver: onReceive: a=android.intent.action.PROVIDER_CHANGED Intent { act=android.intent.action.PROVIDER_CHANGED dat=content://com.android.calendar flg=0x20000010 cmp=com.android.calendar/.alerts.AlertReceiver }
05-03 21:38:48.258 2859 4815 D AlertService: 0 Action = android.intent.action.PROVIDER_CHANGED
05-03 21:38:48.271 2534 4819 I chatty : uid=10015(com.google.android.gms) expire 1 line
05-03 21:38:48.866 2963 2963 D ViewRootImpl[SettingsActivity]: updatePointerIcon called with position out of bounds
05-03 21:38:48.874 2963 2963 D ViewRootImpl[SettingsActivity]: updatePointerIcon called with position out of bounds
05-03 21:38:48.890 2963 2963 D ViewRootImpl[SettingsActivity]: updatePointerIcon called with position out of bounds
