05-03 21:35:09.290 2773 2773 D ViewRootImpl[PartsActivity]: updatePointerIcon called with position out of bounds
05-03 21:35:09.307 2773 2773 D ViewRootImpl[PartsActivity]: updatePointerIcon called with position out of bounds
05-03 21:35:09.324 2773 2773 D ViewRootImpl[PartsActivity]: updatePointerIcon called with position out of bounds
05-03 21:35:09.340 2773 2773 D ViewRootImpl[PartsActivity]: updatePointerIcon called with position out of bounds
05-03 21:35:09.357 2773 2773 D ViewRootImpl[PartsActivity]: updatePointerIcon called with position out of bounds
05-03 21:35:09.374 2773 2773 D ViewRootImpl[PartsActivity]: updatePointerIcon called with position out of bounds
05-03 21:35:09.390 2773 2773 D ViewRootImpl[PartsActivity]: updatePointerIcon called with position out of bounds
05-03 21:35:09.407 2773 2773 D ViewRootImpl[PartsActivity]: updatePointerIcon called with position out of bounds
05-03 21:35:09.424 2773 2773 D ViewRootImpl[PartsActivity]: updatePointerIcon called with position out of bounds
05-03 21:35:09.440 2773 2773 D ViewRootImpl[PartsActivity]: updatePointerIcon called with position out of bounds
05-03 21:35:09.457 2773 2773 D ViewRootImpl[PartsActivity]: updatePointerIcon called with position out of bounds
05-03 21:35:10.394 2773 2773 D ViewRootImpl[PartsActivity]: updatePointerIcon called after view was removed
05-03 21:35:10.394 2773 2773 W InputEventReceiver: Attempted to finish an input event but the input event receiver has already been disposed.
05-03 21:35:10.394 2773 2773 W ViewRootImpl[PartsActivity]: Dropping event due to root view being removed: MotionEvent { action=ACTION_HOVER_ENTER, actionButton=0, id[0]=0, x[0]=67.02985, y[0]=184.4331, toolType[0]=TOOL_TYPE_FINGER, buttonState=0, metaState=0, flags=0x0, edgeFlags=0x0, pointerCount=1, historySize=0, eventTime=185629, downTime=185329, deviceId=2, source=0x2002 }
05-03 21:35:10.394 2773 2773 W InputEventReceiver: Attempted to finish an input event but the input event receiver has already been disposed.
05-03 21:35:10.394 2773 2773 W ViewRootImpl[PartsActivity]: Dropping event due to root view being removed: MotionEvent { action=ACTION_HOVER_MOVE, actionButton=0, id[0]=0, x[0]=67.02985, y[0]=184.4331, toolType[0]=TOOL_TYPE_FINGER, buttonState=0, metaState=0, flags=0x0, edgeFlags=0x0, pointerCount=1, historySize=0, eventTime=185629, downTime=185329, deviceId=2, source=0x2002 }
05-03 21:35:10.394 2773 2773 W InputEventReceiver: Attempted to finish an input event but the input event receiver has already been disposed.
05-03 21:35:10.394 1697 3836 W InputMethodManagerService: Window already focused, ignoring focus gain of: com.android.internal.view.IInputMethodClient$Stub$Proxy@b257654 attribute=null, token = android.os.BinderProxy@a371078
05-03 21:35:13.689 1404 1669 I audio_hw_primary: choose pcmC1D0p for 0
05-03 21:35:14.004 2773 2773 D ViewRootImpl[PartsActivity]: updatePointerIcon called with position out of bounds
05-03 21:35:14.024 2773 2773 D ViewRootImpl[PartsActivity]: updatePointerIcon called with position out of bounds
05-03 21:35:14.057 2773 2773 D ViewRootImpl[PartsActivity]: updatePointerIcon called with position out of bounds
05-03 21:35:14.074 2773 2773 D ViewRootImpl[PartsActivity]: updatePointerIcon called with position out of bounds
05-03 21:35:14.091 2773 2773 D ViewRootImpl[PartsActivity]: updatePointerIcon called with position out of bounds
05-03 21:35:14.107 2773 2773 D ViewRootImpl[PartsActivity]: updatePointerIcon called with position out of bounds
05-03 21:35:14.124 2773 2773 D ViewRootImpl[PartsActivity]: updatePointerIcon called with position out of bounds
05-03 21:35:14.141 2773 2773 D ViewRootImpl[PartsActivity]: updatePointerIcon called with position out of bounds
05-03 21:35:14.149 2468 2468 E WorkerRegistryImpl: getWorker() is called after WorkerRegistry disposal.
05-03 21:35:14.149 2468 2468 E WorkerRegistryImpl: getWorker() is called after WorkerRegistry disposal.
05-03 21:35:14.157 2773 2773 D ViewRootImpl[PartsActivity]: updatePointerIcon called with position out of bounds
05-03 21:35:14.174 2773 2773 D ViewRootImpl[PartsActivity]: updatePointerIcon called with position out of bounds
05-03 21:35:14.190 2773 2773 D ViewRootImpl[PartsActivity]: updatePointerIcon called with position out of bounds
05-03 21:35:14.207 2773 2773 D ViewRootImpl[PartsActivity]: updatePointerIcon called with position out of bounds
05-03 21:35:15.174 2773 2773 D ViewRootImpl[PartsActivity]: updatePointerIcon called after view was removed
05-03 21:35:15.174 2773 2773 W InputEventReceiver: Attempted to finish an input event but the input event receiver has already been disposed.
05-03 21:35:15.174 2773 2773 W ViewRootImpl[PartsActivity]: Dropping event due to root view being removed: MotionEvent { action=ACTION_HOVER_ENTER, actionButton=0, id[0]=0, x[0]=65.02484, y[0]=231.68271, toolType[0]=TOOL_TYPE_FINGER, buttonState=0, metaState=0, flags=0x0, edgeFlags=0x0, pointerCount=1, historySize=0, eventTime=190414, downTime=190113, deviceId=2, source=0x2002 }
05-03 21:35:15.174 2773 2773 W InputEventReceiver: Attempted to finish an input event but the input event receiver has already been disposed.
05-03 21:35:15.174 2773 2773 W ViewRootImpl[PartsActivity]: Dropping event due to root view being removed: MotionEvent { action=ACTION_HOVER_MOVE, actionButton=0, id[0]=0, x[0]=65.02484, y[0]=231.68271, toolType[0]=TOOL_TYPE_FINGER, buttonState=0, metaState=0, flags=0x0, edgeFlags=0x0, pointerCount=1, historySize=0, eventTime=190414, downTime=190113, deviceId=2, source=0x2002 }
05-03 21:35:15.174 2773 2773 W InputEventReceiver: Attempted to finish an input event but the input event receiver has already been disposed.
05-03 21:35:15.175 1697 3478 W InputMethodManagerService: Window already focused, ignoring focus gain of: com.android.internal.view.IInputMethodClient$Stub$Proxy@26a8143 attribute=null, token = android.os.BinderProxy@a371078
05-03 21:35:17.436 2773 2773 D ViewRootImpl[PartsActivity]: updatePointerIcon called with position out of bounds
05-03 21:35:17.457 2773 2773 D ViewRootImpl[PartsActivity]: updatePointerIcon called with position out of bounds
05-03 21:35:17.490 2773 2773 D ViewRootImpl[PartsActivity]: updatePointerIcon called with position out of bounds
05-03 21:35:17.507 2773 2773 D ViewRootImpl[PartsActivity]: updatePointerIcon called with position out of bounds
05-03 21:35:17.524 2773 2773 D ViewRootImpl[PartsActivity]: updatePointerIcon called with position out of bounds
05-03 21:35:17.540 2773 2773 D ViewRootImpl[PartsActivity]: updatePointerIcon called with position out of bounds
05-03 21:35:17.557 2773 2773 D ViewRootImpl[PartsActivity]: updatePointerIcon called with position out of bounds
05-03 21:35:17.574 2773 2773 D ViewRootImpl[PartsActivity]: updatePointerIcon called with position out of bounds
05-03 21:35:17.590 2773 2773 D ViewRootImpl[PartsActivity]: updatePointerIcon called with position out of bounds
05-03 21:35:17.607 2773 2773 D ViewRootImpl[PartsActivity]: updatePointerIcon called with position out of bounds
05-03 21:35:17.624 2773 2773 D ViewRootImpl[PartsActivity]: updatePointerIcon called with position out of bounds
05-03 21:35:17.640 2773 2773 D ViewRootImpl[PartsActivity]: updatePointerIcon called with position out of bounds
05-03 21:35:17.657 2773 2773 D ViewRootImpl[PartsActivity]: updatePointerIcon called with position out of bounds
05-03 21:35:18.555 2773 2773 D ViewRootImpl[PartsActivity]: updatePointerIcon called after view was removed
05-03 21:35:18.555 2773 2773 W InputEventReceiver: Attempted to finish an input event but the input event receiver has already been disposed.
05-03 21:35:18.555 2773 2773 W ViewRootImpl[PartsActivity]: Dropping event due to root view being removed: MotionEvent { action=ACTION_HOVER_ENTER, actionButton=0, id[0]=0, x[0]=57.395355, y[0]=88.23654, toolType[0]=TOOL_TYPE_FINGER, buttonState=0, metaState=0, flags=0x0, edgeFlags=0x0, pointerCount=1, historySize=0, eventTime=193795, downTime=193494, deviceId=2, source=0x2002 }
05-03 21:35:18.555 2773 2773 W InputEventReceiver: Attempted to finish an input event but the input event receiver has already been disposed.
05-03 21:35:18.555 2773 2773 W ViewRootImpl[PartsActivity]: Dropping event due to root view being removed: MotionEvent { action=ACTION_HOVER_MOVE, actionButton=0, id[0]=0, x[0]=57.395355, y[0]=88.23654, toolType[0]=TOOL_TYPE_FINGER, buttonState=0, metaState=0, flags=0x0, edgeFlags=0x0, pointerCount=1, historySize=0, eventTime=193795, downTime=193494, deviceId=2, source=0x2002 }
05-03 21:35:18.555 2773 2773 W InputEventReceiver: Attempted to finish an input event but the input event receiver has already been disposed.
05-03 21:35:18.555 1697 2293 W InputMethodManagerService: Window already focused, ignoring focus gain of: com.android.internal.view.IInputMethodClient$Stub$Proxy@729ee9f attribute=null, token = android.os.BinderProxy@a371078
05-03 21:35:18.697 2773 2778 I art : Do partial code cache collection, code=21KB, data=30KB
05-03 21:35:18.697 2773 2778 I art : After code cache collection, code=21KB, data=30KB
05-03 21:35:18.697 2773 2778 I art : Increasing code cache capacity to 128KB
05-03 21:35:20.348 2773 2773 D ViewRootImpl[PartsActivity]: updatePointerIcon called with position out of bounds
05-03 21:35:20.357 2773 2773 D ViewRootImpl[PartsActivity]: updatePointerIcon called with position out of bounds
05-03 21:35:20.390 2773 2773 D ViewRootImpl[PartsActivity]: updatePointerIcon called with position out of bounds
05-03 21:35:20.407 2773 2773 D ViewRootImpl[PartsActivity]: updatePointerIcon called with position out of bounds
05-03 21:35:20.424 2773 2773 D ViewRootImpl[PartsActivity]: updatePointerIcon called with position out of bounds
05-03 21:35:20.440 2773 2773 D ViewRootImpl[PartsActivity]: updatePointerIcon called with position out of bounds
05-03 21:35:20.652 1410 1667 E Drm : Failed to find drm plugin
05-03 21:35:21.873 2773 2773 D ViewRootImpl[PartsActivity]: updatePointerIcon called after view was removed
05-03 21:35:21.873 2773 2773 W InputEventReceiver: Attempted to finish an input event but the input event receiver has already been disposed.
05-03 21:35:21.873 2773 2773 W ViewRootImpl[PartsActivity]: Dropping event due to root view being removed: MotionEvent { action=ACTION_HOVER_ENTER, actionButton=0, id[0]=0, x[0]=62.296783, y[0]=142.13754, toolType[0]=TOOL_TYPE_FINGER, buttonState=0, metaState=0, flags=0x0, edgeFlags=0x0, pointerCount=1, historySize=0, eventTime=197113, downTime=196813, deviceId=2, source=0x2002 }
05-03 21:35:21.873 2773 2773 W InputEventReceiver: Attempted to finish an input event but the input event receiver has already been disposed.
05-03 21:35:21.873 2773 2773 W ViewRootImpl[PartsActivity]: Dropping event due to root view being removed: MotionEvent { action=ACTION_HOVER_MOVE, actionButton=0, id[0]=0, x[0]=62.296783, y[0]=142.13754, toolType[0]=TOOL_TYPE_FINGER, buttonState=0, metaState=0, flags=0x0, edgeFlags=0x0, pointerCount=1, historySize=0, eventTime=197113, downTime=196813, deviceId=2, source=0x2002 }
05-03 21:35:21.873 2773 2773 W InputEventReceiver: Attempted to finish an input event but the input event receiver has already been disposed.
05-03 21:35:21.874 1697 3478 W InputMethodManagerService: Window already focused, ignoring focus gain of: com.android.internal.view.IInputMethodClient$Stub$Proxy@317cf0 attribute=null, token = android.os.BinderProxy@a371078
05-03 21:35:28.146 1697 3836 W InputMethodManagerService: Window already focused, ignoring focus gain of: com.android.internal.view.IInputMethodClient$Stub$Proxy@8d6a3ab attribute=null, token = android.os.BinderProxy@a371078
05-03 21:35:29.641 1697 3836 I ActivityManager: Killing 3154:com.google.process.gapps/u0a57 (adj 906): empty #17
05-03 21:35:29.653 1697 3836 D ActivityManager: cleanUpApplicationRecord -- 3154
05-03 21:35:30.645 1782 1782 I SlideTouchEvent: vel=0.0, MinimumFlingVelocity=50
05-03 21:35:30.679 1697 3637 W DreamManagerService: Dream ComponentInfo{com.google.android.deskclock/com.android.deskclock.Screensaver} does not exist
05-03 21:35:30.679 1697 3637 W DreamManagerService: Falling back to default dream ComponentInfo{com.google.android.deskclock/com.android.deskclock.Screensaver}
05-03 21:35:30.683 3352 3846 I chatty : uid=1000(system) com.android.settings expire 1 line
05-03 21:35:30.686 3352 3844 I chatty : uid=1000(system) com.android.settings expire 1 line
05-03 21:35:31.438 1782 1782 I SlideTouchEvent: vel=0.0, MinimumFlingVelocity=50
05-03 21:35:31.454 3352 3845 I chatty : uid=1000(system) com.android.settings expire 2 lines
05-03 21:35:31.459 1697 3836 I ProcessStatsService: Added stats: 2018-05-03-20-54-07, over +37m46s947ms
05-03 21:35:31.467 3352 3669 I chatty : uid=1000(system) com.android.settings expire 31 lines
05-03 21:35:31.468 3352 3669 I StorageManager: readLong(): Path doesn't exist: /sys/block/mmcblk0/size: java.io.FileNotFoundException: /sys/block/mmcblk0/size (No such file or directory)
05-03 21:35:31.472 3352 3352 I chatty : uid=1000(system) com.android.settings expire 4 lines
05-03 21:35:31.667 1855 1855 E PhoneInterfaceManager: [PhoneIntfMgr] queryModemActivityInfo: Empty response
05-03 21:35:31.667 1697 3637 E BatteryStatsService: no controller energy info supplied
05-03 21:35:31.667 1697 3637 E BatteryStatsService: no controller energy info supplied
05-03 21:35:31.668 1697 3637 E KernelCpuSpeedReader: Failed to read cpu-freq: /sys/devices/system/cpu/cpu0/cpufreq/stats/time_in_state (No such file or directory)
05-03 21:35:31.668 1697 3637 E BatteryStatsService: modem info is invalid: ModemActivityInfo{ mTimestamp=0 mSleepTimeMs=0 mIdleTimeMs=0 mTxTimeMs[]=[0, 0, 0, 0, 0] mRxTimeMs=0 mEnergyUsed=0}
05-03 21:35:32.510 1782 1782 I SlideTouchEvent: vel=0.0, MinimumFlingVelocity=50
05-03 21:35:32.525 1398 2125 D PermissionCache: checking android.permission.READ_FRAME_BUFFER for uid=1000 => granted (182 us)
05-03 21:35:32.827 1697 1711 I ActivityManager: Killing 3176:com.google.android.youtube/u0a75 (adj 906): empty #17
05-03 21:35:32.848 1697 3836 D ActivityManager: cleanUpApplicationRecord -- 3176
05-03 21:35:33.075 2294 2406 W OpenGLRenderer: Incorrectly called buildLayer on View: ShortcutAndWidgetContainer, destroying layer...
05-03 21:35:33.474 1398 1398 E Layer : [Sprite] rejecting buffer: bufWidth=25, bufHeight=25, front.active.{w=22, h=28}
05-03 21:35:33.743 1782 1782 D ViewRootImpl[NavigationBar]: updatePointerIcon called with position out of bounds
05-03 21:35:33.907 1782 1782 D ViewRootImpl[StatusBar]: updatePointerIcon called with position out of bounds
05-03 21:35:33.924 1782 1782 D ViewRootImpl[StatusBar]: updatePointerIcon called with position out of bounds
05-03 21:35:33.941 1782 1782 D ViewRootImpl[StatusBar]: updatePointerIcon called with position out of bounds
05-03 21:35:33.957 1782 1782 D ViewRootImpl[StatusBar]: updatePointerIcon called with position out of bounds
05-03 21:35:33.974 1782 1782 D ViewRootImpl[StatusBar]: updatePointerIcon called with position out of bounds
05-03 21:35:33.991 1782 1782 D ViewRootImpl[StatusBar]: updatePointerIcon called with position out of bounds
05-03 21:35:34.007 1782 1782 D ViewRootImpl[StatusBar]: updatePointerIcon called with position out of bounds
05-03 21:35:34.024 1697 3288 I ActivityManager: Setting hasTopUi=true for pid=1782
05-03 21:35:34.024 1782 1782 D PhoneStatusBar: disable: < expand ICONS* alerts SYSTEM_INFO* back home recent clock search quick_settings
> 05-03 21:35:34.026 1782 1782 D ViewRootImpl[StatusBar]: updatePointerIcon called with position out of bounds
05-03 21:35:34.058 1697 3836 I chatty : uid=1000(system) Binder:1697_1B expire 14 lines
05-03 21:35:35.060 1782 1782 D ViewRootImpl[NavigationBar]: updatePointerIcon called with position out of bounds
05-03 21:35:35.560 1697 3836 W InputMethodManagerService: Window already focused, ignoring focus gain of: com.android.internal.view.IInputMethodClient$Stub$Proxy@feacee0 attribute=null, token = android.os.BinderProxy@65ee705
05-03 21:35:35.575 1697 3288 I ActivityManager: Setting hasTopUi=false for pid=1782
05-03 21:35:35.576 1782 1782 D PhoneStatusBar: disable: < expand icons* alerts system_info* back home recent clock search quick_settings
> 05-03 21:35:36.496 1697 3836 I ActivityManager: Killing 3250:org.lineageos.updater/u0a37 (adj 906): empty #17
05-03 21:35:36.508 1697 3836 D ActivityManager: cleanUpApplicationRecord -- 3250
05-03 21:35:40.491 1697 2808 I ActivityManager: START u0 {act=android.intent.action.SET_WALLPAPER cmp=android/com.android.internal.app.ResolverActivity} from uid 10034 on display 0
05-03 21:35:40.492 1404 1669 I audio_hw_primary: choose pcmC1D0p for 0
05-03 21:35:40.500 3855 3855 W art : Unexpected CPU variant for X86 using defaults: x86_64
05-03 21:35:40.506 1697 2808 I ActivityManager: Start proc 3855:system:ui/1000 for activity android/com.android.internal.app.ResolverActivity
05-03 21:35:40.522 1398 1398 I surfaceflinger: type=1400 audit(0.0:232): avc: denied { ioctl } for path="/dev/dri/card0" dev="tmpfs" ino=8252 ioctlcmd=0x640b scontext=u:r:surfaceflinger:s0 tcontext=u:object_r:device:s0 tclass=chr_file permissive=1
05-03 21:35:40.561 3855 3855 I system:ui: type=1400 audit(0.0:233): avc: denied { read write } for path=2F64726D206D6D206F626A656374202864656C6574656429 dev="tmpfs" ino=15659 scontext=u:r:system_app:s0 tcontext=u:object_r:surfaceflinger_tmpfs:s0 tclass=file permissive=1
05-03 21:35:40.562 3855 3855 D GRALLOC-DRM: drmOpen i915: 35
05-03 21:35:40.562 3855 3855 I GRALLOC-DRM: create intel for driver i915
05-03 21:35:44.170 1404 1669 I audio_hw_primary: choose pcmC1D0p for 0
05-03 21:35:45.210 1697 3836 I PackageManager: Setting last chosen activity com.android.wallpaper.livepicker/.LiveWallpaperActivity for user 0:
05-03 21:35:45.210 1697 3836 I ActivityManager: START u0 {act=android.intent.action.SET_WALLPAPER flg=0x3000000 cmp=com.android.wallpaper.livepicker/.LiveWallpaperActivity} from uid 10034 on display 0
05-03 21:35:45.248 3874 3874 W art : Unexpected CPU variant for X86 using defaults: x86_64
05-03 21:35:45.254 1697 3836 I ActivityManager: Start proc 3874:com.android.wallpaper.livepicker/u0a61 for activity com.android.wallpaper.livepicker/.LiveWallpaperActivity
05-03 21:35:45.274 3874 3874 W System : ClassLoader referenced unknown path: /system/app/LiveWallpapersPicker/lib/x86_64
05-03 21:35:45.376 3874 3874 I aper.livepicker: type=1400 audit(0.0:235): avc: denied { getattr } for path="/dev/dri/card0" dev="tmpfs" ino=8252 scontext=u:r:platform_app:s0:c512,c768 tcontext=u:object_r:device:s0 tclass=chr_file permissive=1
05-03 21:35:45.376 3874 3874 I aper.livepicker: type=1400 audit(0.0:236): avc: denied { open } for path="/dev/dri/card0" dev="tmpfs" ino=8252 scontext=u:r:platform_app:s0:c512,c768 tcontext=u:object_r:device:s0 tclass=chr_file permissive=1
05-03 21:35:45.377 3874 3874 D GRALLOC-DRM: drmOpen i915: 39
05-03 21:35:45.377 3874 3874 I GRALLOC-DRM: create intel for driver i915
05-03 21:35:45.409 3874 3874 I RenderThread: type=1400 audit(0.0:237): avc: denied { read } for name="dri" dev="tmpfs" ino=8249 scontext=u:r:platform_app:s0:c512,c768 tcontext=u:object_r:device:s0 tclass=dir permissive=1
05-03 21:35:45.409 3874 3874 I RenderThread: type=1400 audit(0.0:238): avc: denied { open } for path="/dev/dri" dev="tmpfs" ino=8249 scontext=u:r:platform_app:s0:c512,c768 tcontext=u:object_r:device:s0 tclass=dir permissive=1
05-03 21:35:45.412 3874 3892 I EGL-DRI2: found extension DRI_Core version 1
05-03 21:35:45.412 3874 3892 I EGL-DRI2: found extension DRI_DRI2 version 4
05-03 21:35:45.420 3874 3892 I EGL-DRI2: found extension DRI_TexBuffer version 3
05-03 21:35:45.420 3874 3892 I EGL-DRI2: found extension DRI2_Flush version 4
05-03 21:35:45.420 3874 3892 I EGL-DRI2: found extension DRI_IMAGE version 14
05-03 21:35:45.420 3874 3892 I EGL-DRI2: found extension DRI2_Fence version 2
05-03 21:35:45.420 3874 3892 I EGL-DRI2: found extension DRI_RENDERER_QUERY version 1
05-03 21:35:45.420 3874 3892 I EGL-DRI2: found extension DRI_CONFIG_QUERY version 1
05-03 21:35:45.420 3874 3892 I EGL-DRI2: found extension DRI_Robustness version 1
05-03 21:35:45.420 3874 3892 I OpenGLRenderer: Initialized EGL, version 1.4
05-03 21:35:45.420 3874 3892 D OpenGLRenderer: Swap behavior 2
05-03 21:35:46.008 1697 1711 I ActivityManager: Killing 2568:android.process.media/u0a11 (adj 906): empty #17
05-03 21:35:46.021 1697 3836 D ActivityManager: cleanUpApplicationRecord -- 2568
05-03 21:35:47.584 1782 1782 I SlideTouchEvent: vel=0.0, MinimumFlingVelocity=50
05-03 21:35:47.878 1697 1711 I ActivityManager: Killing 2880:android.process.acore/u0a0 (adj 906): empty #17
05-03 21:35:47.890 1697 2808 D ActivityManager: cleanUpApplicationRecord -- 2880
05-03 21:35:48.090 1398 1398 W SurfaceFlinger: couldn't log to binary event log: overflow.
05-03 21:35:48.828 1697 2798 I ActivityManager: START u0 {act=android.intent.action.SET_WALLPAPER cmp=android/com.android.internal.app.ResolverActivity} from uid 10034 on display 0
05-03 21:35:52.313 1404 1669 I audio_hw_primary: choose pcmC1D0p for 0
05-03 21:35:52.313 1697 2798 I PackageManager: Setting last chosen activity com.android.wallpaperpicker/.WallpaperPickerActivity for user 0:
05-03 21:35:52.313 1697 2798 I chatty : uid=1000(system) Binder:1697_9 expire 10 lines
05-03 21:35:52.314 1697 2798 I ActivityManager: START u0 {act=android.intent.action.SET_WALLPAPER flg=0x3000000 cmp=com.android.wallpaperpicker/.WallpaperPickerActivity} from uid 10034 on display 0
05-03 21:35:52.329 3894 3894 W art : Unexpected CPU variant for X86 using defaults: x86_64
05-03 21:35:52.335 1697 2798 I ActivityManager: Start proc 3894:com.android.wallpaperpicker/u0a71 for activity com.android.wallpaperpicker/.WallpaperPickerActivity
05-03 21:35:52.345 3894 3894 W System : ClassLoader referenced unknown path: /system/app/WallpaperPicker/lib/x86_64
05-03 21:35:52.831 3894 3894 I wallpaperpicker: type=1400 audit(0.0:239): avc: denied { getattr } for path="/dev/dri/card0" dev="tmpfs" ino=8252 scontext=u:r:untrusted_app:s0:c512,c768 tcontext=u:object_r:device:s0 tclass=chr_file permissive=1
05-03 21:35:52.831 3894 3894 I wallpaperpicker: type=1400 audit(0.0:240): avc: denied { read write } for name="card0" dev="tmpfs" ino=8252 scontext=u:r:untrusted_app:s0:c512,c768 tcontext=u:object_r:device:s0 tclass=chr_file permissive=1
05-03 21:35:52.831 3894 3894 I wallpaperpicker: type=1400 audit(0.0:241): avc: denied { open } for path="/dev/dri/card0" dev="tmpfs" ino=8252 scontext=u:r:untrusted_app:s0:c512,c768 tcontext=u:object_r:device:s0 tclass=chr_file permissive=1
05-03 21:35:52.831 3894 3894 I wallpaperpicker: type=1400 audit(0.0:242): avc: denied { ioctl } for path="/dev/dri/card0" dev="tmpfs" ino=8252 ioctlcmd=0x6400 scontext=u:r:untrusted_app:s0:c512,c768 tcontext=u:object_r:device:s0 tclass=chr_file permissive=1
05-03 21:35:52.833 3894 3894 D GRALLOC-DRM: drmOpen i915: 40
05-03 21:35:52.833 3894 3894 I GRALLOC-DRM: create intel for driver i915
05-03 21:35:52.858 3894 3894 I RenderThread: type=1400 audit(0.0:243): avc: denied { read } for name="dri" dev="tmpfs" ino=8249 scontext=u:r:untrusted_app:s0:c512,c768 tcontext=u:object_r:device:s0 tclass=dir permissive=1
05-03 21:35:52.858 3894 3894 I RenderThread: type=1400 audit(0.0:244): avc: denied { open } for path="/dev/dri" dev="tmpfs" ino=8249 scontext=u:r:untrusted_app:s0:c512,c768 tcontext=u:object_r:device:s0 tclass=dir permissive=1
05-03 21:35:52.859 3894 3894 I RenderThread: type=1400 audit(0.0:245): avc: denied { read } for name="uevent" dev="sysfs" ino=4787 scontext=u:r:untrusted_app:s0:c512,c768 tcontext=u:object_r:sysfs:s0 tclass=file permissive=1
05-03 21:35:52.859 3894 3894 I RenderThread: type=1400 audit(0.0:246): avc: denied { open } for path="/sys/devices/pci0000:00/0000:00:1c.4/0000:04:00.0/uevent" dev="sysfs" ino=4787 scontext=u:r:untrusted_app:s0:c512,c768 tcontext=u:object_r:sysfs:s0 tclass=file permissive=1
05-03 21:35:52.859 3894 3894 I RenderThread: type=1400 audit(0.0:247): avc: denied { getattr } for path="/sys/devices/pci0000:00/0000:00:1c.4/0000:04:00.0/uevent" dev="sysfs" ino=4787 scontext=u:r:untrusted_app:s0:c512,c768 tcontext=u:object_r:sysfs:s0 tclass=file permissive=1
05-03 21:35:52.862 3894 3915 I EGL-DRI2: found extension DRI_Core version 1
05-03 21:35:52.862 3894 3915 I EGL-DRI2: found extension DRI_DRI2 version 4
05-03 21:35:52.871 3894 3915 I EGL-DRI2: found extension DRI_TexBuffer version 3
05-03 21:35:52.871 3894 3915 I EGL-DRI2: found extension DRI2_Flush version 4
05-03 21:35:52.871 3894 3915 I EGL-DRI2: found extension DRI_IMAGE version 14
05-03 21:35:52.871 3894 3915 I EGL-DRI2: found extension DRI2_Fence version 2
05-03 21:35:52.871 3894 3915 I EGL-DRI2: found extension DRI_RENDERER_QUERY version 1
05-03 21:35:52.871 3894 3915 I EGL-DRI2: found extension DRI_CONFIG_QUERY version 1
05-03 21:35:52.871 3894 3915 I EGL-DRI2: found extension DRI_Robustness version 1
05-03 21:35:52.871 3894 3915 I OpenGLRenderer: Initialized EGL, version 1.4
05-03 21:35:52.871 3894 3915 D OpenGLRenderer: Swap behavior 2
05-03 21:35:58.147 1404 1669 I audio_hw_primary: choose pcmC1D0p for 0
05-03 21:36:00.808 3894 3894 D ViewRootImpl[WallpaperPickerActivity]: updatePointerIcon called with position out of bounds
05-03 21:36:00.824 3894 3894 D ViewRootImpl[WallpaperPickerActivity]: updatePointerIcon called with position out of bounds
05-03 21:36:00.840 3894 3894 D ViewRootImpl[WallpaperPickerActivity]: updatePointerIcon called with position out of bounds
05-03 21:36:00.857 3894 3894 D ViewRootImpl[WallpaperPickerActivity]: updatePointerIcon called with position out of bounds
05-03 21:36:00.874 3894 3894 D ViewRootImpl[WallpaperPickerActivity]: updatePointerIcon called with position out of bounds
05-03 21:36:00.890 3894 3894 D ViewRootImpl[WallpaperPickerActivity]: updatePointerIcon called with position out of bounds
05-03 21:36:00.907 3894 3894 D ViewRootImpl[WallpaperPickerActivity]: updatePointerIcon called with position out of bounds
05-03 21:36:00.924 3894 3894 D ViewRootImpl[WallpaperPickerActivity]: updatePointerIcon called with position out of bounds
05-03 21:36:00.941 3894 3894 D ViewRootImpl[WallpaperPickerActivity]: updatePointerIcon called with position out of bounds
05-03 21:36:00.957 3894 3894 D ViewRootImpl[WallpaperPickerActivity]: updatePointerIcon called with position out of bounds
05-03 21:36:00.974 3894 3894 D ViewRootImpl[WallpaperPickerActivity]: updatePointerIcon called with position out of bounds
05-03 21:36:00.991 3894 3894 D ViewRootImpl[WallpaperPickerActivity]: updatePointerIcon called with position out of bounds
05-03 21:36:01.007 3894 3894 D ViewRootImpl[WallpaperPickerActivity]: updatePointerIcon called with position out of bounds
05-03 21:36:01.024 3894 3894 D ViewRootImpl[WallpaperPickerActivity]: updatePointerIcon called with position out of bounds
05-03 21:36:01.040 3894 3894 D ViewRootImpl[WallpaperPickerActivity]: updatePointerIcon called with position out of bounds
05-03 21:36:01.057 3894 3894 D ViewRootImpl[WallpaperPickerActivity]: updatePointerIcon called with position out of bounds
05-03 21:36:01.241 3894 3894 D ViewRootImpl[WallpaperPickerActivity]: updatePointerIcon called with position out of bounds
05-03 21:36:01.257 3894 3894 D ViewRootImpl[WallpaperPickerActivity]: updatePointerIcon called with position out of bounds
05-03 21:36:01.274 3894 3894 D ViewRootImpl[WallpaperPickerActivity]: updatePointerIcon called with position out of bounds
05-03 21:36:01.290 3894 3894 D ViewRootImpl[WallpaperPickerActivity]: updatePointerIcon called with position out of bounds
05-03 21:36:01.307 3894 3894 D ViewRootImpl[WallpaperPickerActivity]: updatePointerIcon called with position out of bounds
05-03 21:36:01.324 3894 3894 D ViewRootImpl[WallpaperPickerActivity]: updatePointerIcon called with position out of bounds
05-03 21:36:01.340 3894 3894 D ViewRootImpl[WallpaperPickerActivity]: updatePointerIcon called with position out of bounds
05-03 21:36:01.357 3894 3894 D ViewRootImpl[WallpaperPickerActivity]: updatePointerIcon called with position out of bounds
05-03 21:36:01.374 3894 3894 D ViewRootImpl[WallpaperPickerActivity]: updatePointerIcon called with position out of bounds
05-03 21:36:01.390 3894 3894 D ViewRootImpl[WallpaperPickerActivity]: updatePointerIcon called with position out of bounds
05-03 21:36:01.407 3894 3894 D ViewRootImpl[WallpaperPickerActivity]: updatePointerIcon called with position out of bounds
05-03 21:36:04.301 1410 1410 I Binder:1410_1: type=1400 audit(0.0:248): avc: denied { read } for name="vendor" dev="tmpfs" ino=6081 scontext=u:r:mediadrmserver:s0 tcontext=u:object_r:tmpfs:s0 tclass=lnk_file permissive=1
05-03 21:36:04.303 1410 1667 E Drm : Failed to find drm plugin
05-03 21:36:08.688 1404 1669 I audio_hw_primary: choose pcmC1D0p for 0
05-03 21:36:08.692 3894 3894 D ViewRootImpl[WallpaperPickerActivity]: updatePointerIcon called after view was removed
05-03 21:36:08.692 3894 3894 W InputEventReceiver: Attempted to finish an input event but the input event receiver has already been disposed.
05-03 21:36:08.692 3894 3894 W ViewRootImpl[WallpaperPickerActivity]: Dropping event due to root view being removed: MotionEvent { action=ACTION_HOVER_ENTER, actionButton=0, id[0]=0, x[0]=117.22159, y[0]=106.87393, toolType[0]=TOOL_TYPE_FINGER, buttonState=0, metaState=0, flags=0x0, edgeFlags=0x0, pointerCount=1, historySize=0, eventTime=243930, downTime=243630, deviceId=2, source=0x2002 }
05-03 21:36:08.692 3894 3894 W InputEventReceiver: Attempted to finish an input event but the input event receiver has already been disposed.
05-03 21:36:08.692 3894 3894 W ViewRootImpl[WallpaperPickerActivity]: Dropping event due to root view being removed: MotionEvent { action=ACTION_HOVER_MOVE, actionButton=0, id[0]=0, x[0]=117.22159, y[0]=106.87393, toolType[0]=TOOL_TYPE_FINGER, buttonState=0, metaState=0, flags=0x0, edgeFlags=0x0, pointerCount=1, historySize=0, eventTime=243930, downTime=243630, deviceId=2, source=0x2002 }
05-03 21:36:08.692 3894 3894 W InputEventReceiver: Attempted to finish an input event but the input event receiver has already been disposed.
05-03 21:36:08.692 1697 2798 W InputMethodManagerService: Window already focused, ignoring focus gain of: com.android.internal.view.IInputMethodClient$Stub$Proxy@8ae1330 attribute=null, token = android.os.BinderProxy@8826582
05-03 21:36:08.697 2294 2294 W Launcher: setApplicationContext called twice! old=android.app.Application@76ba41b new=android.app.Application@76ba41b
05-03 21:36:09.117 1697 3121 I chatty : uid=1000(system) Binder:1697_C expire 14 lines
05-03 21:36:09.307 1398 1398 E Layer : [com.android.systemui.ImageWallpaper] rejecting buffer: bufWidth=1366, bufHeight=768, front.active.{w=1, h=1}
05-03 21:36:09.430 1410 1667 E Drm : Failed to find drm plugin
05-03 21:36:09.454 2708 2714 I chatty : uid=10015 com.google.android.gms.unstable expire 7 lines
05-03 21:36:09.624 1398 1398 W SurfaceFlinger: couldn't log to binary event log: overflow.
05-03 21:36:09.675 2294 2406 W OpenGLRenderer: Incorrectly called buildLayer on View: ShortcutAndWidgetContainer, destroying layer...
05-03 21:36:14.433 1697 3121 I ActivityManager: Killing 2148:com.android.deskclock/u0a53 (adj 906): empty #17
05-03 21:36:14.445 1697 2798 D ActivityManager: cleanUpApplicationRecord -- 2148
05-03 21:36:16.174 1398 1398 E Layer : [Sprite] rejecting buffer: bufWidth=25, bufHeight=25, front.active.{w=22, h=28}
05-03 21:36:16.504 1782 1782 D ViewRootImpl[NavigationBar]: updatePointerIcon called with position out of bounds
05-03 21:36:16.674 1782 1782 D ViewRootImpl[StatusBar]: updatePointerIcon called with position out of bounds
05-03 21:36:16.690 1782 1782 D ViewRootImpl[StatusBar]: updatePointerIcon called with position out of bounds
05-03 21:36:16.707 1782 1782 D ViewRootImpl[StatusBar]: updatePointerIcon called with position out of bounds
05-03 21:36:16.724 1782 1782 D ViewRootImpl[StatusBar]: updatePointerIcon called with position out of bounds
05-03 21:36:16.741 1782 1782 D ViewRootImpl[StatusBar]: updatePointerIcon called with position out of bounds
05-03 21:36:16.760 2294 2303 I art : Do full code cache collection, code=116KB, data=124KB
05-03 21:36:16.760 2294 2303 I art : Starting a blocking GC JitCodeCache
05-03 21:36:16.760 2294 2303 I art : After code cache collection, code=99KB, data=88KB
05-03 21:36:16.762 1697 3625 I ActivityManager: Setting hasTopUi=true for pid=1782
05-03 21:36:16.762 1782 1782 D PhoneStatusBar: disable: < expand ICONS* alerts SYSTEM_INFO* back home recent clock search quick_settings
> 05-03 21:36:16.764 1782 1782 D ViewRootImpl[StatusBar]: updatePointerIcon called with position out of bounds
05-03 21:36:16.808 1697 3625 I chatty : uid=1000(system) Binder:1697_15 expire 11 lines
05-03 21:36:18.004 1782 1782 D ViewRootImpl[NavigationBar]: updatePointerIcon called with position out of bounds
05-03 21:36:18.306 1404 1669 I audio_hw_primary: choose pcmC1D0p for 0
05-03 21:36:18.312 1697 3121 W InputMethodManagerService: Window already focused, ignoring focus gain of: com.android.internal.view.IInputMethodClient$Stub$Proxy@db67954 attribute=null, token = android.os.BinderProxy@65ee705
05-03 21:36:18.314 1697 3121 I ActivityManager: START u0 {act=android.settings.SETTINGS flg=0x14000000 cmp=com.android.settings/.Settings} from uid 10033 on display 0
05-03 21:36:18.343 1697 3121 E ActivityManager: applyOptionsLocked: Unknown animationType=0
05-03 21:36:18.400 1697 1718 I chatty : uid=1000(system) android.display expire 10 lines
05-03 21:36:18.437 3352 3931 I chatty : uid=1000(system) com.android.settings expire 1 line
05-03 21:36:18.455 1697 2798 I ProcessStatsService: Added stats: 2018-05-03-20-54-07, over +37m46s947ms
05-03 21:36:18.459 1782 1782 I RenderThread: type=1400 audit(0.0:250): avc: denied { ioctl } for path="/dev/dri/card0" dev="tmpfs" ino=8252 ioctlcmd=0x640b scontext=u:r:platform_app:s0:c512,c768 tcontext=u:object_r:device:s0 tclass=chr_file permissive=1
05-03 21:36:18.480 3352 3932 I chatty : uid=1000(system) com.android.settings expire 31 lines
05-03 21:36:18.484 3352 3935 I chatty : uid=1000(system) com.android.settings expire 1 line
05-03 21:36:18.486 3352 3934 I chatty : uid=1000(system) com.android.settings expire 2 lines
05-03 21:36:18.502 3352 3932 I StorageManager: readLong(): Path doesn't exist: /sys/block/mmcblk0/size: java.io.FileNotFoundException: /sys/block/mmcblk0/size (No such file or directory)
05-03 21:36:18.619 1855 1855 E PhoneInterfaceManager: [PhoneIntfMgr] queryModemActivityInfo: Empty response
05-03 21:36:18.619 1697 2798 E BatteryStatsService: no controller energy info supplied
05-03 21:36:18.619 1697 2798 E BatteryStatsService: no controller energy info supplied
05-03 21:36:18.619 1697 2798 E KernelCpuSpeedReader: Failed to read cpu-freq: /sys/devices/system/cpu/cpu0/cpufreq/stats/time_in_state (No such file or directory)
05-03 21:36:18.620 1697 2798 E BatteryStatsService: modem info is invalid: ModemActivityInfo{ mTimestamp=0 mSleepTimeMs=0 mIdleTimeMs=0 mTxTimeMs[]=[0, 0, 0, 0, 0] mRxTimeMs=0 mEnergyUsed=0}
05-03 21:36:18.645 1697 2798 I ActivityManager: Setting hasTopUi=false for pid=1782
05-03 21:36:18.645 1782 1782 D PhoneStatusBar: disable: < expand icons* alerts system_info* back home recent clock search quick_settings
> 05-03 21:36:20.498 1410 1667 E Drm : Failed to find drm plugin
05-03 21:36:21.721 1782 1782 I SlideTouchEvent: vel=0.0, MinimumFlingVelocity=50
05-03 21:36:24.292 1697 3625 I ActivityManager: START u0 {act=android.intent.action.MAIN cat=[android.intent.category.LAUNCHER] flg=0x10200000 cmp=jackpal.androidterm/.Term (has extras)} from uid 10034 on display 0
05-03 21:36:24.297 1697 1711 W BroadcastQueue: Permission Denial: broadcasting Intent { act=com.android.launcher3.action.LAUNCH flg=0x10 (has extras) } from com.cyanogenmod.trebuchet (pid=2294, uid=10034) requires com.google.android.launcher.permission.RECEIVE_LAUNCH_BROADCASTS due to receiver com.google.android.gms/.icing.proxy.ApplicationLauncherReceiver
05-03 21:36:24.297 1697 1711 W BroadcastQueue: Permission Denial: receiving Intent { act=com.android.launcher3.action.LAUNCH flg=0x10 (has extras) } to com.google.android.gms/.chimera.GmsIntentOperationService$GmsExternalReceiver requires com.android.launcher3.permission.RECEIVE_LAUNCH_BROADCASTS due to sender com.cyanogenmod.trebuchet (uid 10034)
05-03 21:36:24.302 3944 3944 W art : Unexpected CPU variant for X86 using defaults: x86
05-03 21:36:24.308 1697 3625 I ActivityManager: Start proc 3944:jackpal.androidterm/u0a46 for activity jackpal.androidterm/.Term
05-03 21:36:24.334 3944 3944 W System : ClassLoader referenced unknown path: /system/app/AndroidTerm/lib/x86
05-03 21:36:24.378 3944 3944 V Term : onCreate
05-03 21:36:24.516 3944 3944 D Term : TermService started
05-03 21:36:24.516 3944 3944 I TermService: Activity called onBind()
05-03 21:36:24.543 3944 3944 I RenderThread: type=1400 audit(0.0:252): avc: denied { getattr } for path="/dev/dri/card0" dev="tmpfs" ino=8252 scontext=u:r:untrusted_app:s0:c512,c768 tcontext=u:object_r:device:s0 tclass=chr_file permissive=1
05-03 21:36:24.543 3944 3944 I RenderThread: type=1400 audit(0.0:253): avc: denied { read write } for name="card0" dev="tmpfs" ino=8252 scontext=u:r:untrusted_app:s0:c512,c768 tcontext=u:object_r:device:s0 tclass=chr_file permissive=1
05-03 21:36:24.543 3944 3944 I RenderThread: type=1400 audit(0.0:254): avc: denied { open } for path="/dev/dri/card0" dev="tmpfs" ino=8252 scontext=u:r:untrusted_app:s0:c512,c768 tcontext=u:object_r:device:s0 tclass=chr_file permissive=1
05-03 21:36:24.543 3944 3944 I RenderThread: type=1400 audit(0.0:255): avc: denied { ioctl } for path="/dev/dri/card0" dev="tmpfs" ino=8252 ioctlcmd=0x6400 scontext=u:r:untrusted_app:s0:c512,c768 tcontext=u:object_r:device:s0 tclass=chr_file permissive=1
05-03 21:36:24.545 3944 3964 D GRALLOC-DRM: drmOpen i915: 39
05-03 21:36:24.545 3944 3964 I GRALLOC-DRM: create intel for driver i915
05-03 21:36:24.546 3944 3944 I Term : Bound to TermService
05-03 21:36:24.546 3944 3944 I TermService: Activity binding to service
05-03 21:36:24.742 3944 3964 I EGL-DRI2: found extension DRI_Core version 1
05-03 21:36:24.742 3944 3964 I EGL-DRI2: found extension DRI_DRI2 version 4
05-03 21:36:24.803 3944 3964 I EGL-DRI2: found extension DRI_TexBuffer version 3
05-03 21:36:24.803 3944 3964 I EGL-DRI2: found extension DRI2_Flush version 4
05-03 21:36:24.803 3944 3964 I EGL-DRI2: found extension DRI_IMAGE version 14
05-03 21:36:24.803 3944 3964 I EGL-DRI2: found extension DRI2_Fence version 2
05-03 21:36:24.803 3944 3964 I EGL-DRI2: found extension DRI_RENDERER_QUERY version 1
05-03 21:36:24.803 3944 3964 I EGL-DRI2: found extension DRI_CONFIG_QUERY version 1
05-03 21:36:24.803 3944 3964 I EGL-DRI2: found extension DRI_Robustness version 1
05-03 21:36:24.804 3944 3964 I OpenGLRenderer: Initialized EGL, version 1.4
05-03 21:36:24.804 3944 3964 D OpenGLRenderer: Swap behavior 2
05-03 21:36:24.926 1777 1777 I LatinIME: Starting input. Cursor position = -1,-1
05-03 21:36:24.941 1777 1777 D GRALLOC-DRM: drmOpen i915: 52
05-03 21:36:24.941 1777 1777 I GRALLOC-DRM: create intel for driver i915
05-03 21:36:24.946 1777 1777 I LatinIME: Starting input. Cursor position = -1,-1
05-03 21:36:24.975 1777 1777 I RenderThread: type=1400 audit(0.0:256): avc: denied { read } for name="dri" dev="tmpfs" ino=8249 scontext=u:r:untrusted_app:s0:c512,c768 tcontext=u:object_r:device:s0 tclass=dir permissive=1
05-03 21:36:24.975 1777 1777 I RenderThread: type=1400 audit(0.0:257): avc: denied { open } for path="/dev/dri" dev="tmpfs" ino=8249 scontext=u:r:untrusted_app:s0:c512,c768 tcontext=u:object_r:device:s0 tclass=dir permissive=1
05-03 21:36:24.984 1777 3967 I EGL-DRI2: found extension DRI_Core version 1
05-03 21:36:24.984 1777 3967 I EGL-DRI2: found extension DRI_DRI2 version 4
05-03 21:36:24.989 1777 3967 I EGL-DRI2: found extension DRI_TexBuffer version 3
05-03 21:36:24.989 1777 3967 I EGL-DRI2: found extension DRI2_Flush version 4
05-03 21:36:24.989 1777 3967 I EGL-DRI2: found extension DRI_IMAGE version 14
05-03 21:36:24.989 1777 3967 I EGL-DRI2: found extension DRI2_Fence version 2
05-03 21:36:24.989 1777 3967 I EGL-DRI2: found extension DRI_RENDERER_QUERY version 1
05-03 21:36:24.989 1777 3967 I EGL-DRI2: found extension DRI_CONFIG_QUERY version 1
05-03 21:36:24.989 1777 3967 I EGL-DRI2: found extension DRI_Robustness version 1
05-03 21:36:24.989 1777 3967 I OpenGLRenderer: Initialized EGL, version 1.4
05-03 21:36:24.989 1777 3967 D OpenGLRenderer: Swap behavior 2
05-03 21:36:24.994 3944 3944 I libjackpal-androidterm: JNI_OnLoad
05-03 21:36:25.082 3944 3970 I Term : waiting for: 3965
05-03 21:36:25.182 2708 2728 I chatty : uid=10015 com.google.android.gms.unstable expire 13 lines
05-03 21:36:25.301 1697 1759 I chatty : uid=1000(system) notification-sq expire 1 line
05-03 21:36:28.604 1855 1855 E PhoneInterfaceManager: [PhoneIntfMgr] getCarrierPackageNamesForIntent: No UICC
05-03 21:36:28.604 1855 1855 D CarrierSvcBindHelper: No carrier app for: 0
05-03 21:36:37.655 2294 2294 W ViewRootImpl[Launcher]: Cancelling event due to no window focus: MotionEvent { action=ACTION_CANCEL, actionButton=0, id[0]=0, x[0]=252.00838, y[0]=522.11, toolType[0]=TOOL_TYPE_FINGER, buttonState=0, metaState=0, flags=0x0, edgeFlags=0x0, pointerCount=1, historySize=0, eventTime=272898, downTime=259234, deviceId=2, source=0x2002 }
05-03 21:36:37.655 2294 2294 W ViewRootImpl[Launcher]: Cancelling event due to no window focus: MotionEvent { action=ACTION_CANCEL, actionButton=0, id[0]=0, x[0]=252.00838, y[0]=522.11, toolType[0]=TOOL_TYPE_FINGER, buttonState=0, metaState=0, flags=0x0, edgeFlags=0x0, pointerCount=1, historySize=0, eventTime=272898, downTime=259234, deviceId=2, source=0x2002 }
05-03 21:36:37.655 2294 2294 W ViewRootImpl[Launcher]: Cancelling event due to no window focus: MotionEvent { action=ACTION_CANCEL, actionButton=0, id[0]=0, x[0]=252.00838, y[0]=522.11, toolType[0]=TOOL_TYPE_FINGER, buttonState=0, metaState=0, flags=0x0, edgeFlags=0x0, pointerCount=1, historySize=0, eventTime=272898, downTime=259234, deviceId=2, source=0x2002 }
05-03 21:36:37.655 2294 2294 W ViewRootImpl[Launcher]: Cancelling event due to no window focus: MotionEvent { action=ACTION_CANCEL, actionButton=0, id[0]=0, x[0]=252.00838, y[0]=522.11, toolType[0]=TOOL_TYPE_FINGER, buttonState=0, metaState=0, flags=0x0, edgeFlags=0x0, pointerCount=1, historySize=0, eventTime=272898, downTime=259234, deviceId=2, source=0x2002 }
05-03 21:36:46.119 1404 1669 I audio_hw_primary: choose pcmC1D0p for 0
05-03 21:36:46.418 1782 1782 I SlideTouchEvent: vel=0.0, MinimumFlingVelocity=50
05-03 21:36:47.431 1782 1782 I SlideTouchEvent: vel=0.0, MinimumFlingVelocity=50
05-03 21:36:47.507 3944 3944 W IInputConnectionWrapper: reportFullscreenMode on inexistent InputConnection
05-03 21:36:47.507 3944 3944 W IInputConnectionWrapper: finishComposingText on inactive InputConnection
05-03 21:36:47.537 2294 2303 I art : Do partial code cache collection, code=105KB, data=103KB
05-03 21:36:47.537 2294 2303 I art : After code cache collection, code=104KB, data=102KB
05-03 21:36:47.537 2294 2303 I art : Increasing code cache capacity to 512KB
05-03 21:36:54.741 1398 1398 E Layer : [Sprite] rejecting buffer: bufWidth=25, bufHeight=25, front.active.{w=22, h=28}
05-03 21:36:55.096 1782 1782 D ViewRootImpl[NavigationBar]: updatePointerIcon called with position out of bounds
05-03 21:36:55.274 1782 1782 D ViewRootImpl[StatusBar]: updatePointerIcon called with position out of bounds
05-03 21:36:55.290 1782 1782 D ViewRootImpl[StatusBar]: updatePointerIcon called with position out of bounds
05-03 21:36:55.307 1782 1782 D ViewRootImpl[StatusBar]: updatePointerIcon called with position out of bounds
05-03 21:36:55.324 1782 1782 D ViewRootImpl[StatusBar]: updatePointerIcon called with position out of bounds
05-03 21:36:55.340 1782 1782 D ViewRootImpl[StatusBar]: updatePointerIcon called with position out of bounds
05-03 21:36:55.357 1782 1782 D ViewRootImpl[StatusBar]: updatePointerIcon called with position out of bounds
05-03 21:36:55.374 1782 1782 D ViewRootImpl[StatusBar]: updatePointerIcon called with position out of bounds
05-03 21:36:55.407 1782 1782 D ViewRootImpl[StatusBar]: updatePointerIcon called with position out of bounds
05-03 21:36:55.415 1697 3121 I ActivityManager: Setting hasTopUi=true for pid=1782
05-03 21:36:55.415 1782 1782 D PhoneStatusBar: disable: < expand ICONS* alerts SYSTEM_INFO* back home recent clock search quick_settings
> 05-03 21:36:55.420 1782 1782 D ViewRootImpl[StatusBar]: updatePointerIcon called with position out of bounds
05-03 21:36:55.464 1782 1782 I RenderThread: type=1400 audit(0.0:258): avc: denied { read write } for path="/dev/dri/card0" dev="tmpfs" ino=8252 scontext=u:r:platform_app:s0:c512,c768 tcontext=u:object_r:device:s0 tclass=chr_file permissive=1
05-03 21:36:55.673 3944 3949 I art : Do partial code cache collection, code=30KB, data=21KB
05-03 21:36:55.673 3944 3949 I art : After code cache collection, code=24KB, data=18KB
05-03 21:36:55.673 3944 3949 I art : Increasing code cache capacity to 128KB
05-03 21:36:57.202 1782 1782 D ViewRootImpl[NavigationBar]: updatePointerIcon called with position out of bounds
05-03 21:36:57.711 1697 2798 W InputMethodManagerService: Window already focused, ignoring focus gain of: com.android.internal.view.IInputMethodClient$Stub$Proxy@6073b7e attribute=null, token = android.os.BinderProxy@65ee705
05-03 21:36:57.728 1697 3121 I ActivityManager: Setting hasTopUi=false for pid=1782
05-03 21:36:57.728 1782 1782 D PhoneStatusBar: disable: < expand icons* alerts system_info* back home recent clock search quick_settings
> 05-03 21:36:58.557 1398 1398 E Layer : [Sprite] rejecting buffer: bufWidth=25, bufHeight=25, front.active.{w=22, h=28}
05-03 21:36:59.410 1782 1782 D ViewRootImpl[NavigationBar]: updatePointerIcon called with position out of bounds
05-03 21:36:59.624 1782 1782 D ViewRootImpl[StatusBar]: updatePointerIcon called with position out of bounds
05-03 21:36:59.640 1782 1782 D ViewRootImpl[StatusBar]: updatePointerIcon called with position out of bounds
05-03 21:36:59.657 1782 1782 D ViewRootImpl[StatusBar]: updatePointerIcon called with position out of bounds
05-03 21:36:59.674 1782 1782 D ViewRootImpl[StatusBar]: updatePointerIcon called with position out of bounds
05-03 21:36:59.690 1782 1782 D ViewRootImpl[StatusBar]: updatePointerIcon called with position out of bounds
05-03 21:36:59.707 1782 1782 D ViewRootImpl[StatusBar]: updatePointerIcon called with position out of bounds
05-03 21:36:59.718 1697 3121 I ActivityManager: Setting hasTopUi=true for pid=1782
05-03 21:36:59.719 1782 1782 D PhoneStatusBar: disable: < expand ICONS* alerts SYSTEM_INFO* back home recent clock search quick_settings
> 05-03 21:36:59.720 1782 1782 D ViewRootImpl[StatusBar]: updatePointerIcon called with position out of bounds
05-03 21:37:00.808 1782 1782 D ViewRootImpl[NavigationBar]: updatePointerIcon called with position out of bounds
05-03 21:37:01.112 1404 1669 I audio_hw_primary: choose pcmC1D0p for 0
05-03 21:37:01.116 1697 3121 I ActivityManager: START u0 {act=android.settings.SETTINGS flg=0x14000000 cmp=com.android.settings/.Settings} from uid 10033 on display 0
05-03 21:37:01.121 1697 2798 E ActivityManager: applyOptionsLocked: Unknown animationType=0
05-03 21:37:01.218 3352 3978 I StorageManager: readLong(): Path doesn't exist: /sys/block/mmcblk0/size: java.io.FileNotFoundException: /sys/block/mmcblk0/size (No such file or directory)
05-03 21:37:01.237 3352 3980 I chatty : uid=1000(system) com.android.settings expire 1 line
05-03 21:37:01.256 1697 3169 I ProcessStatsService: Added stats: 2018-05-03-20-54-07, over +37m46s947ms
05-03 21:37:01.273 3352 3981 I chatty : uid=1000(system) com.android.settings expire 2 lines
05-03 21:37:01.286 3352 3978 I chatty : uid=1000(system) com.android.settings expire 30 lines
05-03 21:37:01.286 3352 3978 W ProcStatsManager: No process com.android.bluetooth/1002 for service com.android.bluetooth.btservice.AdapterService
05-03 21:37:01.450 3352 3981 D Index : Indexing locale 'in_ID' took 5 millis
05-03 21:37:01.460 1697 3169 I ActivityManager: Setting hasTopUi=false for pid=1782
05-03 21:37:01.460 1782 1782 D PhoneStatusBar: disable: < expand icons* alerts system_info* back home recent clock search quick_settings
> 05-03 21:37:01.615 1855 1855 E PhoneInterfaceManager: [PhoneIntfMgr] queryModemActivityInfo: Empty response
05-03 21:37:01.615 1697 3288 E BatteryStatsService: no controller energy info supplied
05-03 21:37:01.616 1697 3288 E BatteryStatsService: no controller energy info supplied
05-03 21:37:01.616 1697 3288 E KernelCpuSpeedReader: Failed to read cpu-freq: /sys/devices/system/cpu/cpu0/cpufreq/stats/time_in_state (No such file or directory)
05-03 21:37:01.617 1697 3288 E BatteryStatsService: modem info is invalid: ModemActivityInfo{ mTimestamp=0 mSleepTimeMs=0 mIdleTimeMs=0 mTxTimeMs[]=[0, 0, 0, 0, 0] mRxTimeMs=0 mEnergyUsed=0}
05-03 21:37:10.442 1404 1669 I audio_hw_primary: choose pcmC1D0p for 0
05-03 21:37:10.445 1697 3288 I ActivityManager: START u0 {flg=0x8000 cmp=com.android.settings/.Settings$AccountSettingsActivity (has extras)} from uid 1000 on display 0
05-03 21:37:10.476 3352 3352 E RecyclerView: No adapter attached; skipping layout
05-03 21:37:10.495 3352 3980 D Index : Indexing locale 'in_ID' took 34 millis
05-03 21:37:10.515 3352 3667 D OpenGLRenderer: endAllActiveAnimators on 0x7f352b186800 (RippleDrawable) with handle 0x7f352b141aa0
05-03 21:37:10.654 3352 3980 D Index : Indexing locale 'in_ID' took 1 millis
05-03 21:37:10.778 3352 3980 W TileUtils: Found com.android.systemui.tuner.TunerActivity for intent Intent { act=com.android.settings.action.EXTRA_SETTINGS } missing metadata
05-03 21:37:10.779 3352 3980 D Index : Deleting data for locale 'in_ID' took 0 millis
05-03 21:37:10.780 3352 3980 D Index : Indexing locale 'in_ID' took 1 millis
