05-03 21:45:42.068 1697 1724 W PackageManager: Unknown permission android.permission.NETWORK in package com.mobile.legends
05-03 21:45:42.068 1697 1724 W PackageManager: Not granting permission android.permission.BATTERY_STATS to package com.mobile.legends (protectionLevel=50 flags=0x3808be44)
05-03 21:45:42.068 1697 1724 W PackageManager: Not granting permission android.permission.MOUNT_UNMOUNT_FILESYSTEMS to package com.mobile.legends (protectionLevel=18 flags=0x3808be44)
05-03 21:45:42.194 1407 1407 D installd: Detected label change from u:object_r:system_data_file:s0 to u:object_r:app_data_file:s0:c512,c768 at /data/data/com.mobile.legends; running recursive restorecon
05-03 21:45:42.204 1407 1407 D installd: Detected label change from u:object_r:system_data_file:s0 to u:object_r:app_data_file:s0:c512,c768 at /data/user_de/0/com.mobile.legends; running recursive restorecon
05-03 21:45:42.205 1697 1724 V BackupManagerService: restoreAtInstall pkg=com.mobile.legends token=2 restoreSet=0
05-03 21:45:42.205 1697 1724 V BackupManagerService: Finishing install immediately
05-03 21:45:42.230 1407 1407 E : Couldn't opendir /data/app/vmdl419131237.tmp: No such file or directory
05-03 21:45:42.231 1697 3121 D PackageInstaller: Ignoring abandon after commit relinquished control
05-03 21:45:42.250 2294 2294 W Launcher: setApplicationContext called twice! old=android.app.Application@76ba41b new=android.app.Application@76ba41b
05-03 21:45:42.256 1398 1398 I surfaceflinger: type=1400 audit(0.0:299): avc: denied { ioctl } for path="/dev/dri/card0" dev="tmpfs" ino=8252 ioctlcmd=0x640b scontext=u:r:surfaceflinger:s0 tcontext=u:object_r:device:s0 tclass=chr_file permissive=1
05-03 21:45:42.272 1855 1855 E PhoneInterfaceManager: [PhoneIntfMgr] getCarrierPackageNamesForIntent: No UICC
05-03 21:45:42.272 1855 1855 D CarrierSvcBindHelper: No carrier app for: 0
05-03 21:45:42.272 1855 1855 D CarrierConfigLoader: mHandler: 9 phoneId: 0
05-03 21:45:42.343 2165 3506 I chatty : uid=10015(com.google.android.gms) Binder:2165_A expire 1 line
05-03 21:45:42.352 5110 5110 I chatty : uid=10015(com.google.android.gms) expire 3 lines
05-03 21:45:42.714 5110 5329 I chatty : uid=10015(com.google.android.gms) expire 3 lines
05-03 21:45:42.931 5110 5115 I chatty : uid=10015(com.google.android.gms) Jit thread pool expire 3 lines
05-03 21:45:42.964 5110 5209 I chatty : uid=10015(com.google.android.gms) highpool[3] expire 1 line
05-03 21:45:44.166 5110 5168 I chatty : uid=10015(com.google.android.gms) expire 2 lines
05-03 21:45:47.605 1410 4043 E Drm : Failed to find drm plugin
05-03 21:46:08.321 1404 1669 I audio_hw_primary: choose pcmC1D0p for 0
05-03 21:46:08.339 2963 2963 I chatty : uid=10040(com.android.vending) expire 30 lines
05-03 21:46:08.362 1697 3478 I ActivityManager: Killing 3426:com.google.android.gms.ui/u0a15 (adj 906): empty #17
05-03 21:46:08.484 1697 3679 D ConnectivityService: ConnectivityService NetworkRequestInfo binderDied(NetworkRequest [ LISTEN id=7, [ Capabilities: INTERNET&NOT_RESTRICTED&TRUSTED] ], android.os.BinderProxy@241f68)
05-03 21:46:08.484 1697 3679 I chatty : uid=1000(system) Binder:1697_19 expire 4 lines
05-03 21:46:08.485 1697 1754 E ConnectivityService: RemoteException caught trying to send a callback msg for NetworkRequest [ LISTEN id=7, [ Capabilities: INTERNET&NOT_RESTRICTED&TRUSTED] ]
05-03 21:46:08.485 1697 3679 D ActivityManager: cleanUpApplicationRecord -- 3426
05-03 21:46:15.220 1404 1669 I audio_hw_primary: choose pcmC1D0p for 0
05-03 21:46:15.519 1782 1782 I SlideTouchEvent: vel=0.0, MinimumFlingVelocity=50
05-03 21:46:16.641 1782 1782 I SlideTouchEvent: vel=0.0, MinimumFlingVelocity=50
05-03 21:46:17.811 1782 1782 I SlideTouchEvent: vel=0.0, MinimumFlingVelocity=50
05-03 21:46:17.977 2294 2294 W IInputConnectionWrapper: reportFullscreenMode on inexistent InputConnection
05-03 21:46:18.216 1697 1711 I ActivityManager: Killing 3591:com.android.printspooler/u0a68 (adj 906): empty #17
05-03 21:46:18.233 1697 1708 D ActivityManager: cleanUpApplicationRecord -- 3591
05-03 21:46:19.359 1782 1782 D ViewRootImpl[NavigationBar]: updatePointerIcon called with position out of bounds
05-03 21:46:19.490 1782 1782 D ViewRootImpl[StatusBar]: updatePointerIcon called with position out of bounds
05-03 21:46:19.507 1782 1782 D ViewRootImpl[StatusBar]: updatePointerIcon called with position out of bounds
05-03 21:46:19.524 1782 1782 D ViewRootImpl[StatusBar]: updatePointerIcon called with position out of bounds
05-03 21:46:19.540 1782 1782 D ViewRootImpl[StatusBar]: updatePointerIcon called with position out of bounds
05-03 21:46:19.557 1782 1782 D ViewRootImpl[StatusBar]: updatePointerIcon called with position out of bounds
05-03 21:46:19.574 1782 1782 D ViewRootImpl[StatusBar]: updatePointerIcon called with position out of bounds
05-03 21:46:19.591 1782 1782 D ViewRootImpl[StatusBar]: updatePointerIcon called with position out of bounds
05-03 21:46:19.629 1697 1708 I ActivityManager: Setting hasTopUi=true for pid=1782
05-03 21:46:19.629 1782 1782 D PhoneStatusBar: disable: < expand ICONS* alerts SYSTEM_INFO* back home recent clock search quick_settings
> 05-03 21:46:19.630 1782 1782 D ViewRootImpl[StatusBar]: updatePointerIcon called with position out of bounds
05-03 21:46:19.674 1697 1708 I chatty : uid=1000(system) Binder:1697_1 expire 1 line
05-03 21:46:25.937 1782 1782 D ViewRootImpl[NavigationBar]: updatePointerIcon called with position out of bounds
05-03 21:46:28.388 2963 5310 I chatty : uid=10040(com.android.vending) expire 6 lines
05-03 21:46:29.073 1410 4043 E Drm : Failed to find drm plugin
05-03 21:46:29.418 2708 4951 I chatty : uid=10015 com.google.android.gms.unstable expire 2 lines
05-03 21:46:29.988 1782 1782 D ViewRootImpl[NavigationBar]: updatePointerIcon called with position out of bounds
05-03 21:46:30.372 1404 1669 I audio_hw_primary: choose pcmC1D0p for 0
05-03 21:46:30.392 1782 1782 W StatusBar: removeNotification for unknown key: 0|com.android.vending|1901600782|null|10040
05-03 21:46:31.206 1782 1782 D ViewRootImpl[NavigationBar]: updatePointerIcon called with position out of bounds
05-03 21:46:31.525 1782 1782 W StatusBar: removeNotification for unknown key: 0|com.android.vending|74358983|null|10040
05-03 21:46:32.620 1782 1782 D ViewRootImpl[NavigationBar]: updatePointerIcon called with position out of bounds
05-03 21:46:33.128 1697 3836 W InputMethodManagerService: Window already focused, ignoring focus gain of: com.android.internal.view.IInputMethodClient$Stub$Proxy@916a22f attribute=null, token = android.os.BinderProxy@65ee705
05-03 21:46:33.145 1697 1708 I ActivityManager: Setting hasTopUi=false for pid=1782
05-03 21:46:33.146 1782 1782 D PhoneStatusBar: disable: < expand icons* alerts system_info* back home recent clock search quick_settings
> 05-03 21:46:33.179 1782 1782 D ViewRootImpl[StatusBar]: updatePointerIcon called with position out of bounds
05-03 21:46:35.658 1697 1708 I ActivityManager: START u0 {act=android.settings.APPLICATION_DETAILS_SETTINGS dat=package:com.mobile.legends flg=0x10008000 cmp=com.android.settings/.applications.InstalledAppDetails} from uid 1000 on display 0
05-03 21:46:35.717 5367 5367 I chatty : uid=1000(system) com.android.settings expire 13 lines
05-03 21:46:35.722 1697 1708 I ActivityManager: Start proc 5367:com.android.settings/1000 for activity com.android.settings/.applications.InstalledAppDetails
05-03 21:46:35.730 1697 1708 W InputMethodManagerService: Starting input on non-focused client com.android.internal.view.IInputMethodClient$Stub$Proxy@7a751f (uid=10034 pid=2294)
05-03 21:46:35.840 5367 5387 I chatty : uid=1000(system) com.android.settings expire 29 lines
05-03 21:46:35.843 5367 5385 I chatty : uid=1000(system) com.android.settings expire 1 line
05-03 21:46:35.846 5367 5386 I chatty : uid=1000(system) com.android.settings expire 4 lines
05-03 21:46:35.851 5367 5367 W ContextImpl: Calling a method in the system process without a qualified user: android.app.ContextImpl.bindService:1421 android.content.ContextWrapper.bindService:636 android.content.pm.permission.RuntimePermissionPresenter$RemoteService.processMessage:186 android.content.pm.permission.RuntimePermissionPresenter.getAppPermissions:127 com.android.settings.applications.PermissionsSummaryHelper.getPermissionSummary:34
05-03 21:46:35.858 5388 5388 W art : Unexpected CPU variant for X86 using defaults: x86_64
05-03 21:46:35.862 1697 1708 I ActivityManager: Start proc 5388:com.google.android.packageinstaller/u0a23 for service com.google.android.packageinstaller/com.android.packageinstaller.permission.service.RuntimePermissionPresenterServiceImpl
05-03 21:46:35.876 5388 5388 W System : ClassLoader referenced unknown path: /system/priv-app/GooglePackageInstaller/lib/x86_64
05-03 21:46:35.912 5367 5402 I chatty : uid=1000(system) com.android.settings expire 11 lines
05-03 21:46:36.073 5367 5384 I chatty : uid=1000(system) com.android.settings expire 1 line
05-03 21:46:36.382 2294 2294 W ViewRootImpl[Launcher]: Cancelling event due to no window focus: MotionEvent { action=ACTION_CANCEL, actionButton=0, id[0]=0, x[0]=566.08594, y[0]=85.55479, toolType[0]=TOOL_TYPE_FINGER, buttonState=0, metaState=0, flags=0x0, edgeFlags=0x0, pointerCount=1, historySize=0, eventTime=871626, downTime=868956, deviceId=2, source=0x2002 }
05-03 21:46:36.382 2294 2294 W ViewRootImpl[Launcher]: Cancelling event due to no window focus: MotionEvent { action=ACTION_CANCEL, actionButton=0, id[0]=0, x[0]=566.08594, y[0]=85.55479, toolType[0]=TOOL_TYPE_FINGER, buttonState=0, metaState=0, flags=0x0, edgeFlags=0x0, pointerCount=1, historySize=0, eventTime=871626, downTime=868956, deviceId=2, source=0x2002 }
05-03 21:46:36.382 2294 2294 W ViewRootImpl[Launcher]: Cancelling event due to no window focus: MotionEvent { action=ACTION_CANCEL, actionButton=0, id[0]=0, x[0]=566.08594, y[0]=85.55479, toolType[0]=TOOL_TYPE_FINGER, buttonState=0, metaState=0, flags=0x0, edgeFlags=0x0, pointerCount=1, historySize=0, eventTime=871626, downTime=868956, deviceId=2, source=0x2002 }
05-03 21:46:36.383 2294 2294 W ViewRootImpl[Launcher]: Cancelling event due to no window focus: MotionEvent { action=ACTION_CANCEL, actionButton=0, id[0]=0, x[0]=566.08594, y[0]=85.55479, toolType[0]=TOOL_TYPE_FINGER, buttonState=0, metaState=0, flags=0x0, edgeFlags=0x0, pointerCount=1, historySize=0, eventTime=871626, downTime=868956, deviceId=2, source=0x2002 }
05-03 21:46:36.637 1697 4318 E BatteryStatsService: no controller energy info supplied
05-03 21:46:36.637 1697 4318 E BatteryStatsService: no controller energy info supplied
05-03 21:46:36.638 1855 1855 E PhoneInterfaceManager: [PhoneIntfMgr] queryModemActivityInfo: Empty response
05-03 21:46:36.638 1697 4318 E KernelCpuSpeedReader: Failed to read cpu-freq: /sys/devices/system/cpu/cpu0/cpufreq/stats/time_in_state (No such file or directory)
05-03 21:46:36.639 1697 4318 E BatteryStatsService: modem info is invalid: ModemActivityInfo{ mTimestamp=0 mSleepTimeMs=0 mIdleTimeMs=0 mTxTimeMs[]=[0, 0, 0, 0, 0] mRxTimeMs=0 mEnergyUsed=0}
05-03 21:46:36.706 1697 1708 I ProcessStatsService: Added stats: 2018-05-03-20-54-07, over +37m46s947ms
05-03 21:46:36.744 1697 1708 I ProcessStatsService: Added stats: 2018-05-03-20-54-07, over +37m46s947ms
05-03 21:46:36.753 5367 5387 W ProcStatsManager: No process com.google.android.configupdater/10008 for service com.google.android.configupdater.CertPin.CertPinUpdateFetcherService
05-03 21:46:36.753 5367 5387 W ProcStatsManager: No process com.google.android.configupdater/10008 for service com.google.android.configupdater.SmsShortCodes.SmsShortCodesUpdateFetcherService
05-03 21:46:36.753 5367 5387 W ProcStatsManager: No process com.android.defcontainer/10009 for service com.android.defcontainer.DefaultContainerService
05-03 21:46:36.753 5367 5387 W ProcStatsManager: No process com.android.vending:instant_app_installer/10040 for service com.google.android.finsky.instantapps.PhenotypeUpdateService
05-03 21:46:36.753 5367 5387 W ProcStatsManager: No process com.android.vending:instant_app_installer/10040 for service com.google.android.finsky.instantapps.statussync.StatusSyncService
05-03 21:46:36.753 5367 5387 W ProcStatsManager: No process com.android.vending:instant_app_installer/10040 for service com.google.android.finsky.instantapps.PhenotypeUpdateService
05-03 21:46:36.753 5367 5387 W ProcStatsManager: No process com.android.vending:instant_app_installer/10040 for service com.google.android.finsky.instantapps.statussync.StatusSyncService
05-03 21:46:36.753 5367 5387 W ProcStatsManager: No process com.android.carrierconfig/10006 for service com.android.carrierconfig.DefaultCarrierConfigService
05-03 21:46:36.753 5367 5387 W ProcStatsManager: No process com.android.printspooler/10068 for service com.android.printspooler.model.PrintSpoolerService
05-03 21:46:36.753 5367 5387 W ProcStatsManager: No process com.google.process.gapps/10057 for service com.google.android.syncadapters.contacts.ContactsSyncAdapterIntentService
05-03 21:46:36.753 5367 5387 W ProcStatsManager: No process com.google.process.gapps/10057 for service com.google.android.syncadapters.contacts.ContactsSyncAdapterService
05-03 21:46:36.753 5367 5387 W ProcStatsManager: No process com.android.keychain/1000 for service com.android.keychain.KeyChainService
05-03 21:46:36.753 5367 5387 W ProcStatsManager: No process com.android.dialer/10022 for service com.android.dialer.calllog.CallLogNotificationsService
05-03 21:46:36.753 5367 5387 W ProcStatsManager: No process com.google.android.packageinstaller/10023 for service com.android.packageinstaller.permission.service.RuntimePermissionPresenterServiceImpl
05-03 21:46:36.753 5367 5387 W ProcStatsManager: No process com.google.android.partnersetup/10021 for service com.google.android.partnersetup.AppInstalledService
05-03 21:46:36.753 5367 5387 W ProcStatsManager: No process com.google.android.partnersetup/10021 for service com.google.android.partnersetup.ClientIdService
05-03 21:46:36.753 5367 5387 W ProcStatsManager: No process com.google.android.partnersetup/10021 for service com.google.android.partnersetup.MccFallbackService
05-03 21:46:36.753 5367 5387 W ProcStatsManager: No process com.google.android.partnersetup/10021 for service com.google.android.partnersetup.AppHiderService
05-03 21:46:36.753 5367 5387 W ProcStatsManager: No process com.google.android.partnersetup/10021 for service com.google.android.partnersetup.RlzPingIntentService
05-03 21:46:36.753 5367 5387 W ProcStatsManager: No process com.google.android.partnersetup/10021 for service com.google.android.partnersetup.MccOverrideService
05-03 21:46:36.753 5367 5387 W ProcStatsManager: No process com.google.android.partnersetup/10021 for service com.google.android.partnersetup.LauncherConfigService
05-03 21:46:36.753 5367 5387 W ProcStatsManager: No process com.google.android.syncadapters.calendar/10070 for service com.google.android.syncadapters.calendar.CalendarSyncAdapterService
05-03 21:46:38.046 1697 3563 I ActivityManager: START u0 {act=android.intent.action.MANAGE_APP_PERMISSIONS cmp=com.google.android.packageinstaller/com.android.packageinstaller.permission.ui.ManagePermissionsActivity (has extras)} from uid 1000 on display 0
05-03 21:46:38.048 1404 1669 I audio_hw_primary: choose pcmC1D0p for 0
05-03 21:46:38.126 5388 5388 I ackageinstaller: type=1400 audit(0.0:309): avc: denied { open } for path="/dev/dri/card0" dev="tmpfs" ino=8252 scontext=u:r:priv_app:s0:c512,c768 tcontext=u:object_r:device:s0 tclass=chr_file permissive=1
05-03 21:46:38.128 5388 5388 D GRALLOC-DRM: drmOpen i915: 40
05-03 21:46:38.128 5388 5388 I GRALLOC-DRM: create intel for driver i915
05-03 21:46:38.178 5388 5409 I EGL-DRI2: found extension DRI_Core version 1
05-03 21:46:38.178 5388 5409 I EGL-DRI2: found extension DRI_DRI2 version 4
05-03 21:46:38.183 5388 5409 I EGL-DRI2: found extension DRI_TexBuffer version 3
05-03 21:46:38.183 5388 5409 I EGL-DRI2: found extension DRI2_Flush version 4
05-03 21:46:38.183 5388 5409 I EGL-DRI2: found extension DRI_IMAGE version 14
05-03 21:46:38.183 5388 5409 I EGL-DRI2: found extension DRI2_Fence version 2
05-03 21:46:38.183 5388 5409 I EGL-DRI2: found extension DRI_RENDERER_QUERY version 1
05-03 21:46:38.183 5388 5409 I EGL-DRI2: found extension DRI_CONFIG_QUERY version 1
05-03 21:46:38.183 5388 5409 I EGL-DRI2: found extension DRI_Robustness version 1
05-03 21:46:38.183 5388 5409 I OpenGLRenderer: Initialized EGL, version 1.4
05-03 21:46:38.183 5388 5409 D OpenGLRenderer: Swap behavior 2
05-03 21:46:38.276 5367 5402 D OpenGLRenderer: endAllActiveAnimators on 0x7f352d76a400 (RippleDrawable) with handle 0x7f352b7ae460
05-03 21:46:38.288 1782 1838 I art : Background partial concurrent mark sweep GC freed 169088(7MB) AllocSpace objects, 6(120KB) LOS objects, 40% free, 20MB/34MB, paused 112us total 117.833ms
05-03 21:46:39.746 5110 5414 I chatty : uid=10015(com.google.android.gms) expire 5 lines
05-03 21:46:40.820 1697 2798 D VoldConnector: SND -> {7 volume remount_uid 10078 read}
05-03 21:46:40.820 1697 1697 I chatty : uid=1000 system_server expire 3 lines
05-03 21:46:40.820 1371 1376 D vold : Remounting 10078 as mode read
05-03 21:46:40.822 1697 1742 D VoldConnector: RCV <- {200 7 Command succeeded}
05-03 21:46:40.823 1697 3640 D VoldConnector: SND -> {8 volume remount_uid 10078 write}
05-03 21:46:40.829 1371 1376 D vold : Remounting 10078 as mode write
05-03 21:46:40.830 1697 1742 D VoldConnector: RCV <- {200 8 Command succeeded}
05-03 21:46:40.831 5388 5388 I RenderThread: type=1400 audit(0.0:310): avc: denied { ioctl } for path="/dev/dri/card0" dev="tmpfs" ino=8252 ioctlcmd=0x640b scontext=u:r:priv_app:s0:c512,c768 tcontext=u:object_r:device:s0 tclass=chr_file permissive=1
05-03 21:46:43.893 1782 1782 I RenderThread: type=1400 audit(0.0:311): avc: denied { ioctl } for path="/dev/dri/card0" dev="tmpfs" ino=8252 ioctlcmd=0x640b scontext=u:r:platform_app:s0:c512,c768 tcontext=u:object_r:device:s0 tclass=chr_file permissive=1
05-03 21:46:44.192 1782 1782 I SlideTouchEvent: vel=0.0, MinimumFlingVelocity=50
05-03 21:46:44.206 5367 5367 I RenderThread: type=1400 audit(0.0:312): avc: denied { ioctl } for path="/dev/dri/card0" dev="tmpfs" ino=8252 ioctlcmd=0x645f scontext=u:r:system_app:s0 tcontext=u:object_r:device:s0 tclass=chr_file permissive=1
05-03 21:46:44.223 5367 5367 D AppUtils: Have 0 number of activities in preferred list
05-03 21:46:44.240 5367 5384 W ApplicationsState: Cannot find pkg: com.android.terminal on user 0
05-03 21:46:44.268 5367 5385 D Index : Indexing locale 'in_ID' took 56 millis
05-03 21:46:44.437 5367 5385 W TileUtils: Found com.android.systemui.tuner.TunerActivity for intent Intent { act=com.android.settings.action.EXTRA_SETTINGS } missing metadata
05-03 21:46:44.449 5367 5367 D AppUtils: Have 0 number of activities in preferred list
05-03 21:46:44.473 1697 1708 I ProcessStatsService: Added stats: 2018-05-03-20-54-07, over +37m46s947ms
05-03 21:46:44.488 5367 5385 W ProcStatsManager: No process com.google.android.onetimeinitializer/10020 for service com.google.android.onetimeinitializer.OneTimeService
05-03 21:46:44.488 5367 5385 W ProcStatsManager: No process com.android.messaging/10072 for service com.android.messaging.datamodel.action.BackgroundWorkerService
05-03 21:46:44.488 5367 5385 W ProcStatsManager: No process com.android.messaging/10072 for service com.android.messaging.datamodel.action.ActionServiceImpl
05-03 21:46:44.488 5367 5385 W ProcStatsManager: No process com.google.android.configupdater/10008 for service com.google.android.configupdater.CertPin.CertPinUpdateFetcherService
05-03 21:46:44.488 5367 5385 W ProcStatsManager: No process com.google.android.configupdater/10008 for service com.google.android.configupdater.SmsShortCodes.SmsShortCodesUpdateFetcherService
05-03 21:46:44.488 5367 5385 W ProcStatsManager: No process com.android.defcontainer/10009 for service com.android.defcontainer.DefaultContainerService
05-03 21:46:44.488 5367 5385 W ProcStatsManager: No process com.android.vending:instant_app_installer/10040 for service com.google.android.finsky.instantapps.PhenotypeUpdateService
05-03 21:46:44.488 5367 5385 W ProcStatsManager: No process com.android.vending:instant_app_installer/10040 for service com.google.android.finsky.instantapps.statussync.StatusSyncService
05-03 21:46:44.488 5367 5385 W ProcStatsManager: No process com.android.vending:instant_app_installer/10040 for service com.google.android.finsky.instantapps.PhenotypeUpdateService
05-03 21:46:44.488 5367 5385 W ProcStatsManager: No process com.android.vending:instant_app_installer/10040 for service com.google.android.finsky.instantapps.statussync.StatusSyncService
05-03 21:46:44.488 5367 5385 W ProcStatsManager: No process com.android.carrierconfig/10006 for service com.android.carrierconfig.DefaultCarrierConfigService
05-03 21:46:44.488 5367 5385 W ProcStatsManager: No process com.android.printspooler/10068 for service com.android.printspooler.model.PrintSpoolerService
05-03 21:46:44.488 5367 5385 W ProcStatsManager: No process com.google.process.gapps/10057 for service com.google.android.syncadapters.contacts.ContactsSyncAdapterIntentService
05-03 21:46:44.488 5367 5385 W ProcStatsManager: No process com.google.process.gapps/10057 for service com.google.android.syncadapters.contacts.ContactsSyncAdapterService
05-03 21:46:44.488 5367 5385 W ProcStatsManager: No process com.android.keychain/1000 for service com.android.keychain.KeyChainService
05-03 21:46:44.488 5367 5385 W ProcStatsManager: No process com.android.dialer/10022 for service com.android.dialer.calllog.CallLogNotificationsService
05-03 21:46:44.488 5367 5385 W ProcStatsManager: No process com.google.android.packageinstaller/10023 for service com.android.packageinstaller.permission.service.RuntimePermissionPresenterServiceImpl
05-03 21:46:44.490 5367 5385 W ProcStatsManager: No process com.google.android.partnersetup/10021 for service com.google.android.partnersetup.AppInstalledService
05-03 21:46:44.490 5367 5385 W ProcStatsManager: No process com.google.android.partnersetup/10021 for service com.google.android.partnersetup.ClientIdService
05-03 21:46:44.490 5367 5385 W ProcStatsManager: No process com.google.android.partnersetup/10021 for service com.google.android.partnersetup.MccFallbackService
05-03 21:46:44.490 5367 5385 W ProcStatsManager: No process com.google.android.partnersetup/10021 for service com.google.android.partnersetup.AppHiderService
05-03 21:46:44.490 5367 5385 W ProcStatsManager: No process com.google.android.partnersetup/10021 for service com.google.android.partnersetup.RlzPingIntentService
05-03 21:46:44.490 5367 5385 W ProcStatsManager: No process com.google.android.partnersetup/10021 for service com.google.android.partnersetup.MccOverrideService
05-03 21:46:44.490 5367 5385 W ProcStatsManager: No process com.google.android.partnersetup/10021 for service com.google.android.partnersetup.LauncherConfigService
05-03 21:46:44.490 5367 5385 W ProcStatsManager: No process com.google.android.syncadapters.calendar/10070 for service com.google.android.syncadapters.calendar.CalendarSyncAdapterService
05-03 21:46:44.524 1398 1398 W SurfaceFlinger: couldn't log to binary event log: overflow.
05-03 21:46:45.137 1782 1782 I SlideTouchEvent: vel=0.0, MinimumFlingVelocity=50
05-03 21:46:45.724 2294 2406 W OpenGLRenderer: Incorrectly called buildLayer on View: ShortcutAndWidgetContainer, destroying layer...
05-03 21:46:47.421 1697 2118 I ActivityManager: START u0 {act=android.intent.action.MAIN cat=[android.intent.category.LAUNCHER] flg=0x10200000 cmp=com.mobile.legends/com.moba.unityplugin.MobaGameMainActivity bnds=[951,92][1085,196] (has extras)} from uid 10034 on display 0
05-03 21:46:47.424 1697 2118 I WindowManager: setFocusedApp token: Token{7096d71 ActivityRecord{f4f8f18 u0 com.mobile.legends/com.moba.unityplugin.MobaGameMainActivity t37}} requestedOrientation: 6
05-03 21:46:47.425 1697 1711 W BroadcastQueue: Permission Denial: broadcasting Intent { act=com.android.launcher3.action.LAUNCH flg=0x10 (has extras) } from com.cyanogenmod.trebuchet (pid=2294, uid=10034) requires com.google.android.launcher.permission.RECEIVE_LAUNCH_BROADCASTS due to receiver com.google.android.gms/.icing.proxy.ApplicationLauncherReceiver
05-03 21:46:47.425 1697 1711 W BroadcastQueue: Permission Denial: receiving Intent { act=com.android.launcher3.action.LAUNCH flg=0x10 (has extras) } to com.google.android.gms/.chimera.GmsIntentOperationService$GmsExternalReceiver requires com.android.launcher3.permission.RECEIVE_LAUNCH_BROADCASTS due to sender com.cyanogenmod.trebuchet (uid 10034)
05-03 21:46:47.432 5425 5425 I chatty : uid=10078(com.mobile.legends) expire 20 lines
05-03 21:46:47.437 1697 2118 I ActivityManager: Start proc 5425:com.mobile.legends/u0a78 for activity com.mobile.legends/com.moba.unityplugin.MobaGameMainActivity
05-03 21:46:47.441 2963 2963 I chatty : uid=10040(com.android.vending) expire 6 lines
05-03 21:46:47.596 5443 5443 I chatty : uid=10078(com.mobile.legends) /system/bin/dex2oat expire 6 lines
05-03 21:46:54.062 1697 2118 I ActivityManager: START u0 {flg=0x30000000 cmp=com.mobile.legends/com.moba.unityplugin.MobaGameUnityActivity (has extras)} from uid 10078 on display 0
05-03 21:46:54.063 1697 2118 I WindowManager: setFocusedApp token: Token{dd0ee48 ActivityRecord{ca9c0eb u0 com.mobile.legends/com.moba.unityplugin.MobaGameUnityActivity t38}} requestedOrientation: 6
05-03 21:46:54.095 5458 5458 I chatty : uid=10078 com.mobile.legends:UnityKillsMe expire 6 lines
05-03 21:46:54.103 1697 3478 I ActivityManager: Start proc 5458:com.mobile.legends:UnityKillsMe/u0a78 for activity com.mobile.legends/com.moba.unityplugin.MobaGameUnityActivity
05-03 21:46:54.114 5425 5457 I chatty : uid=10078(com.mobile.legends) expire 3 lines
05-03 21:46:54.127 5425 5451 I chatty : uid=10078(com.mobile.legends) expire 13 lines
05-03 21:46:54.261 5458 5480 I chatty : uid=10078 com.mobile.legends:UnityKillsMe expire 13 lines
05-03 21:46:54.352 1697 3640 I WindowManager: setAppOrientation token: Token{dd0ee48 ActivityRecord{ca9c0eb u0 com.mobile.legends/com.moba.unityplugin.MobaGameUnityActivity t38}} requestedOrientation: 0
05-03 21:46:54.354 5458 5479 I chatty : uid=10078 com.mobile.legends:UnityKillsMe expire 9 lines
05-03 21:46:54.398 5458 5482 I chatty : uid=10078 com.mobile.legends:UnityKillsMe expire 1 line
05-03 21:46:54.399 1404 1669 I audio_hw_primary: choose pcmC1D0p for 0
05-03 21:46:54.413 5458 5492 I chatty : uid=10078 com.mobile.legends:UnityKillsMe expire 2 lines
05-03 21:46:54.472 1697 3478 I chatty : uid=1000(system) Binder:1697_10 expire 1 line
05-03 21:46:54.472 1697 3478 D KbdSensor: poll_setDelay: dev=0x7f3532cec300 handle=0 ns=66667000
05-03 21:46:54.472 1697 3478 D KbdSensor: poll_flush: dev=0x7f3532cec300 sensor_handle=0
05-03 21:46:54.472 1697 3478 D KbdSensor: poll_setDelay: dev=0x7f3532cec300 handle=0 ns=20000000
05-03 21:46:54.476 1697 3478 I WindowManager: setAppOrientation token: Token{dd0ee48 ActivityRecord{ca9c0eb u0 com.mobile.legends/com.moba.unityplugin.MobaGameUnityActivity t38}} requestedOrientation: 0
05-03 21:46:54.562 1697 3478 I ActivityManager: Killing 4159:com.google.process.gapps/u0a57 (adj 906): empty #17
05-03 21:46:54.580 1697 3478 D ActivityManager: cleanUpApplicationRecord -- 4159
05-03 21:46:54.716 5110 5498 I chatty : uid=10015(com.google.android.gms) expire 2 lines
05-03 21:46:54.773 1697 1697 I Binder:1697_20: type=1400 audit(0.0:324): avc: denied { wake_alarm } for capability=35 scontext=u:r:system_server:s0 tcontext=u:r:system_server:s0 tclass=capability2 permissive=1
05-03 21:46:54.996 1697 4098 W SensorService: sensor 00000000 already enabled in connection 0x7f35300696c0 (ignoring)
05-03 21:46:54.996 1697 4098 D KbdSensor: poll_batch: dev=0x7f3532cec300 sensor_handle=0 flags=0 sampling_period_ns=66667000 max_report_latency_ns=0
05-03 21:46:54.996 1697 4098 D KbdSensor: poll_setDelay: dev=0x7f3532cec300 handle=0 ns=66667000
05-03 21:46:54.996 1697 4098 D KbdSensor: poll_flush: dev=0x7f3532cec300 sensor_handle=0
05-03 21:46:54.996 1697 4098 D KbdSensor: poll_setDelay: dev=0x7f3532cec300 handle=0 ns=20000000
05-03 21:46:55.007 1697 1697 I RenderThread: type=1400 audit(0.0:325): avc: denied { getattr } for path="/dev/dri/card0" dev="tmpfs" ino=8252 scontext=u:r:system_server:s0 tcontext=u:object_r:device:s0 tclass=chr_file permissive=1
05-03 21:46:55.009 1697 5501 I EGL-DRI2: found extension DRI_Core version 1
05-03 21:46:55.009 1697 5501 I EGL-DRI2: found extension DRI_DRI2 version 4
05-03 21:46:55.016 1697 3637 W InputMethodManagerService: Starting input on non-focused client com.android.internal.view.IInputMethodClient$Stub$Proxy@4227331 (uid=10078 pid=5458)
05-03 21:46:55.017 1697 1697 I RenderThread: type=1400 audit(0.0:326): avc: denied { read write } for path="/dev/dri/card0" dev="tmpfs" ino=8252 scontext=u:r:system_server:s0 tcontext=u:object_r:device:s0 tclass=chr_file permissive=1
05-03 21:46:55.018 1697 5501 I EGL-DRI2: found extension DRI_TexBuffer version 3
05-03 21:46:55.018 1697 5501 I EGL-DRI2: found extension DRI2_Flush version 4
05-03 21:46:55.018 1697 5501 I EGL-DRI2: found extension DRI_IMAGE version 14
05-03 21:46:55.018 1697 5501 I EGL-DRI2: found extension DRI2_Fence version 2
05-03 21:46:55.018 1697 5501 I EGL-DRI2: found extension DRI_RENDERER_QUERY version 1
05-03 21:46:55.018 1697 5501 I EGL-DRI2: found extension DRI_CONFIG_QUERY version 1
05-03 21:46:55.018 1697 5501 I EGL-DRI2: found extension DRI_Robustness version 1
05-03 21:46:55.018 1697 5501 I OpenGLRenderer: Initialized EGL, version 1.4
05-03 21:46:55.018 1697 5501 D OpenGLRenderer: Swap behavior 2
05-03 21:46:56.536 2294 2294 W ViewRootImpl[Launcher]: Cancelling event due to no window focus: MotionEvent { action=ACTION_CANCEL, actionButton=0, id[0]=0, x[0]=1017.9678, y[0]=117.47769, toolType[0]=TOOL_TYPE_FINGER, buttonState=0, metaState=0, flags=0x0, edgeFlags=0x0, pointerCount=1, historySize=0, eventTime=891779, downTime=882363, deviceId=2, source=0x2002 }
05-03 21:46:56.536 2294 2294 W ViewRootImpl[Launcher]: Cancelling event due to no window focus: MotionEvent { action=ACTION_CANCEL, actionButton=0, id[0]=0, x[0]=1017.9678, y[0]=117.47769, toolType[0]=TOOL_TYPE_FINGER, buttonState=0, metaState=0, flags=0x0, edgeFlags=0x0, pointerCount=1, historySize=0, eventTime=891779, downTime=882363, deviceId=2, source=0x2002 }
05-03 21:46:56.536 2294 2294 W ViewRootImpl[Launcher]: Cancelling event due to no window focus: MotionEvent { action=ACTION_CANCEL, actionButton=0, id[0]=0, x[0]=1017.9678, y[0]=117.47769, toolType[0]=TOOL_TYPE_FINGER, buttonState=0, metaState=0, flags=0x0, edgeFlags=0x0, pointerCount=1, historySize=0, eventTime=891779, downTime=882363, deviceId=2, source=0x2002 }
05-03 21:46:56.536 2294 2294 W ViewRootImpl[Launcher]: Cancelling event due to no window focus: MotionEvent { action=ACTION_CANCEL, actionButton=0, id[0]=0, x[0]=1017.9678, y[0]=117.47769, toolType[0]=TOOL_TYPE_FINGER, buttonState=0, metaState=0, flags=0x0, edgeFlags=0x0, pointerCount=1, historySize=0, eventTime=891779, downTime=882363, deviceId=2, source=0x2002 }
05-03 21:46:57.404 5458 5468 I chatty : uid=10078 com.mobile.legends:UnityKillsMe expire 1 line
05-03 21:47:00.729 1410 1410 I Binder:1410_2: type=1400 audit(0.0:327): avc: denied { read } for name="vendor" dev="tmpfs" ino=6081 scontext=u:r:mediadrmserver:s0 tcontext=u:object_r:tmpfs:s0 tclass=lnk_file permissive=1
05-03 21:47:00.733 1410 4043 E Drm : Failed to find drm plugin
05-03 21:47:01.163 2708 2708 I chatty : uid=10015 com.google.android.gms.unstable expire 3 lines
05-03 21:47:01.163 2708 4951 I chatty : uid=10015 com.google.android.gms.unstable expire 5 lines
05-03 21:47:01.171 2708 2708 I chatty : uid=10015 com.google.android.gms.unstable expire 1 line
05-03 21:47:01.172 2708 4951 I chatty : uid=10015 com.google.android.gms.unstable expire 6 lines
05-03 21:47:01.222 1410 4043 E Drm : Failed to find drm plugin
05-03 21:47:01.225 2165 3141 I chatty : uid=10015(com.google.android.gms) highpool[2] expire 14 lines
05-03 21:47:11.006 1410 4043 E Drm : Failed to find drm plugin
05-03 21:47:11.006 2708 3822 I chatty : uid=10015 com.google.android.gms.unstable expire 1 line
05-03 21:47:11.319 2708 4951 I art : Rejecting re-init on previously-failed class java.lang.Class: java.lang.UnsatisfiedLinkError: dlopen failed: "/data/data/com.google.android.gms/app_dg_cache/87A7B6DF3A340CFF01D8DD0CA677B97CBEEAAF1C/libdF19F0D9D2526.so" is 32-bit instead of 64-bit
05-03 21:47:11.319 2708 4951 I art : (Throwable with no stack trace)
05-03 21:47:22.840 5458 5479 W Unity : ALog-try default lang: 20 key: DownloadImm
05-03 21:47:22.840 5458 5479 W Unity :
05-03 21:47:22.840 5458 5479 W Unity : (Filename: ./artifacts/AndroidManagedGenerated/UnityEngineDebug.cpp Line: 56)
05-03 21:47:22.840 5458 5479 W Unity :
05-03 21:47:22.851 5458 5479 W Unity : ALog-try default lang: 20 key: Downloadinfo6
05-03 21:47:22.851 5458 5479 W Unity :
05-03 21:47:22.851 5458 5479 W Unity : (Filename: ./artifacts/AndroidManagedGenerated/UnityEngineDebug.cpp Line: 56)
05-03 21:47:22.851 5458 5479 W Unity :
05-03 21:47:22.851 5458 5479 W Unity : ALog-try default lang: 20 key: Announcement2
05-03 21:47:22.851 5458 5479 W Unity :
05-03 21:47:22.851 5458 5479 W Unity : (Filename: ./artifacts/AndroidManagedGenerated/UnityEngineDebug.cpp Line: 56)
05-03 21:47:22.851 5458 5479 W Unity :
05-03 21:47:22.851 5458 5479 W Unity : ALog-try default lang: 20 key: Announcement1
05-03 21:47:22.851 5458 5479 W Unity :
05-03 21:47:22.851 5458 5479 W Unity : (Filename: ./artifacts/AndroidManagedGenerated/UnityEngineDebug.cpp Line: 56)
05-03 21:47:22.851 5458 5479 W Unity :
05-03 21:47:23.153 5458 5479 W Unity : ALog-try default lang: 20 key: Service1
05-03 21:47:23.153 5458 5479 W Unity :
05-03 21:47:23.153 5458 5479 W Unity : (Filename: ./artifacts/AndroidManagedGenerated/UnityEngineDebug.cpp Line: 56)
05-03 21:47:23.153 5458 5479 W Unity :
05-03 21:47:23.154 5458 5479 W Unity : ALog-try default lang: 20 key: Service13
05-03 21:47:23.154 5458 5479 W Unity :
05-03 21:47:23.154 5458 5479 W Unity : (Filename: ./artifacts/AndroidManagedGenerated/UnityEngineDebug.cpp Line: 56)
05-03 21:47:23.154 5458 5479 W Unity :
05-03 21:47:23.158 5458 5479 W Unity : ALog-try default lang: 20 key: Fristloading1
05-03 21:47:23.158 5458 5479 W Unity :
05-03 21:47:23.158 5458 5479 W Unity : (Filename: ./artifacts/AndroidManagedGenerated/UnityEngineDebug.cpp Line: 56)
05-03 21:47:23.158 5458 5479 W Unity :
05-03 21:47:23.573 5458 5479 W Unity : ALog-try default lang: 20 key: LoadingInfo2
05-03 21:47:23.573 5458 5479 W Unity :
05-03 21:47:23.573 5458 5479 W Unity : (Filename: ./artifacts/AndroidManagedGenerated/UnityEngineDebug.cpp Line: 56)
05-03 21:47:23.573 5458 5479 W Unity :
05-03 21:47:23.573 5458 5479 W Unity : ALog-try default lang: 20 key: LoadingInfo5
05-03 21:47:23.573 5458 5479 W Unity :
05-03 21:47:23.573 5458 5479 W Unity : (Filename: ./artifacts/AndroidManagedGenerated/UnityEngineDebug.cpp Line: 56)
05-03 21:47:23.573 5458 5479 W Unity :
05-03 21:47:23.606 5458 5479 W Unity : ALog-try default lang: 20 key: LoadingInfo2
05-03 21:47:23.606 5458 5479 W Unity :
05-03 21:47:23.606 5458 5479 W Unity : (Filename: ./artifacts/AndroidManagedGenerated/UnityEngineDebug.cpp Line: 56)
05-03 21:47:23.606 5458 5479 W Unity :
05-03 21:47:23.606 5458 5479 W Unity : ALog-try default lang: 20 key: LoadingInfo5
05-03 21:47:23.606 5458 5479 W Unity :
05-03 21:47:23.606 5458 5479 W Unity : (Filename: ./artifacts/AndroidManagedGenerated/UnityEngineDebug.cpp Line: 56)
05-03 21:47:23.606 5458 5479 W Unity :
05-03 21:47:23.616 5458 5479 I Unity : ALog-Dev: ASUSTeK COMPUTER INC. X455LF CPU: Intel x86 SSE3 Mem: 3846 OS: Android OS 7.1.2 / API-25 (NJH47F/6accd22395)
05-03 21:47:23.616 5458 5479 I Unity :
05-03 21:47:23.616 5458 5479 I Unity : (Filename: ./artifacts/AndroidManagedGenerated/UnityEngineDebug.cpp Line: 56)
05-03 21:47:23.616 5458 5479 I Unity :
05-03 21:47:26.067 5458 5479 I Unity : ip: 161.202.210.235 port: 30102
05-03 21:47:26.067 5458 5479 I Unity :
05-03 21:47:26.067 5458 5479 I Unity : (Filename: ./artifacts/AndroidManagedGenerated/UnityEngineDebug.cpp Line: 56)
05-03 21:47:26.067 5458 5479 I Unity :
05-03 21:47:26.095 5458 5479 E Unity : Unable to find libmoba
05-03 21:47:26.096 5458 5479 I Unity : Lib Version:1.2
05-03 21:47:26.096 5458 5479 I Unity :
05-03 21:47:26.096 5458 5479 I Unity : (Filename: ./artifacts/AndroidManagedGenerated/UnityEngineDebug.cpp Line: 56)
05-03 21:47:26.096 5458 5479 I Unity :
05-03 21:47:26.333 5458 5479 W Adjust : PRODUCTION: Adjust is running in Production mode. Use this setting only for the build that you want to publish. Set the environment to `sandbox` if you want to test your app!
05-03 21:47:26.352 5458 5458 I AppsFlyer_4.7.3: Sending first launch for this session!
05-03 21:47:26.359 5458 5458 D AppsFlyer_4.7.3: Build Number: 332
05-03 21:47:26.361 5458 5479 D Aihelp : MainLifecycleCallback created.
05-03 21:47:26.361 5458 5479 D Aihelp : MainLifecycleCallback 构造函数。isUnity:true
05-03 21:47:26.361 5458 5479 D Aihelp : MainLifecycleCallback 构造函数。类:com.unity3d.player.UnityPlayer.父类:android.widget.FrameLayout
05-03 21:47:26.365 5458 5479 D Aihelp : init 接口。当前Activity:com.moba.unityplugin.MobaGameUnityActivity.应用Lancer Activity:com.moba.unityplugin.MobaGameMainActivity
05-03 21:47:26.367 1697 4395 E DatabaseUtils: Writing exception to parcel
05-03 21:47:26.367 1697 4395 E DatabaseUtils: java.lang.SecurityException: Permission denial: writing to settings requires:android.permission.WRITE_SECURE_SETTINGS
05-03 21:47:26.367 1697 4395 E DatabaseUtils: at com.android.providers.settings.SettingsProvider.enforceWritePermission(SettingsProvider.java:1341)
05-03 21:47:26.367 1697 4395 E DatabaseUtils: at com.android.providers.settings.SettingsProvider.mutateSecureSetting(SettingsProvider.java:944)
05-03 21:47:26.367 1697 4395 E DatabaseUtils: at com.android.providers.settings.SettingsProvider.insertSecureSetting(SettingsProvider.java:917)
05-03 21:47:26.367 1697 4395 E DatabaseUtils: at com.android.providers.settings.SettingsProvider.call(SettingsProvider.java:293)
05-03 21:47:26.367 1697 4395 E DatabaseUtils: at android.content.ContentProvider$Transport.call(ContentProvider.java:400)
05-03 21:47:26.367 1697 4395 E DatabaseUtils: at android.content.ContentProviderNative.onTransact(ContentProviderNative.java:283)
05-03 21:47:26.367 1697 4395 E DatabaseUtils: at android.os.Binder.execTransact(Binder.java:565)
05-03 21:47:26.372 1697 4395 I ActivityManager: Killing 3723:com.android.vending:instant_app_installer/u0a40 (adj 906): empty #17
05-03 21:47:26.387 1697 4395 D ActivityManager: cleanUpApplicationRecord -- 3723
05-03 21:47:26.496 5458 5458 I System.out: Elva init------
05-03 21:47:26.497 5458 5562 I System.out: Elva sendHttpRequest start ----!
05-03 21:47:26.507 5458 5555 E ActivityThread: Failed to find provider info for com.facebook.katana.provider.AttributionIdProvider
05-03 21:47:26.507 5458 5557 I AppsFlyer_4.7.3: sendTrackingWithEvent from activity: com.moba.unityplugin.MobaGameUnityActivity
05-03 21:47:26.507 5458 5557 I AppsFlyer_4.7.3: Trying to fetch GAID..
05-03 21:47:26.511 5458 5557 I AppsFlyer_4.7.3: ******* sendTrackingWithEvent: Launch
05-03 21:47:26.514 5458 5557 I AppsFlyer_4.7.3: Initialising KeyStore..
05-03 21:47:26.516 5458 5557 I AppsFlyer_4.7.3: Creating a new key with alias: com.appsflyer,KSAppsFlyerId=1525358741862-4581442736948890696,KSAppsFlyerRICounter=0
05-03 21:47:26.572 1398 1398 I surfaceflinger: type=1400 audit(0.0:332): avc: denied { ioctl } for path="/dev/dri/card0" dev="tmpfs" ino=8252 ioctlcmd=0x640b scontext=u:r:surfaceflinger:s0 tcontext=u:object_r:device:s0 tclass=chr_file permissive=1
05-03 21:47:26.638 5458 5479 W com.facebook.appevents.AppEventsLogger: activateApp events are being logged automatically. There's no need to call activateApp explicitly, this is safe to remove.
05-03 21:47:26.662 5458 5479 I ShareStream: ShareStream
05-03 21:47:26.683 5458 5479 W PopupManager: You have not specified a View to use as content view for popups. Falling back to the Activity content view. Note that this may not work as expected in multi-screen environments
05-03 21:47:26.736 5458 5479 I FA : App measurement is starting up, version: 10298
05-03 21:47:26.736 5458 5479 I FA : To enable debug logging run: adb shell setprop log.tag.FA VERBOSE
05-03 21:47:26.737 5458 5479 I FA : To enable faster debug mode event logging run:
05-03 21:47:26.737 5458 5479 I FA : adb shell setprop debug.firebase.analytics.app com.mobile.legends
05-03 21:47:26.766 5458 5583 W FA : Failed to retrieve Firebase Instance Id
05-03 21:47:26.785 5458 5470 I art : Background sticky concurrent mark sweep GC freed 49871(5MB) AllocSpace objects, 19(380KB) LOS objects, 32% free, 6MB/9MB, paused 565us total 122.016ms
05-03 21:47:26.997 5458 5557 W AppsFlyer_4.7.3: Exception while collecting facebook's attribution ID.
05-03 21:47:26.997 5458 5557 I AppsFlyer_4.7.3: IMEI was not collected.
05-03 21:47:26.998 5458 5557 I AppsFlyer_4.7.3: Android ID was not collected.
05-03 21:47:26.999 5458 5557 D AppsFlyer_4.7.3: AppsFlyer: first launch detected
05-03 21:47:26.999 5458 5557 I AppsFlyer_4.7.3: AppsFlyer: first launch date: 2018-05-03_214726+0700
05-03 21:47:27.001 5458 5557 D AppsFlyer_4.7.3: didConfigureTokenRefreshService=true
05-03 21:47:27.002 5458 5557 I AppsFlyer_4.7.3: AppsFlyerLib.sendTrackingWithEvent
05-03 21:47:27.002 5458 5557 I AppsFlyer_4.7.3: url: https://t.appsflyer.com/api/v4/androidevent?buildnumber=4.7.3&app_id=com.mobile.legends
05-03 21:47:27.002 5458 5557 I AppsFlyer_4.7.3: data: {"device":"android_x86_64","firstLaunchDate":"2018-05-03_214726+0700","installDate":"2018-05-03_214541+0700","sdk":"25","referrer":"utm_source=google-play&utm_medium=organic","carrier":"","batteryLevel":"95.0","deviceFingerPrintId":"ffffffff-bf3b-a975-ffff-ffffef05ac4a","date1":"2018-05-03_214541+0700","af_preinstalled":"false","advertiserIdEnabled":"true","af_sdks":"0100000000","iaecounter":"0","appsflyerKey":"U********************8","lang_code":"in","registeredUninstall":false,"installer_package":"com.android.vending","app_version_name":"1.2.72.2751","lang":"Indonesia","timepassedsincelastlaunch":"0","advertiserId":"9c11fd4f-198f-4ed6-9399-bbbd0c58fdb3","isGaidWithGps":"true","deviceData":{"build_display_id":"cm_android_x86_64-userdebug 7.1.2 NJH47F 6accd22395 test-keys","arch":"","cpu_abi":"x86_64","cpu_abi2":""},"af_v2":"e082e856af722f1e64475d35c0ad1605aea45e73","deviceType":"userdebug","af_v":"8ec05e6ec895eb1b48380d2b0c2da75e4704680a","app_version_code":"12722751","af_events_api":"1","platformextension":"android_unity","network":"WIFI","operator":"","country":"ID","date2":"2018-05-03_214541+0700","brand":"Android-x86","extraReferrers":"{\"utm_source=google-play&utm_medium=organic\":\"[1525358814078]\"}","af_timestamp":"1525358846511","uid":"1525358741862-4581442736948890696","isFirstCall":"true","counter":"1","model":"X455LF","product":"cm_android_x86_64"}
05-03 21:47:27.379 5458 5571 D GraphRequest: Warning: Request without access token missing application ID or client token.
05-03 21:47:27.490 5458 5479 W System : ClassLoader referenced unknown path:
05-03 21:47:27.490 5458 5479 W System : ClassLoader referenced unknown path: /system/priv-app/GmsCore/lib/x86
05-03 21:47:27.491 5458 5479 D ApplicationLoaders: ignored Vulkan layer search path /system/priv-app/GmsCore/lib/x86:/system/fake-libs:/system/priv-app/GmsCore/GmsCore.apk!/lib/x86:/system/lib:/vendor/lib for namespace 0xf14e60d0
05-03 21:47:27.797 5458 5470 W art : Suspending all threads took: 20.673ms
05-03 21:47:27.815 5458 5470 I art : Background partial concurrent mark sweep GC freed 90264(4MB) AllocSpace objects, 7(956KB) LOS objects, 39% free, 3MB/6MB, paused 21.181ms total 116.216ms
05-03 21:47:27.863 5458 5479 W System : ClassLoader referenced unknown path: /data/user_de/0/com.google.android.gms/app_chimera/m/00000001/n/x86
05-03 21:47:27.863 5458 5479 W System : ClassLoader referenced unknown path: /data/user_de/0/com.google.android.gms/app_chimera/m/00000001/n/armeabi-v7a
05-03 21:47:27.863 5458 5479 W System : ClassLoader referenced unknown path: /data/user_de/0/com.google.android.gms/app_chimera/m/00000001/n/armeabi
05-03 21:47:27.864 5458 5479 D DynamitePackage: Instantiated singleton DynamitePackage.
05-03 21:47:27.864 5458 5479 D DynamitePackage: Instantiating com.google.android.gms.ads.ChimeraMobileAdsSettingManagerCreatorImpl
05-03 21:47:27.907 5458 5479 W System : ClassLoader referenced unknown path: /system/app/webview/lib/x86
05-03 21:47:27.908 5458 5479 D ApplicationLoaders: ignored Vulkan layer search path /system/app/webview/lib/x86:/system/app/webview/webview.apk!/lib/x86:/system/lib:/vendor/lib for namespace 0xf14e6110
05-03 21:47:27.909 5458 5479 I WebViewFactory: Loading com.android.webview version 65.0.3325.144 (code 332514460)
05-03 21:47:27.917 5458 5479 I cr_LibraryLoader: Time to load native libraries: 1 ms (timestamps 3159-3160)
05-03 21:47:27.923 5458 5458 I chromium: [INFO:library_loader_hooks.cc(36)] Chromium logging enabled: level = 0, default verbosity = 0
05-03 21:47:27.923 5458 5458 I cr_LibraryLoader: Expected native library version number "65.0.3325.144", actual native library version number "65.0.3325.144"
05-03 21:47:28.010 5458 5458 I cr_BrowserStartup: Initializing chromium process, singleProcess=true
05-03 21:47:28.010 5458 5458 I cr_base : Android Locale: in_ID requires .pak files: []
05-03 21:47:28.123 5458 5562 I System.out: Elva SendRequestTask result:{"faqdataForm":"https://cs30.net/elva/api/faqs2","svrip":"169.44.24.179","time":1525358839.5749652,"faqYYdata":"https://cs30.net/elva/api/faqs1","point":"https://cs30.net/elva/api/point","botEnable":"false","showfaq":"https://cs30.net/elva/FAQ/ShowFAQ.aspx","show_url":"https://cs30.net/elva/mFAQ/show.aspx","initPeriod":0,"svrport":"1883","topic":"topic","showfaqlist":"https://cs30.net/elva/mFAQ/Naval.aspx","upload":"https://cs30.net/FileService/api/upload","ip":"10.155.192.2_114.142.169.51","faqdata":"https://cs30.net/elva/api/faqs"}
05-03 21:47:28.834 5458 5557 D AppsFlyer_4.7.3: response code: 200
05-03 21:47:29.244 5458 5570 W cr_CrashFileManager: /data/user/0/com.mobile.legends/cache/WebView/Crash Reports does not exist or is not a directory
05-03 21:47:29.275 5458 5479 W art : Long monitor contention with owner main (5458) at void com.android.webview.chromium.WebViewChromiumFactoryProvider$1.run()(WebViewChromiumFactoryProvider.java:346) waiters=1 in void java.lang.Object.wait!() for 1.316s
05-03 21:47:29.305 5458 5622 E chromium: [ERROR:devtools_http_handler.cc(249)] Cannot start http server for devtools. Stop devtools.
05-03 21:47:29.309 5458 5458 D DynamitePackage: Instantiating com.google.android.gms.ads.reward.ChimeraRewardedVideoAdCreatorImpl
05-03 21:47:29.446 5458 5626 I AppsFlyer_4.7.3: sendTrackingWithEvent from activity: com.moba.unityplugin.MobaGameUnityActivity
05-03 21:47:29.446 5458 5626 I AppsFlyer_4.7.3: Trying to fetch GAID..
05-03 21:47:29.454 5458 5626 I AppsFlyer_4.7.3: ******* sendTrackingWithEvent: Registration
05-03 21:47:29.456 5458 5626 W AppsFlyer_4.7.3: Exception while collecting facebook's attribution ID.
05-03 21:47:29.457 5458 5626 I AppsFlyer_4.7.3: IMEI was not collected.
05-03 21:47:29.460 5458 5626 I AppsFlyer_4.7.3: Android ID was not collected.
05-03 21:47:29.461 5458 5626 I AppsFlyer_4.7.3: AppsFlyer: first launch date: 2018-05-03_214726+0700
05-03 21:47:29.462 5458 5626 D AppsFlyer_4.7.3: didConfigureTokenRefreshService=true
05-03 21:47:29.462 5458 5626 I AppsFlyer_4.7.3: AppsFlyerLib.sendTrackingWithEvent
05-03 21:47:29.462 5458 5626 I AppsFlyer_4.7.3: url: https://events.appsflyer.com/api/v4/androidevent?buildnumber=4.7.3&app_id=com.mobile.legends
05-03 21:47:29.463 5458 5626 I AppsFlyer_4.7.3: data: {"device":"android_x86_64","firstLaunchDate":"2018-05-03_214726+0700","installDate":"2018-05-03_214541+0700","sdk":"25","referrer":"utm_source=google-play&utm_medium=organic","carrier":"","deviceFingerPrintId":"ffffffff-bf3b-a975-ffff-ffffef05ac4a","date1":"2018-05-03_214541+0700","af_preinstalled":"false","advertiserIdEnabled":"true","iaecounter":"1","appsflyerKey":"U********************8","lang_code":"in","registeredUninstall":false,"installer_package":"com.android.vending","app_version_name":"1.2.72.2751","lang":"Indonesia","eventName":"Registration","advertiserId":"9c11fd4f-198f-4ed6-9399-bbbd0c58fdb3","isGaidWithGps":"true","deviceData":{"build_display_id":"cm_android_x86_64-userdebug 7.1.2 NJH47F 6accd22395 test-keys","arch":"","cpu_abi":"x86_64","cpu_abi2":""},"af_v2":"0537cbeeb332404a60c9acbbc1ef2da3a992afdf","deviceType":"userdebug","af_v":"1190ccc68b96e0d6161eb2e3443b0e985d432d9a","app_version_code":"12722751","eventValue":"{}","af_events_api":"1","platformextension":"android_unity","network":"WIFI","operator":"","country":"ID","date2":"2018-05-03_214541+0700","brand":"Android-x86","extraReferrers":"{\"utm_source=google-play&utm_medium=organic\":\"[1525358814078]\"}","af_timestamp":"1525358849454","uid":"1525358741862-4581442736948890696","isFirstCall":"false","counter":"1","model":"X455LF","product":"cm_android_x86_64"}
05-03 21:47:29.737 5633 5633 W dex2oat : Unexpected CPU variant for X86 using defaults: x86
05-03 21:47:29.737 5633 5633 W dex2oat : Mismatch between dex2oat instruction set features (ISA: X86 Feature string: smp,-ssse3,-sse4.1,-sse4.2,-avx,-avx2,-lock_add,-popcnt) and those of dex2oat executable (ISA: X86 Feature string: smp,ssse3,sse4.1,sse4.2,-avx,-avx2,-lock_add,popcnt) for the command line:
