--------- beginning of system
05-03 14:32:14.263 1371 1371 I vold : Vold 3.0 (the awakening) firing up
05-03 14:32:14.264 1371 1371 V vold : Detected support for: exfat ext4 f2fs iso9660 ntfs vfat
05-03 14:32:14.345 1371 1377 D vold : e4crypt_init_user0
05-03 14:32:14.345 1371 1377 D vold : e4crypt_prepare_user_storage for volume null, user 0, serial 0, flags 1
05-03 14:32:14.345 1371 1377 D vold : Preparing: /data/system/users/0
05-03 14:32:14.352 1371 1377 D vold : Preparing: /data/misc/profiles/cur/0
05-03 14:32:14.362 1371 1377 D vold : Preparing: /data/misc/profiles/cur/0/foreign-dex
05-03 14:32:14.362 1371 1377 D vold : Preparing: /data/system_de/0
05-03 14:32:14.371 1371 1377 D vold : Preparing: /data/misc_de/0
05-03 14:32:14.383 1371 1377 D vold : Preparing: /data/user_de/0
05-03 14:32:14.390 1371 1375 D vold : Found a CDROM: /sys//devices/pci0000:00/0000:00:1f.2/ata2/host1/target1:0:0/1:0:0:0/block/sr0
05-03 14:32:14.390 1371 1375 W vold : sgdisk failed to scan /dev/block/vold/disk:11_0
05-03 14:32:14.390 1371 1375 V vold : /system/bin/blkid
05-03 14:32:14.390 1371 1375 V vold : -c
05-03 14:32:14.390 1371 1375 V vold : /dev/null
05-03 14:32:14.390 1371 1375 V vold : -s
05-03 14:32:14.390 1371 1375 V vold : TYPE
05-03 14:32:14.390 1371 1375 V vold : -s
05-03 14:32:14.390 1371 1375 V vold : UUID
05-03 14:32:14.390 1371 1375 V vold : -s
05-03 14:32:14.390 1371 1375 V vold : LABEL
05-03 14:32:14.390 1371 1375 V vold : /dev/block/vold/disk:11_0
05-03 14:32:14.393 1371 1377 D vold : e4crypt_unlock_user_key 0 serial=0 token_present=0
05-03 14:32:14.463 1371 1375 E vold : Failed to pclose /system/bin/blkid -c /dev/null -s TYPE -s UUID -s LABEL /dev/block/vold/disk:11_0 : No medium found
05-03 14:32:14.463 1371 1375 W vold : blkid failed to identify /dev/block/vold/disk:11_0
05-03 14:32:15.226 1371 1375 D vold : Disk at 7:2 changed
05-03 14:32:15.538 1371 1375 D vold : Disk at 7:3 changed
05-03 14:32:35.251 1697 1697 I InstallerConnection: connecting...
05-03 14:32:35.397 1697 1697 I InstallerConnection: disconnecting...
05-03 14:32:35.644 1697 1697 I SystemServer: Entered the Android system server!
05-03 14:32:36.232 1697 1697 I SystemServiceManager: Starting com.android.server.pm.Installer
05-03 14:32:36.272 1697 1697 I Installer: Waiting for installd to be ready.
05-03 14:32:36.272 1697 1697 I InstallerConnection: connecting...
05-03 14:32:36.272 1697 1697 I SystemServiceManager: Starting com.android.server.am.ActivityManagerService$Lifecycle
05-03 14:32:36.395 1697 1697 I ActivityManager: Memory class: 192
05-03 14:32:36.485 1697 1697 D BatteryStatsImpl: Reading daily items from /data/system/batterystats-daily.xml
05-03 14:32:36.730 1697 1697 I IntentFirewall: Read new rules (A:0 B:0 S:0)
05-03 14:32:36.750 1697 1697 D AppOps : AppOpsService published
05-03 14:32:36.750 1697 1697 I SystemServiceManager: Starting com.android.server.power.PowerManagerService
05-03 14:32:36.790 1697 1697 I SystemServiceManager: Starting com.android.server.lights.LightsService
05-03 14:32:36.805 1697 1697 I SystemServiceManager: Starting com.android.server.display.DisplayManagerService
05-03 14:32:36.817 1697 1697 I SystemServiceManager: Starting phase 100
05-03 14:32:36.849 1697 1718 I DisplayManagerService: Display device added: DisplayDeviceInfo{"Layar Bawaan": uniqueId="local:0", 1366 x 768, modeId 1, defaultModeId 1, supportedModes [{id=1, width=1366, height=768, fps=60.000004}], colorMode 0, supportedColorModes [0], HdrCapabilities android.view.Display$HdrCapabilities@a69d6308, density 160, 111.0 x 114.0 dpi, appVsyncOff 1000000, presDeadline 16666666, touch INTERNAL, rotation 0, type BUILT_IN, state UNKNOWN, FLAG_DEFAULT_DISPLAY, FLAG_ROTATES_WITH_CONTENT, FLAG_SECURE, FLAG_SUPPORTS_PROTECTED_BUFFERS}
05-03 14:32:36.849 1697 1718 I DisplayManagerService: Display device changed state: "Layar Bawaan", ON
05-03 14:32:36.849 1697 1697 I SystemServer: StartPackageManagerService
05-03 14:32:37.089 1697 1697 D SELinuxMMAC: Using policy file /system/etc/security/mac_permissions.xml
05-03 14:32:37.329 1697 1697 W PackageManager: Library not found: /system/framework/org.apache.http.legacy.jar
05-03 14:32:37.430 1697 1697 W PackageManager: Library not found: /system/framework/org.apache.http.legacy.jar
05-03 14:32:37.529 1697 1726 W PackageManager: Permission cyanogenmod.permission.WRITE_ALARMS from package cyanogenmod.platform in an unknown group android.permission-group.SYSTEM_CLOCK
05-03 14:32:37.529 1697 1726 W PackageManager: Permission cyanogenmod.permission.MANAGE_ALARMS from package cyanogenmod.platform in an unknown group android.permission-group.SYSTEM_CLOCK
05-03 14:32:37.529 1697 1726 W PackageManager: Permission cyanogenmod.permission.READ_ALARMS from package cyanogenmod.platform in an unknown group android.permission-group.SYSTEM_CLOCK
05-03 14:32:38.219 1697 1728 W PackageParser: No actions in intent filter at /system/priv-app/Contacts/Contacts.apk Binary XML file line #431
05-03 14:32:38.276 1697 1729 W PackageManager: Permission android.permission.DOWNLOAD_WITHOUT_NOTIFICATION from package com.android.providers.downloads in an unknown group android.permission-group.NETWORK
05-03 14:32:38.577 1697 1726 W PackageParser: No actions in intent filter at /system/priv-app/Dialer/Dialer.apk Binary XML file line #207
05-03 14:32:38.815 1697 1725 W PackageParser: Unknown element under : uses-library at /system/priv-app/GoogleFeedback/GoogleFeedback.apk Binary XML file line #33
05-03 14:32:38.935 1697 1728 W PackageParser: Ignoring duplicate uses-permissions/uses-permissions-sdk-m: com.google.android.providers.gsf.permission.READ_GSERVICES in package: com.google.android.partnersetup at: Binary XML file line #32
05-03 14:32:39.150 1697 1729 W PackageManager: Permission com.google.android.googleapps.permission.GOOGLE_AUTH from package com.google.android.gsf in an unknown group android.permission-group.ACCOUNTS
05-03 14:32:39.150 1697 1729 W PackageManager: Permission com.google.android.googleapps.permission.GOOGLE_AUTH.ALL_SERVICES from package com.google.android.gsf in an unknown group android.permission-group.ACCOUNTS
05-03 14:32:39.150 1697 1729 W PackageManager: Permission com.google.android.googleapps.permission.GOOGLE_AUTH.OTHER_SERVICES from package com.google.android.gsf in an unknown group android.permission-group.ACCOUNTS
05-03 14:32:39.150 1697 1729 W PackageManager: Permission com.google.android.googleapps.permission.GOOGLE_AUTH.mail from package com.google.android.gsf in an unknown group android.permission-group.ACCOUNTS
05-03 14:32:39.150 1697 1729 W PackageManager: Permission com.google.android.googleapps.permission.GOOGLE_AUTH.cl from package com.google.android.gsf in an unknown group android.permission-group.ACCOUNTS
05-03 14:32:39.150 1697 1729 W PackageManager: Permission com.google.android.googleapps.permission.GOOGLE_AUTH.android from package com.google.android.gsf in an unknown group android.permission-group.ACCOUNTS
05-03 14:32:39.150 1697 1729 W PackageManager: Permission com.google.android.googleapps.permission.GOOGLE_AUTH.androidsecure from package com.google.android.gsf in an unknown group android.permission-group.ACCOUNTS
05-03 14:32:39.150 1697 1729 W PackageManager: Permission com.google.android.googleapps.permission.GOOGLE_AUTH.sierra from package com.google.android.gsf in an unknown group android.permission-group.ACCOUNTS
05-03 14:32:39.150 1697 1729 W PackageManager: Permission com.google.android.googleapps.permission.GOOGLE_AUTH.sierraqa from package com.google.android.gsf in an unknown group android.permission-group.ACCOUNTS
05-03 14:32:39.150 1697 1729 W PackageManager: Permission com.google.android.googleapps.permission.GOOGLE_AUTH.sierrasandbox from package com.google.android.gsf in an unknown group android.permission-group.ACCOUNTS
05-03 14:32:39.150 1697 1729 W PackageManager: Permission com.google.android.googleapps.permission.GOOGLE_AUTH.youtube from package com.google.android.gsf in an unknown group android.permission-group.ACCOUNTS
05-03 14:32:39.150 1697 1729 W PackageManager: Permission com.google.android.googleapps.permission.GOOGLE_AUTH.YouTubeUser from package com.google.android.gsf in an unknown group android.permission-group.ACCOUNTS
05-03 14:32:39.150 1697 1729 W PackageManager: Permission com.google.android.googleapps.permission.GOOGLE_AUTH.talk from package com.google.android.gsf in an unknown group android.permission-group.ACCOUNTS
05-03 14:32:39.150 1697 1729 W PackageManager: Permission com.google.android.googleapps.permission.GOOGLE_AUTH.ig from package com.google.android.gsf in an unknown group android.permission-group.ACCOUNTS
05-03 14:32:39.150 1697 1729 W PackageManager: Permission com.google.android.googleapps.permission.GOOGLE_AUTH.lh2 from package com.google.android.gsf in an unknown group android.permission-group.ACCOUNTS
05-03 14:32:39.150 1697 1729 W PackageManager: Permission com.google.android.googleapps.permission.GOOGLE_AUTH.mobile from package com.google.android.gsf in an unknown group android.permission-group.ACCOUNTS
05-03 14:32:39.150 1697 1729 W PackageManager: Permission com.google.android.googleapps.permission.GOOGLE_AUTH.cp from package com.google.android.gsf in an unknown group android.permission-group.ACCOUNTS
05-03 14:32:39.150 1697 1729 W PackageManager: Permission com.google.android.googleapps.permission.GOOGLE_AUTH.adsense from package com.google.android.gsf in an unknown group android.permission-group.ACCOUNTS
05-03 14:32:39.150 1697 1729 W PackageManager: Permission com.google.android.googleapps.permission.GOOGLE_AUTH.adwords from package com.google.android.gsf in an unknown group android.permission-group.ACCOUNTS
05-03 14:32:39.150 1697 1729 W PackageManager: Permission com.google.android.googleapps.permission.GOOGLE_AUTH.blogger from package com.google.android.gsf in an unknown group android.permission-group.ACCOUNTS
05-03 14:32:39.150 1697 1729 W PackageManager: Permission com.google.android.googleapps.permission.GOOGLE_AUTH.dodgeball from package com.google.android.gsf in an unknown group android.permission-group.ACCOUNTS
05-03 14:32:39.150 1697 1729 W PackageManager: Permission com.google.android.googleapps.permission.GOOGLE_AUTH.gbase from package com.google.android.gsf in an unknown group android.permission-group.ACCOUNTS
05-03 14:32:39.150 1697 1729 W PackageManager: Permission com.google.android.googleapps.permission.GOOGLE_AUTH.groups2 from package com.google.android.gsf in an unknown group android.permission-group.ACCOUNTS
05-03 14:32:39.150 1697 1729 W PackageManager: Permission com.google.android.googleapps.permission.GOOGLE_AUTH.health from package com.google.android.gsf in an unknown group android.permission-group.ACCOUNTS
05-03 14:32:39.150 1697 1729 W PackageManager: Permission com.google.android.googleapps.permission.GOOGLE_AUTH.jotspot from package com.google.android.gsf in an unknown group android.permission-group.ACCOUNTS
05-03 14:32:39.150 1697 1729 W PackageManager: Permission com.google.android.googleapps.permission.GOOGLE_AUTH.knol from package com.google.android.gsf in an unknown group android.permission-group.ACCOUNTS
05-03 14:32:39.150 1697 1729 W PackageManager: Permission com.google.android.googleapps.permission.GOOGLE_AUTH.news from package com.google.android.gsf in an unknown group android.permission-group.ACCOUNTS
05-03 14:32:39.150 1697 1729 W PackageManager: Permission com.google.android.googleapps.permission.GOOGLE_AUTH.orkut from package com.google.android.gsf in an unknown group android.permission-group.ACCOUNTS
05-03 14:32:39.150 1697 1729 W PackageManager: Permission com.google.android.googleapps.permission.GOOGLE_AUTH.print from package com.google.android.gsf in an unknown group android.permission-group.ACCOUNTS
05-03 14:32:39.150 1697 1729 W PackageManager: Permission com.google.android.googleapps.permission.GOOGLE_AUTH.sitemaps from package com.google.android.gsf in an unknown group android.permission-group.ACCOUNTS
05-03 14:32:39.150 1697 1729 W PackageManager: Permission com.google.android.googleapps.permission.GOOGLE_AUTH.wifi from package com.google.android.gsf in an unknown group android.permission-group.ACCOUNTS
05-03 14:32:39.150 1697 1729 W PackageManager: Permission com.google.android.googleapps.permission.GOOGLE_AUTH.finance from package com.google.android.gsf in an unknown group android.permission-group.ACCOUNTS
05-03 14:32:39.150 1697 1729 W PackageManager: Permission com.google.android.googleapps.permission.GOOGLE_AUTH.local from package com.google.android.gsf in an unknown group android.permission-group.ACCOUNTS
05-03 14:32:39.150 1697 1729 W PackageManager: Permission com.google.android.googleapps.permission.GOOGLE_AUTH.ah from package com.google.android.gsf in an unknown group android.permission-group.ACCOUNTS
05-03 14:32:39.150 1697 1729 W PackageManager: Permission com.google.android.googleapps.permission.GOOGLE_AUTH.notebook from package com.google.android.gsf in an unknown group android.permission-group.ACCOUNTS
05-03 14:32:39.150 1697 1729 W PackageManager: Permission com.google.android.googleapps.permission.GOOGLE_AUTH.writely from package com.google.android.gsf in an unknown group android.permission-group.ACCOUNTS
05-03 14:32:39.150 1697 1729 W PackageManager: Permission com.google.android.googleapps.permission.GOOGLE_AUTH.wise from package com.google.android.gsf in an unknown group android.permission-group.ACCOUNTS
05-03 14:32:39.150 1697 1729 W PackageManager: Permission com.google.android.googleapps.permission.GOOGLE_AUTH.grandcentral from package com.google.android.gsf in an unknown group android.permission-group.ACCOUNTS
05-03 14:32:39.150 1697 1729 W PackageManager: Permission com.google.android.googleapps.permission.GOOGLE_AUTH.speechpersonalization from package com.google.android.gsf in an unknown group android.permission-group.ACCOUNTS
05-03 14:32:39.150 1697 1729 W PackageManager: Permission com.google.android.googleapps.permission.GOOGLE_AUTH.speech from package com.google.android.gsf in an unknown group android.permission-group.ACCOUNTS
05-03 14:32:39.150 1697 1729 W PackageManager: Permission com.google.android.providers.talk.permission.READ_ONLY from package com.google.android.gsf in an unknown group android.permission-group.MESSAGES
05-03 14:32:39.150 1697 1729 W PackageManager: Permission com.google.android.providers.talk.permission.WRITE_ONLY from package com.google.android.gsf in an unknown group android.permission-group.MESSAGES
05-03 14:32:39.150 1697 1729 W PackageManager: Permission com.google.android.gtalkservice.permission.GTALK_SERVICE from package com.google.android.gsf in an unknown group android.permission-group.MESSAGES
05-03 14:32:39.150 1697 1729 W PackageManager: Permission com.google.android.gtalkservice.permission.SEND_HEARTBEAT from package com.google.android.gsf in an unknown group android.permission-group.NETWORK
05-03 14:32:39.150 1697 1729 W PackageManager: Permission com.google.android.permission.BROADCAST_DATA_MESSAGE from package com.google.android.gsf in an unknown group android.permission-group.NETWORK
05-03 14:32:39.150 1697 1729 W PackageManager: Permission com.google.android.c2dm.permission.SEND from package com.google.android.gsf in an unknown group android.permission-group.NETWORK
05-03 14:32:39.150 1697 1729 W PackageManager: Permission com.google.android.c2dm.permission.RECEIVE from package com.google.android.gsf in an unknown group android.permission-group.NETWORK
05-03 14:32:39.150 1697 1729 W PackageManager: Permission com.google.android.xmpp.permission.BROADCAST from package com.google.android.gsf in an unknown group android.permission-group.NETWORK
05-03 14:32:39.150 1697 1729 W PackageManager: Permission com.google.android.xmpp.permission.SEND_RECEIVE from package com.google.android.gsf in an unknown group android.permission-group.NETWORK
05-03 14:32:39.150 1697 1729 W PackageManager: Permission com.google.android.xmpp.permission.XMPP_ENDPOINT_BROADCAST from package com.google.android.gsf in an unknown group android.permission-group.NETWORK
05-03 14:32:39.150 1697 1729 W PackageManager: Permission com.google.android.xmpp.permission.USE_XMPP_ENDPOINT from package com.google.android.gsf in an unknown group android.permission-group.NETWORK
05-03 14:32:39.150 1697 1729 W PackageManager: Permission com.google.android.providers.gsf.permission.READ_GSERVICES from package com.google.android.gsf in an unknown group android.permission-group.ACCOUNTS
05-03 14:32:39.572 1697 1727 W PackageManager: Permission com.google.android.gms.permission.ACTIVITY_RECOGNITION from package com.google.android.gms in an unknown group android.permission-group.PERSONAL_INFO
05-03 14:32:39.881 1697 1727 W PackageParser: Ignoring duplicate uses-permissions/uses-permissions-sdk-m: android.permission.INSTALL_GRANT_RUNTIME_PERMISSIONS in package: com.android.shell at: Binary XML file line #102
05-03 14:32:39.989 1697 1729 W PackageManager: Failed to parse /system/priv-app/Phonesky: Package com.android.vending at /system/priv-app/Phonesky ignored: updated version 80980700 better than this 80971100
05-03 14:32:40.559 1697 1726 W PackageManager: Permission com.android.launcher.permission.INSTALL_SHORTCUT from package com.cyanogenmod.trebuchet in an unknown group android.permission-group.SYSTEM_TOOLS
05-03 14:32:40.559 1697 1726 W PackageManager: Permission com.android.launcher3.permission.READ_SETTINGS from package com.cyanogenmod.trebuchet in an unknown group android.permission-group.SYSTEM_TOOLS
05-03 14:32:40.559 1697 1726 W PackageManager: Permission com.android.launcher3.permission.WRITE_SETTINGS from package com.cyanogenmod.trebuchet in an unknown group android.permission-group.SYSTEM_TOOLS
05-03 14:32:40.740 1697 1730 W PackageParser: Ignoring duplicate uses-permissions/uses-permissions-sdk-m: android.permission.CONFIGURE_WIFI_DISPLAY in package: com.android.systemui at: Binary XML file line #117
05-03 14:32:41.059 1697 1725 W PackageParser: Ignoring duplicate uses-permissions/uses-permissions-sdk-m: android.permission.USE_CREDENTIALS in package: com.android.settings at: Binary XML file line #56
05-03 14:32:41.059 1697 1725 W PackageParser: Ignoring duplicate uses-permissions/uses-permissions-sdk-m: android.permission.READ_SYNC_SETTINGS in package: com.android.settings at: Binary XML file line #61
05-03 14:32:41.059 1697 1725 W PackageParser: Ignoring duplicate uses-permissions/uses-permissions-sdk-m: android.permission.WRITE_SYNC_SETTINGS in package: com.android.settings at: Binary XML file line #62
05-03 14:32:41.329 1697 1728 W PackageParser: Ignoring duplicate uses-permissions/uses-permissions-sdk-m: android.permission.READ_PHONE_STATE in package: com.google.android.googlequicksearchbox at: Binary XML file line #233
05-03 14:32:41.329 1697 1728 W PackageParser: Ignoring duplicate uses-permissions/uses-permissions-sdk-m: android.permission.CAMERA in package: com.google.android.googlequicksearchbox at: Binary XML file line #269
05-03 14:32:41.434 1697 1728 W PackageManager: Permission com.google.android.launcher.permission.READ_SETTINGS from package com.google.android.googlequicksearchbox in an unknown group android.permission-group.SYSTEM_TOOLS
05-03 14:32:41.434 1697 1728 W PackageManager: Permission com.google.android.launcher.permission.WRITE_SETTINGS from package com.google.android.googlequicksearchbox in an unknown group android.permission-group.SYSTEM_TOOLS
05-03 14:32:41.434 1697 1728 W PackageManager: Permission com.android.launcher.permission.INSTALL_SHORTCUT from package com.google.android.googlequicksearchbox in an unknown group android.permission-group.SYSTEM_TOOLS
05-03 14:32:41.573 1697 1726 W PackageManager: Non-privileged app; cap priority to 0; package: com.android.cts.ctsshim activity: com.android.cts.ctsshim.InstallPriority origPrio: 100
05-03 14:32:41.573 1697 1726 W PackageManager: Non-privileged app; cap priority to 0; package: com.android.cts.ctsshim activity: com.android.cts.ctsshim.InstallPriority origPrio: 100
05-03 14:32:41.573 1697 1726 W PackageManager: Non-privileged app; cap priority to 0; package: com.android.cts.ctsshim activity: com.android.cts.ctsshim.InstallPriority origPrio: 100
05-03 14:32:41.573 1697 1726 W PackageManager: Non-privileged app; cap priority to 0; package: com.android.cts.ctsshim activity: com.android.cts.ctsshim.InstallPriority origPrio: 100
05-03 14:32:41.573 1697 1726 W PackageManager: Non-privileged app; cap priority to 0; package: com.android.cts.ctsshim activity: com.android.cts.ctsshim.InstallPriority origPrio: 100
05-03 14:32:41.584 1697 1730 W PackageParser: No actions in intent filter at /system/app/Bluetooth/Bluetooth.apk Binary XML file line #226
05-03 14:32:41.612 1697 1727 W PackageParser: No actions in intent filter at /system/app/AndroidTerm/AndroidTerm.apk Binary XML file line #149
05-03 14:32:41.892 1697 1728 W PackageManager: Non-privileged app; cap priority to 0; package: com.android.calendar activity: com.android.calendar.GoogleCalendarUriIntentFilter origPrio: 50
05-03 14:32:41.946 1697 1726 W PackageParser: Ignoring duplicate uses-permissions/uses-permissions-sdk-m: android.permission.WRITE_SETTINGS in package: com.android.deskclock at: Binary XML file line #45
05-03 14:32:42.290 1697 1729 W PackageParser: Unknown element under : permission at /system/app/Gallery2/Gallery2.apk Binary XML file line #233
05-03 14:32:42.290 1697 1729 W PackageParser: Unknown element under : permission at /system/app/Gallery2/Gallery2.apk Binary XML file line #236
05-03 14:32:42.788 1697 1727 W PackageParser: No actions in intent filter at /system/app/Gmail2/Gmail2.apk Binary XML file line #281
05-03 14:32:42.845 1697 1727 W PackageManager: Permission com.google.android.gm.email.permission.READ_ATTACHMENT from package com.google.android.gm in an unknown group android.permission-group.MESSAGES
05-03 14:32:42.845 1697 1727 W PackageManager: Permission com.google.android.gm.permission.READ_GMAIL from package com.google.android.gm in an unknown group android.permission-group.MESSAGES
05-03 14:32:42.845 1697 1727 W PackageManager: Permission com.google.android.gm.permission.WRITE_GMAIL from package com.google.android.gm in an unknown group android.permission-group.MESSAGES
05-03 14:32:42.845 1697 1727 W PackageManager: Permission com.google.android.gm.permission.AUTO_SEND from package com.google.android.gm in an unknown group android.permission-group.MESSAGES
05-03 14:32:42.846 1697 1727 W PackageManager: Permission com.google.android.gm.permission.READ_CONTENT_PROVIDER from package com.google.android.gm in an unknown group android.permission-group.MESSAGES
05-03 14:32:43.605 1697 1728 W PackageManager: Permission com.android.vending.appdiscoveryservice.permission.ACCESS_APP_DISCOVERY_SERVICE from package com.android.vending in an unknown group android.permission-group.NETWORK
05-03 14:32:43.605 1697 1728 W PackageManager: Permission com.android.vending.CHECK_LICENSE from package com.android.vending in an unknown group android.permission-group.NETWORK
05-03 14:32:43.605 1697 1728 W PackageManager: Permission com.android.vending.BILLING from package com.android.vending in an unknown group android.permission-group.NETWORK
05-03 14:32:43.605 1697 1728 W PackageManager: Permission com.android.vending.p2p.APP_INSTALL_API from package com.android.vending in an unknown group android.permission-group.NETWORK
05-03 14:32:43.620 1697 1697 W PackageManager: Protected action; cap priority to 0; package: com.android.cts.priv.ctsshim activity: com.android.cts.priv.ctsshim.InstallPriority origPrio: 100
05-03 14:32:43.620 1697 1697 W PackageManager: Protected action; cap priority to 0; package: com.android.cts.priv.ctsshim activity: com.android.cts.priv.ctsshim.InstallPriority origPrio: 100
05-03 14:32:43.620 1697 1697 W PackageManager: Protected action; cap priority to 0; package: com.android.cts.priv.ctsshim activity: com.android.cts.priv.ctsshim.InstallPriority origPrio: 100
05-03 14:32:43.620 1697 1697 W PackageManager: Protected action; cap priority to 0; package: com.android.cts.priv.ctsshim activity: com.android.cts.priv.ctsshim.InstallPriority origPrio: 100
05-03 14:32:43.620 1697 1697 W PackageManager: Protected action; cap priority to 0; package: com.google.android.packageinstaller activity: com.android.packageinstaller.PackageInstallerActivity origPrio: 1
05-03 14:32:43.620 1697 1697 W PackageManager: Protected action; cap priority to 0; package: com.google.android.gms activity: com.google.android.gms.appinvite.AppInviteAcceptInvitationActivity origPrio: 900
05-03 14:32:43.620 1697 1697 W PackageManager: Protected action; cap priority to 0; package: com.google.android.gms activity: com.google.android.gms.auth.managed.ui.SetupWorkProfileActivity origPrio: 999
05-03 14:32:43.620 1697 1697 W PackageManager: Protected action; cap priority to 0; package: com.google.android.gms activity: com.google.android.gms.matchstick.ui.EntryActivity origPrio: 999
05-03 14:32:43.620 1697 1697 W PackageManager: Protected action; cap priority to 0; package: com.google.android.gms activity: com.google.android.gms.tapandpay.tokenization.AddNewCardThroughBrowserActivity origPrio: 999
05-03 14:32:43.620 1697 1697 W PackageManager: Protected action; cap priority to 0; package: com.google.android.gms activity: com.google.android.gms.walletp2p.feature.transfer.TransferMoneyActivity origPrio: 900
05-03 14:32:43.620 1697 1697 W PackageManager: Package com.google.android.gms desires unavailable shared library com.google.android.ble; ignoring!
05-03 14:32:43.620 1697 1697 W PackageManager: Package com.google.android.gms desires unavailable shared library com.google.android.wearable; ignoring!
05-03 14:32:43.620 1697 1697 I PackageManager: Adjusting ABI for com.android.providers.downloads.ui to x86_64 (requirer=com.android.mtp, scannedPackage=null)
05-03 14:32:43.620 1697 1697 I PackageManager: Adjusting ABI for com.android.providers.downloads to x86_64 (requirer=com.android.mtp, scannedPackage=null)
05-03 14:32:43.620 1697 1697 I PackageManager: Adjusting ABI for com.android.providers.media to x86_64 (requirer=com.android.mtp, scannedPackage=null)
05-03 14:32:43.620 1697 1697 I PackageManager: Adjusting ABI for com.google.android.gsf.login to x86_64 (requirer=com.google.android.gms, scannedPackage=null)
05-03 14:32:43.620 1697 1697 I PackageManager: Adjusting ABI for com.google.android.gsf to x86_64 (requirer=com.google.android.gms, scannedPackage=null)
05-03 14:32:43.621 1697 1697 I PackageManager: Adjusting ABI for com.google.android.backuptransport to x86_64 (requirer=com.google.android.gms, scannedPackage=null)
05-03 14:32:43.621 1697 1697 I PackageManager: Adjusting ABI for org.cyanogenmod.cmsettings to x86_64 (requirer=android, scannedPackage=null)
05-03 14:32:43.621 1697 1697 I PackageManager: Adjusting ABI for com.android.server.telecom to x86_64 (requirer=android, scannedPackage=null)
05-03 14:32:43.621 1697 1697 I PackageManager: Adjusting ABI for org.cyanogenmod.cmparts to x86_64 (requirer=android, scannedPackage=null)
05-03 14:32:43.621 1697 1697 I PackageManager: Adjusting ABI for cyanogenmod.platform to x86_64 (requirer=android, scannedPackage=null)
05-03 14:32:43.621 1697 1697 I PackageManager: Adjusting ABI for com.android.location.fused to x86_64 (requirer=android, scannedPackage=null)
05-03 14:32:43.621 1697 1697 I PackageManager: Adjusting ABI for com.android.settings to x86_64 (requirer=android, scannedPackage=null)
05-03 14:32:43.621 1697 1697 I PackageManager: Adjusting ABI for com.cyanogenmod.setupwizard to x86_64 (requirer=android, scannedPackage=null)
05-03 14:32:43.622 1697 1697 I PackageManager: Adjusting ABI for org.zeroxlab.util.tscal to x86_64 (requirer=android, scannedPackage=null)
05-03 14:32:43.622 1697 1697 I PackageManager: Adjusting ABI for com.android.keychain to x86_64 (requirer=android, scannedPackage=null)
05-03 14:32:43.622 1697 1697 I PackageManager: Adjusting ABI for com.android.wallpaperbackup to x86_64 (requirer=android, scannedPackage=null)
05-03 14:32:43.622 1697 1697 I PackageManager: Adjusting ABI for com.android.development to x86_64 (requirer=android, scannedPackage=null)
05-03 14:32:43.622 1697 1697 I PackageManager: Adjusting ABI for com.android.providers.settings to x86_64 (requirer=android, scannedPackage=null)
05-03 14:32:43.622 1697 1697 I PackageManager: Adjusting ABI for com.android.inputdevices to x86_64 (requirer=android, scannedPackage=null)
05-03 14:32:43.634 1697 1697 I PackageManager: Time to scan packages: 6.373 seconds
05-03 14:32:43.634 1697 1697 W PackageManager: Not granting permission android.permission.MANAGE_DOCUMENTS to package com.google.android.youtube (protectionLevel=2 flags=0x385bbe45)
05-03 14:32:43.634 1697 1697 W PackageManager: Unknown permission android.permission.READ_SETTINGS in package org.android_x86.analytics
05-03 14:32:43.634 1697 1697 W PackageManager: Unknown permission com.google.android.launcher.permission.CONTENT_REDIRECT in package com.google.android.googlequicksearchbox
05-03 14:32:43.634 1697 1697 W PackageManager: Unknown permission com.google.android.voicesearch.SHORTCUTS_ACCESS in package com.google.android.googlequicksearchbox
05-03 14:32:43.634 1697 1697 W PackageManager: Unknown permission com.google.android.voicesearch.ACCESS_SETTINGS in package com.google.android.googlequicksearchbox
05-03 14:32:43.634 1697 1697 W PackageManager: Unknown permission com.android.browser.permission.PRELOAD in package com.google.android.googlequicksearchbox
05-03 14:32:43.634 1697 1697 W PackageManager: Unknown permission com.google.android.ears.permission.WRITE in package com.google.android.googlequicksearchbox
05-03 14:32:43.634 1697 1697 W PackageManager: Unknown permission com.google.googlenav.friend.permission.OPT_IN in package com.google.android.googlequicksearchbox
05-03 14:32:43.634 1697 1697 W PackageManager: Unknown permission com.google.android.apps.maps.permission.PREFETCH in package com.google.android.googlequicksearchbox
05-03 14:32:43.634 1697 1697 W PackageManager: Unknown permission com.google.android.apps.googlevoice.permission.AUTO_SEND in package com.google.android.googlequicksearchbox
05-03 14:32:43.634 1697 1697 W PackageManager: Unknown permission com.google.android.hangouts.START_HANGOUT in package com.google.android.googlequicksearchbox
05-03 14:32:43.634 1697 1697 W PackageManager: Unknown permission com.android.chrome.PRERENDER_URL in package com.google.android.googlequicksearchbox
05-03 14:32:43.634 1697 1697 W PackageManager: Not granting permission com.google.android.googleapps.permission.GOOGLE_AUTH to package com.android.providers.calendar (protectionLevel=2 flags=0x30083e45)
05-03 14:32:43.634 1697 1697 W PackageManager: Not granting permission com.google.android.googleapps.permission.GOOGLE_AUTH.cl to package com.android.providers.calendar (protectionLevel=2 flags=0x30083e45)
05-03 14:32:43.634 1697 1697 W PackageManager: Unknown permission cyanogenmod.permission.LEGALESE in package com.cyanogenmod.setupwizard
05-03 14:32:43.634 1697 1697 W PackageManager: Not granting permission android.permission.SEND_DOWNLOAD_COMPLETED_INTENTS to package com.android.vending (protectionLevel=2 flags=0x384abec5)
05-03 14:32:43.634 1697 1697 I PackageManager: Un-granting permission android.permission.INSTALL_GRANT_RUNTIME_PERMISSIONS from package com.android.vending (protectionLevel=770 flags=0x384abec5)
05-03 14:32:43.634 1697 1697 I PackageManager: Un-granting permission android.permission.GRANT_RUNTIME_PERMISSIONS from package com.android.vending (protectionLevel=770 flags=0x384abec5)
05-03 14:32:43.634 1697 1697 I PackageManager: Un-granting permission android.permission.REVOKE_RUNTIME_PERMISSIONS from package com.android.vending (protectionLevel=770 flags=0x384abec5)
05-03 14:32:43.634 1697 1697 W PackageManager: Unknown permission android.permission.ALLOCATE_AGGRESSIVE in package com.android.vending
05-03 14:32:43.634 1697 1697 W PackageManager: Not granting permission android.permission.SET_PREFERRED_APPLICATIONS to package com.android.vending (protectionLevel=2 flags=0x384abec5)
05-03 14:32:43.634 1697 1697 W PackageManager: Unknown permission android.permission.ACCESS_INSTANT_APPS in package com.android.vending
05-03 14:32:43.634 1697 1697 W PackageManager: Unknown permission android.permission.MANAGE_APP_OPS_MODES in package com.android.vending
05-03 14:32:43.634 1697 1697 W PackageManager: Unknown permission com.sec.android.provider.badge.permission.READ in package com.android.vending
05-03 14:32:43.634 1697 1697 W PackageManager: Unknown permission com.sec.android.provider.badge.permission.WRITE in package com.android.vending
05-03 14:32:43.634 1697 1697 W PackageManager: Unknown permission com.htc.launcher.permission.READ_SETTINGS in package com.android.vending
05-03 14:32:43.634 1697 1697 W PackageManager: Unknown permission com.htc.launcher.permission.UPDATE_SHORTCUT in package com.android.vending
05-03 14:32:43.634 1697 1697 W PackageManager: Unknown permission com.sonyericsson.home.permission.BROADCAST_BADGE in package com.android.vending
05-03 14:32:43.634 1697 1697 W PackageManager: Unknown permission com.sonymobile.home.permission.PROVIDER_INSERT_BADGE in package com.android.vending
05-03 14:32:43.634 1697 1697 W PackageManager: Unknown permission com.anddoes.launcher.permission.UPDATE_COUNT in package com.android.vending
05-03 14:32:43.634 1697 1697 W PackageManager: Unknown permission com.majeur.launcher.permission.UPDATE_BADGE in package com.android.vending
05-03 14:32:43.634 1697 1697 W PackageManager: Unknown permission com.huawei.android.launcher.permission.CHANGE_BADGE in package com.android.vending
05-03 14:32:43.634 1697 1697 W PackageManager: Unknown permission com.huawei.android.launcher.permission.READ_SETTINGS in package com.android.vending
05-03 14:32:43.634 1697 1697 W PackageManager: Unknown permission com.huawei.android.launcher.permission.WRITE_SETTINGS in package com.android.vending
05-03 14:32:43.634 1697 1697 W PackageManager: Unknown permission android.permission.READ_APP_BADGE in package com.android.vending
05-03 14:32:43.634 1697 1697 W PackageManager: Unknown permission com.oppo.launcher.permission.READ_SETTINGS in package com.android.vending
05-03 14:32:43.634 1697 1697 W PackageManager: Unknown permission com.oppo.launcher.permission.WRITE_SETTINGS in package com.android.vending
05-03 14:32:43.634 1697 1697 W PackageManager: Unknown permission org.chromium.arc.apkcacheprovider.permission.READ_CACHE in package com.android.vending
05-03 14:32:43.634 1697 1697 W PackageManager: Unknown permission org.chromium.arc.apkcacheprovider.permission.WRITE_CACHE in package com.android.vending
05-03 14:32:43.634 1697 1697 W PackageManager: Unknown permission android.Manifest.permission.SUBSTITUTE_NOTIFICATION_APP_NAME in package com.android.vending
05-03 14:32:43.634 1697 1697 W PackageManager: Unknown permission android.permission.READ_RUNTIME_PROFILES in package com.android.vending
05-03 14:32:43.634 1697 1697 W PackageManager: Unknown permission android.permission.FOREGROUND_SERVICE in package com.android.vending
05-03 14:32:43.635 1697 1697 W PackageManager: Not granting permission android.permission.BIND_WALLPAPER to package com.android.camera2 (protectionLevel=18 flags=0x3058bc45)
05-03 14:32:43.635 1697 1697 W PackageManager: Unknown permission com.google.android.calendar.permission.READ_OOBE in package com.google.android.gm
05-03 14:32:43.635 1697 1697 W PackageManager: Unknown permission com.google.android.email.permission.ACCESS_PROVIDER in package com.google.android.gm
05-03 14:32:43.635 1697 1697 W PackageManager: Unknown permission com.google.android.gm.exchange.BIND in package com.google.android.gm
05-03 14:32:43.635 1697 1697 W PackageManager: Unknown permission com.android.email.partnerprovider.PARTNER_PROVIDER in package com.google.android.gm
05-03 14:32:43.635 1697 1697 W PackageManager: Not granting permission com.google.android.googleapps.permission.GOOGLE_AUTH.mail to package com.android.calendar (protectionLevel=2 flags=0x3009be45)
05-03 14:32:43.635 1697 1697 W PackageManager: Not granting permission android.permission.INTERACT_ACROSS_USERS to package com.google.android.syncadapters.contacts (protectionLevel=50 flags=0x38083e45)
05-03 14:32:43.635 1697 1697 W PackageManager: Unknown permission com.google.android.syncadapters.contacts.permission.GAL_SEARCH in package com.google.android.syncadapters.contacts
05-03 14:32:43.635 1697 1697 W PackageManager: Unknown permission com.android.launcher.permission.READ_SETTINGS in package com.cyanogenmod.trebuchet
05-03 14:32:43.635 1697 1697 W PackageManager: Unknown permission com.android.launcher.permission.WRITE_SETTINGS in package com.cyanogenmod.trebuchet
05-03 14:32:43.635 1697 1697 I PackageManager: Un-granting permission android.permission.CLEAR_APP_USER_DATA from package com.google.android.packageinstaller (protectionLevel=258 flags=0x38483e45)
05-03 14:32:43.635 1697 1697 I PackageManager: Un-granting permission android.permission.GRANT_RUNTIME_PERMISSIONS from package com.google.android.packageinstaller (protectionLevel=770 flags=0x38483e45)
05-03 14:32:43.635 1697 1697 I PackageManager: Un-granting permission android.permission.REVOKE_RUNTIME_PERMISSIONS from package com.google.android.packageinstaller (protectionLevel=770 flags=0x38483e45)
05-03 14:32:43.635 1697 1697 I PackageManager: Un-granting permission android.permission.INSTALL_GRANT_RUNTIME_PERMISSIONS from package com.google.android.packageinstaller (protectionLevel=770 flags=0x38483e45)
05-03 14:32:43.635 1697 1697 I PackageManager: Un-granting permission android.permission.INTERACT_ACROSS_USERS_FULL from package com.google.android.packageinstaller (protectionLevel=258 flags=0x38483e45)
05-03 14:32:43.635 1697 1697 I PackageManager: Un-granting permission android.permission.KILL_UID from package com.google.android.packageinstaller (protectionLevel=258 flags=0x38483e45)
05-03 14:32:43.635 1697 1697 I PackageManager: Un-granting permission android.permission.MANAGE_APP_OPS_RESTRICTIONS from package com.google.android.packageinstaller (protectionLevel=258 flags=0x38483e45)
05-03 14:32:43.635 1697 1697 W PackageManager: Unknown permission com.google.android.permission.INSTALL_WEARABLE_PACKAGES in package com.google.android.packageinstaller
05-03 14:32:43.635 1697 1697 W PackageManager: Unknown permission android.permission.RECOVER_KEYSTORE in package com.google.android.gms
05-03 14:32:43.635 1697 1697 W PackageManager: Unknown permission android.permission.PRE_FACTORY_RESET in package com.google.android.gms
05-03 14:32:43.635 1697 1697 W PackageManager: Unknown permission com.google.android.apps.enterprise.dmagent.permission.AutoSyncPermission in package com.google.android.gms
05-03 14:32:43.635 1697 1697 W PackageManager: Unknown permission com.google.android.wearable.WRITE_SETTINGS in package com.google.android.gms
05-03 14:32:43.635 1697 1697 W PackageManager: Unknown permission com.felicanetworks.mfc.mfi.permission.MFI_ACCESS in package com.google.android.gms
05-03 14:32:43.635 1697 1697 W PackageManager: Not granting permission android.permission.BIND_NOTIFICATION_LISTENER_SERVICE to package com.google.android.gms (protectionLevel=2 flags=0xb8483e45)
05-03 14:32:43.635 1697 1697 W PackageManager: Unknown permission com.google.android.hangouts.START_HANGOUT in package com.google.android.gms
05-03 14:32:43.635 1697 1697 W PackageManager: Unknown permission android.car.permission.CAR_HVAC in package com.google.android.gms
05-03 14:32:43.635 1697 1697 W PackageManager: Unknown permission com.google.android.permission.ACCESSIBILITY_SCAN_SERVICE in package com.google.android.gms
05-03 14:32:43.635 1697 1697 W PackageManager: Unknown permission android.permission.ACTIVITY_EMBEDDING in package com.google.android.gms
05-03 14:32:43.635 1697 1697 W PackageManager: Unknown permission android.permission.PROVIDE_RESOLVER_RANKER_SERVICE in package com.google.android.gms
05-03 14:32:43.635 1697 1697 W PackageManager: Unknown permission com.google.android.wearable.READ_SETTINGS in package com.google.android.gms
05-03 14:32:43.635 1697 1697 W PackageManager: Unknown permission android.permission.MANAGE_SUBSCRIPTION_PLANS in package com.google.android.gms
05-03 14:32:43.635 1697 1697 W PackageManager: Unknown permission com.google.android.gms.game.notifications.permission.WRITE in package com.google.android.gms
05-03 14:32:43.635 1697 1697 W PackageManager: Unknown permission com.android.launcher.permission.PRELOAD_WORKSPACE in package com.google.android.partnersetup
05-03 14:32:43.635 1697 1697 W PackageManager: Not granting permission android.permission.DELETE_PACKAGES to package com.svox.pico (protectionLevel=18 flags=0x3808be45)
05-03 14:32:43.635 1697 1697 W PackageManager: Unknown permission com.google.android.gallery3d.permission.PICASA_STORE in package com.android.dreams.phototable
05-03 14:32:43.635 1697 1697 W PackageManager: Not granting permission android.permission.CONTROL_KEYGUARD to package com.google.android.gsf.login (protectionLevel=2 flags=0x3048be45)
05-03 14:32:43.635 1697 1697 W PackageManager: Unknown permission com.android.vending.billing.IBillingAccountService.BIND2 in package com.google.android.gsf.login
05-03 14:32:43.636 1697 1697 W PackageManager: Unknown permission com.android.chrome.TOS_ACKED in package com.google.android.gsf.login
05-03 14:32:43.636 1697 1697 W PackageManager: Unknown permission android.permission.ACCESS_SUPERUSER in package jackpal.androidterm
05-03 14:32:43.636 1697 1697 W PackageManager: Unknown permission com.android.launcher.permission.READ_SETTINGS in package com.android.settings
05-03 14:32:43.636 1697 1697 W PackageManager: Unknown permission com.android.launcher.permission.WRITE_SETTINGS in package com.android.settings
05-03 14:32:43.636 1697 1697 W PackageManager: Unknown permission com.android.smspush.WAPPUSH_MANAGER_BIND in package com.android.phone
05-03 14:32:43.636 1697 1697 W PackageManager: Not granting permission android.permission.MANAGE_DOCUMENTS to package com.android.deskclock (protectionLevel=2 flags=0x3c49be45)
05-03 14:32:43.636 1697 1697 W PackageManager: Unknown permission com.android.deskclock.worldclock.permissions.WRITE_DATABASE in package com.android.deskclock
05-03 14:32:43.636 1697 1697 W PackageManager: Unknown permission org.codeaurora.permission.POWER_ON_ALERT in package com.android.deskclock
05-03 14:32:43.636 1697 1697 W PackageManager: Not granting permission android.permission.WRITE_SECURE_SETTINGS to package com.android.deskclock (protectionLevel=50 flags=0x3c49be45)
05-03 14:32:43.636 1697 1697 W PackageManager: Unknown permission com.cyanogenmod.lockclock.permission.READ_WEATHER in package com.android.systemui
05-03 14:32:43.636 1697 1697 W PackageManager: Unknown permission com.android.email.permission.READ_ATTACHMENT in package com.android.exchange
05-03 14:32:43.636 1697 1697 W PackageManager: Unknown permission com.android.email.permission.ACCESS_PROVIDER in package com.android.exchange
05-03 14:32:43.636 1697 1697 W PackageManager: Unknown permission com.google.android.gallery3d.permission.GALLERY_PROVIDER in package com.android.bluetooth
05-03 14:32:43.636 1697 1697 W PackageManager: Unknown permission com.android.email.permission.ACCESS_PROVIDER in package com.android.bluetooth
05-03 14:32:43.636 1697 1697 W PackageManager: Unknown permission com.android.email.permission.READ_ATTACHMENT in package com.android.bluetooth
05-03 14:32:43.636 1697 1697 V PackageManager: reconcileAppsData for null u0 0x3
05-03 14:32:43.804 1697 1697 V PackageManager: reconcileAppsData finished 106 packages
05-03 14:32:43.804 1697 1697 V PackageManager: Disabling com.google.android.gsf/com.google.android.gsf.update.SystemUpdateActivity
05-03 14:32:43.804 1697 1697 V PackageManager: Disabling com.google.android.gsf/com.google.android.gsf.update.SystemUpdateService$Receiver
05-03 14:32:43.804 1697 1697 V PackageManager: Disabling com.google.android.gsf/com.google.android.gsf.update.SystemUpdateService$SecretCodeReceiver
05-03 14:32:43.804 1697 1697 V PackageManager: Disabling com.google.android.gsf/com.google.android.gsf.update.SystemUpdateServiceReceiver
05-03 14:32:43.804 1697 1697 W PackageManager: Unable to disable com.google.android.gsf/com.google.android.gsf.update.SystemUpdateServiceReceiver
05-03 14:32:43.804 1697 1697 V PackageManager: Disabling com.google.android.gms/com.google.android.gms.update.SystemUpdateActivity
05-03 14:32:43.804 1697 1697 V PackageManager: Disabling com.google.android.gms/com.google.android.gms.update.SystemUpdateService$Receiver
05-03 14:32:43.804 1697 1697 W PackageManager: Unable to disable com.google.android.gms/com.google.android.gms.update.SystemUpdateService$Receiver
05-03 14:32:43.804 1697 1697 V PackageManager: Disabling com.google.android.gms/com.google.android.gms.update.SystemUpdateService$ActiveReceiver
05-03 14:32:43.804 1697 1697 W PackageManager: Unable to disable com.google.android.gms/com.google.android.gms.update.SystemUpdateService$ActiveReceiver
05-03 14:32:43.804 1697 1697 V PackageManager: Disabling com.google.android.gms/com.google.android.gms.update.SystemUpdateService$SecretCodeReceiver
05-03 14:32:43.804 1697 1697 W PackageManager: Unable to disable com.google.android.gms/com.google.android.gms.update.SystemUpdateService$SecretCodeReceiver
05-03 14:32:43.804 1697 1697 V PackageManager: Disabling com.google.android.gms/com.google.android.gms.update.SystemUpdateServiceReceiver
05-03 14:32:43.804 1697 1697 W PackageManager: Unable to disable com.google.android.gms/com.google.android.gms.update.SystemUpdateServiceReceiver
05-03 14:32:43.804 1697 1697 V PackageManager: Enabling com.google.android.gsf/com.google.android.gsf.update.SystemUpdateService
05-03 14:32:43.804 1697 1697 V PackageManager: Enabling com.google.android.gms/com.google.android.gms.update.SystemUpdateService
05-03 14:32:44.075 1697 1697 D PackageManager: Ephemeral resolver NOT found; no matching intent filters
05-03 14:32:44.075 1697 1697 I PackageManager: Ephemeral deactivated; missing resolver and installer
05-03 14:32:44.105 1697 1697 I SystemServer: StartOtaDexOptService
05-03 14:32:44.106 1697 1697 I SystemServer: StartUserManagerService
05-03 14:32:44.106 1697 1697 I SystemServiceManager: Starting com.android.server.pm.UserManagerService$LifeCycle
05-03 14:32:44.121 1697 1697 I SystemServiceManager: Starting com.android.server.BatteryService
05-03 14:32:44.157 1697 1711 E KernelCpuSpeedReader: Failed to read cpu-freq: /sys/devices/system/cpu/cpu0/cpufreq/stats/time_in_state (No such file or directory)
05-03 14:32:44.159 1697 1697 I SystemServiceManager: Starting com.android.server.usage.UsageStatsService
05-03 14:32:44.245 1697 1697 I SystemServiceManager: Starting com.android.server.webkit.WebViewUpdateService
05-03 14:32:44.335 1697 1697 I SystemServer: Reading configuration...
05-03 14:32:44.335 1697 1697 I SystemServer: StartSchedulingPolicyService
05-03 14:32:44.336 1697 1697 I SystemServiceManager: Starting com.android.server.telecom.TelecomLoaderService
05-03 14:32:44.336 1697 1697 I SystemServer: StartTelephonyRegistry
05-03 14:32:44.362 1697 1697 I SystemServer: StartEntropyMixer
05-03 14:32:44.363 1697 1697 I EntropyMixer: Writing entropy...
05-03 14:32:44.434 1697 1697 I SystemServer: Camera Service
05-03 14:32:44.434 1697 1697 I SystemServiceManager: Starting com.android.server.camera.CameraService
05-03 14:32:44.435 1697 1697 I SystemServer: StartAccountManagerService
05-03 14:32:44.435 1697 1697 I SystemServiceManager: Starting com.android.server.accounts.AccountManagerService$Lifecycle
05-03 14:32:44.472 1697 1697 I SystemServer: StartContentService
05-03 14:32:44.472 1697 1697 I SystemServiceManager: Starting com.android.server.content.ContentService$Lifecycle
05-03 14:32:44.478 1697 1697 I SystemServer: InstallSystemProviders
05-03 14:32:44.806 1697 1697 I SystemServer: StartVibratorService
05-03 14:32:44.814 1697 1697 I SystemServer: StartConsumerIrService
05-03 14:32:44.814 1697 1697 I SystemServer: StartAlarmManagerService
05-03 14:32:44.815 1697 1697 I SystemServiceManager: Starting com.android.server.AlarmManagerService
05-03 14:32:44.817 1697 1697 I SystemServer: InitWatchdog
05-03 14:32:44.817 1697 1697 I SystemServer: StartInputManagerService
05-03 14:32:44.817 1697 1697 I InputManager: Initializing input manager, mUseDevInputEventForAudioJack=true
05-03 14:32:44.818 1697 1697 I SystemServer: StartWindowManagerService
05-03 14:32:44.873 1697 1718 I WindowManager: No existing display settings /data/system/display_settings.xml; starting empty
05-03 14:32:45.052 1697 1697 I SystemServer: StartVrManagerService
05-03 14:32:45.052 1697 1697 I SystemServiceManager: Starting com.android.server.vr.VrManagerService
05-03 14:32:45.054 1697 1697 I InputManager: Starting input manager
05-03 14:32:45.055 1697 1697 I SystemServiceManager: Starting com.android.server.BluetoothService
05-03 14:32:45.065 1697 1697 D BluetoothManagerService: Loading stored name and address
05-03 14:32:45.065 1697 1697 D BluetoothManagerService: Stored bluetooth Name=X455LF,Address=22:22:A9:06:58:62
05-03 14:32:45.065 1697 1697 D BluetoothManagerService: Bluetooth persisted state: 0
05-03 14:32:45.065 1697 1697 I SystemServer: ConnectivityMetricsLoggerService
05-03 14:32:45.065 1697 1697 I SystemServiceManager: Starting com.android.server.connectivity.MetricsLoggerService
05-03 14:32:45.065 1697 1697 I SystemServer: IpConnectivityMetrics
05-03 14:32:45.065 1697 1697 I SystemServiceManager: Starting com.android.server.connectivity.IpConnectivityMetrics
05-03 14:32:45.066 1697 1697 I SystemServer: PinnerService
05-03 14:32:45.066 1697 1697 I SystemServiceManager: Starting com.android.server.PinnerService
05-03 14:32:45.066 1697 1697 I SystemServiceManager: Starting com.android.server.InputMethodManagerService$Lifecycle
05-03 14:32:45.215 1697 1697 I SystemServer: StartAccessibilityManagerService
