05-03 21:38:48.940 2963 2963 D ViewRootImpl[SettingsActivity]: updatePointerIcon called with position out of bounds
05-03 21:38:48.957 2963 2963 D ViewRootImpl[SettingsActivity]: updatePointerIcon called with position out of bounds
05-03 21:38:48.974 2963 2963 D ViewRootImpl[SettingsActivity]: updatePointerIcon called with position out of bounds
05-03 21:38:48.991 2963 2963 D ViewRootImpl[SettingsActivity]: updatePointerIcon called with position out of bounds
05-03 21:38:49.007 2963 2963 D ViewRootImpl[SettingsActivity]: updatePointerIcon called with position out of bounds
05-03 21:38:49.024 2963 2963 D ViewRootImpl[SettingsActivity]: updatePointerIcon called with position out of bounds
05-03 21:38:49.040 2963 2963 D ViewRootImpl[SettingsActivity]: updatePointerIcon called with position out of bounds
05-03 21:38:49.057 2963 2963 D ViewRootImpl[SettingsActivity]: updatePointerIcon called with position out of bounds
05-03 21:38:49.842 2963 2963 D ViewRootImpl[SettingsActivity]: updatePointerIcon called after view was removed
05-03 21:38:49.842 2963 2963 W ViewRootImpl[SettingsActivity]: Dropping event due to root view being removed: MotionEvent { action=ACTION_HOVER_ENTER, actionButton=0, id[0]=0, x[0]=82.6944, y[0]=98.18887, toolType[0]=TOOL_TYPE_FINGER, buttonState=0, metaState=0, flags=0x0, edgeFlags=0x0, pointerCount=1, historySize=0, eventTime=405082, downTime=404782, deviceId=2, source=0x2002 }
05-03 21:38:49.842 2963 2963 W ViewRootImpl[SettingsActivity]: Dropping event due to root view being removed: MotionEvent { action=ACTION_HOVER_MOVE, actionButton=0, id[0]=0, x[0]=82.6944, y[0]=98.18887, toolType[0]=TOOL_TYPE_FINGER, buttonState=0, metaState=0, flags=0x0, edgeFlags=0x0, pointerCount=1, historySize=0, eventTime=405082, downTime=404782, deviceId=2, source=0x2002 }
05-03 21:38:49.842 1697 3836 W InputMethodManagerService: Window already focused, ignoring focus gain of: com.android.internal.view.IInputMethodClient$Stub$Proxy@2f4e90b attribute=null, token = android.os.BinderProxy@425f470
05-03 21:38:51.640 1782 1782 I SlideTouchEvent: vel=0.0, MinimumFlingVelocity=50
05-03 21:38:53.258 2859 4815 I GlobalDismissManager: no sender configured
05-03 21:38:53.258 2859 4815 D AlertService: Beginning updateAlertNotification
05-03 21:38:53.260 2859 4815 D AlertService: No fired or scheduled alerts
05-03 21:38:53.262 2859 4815 D AlertService: Scheduling next alarm with AlarmScheduler. sEventReminderReceived: null
05-03 21:38:53.267 2859 4815 D AlarmScheduler: No events found starting within 1 week.
05-03 21:39:05.455 1697 1711 I ActivityManager: Killing 3855:system:ui/1000 (adj 906): empty #17
05-03 21:39:05.470 2963 4702 I chatty : uid=10040(com.android.vending) expire 5 lines
05-03 21:39:05.491 1697 3640 D ActivityManager: cleanUpApplicationRecord -- 3855
05-03 21:39:06.479 2963 2968 I chatty : uid=10040(com.android.vending) expire 11 lines
05-03 21:39:10.670 2468 2468 E WorkerRegistryImpl: getWorker() is called after WorkerRegistry disposal.
05-03 21:39:10.671 2468 2468 E WorkerRegistryImpl: getWorker() is called after WorkerRegistry disposal.
05-03 21:39:10.672 1697 1899 I ActivityManager: Killing 3334:com.android.cellbroadcastreceiver/u0a10 (adj 906): empty #17
05-03 21:39:10.672 1697 1899 I ActivityManager: Killing 3894:com.android.wallpaperpicker/u0a71 (adj 906): empty #18
05-03 21:39:10.693 1697 1899 D ActivityManager: cleanUpApplicationRecord -- 3894
05-03 21:39:10.693 1697 2118 D ActivityManager: cleanUpApplicationRecord -- 3334
05-03 21:39:10.931 2468 3126 W art : Long monitor contention with owner NonUserFacing0 (2625) at boolean com.google.android.apps.gsa.search.core.u.c.a.Qs()(SourceFile:15) waiters=0 in boolean com.google.android.apps.gsa.search.core.u.c.a.Qs() for 250ms
05-03 21:39:11.139 1404 1669 I audio_hw_primary: choose pcmC1D0p for 0
05-03 21:39:11.204 2963 2963 I chatty : uid=10040(com.android.vending) expire 17 lines
05-03 21:39:11.387 2963 4694 I chatty : uid=10040(com.android.vending) expire 11 lines
05-03 21:39:11.503 4836 4836 I chatty : uid=10040(com.android.vending) /system/bin/dex2oat expire 4 lines
05-03 21:39:15.586 3723 3774 I chatty : uid=10040 com.android.vending:instant_app_installer expire 2 lines
05-03 21:39:17.296 2165 2691 I chatty : uid=10015(com.google.android.gms) FlpThread expire 9 lines
05-03 21:39:17.484 1697 1899 I ActivityManager: Killing 4105:com.google.android.play.games.ui/u0a15 (adj 906): empty #17
05-03 21:39:17.499 1697 3488 D ActivityManager: cleanUpApplicationRecord -- 4105
05-03 21:39:21.231 1404 1669 I audio_hw_primary: choose pcmC1D0p for 0
05-03 21:39:21.960 2963 2963 I chatty : uid=10040(com.android.vending) expire 20 lines
05-03 21:39:22.052 1410 4043 E Drm : Failed to find drm plugin
05-03 21:39:22.330 2708 2728 I chatty : uid=10015 com.google.android.gms.unstable expire 4 lines
05-03 21:39:25.218 1404 1669 I audio_hw_primary: choose pcmC1D0p for 0
05-03 21:39:31.366 1697 1763 I ActivityManager: Killing 4050:com.android.exchange/u0a54 (adj 906): empty #17
05-03 21:39:31.395 1697 3288 D ActivityManager: cleanUpApplicationRecord -- 4050
05-03 21:39:47.708 1404 1669 I audio_hw_primary: choose pcmC1D0p for 0
05-03 21:39:48.007 1782 1782 I SlideTouchEvent: vel=0.0, MinimumFlingVelocity=50
05-03 21:39:49.810 1782 1782 I SlideTouchEvent: vel=0.0, MinimumFlingVelocity=50
05-03 21:39:51.736 1782 1782 I SlideTouchEvent: vel=0.0, MinimumFlingVelocity=50
05-03 21:39:51.739 2963 2963 I chatty : uid=10040(com.android.vending) expire 16 lines
05-03 21:40:02.978 2963 4878 I chatty : uid=10040(com.android.vending) expire 1 line
05-03 21:40:02.978 2963 4069 I chatty : uid=10040(com.android.vending) expire 11 lines
05-03 21:40:03.235 1410 4043 E Drm : Failed to find drm plugin
05-03 21:40:03.843 2708 4097 I chatty : uid=10015 com.google.android.gms.unstable expire 2 lines
05-03 21:40:04.477 1404 1669 I audio_hw_primary: choose pcmC1D0p for 0
05-03 21:40:04.776 1782 1782 I SlideTouchEvent: vel=0.0, MinimumFlingVelocity=50
05-03 21:40:04.778 2963 2963 I chatty : uid=10040(com.android.vending) expire 17 lines
05-03 21:40:14.596 2963 3010 I chatty : uid=10040(com.android.vending) expire 2 lines
05-03 21:40:19.572 2963 3012 I chatty : uid=10040(com.android.vending) expire 6 lines
05-03 21:40:24.238 2963 2968 I chatty : uid=10040(com.android.vending) expire 10 lines
05-03 21:40:28.733 1404 1669 I audio_hw_primary: choose pcmC1D0p for 0
05-03 21:40:29.218 2963 2963 I chatty : uid=10040(com.android.vending) expire 22 lines
05-03 21:40:45.200 1410 4043 E Drm : Failed to find drm plugin
05-03 21:40:46.526 1404 1669 I audio_hw_primary: choose pcmC1D0p for 0
05-03 21:40:46.825 1782 1782 I SlideTouchEvent: vel=0.0, MinimumFlingVelocity=50
05-03 21:40:46.891 2963 2963 I chatty : uid=10040(com.android.vending) expire 18 lines
05-03 21:41:04.361 1404 1669 I audio_hw_primary: choose pcmC1D0p for 0
05-03 21:41:04.399 2963 2963 I chatty : uid=10040(com.android.vending) expire 19 lines
05-03 21:41:04.605 2963 4905 I chatty : uid=10040(com.android.vending) expire 8 lines
05-03 21:41:08.191 2963 2963 D ViewRootImpl[AssetBrowserActivity]: updatePointerIcon called with position out of bounds
05-03 21:41:08.201 2963 2963 D ViewRootImpl[AssetBrowserActivity]: updatePointerIcon called with position out of bounds
05-03 21:41:11.072 1404 1669 I audio_hw_primary: choose pcmC1D0p for 0
05-03 21:41:11.780 2963 4906 I chatty : uid=10040(com.android.vending) expire 5 lines
05-03 21:41:14.253 2963 3011 I chatty : uid=10040(com.android.vending) expire 4 lines
05-03 21:41:17.432 1404 1669 I audio_hw_primary: choose pcmC1D0p for 0
05-03 21:41:26.427 1410 4043 E Drm : Failed to find drm plugin
05-03 21:41:39.335 1404 1669 I audio_hw_primary: choose pcmC1D0p for 0
05-03 21:41:39.634 1782 1782 I SlideTouchEvent: vel=0.0, MinimumFlingVelocity=50
05-03 21:41:39.726 2963 2963 I chatty : uid=10040(com.android.vending) expire 25 lines
05-03 21:41:39.847 2963 4903 I chatty : uid=10040(com.android.vending) expire 10 lines
05-03 21:41:40.577 1782 1782 I SlideTouchEvent: vel=0.0, MinimumFlingVelocity=50
05-03 21:41:41.669 1782 1782 I SlideTouchEvent: vel=0.0, MinimumFlingVelocity=50
05-03 21:41:41.967 2963 2968 I chatty : uid=10040(com.android.vending) expire 10 lines
05-03 21:41:55.374 2963 2963 D ViewRootImpl[AssetBrowserActivity]: updatePointerIcon called with position out of bounds
05-03 21:41:55.398 2963 2963 D ViewRootImpl[AssetBrowserActivity]: updatePointerIcon called with position out of bounds
05-03 21:41:56.874 2963 2963 D ViewRootImpl[AssetBrowserActivity]: updatePointerIcon called with position out of bounds
05-03 21:41:58.141 2963 2963 D ViewRootImpl[AssetBrowserActivity]: updatePointerIcon called with position out of bounds
05-03 21:42:06.209 1404 1669 I audio_hw_primary: choose pcmC1D0p for 0
05-03 21:42:06.220 1777 1777 I LatinIME: Starting input. Cursor position = 0,0
05-03 21:42:06.220 1777 1777 W LatinIME: Deprecated private IME option specified: nm
05-03 21:42:06.220 1777 1777 W LatinIME: Use com.android.inputmethod.latin.noMicrophoneKey instead
05-03 21:42:06.260 1777 1777 I RenderThread: type=1400 audit(0.0:288): avc: denied { ioctl } for path="/dev/dri/card0" dev="tmpfs" ino=8252 ioctlcmd=0x640b scontext=u:r:untrusted_app:s0:c512,c768 tcontext=u:object_r:device:s0 tclass=chr_file permissive=1
05-03 21:42:08.381 1410 4043 E Drm : Failed to find drm plugin
05-03 21:42:08.912 2708 4073 I chatty : uid=10015 com.google.android.gms.unstable expire 4 lines
05-03 21:42:18.149 1777 1777 I LatinIME: Starting input. Cursor position = -1,-1
05-03 21:42:18.164 2963 2963 I chatty : uid=10040(com.android.vending) expire 64 lines
05-03 21:42:27.053 1404 1669 I audio_hw_primary: choose pcmC1D0p for 0
05-03 21:42:29.348 1697 4395 I ActivityManager: START u0 {cmp=com.android.vending/com.google.android.finsky.billing.lightpurchase.LightPurchaseFlowActivity (has extras)} from uid 10040 on display 0
05-03 21:42:29.432 1697 3616 I ActivityManager: START u0 {cmp=com.android.vending/com.google.android.finsky.activities.AppsPermissionsActivity (has extras)} from uid 10040 on display 0
05-03 21:42:29.447 2963 4069 I chatty : uid=10040(com.android.vending) expire 10 lines
05-03 21:42:29.458 2534 2631 I chatty : uid=10015(com.google.android.gms) expire 4 lines
05-03 21:42:29.485 1697 3625 W InputMethodManagerService: Window already focused, ignoring focus gain of: com.android.internal.view.IInputMethodClient$Stub$Proxy@c25621c attribute=null, token = android.os.BinderProxy@9e2c09f
05-03 21:42:29.650 2963 3022 I chatty : uid=10040(com.android.vending) expire 6 lines
05-03 21:42:29.780 1407 1407 I : free_cache(9245996) avail 3257020416
05-03 21:42:29.807 1398 1398 W SurfaceFlinger: couldn't log to binary event log: overflow.
05-03 21:42:29.955 4786 4987 D DownloadManager: [15] Starting
05-03 21:42:30.135 4786 4987 D NetworkSecurityConfig: No Network Security Config specified, using platform default
05-03 21:42:30.143 4786 4987 W System : ClassLoader referenced unknown path: /system/framework/tcmclient.jar
05-03 21:42:32.162 1782 1782 D ViewRootImpl[NavigationBar]: updatePointerIcon called with position out of bounds
05-03 21:42:32.324 1782 1782 D ViewRootImpl[StatusBar]: updatePointerIcon called with position out of bounds
05-03 21:42:32.340 1782 1782 D ViewRootImpl[StatusBar]: updatePointerIcon called with position out of bounds
05-03 21:42:32.357 1782 1782 D ViewRootImpl[StatusBar]: updatePointerIcon called with position out of bounds
05-03 21:42:32.374 1782 1782 D ViewRootImpl[StatusBar]: updatePointerIcon called with position out of bounds
05-03 21:42:32.390 1782 1782 D ViewRootImpl[StatusBar]: updatePointerIcon called with position out of bounds
05-03 21:42:32.407 1782 1782 D ViewRootImpl[StatusBar]: updatePointerIcon called with position out of bounds
05-03 21:42:32.424 1782 1782 D ViewRootImpl[StatusBar]: updatePointerIcon called with position out of bounds
05-03 21:42:32.440 1782 1782 D ViewRootImpl[StatusBar]: updatePointerIcon called with position out of bounds
05-03 21:42:32.448 1697 1763 I ActivityManager: Setting hasTopUi=true for pid=1782
05-03 21:42:32.448 1782 1782 D PhoneStatusBar: disable: < expand ICONS* alerts SYSTEM_INFO* back home recent clock search quick_settings
> 05-03 21:42:32.449 1782 1782 D ViewRootImpl[StatusBar]: updatePointerIcon called with position out of bounds
05-03 21:42:32.498 1412 1676 D NuPlayerDriver: stop(0xf4707ba0)
05-03 21:42:32.498 1412 1676 D NuPlayerDriver: notifyListener_l(0xf4707ba0), (8, 0, 0), loop setting(0, 0)
05-03 21:42:32.498 1782 4614 W MessageQueue: Handler (android.media.MediaPlayer$EventHandler) {dc681bc} sending message to a Handler on a dead thread
05-03 21:42:32.498 1782 4614 W MessageQueue: java.lang.IllegalStateException: Handler (android.media.MediaPlayer$EventHandler) {dc681bc} sending message to a Handler on a dead thread
05-03 21:42:32.498 1782 4614 W MessageQueue: at android.os.MessageQueue.enqueueMessage(MessageQueue.java:543)
05-03 21:42:32.498 1782 4614 W MessageQueue: at android.os.Handler.enqueueMessage(Handler.java:643)
05-03 21:42:32.498 1782 4614 W MessageQueue: at android.os.Handler.sendMessageAtTime(Handler.java:612)
05-03 21:42:32.498 1782 4614 W MessageQueue: at android.os.Handler.sendMessageDelayed(Handler.java:582)
05-03 21:42:32.498 1782 4614 W MessageQueue: at android.os.Handler.sendMessage(Handler.java:519)
05-03 21:42:32.498 1782 4614 W MessageQueue: at android.media.MediaPlayer.postEventFromNative(MediaPlayer.java:3060)
05-03 21:42:32.498 1412 1676 D NuPlayerDriver: reset(0xf4707ba0) at state 8
05-03 21:42:32.500 1412 4772 W AMessage: failed to post message as target looper for handler 0 is gone.
05-03 21:42:32.501 1412 4772 D NuPlayerDriver: notifyResetComplete(0xf4707ba0)
05-03 21:42:35.650 1782 1782 D ViewRootImpl[NavigationBar]: updatePointerIcon called with position out of bounds
05-03 21:42:35.952 1404 1669 I audio_hw_primary: choose pcmC1D0p for 0
05-03 21:42:36.412 1697 1763 W InputMethodManagerService: Window already focused, ignoring focus gain of: com.android.internal.view.IInputMethodClient$Stub$Proxy@60feb49 attribute=null, token = android.os.BinderProxy@340c865
05-03 21:42:36.751 1697 4395 I ActivityManager: Setting hasTopUi=false for pid=1782
05-03 21:42:36.751 1782 1782 D PhoneStatusBar: disable: < expand icons* alerts system_info* back home recent clock search quick_settings
> 05-03 21:42:37.132 1782 4995 E MediaPlayer-JNI: JNIMediaPlayerFactory: bIsQCMediaPlayerPresent 0
05-03 21:42:37.132 1782 4995 E MediaPlayer-JNI: JNIMediaPlayerFactory: bIsQCMediaPlayerPresent 0
05-03 21:42:37.146 1412 4996 D NuPlayerDriver: notifyListener_l(0xf5f28c00), (1, 0, 0), loop setting(0, 0)
05-03 21:42:37.146 1782 4995 D MediaPlayer: setSubtitleAnchor in MediaPlayer
05-03 21:42:37.153 1412 4991 D NuPlayerDriver: start(0xf5f28c00), state is 4, eos is 0
05-03 21:42:37.153 1412 4996 I GenericSource: start
05-03 21:42:37.154 1412 4996 W Utils : track of type 'audio/vorbis' does not publish channel mask, channel count 2
05-03 21:42:37.154 1412 4996 W Utils : track of type 'audio/vorbis' does not publish channel mask, channel count 2
05-03 21:42:37.155 1412 5001 I MediaPlayerService: MediaPlayerService::getOMX
05-03 21:42:37.155 1412 5001 I OMXClient: MuxOMX ctor
05-03 21:42:37.155 1409 2005 I OMXMaster: makeComponentInstance(OMX.ffmpeg.vorbis.decoder) in mediacodec process
05-03 21:42:37.155 1409 2005 V FFmpegOMXPlugin: makeComponentInstance 'OMX.ffmpeg.vorbis.decoder'
05-03 21:42:37.155 1409 2005 D SoftFFmpegAudio: SoftFFmpegAudio component: OMX.ffmpeg.vorbis.decoder mCodingType: 24
05-03 21:42:37.155 1412 5001 D FFMPEGSoftCodec: No PCM format specified, using 16 bit
05-03 21:42:37.156 1409 2005 D SoftFFmpegAudio: set OMX_IndexParamAudioVorbis, nChannels=2, nSampleRate=44100, nBitRate=0, nMinBitRate=0, nMaxBitRate=0
05-03 21:42:37.156 1409 2005 E OMXNodeInstance: setConfig(581003a:ffmpeg.vorbis.decoder, ConfigPriority(0x6f800002)) ERROR: Undefined(0x80001001)
05-03 21:42:37.156 1412 5001 I ACodec : codec does not support config priority (err -2147483648)
05-03 21:42:37.156 1412 5001 I MediaCodec: MediaCodec will operate in async mode
05-03 21:42:37.159 1409 5002 D SoftFFmpegAudio: begin to open ffmpeg audio decoder(vorbis), mCtx sample_rate: 44100, channels: 2
05-03 21:42:37.160 1409 5002 D SoftFFmpegAudio: open ffmpeg audio decoder(vorbis) success, mCtx sample_rate: 44100, channels: 2, sample_fmt: fltp, bits_per_coded_sample: 0, bits_per_raw_sample: 0
05-03 21:42:37.160 1409 5002 I SoftFFmpegAudio: Create sample rate converter for conversion of 44100 Hz fltp 2 channels(stereo) to 44100 Hz s16 2 channels(stereo)!
05-03 21:42:37.161 1412 4999 D AudioTrack: Client defaulted notificationFrames to 7520 for frameCount 22560
05-03 21:42:37.168 1412 4996 D NuPlayerDriver: notifyListener_l(0xf5f28c00), (6, 0, 0), loop setting(0, 0)
05-03 21:42:37.947 1409 5002 D SoftFFmpegAudio: ffmpeg audio decoder eos
05-03 21:42:37.947 1409 5002 D SoftFFmpegAudio: ffmpeg audio decoder fill eos outbuf
05-03 21:42:37.947 1412 5000 I NuPlayerDecoder: [audio] saw output EOS
05-03 21:42:37.949 3080 3085 I art : Compiler allocated 4MB to compile dsc dsb.a(android.content.Context, com.android.mail.providers.Account, cxb, kh, kw, java.util.Set, android.database.Cursor, android.content.Intent, com.android.mail.providers.Folder, long, android.content.res.Resources, boolean, java.lang.String, int, dps, jqw)
05-03 21:42:38.130 1412 4991 D NuPlayerDriver: stop(0xf5f28c00)
05-03 21:42:38.130 1412 4991 D NuPlayerDriver: notifyListener_l(0xf5f28c00), (8, 0, 0), loop setting(0, 0)
05-03 21:42:38.130 1412 4991 D NuPlayerDriver: reset(0xf5f28c00) at state 8
05-03 21:42:38.132 1412 4996 W AMessage: failed to post message as target looper for handler 0 is gone.
05-03 21:42:38.132 1412 4996 D NuPlayerDriver: notifyResetComplete(0xf5f28c00)
05-03 21:42:38.229 3080 3085 I art : Compiler allocated 6MB to compile android.database.Cursor com.google.android.gm.provider.GmailProvider.query(android.net.Uri, java.lang.String[], java.lang.String, java.lang.String[], java.lang.String)
05-03 21:42:43.177 4786 4987 D DownloadManager: [15] Finished with status SUCCESS
05-03 21:42:43.354 2963 2963 I chatty : uid=10040(com.android.vending) expire 42 lines
05-03 21:42:43.357 1407 1407 I : free_cache(0) avail 3247702016
05-03 21:42:43.400 1407 1407 I : free_cache(13849347) avail 3247702016
05-03 21:42:43.406 2534 4583 I chatty : uid=10015(com.google.android.gms) expire 2 lines
05-03 21:42:44.131 4786 5006 V DownloadManager: Deleting /data/data/com.android.providers.downloads/cache/downloadfile.bin via provider delete
05-03 21:42:44.313 1697 1731 I chatty : uid=1000(system) PackageInstalle expire 2 lines
05-03 21:42:44.353 5014 5014 W art : Unexpected CPU variant for X86 using defaults: x86_64
05-03 21:42:44.359 1697 1724 I ActivityManager: Start proc 5014:com.android.defcontainer/u0a9 for service com.android.defcontainer/.DefaultContainerService
05-03 21:42:44.426 1697 1724 I chatty : uid=1000(system) PackageManager expire 6 lines
05-03 21:42:44.437 5031 5031 W dex2oat : Unexpected CPU variant for X86 using defaults: x86_64
05-03 21:42:44.437 5031 5031 I dex2oat : /system/bin/dex2oat --compiler-filter=interpret-only
05-03 21:42:44.437 5031 5031 E cutils-trace: Error opening trace file: Permission denied (13)
05-03 21:42:45.876 5031 5031 I dex2oat : dex2oat took 1.439s (threads: 4) arena alloc=30KB (31312B) java alloc=13MB (13881088B) native alloc=13MB (14528448B) free=3MB (3166272B)
05-03 21:42:45.938 1697 1724 W PackageManager: Non-privileged app; cap priority to 0; package: com.google.android.play.games activity: com.google.android.gms.games.ui.v2.ArcadeActivity origPrio: 10
05-03 21:42:45.938 1697 1724 W PackageManager: Non-privileged app; cap priority to 0; package: com.google.android.play.games activity: com.google.android.gms.games.ui.client.achievements.ClientAchievementListActivity origPrio: 10
05-03 21:42:45.938 1697 1724 W PackageManager: Non-privileged app; cap priority to 0; package: com.google.android.play.games activity: com.google.android.gms.games.ui.client.achievements.ClientAchievementListActivity origPrio: 10
05-03 21:42:45.938 1697 1724 W PackageManager: Non-privileged app; cap priority to 0; package: com.google.android.play.games activity: com.google.android.gms.games.ui.clientv2.achievements.AchievementsActivity origPrio: 10
05-03 21:42:45.938 1697 1724 W PackageManager: Non-privileged app; cap priority to 0; package: com.google.android.play.games activity: com.google.android.gms.games.ui.restricted.achievements.RestrictedAchievementDescriptionActivity origPrio: 10
05-03 21:42:45.938 1697 1724 W PackageManager: Non-privileged app; cap priority to 0; package: com.google.android.play.games activity: com.google.android.gms.games.ui.client.leaderboards.ClientLeaderboardListActivity origPrio: 10
05-03 21:42:45.938 1697 1724 W PackageManager: Non-privileged app; cap priority to 0; package: com.google.android.play.games activity: com.google.android.gms.games.ui.client.leaderboards.ClientLeaderboardListActivity origPrio: 10
05-03 21:42:45.938 1697 1724 W PackageManager: Non-privileged app; cap priority to 0; package: com.google.android.play.games activity: com.google.android.gms.games.ui.clientv2.leaderboards.LeaderboardsActivity origPrio: 10
05-03 21:42:45.938 1697 1724 W PackageManager: Non-privileged app; cap priority to 0; package: com.google.android.play.games activity: com.google.android.gms.games.ui.client.leaderboards.ClientLeaderboardScoreActivity origPrio: 10
05-03 21:42:45.938 1697 1724 W PackageManager: Non-privileged app; cap priority to 0; package: com.google.android.play.games activity: com.google.android.gms.games.ui.client.leaderboards.ClientLeaderboardScoreActivity origPrio: 10
05-03 21:42:45.938 1697 1724 W PackageManager: Non-privileged app; cap priority to 0; package: com.google.android.play.games activity: com.google.android.gms.games.ui.clientv2.leaderboards.LeaderboardActivity origPrio: 10
05-03 21:42:45.938 1697 1724 W PackageManager: Non-privileged app; cap priority to 0; package: com.google.android.play.games activity: com.google.android.gms.games.ui.client.matches.SelectOpponentsActivity origPrio: 10
05-03 21:42:45.938 1697 1724 W PackageManager: Non-privileged app; cap priority to 0; package: com.google.android.play.games activity: com.google.android.gms.games.ui.client.matches.SelectOpponentsActivity origPrio: 10
05-03 21:42:45.938 1697 1724 W PackageManager: Non-privileged app; cap priority to 0; package: com.google.android.play.games activity: com.google.android.gms.games.ui.client.matches.SelectOpponentsActivity origPrio: 10
05-03 21:42:45.938 1697 1724 W PackageManager: Non-privileged app; cap priority to 0; package: com.google.android.play.games activity: com.google.android.gms.games.ui.client.matches.SelectOpponentsActivity origPrio: 10
05-03 21:42:45.938 1697 1724 W PackageManager: Non-privileged app; cap priority to 0; package: com.google.android.play.games activity: com.google.android.gms.games.ui.clientv2.matches.SelectOpponentsActivity origPrio: 10
05-03 21:42:45.938 1697 1724 W PackageManager: Non-privileged app; cap priority to 0; package: com.google.android.play.games activity: com.google.android.gms.games.ui.clientv2.matches.SelectOpponentsActivity origPrio: 10
05-03 21:42:45.938 1697 1724 W PackageManager: Non-privileged app; cap priority to 0; package: com.google.android.play.games activity: com.google.android.gms.games.ui.client.players.ClientPlayerSearchActivity origPrio: 10
05-03 21:42:45.938 1697 1724 W PackageManager: Non-privileged app; cap priority to 0; package: com.google.android.play.games activity: com.google.android.gms.games.ui.client.players.ClientPlayerSearchActivity origPrio: 10
05-03 21:42:45.938 1697 1724 W PackageManager: Non-privileged app; cap priority to 0; package: com.google.android.play.games activity: com.google.android.gms.games.ui.clientv2.search.PlayerSearchActivity origPrio: 10
05-03 21:42:45.938 1697 1724 W PackageManager: Non-privileged app; cap priority to 0; package: com.google.android.play.games activity: com.google.android.gms.games.ui.client.matches.RealTimeWaitingRoomActivity origPrio: 10
05-03 21:42:45.938 1697 1724 W PackageManager: Non-privileged app; cap priority to 0; package: com.google.android.play.games activity: com.google.android.gms.games.ui.client.matches.RealTimeWaitingRoomActivity origPrio: 10
05-03 21:42:45.938 1697 1724 W PackageManager: Non-privileged app; cap priority to 0; package: com.google.android.play.games activity: com.google.android.gms.games.ui.clientv2.matches.RealTimeWaitingRoomActivity origPrio: 10
05-03 21:42:45.938 1697 1724 W PackageManager: Non-privileged app; cap priority to 0; package: com.google.android.play.games activity: com.google.android.gms.games.ui.client.matches.ClientMultiplayerInboxActivity origPrio: 10
05-03 21:42:45.938 1697 1724 W PackageManager: Non-privileged app; cap priority to 0; package: com.google.android.play.games activity: com.google.android.gms.games.ui.client.matches.ClientMultiplayerInboxActivity origPrio: 10
05-03 21:42:45.938 1697 1724 W PackageManager: Non-privileged app; cap priority to 0; package: com.google.android.play.games activity: com.google.android.gms.games.ui.client.matches.ClientMultiplayerInboxActivity origPrio: 10
05-03 21:42:45.938 1697 1724 W PackageManager: Non-privileged app; cap priority to 0; package: com.google.android.play.games activity: com.google.android.gms.games.ui.clientv2.matches.MultiplayerInboxActivity origPrio: 10
05-03 21:42:45.938 1697 1724 W PackageManager: Non-privileged app; cap priority to 0; package: com.google.android.play.games activity: com.google.android.gms.games.ui.clientv2.matches.MultiplayerInboxActivity origPrio: 10
05-03 21:42:45.938 1697 1724 W PackageManager: Non-privileged app; cap priority to 0; package: com.google.android.play.games activity: com.google.android.gms.games.ui.client.matches.ClientPublicInvitationActivity origPrio: 10
05-03 21:42:45.938 1697 1724 W PackageManager: Non-privileged app; cap priority to 0; package: com.google.android.play.games activity: com.google.android.gms.games.ui.client.requests.SendRequestActivity origPrio: 10
05-03 21:42:45.938 1697 1724 W PackageManager: Non-privileged app; cap priority to 0; package: com.google.android.play.games activity: com.google.android.gms.games.ui.client.requests.ClientRequestInboxActivity origPrio: 10
05-03 21:42:45.938 1697 1724 W PackageManager: Non-privileged app; cap priority to 0; package: com.google.android.play.games activity: com.google.android.gms.games.ui.client.requests.ClientPublicRequestActivity origPrio: 10
05-03 21:42:45.938 1697 1724 W PackageManager: Non-privileged app; cap priority to 0; package: com.google.android.play.games activity: com.google.android.gms.games.ui.client.main.ClientSettingsActivity origPrio: 10
05-03 21:42:45.938 1697 1724 W PackageManager: Non-privileged app; cap priority to 0; package: com.google.android.play.games activity: com.google.android.gms.games.ui.client.main.ClientSettingsActivity origPrio: 10
05-03 21:42:45.938 1697 1724 W PackageManager: Non-privileged app; cap priority to 0; package: com.google.android.play.games activity: com.google.android.gms.games.ui.clientv2.settings.SettingsActivity origPrio: 10
05-03 21:42:45.938 1697 1724 W PackageManager: Non-privileged app; cap priority to 0; package: com.google.android.play.games activity: com.google.android.gms.games.ui.client.snapshots.ClientSnapshotListActivity origPrio: 10
05-03 21:42:45.938 1697 1724 W PackageManager: Non-privileged app; cap priority to 0; package: com.google.android.play.games activity: com.google.android.gms.games.ui.clientv2.snapshots.SnapshotListActivity origPrio: 10
05-03 21:42:45.938 1697 1724 W PackageManager: Non-privileged app; cap priority to 0; package: com.google.android.play.games activity: com.google.android.gms.games.ui.client.quests.ClientQuestListActivity origPrio: 10
05-03 21:42:45.938 1697 1724 W PackageManager: Non-privileged app; cap priority to 0; package: com.google.android.play.games activity: com.google.android.gms.games.ui.client.quests.ClientQuestDetailActivity origPrio: 10
05-03 21:42:45.938 1697 1724 W PackageManager: Non-privileged app; cap priority to 0; package: com.google.android.play.games activity: com.google.android.gms.games.ui.dialog.InterstitialVideoDialogLauncher origPrio: 10
05-03 21:42:45.938 1697 1724 W PackageManager: Non-privileged app; cap priority to 0; package: com.google.android.play.games activity: com.google.android.gms.games.ui.dialog.InterstitialVideoDialogLauncher origPrio: 10
05-03 21:42:45.938 1697 1724 W PackageManager: Non-privileged app; cap priority to 0; package: com.google.android.play.games activity: com.google.android.gms.games.ui.restricted.videos.RestrictedVideoCapturedActivity origPrio: 10
05-03 21:42:45.938 1697 1724 W PackageManager: Non-privileged app; cap priority to 0; package: com.google.android.play.games activity: com.google.android.gms.games.testcompat.ParcelTestCompatActivity origPrio: 10
05-03 21:42:45.938 1697 1724 W PackageManager: Non-privileged app; cap priority to 0; package: com.google.android.play.games activity: com.google.android.gms.games.testcompat.ParcelTestCompatActivity origPrio: 10
05-03 21:42:45.938 1697 1724 W PackageManager: Non-privileged app; cap priority to 0; package: com.google.android.play.games activity: com.google.android.gms.games.ui.GamesSettingsActivity origPrio: 10
05-03 21:42:45.938 1697 1724 W PackageManager: Non-privileged app; cap priority to 0; package: com.google.android.play.games activity: com.google.android.gms.games.ui.GamesSettingsDebugActivity origPrio: 10
05-03 21:42:45.938 1697 1724 W PackageManager: Non-privileged app; cap priority to 0; package: com.google.android.play.games activity: com.google.android.gms.games.ui.signin.SignInActivity origPrio: 10
05-03 21:42:45.938 1697 1724 W PackageManager: Non-privileged app; cap priority to 0; package: com.google.android.play.games activity: com.google.android.gms.games.ui.restricted.matches.RestrictedParticipantListActivity origPrio: 10
05-03 21:42:46.198 1407 1407 D installd: Detected label change from u:object_r:system_data_file:s0 to u:object_r:app_data_file:s0:c512,c768 at /data/data/com.google.android.play.games; running recursive restorecon
05-03 21:42:46.199 1407 1407 D installd: Detected label change from u:object_r:system_data_file:s0 to u:object_r:app_data_file:s0:c512,c768 at /data/user_de/0/com.google.android.play.games; running recursive restorecon
05-03 21:42:46.199 1697 1724 V BackupManagerService: restoreAtInstall pkg=com.google.android.play.games token=1 restoreSet=0
05-03 21:42:46.199 1697 1724 V BackupManagerService: Finishing install immediately
05-03 21:42:46.223 1407 1407 E : Couldn't opendir /data/app/vmdl286313135.tmp: No such file or directory
05-03 21:42:46.224 1697 1899 D PackageInstaller: Ignoring abandon after commit relinquished control
05-03 21:42:46.234 2294 2294 W Launcher: setApplicationContext called twice! old=android.app.Application@76ba41b new=android.app.Application@76ba41b
05-03 21:42:46.244 1697 1740 I chatty : uid=1000(system) InputReader expire 2 lines
05-03 21:42:46.249 1855 1855 E PhoneInterfaceManager: [PhoneIntfMgr] getCarrierPackageNamesForIntent: No UICC
05-03 21:42:46.249 1855 1855 D CarrierSvcBindHelper: No carrier app for: 0
05-03 21:42:46.249 1855 1855 D CarrierConfigLoader: mHandler: 9 phoneId: 0
05-03 21:42:46.343 5037 5037 W art : Unexpected CPU variant for X86 using defaults: x86_64
05-03 21:42:46.347 1697 3630 I ActivityManager: Start proc 5037:com.android.gallery3d/u0a58 for broadcast com.android.gallery3d/.app.PackagesMonitor
05-03 21:42:46.357 1782 1782 I RenderThread: type=1400 audit(0.0:289): avc: denied { ioctl } for path="/dev/dri/card0" dev="tmpfs" ino=8252 ioctlcmd=0x645b scontext=u:r:platform_app:s0:c512,c768 tcontext=u:object_r:device:s0 tclass=chr_file permissive=1
05-03 21:42:46.805 2165 3328 I chatty : uid=10015(com.google.android.gms) Binder:2165_5 expire 1 line
05-03 21:42:46.810 1697 3630 I ActivityManager: Start proc 5057:com.google.android.partnersetup/u0a21 for broadcast com.google.android.partnersetup/.RlzPingBroadcastReceiver
05-03 21:42:46.822 5057 5057 W art : Unexpected CPU variant for X86 using defaults: x86_64
05-03 21:42:46.855 5057 5057 W System : ClassLoader referenced unknown path: /system/priv-app/GooglePartnerSetup/lib/x86_64
05-03 21:42:46.876 5082 5082 W art : Unexpected CPU variant for X86 using defaults: x86
05-03 21:42:46.877 1697 3206 I ActivityManager: Start proc 5082:com.svox.pico/u0a63 for broadcast com.svox.pico/.VoiceDataInstallerReceiver
05-03 21:42:46.886 2165 5064 I chatty : uid=10015 com.google.android.gms.persistent expire 1 line
05-03 21:42:46.954 1697 3121 I ActivityManager: Killing 4189:com.google.android.youtube/u0a75 (adj 906): empty #17
05-03 21:42:46.961 2165 4685 I chatty : uid=10015(com.google.android.gms) lowpool[15] expire 1 line
05-03 21:42:46.973 1697 3206 D ActivityManager: cleanUpApplicationRecord -- 4189
05-03 21:42:47.108 2534 5055 I chatty : uid=10015(com.google.android.gms) expire 4 lines
05-03 21:42:47.125 1697 2808 W ActivityManager: Permission Denial: getIntentSender() from pid=2963, uid=10040, (need uid=10015) is not allowed to send as package com.google.android.gms
05-03 21:42:47.155 1697 3206 D ConnectivityService: ConnectivityService NetworkRequestInfo binderDied(NetworkRequest [ LISTEN id=8, [ Capabilities: INTERNET&NOT_RESTRICTED&TRUSTED&NOT_VPN] ], android.os.BinderProxy@8dac4c7)
05-03 21:42:47.155 1697 3206 E WifiService: Multicaster binderDied
05-03 21:42:47.156 1697 1754 E ConnectivityService: RemoteException caught trying to send a callback msg for NetworkRequest [ LISTEN id=8, [ Capabilities: INTERNET&NOT_RESTRICTED&TRUSTED&NOT_VPN] ]
05-03 21:42:47.158 1697 3206 I ActivityManager: Process com.google.android.gms (pid 2534) has died
05-03 21:42:47.158 1697 3206 D ActivityManager: cleanUpApplicationRecord -- 2534
05-03 21:42:47.158 1697 3206 W ActivityManager: Scheduling restart of crashed service com.google.android.gms/.analytics.service.AnalyticsService in 1000ms
05-03 21:42:47.158 1697 3206 W ActivityManager: Scheduling restart of crashed service com.google.android.gms/.security.snet.SafetyNetClientService in 11000ms
05-03 21:42:47.158 1697 3206 W ActivityManager: Scheduling restart of crashed service com.google.android.gms/.update.SystemUpdateService in 21000ms
05-03 21:42:47.158 1697 3206 W ActivityManager: Scheduling restart of crashed service com.google.android.gms/.mdm.services.NetworkQualityAndroidService in 21000ms
05-03 21:42:47.158 1697 3206 W ActivityManager: Scheduling restart of crashed service com.google.android.gms/.chimera.GmsBoundBrokerService in 31000ms
05-03 21:42:47.158 1697 3206 W ActivityManager: Scheduling restart of crashed service com.google.android.gms/.chimera.container.FileApkIntentOperation$ExternalFileApkService in 41000ms
05-03 21:42:47.158 1697 3206 W ActivityManager: Scheduling restart of crashed service com.google.android.gms/.chimera.GmsIntentOperationService in 77574ms
05-03 21:42:48.163 5110 5110 I chatty : uid=10015(com.google.android.gms) expire 14 lines
05-03 21:42:48.169 1697 1711 I ActivityManager: Start proc 5110:com.google.android.gms/u0a15 for service com.google.android.gms/.analytics.service.AnalyticsService
05-03 21:42:48.399 1410 1410 I Binder:1410_2: type=1400 audit(0.0:291): avc: denied { read } for name="vendor" dev="tmpfs" ino=6081 scontext=u:r:mediadrmserver:s0 tcontext=u:object_r:tmpfs:s0 tclass=lnk_file permissive=1
05-03 21:42:48.401 1410 4043 E Drm : Failed to find drm plugin
05-03 21:42:48.402 2708 3822 I chatty : uid=10015 com.google.android.gms.unstable expire 8 lines
05-03 21:42:48.415 5110 5144 I chatty : uid=10015(com.google.android.gms) expire 3 lines
05-03 21:42:48.529 5110 5151 I chatty : uid=10015(com.google.android.gms) expire 3 lines
05-03 21:42:48.563 5110 5156 I chatty : uid=10015(com.google.android.gms) expire 4 lines
05-03 21:42:48.603 5110 5155 I chatty : uid=10015(com.google.android.gms) expire 1 line
05-03 21:42:48.707 5110 5115 I chatty : uid=10015(com.google.android.gms) Jit thread pool expire 10 lines
05-03 21:42:48.734 5110 5149 I chatty : uid=10015(com.google.android.gms) expire 1 line
05-03 21:42:48.817 5110 5168 I chatty : uid=10015(com.google.android.gms) expire 14 lines
05-03 21:42:48.832 5110 5167 I chatty : uid=10015(com.google.android.gms) expire 1 line
05-03 21:42:48.839 1404 1669 I audio_hw_primary: choose pcmC1D0p for 0
05-03 21:42:48.944 5110 5150 I chatty : uid=10015(com.google.android.gms) expire 1 line
05-03 21:42:48.970 5110 5181 I chatty : uid=10015(com.google.android.gms) highpool[1] expire 2 lines
05-03 21:42:48.970 5110 5182 I chatty : uid=10015(com.google.android.gms) highpool[2] expire 1 line
05-03 21:42:49.079 5110 5188 I chatty : uid=10015(com.google.android.gms) Thread-26 expire 13 lines
05-03 21:42:49.136 1782 1782 I SlideTouchEvent: vel=0.0, MinimumFlingVelocity=50
05-03 21:42:49.259 1410 4043 E Drm : Failed to find drm plugin
05-03 21:42:49.269 2708 3115 I chatty : uid=10015 com.google.android.gms.unstable expire 6 lines
05-03 21:42:49.367 5110 5121 I chatty : uid=10015(com.google.android.gms) HeapTaskDaemon expire 2 lines
05-03 21:42:49.373 5110 5186 I chatty : uid=10015(com.google.android.gms) Thread-24 expire 12 lines
05-03 21:42:50.236 2708 4951 I chatty : uid=10015 com.google.android.gms.unstable expire 11 lines
05-03 21:42:50.272 1410 4043 E Drm : Failed to find drm plugin
05-03 21:42:50.483 2165 2806 I chatty : uid=10015(com.google.android.gms) highpool[1] expire 1 line
05-03 21:42:50.673 1782 1782 I SlideTouchEvent: vel=0.0, MinimumFlingVelocity=50
05-03 21:42:51.654 2165 2754 I chatty : uid=10015(com.google.android.gms) lowpool[2] expire 3 lines
05-03 21:42:51.812 2165 5198 I chatty : uid=10015 com.google.android.gms.persistent expire 12 lines
05-03 21:42:52.210 5110 5224 I chatty : uid=10015(com.google.android.gms) Binder:5110_8 expire 2 lines
05-03 21:42:52.514 2165 5195 I chatty : uid=10015 com.google.android.gms.persistent expire 1 line
05-03 21:42:52.968 2165 5208 I chatty : uid=10015 com.google.android.gms.persistent expire 2 lines
05-03 21:42:53.046 2165 5225 I chatty : uid=10015 com.google.android.gms.persistent expire 13 lines
05-03 21:42:53.187 2165 4623 I chatty : uid=10015 com.google.android.gms.persistent expire 5 lines
05-03 21:42:53.652 2165 4047 I chatty : uid=10015(com.google.android.gms) Thread-38 expire 12 lines
05-03 21:42:55.236 1404 1669 I audio_hw_primary: choose pcmC1D0p for 0
05-03 21:42:55.246 2963 2963 I chatty : uid=10040(com.android.vending) expire 83 lines
05-03 21:42:57.494 2708 5232 I chatty : uid=10015 com.google.android.gms.unstable expire 3 lines
05-03 21:42:58.026 1697 1709 I ActivityManager: START u0 {cmp=com.android.vending/com.google.android.finsky.billing.lightpurchase.LightPurchaseFlowActivity (has extras)} from uid 10040 on display 0
05-03 21:42:58.094 1697 3206 I ActivityManager: START u0 {cmp=com.android.vending/com.google.android.finsky.activities.AppsPermissionsActivity (has extras)} from uid 10040 on display 0
05-03 21:43:01.014 2963 3015 I chatty : uid=10040(com.android.vending) expire 3 lines
05-03 21:43:01.374 1398 1398 W SurfaceFlinger: couldn't log to binary event log: overflow.
05-03 21:43:01.654 1407 1407 I : free_cache(101537747) avail 3229491200
05-03 21:43:01.921 4786 5244 D DownloadManager: [16] Starting
05-03 21:43:02.157 4786 5244 D NetworkSecurityConfig: No Network Security Config specified, using platform default
05-03 21:43:02.169 4786 5244 W System : ClassLoader referenced unknown path: /system/framework/tcmclient.jar
05-03 21:43:03.097 4786 5244 W DownloadManager: fallocate() not supported; falling back to ftruncate()
05-03 21:43:03.731 1404 1669 I audio_hw_primary: choose pcmC1D0p for 0
05-03 21:43:04.030 1782 1782 I SlideTouchEvent: vel=0.0, MinimumFlingVelocity=50
05-03 21:43:10.115 1697 3807 I ActivityManager: Killing 4074:com.google.android.syncadapters.calendar/u0a70 (adj 906): empty #17
05-03 21:43:10.132 1697 3807 D ActivityManager: cleanUpApplicationRecord -- 4074
05-03 21:43:11.864 1416 1416 I perfprofd: profile collection skipped (missing semaphore file)
05-03 21:43:20.229 1404 1669 I audio_hw_primary: choose pcmC1D0p for 0
05-03 21:43:32.471 1410 4043 E Drm : Failed to find drm plugin
05-03 21:43:44.494 1697 3625 I ActivityManager: Killing 2773:org.cyanogenmod.cmparts/1000 (adj 906): empty #17
05-03 21:43:44.512 1697 3625 D ActivityManager: cleanUpApplicationRecord -- 2773
05-03 21:43:44.512 3352 3352 I ActivityThread: Removing dead content provider:android.content.ContentProviderProxy@c8f3942
05-03 21:43:45.956 1404 1669 I audio_hw_primary: choose pcmC1D0p for 0
05-03 21:43:46.255 1782 1782 I SlideTouchEvent: vel=0.0, MinimumFlingVelocity=50
05-03 21:43:46.273 2963 2963 I chatty : uid=10040(com.android.vending) expire 34 lines
05-03 21:43:46.537 2963 2968 I chatty : uid=10040(com.android.vending) expire 2 lines
05-03 21:43:54.092 1404 1669 I audio_hw_primary: choose pcmC1D0p for 0
05-03 21:44:01.545 2963 3013 I chatty : uid=10040(com.android.vending) expire 2 lines
05-03 21:44:08.157 2165 3589 I chatty : uid=10015(com.google.android.gms) Binder:2165_B expire 13 lines
05-03 21:44:08.171 2963 5266 I chatty : uid=10040(com.android.vending) expire 1 line
05-03 21:44:08.171 2963 4069 I chatty : uid=10040(com.android.vending) expire 5 lines
05-03 21:44:12.506 5110 5263 I chatty : uid=10015(com.google.android.gms) expire 1 line
05-03 21:44:17.371 1410 4043 E Drm : Failed to find drm plugin
05-03 21:44:19.093 2708 3720 I chatty : uid=10015 com.google.android.gms.unstable expire 2 lines
05-03 21:45:01.002 5277 5277 I main : type=1400 audit(0.0:297): avc: denied { mounton } for path="/storage" dev="tmpfs" ino=6076 scontext=u:r:zygote:s0 tcontext=u:object_r:tmpfs:s0 tclass=dir permissive=1
05-03 21:45:01.002 5277 5277 I main : type=1400 audit(0.0:298): avc: denied { open } for path="/selinux_version" dev="tmpfs" ino=6073 scontext=u:r:zygote:s0 tcontext=u:object_r:tmpfs:s0 tclass=file permissive=1
05-03 21:45:01.005 5277 5277 W art : Unexpected CPU variant for X86 using defaults: x86_64
05-03 21:45:01.011 1697 1711 I ActivityManager: Start proc 5277:com.android.deskclock/u0a53 for broadcast com.android.deskclock/com.android.alarmclock.DigitalAppWidgetProvider
05-03 21:45:01.015 5277 5277 W System : ClassLoader referenced unknown path: /system/app/DeskClock/lib/x86_64
05-03 21:45:01.024 1697 3488 I ActivityManager: Killing 3352:com.android.settings/1000 (adj 906): empty #17
05-03 21:45:01.039 1697 3625 D ActivityManager: cleanUpApplicationRecord -- 3352
05-03 21:45:02.896 1410 4043 E Drm : Failed to find drm plugin
05-03 21:45:33.469 4786 5244 D DownloadManager: [16] Finished with status SUCCESS
05-03 21:45:33.659 2963 2963 I chatty : uid=10040(com.android.vending) expire 40 lines
05-03 21:45:33.681 1407 1407 I : free_cache(0) avail 3127328768
05-03 21:45:33.722 5110 5171 I chatty : uid=10015(com.google.android.gms) expire 4 lines
05-03 21:45:33.724 2963 5303 I chatty : uid=10040(com.android.vending) expire 13 lines
05-03 21:45:33.725 1407 1407 I : free_cache(104493914) avail 3127328768
05-03 21:45:37.897 4786 5306 V DownloadManager: Deleting /storage/emulated/0/Android/data/com.android.vending/files/1525358581652 via provider delete
05-03 21:45:37.943 4786 5306 D MediaProvider: object removed 30
05-03 21:45:40.017 2963 5300 I chatty : uid=10040(com.android.vending) expire 11 lines
05-03 21:45:40.028 1697 1724 W PackageParser: Ignoring duplicate uses-permissions/uses-permissions-sdk-m: android.permission.INTERNET in package: com.mobile.legends at: Binary XML file line #18
05-03 21:45:40.028 1697 1724 W PackageParser: Ignoring duplicate uses-permissions/uses-permissions-sdk-m: android.permission.ACCESS_NETWORK_STATE in package: com.mobile.legends at: Binary XML file line #19
05-03 21:45:40.028 1697 1724 W PackageParser: Ignoring duplicate uses-permissions/uses-permissions-sdk-m: android.permission.GET_ACCOUNTS in package: com.mobile.legends at: Binary XML file line #20
05-03 21:45:40.028 1697 1724 W PackageParser: Ignoring duplicate uses-permissions/uses-permissions-sdk-m: android.permission.WAKE_LOCK in package: com.mobile.legends at: Binary XML file line #24
05-03 21:45:40.028 1697 1724 W PackageParser: Ignoring duplicate uses-permissions/uses-permissions-sdk-m: android.permission.INTERNET in package: com.mobile.legends at: Binary XML file line #28
05-03 21:45:40.028 1697 1724 W PackageParser: Ignoring duplicate uses-permissions/uses-permissions-sdk-m: android.permission.ACCESS_WIFI_STATE in package: com.mobile.legends at: Binary XML file line #29
05-03 21:45:40.028 1697 1724 W PackageParser: Ignoring duplicate uses-permissions/uses-permissions-sdk-m: android.permission.ACCESS_NETWORK_STATE in package: com.mobile.legends at: Binary XML file line #30
05-03 21:45:40.028 1697 1724 W PackageParser: Ignoring duplicate uses-permissions/uses-permissions-sdk-m: android.permission.WRITE_EXTERNAL_STORAGE in package: com.mobile.legends at: Binary XML file line #33
05-03 21:45:40.028 1697 1724 W PackageParser: Ignoring duplicate uses-permissions/uses-permissions-sdk-m: android.permission.RECORD_AUDIO in package: com.mobile.legends at: Binary XML file line #34
05-03 21:45:40.028 1697 1724 W PackageParser: Ignoring duplicate uses-permissions/uses-permissions-sdk-m: android.permission.READ_PHONE_STATE in package: com.mobile.legends at: Binary XML file line #37
05-03 21:45:40.028 1697 1724 W PackageParser: Ignoring duplicate uses-permissions/uses-permissions-sdk-m: android.permission.INTERNET in package: com.mobile.legends at: Binary XML file line #39
05-03 21:45:40.028 1697 1724 W PackageParser: Ignoring duplicate uses-permissions/uses-permissions-sdk-m: android.permission.ACCESS_NETWORK_STATE in package: com.mobile.legends at: Binary XML file line #40
05-03 21:45:40.028 1697 1724 W PackageParser: Ignoring duplicate uses-permissions/uses-permissions-sdk-m: android.permission.WAKE_LOCK in package: com.mobile.legends at: Binary XML file line #41
05-03 21:45:40.028 1697 1724 W PackageParser: Ignoring duplicate uses-permissions/uses-permissions-sdk-m: com.google.android.c2dm.permission.RECEIVE in package: com.mobile.legends at: Binary XML file line #42
05-03 21:45:40.028 1697 1724 W PackageParser: Ignoring duplicate uses-permissions/uses-permissions-sdk-m: android.permission.INTERNET in package: com.mobile.legends at: Binary XML file line #43
05-03 21:45:40.028 1697 1724 W PackageParser: Ignoring duplicate uses-permissions/uses-permissions-sdk-m: android.permission.ACCESS_NETWORK_STATE in package: com.mobile.legends at: Binary XML file line #44
05-03 21:45:40.028 1697 1724 W PackageParser: Ignoring duplicate uses-permissions/uses-permissions-sdk-m: android.permission.ACCESS_WIFI_STATE in package: com.mobile.legends at: Binary XML file line #45
05-03 21:45:40.028 1697 1724 W PackageParser: Ignoring duplicate uses-permissions/uses-permissions-sdk-m: android.permission.READ_PHONE_STATE in package: com.mobile.legends at: Binary XML file line #46
05-03 21:45:40.106 5313 5313 W dex2oat : Unexpected CPU variant for X86 using defaults: x86
05-03 21:45:40.106 5313 5313 W dex2oat : Mismatch between dex2oat instruction set features (ISA: X86 Feature string: smp,-ssse3,-sse4.1,-sse4.2,-avx,-avx2,-lock_add,-popcnt) and those of dex2oat executable (ISA: X86 Feature string: smp,ssse3,sse4.1,sse4.2,-avx,-avx2,-lock_add,popcnt) for the command line:
05-03 21:45:40.106 5313 5313 W dex2oat : /system/bin/dex2oat --zip-fd=6 --zip-location=base.apk --oat-fd=7 --oat-location=/data/app/vmdl419131237.tmp/oat/x86/base.odex --instruction-set=x86 --instruction-set-variant=x86 --instruction-set-features=default --runtime-arg -Xms64m --runtime-arg -Xmx512m --compiler-filter=interpret-only --swap-fd=8
05-03 21:45:40.106 5313 5313 I dex2oat : /system/bin/dex2oat --compiler-filter=interpret-only
05-03 21:45:40.106 5313 5313 E cutils-trace: Error opening trace file: Permission denied (13)
05-03 21:45:40.786 5313 5313 W dex2oat : Before Android 4.1, method android.graphics.PorterDuffColorFilter android.support.graphics.drawable.VectorDrawableCompat.updateTintFilter(android.graphics.PorterDuffColorFilter, android.content.res.ColorStateList, android.graphics.PorterDuff$Mode) would have incorrectly overridden the package-private method in android.graphics.drawable.Drawable
05-03 21:45:40.803 5313 5313 W dex2oat : Before Android 4.1, method int android.support.v7.widget.ListViewCompat.lookForSelectablePosition(int, boolean) would have incorrectly overridden the package-private method in android.widget.ListView
05-03 21:45:40.813 5313 5315 W dex2oat : Before Android 4.1, method boolean com.facebook.share.widget.ShareButtonBase.canShare() would have incorrectly overridden the package-private method in android.widget.TextView
05-03 21:45:41.073 5313 5313 W dex2oat : Before Android 4.1, method double java.util.concurrent.ThreadLocalRandom.internalNextDouble(double, double) would have incorrectly overridden the package-private method in java.util.Random
05-03 21:45:41.073 5313 5313 W dex2oat : Before Android 4.1, method int java.util.concurrent.ThreadLocalRandom.internalNextInt(int, int) would have incorrectly overridden the package-private method in java.util.Random
05-03 21:45:41.073 5313 5313 W dex2oat : Before Android 4.1, method long java.util.concurrent.ThreadLocalRandom.internalNextLong(long, long) would have incorrectly overridden the package-private method in java.util.Random
05-03 21:45:41.854 5313 5313 I dex2oat : dex2oat took 1.748s (threads: 4) arena alloc=1072KB (1098104B) java alloc=6MB (6499504B) native alloc=13MB (14637704B) free=3MB (3450232B)
05-03 21:45:42.068 1697 1724 W PackageManager: Unknown permission org.onepf.openiab.permission.BILLING in package com.mobile.legends
