05-19 18:19:06.936 2369 2369 E installd: Running /system/bin/patchoat isa=x86 in-fd=5 (/system/priv-app/TelephonyProvider/x86/TelephonyProvider.odex) out-fd=6 (/data/dalvik-cache/x86/system@priv-app@TelephonyProvider@TelephonyProvider.apk@classes.dex)
05-19 18:19:06.943 1628 1628 D NuPlayerDriver: start(0xb584eca0)
05-19 18:19:06.943 1628 2358 I GenericSource: start
05-19 18:19:06.946 1628 2042 D NuPlayerDriver: start(0xb50281c0)
05-19 18:19:06.946 1628 2359 I GenericSource: start
05-19 18:19:06.970 1628 2042 D NuPlayerDriver: reset(0xb50281c0)
05-19 18:19:06.973 1628 2359 D NuPlayerDriver: notifyResetComplete(0xb50281c0)
05-19 18:19:06.984 1628 1628 D NuPlayerDriver: reset(0xb584eca0)
05-19 18:19:06.990 1628 2358 D NuPlayerDriver: notifyResetComplete(0xb584eca0)
05-19 18:19:07.003 1943 2153 I art : DexFile_isDexOptNeeded file /system/priv-app/TeleService/x86/TeleService.odex needs to be relocated for /system/priv-app/TeleService/TeleService.apk
05-19 18:19:07.003 1943 2153 I PackageManager: Running patchoat on: com.android.phone
05-19 18:19:07.004 2393 2393 E installd: Running /system/bin/patchoat isa=x86 in-fd=5 (/system/priv-app/TeleService/x86/TeleService.odex) out-fd=6 (/data/dalvik-cache/x86/system@priv-app@TeleService@TeleService.apk@classes.dex)
05-19 18:19:07.008 1628 2023 D NuPlayerDriver: start(0xb5028040)
05-19 18:19:07.008 1628 2391 I GenericSource: start
05-19 18:19:07.026 1628 2023 D NuPlayerDriver: reset(0xb5028040)
05-19 18:19:07.030 1628 2391 D NuPlayerDriver: notifyResetComplete(0xb5028040)
05-19 18:19:07.053 1628 2041 D NuPlayerDriver: start(0xb584ef40)
05-19 18:19:07.053 1628 2399 I GenericSource: start
05-19 18:19:07.087 1628 2041 D NuPlayerDriver: reset(0xb584ef40)
05-19 18:19:07.091 1628 2399 D NuPlayerDriver: notifyResetComplete(0xb584ef40)
05-19 18:19:07.133 1628 2042 D NuPlayerDriver: start(0xb50281c0)
05-19 18:19:07.133 1628 2407 I GenericSource: start
05-19 18:19:07.170 2247 2247 I LatinIME: Hardware accelerated drawing: true
05-19 18:19:07.179 1628 2042 D NuPlayerDriver: reset(0xb50281c0)
05-19 18:19:07.182 1943 1964 I ActivityManager: Start proc 2414:com.android.printspooler/u0a44 for service com.android.printspooler/.model.PrintSpoolerService
05-19 18:19:07.185 1628 2407 D NuPlayerDriver: notifyResetComplete(0xb50281c0)
05-19 18:19:07.191 1943 1960 I art : DexFile_isDexOptNeeded file /system/priv-app/ExternalStorageProvider/x86/ExternalStorageProvider.odex needs to be relocated for /system/priv-app/ExternalStorageProvider/ExternalStorageProvider.apk
05-19 18:19:07.191 1943 1960 I PackageManager: Running patchoat on: com.android.externalstorage
05-19 18:19:07.200 2421 2421 E installd: Running /system/bin/patchoat isa=x86 in-fd=5 (/system/priv-app/ExternalStorageProvider/x86/ExternalStorageProvider.odex) out-fd=6 (/data/dalvik-cache/x86/system@priv-app@ExternalStorageProvider@ExternalStorageProvider.apk@classes.dex)
05-19 18:19:07.213 1943 1943 W AppWidgetServiceImpl: Failed to read state: java.io.FileNotFoundException: /data/system/users/0/appwidgets.xml: open failed: ENOENT (No such file or directory)
05-19 18:19:07.213 1943 1943 V AppWidgetServiceImpl: Upgrading widget database from 0 to 1
05-19 18:19:07.214 1943 1969 D BluetoothManagerService: Message: 300
05-19 18:19:07.214 1943 1969 D BluetoothManagerService: MESSAGE_USER_SWITCHED
05-19 18:19:07.224 1620 1687 D PermissionCache: checking android.permission.HARDWARE_TEST for uid=1000 => granted (221 us)
05-19 18:19:07.259 1943 2150 I art : DexFile_isDexOptNeeded file /system/app/PrintSpooler/x86/PrintSpooler.odex needs to be relocated for /system/app/PrintSpooler/PrintSpooler.apk
05-19 18:19:07.259 1943 2150 I PackageManager: Running patchoat on: com.android.printspooler
05-19 18:19:07.260 2432 2432 E installd: Running /system/bin/patchoat isa=x86 in-fd=5 (/system/app/PrintSpooler/x86/PrintSpooler.odex) out-fd=6 (/data/dalvik-cache/x86/system@app@PrintSpooler@PrintSpooler.apk@classes.dex)
05-19 18:19:07.311 2363 2363 D ExternalStorage: After updating volumes, found 1 active roots
05-19 18:19:07.352 2173 2173 I Choreographer: Skipped 47 frames! The application may be doing too much work on its main thread.
05-19 18:19:07.352 2363 2363 D ExternalStorage: After updating volumes, found 1 active roots
05-19 18:19:07.358 2247 2247 W InputAttributes: No editor info for this field. Bug?
05-19 18:19:07.363 1943 2153 I ActivityManager: Force stopping org.zeroxlab.util.tscal appid=1000 user=0: pkg changed
05-19 18:19:07.363 1943 2153 I ActivityManager: Killing 2343:org.zeroxlab.util.tscal/1000 (adj 0): stop org.zeroxlab.util.tscal
05-19 18:19:07.391 1943 2153 I ActivityManager: Force finishing activity 3 ActivityRecord{3a0dac46 u0 org.zeroxlab.util.tscal/.TSCalibrationStartup t1}
05-19 18:19:07.396 1943 2153 I ActivityManager: START u0 {act=android.intent.action.MAIN cat=[android.intent.category.HOME] flg=0x10000000 cmp=com.android.settings/.CryptKeeper} from uid 0 on display 0
05-19 18:19:07.423 2414 2414 I PrintSpoolerService: No existing print spooler state.
05-19 18:19:07.425 1943 2153 V WindowManager: addAppToken: AppWindowToken{338e5f83 token=Token{14fb9632 ActivityRecord{3cbbce3d u0 com.android.settings/.CryptKeeper t2}}} to stack=0 task=2 at 0
05-19 18:19:07.436 1943 2025 I InputReader: Reconfiguring input devices. changes=0x00000010
05-19 18:19:07.449 1943 1960 I StatusBarManagerService: registerStatusBar bar=com.android.internal.statusbar.IStatusBar$Stub$Proxy@159c1139
05-19 18:19:07.466 2247 2434 I LatinIME:LogUtils: Dictionary info: dictionary = UserHistoryDictionary.en_US ; version = 1432059547 ; date = ?
05-19 18:19:07.471 2247 2435 I LatinIME:LogUtils: Dictionary info: dictionary = PersonalizationDictionary.en_US ; version = 1432059547 ; date = ?
05-19 18:19:07.480 2247 2436 I LatinIME:LogUtils: Dictionary info: dictionary = userunigram.en_US ; version = 1432059547 ; date = ?
05-19 18:19:07.495 2247 2438 I LatinIME:LogUtils: Dictionary info: dictionary = ContextualDictionary.en_US ; version = 1432059547 ; date = ?
05-19 18:19:07.496 1943 2151 I ActivityManager: Start proc 2439:android.process.media/u0a5 for broadcast com.android.providers.media/.MediaScannerReceiver
05-19 18:19:07.503 2247 2437 I LatinIME:LogUtils: Dictionary info: dictionary = contacts.en_US ; version = 1432059547 ; date = ?
05-19 18:19:07.536 1943 1961 W ActivityManager: Spurious death for ProcessRecord{bc8e37e 2343:org.zeroxlab.util.tscal/1000}, curProc for 2343: null
05-19 18:19:07.542 1943 1956 I art : Background sticky concurrent mark sweep GC freed 26482(1895KB) AllocSpace objects, 10(154KB) LOS objects, 23% free, 7MB/10MB, paused 3.325ms total 104.606ms
05-19 18:19:07.560 1943 1943 D BackupManagerService: Received broadcast Intent { act=android.intent.action.PACKAGE_CHANGED dat=package:org.zeroxlab.util.tscal flg=0x4000010 (has extras) }
05-19 18:19:07.576 2247 2435 I LatinIME:LogUtils: Dictionary info: dictionary = PersonalizationDictionary.en_US ; version = 1432059547 ; date = ?
05-19 18:19:07.578 1943 1960 I art : DexFile_isDexOptNeeded file /system/priv-app/DownloadProvider/x86/DownloadProvider.odex needs to be relocated for /system/priv-app/DownloadProvider/DownloadProvider.apk
05-19 18:19:07.578 1943 1960 I PackageManager: Running patchoat on: com.android.providers.downloads
05-19 18:19:07.585 2247 2435 I LatinIME:LogUtils: Dictionary info: dictionary = PersonalizationDictionary.en_US ; version = 1432059547 ; date = ?
05-19 18:19:07.587 2456 2456 E installd: Running /system/bin/patchoat isa=x86 in-fd=5 (/system/priv-app/DownloadProvider/x86/DownloadProvider.odex) out-fd=6 (/data/dalvik-cache/x86/system@priv-app@DownloadProvider@DownloadProvider.apk@classes.dex)
05-19 18:19:07.601 2191 2224 D ContactDirectoryManager: Found com.android.exchange.directory.provider
05-19 18:19:07.681 1943 1960 I ActivityManager: Start proc 2458:com.android.settings/1000 for activity com.android.settings/.CryptKeeper
05-19 18:19:07.725 1943 2151 I ActivityManager: Start proc 2474:com.android.exchange/u0a30 for content provider com.android.exchange/.provider.ExchangeDirectoryProvider
05-19 18:19:07.786 1943 1960 I art : DexFile_isDexOptNeeded file /system/app/Exchange2/x86/Exchange2.odex needs to be relocated for /system/app/Exchange2/Exchange2.apk
05-19 18:19:07.786 1943 1960 I PackageManager: Running patchoat on: com.android.exchange
05-19 18:19:07.794 2490 2490 E installd: Running /system/bin/patchoat isa=x86 in-fd=5 (/system/app/Exchange2/x86/Exchange2.odex) out-fd=6 (/data/dalvik-cache/x86/system@app@Exchange2@Exchange2.apk@classes.dex)
05-19 18:19:07.828 2247 2455 I LatinIME:LogUtils: Dictionary info: dictionary = main:de ; version = 44 ; date = 1393228134
05-19 18:19:07.848 2247 2455 I LatinIME:LogUtils: Dictionary info: dictionary = main:fr ; version = 45 ; date = 1400639634
05-19 18:19:07.890 2247 2455 I LatinIME:LogUtils: Dictionary info: dictionary = main:es ; version = 49 ; date = 1404131686
05-19 18:19:07.913 2247 2455 I LatinIME:LogUtils: Dictionary info: dictionary = main:it ; version = 44 ; date = 1393228135
05-19 18:19:07.945 2247 2455 I LatinIME:LogUtils: Dictionary info: dictionary = main:ru ; version = 50 ; date = 1406597821
05-19 18:19:07.983 2247 2455 I LatinIME:LogUtils: Dictionary info: dictionary = main:en ; version = 47 ; date = 1402373178
05-19 18:19:08.216 1943 1961 I ActivityManager: START u0 {act=android.intent.action.MAIN cat=[android.intent.category.HOME] flg=0x10000000 cmp=com.android.provision/.DefaultActivity} from uid 0 on display 0
05-19 18:19:08.223 1943 1961 V WindowManager: addAppToken: AppWindowToken{2014cabf token=Token{10cff8de ActivityRecord{466a019 u0 com.android.provision/.DefaultActivity t3}}} to stack=0 task=3 at 0
05-19 18:19:08.231 2439 2439 I MediaProvider: Upgrading media database from version 0 to 800, which will destroy all old data
05-19 18:19:08.275 1943 1961 I ActivityManager: Start proc 2498:com.android.provision/u0a45 for activity com.android.provision/.DefaultActivity
05-19 18:19:08.335 1943 2406 I ActivityManager: Start proc 2514:com.android.email/u0a29 for content provider com.android.email/.provider.EmailProvider
05-19 18:19:08.336 1943 1961 I art : DexFile_isDexOptNeeded file /system/app/Provision/x86/Provision.odex needs to be relocated for /system/app/Provision/Provision.apk
05-19 18:19:08.336 1943 1961 I PackageManager: Running patchoat on: com.android.provision
05-19 18:19:08.339 2247 2455 I LatinIME:LogUtils: Dictionary info: dictionary = main:en ; version = 47 ; date = 1402373178
05-19 18:19:08.345 2521 2521 E installd: Running /system/bin/patchoat isa=x86 in-fd=5 (/system/app/Provision/x86/Provision.odex) out-fd=6 (/data/dalvik-cache/x86/system@app@Provision@Provision.apk@classes.dex)
05-19 18:19:08.357 2247 2455 I LatinIME:LogUtils: Dictionary info: dictionary = main:en ; version = 47 ; date = 1402373178
05-19 18:19:08.378 2247 2455 I LatinIME:LogUtils: Dictionary info: dictionary = main:en ; version = 47 ; date = 1402373178
05-19 18:19:08.385 2247 2455 I LatinIME:LogUtils: Dictionary info: dictionary = main:en ; version = 47 ; date = 1402373178
05-19 18:19:08.393 2247 2455 I LatinIME:LogUtils: Dictionary info: dictionary = main:en ; version = 47 ; date = 1402373178
05-19 18:19:08.416 1943 2150 I art : DexFile_isDexOptNeeded file /system/app/Email/x86/Email.odex needs to be relocated for /system/app/Email/Email.apk
05-19 18:19:08.416 1943 2150 I PackageManager: Running patchoat on: com.android.email
05-19 18:19:08.422 2536 2536 E installd: Running /system/bin/patchoat isa=x86 in-fd=5 (/system/app/Email/x86/Email.odex) out-fd=6 (/data/dalvik-cache/x86/system@app@Email@Email.apk@classes.dex)
05-19 18:19:08.465 2439 2439 D MediaProvider: Adjusting external storage paths to: /storage/emulated/0
05-19 18:19:08.517 2439 2439 E SQLiteLog: (1) no such table: album_info
05-19 18:19:08.833 2439 2439 D MediaScannerReceiver: action: android.intent.action.MEDIA_UNMOUNTED path: /storage/usb0
05-19 18:19:08.869 2439 2540 I DownloadManager: Upgrading downloads database from version 0 to version 109, which will destroy all old data
05-19 18:19:08.891 1943 1943 I ActivityManager: Start proc 2541:com.android.music/u0a38 for broadcast com.android.music/.MediaButtonIntentReceiver
05-19 18:19:08.895 1943 1966 D SettingsProvider: User 0 external modification to /data/data/com.android.providers.settings/databases/settings.db; event=2
05-19 18:19:08.895 1943 1966 D SettingsProvider: User 0 updating our caches for /data/data/com.android.providers.settings/databases/settings.db
05-19 18:19:08.897 1943 2152 W BackupManagerService: dataChanged but no participant pkg='com.android.providers.settings' uid=10045
05-19 18:19:08.914 1943 1961 W BackupManagerService: dataChanged but no participant pkg='com.android.providers.settings' uid=10045
05-19 18:19:08.920 1943 1966 D SettingsProvider: User 0 external modification to /data/data/com.android.providers.settings/databases/settings.db; event=2
05-19 18:19:08.920 1943 1966 D SettingsProvider: User 0 updating our caches for /data/data/com.android.providers.settings/databases/settings.db
05-19 18:19:08.926 2247 2455 I LatinIME:LogUtils: Dictionary info: dictionary = main:en ; version = 47 ; date = 1402373178
05-19 18:19:08.937 1943 1960 I ActivityManager: START u0 {act=android.intent.action.MAIN cat=[android.intent.category.HOME] flg=0x10000000 cmp=com.cyanogenmod.trebuchet/com.android.launcher3.Launcher} from uid 0 on display 0
05-19 18:19:08.947 2191 2224 I ContactDirectoryManager: deleted 0 stale rows which don't have any relevant directory
05-19 18:19:08.950 1943 1960 V WindowManager: addAppToken: AppWindowToken{1837e9ec token=Token{11ce949f ActivityRecord{1e4d3e3e u0 com.cyanogenmod.trebuchet/com.android.launcher3.Launcher t4}}} to stack=0 task=4 at 0
05-19 18:19:08.954 2247 2455 I LatinIME:LogUtils: Dictionary info: dictionary = main:en ; version = 47 ; date = 1402373178
05-19 18:19:08.957 2191 2224 I ContactDirectoryManager: Discovered 0 contact directories in 1733ms
05-19 18:19:08.961 1943 1943 I ValidateNoPeople: mEvictionCount: 0
05-19 18:19:08.963 1632 1632 I art : Explicit concurrent mark sweep GC freed 706(30KB) AllocSpace objects, 0(0B) LOS objects, 39% free, 1918KB/3MB, paused 861us total 68.341ms
05-19 18:19:08.978 1632 1632 I art : Explicit concurrent mark sweep GC freed 5(160B) AllocSpace objects, 0(0B) LOS objects, 39% free, 1918KB/3MB, paused 228us total 14.766ms
05-19 18:19:08.989 2191 2224 I ContactsProvider: Upgrading aggregation algorithm
05-19 18:19:08.996 1632 1632 I art : Explicit concurrent mark sweep GC freed 5(160B) AllocSpace objects, 0(0B) LOS objects, 39% free, 1918KB/3MB, paused 273us total 16.893ms
05-19 18:19:09.001 2191 2224 I ContactAggregator: Marked all visible contacts for aggregation: 0 raw contacts, 1 ms
05-19 18:19:09.002 2191 2224 I ContactsProvider: Aggregation algorithm upgraded for 0 raw contacts in 13ms
05-19 18:19:09.048 1943 1960 I ActivityManager: Start proc 2562:com.cyanogenmod.trebuchet/u0a14 for activity com.cyanogenmod.trebuchet/com.android.launcher3.Launcher
05-19 18:19:09.050 1943 2494 I art : DexFile_isDexOptNeeded file /system/app/Music/x86/Music.odex needs to be relocated for /system/app/Music/Music.apk
05-19 18:19:09.050 1943 2494 I PackageManager: Running patchoat on: com.android.music
05-19 18:19:09.052 2568 2568 E installd: Running /system/bin/patchoat isa=x86 in-fd=5 (/system/app/Music/x86/Music.odex) out-fd=6 (/data/dalvik-cache/x86/system@app@Music@Music.apk@classes.dex)
05-19 18:19:09.097 2191 2224 I ContactsFTS: Rebuild contact search index in 93ms, 0 contacts
05-19 18:19:09.110 1943 2151 I art : DexFile_isDexOptNeeded file /system/priv-app/Trebuchet/x86/Trebuchet.odex needs to be relocated for /system/priv-app/Trebuchet/Trebuchet.apk
05-19 18:19:09.110 1943 2151 I PackageManager: Running patchoat on: com.cyanogenmod.trebuchet
05-19 18:19:09.111 2581 2581 E installd: Running /system/bin/patchoat isa=x86 in-fd=5 (/system/priv-app/Trebuchet/x86/Trebuchet.odex) out-fd=6 (/data/dalvik-cache/x86/system@priv-app@Trebuchet@Trebuchet.apk@classes.dex)
05-19 18:19:09.262 2514 2579 D ActivityThread: Loading provider com.android.email.provider;com.android.email.notifier: com.android.email.provider.EmailProvider
05-19 18:19:09.263 2514 2580 D ActivityThread: Loading provider com.android.email.provider;com.android.email.notifier: com.android.email.provider.EmailProvider
05-19 18:19:09.279 2514 2514 D ActivityThread: Loading provider com.android.email.provider;com.android.email.notifier: com.android.email.provider.EmailProvider
05-19 18:19:09.315 2313 2313 D TelephonyProvider: dbh.onCreate:+ db=SQLiteDatabase: /data/data/com.android.providers.telephony/databases/telephony.db
05-19 18:19:09.315 2313 2313 D TelephonyProvider: dbh.createSimInfoTable:+
05-19 18:19:09.320 2514 2584 D ActivityThread: Loading provider com.android.email.provider;com.android.email.notifier: com.android.email.provider.EmailProvider
05-19 18:19:09.324 1943 2035 D WifiService: New client listening to asynchronous messages
05-19 18:19:09.335 2313 2313 D TelephonyProvider: dbh.createSimInfoTable:-
05-19 18:19:09.335 2313 2313 D TelephonyProvider: dbh.createCarriersTable:+
05-19 18:19:09.336 2313 2313 D TelephonyProvider: dbh.createCarriersTable:-
05-19 18:19:09.344 2562 2562 E ActivityThread: Failed to find provider info for com.android.launcher2.settings
05-19 18:19:09.344 2313 2313 D TelephonyProvider: No APNs in OEM image = /oem/telephony/apns-conf.xml Load APNs from system image
05-19 18:19:09.344 2313 2313 D TelephonyProvider: confFile = /system/etc/apns-conf.xml
05-19 18:19:09.359 2562 2562 V Launcher: LauncherAppState inited
05-19 18:19:09.367 1943 1969 D BluetoothManagerService: Message: 20
05-19 18:19:09.368 1943 1969 D BluetoothManagerService: Added callback: android.bluetooth.IBluetoothManagerCallback$Stub$Proxy@a4e9ae4:true
05-19 18:19:09.378 2173 2173 D BluetoothAdapter: 66812341: getState() : mService = null. Returning STATE_OFF
05-19 18:19:09.379 2173 2582 D BluetoothAdapter: 66812341: getState() : mService = null. Returning STATE_OFF
05-19 18:19:09.380 1943 1969 D BluetoothManagerService: Message: 30
05-19 18:19:09.390 1943 1969 D BluetoothManagerService: Message: 30
05-19 18:19:09.395 2173 2173 E BluetoothA2dpSink: Could not bind to Bluetooth A2DP Service with Intent { act=android.bluetooth.IBluetoothA2dpSink }
05-19 18:19:09.396 1943 1969 D BluetoothManagerService: Message: 30
05-19 18:19:09.399 2173 2173 E BluetoothAvrcpController: Could not bind to Bluetooth AVRCP Controller Service with Intent { act=android.bluetooth.IBluetoothAvrcpController }
05-19 18:19:09.400 1943 1969 D BluetoothManagerService: Message: 30
05-19 18:19:09.402 1943 2152 D BluetoothManagerService: Trying to bind to profile: 1, while Bluetooth was disabled
05-19 18:19:09.406 1943 1969 D BluetoothManagerService: Message: 30
05-19 18:19:09.408 2173 2173 E BluetoothHeadsetClient: Could not bind to Bluetooth Headset Client Service with Intent { act=android.bluetooth.IBluetoothHeadsetClient }
05-19 18:19:09.411 1943 1969 D BluetoothManagerService: Message: 30
05-19 18:19:09.418 2562 2562 W Launcher: setApplicationContext called twice! old=com.android.launcher3.LauncherApplication@1af6ba8c new=com.android.launcher3.LauncherApplication@1af6ba8c
05-19 18:19:09.419 2173 2173 D BluetoothMap: Create BluetoothMap proxy object
05-19 18:19:09.420 1943 1969 D BluetoothManagerService: Message: 30
05-19 18:19:09.423 1943 2495 W ActivityManager: Unable to start service Intent { act=com.android.mail.action.BACKUP_DATA_CHANGED pkg=com.android.email } U=0: not found
05-19 18:19:09.428 1943 2076 W ActivityManager: Unable to start service Intent { act=com.android.mail.action.BACKUP_DATA_CHANGED pkg=com.android.email } U=0: not found
05-19 18:19:09.432 1943 1969 D BluetoothManagerService: Message: 30
05-19 18:19:09.433 1943 1961 W ActivityManager: Unable to start service Intent { act=com.android.mail.action.BACKUP_DATA_CHANGED pkg=com.android.email } U=0: not found
05-19 18:19:09.439 1943 2152 W ActivityManager: Unable to start service Intent { act=com.android.mail.action.BACKUP_DATA_CHANGED pkg=com.android.email } U=0: not found
05-19 18:19:09.441 1943 2151 W ActivityManager: Unable to start service Intent { act=com.android.mail.action.BACKUP_DATA_CHANGED pkg=com.android.email } U=0: not found
05-19 18:19:09.445 1943 2076 W ActivityManager: Unable to start service Intent { act=com.android.mail.action.BACKUP_DATA_CHANGED pkg=com.android.email } U=0: not found
05-19 18:19:09.448 1943 2152 W ActivityManager: Unable to start service Intent { act=com.android.mail.action.BACKUP_DATA_CHANGED pkg=com.android.email } U=0: not found
05-19 18:19:09.453 1943 2151 D ConnectivityService: listenForNetwork for NetworkRequest [ id=2, legacyType=-1, [] ]
05-19 18:19:09.489 2474 2474 I Exchange: EasService.onCreate
05-19 18:19:09.495 2173 2173 I CameraManagerGlobal: getCameraService: Reconnecting to camera service
05-19 18:19:09.511 2474 2602 I Exchange: RestartPingTask
05-19 18:19:09.513 1628 2041 I CameraService: getCameraCharacteristics: Switching to HAL1 shim implementation...
05-19 18:19:09.513 1628 2041 D Camera_Factory: CameraFactory::get_camera_info
05-19 18:19:09.513 1628 2041 D Camera_Factory: CameraFactory::getCameraInfo: id = 0, info = 0xb4e01978
05-19 18:19:09.513 1628 2041 D Camera_Factory: CameraFactory::getCameraNum: 1
05-19 18:19:09.514 1628 2041 D CameraHardware: CameraHardware::getCameraInfo
05-19 18:19:09.514 1628 2041 D Camera_Factory: CameraFactory::get_camera_info
05-19 18:19:09.514 1628 2041 D Camera_Factory: CameraFactory::getCameraInfo: id = 0, info = 0xb4e01710
05-19 18:19:09.514 1628 2041 D Camera_Factory: CameraFactory::getCameraNum: 1
05-19 18:19:09.514 1628 2041 D CameraHardware: CameraHardware::getCameraInfo
05-19 18:19:09.518 1943 2494 W ActivityManager: Unable to start service Intent { cmp=com.android.email/.service.AttachmentService } U=0: not found
05-19 18:19:09.518 1943 2151 W ActivityManager: Unable to start service Intent { cmp=com.android.email/.service.AttachmentService } U=0: not found
05-19 18:19:09.560 1943 2389 W ActivityManager: Unable to start service Intent { cmp=com.android.email/.service.AttachmentService } U=0: not found
05-19 18:19:09.560 2514 2607 I Email : Observing account changes for notifications
05-19 18:19:09.564 1628 2041 I CameraClient: Opening camera 0
05-19 18:19:09.564 1628 2041 D Camera_Factory: CameraFactory::get_camera_info
05-19 18:19:09.564 1628 2041 D Camera_Factory: CameraFactory::getCameraInfo: id = 0, info = 0xb4e016a0
05-19 18:19:09.564 1628 2041 D Camera_Factory: CameraFactory::getCameraNum: 1
05-19 18:19:09.564 1628 2041 D CameraHardware: CameraHardware::getCameraInfo
05-19 18:19:09.564 1628 2041 D Camera_Factory: CameraFactory::device_open: name = 0
05-19 18:19:09.564 1628 2041 D Camera_Factory: CameraFactory::cameraDeviceOpen: id = 0
05-19 18:19:09.564 1628 2041 D Camera_Factory: CameraFactory::getCameraNum: 1
05-19 18:19:09.564 1628 2041 D CameraHardware: CameraHardware::PowerOn: Power ON camera.
05-19 18:19:09.564 1628 2041 D CameraHardware: CameraHardware::PowerOn: no power_file set
05-19 18:19:09.564 1628 2041 D CameraHardware: CameraHardware::initDefaultParameters
05-19 18:19:09.617 1628 2041 D V4L2Camera: V4L2Camera::EnumFrameFormats
05-19 18:19:09.617 1628 2041 D V4L2Camera: { pixelformat = 'YUYV', description = 'YUV 4:2:2 (YUYV)' }
05-19 18:19:09.617 1628 2041 D V4L2Camera: V4L2Camera::EnumFrameSizes: pixfmt: 0x56595559
05-19 18:19:09.617 1628 2041 D V4L2Camera: { discrete: width = 640, height = 480 }
05-19 18:19:09.617 1628 2041 D V4L2Camera: V4L2Camera::EnumFrameIntervals: pixfmt: 0x56595559, w:640, h:480
05-19 18:19:09.617 1628 2041 D V4L2Camera: Time interval between frame:
05-19 18:19:09.617 1628 2041 D V4L2Camera: 1/30
05-19 18:19:09.617 1628 2041 D V4L2Camera: { discrete: width = 160, height = 120 }
05-19 18:19:09.617 1628 2041 D V4L2Camera: V4L2Camera::EnumFrameIntervals: pixfmt: 0x56595559, w:160, h:120
05-19 18:19:09.617 1628 2041 D V4L2Camera: Time interval between frame:
05-19 18:19:09.617 1628 2041 D V4L2Camera: 1/30
05-19 18:19:09.617 1628 2041 D V4L2Camera: { discrete: width = 176, height = 144 }
05-19 18:19:09.617 1628 2041 D V4L2Camera: V4L2Camera::EnumFrameIntervals: pixfmt: 0x56595559, w:176, h:144
05-19 18:19:09.617 1628 2041 D V4L2Camera: Time interval between frame:
05-19 18:19:09.617 1628 2041 D V4L2Camera: 1/30
05-19 18:19:09.617 1628 2041 D V4L2Camera: { discrete: width = 320, height = 240 }
05-19 18:19:09.617 1628 2041 D V4L2Camera: V4L2Camera::EnumFrameIntervals: pixfmt: 0x56595559, w:320, h:240
05-19 18:19:09.617 1628 2041 D V4L2Camera: Time interval between frame:
05-19 18:19:09.617 1628 2041 D V4L2Camera: 1/30
05-19 18:19:09.617 1628 2041 D V4L2Camera: { discrete: width = 352, height = 288 }
05-19 18:19:09.617 1628 2041 D V4L2Camera: V4L2Camera::EnumFrameIntervals: pixfmt: 0x56595559, w:352, h:288
05-19 18:19:09.617 1628 2041 D V4L2Camera: Time interval between frame:
05-19 18:19:09.617 1628 2041 D V4L2Camera: 1/30
05-19 18:19:09.617 1628 2041 D V4L2Camera: { discrete: width = 424, height = 240 }
05-19 18:19:09.617 1628 2041 D V4L2Camera: V4L2Camera::EnumFrameIntervals: pixfmt: 0x56595559, w:424, h:240
05-19 18:19:09.617 1628 2041 D V4L2Camera: Time interval between frame:
05-19 18:19:09.617 1628 2041 D V4L2Camera: 1/30
05-19 18:19:09.617 1628 2041 D V4L2Camera: { discrete: width = 640, height = 360 }
05-19 18:19:09.617 1628 2041 D V4L2Camera: V4L2Camera::EnumFrameIntervals: pixfmt: 0x56595559, w:640, h:360
05-19 18:19:09.617 1628 2041 D V4L2Camera: Time interval between frame:
05-19 18:19:09.617 1628 2041 D V4L2Camera: 1/30
05-19 18:19:09.617 1628 2041 D V4L2Camera: { discrete: width = 960, height = 540 }
05-19 18:19:09.617 1628 2041 D V4L2Camera: V4L2Camera::EnumFrameIntervals: pixfmt: 0x56595559, w:960, h:540
05-19 18:19:09.617 1628 2041 D V4L2Camera: Time interval between frame:
05-19 18:19:09.617 1628 2041 D V4L2Camera: 1/15
05-19 18:19:09.617 1628 2041 D V4L2Camera: { discrete: width = 1280, height = 720 }
05-19 18:19:09.617 1628 2041 D V4L2Camera: V4L2Camera::EnumFrameIntervals: pixfmt: 0x56595559, w:1280, h:720
05-19 18:19:09.617 1628 2041 D V4L2Camera: Time interval between frame:
05-19 18:19:09.617 1628 2041 D V4L2Camera: 1/10
05-19 18:19:09.617 1628 2041 D V4L2Camera: { pixelformat = 'MJPG', description = 'MJPEG' }
05-19 18:19:09.617 1628 2041 D V4L2Camera: V4L2Camera::EnumFrameSizes: pixfmt: 0x47504a4d
05-19 18:19:09.617 1628 2041 D V4L2Camera: { discrete: width = 640, height = 480 }
05-19 18:19:09.617 1628 2041 D V4L2Camera: V4L2Camera::EnumFrameIntervals: pixfmt: 0x47504a4d, w:640, h:480
05-19 18:19:09.617 1628 2041 D V4L2Camera: Time interval between frame:
05-19 18:19:09.617 1628 2041 D V4L2Camera: 1/30
05-19 18:19:09.617 1628 2041 D V4L2Camera: { discrete: width = 160, height = 120 }
05-19 18:19:09.617 1628 2041 D V4L2Camera: V4L2Camera::EnumFrameIntervals: pixfmt: 0x47504a4d, w:160, h:120
05-19 18:19:09.617 1628 2041 D V4L2Camera: Time interval between frame:
05-19 18:19:09.617 1628 2041 D V4L2Camera: 1/30
05-19 18:19:09.618 1628 2041 D V4L2Camera: { discrete: width = 176, height = 144 }
05-19 18:19:09.618 1628 2041 D V4L2Camera: V4L2Camera::EnumFrameIntervals: pixfmt: 0x47504a4d, w:176, h:144
05-19 18:19:09.618 1628 2041 D V4L2Camera: Time interval between frame:
05-19 18:19:09.618 1628 2041 D V4L2Camera: 1/30
05-19 18:19:09.618 1628 2041 D V4L2Camera: { discrete: width = 320, height = 240 }
05-19 18:19:09.618 1628 2041 D V4L2Camera: V4L2Camera::EnumFrameIntervals: pixfmt: 0x47504a4d, w:320, h:240
05-19 18:19:09.618 1628 2041 D V4L2Camera: Time interval between frame:
05-19 18:19:09.618 1628 2041 D V4L2Camera: 1/30
05-19 18:19:09.618 1628 2041 D V4L2Camera: { discrete: width = 352, height = 288 }
05-19 18:19:09.618 1628 2041 D V4L2Camera: V4L2Camera::EnumFrameIntervals: pixfmt: 0x47504a4d, w:352, h:288
05-19 18:19:09.618 1628 2041 D V4L2Camera: Time interval between frame:
05-19 18:19:09.618 1628 2041 D V4L2Camera: 1/30
05-19 18:19:09.618 1628 2041 D V4L2Camera: { discrete: width = 424, height = 240 }
05-19 18:19:09.618 1628 2041 D V4L2Camera: V4L2Camera::EnumFrameIntervals: pixfmt: 0x47504a4d, w:424, h:240
05-19 18:19:09.618 1628 2041 D V4L2Camera: Time interval between frame:
05-19 18:19:09.618 1628 2041 D V4L2Camera: 1/30
05-19 18:19:09.618 1628 2041 D V4L2Camera: { discrete: width = 640, height = 360 }
05-19 18:19:09.618 1628 2041 D V4L2Camera: V4L2Camera::EnumFrameIntervals: pixfmt: 0x47504a4d, w:640, h:360
05-19 18:19:09.618 1628 2041 D V4L2Camera: Time interval between frame:
05-19 18:19:09.618 1628 2041 D V4L2Camera: 1/30
05-19 18:19:09.618 1628 2041 D V4L2Camera: { discrete: width = 960, height = 540 }
05-19 18:19:09.618 1628 2041 D V4L2Camera: V4L2Camera::EnumFrameIntervals: pixfmt: 0x47504a4d, w:960, h:540
05-19 18:19:09.618 1628 2041 D V4L2Camera: Time interval between frame:
05-19 18:19:09.618 1628 2041 D V4L2Camera: 1/30
05-19 18:19:09.618 1628 2041 D V4L2Camera: { discrete: width = 1280, height = 720 }
05-19 18:19:09.618 1628 2041 D V4L2Camera: V4L2Camera::EnumFrameIntervals: pixfmt: 0x47504a4d, w:1280, h:720
05-19 18:19:09.618 1628 2041 D V4L2Camera: Time interval between frame:
05-19 18:19:09.618 1628 2041 D V4L2Camera: 1/30
05-19 18:19:09.618 1628 2041 D V4L2Camera: V4L2Camera::getAvailableSizes
05-19 18:19:09.618 1628 2041 D V4L2Camera: V4L2Camera::getAvailableFps
05-19 18:19:09.618 1628 2041 I CameraHardware: Default preview size: (1280 x 720), fps:30
05-19 18:19:09.618 1628 2041 I CameraHardware: All available formats: 160x120,176x144,240x160,320x200,320x240,352x288,424x240,432x320,480x320,640x360,640x480,960x540,1280x720
05-19 18:19:09.618 1628 2041 I CameraHardware: All available fps: (10,10),(15,15),(30,30)
05-19 18:19:09.618 1628 2041 I CameraHardware: Default picture size: (1280 x 720)
05-19 18:19:09.618 1628 2041 D CameraHardware: CameraHardware::setParameters
05-19 18:19:09.619 1628 2041 D CameraHardware: CameraHardware::setParameters: PREVIEW: Size 1280x720, 30 fps, format: yuv422sp
05-19 18:19:09.619 1628 2041 D CameraHardware: CameraHardware::setParameters: PICTURE: Size 1280x720, format: jpeg
05-19 18:19:09.619 1628 2041 D CameraHardware: CameraHardware::setParameters: VIDEO: Size 1280x720, format: yuv420p
05-19 18:19:09.619 1628 2041 D CameraHardware: CameraHardware::initHeapLocked
05-19 18:19:09.619 1628 2041 E CameraHardware: No memory allocator available
05-19 18:19:09.619 1628 2041 D CameraHardware: CameraHardware::setParameters: OK
05-19 18:19:09.619 1628 2041 D CameraHardware: CameraHardware::connectCamera
05-19 18:19:09.619 1628 2041 D CameraHardware: CameraHardware::setCallbacks
05-19 18:19:09.619 1628 2041 D CameraHardware: CameraHardware::enableMsgType: 3085
05-19 18:19:09.619 1628 2041 D CameraHardware: CameraHardware::getParameters
05-19 18:19:09.619 1628 2041 D CameraHardware: CameraHardware::putParameters
05-19 18:19:09.619 1628 2041 D CameraHardware: CameraHardware::disableMsgType: 65535
05-19 18:19:09.619 1628 2041 D CameraHardware: CameraHardware::stopPreview
05-19 18:19:09.619 1628 2041 D CameraHardware: CameraHardware::stopPreviewLocked
05-19 18:19:09.619 1628 2041 D CameraHardware: CameraHardware::stopPreviewLocked: OK
05-19 18:19:09.619 1628 2041 D CameraHardware: CameraHardware::cancelPicture
05-19 18:19:09.619 1628 2041 D CameraHardware: CameraHardware::releaseCamera
05-19 18:19:09.619 1628 2041 I CameraClient: Destroying camera 0
05-19 18:19:09.619 1628 2041 D CameraHardware: CameraHardware::closeCamera
05-19 18:19:09.620 1628 2041 D CameraHardware: CameraHardware::releaseCamera
05-19 18:19:09.626 1628 2041 D NuPlayerDriver: reset(0xb584ef40)
05-19 18:19:09.627 1628 2606 D NuPlayerDriver: notifyResetComplete(0xb584ef40)
05-19 18:19:09.628 1628 2041 D NuPlayerDriver: reset(0xb593a040)
05-19 18:19:09.628 1628 2612 D NuPlayerDriver: notifyResetComplete(0xb593a040)
05-19 18:19:09.630 1628 2042 D Camera_Factory: CameraFactory::get_camera_info
05-19 18:19:09.630 1628 2042 D Camera_Factory: CameraFactory::getCameraInfo: id = 0, info = 0xb4d039b0
05-19 18:19:09.630 1628 2042 D Camera_Factory: CameraFactory::getCameraNum: 1
05-19 18:19:09.630 1628 2042 D CameraHardware: CameraHardware::getCameraInfo
05-19 18:19:09.631 1628 1628 D Camera_Factory: CameraFactory::get_camera_info
05-19 18:19:09.631 1628 1628 D Camera_Factory: CameraFactory::getCameraInfo: id = 0, info = 0xbfc1fd50
05-19 18:19:09.631 1628 1628 D Camera_Factory: CameraFactory::getCameraNum: 1
05-19 18:19:09.631 1628 1628 D CameraHardware: CameraHardware::getCameraInfo
05-19 18:19:09.674 1943 1961 I art : Explicit concurrent mark sweep GC freed 11559(698KB) AllocSpace objects, 9(144KB) LOS objects, 33% free, 7MB/11MB, paused 849us total 104.899ms
05-19 18:19:09.714 2474 2474 I Exchange: RestartPingsTask did not start any pings.
05-19 18:19:09.714 2474 2474 I Exchange: PSS stopIfIdle
05-19 18:19:09.714 2474 2474 I Exchange: PSS has no active accounts; stopping service.
05-19 18:19:09.720 1943 2495 W ActivityManager: Unable to start service Intent { cmp=com.android.email/.service.AttachmentService } U=0: not found
05-19 18:19:09.763 2173 2619 D BluetoothAdapter: 66812341: getState() : mService = null. Returning STATE_OFF
05-19 18:19:09.764 2173 2619 D BluetoothAdapter: 66812341: getState() : mService = null. Returning STATE_OFF
05-19 18:19:09.764 2173 2619 D BluetoothAdapter: 66812341: getState() : mService = null. Returning STATE_OFF
05-19 18:19:09.764 2173 2619 D BluetoothAdapter: 66812341: getState() : mService = null. Returning STATE_OFF
05-19 18:19:09.795 1943 1961 W ActivityManager: Unable to start service Intent { cmp=com.android.email/.service.AttachmentService } U=0: not found
05-19 18:19:09.817 2173 2623 D OpenGLRenderer: Use EGL_SWAP_BEHAVIOR_PRESERVED: true
05-19 18:19:09.823 2173 2173 I GRALLOC-RADEON: detected chipset 0x9834 family 0x3c (vram size 494MiB, gart size 1019MiB)
05-19 18:19:09.823 2173 2173 I GRALLOC-DRM: create radeon for driver radeon
05-19 18:19:09.826 2562 2590 W Resources: Converting to int: TypedValue{t=0x3/d=0x13 "6" a=-1}
05-19 18:19:09.826 2562 2590 W Resources: Converting to int: TypedValue{t=0x3/d=0x14 "3" a=-1}
05-19 18:19:09.826 2562 2590 W Resources: Converting to int: TypedValue{t=0x3/d=0x11 "1" a=-1}
05-19 18:19:09.826 2562 2590 W Resources: Converting to int: TypedValue{t=0x3/d=0x12 "0" a=-1}
05-19 18:19:09.826 2562 2590 W Resources: Converting to int: TypedValue{t=0x3/d=0x11 "1" a=-1}
05-19 18:19:09.827 2173 2173 D Atlas : Validating map...
05-19 18:19:09.828 2562 2590 W Resources: Converting to int: TypedValue{t=0x3/d=0x18 "7" a=-1}
05-19 18:19:09.828 2562 2590 W Resources: Converting to int: TypedValue{t=0x3/d=0x19 "4" a=-1}
05-19 18:19:09.828 2562 2590 W Resources: Converting to int: TypedValue{t=0x3/d=0x11 "1" a=-1}
05-19 18:19:09.833 2562 2590 W Launcher.LauncherProvider: Unable to add favorite: com.android.vending/com.android.vending.AssetBrowserActivity
05-19 18:19:09.833 2562 2590 W Launcher.LauncherProvider: android.content.pm.PackageManager$NameNotFoundException: ComponentInfo{com.android.vending/com.android.vending.AssetBrowserActivity}
05-19 18:19:09.833 2562 2590 W Launcher.LauncherProvider: at android.app.ApplicationPackageManager.getActivityInfo(ApplicationPackageManager.java:314)
05-19 18:19:09.833 2562 2590 W Launcher.LauncherProvider: at com.android.launcher3.LauncherProvider$DatabaseHelper.addAppShortcut(LauncherProvider.java:1308)
05-19 18:19:09.833 2562 2590 W Launcher.LauncherProvider: at com.android.launcher3.LauncherProvider$DatabaseHelper.loadFavorites(LauncherProvider.java:1185)
05-19 18:19:09.833 2562 2590 W Launcher.LauncherProvider: at com.android.launcher3.LauncherProvider$DatabaseHelper.access$000(LauncherProvider.java:298)
05-19 18:19:09.833 2562 2590 W Launcher.LauncherProvider: at com.android.launcher3.LauncherProvider.loadDefaultFavoritesIfNecessary(LauncherProvider.java:288)
05-19 18:19:09.833 2562 2590 W Launcher.LauncherProvider: at com.android.launcher3.LauncherModel$LoaderTask.loadWorkspace(LauncherModel.java:1681)
05-19 18:19:09.833 2562 2590 W Launcher.LauncherProvider: at com.android.launcher3.LauncherModel$LoaderTask.loadAndBindWorkspace(LauncherModel.java:1425)
05-19 18:19:09.833 2562 2590 W Launcher.LauncherProvider: at com.android.launcher3.LauncherModel$LoaderTask.run(LauncherModel.java:1530)
05-19 18:19:09.833 2562 2590 W Launcher.LauncherProvider: at android.os.Handler.handleCallback(Handler.java:739)
05-19 18:19:09.833 2562 2590 W Launcher.LauncherProvider: at android.os.Handler.dispatchMessage(Handler.java:95)
05-19 18:19:09.833 2562 2590 W Launcher.LauncherProvider: at android.os.Looper.loop(Looper.java:135)
05-19 18:19:09.833 2562 2590 W Launcher.LauncherProvider: at android.os.HandlerThread.run(HandlerThread.java:61)
05-19 18:19:09.833 2562 2590 W Resources: Converting to int: TypedValue{t=0x3/d=0x12 "0" a=-1}
05-19 18:19:09.833 2562 2590 W Resources: Converting to int: TypedValue{t=0x3/d=0x19 "4" a=-1}
05-19 18:19:09.833 2562 2590 W Resources: Converting to int: TypedValue{t=0x3/d=0x11 "1" a=-1}
05-19 18:19:09.849 2173 2173 D PhoneStatusBar: disable: < EXPAND* icons alerts system_info BACK* HOME* RECENT* clock SEARCH*
> 05-19 18:19:09.854 2562 2590 W Launcher.LauncherProvider: Unable to add favorite: com.google.android.apps.maps/com.google.android.maps.MapsActivity
05-19 18:19:09.854 2562 2590 W Launcher.LauncherProvider: android.content.pm.PackageManager$NameNotFoundException: ComponentInfo{com.google.android.apps.maps/com.google.android.maps.MapsActivity}
05-19 18:19:09.854 2562 2590 W Launcher.LauncherProvider: at android.app.ApplicationPackageManager.getActivityInfo(ApplicationPackageManager.java:314)
05-19 18:19:09.854 2562 2590 W Launcher.LauncherProvider: at com.android.launcher3.LauncherProvider$DatabaseHelper.addAppShortcut(LauncherProvider.java:1308)
05-19 18:19:09.854 2562 2590 W Launcher.LauncherProvider: at com.android.launcher3.LauncherProvider$DatabaseHelper.loadFavorites(LauncherProvider.java:1231)
05-19 18:19:09.854 2562 2590 W Launcher.LauncherProvider: at com.android.launcher3.LauncherProvider$DatabaseHelper.access$000(LauncherProvider.java:298)
05-19 18:19:09.854 2562 2590 W Launcher.LauncherProvider: at com.android.launcher3.LauncherProvider.loadDefaultFavoritesIfNecessary(LauncherProvider.java:288)
05-19 18:19:09.854 2562 2590 W Launcher.LauncherProvider: at com.android.launcher3.LauncherModel$LoaderTask.loadWorkspace(LauncherModel.java:1681)
05-19 18:19:09.854 2562 2590 W Launcher.LauncherProvider: at com.android.launcher3.LauncherModel$LoaderTask.loadAndBindWorkspace(LauncherModel.java:1425)
05-19 18:19:09.854 2562 2590 W Launcher.LauncherProvider: at com.android.launcher3.LauncherModel$LoaderTask.run(LauncherModel.java:1530)
05-19 18:19:09.854 2562 2590 W Launcher.LauncherProvider: at android.os.Handler.handleCallback(Handler.java:739)
05-19 18:19:09.854 2562 2590 W Launcher.LauncherProvider: at android.os.Handler.dispatchMessage(Handler.java:95)
05-19 18:19:09.854 2562 2590 W Launcher.LauncherProvider: at android.os.Looper.loop(Looper.java:135)
05-19 18:19:09.854 2562 2590 W Launcher.LauncherProvider: at android.os.HandlerThread.run(HandlerThread.java:61)
05-19 18:19:09.860 2562 2590 W Launcher.LauncherProvider: Unable to add favorite: com.google.android.gm/com.google.android.gm.GmailActivity
05-19 18:19:09.860 2562 2590 W Launcher.LauncherProvider: android.content.pm.PackageManager$NameNotFoundException: ComponentInfo{com.google.android.gm/com.google.android.gm.GmailActivity}
05-19 18:19:09.860 2562 2590 W Launcher.LauncherProvider: at android.app.ApplicationPackageManager.getActivityInfo(ApplicationPackageManager.java:314)
05-19 18:19:09.860 2562 2590 W Launcher.LauncherProvider: at com.android.launcher3.LauncherProvider$DatabaseHelper.addAppShortcut(LauncherProvider.java:1308)
05-19 18:19:09.860 2562 2590 W Launcher.LauncherProvider: at com.android.launcher3.LauncherProvider$DatabaseHelper.loadFavorites(LauncherProvider.java:1231)
05-19 18:19:09.860 2562 2590 W Launcher.LauncherProvider: at com.android.launcher3.LauncherProvider$DatabaseHelper.access$000(LauncherProvider.java:298)
05-19 18:19:09.860 2562 2590 W Launcher.LauncherProvider: at com.android.launcher3.LauncherProvider.loadDefaultFavoritesIfNecessary(LauncherProvider.java:288)
05-19 18:19:09.860 2562 2590 W Launcher.LauncherProvider: at com.android.launcher3.LauncherModel$LoaderTask.loadWorkspace(LauncherModel.java:1681)
05-19 18:19:09.860 2562 2590 W Launcher.LauncherProvider: at com.android.launcher3.LauncherModel$LoaderTask.loadAndBindWorkspace(LauncherModel.java:1425)
05-19 18:19:09.860 2562 2590 W Launcher.LauncherProvider: at com.android.launcher3.LauncherModel$LoaderTask.run(LauncherModel.java:1530)
05-19 18:19:09.860 2562 2590 W Launcher.LauncherProvider: at android.os.Handler.handleCallback(Handler.java:739)
05-19 18:19:09.860 2562 2590 W Launcher.LauncherProvider: at android.os.Handler.dispatchMessage(Handler.java:95)
05-19 18:19:09.860 2562 2590 W Launcher.LauncherProvider: at android.os.Looper.loop(Looper.java:135)
05-19 18:19:09.860 2562 2590 W Launcher.LauncherProvider: at android.os.HandlerThread.run(HandlerThread.java:61)
05-19 18:19:09.865 2562 2590 W Launcher.LauncherProvider: Unable to add favorite: com.google.android.apps.plus/com.google.android.apps.plus.phone.HomeActivity
05-19 18:19:09.865 2562 2590 W Launcher.LauncherProvider: android.content.pm.PackageManager$NameNotFoundException: ComponentInfo{com.google.android.apps.plus/com.google.android.apps.plus.phone.HomeActivity}
05-19 18:19:09.865 2562 2590 W Launcher.LauncherProvider: at android.app.ApplicationPackageManager.getActivityInfo(ApplicationPackageManager.java:314)
05-19 18:19:09.865 2562 2590 W Launcher.LauncherProvider: at com.android.launcher3.LauncherProvider$DatabaseHelper.addAppShortcut(LauncherProvider.java:1308)
05-19 18:19:09.865 2562 2590 W Launcher.LauncherProvider: at com.android.launcher3.LauncherProvider$DatabaseHelper.loadFavorites(LauncherProvider.java:1231)
05-19 18:19:09.865 2562 2590 W Launcher.LauncherProvider: at com.android.launcher3.LauncherProvider$DatabaseHelper.access$000(LauncherProvider.java:298)
05-19 18:19:09.865 2562 2590 W Launcher.LauncherProvider: at com.android.launcher3.LauncherProvider.loadDefaultFavoritesIfNecessary(LauncherProvider.java:288)
05-19 18:19:09.865 2562 2590 W Launcher.LauncherProvider: at com.android.launcher3.LauncherModel$LoaderTask.loadWorkspace(LauncherModel.java:1681)
05-19 18:19:09.865 2562 2590 W Launcher.LauncherProvider: at com.android.launcher3.LauncherModel$LoaderTask.loadAndBindWorkspace(LauncherModel.java:1425)
05-19 18:19:09.865 2562 2590 W Launcher.LauncherProvider: at com.android.launcher3.LauncherModel$LoaderTask.run(LauncherModel.java:1530)
05-19 18:19:09.865 2562 2590 W Launcher.LauncherProvider: at android.os.Handler.handleCallback(Handler.java:739)
05-19 18:19:09.865 2562 2590 W Launcher.LauncherProvider: at android.os.Handler.dispatchMessage(Handler.java:95)
05-19 18:19:09.865 2562 2590 W Launcher.LauncherProvider: at android.os.Looper.loop(Looper.java:135)
05-19 18:19:09.865 2562 2590 W Launcher.LauncherProvider: at android.os.HandlerThread.run(HandlerThread.java:61)
05-19 18:19:09.874 2562 2590 W Launcher.LauncherProvider: Unable to add favorite: com.google.android.calendar/com.android.calendar.AllInOneActivity
05-19 18:19:09.874 2562 2590 W Launcher.LauncherProvider: android.content.pm.PackageManager$NameNotFoundException: ComponentInfo{com.google.android.calendar/com.android.calendar.AllInOneActivity}
05-19 18:19:09.874 2562 2590 W Launcher.LauncherProvider: at android.app.ApplicationPackageManager.getActivityInfo(ApplicationPackageManager.java:314)
05-19 18:19:09.874 2562 2590 W Launcher.LauncherProvider: at com.android.launcher3.LauncherProvider$DatabaseHelper.addAppShortcut(LauncherProvider.java:1308)
05-19 18:19:09.874 2562 2590 W Launcher.LauncherProvider: at com.android.launcher3.LauncherProvider$DatabaseHelper.loadFavorites(LauncherProvider.java:1231)
05-19 18:19:09.874 2562 2590 W Launcher.LauncherProvider: at com.android.launcher3.LauncherProvider$DatabaseHelper.access$000(LauncherProvider.java:298)
05-19 18:19:09.874 2562 2590 W Launcher.LauncherProvider: at com.android.launcher3.LauncherProvider.loadDefaultFavoritesIfNecessary(LauncherProvider.java:288)
05-19 18:19:09.874 2562 2590 W Launcher.LauncherProvider: at com.android.launcher3.LauncherModel$LoaderTask.loadWorkspace(LauncherModel.java:1681)
05-19 18:19:09.874 2562 2590 W Launcher.LauncherProvider: at com.android.launcher3.LauncherModel$LoaderTask.loadAndBindWorkspace(LauncherModel.java:1425)
05-19 18:19:09.874 2562 2590 W Launcher.LauncherProvider: at com.android.launcher3.LauncherModel$LoaderTask.run(LauncherModel.java:1530)
05-19 18:19:09.874 2562 2590 W Launcher.LauncherProvider: at android.os.Handler.handleCallback(Handler.java:739)
05-19 18:19:09.874 2562 2590 W Launcher.LauncherProvider: at android.os.Handler.dispatchMessage(Handler.java:95)
05-19 18:19:09.874 2562 2590 W Launcher.LauncherProvider: at android.os.Looper.loop(Looper.java:135)
05-19 18:19:09.874 2562 2590 W Launcher.LauncherProvider: at android.os.HandlerThread.run(HandlerThread.java:61)
05-19 18:19:09.876 2562 2590 W Launcher.LauncherProvider: Unable to add favorite: com.google.android.apps.maps/com.google.android.maps.driveabout.app.DestinationActivity
05-19 18:19:09.876 2562 2590 W Launcher.LauncherProvider: android.content.pm.PackageManager$NameNotFoundException: ComponentInfo{com.google.android.apps.maps/com.google.android.maps.driveabout.app.DestinationActivity}
05-19 18:19:09.876 2562 2590 W Launcher.LauncherProvider: at android.app.ApplicationPackageManager.getActivityInfo(ApplicationPackageManager.java:314)
05-19 18:19:09.876 2562 2590 W Launcher.LauncherProvider: at com.android.launcher3.LauncherProvider$DatabaseHelper.addAppShortcut(LauncherProvider.java:1308)
05-19 18:19:09.876 2562 2590 W Launcher.LauncherProvider: at com.android.launcher3.LauncherProvider$DatabaseHelper.loadFavorites(LauncherProvider.java:1231)
05-19 18:19:09.876 2562 2590 W Launcher.LauncherProvider: at com.android.launcher3.LauncherProvider$DatabaseHelper.access$000(LauncherProvider.java:298)
05-19 18:19:09.876 2562 2590 W Launcher.LauncherProvider: at com.android.launcher3.LauncherProvider.loadDefaultFavoritesIfNecessary(LauncherProvider.java:288)
05-19 18:19:09.876 2562 2590 W Launcher.LauncherProvider: at com.android.launcher3.LauncherModel$LoaderTask.loadWorkspace(LauncherModel.java:1681)
05-19 18:19:09.876 2562 2590 W Launcher.LauncherProvider: at com.android.launcher3.LauncherModel$LoaderTask.loadAndBindWorkspace(LauncherModel.java:1425)
05-19 18:19:09.876 2562 2590 W Launcher.LauncherProvider: at com.android.launcher3.LauncherModel$LoaderTask.run(LauncherModel.java:1530)
05-19 18:19:09.876 2562 2590 W Launcher.LauncherProvider: at android.os.Handler.handleCallback(Handler.java:739)
05-19 18:19:09.876 2562 2590 W Launcher.LauncherProvider: at android.os.Handler.dispatchMessage(Handler.java:95)
05-19 18:19:09.876 2562 2590 W Launcher.LauncherProvider: at android.os.Looper.loop(Looper.java:135)
05-19 18:19:09.876 2562 2590 W Launcher.LauncherProvider: at android.os.HandlerThread.run(HandlerThread.java:61)
05-19 18:19:09.879 2562 2590 W Launcher.LauncherProvider: Unable to add favorite: com.google.android.apps.plus/com.google.android.apps.plus.phone.ConversationListActivity
05-19 18:19:09.879 2562 2590 W Launcher.LauncherProvider: android.content.pm.PackageManager$NameNotFoundException: ComponentInfo{com.google.android.apps.plus/com.google.android.apps.plus.phone.ConversationListActivity}
05-19 18:19:09.879 2562 2590 W Launcher.LauncherProvider: at android.app.ApplicationPackageManager.getActivityInfo(ApplicationPackageManager.java:314)
05-19 18:19:09.879 2562 2590 W Launcher.LauncherProvider: at com.android.launcher3.LauncherProvider$DatabaseHelper.addAppShortcut(LauncherProvider.java:1308)
05-19 18:19:09.879 2562 2590 W Launcher.LauncherProvider: at com.android.launcher3.LauncherProvider$DatabaseHelper.loadFavorites(LauncherProvider.java:1231)
05-19 18:19:09.879 2562 2590 W Launcher.LauncherProvider: at com.android.launcher3.LauncherProvider$DatabaseHelper.access$000(LauncherProvider.java:298)
05-19 18:19:09.879 2562 2590 W Launcher.LauncherProvider: at com.android.launcher3.LauncherProvider.loadDefaultFavoritesIfNecessary(LauncherProvider.java:288)
05-19 18:19:09.879 2562 2590 W Launcher.LauncherProvider: at com.android.launcher3.LauncherModel$LoaderTask.loadWorkspace(LauncherModel.java:1681)
05-19 18:19:09.879 2562 2590 W Launcher.LauncherProvider: at com.android.launcher3.LauncherModel$LoaderTask.loadAndBindWorkspace(LauncherModel.java:1425)
05-19 18:19:09.879 2562 2590 W Launcher.LauncherProvider: at com.android.launcher3.LauncherModel$LoaderTask.run(LauncherModel.java:1530)
05-19 18:19:09.879 2562 2590 W Launcher.LauncherProvider: at android.os.Handler.handleCallback(Handler.java:739)
05-19 18:19:09.879 2562 2590 W Launcher.LauncherProvider: at android.os.Handler.dispatchMessage(Handler.java:95)
05-19 18:19:09.879 2562 2590 W Launcher.LauncherProvider: at android.os.Looper.loop(Looper.java:135)
05-19 18:19:09.879 2562 2590 W Launcher.LauncherProvider: at android.os.HandlerThread.run(HandlerThread.java:61)
05-19 18:19:09.881 2562 2590 W Resources: Converting to int: TypedValue{t=0x3/d=0x18 "7" a=-1}
05-19 18:19:09.881 2562 2590 W Resources: Converting to int: TypedValue{t=0x3/d=0x19 "4" a=-1}
05-19 18:19:09.881 2562 2590 W Resources: Converting to int: TypedValue{t=0x3/d=0x11 "1" a=-1}
05-19 18:19:09.887 2562 2590 W Launcher.LauncherProvider: Unable to add favorite: com.bel.android.dspmanager/com.bel.android.dspmanager.activity.DSPManager
05-19 18:19:09.887 2562 2590 W Launcher.LauncherProvider: android.content.pm.PackageManager$NameNotFoundException: ComponentInfo{com.bel.android.dspmanager/com.bel.android.dspmanager.activity.DSPManager}
