05-19 18:22:06.985 3985 3985 D wpa_supplicant: WPA: set own WPA/RSN IE - hexdump(len=22): 30 14 01 00 00 0f ac 04 01 00 00 0f ac 04 01 00 00 0f ac 02 00 00
05-19 18:22:06.985 3985 3985 D wpa_supplicant: nl80211: Associate (ifindex=6)
05-19 18:22:06.985 3985 3985 D wpa_supplicant: * bssid=f8:1a:67:b2:14:c6
05-19 18:22:06.985 3985 3985 D wpa_supplicant: * freq=2412
05-19 18:22:06.985 3985 3985 D wpa_supplicant: * SSID - hexdump(len=11): 57 49 46 49 5f 4d 49 5a 49 46 49
05-19 18:22:06.985 3985 3985 D wpa_supplicant: * IEs - hexdump(len=32): 30 14 01 00 00 0f ac 04 01 00 00 0f ac 04 01 00 00 0f ac 02 00 00 7f 08 00 00 0a 02 01 00 00 40
05-19 18:22:06.985 3985 3985 D wpa_supplicant: * WPA Versions 0x2
05-19 18:22:06.985 3985 3985 D wpa_supplicant: * pairwise=0xfac04
05-19 18:22:06.985 3985 3985 D wpa_supplicant: * group=0xfac04
05-19 18:22:06.985 3985 3985 D wpa_supplicant: * akm=0xfac02
05-19 18:22:06.985 3985 3985 D wpa_supplicant: nl80211: Association request send successfully
05-19 18:22:06.995 3985 3985 D wpa_supplicant: wlan0: RX EAPOL from f8:1a:67:b2:14:c6
05-19 18:22:06.995 3985 3985 D wpa_supplicant: RX EAPOL - hexdump(len=99): 02 03 00 5f 02 00 8a 00 10 00 00 00 00 00 00 00 01 01 f8 6f 28 c9 a8 96 b7 a1 31 09 e4 23 5e a3 ...
05-19 18:22:06.995 3985 3985 D wpa_supplicant: wlan0: Not associated - Delay processing of received EAPOL frame (state=ASSOCIATING bssid=00:00:00:00:00:00)
05-19 18:22:06.997 3985 3985 D wpa_supplicant: RTM_NEWLINK: ifi_index=6 ifname=wlan0 operstate=5 linkmode=1 ifi_family=0 ifi_flags=0x11003 ([UP][LOWER_UP])
05-19 18:22:07.002 3985 3985 D wpa_supplicant: nl80211: Event message available
05-19 18:22:07.002 3985 3985 D wpa_supplicant: nl80211: Drv Event 38 (NL80211_CMD_ASSOCIATE) received for wlan0
05-19 18:22:07.002 3985 3985 D wpa_supplicant: nl80211: MLME event 38 (NL80211_CMD_ASSOCIATE) on wlan0(5c:c9:d3:3c:f6:84) A1=5c:c9:d3:3c:f6:84 A2=f8:1a:67:b2:14:c6
05-19 18:22:07.002 3985 3985 D wpa_supplicant: nl80211: MLME event frame - hexdump(len=176): 10 00 3a 01 5c c9 d3 3c f6 84 f8 1a 67 b2 14 c6 f8 1a 67 b2 14 c6 10 10 31 00 00 00 03 c0 01 08 ...
05-19 18:22:07.002 3985 3985 D wpa_supplicant: nl80211: Associate event
05-19 18:22:07.002 3985 3985 D wpa_supplicant: wlan0: Event ASSOC (0) received
05-19 18:22:07.002 3985 3985 D wpa_supplicant: wlan0: Association info event
05-19 18:22:07.002 3985 3985 D wpa_supplicant: resp_ies - hexdump(len=146): 01 08 02 04 0b 0c 12 16 18 24 32 04 30 48 60 6c 2d 1a ef 11 03 ff ff 00 00 00 00 00 00 00 00 00 ...
05-19 18:22:07.002 3985 3985 D wpa_supplicant: WPA: Unrecognized EAPOL-Key Key Data IE - hexdump(len=28): 33 1a ef 11 03 ff ff 00 00 00 00 00 00 00 00 00 00 00 00 00 00 00 04 06 e6 e7 0d 00
05-19 18:22:07.002 3985 3985 D wpa_supplicant: WPA: Unrecognized EAPOL-Key Key Data IE - hexdump(len=24): 3d 16 01 05 15 00 00 00 00 00 00 00 00 00 00 00 00 00 00 00 00 00 00 00
05-19 18:22:07.002 3985 3985 D wpa_supplicant: WPA: Unrecognized EAPOL-Key Key Data IE - hexdump(len=24): 34 16 01 05 15 00 00 00 00 00 00 00 00 00 00 00 00 00 00 00 00 00 00 00
05-19 18:22:07.002 3985 3985 D wpa_supplicant: WPA: WMM Parameter Element - hexdump(len=24): 00 50 f2 02 01 01 83 00 03 a4 00 00 27 a4 00 00 42 43 5e 00 62 32 2f 00
05-19 18:22:07.002 3985 3985 D wpa_supplicant: IEEE 802.11 element parse ignored unknown element (id=51 elen=26)
05-19 18:22:07.002 3985 3985 D wpa_supplicant: IEEE 802.11 element parse ignored unknown element (id=52 elen=22)
05-19 18:22:07.002 3985 3985 D wpa_supplicant: IEEE 802.11 element parse ignored unknown element (id=51 elen=26)
05-19 18:22:07.002 3985 3985 D wpa_supplicant: IEEE 802.11 element parse ignored unknown element (id=52 elen=22)
05-19 18:22:07.002 3985 3985 D wpa_supplicant: wlan0: freq=2412 MHz
05-19 18:22:07.002 3985 3985 D wpa_supplicant: FT: Stored MDIE and FTIE from (Re)Association Response - hexdump(len=0):
05-19 18:22:07.002 3985 3985 D wpa_supplicant: wlan0: State: ASSOCIATING -> ASSOCIATED
05-19 18:22:07.002 3985 3985 D wpa_supplicant: nl80211: Set wlan0 operstate 0->0 (DORMANT)
05-19 18:22:07.002 3985 3985 D wpa_supplicant: netlink: Operstate: ifindex=6 linkmode=-1 (no change), operstate=5 (IF_OPER_DORMANT)
05-19 18:22:07.003 3985 3985 D wpa_supplicant: CTRL_IFACE monitor sent successfully to /data/misc/wifi/sockets/wpa_ctrl_3703-2\x00
05-19 18:22:07.003 3985 3985 D wpa_supplicant: wlan0: Associated to a new BSS: BSSID=f8:1a:67:b2:14:c6
05-19 18:22:07.003 3985 3985 D wpa_supplicant: Add randomness: count=6 entropy=4
05-19 18:22:07.003 3985 3985 D wpa_supplicant: random pool - hexdump(len=128): [REMOVED]
05-19 18:22:07.003 3985 3985 D wpa_supplicant: random_mix_pool - hexdump(len=8): [REMOVED]
05-19 18:22:07.003 3985 3985 D wpa_supplicant: random_mix_pool - hexdump(len=6): [REMOVED]
05-19 18:22:07.003 3985 3985 D wpa_supplicant: random pool - hexdump(len=128): [REMOVED]
05-19 18:22:07.003 3985 3985 D wpa_supplicant: WPA: set AP WPA IE - hexdump(len=24): dd 16 00 50 f2 01 01 00 00 50 f2 04 01 00 00 50 f2 04 01 00 00 50 f2 02
05-19 18:22:07.003 3985 3985 D wpa_supplicant: WPA: set AP RSN IE - hexdump(len=22): 30 14 01 00 00 0f ac 04 01 00 00 0f ac 04 01 00 00 0f ac 02 00 00
05-19 18:22:07.003 3985 3985 I wpa_supplicant: wlan0: Associated with f8:1a:67:b2:14:c6
05-19 18:22:07.003 3985 3985 D wpa_supplicant: CTRL_IFACE monitor sent successfully to /data/misc/wifi/sockets/wpa_ctrl_3703-2\x00
05-19 18:22:07.003 3985 3985 D wpa_supplicant: wlan0: WPA: Association event - clear replay counter
05-19 18:22:07.003 3985 3985 D wpa_supplicant: wlan0: WPA: Clear old PTK
05-19 18:22:07.003 3985 3985 D wpa_supplicant: TDLS: Remove peers on association
05-19 18:22:07.003 3985 3985 D wpa_supplicant: EAPOL: External notification - portEnabled=0
05-19 18:22:07.003 3985 3985 D wpa_supplicant: EAPOL: External notification - portValid=0
05-19 18:22:07.003 3985 3985 D wpa_supplicant: EAPOL: External notification - EAP success=0
05-19 18:22:07.003 3985 3985 D wpa_supplicant: EAPOL: External notification - portEnabled=1
05-19 18:22:07.003 3985 3985 D wpa_supplicant: EAPOL: SUPP_PAE entering state CONNECTING
05-19 18:22:07.003 3985 3985 D wpa_supplicant: EAPOL: enable timer tick
05-19 18:22:07.003 3985 3985 D wpa_supplicant: EAPOL: SUPP_BE entering state IDLE
05-19 18:22:07.003 3985 3985 D wpa_supplicant: wlan0: Setting authentication timeout: 10 sec 0 usec
05-19 18:22:07.003 3985 3985 D wpa_supplicant: wlan0: Cancelling scan request
05-19 18:22:07.003 3985 3985 D wpa_supplicant: wlan0: Process pending EAPOL frame that was received just before association notification
05-19 18:22:07.003 3985 3985 D wpa_supplicant: wlan0: RX EAPOL from f8:1a:67:b2:14:c6
05-19 18:22:07.003 3985 3985 D wpa_supplicant: RX EAPOL - hexdump(len=99): 02 03 00 5f 02 00 8a 00 10 00 00 00 00 00 00 00 01 01 f8 6f 28 c9 a8 96 b7 a1 31 09 e4 23 5e a3 ...
05-19 18:22:07.003 3985 3985 D wpa_supplicant: wlan0: Setting authentication timeout: 10 sec 0 usec
05-19 18:22:07.003 3985 3985 D wpa_supplicant: wlan0: IEEE 802.1X RX: version=2 type=3 length=95
05-19 18:22:07.003 3985 3985 D wpa_supplicant: WPA: RX EAPOL-Key - hexdump(len=99): 02 03 00 5f 02 00 8a 00 10 00 00 00 00 00 00 00 01 01 f8 6f 28 c9 a8 96 b7 a1 31 09 e4 23 5e a3 ...
05-19 18:22:07.003 3985 3985 D wpa_supplicant: wlan0: EAPOL-Key type=2
05-19 18:22:07.003 3985 3985 D wpa_supplicant: wlan0: key_info 0x8a (ver=2 keyidx=0 rsvd=0 Pairwise Ack)
05-19 18:22:07.003 3985 3985 D wpa_supplicant: wlan0: key_length=16 key_data_length=0
05-19 18:22:07.003 3985 3985 D wpa_supplicant: replay_counter - hexdump(len=8): 00 00 00 00 00 00 00 01
05-19 18:22:07.003 3985 3985 D wpa_supplicant: key_nonce - hexdump(len=32): 01 f8 6f 28 c9 a8 96 b7 a1 31 09 e4 23 5e a3 16 c7 04 8e 5b 2a 61 91 f0 24 df 09 11 1a a9 85 96
05-19 18:22:07.003 3985 3985 D wpa_supplicant: key_iv - hexdump(len=16): 00 00 00 00 00 00 00 00 00 00 00 00 00 00 00 00
05-19 18:22:07.003 3985 3985 D wpa_supplicant: key_rsc - hexdump(len=8): 00 00 00 00 00 00 00 00
05-19 18:22:07.003 3985 3985 D wpa_supplicant: key_id (reserved) - hexdump(len=8): 00 00 00 00 00 00 00 00
05-19 18:22:07.003 3985 3985 D wpa_supplicant: key_mic - hexdump(len=16): 00 00 00 00 00 00 00 00 00 00 00 00 00 00 00 00
05-19 18:22:07.003 3985 3985 D wpa_supplicant: wlan0: State: ASSOCIATED -> 4WAY_HANDSHAKE
05-19 18:22:07.004 3985 3985 D wpa_supplicant: CTRL_IFACE monitor sent successfully to /data/misc/wifi/sockets/wpa_ctrl_3703-2\x00
05-19 18:22:07.004 3985 3985 D wpa_supplicant: wlan0: WPA: RX message 1 of 4-Way Handshake from f8:1a:67:b2:14:c6 (ver=2)
05-19 18:22:07.004 3985 3985 D wpa_supplicant: RSN: msg 1/4 key data - hexdump(len=0):
05-19 18:22:07.004 3985 3985 D wpa_supplicant: Get randomness: len=32 entropy=5
05-19 18:22:07.005 3985 3985 D wpa_supplicant: random from os_get_random - hexdump(len=32): [REMOVED]
05-19 18:22:07.005 3985 3985 D wpa_supplicant: random_mix_pool - hexdump(len=20): [REMOVED]
05-19 18:22:07.005 3985 3985 D wpa_supplicant: random from internal pool - hexdump(len=16): [REMOVED]
05-19 18:22:07.005 3985 3985 D wpa_supplicant: random_mix_pool - hexdump(len=20): [REMOVED]
05-19 18:22:07.005 3985 3985 D wpa_supplicant: random from internal pool - hexdump(len=16): [REMOVED]
05-19 18:22:07.005 3985 3985 D wpa_supplicant: mixed random - hexdump(len=32): [REMOVED]
05-19 18:22:07.005 3985 3985 D wpa_supplicant: WPA: Renewed SNonce - hexdump(len=32): 19 8b fc 94 27 af 59 20 63 f8 e5 3d cf 5b 93 37 e0 b0 5d b4 0b d5 3a b2 a1 7b 52 72 fa cc 31 be
05-19 18:22:07.005 3985 3985 D wpa_supplicant: WPA: PTK derivation - A1=5c:c9:d3:3c:f6:84 A2=f8:1a:67:b2:14:c6
05-19 18:22:07.005 3985 3985 D wpa_supplicant: WPA: Nonce1 - hexdump(len=32): 19 8b fc 94 27 af 59 20 63 f8 e5 3d cf 5b 93 37 e0 b0 5d b4 0b d5 3a b2 a1 7b 52 72 fa cc 31 be
05-19 18:22:07.005 3985 3985 D wpa_supplicant: WPA: Nonce2 - hexdump(len=32): 01 f8 6f 28 c9 a8 96 b7 a1 31 09 e4 23 5e a3 16 c7 04 8e 5b 2a 61 91 f0 24 df 09 11 1a a9 85 96
05-19 18:22:07.005 3985 3985 D wpa_supplicant: WPA: PMK - hexdump(len=32): [REMOVED]
05-19 18:22:07.005 3985 3985 D wpa_supplicant: WPA: PTK - hexdump(len=48): [REMOVED]
05-19 18:22:07.005 3985 3985 D wpa_supplicant: WPA: WPA IE for msg 2/4 - hexdump(len=22): 30 14 01 00 00 0f ac 04 01 00 00 0f ac 04 01 00 00 0f ac 02 00 00
05-19 18:22:07.005 3985 3985 D wpa_supplicant: WPA: Replay Counter - hexdump(len=8): 00 00 00 00 00 00 00 01
05-19 18:22:07.005 3985 3985 D wpa_supplicant: wlan0: WPA: Sending EAPOL-Key 2/4
05-19 18:22:07.005 3985 3985 D wpa_supplicant: WPA: KCK - hexdump(len=16): [REMOVED]
05-19 18:22:07.005 3985 3985 D wpa_supplicant: WPA: Derived Key MIC - hexdump(len=16): b1 12 ac 0c ea 0b 73 58 1a 12 24 81 47 0a 8e 81
05-19 18:22:07.005 3985 3985 D wpa_supplicant: WPA: TX EAPOL-Key - hexdump(len=121): 01 03 00 75 02 01 0a 00 00 00 00 00 00 00 00 00 01 19 8b fc 94 27 af 59 20 63 f8 e5 3d cf 5b 93 ...
05-19 18:22:07.009 3985 3985 D wpa_supplicant: RTM_NEWLINK: ifi_index=6 ifname=wlan0 wext ifi_family=0 ifi_flags=0x11003 ([UP][LOWER_UP])
05-19 18:22:07.009 3985 3985 D wpa_supplicant: RTM_NEWLINK: ifi_index=6 ifname=wlan0 wext ifi_family=0 ifi_flags=0x11003 ([UP][LOWER_UP])
05-19 18:22:07.009 3985 3985 D wpa_supplicant: nl80211: Event message available
05-19 18:22:07.009 3985 3985 D wpa_supplicant: nl80211: Drv Event 46 (NL80211_CMD_CONNECT) received for wlan0
05-19 18:22:07.009 3985 3985 D wpa_supplicant: nl80211: Ignore connect event (cmd=46) when using userspace SME
05-19 18:22:07.011 3985 3985 D wpa_supplicant: wlan0: RX EAPOL from f8:1a:67:b2:14:c6
05-19 18:22:07.012 3985 3985 D wpa_supplicant: RX EAPOL - hexdump(len=179): 02 03 00 af 02 13 ca 00 10 00 00 00 00 00 00 00 02 01 f8 6f 28 c9 a8 96 b7 a1 31 09 e4 23 5e a3 ...
05-19 18:22:07.012 3985 3985 D wpa_supplicant: wlan0: IEEE 802.1X RX: version=2 type=3 length=175
05-19 18:22:07.012 3985 3985 D wpa_supplicant: WPA: RX EAPOL-Key - hexdump(len=179): 02 03 00 af 02 13 ca 00 10 00 00 00 00 00 00 00 02 01 f8 6f 28 c9 a8 96 b7 a1 31 09 e4 23 5e a3 ...
05-19 18:22:07.012 3985 3985 D wpa_supplicant: wlan0: EAPOL-Key type=2
05-19 18:22:07.012 3985 3985 D wpa_supplicant: wlan0: key_info 0x13ca (ver=2 keyidx=0 rsvd=0 Pairwise Install Ack MIC Secure Encr)
05-19 18:22:07.012 3985 3985 D wpa_supplicant: wlan0: key_length=16 key_data_length=80
05-19 18:22:07.012 3985 3985 D wpa_supplicant: replay_counter - hexdump(len=8): 00 00 00 00 00 00 00 02
05-19 18:22:07.012 3985 3985 D wpa_supplicant: key_nonce - hexdump(len=32): 01 f8 6f 28 c9 a8 96 b7 a1 31 09 e4 23 5e a3 16 c7 04 8e 5b 2a 61 91 f0 24 df 09 11 1a a9 85 96
05-19 18:22:07.012 3985 3985 D wpa_supplicant: key_iv - hexdump(len=16): 00 00 00 00 00 00 00 00 00 00 00 00 00 00 00 00
05-19 18:22:07.012 3985 3985 D wpa_supplicant: key_rsc - hexdump(len=8): b0 f9 0e 00 00 00 00 00
05-19 18:22:07.012 3985 3985 D wpa_supplicant: key_id (reserved) - hexdump(len=8): 00 00 00 00 00 00 00 00
05-19 18:22:07.012 3985 3985 D wpa_supplicant: key_mic - hexdump(len=16): ad 62 9b ed d7 cf 08 c0 51 c9 58 7b 54 f9 60 b2
05-19 18:22:07.012 3985 3985 D wpa_supplicant: RSN: encrypted key data - hexdump(len=80): e2 a8 16 71 72 7b e8 72 e3 8a 49 5a a2 d1 3e d4 29 c6 79 69 5f a5 66 49 2b ef 8e 91 d4 fe 27 ff ...
05-19 18:22:07.012 3985 3985 D wpa_supplicant: WPA: decrypted EAPOL-Key key data - hexdump(len=72): [REMOVED]
05-19 18:22:07.012 3985 3985 D wpa_supplicant: wlan0: State: 4WAY_HANDSHAKE -> 4WAY_HANDSHAKE
05-19 18:22:07.012 3985 3985 D wpa_supplicant: wlan0: WPA: RX message 3 of 4-Way Handshake from f8:1a:67:b2:14:c6 (ver=2)
05-19 18:22:07.012 3985 3985 D wpa_supplicant: WPA: IE KeyData - hexdump(len=72): 30 14 01 00 00 0f ac 04 01 00 00 0f ac 04 01 00 00 0f ac 02 00 00 dd 16 00 50 f2 01 01 00 00 50 ...
05-19 18:22:07.012 3985 3985 D wpa_supplicant: WPA: RSN IE in EAPOL-Key - hexdump(len=22): 30 14 01 00 00 0f ac 04 01 00 00 0f ac 04 01 00 00 0f ac 02 00 00
05-19 18:22:07.012 3985 3985 D wpa_supplicant: WPA: WPA IE in EAPOL-Key - hexdump(len=24): dd 16 00 50 f2 01 01 00 00 50 f2 04 01 00 00 50 f2 04 01 00 00 50 f2 02
05-19 18:22:07.012 3985 3985 D wpa_supplicant: WPA: GTK in EAPOL-Key - hexdump(len=24): [REMOVED]
05-19 18:22:07.012 3985 3985 D wpa_supplicant: wlan0: WPA: Sending EAPOL-Key 4/4
05-19 18:22:07.012 3985 3985 D wpa_supplicant: WPA: KCK - hexdump(len=16): [REMOVED]
05-19 18:22:07.012 3985 3985 D wpa_supplicant: WPA: Derived Key MIC - hexdump(len=16): 04 26 6c 62 52 75 cf 2f 1b 56 00 d7 47 5a 11 ed
05-19 18:22:07.012 3985 3985 D wpa_supplicant: WPA: TX EAPOL-Key - hexdump(len=99): 01 03 00 5f 02 03 0a 00 00 00 00 00 00 00 00 00 02 00 00 00 00 00 00 00 00 00 00 00 00 00 00 00 ...
05-19 18:22:07.013 3985 3985 D wpa_supplicant: wlan0: WPA: Installing PTK to the driver
05-19 18:22:07.013 3985 3985 D wpa_supplicant: wpa_driver_nl80211_set_key: ifindex=6 (wlan0) alg=3 addr=0xb688e490 key_idx=0 set_tx=1 seq_len=6 key_len=16
05-19 18:22:07.013 3985 3985 D wpa_supplicant: nl80211: KEY_DATA - hexdump(len=16): [REMOVED]
05-19 18:22:07.013 3985 3985 D wpa_supplicant: nl80211: KEY_SEQ - hexdump(len=6): 00 00 00 00 00 00
05-19 18:22:07.013 3985 3985 D wpa_supplicant: addr=f8:1a:67:b2:14:c6
05-19 18:22:07.013 3985 3985 D wpa_supplicant: EAPOL: External notification - portValid=1
05-19 18:22:07.013 3985 3985 D wpa_supplicant: wlan0: State: 4WAY_HANDSHAKE -> GROUP_HANDSHAKE
05-19 18:22:07.014 3985 3985 D wpa_supplicant: CTRL_IFACE monitor sent successfully to /data/misc/wifi/sockets/wpa_ctrl_3703-2\x00
05-19 18:22:07.015 3985 3985 D wpa_supplicant: RSN: received GTK in pairwise handshake - hexdump(len=18): [REMOVED]
05-19 18:22:07.015 3985 3985 D wpa_supplicant: WPA: Group Key - hexdump(len=16): [REMOVED]
05-19 18:22:07.015 3985 3985 D wpa_supplicant: wlan0: WPA: Installing GTK to the driver (keyidx=1 tx=0 len=16)
05-19 18:22:07.015 3985 3985 D wpa_supplicant: WPA: RSC - hexdump(len=6): b0 f9 0e 00 00 00
05-19 18:22:07.015 3985 3985 D wpa_supplicant: wpa_driver_nl80211_set_key: ifindex=6 (wlan0) alg=3 addr=0xb7740b20 key_idx=1 set_tx=0 seq_len=6 key_len=16
05-19 18:22:07.015 3985 3985 D wpa_supplicant: nl80211: KEY_DATA - hexdump(len=16): [REMOVED]
05-19 18:22:07.015 3985 3985 D wpa_supplicant: nl80211: KEY_SEQ - hexdump(len=6): b0 f9 0e 00 00 00
05-19 18:22:07.015 3985 3985 D wpa_supplicant: broadcast key
05-19 18:22:07.015 3985 3985 I wpa_supplicant: wlan0: WPA: Key negotiation completed with f8:1a:67:b2:14:c6 [PTK=CCMP GTK=CCMP]
05-19 18:22:07.016 3985 3985 D wpa_supplicant: CTRL_IFACE monitor sent successfully to /data/misc/wifi/sockets/wpa_ctrl_3703-2\x00
05-19 18:22:07.016 3985 3985 D wpa_supplicant: wlan0: Cancelling authentication timeout
05-19 18:22:07.016 3985 3985 D wpa_supplicant: wlan0: State: GROUP_HANDSHAKE -> COMPLETED
05-19 18:22:07.016 3985 3985 D wpa_supplicant: wlan0: Radio work 'sme-connect'@0xb6836280 done in 0.071489 seconds
05-19 18:22:07.016 3985 3985 I wpa_supplicant: wlan0: CTRL-EVENT-CONNECTED - Connection to f8:1a:67:b2:14:c6 completed [id=0 id_str=]
05-19 18:22:07.016 3985 3985 D wpa_supplicant: CTRL_IFACE monitor sent successfully to /data/misc/wifi/sockets/wpa_ctrl_3703-2\x00
05-19 18:22:07.016 3985 3985 D wpa_supplicant: nl80211: Set wlan0 operstate 0->1 (UP)
05-19 18:22:07.016 3985 3985 D wpa_supplicant: netlink: Operstate: ifindex=6 linkmode=-1 (no change), operstate=6 (IF_OPER_UP)
05-19 18:22:07.017 3985 3985 D wpa_supplicant: CTRL_IFACE monitor sent successfully to /data/misc/wifi/sockets/wpa_ctrl_3703-2\x00
05-19 18:22:07.018 3985 3985 D wpa_supplicant: EAPOL: External notification - portValid=1
05-19 18:22:07.018 3985 3985 D wpa_supplicant: EAPOL: External notification - EAP success=1
05-19 18:22:07.018 3985 3985 D wpa_supplicant: EAPOL: SUPP_PAE entering state AUTHENTICATING
05-19 18:22:07.018 3985 3985 D wpa_supplicant: EAPOL: SUPP_BE entering state SUCCESS
05-19 18:22:07.018 3985 3985 D wpa_supplicant: EAP: EAP entering state DISABLED
05-19 18:22:07.018 3985 3985 D wpa_supplicant: EAPOL: SUPP_PAE entering state AUTHENTICATED
05-19 18:22:07.018 3985 3985 D wpa_supplicant: EAPOL: Supplicant port status: Authorized
05-19 18:22:07.018 3985 3985 D wpa_supplicant: nl80211: Set supplicant port authorized for f8:1a:67:b2:14:c6
05-19 18:22:07.018 3985 3985 D wpa_supplicant: EAPOL: SUPP_BE entering state IDLE
05-19 18:22:07.018 3985 3985 D wpa_supplicant: EAPOL authentication completed - result=SUCCESS
05-19 18:22:07.018 3985 3985 D wpa_supplicant: RTM_NEWLINK: ifi_index=6 ifname=wlan0 operstate=6 linkmode=1 ifi_family=0 ifi_flags=0x11043 ([UP][RUNNING][LOWER_UP])
05-19 18:22:07.026 3703 3749 D ConnectivityService: registerNetworkAgent NetworkAgentInfo{ ni{[type: WIFI[], state: CONNECTING/CONNECTING, reason: (unspecified), extra: "WIFI_MIZIFI", roaming: false, failover: false, isAvailable: true, isConnectedToProvisioningNetwork: false]} network{null} lp{{LinkAddresses: [] Routes: [] DnsAddresses: [] Domains: null MTU: 0 TcpBufferSizes: 524288,1048576,2097152,262144,524288,1048576}} nc{[ Transports: WIFI Capabilities: INTERNET&NOT_RESTRICTED&TRUSTED&NOT_VPN LinkUpBandwidth>=1048576Kbps LinkDnBandwidth>=1048576Kbps]} Score{20} everValidated{false} lastValidated{false} created{false} explicitlySelected{false} }
05-19 18:22:07.027 3703 3751 D ConnectivityService: NetworkAgentInfo [WIFI () - 100] EVENT_NETWORK_INFO_CHANGED, going from null to CONNECTING
05-19 18:22:07.027 3703 3749 E WifiConfigStore: saveWifiConfigBSSID Setting BSSID for "WIFI_MIZIFI"WPA_PSK to any
05-19 18:22:07.027 3985 3985 D wpa_supplicant: wlan0: Control interface command 'SET_NETWORK [REMOVED]'
05-19 18:22:07.027 3985 3985 D wpa_supplicant: CTRL_IFACE: SET_NETWORK id=0 name='bssid'
05-19 18:22:07.027 3985 3985 D wpa_supplicant: CTRL_IFACE: value - hexdump(len=3): [REMOVED]
05-19 18:22:07.027 3985 3985 D wpa_supplicant: BSSID any
05-19 18:22:07.028 3985 3985 D wpa_supplicant: wlan0: Control interface command 'SAVE_CONFIG'
05-19 18:22:07.028 3985 3985 D wpa_supplicant: Writing configuration file '/data/misc/wifi/wpa_supplicant.conf.tmp'
05-19 18:22:07.028 3985 3985 D wpa_supplicant: Configuration file '/data/misc/wifi/wpa_supplicant.conf' written successfully
05-19 18:22:07.028 3985 3985 D wpa_supplicant: CTRL_IFACE: SAVE_CONFIG - Configuration updated
05-19 18:22:07.029 3703 3749 E WifiConfigStore: saveWifiConfigBSSID Setting BSSID for "WIFI_MIZIFI"WPA_PSK to any
05-19 18:22:07.029 3985 3985 D wpa_supplicant: wlan0: Control interface command 'SET_NETWORK [REMOVED]'
05-19 18:22:07.029 3985 3985 D wpa_supplicant: CTRL_IFACE: SET_NETWORK id=0 name='bssid'
05-19 18:22:07.029 3985 3985 D wpa_supplicant: CTRL_IFACE: value - hexdump(len=3): [REMOVED]
05-19 18:22:07.029 3985 3985 D wpa_supplicant: BSSID any
05-19 18:22:07.030 3985 3985 D wpa_supplicant: wlan0: Control interface command 'SAVE_CONFIG'
05-19 18:22:07.030 3985 3985 D wpa_supplicant: Writing configuration file '/data/misc/wifi/wpa_supplicant.conf.tmp'
05-19 18:22:07.030 3985 3985 D wpa_supplicant: Configuration file '/data/misc/wifi/wpa_supplicant.conf' written successfully
05-19 18:22:07.030 3985 3985 D wpa_supplicant: CTRL_IFACE: SAVE_CONFIG - Configuration updated
05-19 18:22:07.032 3471 3702 D CommandListener: Setting iface cfg
05-19 18:22:07.035 3703 3749 E WifiStateMachine: Start Dhcp Watchdog 1
05-19 18:22:07.037 3985 3985 D wpa_supplicant: wlan0: Control interface command 'SIGNAL_POLL'
05-19 18:22:07.040 3703 3751 D ConnectivityService: updateNetworkScore for NetworkAgentInfo [WIFI () - 100] to 60
05-19 18:22:07.044 3985 3985 D wpa_supplicant: wlan0: Control interface command 'DRIVER BTCOEXMODE 1'
05-19 18:22:07.044 3703 3749 E native : do suspend false
05-19 18:22:07.044 3985 3985 D wpa_supplicant: wlan0: Control interface command 'DRIVER SETSUSPENDMODE 0'
05-19 18:22:07.045 3985 3985 D wpa_supplicant: wlan0: Control interface command 'SET ps 0'
05-19 18:22:07.045 3985 3985 D wpa_supplicant: CTRL_IFACE SET 'ps'='0'
05-19 18:22:07.045 3985 3985 D wpa_supplicant: nl80211: set_p2p_powersave (legacy_ps=0 opp_ps=-1 ctwindow=-1)
05-19 18:22:07.045 3985 3985 D wpa_supplicant: wlan0: Control interface command 'DRIVER WLS_BATCHING GET'
05-19 18:22:07.046 3703 3749 E WifiStateMachine: Unexpected BatchedScanResults :OK
05-19 18:22:07.046 3985 3985 D wpa_supplicant: wlan0: Control interface command 'DRIVER WLS_BATCHING STOP'
05-19 18:22:07.253 4180 4180 E dhcpcd : fopen `/system/etc/dhcpcd/dhcpcd.conf': No such file or directory
05-19 18:22:07.254 4180 4180 I dhcpcd : version 5.5.6 starting
05-19 18:22:07.255 4180 4180 E dhcpcd : fopen `/system/etc/dhcpcd/dhcpcd.conf': No such file or directory
05-19 18:22:07.255 4180 4180 E dhcpcd : get_duid: Read-only file system
05-19 18:22:07.297 4180 4180 I dhcpcd : wlan0: rebinding lease of 192.168.0.105
05-19 18:22:07.311 4180 4180 I dhcpcd : wlan0: acknowledged 192.168.0.105 from 192.168.0.1
05-19 18:22:07.314 4180 4180 I dhcpcd : wlan0: leased 192.168.0.105 for 7200 seconds
05-19 18:22:07.651 3985 3985 D wpa_supplicant: wlan0: Control interface command 'SET ps 1'
05-19 18:22:07.651 3985 3985 D wpa_supplicant: CTRL_IFACE SET 'ps'='1'
05-19 18:22:07.651 3985 3985 D wpa_supplicant: nl80211: set_p2p_powersave (legacy_ps=1 opp_ps=-1 ctwindow=-1)
05-19 18:22:07.651 3985 3985 D wpa_supplicant: wlan0: Control interface command 'DRIVER BTCOEXMODE 2'
05-19 18:22:07.653 3985 3985 D wpa_supplicant: wlan0: Control interface command 'BLACKLIST clear'
05-19 18:22:07.658 3703 3751 D ConnectivityService: NetworkAgentInfo [WIFI () - 100] EVENT_NETWORK_INFO_CHANGED, going from CONNECTING to CONNECTED
05-19 18:22:07.659 3703 3751 D ConnectivityService: Adding iface wlan0 to network 100
05-19 18:22:07.664 3703 3749 E WifiStateMachine: Did not find remoteAddress {192.168.0.1} in /proc/net/arp
05-19 18:22:07.673 3703 3751 E ConnectivityService: Unexpected mtu value: 0, wlan0
05-19 18:22:07.673 3703 3751 D ConnectivityService: Adding Route [fe80::/64 -> :: wlan0] to network 100
05-19 18:22:07.674 3703 3751 D ConnectivityService: Adding Route [192.168.0.0/24 -> 0.0.0.0 wlan0] to network 100
05-19 18:22:07.676 3703 3751 D ConnectivityService: Adding Route [0.0.0.0/0 -> 192.168.0.1 wlan0] to network 100
05-19 18:22:07.677 3703 3751 D ConnectivityService: Setting Dns servers for network 100 to [/192.168.0.1]
05-19 18:22:07.680 3703 3751 D ConnectivityService: notifyType IP_CHANGED for NetworkAgentInfo [WIFI () - 100]
05-19 18:22:07.680 3703 3751 D ConnectivityService: notifyType PRECHECK for NetworkAgentInfo [WIFI () - 100]
05-19 18:22:07.680 3703 3751 D ConnectivityService: rematching NetworkAgentInfo [WIFI () - 100]
05-19 18:22:07.680 3703 3751 D ConnectivityService: accepting network in place of null
05-19 18:22:07.681 3703 4178 D NetworkMonitor/NetworkAgentInfo [WIFI () - 100]: DefaultState{ when=0 what=532481 target=com.android.internal.util.StateMachine$SmHandler }
05-19 18:22:07.681 3703 4178 D NetworkMonitor/NetworkAgentInfo [WIFI () - 100]: Connected
05-19 18:22:07.681 3703 4178 D NetworkMonitor/NetworkAgentInfo [WIFI () - 100]: EvaluatingState{ when=0 what=532486 arg1=1 target=com.android.internal.util.StateMachine$SmHandler }
05-19 18:22:07.683 3703 4178 D NetworkMonitor/NetworkAgentInfo [WIFI () - 100]: Checking http://connectivitycheck.android.com/generate_204 on "WIFI_MIZIFI"
05-19 18:22:07.683 3703 3751 D ConnectivityService: Switching to new default network: NetworkAgentInfo{ ni{[type: WIFI[], state: CONNECTED/CONNECTED, reason: (unspecified), extra: "WIFI_MIZIFI", roaming: false, failover: false, isAvailable: true, isConnectedToProvisioningNetwork: false]} network{100} lp{{InterfaceName: wlan0 LinkAddresses: [fe80::5ec9:d3ff:fe3c:f684/64,192.168.0.105/24,] Routes: [fe80::/64 -> :: wlan0,192.168.0.0/24 -> 0.0.0.0 wlan0,0.0.0.0/0 -> 192.168.0.1 wlan0,] DnsAddresses: [192.168.0.1,] Domains: MTU: 0 TcpBufferSizes: 524288,1048576,2097152,262144,524288,1048576}} nc{[ Transports: WIFI Capabilities: INTERNET&NOT_RESTRICTED&TRUSTED&NOT_VPN LinkUpBandwidth>=1048576Kbps LinkDnBandwidth>=1048576Kbps]} Score{20} everValidated{false} lastValidated{false} created{true} explicitlySelected{false} }
05-19 18:22:07.684 3703 3751 D ConnectivityService: Setting tx/rx TCP buffers to 524288,1048576,2097152,262144,524288,1048576
05-19 18:22:07.688 3703 3751 D ConnectivityService: notifyType AVAILABLE for NetworkAgentInfo [WIFI () - 100]
05-19 18:22:07.691 3800 4162 D ConnectivityManager.CallbackHandler: CM callback handler got msg 524290
05-19 18:22:07.693 3703 3751 D CSLegacyTypeTracker: Sending connected broadcast for type 1 NetworkAgentInfo [WIFI () - 100] isDefaultNetwork=true
05-19 18:22:07.695 3703 3751 D ConnectivityService: sendStickyBroadcast: action=android.net.conn.CONNECTIVITY_CHANGE_IMMEDIATE
05-19 18:22:07.696 3703 3751 D ConnectivityService: sendStickyBroadcast: action=android.net.conn.CONNECTIVITY_CHANGE
05-19 18:22:07.698 3703 3726 D Tethering: MasterInitialState.processMessage what=3
05-19 18:22:07.717 4211 4211 I sh : /system/etc/init.sh: drm.debug=7: not found
05-19 18:22:07.717 4211 4211 I sh : + hw_sh=/vendor/etc/init.sh
05-19 18:22:07.717 4211 4211 I sh : + '[' -e /vendor/etc/init.sh ']'
05-19 18:22:07.717 4211 4211 I sh : + '[' -n 2 ']'
05-19 18:22:07.717 4211 4211 I sh : + do_netconsole
05-19 18:22:07.719 4211 4211 I sh : + getprop dhcp.eth0.gateway
05-19 18:22:07.727 4211 4211 I sh : + modprobe netconsole 'netconsole=@/,@/'
05-19 18:22:07.740 3703 3718 I ActivityManager: Start proc 4221:com.android.mms/u0a8 for broadcast com.android.mms/.transaction.MmsSystemEventReceiver
05-19 18:22:07.788 3962 3986 D PhoneInterfaceManager: [PhoneIntfMgr] getDataEnabled: subId=-1 phoneId=-1
05-19 18:22:07.788 3962 3986 E PhoneInterfaceManager: [PhoneIntfMgr] getDataEnabled: no phone subId=-1 retVal=false
05-19 18:22:07.796 3703 3829 D CountryDetector: The first listener is added
05-19 18:22:07.797 3703 3721 D TelephonyManager: getDataEnabled: retVal=false
05-19 18:22:07.797 3703 4178 D NetworkMonitor/NetworkAgentInfo [WIFI () - 100]: isCaptivePortal: ret=204 headers={null=[HTTP/1.1 204 No Content], Content-Length=[0], Date=[Tue, 19 May 2015 18:22:07 GMT], Server=[GFE/2.0], X-Android-Received-Millis=[1432059727797], X-Android-Response-Source=[NETWORK 204], X-Android-Sent-Millis=[1432059727778]}
05-19 18:22:07.797 3703 4178 D NetworkMonitor/NetworkAgentInfo [WIFI () - 100]: Don't send network conditions - lacking user consent.
05-19 18:22:07.798 3703 4178 D NetworkMonitor/NetworkAgentInfo [WIFI () - 100]: Validated
05-19 18:22:07.798 3703 3751 D ConnectivityService: setProvNotificationVisibleIntent: E visible=false networkType=0 extraInfo=null
05-19 18:22:07.803 3703 3751 D ConnectivityService: Validated NetworkAgentInfo [WIFI () - 100]
05-19 18:22:07.803 3703 3751 D ConnectivityService: rematching NetworkAgentInfo [WIFI () - 100]
05-19 18:22:07.803 3703 3751 D ConnectivityService: Network NetworkAgentInfo [WIFI () - 100] was already satisfying request 1. No change.
05-19 18:22:07.803 3703 3751 D ConnectivityService: notifyType AVAILABLE for NetworkAgentInfo [WIFI () - 100]
05-19 18:22:07.804 3703 3751 D ConnectivityService: sendStickyBroadcast: action=android.net.conn.INET_CONDITION_ACTION
05-19 18:22:07.805 3800 4162 D ConnectivityManager.CallbackHandler: CM callback handler got msg 524290
05-19 18:22:07.814 4221 4221 V Mms : mnc/mcc:
05-19 18:22:07.814 4221 4221 V Mms : tag: bool value: enabledMMS - true
05-19 18:22:07.814 4221 4221 V Mms : tag: int value: maxMessageSize - 307200
05-19 18:22:07.815 4221 4221 V Mms : tag: int value: maxImageHeight - 480
05-19 18:22:07.815 4221 4221 V Mms : tag: int value: maxImageWidth - 640
05-19 18:22:07.815 4221 4221 V Mms : tag: int value: defaultSMSMessagesPerThread - 10000
05-19 18:22:07.815 4221 4221 V Mms : tag: int value: defaultMMSMessagesPerThread - 1000
05-19 18:22:07.815 4221 4221 V Mms : tag: int value: minMessageCountPerThread - 10
05-19 18:22:07.815 4221 4221 V Mms : tag: int value: maxMessageCountPerThread - 5000
05-19 18:22:07.815 4221 4221 V Mms : tag: string value: uaProfUrl - http://www.google.com/oha/rdf/ua-profile-kila.xml
05-19 18:22:07.815 4221 4221 V Mms : tag: int value: recipientLimit - -1
05-19 18:22:07.815 4221 4221 V Mms : tag: bool value: enableMultipartSMS - true
05-19 18:22:07.815 4221 4221 V Mms : tag: int value: smsToMmsTextThreshold - -1
05-19 18:22:07.815 4221 4221 V Mms : tag: bool value: enableSlideDuration - true
05-19 18:22:07.815 4221 4221 V Mms : tag: int value: maxMessageTextSize - -1
05-19 18:22:07.831 3703 3721 E GpsLocationProvider: No APN found to select.
05-19 18:22:07.833 4211 4211 I sh : modprobe: 'kernel/drivers/net/netconsole.ko': Operation not permitted
05-19 18:22:07.834 4211 4211 I sh : + return 0
05-19 18:22:07.840 4221 4221 D ConnectivityManager: getMobileDataEnabled()+ subId=-1
05-19 18:22:07.842 3962 3983 D PhoneInterfaceManager: [PhoneIntfMgr] getDataEnabled: subId=-1 phoneId=-1
05-19 18:22:07.842 3962 3983 E PhoneInterfaceManager: [PhoneIntfMgr] getDataEnabled: no phone subId=-1 retVal=false
05-19 18:22:07.843 4221 4221 D ConnectivityManager: getMobileDataEnabled()- subId=-1 retVal=false
05-19 18:22:07.865 4221 4221 V Mms : onStart: #1 mResultCode: -1 = Activity.RESULT_OK
05-19 18:22:07.866 4221 4247 D ConnectivityManager: getMobileDataEnabled()+ subId=-1
05-19 18:22:07.866 3962 4239 D PhoneInterfaceManager: [PhoneIntfMgr] getDataEnabled: subId=-1 phoneId=-1
05-19 18:22:07.867 3962 4239 E PhoneInterfaceManager: [PhoneIntfMgr] getDataEnabled: no phone subId=-1 retVal=false
05-19 18:22:07.868 4221 4247 D ConnectivityManager: getMobileDataEnabled()- subId=-1 retVal=false
05-19 18:22:07.875 3962 4239 D MmsSmsDatabaseHelper: [MmsSmsDb] tableName: threads hasAutoIncrement: CREATE TABLE threads (_id INTEGER PRIMARY KEY AUTOINCREMENT,date INTEGER DEFAULT 0,message_count INTEGER DEFAULT 0,recipient_ids TEXT,snippet TEXT,snippet_cs INTEGER DEFAULT 0,read INTEGER DEFAULT 1,archived INTEGER DEFAULT 0,type INTEGER DEFAULT 0,error INTEGER DEFAULT 0,has_attachment INTEGER DEFAULT 0) result: true
05-19 18:22:07.877 3962 4239 D MmsSmsDatabaseHelper: [MmsSmsDb] tableName: canonical_addresses hasAutoIncrement: CREATE TABLE canonical_addresses (_id INTEGER PRIMARY KEY AUTOINCREMENT,address TEXT) result: true
05-19 18:22:07.877 3962 4239 D MmsSmsDatabaseHelper: [MmsSmsDb] tableName: part hasAutoIncrement: CREATE TABLE part (_id INTEGER PRIMARY KEY AUTOINCREMENT,mid INTEGER,seq INTEGER DEFAULT 0,ct TEXT,name TEXT,chset INTEGER,cd TEXT,fn TEXT,cid TEXT,cl TEXT,ctt_s INTEGER,ctt_t TEXT,_data TEXT,text TEXT) result: true
05-19 18:22:07.879 3962 4239 D MmsSmsDatabaseHelper: [MmsSmsDb] tableName: pdu hasAutoIncrement: CREATE TABLE pdu (_id INTEGER PRIMARY KEY AUTOINCREMENT,thread_id INTEGER,date INTEGER,date_sent INTEGER DEFAULT 0,msg_box INTEGER,read INTEGER DEFAULT 0,m_id TEXT,sub TEXT,sub_cs INTEGER,ct_t TEXT,ct_l TEXT,exp INTEGER,m_cls TEXT,m_type INTEGER,v INTEGER,m_size INTEGER,pri INTEGER,rr INTEGER,rpt_a INTEGER,resp_st INTEGER,st INTEGER,tr_id TEXT,retr_st INTEGER,retr_txt TEXT,retr_txt_cs INTEGER,read_status INTEGER,ct_cls INTEGER,resp_txt TEXT,d_tm INTEGER,d_rpt INTEGER,locked INTEGER DEFAULT 0,sub_id INTEGER DEFAULT -1, seen INTEGER DEFAULT 0,creator TEXT,text_only INTEGER DEFAULT 0) result: true
05-19 18:22:07.879 3962 4239 D MmsSmsDatabaseHelper: [getWritableDatabase] hasAutoIncrementThreads: true hasAutoIncrementAddresses: true hasAutoIncrementPart: true hasAutoIncrementPdu: true
05-19 18:22:09.005 3985 3985 D wpa_supplicant: EAPOL: startWhen --> 0
05-19 18:22:09.005 3985 3985 D wpa_supplicant: EAPOL: disable timer tick
05-19 18:22:09.167 1618 1618 I ServiceManager: service 'SurfaceFlinger' died
05-19 18:22:09.202 1618 1618 I ServiceManager: service 'launcherapps' died
05-19 18:22:09.203 3472 4061 W AudioFlinger: power manager service died !!!
05-19 18:22:09.203 1618 1618 I ServiceManager: service 'media_projection' died
05-19 18:22:09.204 1618 1618 I ServiceManager: service 'imms' died
05-19 18:22:09.205 1618 1618 I ServiceManager: service 'meminfo' died
05-19 18:22:09.205 1618 1618 I ServiceManager: service 'gfxinfo' died
05-19 18:22:09.205 1618 1618 I ServiceManager: service 'dbinfo' died
05-19 18:22:09.205 1618 1618 I ServiceManager: service 'cpuinfo' died
05-19 18:22:09.205 1618 1618 I ServiceManager: service 'permission' died
05-19 18:22:09.205 1618 1618 I ServiceManager: service 'hardware' died
05-19 18:22:09.205 1618 1618 I ServiceManager: service 'battery' died
05-19 18:22:09.205 1618 1618 I ServiceManager: service 'usagestats' died
05-19 18:22:09.205 1618 1618 I ServiceManager: service 'webviewupdate' died
05-19 18:22:09.205 1618 1618 I ServiceManager: service 'scheduling_policy' died
05-19 18:22:09.205 1618 1618 I ServiceManager: service 'telephony.registry' died
05-19 18:22:09.205 1618 1618 I ServiceManager: service 'entropy' died
05-19 18:22:09.205 1618 1618 I ServiceManager: service 'account' died
05-19 18:22:09.205 1618 1618 I ServiceManager: service 'content' died
05-19 18:22:09.205 1618 1618 I ServiceManager: service 'vibrator' died
05-19 18:22:09.205 1618 1618 I ServiceManager: service 'consumer_ir' died
05-19 18:22:09.205 1618 1618 I ServiceManager: service 'alarm' died
05-19 18:22:09.206 1618 1618 I ServiceManager: service 'window' died
05-19 18:22:09.206 1618 1618 I ServiceManager: service 'input' died
05-19 18:22:09.206 1618 1618 I ServiceManager: service 'wifi' died
05-19 18:22:09.206 1618 1618 I ServiceManager: service 'wifiscanner' died
05-19 18:22:09.206 1618 1618 I ServiceManager: service 'rttmanager' died
05-19 18:22:09.206 1618 1618 I ServiceManager: service 'ethernet' died
05-19 18:22:09.206 1618 1618 I ServiceManager: service 'connectivity' died
05-19 18:22:09.206 1618 1618 I ServiceManager: service 'bluetooth_manager' died
05-19 18:22:09.206 1618 1618 I ServiceManager: service 'trust' died
05-19 18:22:09.206 1618 1618 I ServiceManager: service 'fingerprint' died
05-19 18:22:09.206 1618 1618 I ServiceManager: service 'telecom' died
05-19 18:22:09.206 1618 1618 I ServiceManager: service 'wifip2p' died
05-19 18:22:09.206 1618 1618 I ServiceManager: service 'servicediscovery' died
05-19 18:22:09.206 1618 1618 I ServiceManager: service 'updatelock' died
05-19 18:22:09.206 1618 1618 I ServiceManager: service 'notification' died
05-19 18:22:09.206 1618 1618 I ServiceManager: service 'devicestoragemonitor' died
05-19 18:22:09.206 1618 1618 I ServiceManager: service 'location' died
05-19 18:22:09.206 1618 1618 I ServiceManager: service 'country_detector' died
05-19 18:22:09.206 1618 1618 I ServiceManager: service 'search' died
05-19 18:22:09.206 1618 1618 I ServiceManager: service 'dropbox' died
05-19 18:22:09.206 1618 1618 I ServiceManager: service 'wallpaper' died
05-19 18:22:09.206 1618 1618 I ServiceManager: service 'audio' died
05-19 18:22:09.206 1618 1618 I ServiceManager: service 'DockObserver' died
05-19 18:22:09.206 1618 1618 I ServiceManager: service 'usb' died
05-19 18:22:09.206 1618 1618 I ServiceManager: service 'serial' died
05-19 18:22:09.206 1618 1618 I ServiceManager: service 'uimode' died
05-19 18:22:09.206 1618 1618 I ServiceManager: service 'jobscheduler' died
05-19 18:22:09.206 1618 1618 I ServiceManager: service 'backup' died
05-19 18:22:09.206 1618 1618 I ServiceManager: service 'appwidget' died
05-19 18:22:09.206 1618 1618 I ServiceManager: service 'voiceinteraction' died
05-19 18:22:09.206 1618 1618 I ServiceManager: service 'diskstats' died
05-19 18:22:09.206 1618 1618 I ServiceManager: service 'samplingprofiler' died
05-19 18:22:09.206 1618 1618 I ServiceManager: service 'commontime_management' died
05-19 18:22:09.206 1618 1618 I ServiceManager: service 'dreams' died
05-19 18:22:09.206 1618 1618 I ServiceManager: service 'assetatlas' died
05-19 18:22:09.206 1618 1618 I ServiceManager: service 'print' died
05-19 18:22:09.206 1618 1618 I ServiceManager: service 'restrictions' died
05-19 18:22:09.206 1618 1618 I ServiceManager: service 'media_session' died
05-19 18:22:09.206 1618 1618 I ServiceManager: service 'media_router' died
05-19 18:22:09.206 1618 1618 I ServiceManager: service 'sensorservice' died
05-19 18:22:09.206 1618 1618 I ServiceManager: service 'batterystats' died
05-19 18:22:09.206 1618 1618 I ServiceManager: service 'appops' died
05-19 18:22:09.206 1618 1618 I ServiceManager: service 'power' died
05-19 18:22:09.206 1618 1618 I ServiceManager: service 'display' died
05-19 18:22:09.206 1618 1618 I ServiceManager: service 'network_management' died
05-19 18:22:09.206 1618 1618 I ServiceManager: service 'input_method' died
05-19 18:22:09.206 1618 1618 I ServiceManager: service 'accessibility' died
05-19 18:22:09.206 1618 1618 I ServiceManager: service 'package' died
05-19 18:22:09.206 1618 1618 I ServiceManager: service 'activity' died
05-19 18:22:09.206 1618 1618 I ServiceManager: service 'user' died
05-19 18:22:09.206 1618 1618 I ServiceManager: service 'procstats' died
05-19 18:22:09.206 1618 1618 I ServiceManager: service 'mount' died
05-19 18:22:09.206 1618 1618 I ServiceManager: service 'lock_settings' died
05-19 18:22:09.206 1618 1618 I ServiceManager: service 'clipboard' died
05-19 18:22:09.206 1618 1618 I ServiceManager: service 'device_policy' died
05-19 18:22:09.206 1618 1618 I ServiceManager: service 'statusbar' died
05-19 18:22:09.206 1618 1618 I ServiceManager: service 'textservices' died
05-19 18:22:09.206 1618 1618 I ServiceManager: service 'network_score' died
05-19 18:22:09.206 1618 1618 I ServiceManager: service 'netstats' died
05-19 18:22:09.207 1618 1618 I ServiceManager: service 'netpolicy' died
05-19 18:22:09.216 1618 1618 I ServiceManager: service 'simphonebook' died
05-19 18:22:09.216 1618 1618 I ServiceManager: service 'iphonesubinfo' died
05-19 18:22:09.216 1618 1618 I ServiceManager: service 'isms' died
05-19 18:22:09.216 1618 1618 I ServiceManager: service 'phone' died
05-19 18:22:09.216 1618 1618 I ServiceManager: service 'sip' died
05-19 18:22:09.216 1618 1618 I ServiceManager: service 'isub' died
05-19 18:22:09.216 1629 1629 E installd: eof
05-19 18:22:09.216 1629 1629 E installd: failed to read size
05-19 18:22:09.216 1629 1629 I installd: closing connection
05-19 18:22:09.216 1617 1617 I lowmemorykiller: ActivityManager disconnected
05-19 18:22:09.216 1617 1617 I lowmemorykiller: Closing Activity Manager data connection
05-19 18:22:19.561 1619 1678 D Vold : Volume usb1 state changing 0 (No-Media) -> 2 (Pending)
05-19 18:22:19.562 1619 1678 D Vold : Volume usb1 state changing 2 (Pending) -> 1 (Idle-Unmounted)