05-19 18:19:03.739 1943 2028 W PackageManager: Not granting permission android.permission.BIND_WALLPAPER to package com.android.camera2 (protectionLevel=18 flags=0x58bc45)
05-19 18:19:03.739 1943 2028 W PackageManager: Unknown permission android.permission.INSTALL_DRM in package com.android.mms
05-19 18:19:03.739 1943 2028 W PackageManager: Unknown permission com.google.android.googleapps.permission.GOOGLE_AUTH.mail in package com.android.calendar
05-19 18:19:03.739 1943 2028 W PackageManager: Unknown permission com.android.launcher.permission.READ_SETTINGS in package com.android.onetimeinitializer
05-19 18:19:03.739 1943 2028 W PackageManager: Unknown permission com.android.launcher.permission.WRITE_SETTINGS in package com.android.onetimeinitializer
05-19 18:19:03.739 1943 2028 W PackageManager: Unknown permission com.android.launcher.permission.READ_SETTINGS in package com.cyanogenmod.trebuchet
05-19 18:19:03.739 1943 2028 W PackageManager: Unknown permission com.android.launcher.permission.WRITE_SETTINGS in package com.cyanogenmod.trebuchet
05-19 18:19:03.740 1943 2028 W PackageManager: Not granting permission android.permission.DELETE_PACKAGES to package com.svox.pico (protectionLevel=18 flags=0x8be45)
05-19 18:19:03.740 1943 2028 W PackageManager: Unknown permission com.cyanogenmod.filemanager.permissions.READ_THEME in package com.cyanogenmod.filemanager
05-19 18:19:03.740 1943 2028 W PackageManager: Unknown permission com.google.android.googleapps.permission.GOOGLE_AUTH in package com.android.settings
05-19 18:19:03.740 1943 2028 W PackageManager: Unknown permission com.android.launcher.permission.READ_SETTINGS in package com.android.settings
05-19 18:19:03.740 1943 2028 W PackageManager: Unknown permission com.android.launcher.permission.WRITE_SETTINGS in package com.android.settings
05-19 18:19:03.741 1943 2028 W PackageManager: Unknown permission com.android.smspush.WAPPUSH_MANAGER_BIND in package com.android.phone
05-19 18:19:03.742 1943 2028 W PackageManager: Not granting permission android.permission.DEVICE_POWER to package com.android.deskclock (protectionLevel=2 flags=0x48be45)
05-19 18:19:03.743 1943 1943 I SystemServer: NetworkManagement Service
05-19 18:19:03.743 1943 2028 W PackageManager: Unknown permission com.google.android.gallery3d.permission.GALLERY_PROVIDER in package com.android.bluetooth
05-19 18:19:03.744 1943 2028 W PackageManager: Unknown permission com.google.android.googleapps.permission.ACCESS_GOOGLE_PASSWORD in package com.android.development
05-19 18:19:03.744 1943 2028 W PackageManager: Unknown permission com.google.android.googleapps.permission.GOOGLE_AUTH in package com.android.development
05-19 18:19:03.744 1943 2028 W PackageManager: Unknown permission com.google.android.googleapps.permission.GOOGLE_AUTH.ALL_SERVICES in package com.android.development
05-19 18:19:03.744 1943 2028 W PackageManager: Unknown permission com.google.android.googleapps.permission.GOOGLE_AUTH.YouTubeUser in package com.android.development
05-19 18:19:03.751 1943 1943 I SystemServer: Text Service Manager Service
05-19 18:19:03.770 1943 1943 I SystemServer: Network Score Service
05-19 18:19:03.772 1943 1943 I SystemServer: NetworkStats Service
05-19 18:19:03.779 1943 1943 I SystemServer: NetworkPolicy Service
05-19 18:19:03.790 1943 1943 I SystemServiceManager: Starting com.android.server.wifi.p2p.WifiP2pService
05-19 18:19:03.822 1943 1943 I WifiP2pService: Registering wifip2p
05-19 18:19:03.824 1943 1943 I SystemServiceManager: Starting com.android.server.wifi.WifiService
05-19 18:19:04.007 1943 1943 E WifiConfigStore: associatedPartialScanPeriodMilli set to 20000
05-19 18:19:04.025 1943 1943 D WifiController: isAirplaneModeOn = false, isWifiEnabled = false, isScanningAvailable = false
05-19 18:19:04.027 1943 1943 I WifiService: Registering wifi
05-19 18:19:04.028 1943 1943 I SystemServiceManager: Starting com.android.server.wifi.WifiScanningService
05-19 18:19:04.029 1943 1943 I WifiScanningService: Creating wifiscanner
05-19 18:19:04.029 1943 1943 I WifiScanningService: Starting wifiscanner
05-19 18:19:04.030 1943 1943 I SystemServiceManager: Starting com.android.server.wifi.RttService
05-19 18:19:04.030 1943 1943 I RttService: Creating rttmanager
05-19 18:19:04.031 1943 1943 I RttService: Starting rttmanager
05-19 18:19:04.033 1943 1943 I SystemServiceManager: Starting com.android.server.ethernet.EthernetService
05-19 18:19:04.036 1943 1943 I EthernetServiceImpl: Creating EthernetConfigStore
05-19 18:19:04.037 1943 1943 E IpConfigStore: Error parsing configuration: java.io.FileNotFoundException: /data/misc/ethernet/ipconfig.txt: open failed: ENOENT (No such file or directory)
05-19 18:19:04.037 1943 1943 W EthernetConfigStore: No Ethernet configuration found. Using default.
05-19 18:19:04.038 1943 1943 I EthernetServiceImpl: Read stored IP configuration: IP assignment: DHCP
05-19 18:19:04.038 1943 1943 I EthernetServiceImpl: Proxy settings: NONE
05-19 18:19:04.038 1943 1943 I EthernetService: Registering service ethernet
05-19 18:19:04.038 1943 1943 I SystemServer: Connectivity Service
05-19 18:19:04.042 1943 1943 D ConnectivityService: ConnectivityService starting up
05-19 18:19:04.046 1943 1943 D ConnectivityService: wifiOnly=false
05-19 18:19:04.047 1943 1943 E ConnectivityService: Ignoring protectedNetwork 14
05-19 18:19:04.047 1943 1943 E ConnectivityService: Ignoring protectedNetwork 15
05-19 18:19:04.057 1943 1943 I SystemServer: Network Service Discovery Service
05-19 18:19:04.062 1943 1943 D NsdService: Network service discovery enabled true
05-19 18:19:04.065 1943 1943 I SystemServer: UpdateLock Service
05-19 18:19:04.068 1943 1943 I SystemServiceManager: Starting com.android.server.notification.NotificationManagerService
05-19 18:19:04.090 1943 1943 D ZenLog : set_zen_mode: off,setting
05-19 18:19:04.093 1943 1943 I SystemServiceManager: Starting com.android.server.storage.DeviceStorageMonitorService
05-19 18:19:04.096 1943 1943 I SystemServer: Location Manager
05-19 18:19:04.099 1943 1943 I SystemServer: Country Detector
05-19 18:19:04.100 1943 1943 I SystemServer: Search Service
05-19 18:19:04.103 1943 1943 I SystemServer: DropBox Service
05-19 18:19:04.105 1943 1943 I SystemServer: Wallpaper Service
05-19 18:19:04.108 1943 1943 W WallpaperManagerService: no current wallpaper -- first boot?
05-19 18:19:04.109 1943 1943 I SystemServer: Audio Service
05-19 18:19:04.115 1943 1943 W TelecomManager: Telecom Service not found.
05-19 18:19:04.134 1943 1943 I SystemServiceManager: Starting com.android.server.DockObserver
05-19 18:19:04.135 1943 1943 W DockObserver: This kernel does not have dock station support
05-19 18:19:04.136 1943 1943 I SystemServer: Wired Accessory Manager
05-19 18:19:04.139 1943 1943 W WiredAccessoryManager: This kernel does not have usb audio support
05-19 18:19:04.139 1943 1943 W WiredAccessoryManager: This kernel does not have HDMI audio support
05-19 18:19:04.139 1943 1943 I SystemServiceManager: Starting com.android.server.usb.UsbService$Lifecycle
05-19 18:19:04.143 1943 1943 I SystemServer: Serial Service
05-19 18:19:04.145 1943 1943 I SystemServiceManager: Starting com.android.server.twilight.TwilightService
05-19 18:19:04.151 1943 1943 I SystemServiceManager: Starting com.android.server.UiModeManagerService
05-19 18:19:04.155 1943 1943 I SystemServiceManager: Starting com.android.server.job.JobSchedulerService
05-19 18:19:04.163 1943 1943 I SystemServiceManager: Starting com.android.server.backup.BackupManagerService$Lifecycle
05-19 18:19:04.165 1943 1943 I SystemServiceManager: Starting com.android.server.appwidget.AppWidgetService
05-19 18:19:04.169 1943 1943 I SystemServiceManager: Starting com.android.server.voiceinteraction.VoiceInteractionManagerService
05-19 18:19:04.173 1943 1943 W SoundTriggerHelper: listModules status=0, # of modules=0
05-19 18:19:04.173 1943 1943 I SystemServer: DiskStats Service
05-19 18:19:04.174 1943 1943 I SystemServer: SamplingProfiler Service
05-19 18:19:04.176 1943 1943 I SystemServer: NetworkTimeUpdateService
05-19 18:19:04.177 1943 1943 I SystemServer: CommonTimeManagementService
05-19 18:19:04.180 1943 1943 I SystemServer: CertBlacklister
05-19 18:19:04.182 1943 1943 I SystemServiceManager: Starting com.android.server.dreams.DreamManagerService
05-19 18:19:04.185 1943 1943 I SystemServer: Assets Atlas Service
05-19 18:19:04.190 1943 1943 I SystemServiceManager: Starting com.android.server.print.PrintManagerService
05-19 18:19:04.191 1943 2044 D AssetAtlas: Computing best atlas configuration...
05-19 18:19:04.192 1943 2046 D AssetAtlas: Running Atlas Worker #2
05-19 18:19:04.194 1943 1943 I SystemServiceManager: Starting com.android.server.restrictions.RestrictionsManagerService
05-19 18:19:04.195 1943 2045 D AssetAtlas: Running Atlas Worker #1
05-19 18:19:04.199 1943 1943 I SystemServiceManager: Starting com.android.server.media.MediaSessionService
05-19 18:19:04.204 1943 1943 I SystemServer: Media Router Service
05-19 18:19:04.209 1943 1943 I SystemServiceManager: Starting com.android.server.trust.TrustManagerService
05-19 18:19:04.212 1943 1943 I SystemServiceManager: Starting com.android.server.fingerprint.FingerprintService
05-19 18:19:04.212 1943 1943 V Fingerprint-JNI: nativeInit()
05-19 18:19:04.213 1943 1943 V Fingerprint-JNI: nativeOpenHal()
05-19 18:19:04.213 1943 1943 E Fingerprint-JNI: Can't open fingerprint HW Module, error: -2
05-19 18:19:04.213 1943 1943 I SystemServer: BackgroundDexOptService
05-19 18:19:04.222 1943 1943 I SystemServiceManager: Starting com.android.server.pm.LauncherAppsService
05-19 18:19:04.237 1943 1943 I SystemServiceManager: Starting com.android.server.media.projection.MediaProjectionManagerService
05-19 18:19:04.262 1943 1943 I WindowManager: SAFE MODE not enabled
05-19 18:19:04.263 1943 1943 I SystemServiceManager: Starting com.android.server.MmsServiceBroker
05-19 18:19:04.278 1943 1943 E SQLiteLog: (1) no such table: locksettings
05-19 18:19:04.281 1943 1943 I LockSettingsService: Migrated lock settings to new location
05-19 18:19:04.284 1943 1943 I LockSettingsService: Migrated per-user lock settings to new location
05-19 18:19:04.286 1943 1943 E LockSettingsStorage: Cannot read file java.io.FileNotFoundException: /data/system/password.key: open failed: ENOENT (No such file or directory)
05-19 18:19:04.286 1943 1943 E LockSettingsStorage: Cannot read file java.io.FileNotFoundException: /data/system/gesture.key: open failed: ENOENT (No such file or directory)
05-19 18:19:04.286 1943 1943 I SystemServiceManager: Starting phase 480
05-19 18:19:04.290 1943 1943 I SystemServiceManager: Starting phase 500
05-19 18:19:04.291 1943 1943 I WifiService: WifiService starting up with Wi-Fi disabled
05-19 18:19:04.299 1943 2044 D AssetAtlas: Found best atlas configuration in 0.11s
05-19 18:19:04.301 1943 2044 D AssetAtlas: Loaded configuration: SliceMinArea (768x768) flags=0x2 count=446
05-19 18:19:04.304 1943 2044 I GRALLOC-RADEON: detected chipset 0x9834 family 0x3c (vram size 494MiB, gart size 1019MiB)
05-19 18:19:04.304 1943 2044 I GRALLOC-DRM: create radeon for driver radeon
05-19 18:19:04.305 1943 2035 D WifiService: New client listening to asynchronous messages
05-19 18:19:04.308 1943 1943 I WifiScanningService: Registering wifiscanner
05-19 18:19:04.316 1943 1943 D WifiScanningService: New client, channel: null messenger: null
05-19 18:19:04.318 1943 1943 I RttService: Registering rttmanager
05-19 18:19:04.319 1943 2050 D WifiChangeStateMachine: Entering IdleState
05-19 18:19:04.319 1943 2050 D WifiScanningService: DefaultState
05-19 18:19:04.325 1943 1943 I EthernetServiceImpl: Starting Ethernet service
05-19 18:19:04.328 1943 1943 D Ethernet: Registering NetworkFactory
05-19 18:19:04.329 1943 2036 D ConnectivityService: Got NetworkFactory Messenger for Ethernet
05-19 18:19:04.329 1943 2052 D Ethernet: got request NetworkRequest [ id=1, legacyType=-1, [ Capabilities: INTERNET&NOT_RESTRICTED&TRUSTED&NOT_VPN] ] with score 0
05-19 18:19:04.335 1943 1943 D EthernetNetworkFactory: Started tracking interface eth0
05-19 18:19:04.339 1623 1886 D CommandListener: Setting iface cfg
05-19 18:19:04.339 1623 1886 D CommandListener: Trying to bring up eth0
05-19 18:19:04.349 1943 1943 I ActivityManager: Config changes=200 {1.0 ?mcc?mnc en_US ?layoutDir sw768dp w1366dp h695dp 160dpi xlrg long land -touch qwerty/v/v -nav/h s.4}
05-19 18:19:04.363 1943 1943 V BackupManagerService: No ancestral data
05-19 18:19:04.365 1943 2044 I EGL-GALLIUM: using DRM screen
05-19 18:19:04.365 1943 2044 I EGL-GALLIUM: skip unsupported native format 0x3
05-19 18:19:04.370 1943 1943 D BackupManagerService: Now staging backup of com.android.browser
05-19 18:19:04.370 1943 1943 D BackupManagerService: Now staging backup of android
05-19 18:19:04.370 1943 1943 D BackupManagerService: Now staging backup of com.android.calendar
05-19 18:19:04.370 1943 1943 D BackupManagerService: Now staging backup of com.android.providers.settings
05-19 18:19:04.371 1943 1943 D BackupManagerService: Now staging backup of com.android.sharedstoragebackup
05-19 18:19:04.371 1943 1943 D BackupManagerService: Now staging backup of com.android.dialer
05-19 18:19:04.371 1943 1943 D BackupManagerService: Now staging backup of com.android.providers.userdictionary
05-19 18:19:04.371 1943 1943 V BackupManagerService: Starting with transport android/com.android.internal.backup.LocalTransport
05-19 18:19:04.371 1943 1943 V BackupManagerService: Found transports: 1
05-19 18:19:04.371 1943 1943 I BackupManagerService: Binding to transport host ComponentInfo{android/com.android.internal.backup.LocalTransportService}
05-19 18:19:04.379 1943 2044 I MESA-DEBUG: Inside r600_texture_from_handle
05-19 18:19:04.379 1943 2044 I MESA-DEBUG: templ->target = 2 ; templ->depth0 = 1 ; templ->last_level = 0
05-19 18:19:04.379 1943 2044 I MESA-DEBUG: Ending r600_texture_from_handle - stride value is 3072
05-19 18:19:04.438 1943 1943 I ActivityManager: Sending system update to ComponentInfo{com.android.providers.calendar/com.android.providers.calendar.CalendarUpgradeReceiver} for user 0
05-19 18:19:04.438 1943 1943 I ActivityManager: Sending system update to ComponentInfo{com.android.providers.contacts/com.android.providers.contacts.ContactsUpgradeReceiver} for user 0
05-19 18:19:04.438 1943 1943 I ActivityManager: Sending system update to ComponentInfo{com.android.managedprovisioning/com.android.managedprovisioning.PreBootListener} for user 0
05-19 18:19:04.438 1943 1943 I ActivityManager: Sending system update to ComponentInfo{com.android.providers.media/com.android.providers.media.MediaUpgradeReceiver} for user 0
05-19 18:19:04.439 1943 1943 I ActivityManager: Sending system update to ComponentInfo{com.android.settings/com.android.settings.ManagedProfileSetup} for user 0
05-19 18:19:04.442 1943 1970 I DisplayManagerService: Display device changed: DisplayDeviceInfo{"Built-in Screen": uniqueId="local:0", 1366 x 768, 60.000004 fps, supportedRefreshRates [60.000004], density 160, 133.0 x 139.0 dpi, appVsyncOff 0, presDeadline 17666666, touch INTERNAL, rotation 0, type BUILT_IN, state ON, FLAG_DEFAULT_DISPLAY, FLAG_ROTATES_WITH_CONTENT, FLAG_SECURE, FLAG_SUPPORTS_PROTECTED_BUFFERS}
05-19 18:19:04.443 1620 1620 D SurfaceFlinger: Set power mode=2, type=0 flinger=0xb685c000
05-19 18:19:04.443 1620 1620 D SurfaceFlinger: Screen type=0 is already mode=2
05-19 18:19:04.451 1943 1965 I Zygote : Process: zygote socket opened, supported ABIS: x86
05-19 18:19:04.467 1943 2044 D AssetAtlas: Rendered atlas in 130.07ms (18.74+111.34ms)
05-19 18:19:04.473 1943 1965 I ActivityManager: Start proc 2058:com.android.providers.calendar/u0a1 for broadcast com.android.providers.calendar/.CalendarUpgradeReceiver
05-19 18:19:04.475 1943 1943 V ActivityManager: Display changed displayId=0
05-19 18:19:04.475 1943 1943 D WifiScanningService: SCAN_AVAILABLE : 1
05-19 18:19:04.476 1943 1943 D RttService: SCAN_AVAILABLE : 1
05-19 18:19:04.476 1943 2051 D RttService: DefaultState got{ when=0 what=160513 target=com.android.internal.util.StateMachine$SmHandler }
05-19 18:19:04.476 1943 2050 D WifiScanningService: DefaultState got{ when=-1ms what=160007 target=com.android.internal.util.StateMachine$SmHandler }
05-19 18:19:04.496 1943 1960 I ActivityManager: Launching preboot mode app: ProcessRecord{93cbce7 2058:com.android.providers.calendar/u0a1}
05-19 18:19:04.496 1943 1960 I art : DexFile_isDexOptNeeded file /system/priv-app/CalendarProvider/x86/CalendarProvider.odex needs to be relocated for /system/priv-app/CalendarProvider/CalendarProvider.apk
05-19 18:19:04.497 1943 1960 I PackageManager: Running patchoat on: com.android.providers.calendar
05-19 18:19:04.498 2075 2075 E installd: Running /system/bin/patchoat isa=x86 in-fd=5 (/system/priv-app/CalendarProvider/x86/CalendarProvider.odex) out-fd=6 (/data/dalvik-cache/x86/system@priv-app@CalendarProvider@CalendarProvider.apk@classes.dex)
05-19 18:19:04.528 1943 1943 V ActivityManager: Display changed displayId=0
05-19 18:19:04.529 1943 1943 V ActivityManager: Display changed displayId=0
05-19 18:19:04.529 1943 1943 V BackupManagerService: Connected to transport ComponentInfo{android/com.android.internal.backup.LocalTransportService}
05-19 18:19:04.529 1943 1943 V BackupManagerService: Registering transport android/com.android.internal.backup.LocalTransportService::android/com.android.internal.backup.LocalTransport = android.app.backup.BackupTransport$TransportImpl@32150094
05-19 18:19:04.547 1620 1620 I MESA-DEBUG: Inside r600_texture_from_handle
05-19 18:19:04.547 1620 1620 I MESA-DEBUG: templ->target = 2 ; templ->depth0 = 1 ; templ->last_level = 0
05-19 18:19:04.547 1620 1620 I MESA-DEBUG: Ending r600_texture_from_handle - stride value is 5632
05-19 18:19:04.554 2058 2058 W ResourcesManager: Asset path '/system/framework/android.test.runner.jar' does not exist or contains no resources.
05-19 18:19:04.602 1943 1960 I ActivityManager: Start proc 2080:android.process.acore/u0a2 for broadcast com.android.providers.contacts/.ContactsUpgradeReceiver
05-19 18:19:04.614 1943 1961 I ActivityManager: Launching preboot mode app: ProcessRecord{3f96873d 2080:android.process.acore/u0a2}
05-19 18:19:04.615 1943 1961 I art : DexFile_isDexOptNeeded file /system/priv-app/ContactsProvider/x86/ContactsProvider.odex needs to be relocated for /system/priv-app/ContactsProvider/ContactsProvider.apk
05-19 18:19:04.615 1943 1961 I PackageManager: Running patchoat on: com.android.providers.contacts
05-19 18:19:04.616 2096 2096 E installd: Running /system/bin/patchoat isa=x86 in-fd=5 (/system/priv-app/ContactsProvider/x86/ContactsProvider.odex) out-fd=6 (/data/dalvik-cache/x86/system@priv-app@ContactsProvider@ContactsProvider.apk@classes.dex)
05-19 18:19:04.722 2080 2080 I ContactsUpgradeReceiver: Creating or opening contacts database
05-19 18:19:04.729 2080 2080 I ContactsDatabaseHelper: Bootstrapping database version: 910
05-19 18:19:04.895 2080 2080 I ContactsProviderV1: Bootstrapping database legacy support
05-19 18:19:04.961 2080 2080 I ContactsDatabaseHelper: Bootstrapping database version: 910
05-19 18:19:05.100 2080 2080 I ContactsProviderV1: Bootstrapping database legacy support
05-19 18:19:05.169 2080 2080 I ContactsProvider: Locale has changed from null to en-US
05-19 18:19:05.170 2080 2080 I ContactsDatabaseHelper: Switching to locale en-US (ICU v53.1.0.1)
05-19 18:19:05.240 2080 2080 I ContactsDatabaseHelper: Locale change completed in 70ms
05-19 18:19:05.241 2080 2080 I ContactsDatabaseHelper: Switching to locale en-US (ICU v53.1.0.1)
05-19 18:19:05.308 2080 2080 I ContactsDatabaseHelper: Locale change completed in 67ms
05-19 18:19:05.375 1943 1961 I ActivityManager: Start proc 2099:com.android.managedprovisioning/u0a7 for broadcast com.android.managedprovisioning/.PreBootListener
05-19 18:19:05.387 1943 1960 I ActivityManager: Launching preboot mode app: ProcessRecord{67a5b32 2099:com.android.managedprovisioning/u0a7}
05-19 18:19:05.388 1943 1960 I art : DexFile_isDexOptNeeded file /system/priv-app/ManagedProvisioning/x86/ManagedProvisioning.odex needs to be relocated for /system/priv-app/ManagedProvisioning/ManagedProvisioning.apk
05-19 18:19:05.388 1943 1960 I PackageManager: Running patchoat on: com.android.managedprovisioning
05-19 18:19:05.389 2115 2115 E installd: Running /system/bin/patchoat isa=x86 in-fd=5 (/system/priv-app/ManagedProvisioning/x86/ManagedProvisioning.odex) out-fd=6 (/data/dalvik-cache/x86/system@priv-app@ManagedProvisioning@ManagedProvisioning.apk@classes.dex)
05-19 18:19:05.464 1943 1961 I ActivityManager: Start proc 2116:android.process.media/u0a5 for broadcast com.android.providers.media/.MediaUpgradeReceiver
05-19 18:19:05.478 1943 2076 I ActivityManager: Launching preboot mode app: ProcessRecord{48e4083 2116:android.process.media/u0a5}
05-19 18:19:05.479 1943 2076 I art : DexFile_isDexOptNeeded file /system/priv-app/MediaProvider/x86/MediaProvider.odex needs to be relocated for /system/priv-app/MediaProvider/MediaProvider.apk
05-19 18:19:05.479 1943 2076 I PackageManager: Running patchoat on: com.android.providers.media
05-19 18:19:05.481 2132 2132 E installd: Running /system/bin/patchoat isa=x86 in-fd=5 (/system/priv-app/MediaProvider/x86/MediaProvider.odex) out-fd=6 (/data/dalvik-cache/x86/system@priv-app@MediaProvider@MediaProvider.apk@classes.dex)
05-19 18:19:05.539 1943 1960 I ActivityManager: Start proc 2134:com.android.settings/1000 for broadcast com.android.settings/.ManagedProfileSetup
05-19 18:19:05.552 1943 1961 I ActivityManager: Launching preboot mode app: ProcessRecord{308b9200 2134:com.android.settings/1000}
05-19 18:19:05.570 1943 1965 I ActivityManager: Removing system update proc: ProcessRecord{93cbce7 2058:com.android.providers.calendar/u0a1}
05-19 18:19:05.570 1943 1965 I ActivityManager: Killing 2058:com.android.providers.calendar/u0a1 (adj 15): system update done
05-19 18:19:05.585 1943 1965 I ActivityManager: Removing system update proc: ProcessRecord{3f96873d 2080:android.process.acore/u0a2}
05-19 18:19:05.585 1943 1965 I ActivityManager: Killing 2080:android.process.acore/u0a2 (adj 15): system update done
05-19 18:19:05.601 1943 1965 I ActivityManager: Removing system update proc: ProcessRecord{67a5b32 2099:com.android.managedprovisioning/u0a7}
05-19 18:19:05.601 1943 1965 I ActivityManager: Killing 2099:com.android.managedprovisioning/u0a7 (adj 13): system update done
05-19 18:19:05.615 1943 1965 I ActivityManager: Removing system update proc: ProcessRecord{48e4083 2116:android.process.media/u0a5}
05-19 18:19:05.616 1943 1965 I ActivityManager: Killing 2116:android.process.media/u0a5 (adj 11): system update done
05-19 18:19:05.632 1943 1965 I ActivityManager: Removing system update proc: ProcessRecord{308b9200 2134:com.android.settings/1000}
05-19 18:19:05.632 1943 1965 I ActivityManager: Killing 2134:com.android.settings/1000 (adj 9): system update done
05-19 18:19:05.646 1943 1965 I ActivityManager: System now ready
05-19 18:19:05.646 1943 1960 W ActivityManager: Spurious death for ProcessRecord{93cbce7 2058:com.android.providers.calendar/u0a1}, curProc for 2058: null
05-19 18:19:05.647 1943 2076 W ActivityManager: Spurious death for ProcessRecord{3f96873d 2080:android.process.acore/u0a2}, curProc for 2080: null
05-19 18:19:05.647 1943 1961 W ActivityManager: Spurious death for ProcessRecord{67a5b32 2099:com.android.managedprovisioning/u0a7}, curProc for 2099: null
05-19 18:19:05.647 1943 2150 W ActivityManager: Spurious death for ProcessRecord{48e4083 2116:android.process.media/u0a5}, curProc for 2116: null
05-19 18:19:05.647 1943 2152 W ActivityManager: Spurious death for ProcessRecord{308b9200 2134:com.android.settings/1000}, curProc for 2134: null
05-19 18:19:05.650 1943 1965 I SystemServer: Making services ready
05-19 18:19:05.650 1943 1965 I SystemServiceManager: Starting phase 550
05-19 18:19:05.653 1943 1965 I SystemServer: WebViewFactory preparation
05-19 18:19:05.662 1943 1943 I Telecom : TelecomGlobals: TelecomGlobals initializing
05-19 18:19:05.680 1943 1965 I ActivityManager: Start proc 2157:WebViewLoader-x86/1037 [android.webkit.WebViewFactory$RelroFileCreator] for
05-19 18:19:05.682 1943 2154 D UsbHostManager: Added device UsbDevice[mName=/dev/bus/usb/006/003,mVendorId=1226,mProductId=12299,mClass=224,mSubclass=1,mProtocol=1,mManufacturerName=null,mProductName=null,mSerialNumber=null,mConfigurations=[
05-19 18:19:05.682 1943 2154 D UsbHostManager: UsbConfiguration[mId=1,mName=null,mAttributes=224,mMaxPower=50,mInterfaces=[
05-19 18:19:05.682 1943 2154 D UsbHostManager: UsbInterface[mId=0,mAlternateSetting=0,mName=null,mClass=224,mSubclass=1,mProtocol=1,mEndpoints=[
05-19 18:19:05.682 1943 2154 D UsbHostManager: UsbEndpoint[mAddress=129,mAttributes=3,mMaxPacketSize=16,mInterval=1]
05-19 18:19:05.682 1943 2154 D UsbHostManager: UsbEndpoint[mAddress=130,mAttributes=2,mMaxPacketSize=64,mInterval=1]
05-19 18:19:05.682 1943 2154 D UsbHostManager: UsbEndpoint[mAddress=2,mAttributes=2,mMaxPacketSize=64,mInterval=1]]
05-19 18:19:05.682 1943 2154 D UsbHostManager: UsbInterface[mId=1,mAlternateSetting=0,mName=null,mClass=224,mSubclass=1,mProtocol=1,mEndpoints=[
05-19 18:19:05.682 1943 2154 D UsbHostManager: UsbEndpoint[mAddress=131,mAttributes=1,mMaxPacketSize=0,mInterval=1]
05-19 18:19:05.682 1943 2154 D UsbHostManager: UsbEndpoint[mAddress=3,mAttributes=1,mMaxPacketSize=0,mInterval=1]]
05-19 18:19:05.682 1943 2154 D UsbHostManager: UsbInterface[mId=1,mAlternateSetting=1,mName=null,mClass=224,mSubclass=1,mProtocol=1,mEndpoints=[
05-19 18:19:05.682 1943 2154 D UsbHostManager: UsbEndpoint[mAddress=131,mAttributes=1,mMaxPacketSize=9,mInterval=1]
05-19 18:19:05.682 1943 2154 D UsbHostManager: UsbEndpoint[mAddress=3,mAttributes=1,mMaxPacketSize=9,mInterval=1]]
05-19 18:19:05.682 1943 2154 D UsbHostManager: UsbInterface[mId=1,mAlternateSetting=2,mName=null,mClass=224,mSubclass=1,mProtocol=1,mEndpoints=[
05-19 18:19:05.682 1943 2154 D UsbHostManager: UsbEndpoint[mAddress=131,mAttributes=1,mMaxPacketSize=17,mInterval=1]
05-19 18:19:05.682 1943 2154 D UsbHostManager: UsbEndpoint[mAddress=3,mAttributes=1,mMaxPacketSize=17,mInterval=1]]
05-19 18:19:05.682 1943 2154 D UsbHostManager: UsbInterface[mId=1,mAlternateSetting=3,mName=null,mClass=224,mSubclass=1,mProtocol=1,mEndpoints=[
05-19 18:19:05.682 1943 2154 D UsbHostManager: UsbEndpoint[mAddress=131,mAttributes=1,mMaxPacketSize=25,mInterval=1]
05-19 18:19:05.682 1943 2154 D UsbHostManager: UsbEndpoint[mAddress=3,mAttributes=1,mMaxPacketSize=25,mInterval=1]]
05-19 18:19:05.682 1943 2154 D UsbHostManager: UsbInterface[mId=1,mAlternateSetting=4,mName=null,mClass=224,mSubclass=1,mProtocol=1,mEndpoints=[
05-19 18:19:05.682 1943 2154 D UsbHostManager: UsbEndpoint[mAddress=131,mAttributes=1,mMaxPacketSize=33,mInterval=1]
05-19 18:19:05.682 1943 2154 D UsbHostManager: UsbEndpoint[mAddress=3,mAttributes=1,mMaxPacketSize=33,mInterval=1]]
05-19 18:19:05.682 1943 2154 D UsbHostManager: UsbInterface[mId=1,mAlternateSetting=5,mName=null,mClass=224,mSubclass=1,mProtocol=1,mEndpoints=[
05-19 18:19:05.682 1943 2154 D UsbHostManager: UsbEndpoint[mAddress=131,mAttributes=1,mMaxPacketSize=49,mInterval=1]
05-19 18:19:05.682 1943 2154 D UsbHostManager: UsbEndpoint[mAddress=3,mAttributes=1,mMaxPacketSize=49,mInterval=1]]]]
05-19 18:19:05.686 1943 2154 W ContextImpl: Calling a method in the system process without a qualified user: android.app.ContextImpl.sendBroadcast:1327 com.android.server.usb.UsbSettingsManager.deviceAttached:741 com.android.server.usb.UsbHostManager.endUsbDeviceAdded:224 com.android.server.usb.UsbHostManager.monitorUsbHostBus:-2 com.android.server.usb.UsbHostManager.access$000:42
05-19 18:19:05.692 2157 2157 V WebViewFactory: RelroFileCreator (64bit = false), 32-bit lib: /system/app/webview/lib/x86/libwebviewchromium.so, 64-bit lib:
05-19 18:19:05.713 1943 1965 I ActivityManager: Start proc 2173:com.android.systemui/u0a13 for service com.android.systemui/.SystemUIService
05-19 18:19:05.716 1943 1966 D SettingsProvider: User 0 external modification to /data/data/com.android.providers.settings/databases/settings.db; event=2
05-19 18:19:05.717 1943 1966 D SettingsProvider: User 0 updating our caches for /data/data/com.android.providers.settings/databases/settings.db
05-19 18:19:05.717 1943 1943 D BluetoothManagerService: Trying to bind to profile: 1, while Bluetooth was disabled
05-19 18:19:05.719 1943 1969 D BluetoothManagerService: Message: 20
05-19 18:19:05.719 1943 1969 D BluetoothManagerService: Added callback: android.bluetooth.BluetoothAdapter$1@a77b30:true
05-19 18:19:05.719 1943 1969 D BluetoothManagerService: Message: 30
05-19 18:19:05.719 1619 1682 I Vold : /dev/block/vold/8:17 being considered for volume usb0
05-19 18:19:05.719 1619 1682 D Vold : Volume usb0 state changing 1 (Idle-Unmounted) -> 3 (Checking)
05-19 18:19:05.720 1943 1967 D MountService: volume state changed for /storage/usb0 (unmounted -> checking)
05-19 18:19:05.720 1943 1967 D MountService: sendStorageIntent Intent { act=android.intent.action.MEDIA_CHECKING dat=file:///storage/usb0 flg=0x4000000 (has extras) } to UserHandle{-1}
05-19 18:19:05.726 1943 1965 D NetworkManagementService: not enabling bandwidth control
05-19 18:19:05.777 1943 2156 I ActivityManager: Start proc 2191:android.process.acore/u0a2 for content provider com.android.providers.contacts/.CallLogProvider
05-19 18:19:05.780 1943 2150 I art : DexFile_isDexOptNeeded file /system/priv-app/SystemUI/x86/SystemUI.odex needs to be relocated for /system/priv-app/SystemUI/SystemUI.apk
05-19 18:19:05.780 1943 2150 I PackageManager: Running patchoat on: com.android.systemui
05-19 18:19:05.783 2197 2197 E installd: Running /system/bin/patchoat isa=x86 in-fd=5 (/system/priv-app/SystemUI/x86/SystemUI.odex) out-fd=6 (/data/dalvik-cache/x86/system@priv-app@SystemUI@SystemUI.apk@classes.dex)
05-19 18:19:05.791 1619 1682 I fsck_msdos: ** /dev/block/vold/8:17
05-19 18:19:05.803 1619 1682 I fsck_msdos: Invalid sector size: 37008
05-19 18:19:05.804 1619 1682 I fsck_msdos: fsck_msdos terminated by exit(8)
05-19 18:19:05.804 1619 1682 E Vold : Filesystem check failed (unknown exit code 8)
05-19 18:19:05.804 1619 1682 E Vold : /dev/block/vold/8:17 failed FS checks (I/O error)
05-19 18:19:05.804 1619 1682 D Vold : Volume usb0 state changing 3 (Checking) -> 1 (Idle-Unmounted)
05-19 18:19:05.804 1619 1682 W Vold : Returning OperationFailed - no handler for errno 0
05-19 18:19:05.805 1943 2026 E MountService: Boot-time mount failed (-1)
05-19 18:19:05.805 1943 1967 D MountService: volume state changed for /storage/usb0 (checking -> unmounted)
05-19 18:19:05.805 1943 1967 D MountService: sendStorageIntent Intent { act=android.intent.action.MEDIA_UNMOUNTED dat=file:///storage/usb0 flg=0x4000000 (has extras) } to UserHandle{-1}
05-19 18:19:05.810 1943 2026 E MountService: Boot-time mount failed (-1)
05-19 18:19:05.810 1943 2026 W MountService: Duplicate state transition (mounted -> mounted) for /storage/emulated/0
05-19 18:19:05.834 1632 1632 I art : Explicit concurrent mark sweep GC freed 704(30KB) AllocSpace objects, 0(0B) LOS objects, 40% free, 1918KB/3MB, paused 309us total 41.156ms
05-19 18:19:05.854 1943 2154 D UsbHostManager: Added device UsbDevice[mName=/dev/bus/usb/003/003,mVendorId=1266,mProductId=46038,mClass=239,mSubclass=2,mProtocol=1,mManufacturerName=SunplusIT INC.,mProductName=HD WebCam,mSerialNumber=null,mConfigurations=[
05-19 18:19:05.854 1943 2154 D UsbHostManager: UsbConfiguration[mId=1,mName=null,mAttributes=128,mMaxPower=250,mInterfaces=[
05-19 18:19:05.854 1943 2154 D UsbHostManager: UsbInterface[mId=0,mAlternateSetting=0,mName=HD WebCam,mClass=14,mSubclass=1,mProtocol=0,mEndpoints=[
05-19 18:19:05.854 1943 2154 D UsbHostManager: UsbEndpoint[mAddress=135,mAttributes=3,mMaxPacketSize=16,mInterval=8]]
05-19 18:19:05.854 1943 2154 D UsbHostManager: UsbInterface[mId=1,mAlternateSetting=0,mName=null,mClass=14,mSubclass=2,mProtocol=0,mEndpoints=[]
05-19 18:19:05.854 1943 2154 D UsbHostManager: UsbInterface[mId=1,mAlternateSetting=1,mName=null,mClass=14,mSubclass=2,mProtocol=0,mEndpoints=[
05-19 18:19:05.854 1943 2154 D UsbHostManager: UsbEndpoint[mAddress=129,mAttributes=5,mMaxPacketSize=192,mInterval=1]]
05-19 18:19:05.854 1943 2154 D UsbHostManager: UsbInterface[mId=1,mAlternateSetting=2,mName=null,mClass=14,mSubclass=2,mProtocol=0,mEndpoints=[
05-19 18:19:05.854 1943 2154 D UsbHostManager: UsbEndpoint[mAddress=129,mAttributes=5,mMaxPacketSize=384,mInterval=1]]
05-19 18:19:05.854 1943 2154 D UsbHostManager: UsbInterface[mId=1,mAlternateSetting=3,mName=null,mClass=14,mSubclass=2,mProtocol=0,mEndpoints=[
05-19 18:19:05.854 1943 2154 D UsbHostManager: UsbEndpoint[mAddress=129,mAttributes=5,mMaxPacketSize=512,mInterval=1]]
05-19 18:19:05.854 1943 2154 D UsbHostManager: UsbInterface[mId=1,mAlternateSetting=4,mName=null,mClass=14,mSubclass=2,mProtocol=0,mEndpoints=[
05-19 18:19:05.854 1943 2154 D UsbHostManager: UsbEndpoint[mAddress=129,mAttributes=5,mMaxPacketSize=640,mInterval=1]]
05-19 18:19:05.854 1943 2154 D UsbHostManager: UsbInterface[mId=1,mAlternateSetting=5,mName=null,mClass=14,mSubclass=2,mProtocol=0,mEndpoints=[
05-19 18:19:05.854 1943 2154 D UsbHostManager: UsbEndpoint[mAddress=129,mAttributes=5,mMaxPacketSize=800,mInterval=1]]
05-19 18:19:05.854 1943 2154 D UsbHostManager: UsbInterface[mId=1,mAlternateSetting=6,mName=null,mClass=14,mSubclass=2,mProtocol=0,mEndpoints=[
05-19 18:19:05.854 1943 2154 D UsbHostManager: UsbEndpoint[mAddress=129,mAttributes=5,mMaxPacketSize=944,mInterval=1]]
05-19 18:19:05.854 1943 2154 D UsbHostManager: UsbInterface[mId=1,mAlternateSetting=7,mName=null,mClass=14,mSubclass=2,mProtocol=0,mEndpoints=[
05-19 18:19:05.854 1943 2154 D UsbHostManager: UsbEndpoint[mAddress=129,mAttributes=5,mMaxPacketSize=2688,mInterval=1]]
05-19 18:19:05.854 1943 2154 D UsbHostManager: UsbInterface[mId=1,mAlternateSetting=8,mName=null,mClass=14,mSubclass=2,mProtocol=0,mEndpoints=[
05-19 18:19:05.854 1943 2154 D UsbHostManager: UsbEndpoint[mAddress=129,mAttributes=5,mMaxPacketSize=2848,mInterval=1]]
05-19 18:19:05.854 1943 2154 D UsbHostManager: UsbInterface[mId=1,mAlternateSetting=9,mName=null,mClass=14,mSubclass=2,mProtocol=0,mEndpoints=[
05-19 18:19:05.854 1943 2154 D UsbHostManager: UsbEndpoint[mAddress=129,mAttributes=5,mMaxPacketSize=3040,mInterval=1]]
05-19 18:19:05.854 1943 2154 D UsbHostManager: UsbInterface[mId=1,mAlternateSetting=10,mName=null,mClass=14,mSubclass=2,mProtocol=0,mEndpoints=[
05-19 18:19:05.854 1943 2154 D UsbHostManager: UsbEndpoint[mAddress=129,mAttributes=5,mMaxPacketSize=5056,mInterval=1]]
05-19 18:19:05.854 1943 2154 D UsbHostManager: UsbInterface[mId=1,mAlternateSetting=11,mName=null,mClass=14,mSubclass=2,mProtocol=0,mEndpoints=[
05-19 18:19:05.854 1943 2154 D UsbHostManager: UsbEndpoint[mAddress=129,mAttributes=5,mMaxPacketSize=5116,mInterval=1]]]]
05-19 18:19:05.855 1943 2154 W ContextImpl: Calling a method in the system process without a qualified user: android.app.ContextImpl.sendBroadcast:1327 com.android.server.usb.UsbSettingsManager.deviceAttached:741 com.android.server.usb.UsbHostManager.endUsbDeviceAdded:224 com.android.server.usb.UsbHostManager.monitorUsbHostBus:-2 com.android.server.usb.UsbHostManager.access$000:42
05-19 18:19:05.859 1632 1632 I art : Explicit concurrent mark sweep GC freed 7(240B) AllocSpace objects, 0(0B) LOS objects, 39% free, 1918KB/3MB, paused 256us total 23.041ms
05-19 18:19:05.890 1632 1632 I art : Explicit concurrent mark sweep GC freed 5(160B) AllocSpace objects, 0(0B) LOS objects, 39% free, 1918KB/3MB, paused 279us total 25.667ms
05-19 18:19:05.908 1943 1965 W NetworkStats: bandwidth controls disabled, unable to track stats
05-19 18:19:05.908 1943 1965 W NetworkPolicy: bandwidth controls disabled, unable to enforce policy
05-19 18:19:05.909 2157 2157 I art : System.exit called, status: 0
05-19 18:19:05.909 2157 2157 I AndroidRuntime: VM exiting with result code 0, cleanup skipped.
05-19 18:19:06.096 1943 1960 I art : DexFile_isDexOptNeeded file /system/app/UserDictionaryProvider/x86/UserDictionaryProvider.odex needs to be relocated for /system/app/UserDictionaryProvider/UserDictionaryProvider.apk
05-19 18:19:06.096 1943 1960 I PackageManager: Running patchoat on: com.android.providers.userdictionary
05-19 18:19:06.098 2214 2214 E installd: Running /system/bin/patchoat isa=x86 in-fd=5 (/system/app/UserDictionaryProvider/x86/UserDictionaryProvider.odex) out-fd=6 (/data/dalvik-cache/x86/system@app@UserDictionaryProvider@UserDictionaryProvider.apk@classes.dex)
05-19 18:19:06.098 1943 1943 I Telecom : TelecomGlobals: CallsManager initialized
05-19 18:19:06.099 1943 1943 W ContextImpl: Calling a method in the system process without a qualified user: android.app.ContextImpl.startService:1692 android.content.ContextWrapper.startService:516 com.android.server.telecom.BluetoothPhoneService.start:440 com.android.server.telecom.TelecomGlobals.initialize:93 com.android.server.telecom.TelecomService.onCreate:164
05-19 18:19:06.121 1943 1943 D BluetoothManagerService: Trying to bind to profile: 1, while Bluetooth was disabled
05-19 18:19:06.121 1943 1969 D BluetoothManagerService: Message: 30
05-19 18:19:06.123 1943 2154 D UsbHostManager: Added device UsbDevice[mName=/dev/bus/usb/003/002,mVendorId=1921,mProductId=21863,mClass=0,mSubclass=0,mProtocol=0,mManufacturerName=SanDisk,mProductName=Cruzer Blade,mSerialNumber=200429081318A2F002E6,mConfigurations=[
05-19 18:19:06.123 1943 2154 D UsbHostManager: UsbConfiguration[mId=1,mName=null,mAttributes=128,mMaxPower=100,mInterfaces=[
05-19 18:19:06.123 1943 2154 D UsbHostManager: UsbInterface[mId=0,mAlternateSetting=0,mName=null,mClass=8,mSubclass=6,mProtocol=80,mEndpoints=[
05-19 18:19:06.123 1943 2154 D UsbHostManager: UsbEndpoint[mAddress=129,mAttributes=2,mMaxPacketSize=512,mInterval=0]
05-19 18:19:06.123 1943 2154 D UsbHostManager: UsbEndpoint[mAddress=2,mAttributes=2,mMaxPacketSize=512,mInterval=1]]]]
05-19 18:19:06.123 1943 2154 W ContextImpl: Calling a method in the system process without a qualified user: android.app.ContextImpl.sendBroadcast:1327 com.android.server.usb.UsbSettingsManager.deviceAttached:741 com.android.server.usb.UsbHostManager.endUsbDeviceAdded:224 com.android.server.usb.UsbHostManager.monitorUsbHostBus:-2 com.android.server.usb.UsbHostManager.access$000:42
05-19 18:19:06.124 2173 2173 V SystemUIService: Starting SystemUI services.
05-19 18:19:06.158 1943 1961 V FingerprintService: startListening(android.service.fingerprint.IFingerprintServiceReceiver$Stub$Proxy@99225d8)
05-19 18:19:06.199 1943 1965 D PermissionMonitor: Monitoring
05-19 18:19:06.200 1943 1965 D PermissionMonitor: Users: 1, Apps: 56
05-19 18:19:06.204 1943 1965 I SystemServiceManager: Starting phase 600
05-19 18:19:06.204 1943 2040 D BluetoothManagerService: Trying to bind to profile: 1, while Bluetooth was disabled
05-19 18:19:06.204 1943 1969 D BluetoothManagerService: Message: 30
05-19 18:19:06.206 1943 1969 D BluetoothManagerService: Message: 30
05-19 18:19:06.207 1943 1943 D ZenLog : downtime: Autotrigger skipped: not in downtime
05-19 18:19:06.207 1943 1965 I BackupManagerService: Backup enabled => false
05-19 18:19:06.208 1943 1965 I BackupManagerService: Opting out of backup
05-19 18:19:06.222 1943 1965 E InputMethodManagerService: Ignoring setImeWindowStatus due to an invalid token. uid:1000 token:null
05-19 18:19:06.227 1628 2227 E WVMExtractor: Failed to open libwvm.so: dlopen failed: library "libwvm.so" not found
05-19 18:19:06.239 1943 1965 W InputMethodManagerService: Reset the default IME as "Resource" is ready here.
05-19 18:19:06.243 1628 2042 D NuPlayerDriver: start(0xb50281c0)
05-19 18:19:06.243 1628 2226 I GenericSource: start
05-19 18:19:06.250 1943 1965 I InputMethodManagerService: Selected default: com.android.inputmethod.latin/.LatinIME
05-19 18:19:06.313 1628 1628 D NuPlayerDriver: start(0xb584eca0)
05-19 18:19:06.314 1628 2233 I GenericSource: start
05-19 18:19:06.324 1943 1965 I ActivityManager: Start proc 2247:com.android.inputmethod.latin/u0a35 for service com.android.inputmethod.latin/.LatinIME
05-19 18:19:06.324 1943 1965 V InputMethodManagerService: Adding window token: android.os.Binder@3972d003
05-19 18:19:06.327 1943 1943 W InputMethodManagerService: Illegal subtype state: old subtype = null, new subtype = android.view.inputmethod.InputMethodSubtype@c9194f98
05-19 18:19:06.328 1943 1943 V ActivityManager: Display changed displayId=0
05-19 18:19:06.339 1943 1965 D gps_serial: GPS dev open_gps
05-19 18:19:06.339 1943 1965 D gps_serial: GPS dev get_hardware_interface
05-19 18:19:06.344 1943 1965 D GpsLocationProvider: Reset GPS properties, previous size = 0
05-19 18:19:06.344 1943 1965 D GpsLocationProvider: GpsParamsResource: SUPL_HOST=supl.google.com
05-19 18:19:06.344 1943 1965 D GpsLocationProvider: GpsParamsResource: SUPL_PORT=7275
05-19 18:19:06.344 1943 1965 D GpsLocationProvider: GpsParamsResource: NTP_SERVER=north-america.pool.ntp.org
05-19 18:19:06.344 1943 1965 D GpsLocationProvider: GpsParamsResource: SUPL_VER=0x20000
05-19 18:19:06.344 1943 1965 D GpsLocationProvider: GpsParamsResource: SUPL_MODE=1
05-19 18:19:06.349 1943 1965 D GpsLocationProvider: GPS properties reloaded, size = 8
05-19 18:19:06.349 1943 1965 E GpsLocationProvider: no AGPS interface in set_agps_server
05-19 18:19:06.353 1943 1965 E GpsLocationProvider: no GPS configuration interface in configuraiton_update
05-19 18:19:06.353 1943 1965 D GpsLocationProvider: final config = #Tue May 19 18:19:06 GMT+00:00 2015
05-19 18:19:06.353 1943 1965 D GpsLocationProvider: SUPL_VER=0x20000
05-19 18:19:06.353 1943 1965 D GpsLocationProvider: SUPL_HOST=supl.google.com
05-19 18:19:06.353 1943 1965 D GpsLocationProvider: XTRA_SERVER_3=http\://xtra3.gpsonextra.net/xtra.bin
05-19 18:19:06.353 1943 1965 D GpsLocationProvider: XTRA_SERVER_1=http\://xtra1.gpsonextra.net/xtra.bin
05-19 18:19:06.353 1943 1965 D GpsLocationProvider: SUPL_PORT=7275
05-19 18:19:06.353 1943 1965 D GpsLocationProvider: XTRA_SERVER_2=http\://xtra2.gpsonextra.net/xtra.bin
05-19 18:19:06.353 1943 1965 D GpsLocationProvider: NTP_SERVER=north-america.pool.ntp.org
05-19 18:19:06.353 1943 1965 D GpsLocationProvider: SUPL_MODE=1
05-19 18:19:06.370 1943 1965 W LocationManagerService: no network location provider found
05-19 18:19:06.381 1943 1943 W ResourcesManager: Asset path '/system/framework/com.android.location.provider.jar' does not exist or contains no resources.
05-19 18:19:06.386 1943 1965 E LocationManagerService: no geocoder provider found
05-19 18:19:06.387 1943 1965 E FlpHardwareProvider: Error hw_get_module 'flp': -2
05-19 18:19:06.387 1943 1965 E LocationManagerService: FLP HAL not supported
05-19 18:19:06.389 1943 1965 E LocationManagerService: Unable to bind FLP Geofence proxy.
05-19 18:19:06.400 1943 1965 E ActivityRecognitionHardware: Error hw_get_module: -2
05-19 18:19:06.400 1943 1965 E LocationManagerService: Hardware Activity-Recognition not supported.
05-19 18:19:06.403 1943 2152 I art : DexFile_isDexOptNeeded file /system/app/LatinIME/x86/LatinIME.odex needs to be relocated for /system/app/LatinIME/LatinIME.apk
05-19 18:19:06.404 1943 2152 I PackageManager: Running patchoat on: com.android.inputmethod.latin
05-19 18:19:06.406 2278 2278 E installd: Running /system/bin/patchoat isa=x86 in-fd=5 (/system/app/LatinIME/x86/LatinIME.odex) out-fd=6 (/data/dalvik-cache/x86/system@app@LatinIME@LatinIME.apk@classes.dex)
05-19 18:19:06.539 1628 2238 W OMXNodeInstance: [e:google.mpeg4.decoder] component does not support metadata mode; using fallback
05-19 18:19:06.547 1628 2238 W OMXNodeInstance: [f:google.h263.decoder] component does not support metadata mode; using fallback
05-19 18:19:06.621 1628 2238 W OMXNodeInstance: [10:google.h264.decoder] component does not support metadata mode; using fallback
05-19 18:19:06.629 2191 2224 I ContactLocale: AddressBook Labels [en-US]: [, A, B, C, D, E, F, G, H, I, J, K, L, M, N, O, P, Q, R, S, T, U, V, W, X, Y, Z, Α, Β, Γ, Δ, Ε, Ζ, Η, Θ, Ι, Κ, Λ, Μ, Ν, Ξ, Ο, Π, Ρ, Σ, Τ, Υ, Φ, Χ, Ψ, Ω, , А, Б, В, Г, Д, Ђ, Е, Є, Ж, З, И, І, Ї, Й, Ј, К, Л, Љ, М, Н, Њ, О, П, Р, С, Т, Ћ, У, Ф, Х, Ц, Ч, Џ, Ш, Щ, Ю, Я, , א, ב, ג, ד, ה, ו, ז, ח, ט, י, כ, ל, מ, נ, ס, ע, פ, צ, ק, ר, ש, ת, , ا, ب, ت, ث, ج, ح, خ, د, ذ, ر, ز, س, ش, ص, ض, ط, ظ, ع, غ, ف, ق, ك, ل, م, ن, ه, و, ي, , ก, ข, ฃ, ค, ฅ, ฆ, ง, จ, ฉ, ช, ซ, ฌ, ญ, ฎ, ฏ, ฐ, ฑ, ฒ, ณ, ด, ต, ถ, ท, ธ, น, บ, ป, ผ, ฝ, พ, ฟ, ภ, ม, ย, ร, ฤ, ล, ฦ, ว, ศ, ษ, ส, ห, ฬ, อ, ฮ, , ㄱ, ㄴ, ㄷ, ㄹ, ㅁ, ㅂ, ㅅ, ㅇ, ㅈ, ㅊ, ㅋ, ㅌ, ㅍ, ㅎ, , あ, か, さ, た, な, は, ま, や, ら, わ, #, ]
05-19 18:19:06.663 1628 2238 D SoftHEVC: Number of CPU cores: 2
05-19 18:19:06.673 1628 2238 D SoftHEVC: Initializing decoder
05-19 18:19:06.673 1628 2238 D SoftHEVC: Set number of cores to 2
05-19 18:19:06.673 1628 2238 D SoftHEVC: Ittiam decoder version number: @(#)Id:HEVCDEC_production Ver:04.01 Released by ITTIAM Build: May 5 2015 @ 02:24:41
05-19 18:19:06.673 1628 2238 W OMXNodeInstance: [11:google.hevc.decoder] component does not support metadata mode; using fallback
05-19 18:19:06.673 1628 2238 D SoftHEVC: Freeing codec memory
05-19 18:19:06.673 1628 2238 D SoftHEVC: Number of CPU cores: 2
05-19 18:19:06.673 1628 2238 D SoftHEVC: Initializing decoder
05-19 18:19:06.674 1628 2238 D SoftHEVC: Set number of cores to 2
05-19 18:19:06.674 1628 2238 D SoftHEVC: Ittiam decoder version number: @(#)Id:HEVCDEC_production Ver:04.01 Released by ITTIAM Build: May 5 2015 @ 02:24:41
05-19 18:19:06.675 1628 2238 D SoftHEVC: In SoftHEVC::~SoftHEVC
05-19 18:19:06.675 1628 2238 D SoftHEVC: Freeing codec memory
05-19 18:19:06.714 2173 2173 D VolumeUI: Registering volume controller
05-19 18:19:06.717 1628 2238 W OMXNodeInstance: [12:google.vp8.decoder] component does not support metadata mode; using fallback
05-19 18:19:06.725 1628 2238 W OMXNodeInstance: [13:google.vp9.decoder] component does not support metadata mode; using fallback
05-19 18:19:06.727 1943 1965 I CommonTimeManagementService: No common time service detected on this platform. Common time services will be unavailable.
05-19 18:19:06.728 1628 2238 I SoftMPEG4Encoder: Construct SoftMPEG4Encoder
05-19 18:19:06.728 1628 2238 W ACodec : do not know color format 0x7f000789 = 2130708361
05-19 18:19:06.730 1943 2025 I InputReader: Reconfiguring input devices. changes=0x00000020
05-19 18:19:06.735 1943 1943 V WiredAccessoryManager: notifyWiredAccessoryChanged: when=0 bits= mask=54
05-19 18:19:06.735 1943 1943 V WiredAccessoryManager: newName=h2w newState=0 headsetState=0 prev headsetState=0
05-19 18:19:06.735 1943 1943 E WiredAccessoryManager: No state change.
05-19 18:19:06.735 1943 1943 V WiredAccessoryManager: init()
05-19 18:19:06.737 1943 2025 I InputReader: Reconfiguring input devices. changes=0x00000010
05-19 18:19:06.739 1943 1965 I MmsServiceBroker: Delay connecting to MmsService until an API is called
05-19 18:19:06.739 1943 1965 W VoiceInteractionManagerService: no available voice interaction services found for user 0
05-19 18:19:06.739 1943 1965 W VoiceInteractionManagerService: no available voice recognition services found for user 0
05-19 18:19:06.741 1943 1964 D gps_serial: serial_gps_init
05-19 18:19:06.747 1943 1964 D gps_serial: gps_state_init
05-19 18:19:06.747 1943 1964 D gps_serial: no kernel-provided gps device name
05-19 18:19:06.747 1943 1964 W GpsLocationProvider: Failed to enable location provider
05-19 18:19:06.754 1628 2238 I SoftAVCEncoder: Construct SoftAVCEncoder
05-19 18:19:06.755 1628 2238 W ACodec : do not know color format 0x7f000789 = 2130708361
05-19 18:19:06.764 1628 2238 I SoftMPEG4Encoder: Construct SoftMPEG4Encoder
05-19 18:19:06.764 1628 2238 W ACodec : do not know color format 0x7f000789 = 2130708361
05-19 18:19:06.779 1628 2238 W ACodec : do not know color format 0x7f000789 = 2130708361
05-19 18:19:06.805 1628 1628 D NuPlayerDriver: reset(0xb584eca0)
05-19 18:19:06.809 1628 2233 D NuPlayerDriver: notifyResetComplete(0xb584eca0)
05-19 18:19:06.814 1628 2042 D NuPlayerDriver: reset(0xb50281c0)
05-19 18:19:06.819 1628 2226 D NuPlayerDriver: notifyResetComplete(0xb50281c0)
05-19 18:19:06.823 1943 1965 I ActivityManager: Start proc 2313:com.android.phone/1001 for added application com.android.phone
05-19 18:19:06.824 1943 1965 I ActivityManager: START u0 {act=android.intent.action.MAIN cat=[android.intent.category.HOME] flg=0x10000000 cmp=org.zeroxlab.util.tscal/.TSCalibrationStartup} from uid 0 on display 0
05-19 18:19:06.832 1943 1965 V WindowManager: addAppToken: AppWindowToken{2d65db34 token=Token{2673de07 ActivityRecord{3a0dac46 u0 org.zeroxlab.util.tscal/.TSCalibrationStartup t1}}} to stack=0 task=1 at 0
05-19 18:19:06.853 1628 2041 D NuPlayerDriver: start(0xb584ef40)
05-19 18:19:06.853 1628 2319 I GenericSource: start
05-19 18:19:06.859 1628 2023 D NuPlayerDriver: start(0xb5028040)
05-19 18:19:06.860 1628 2314 I GenericSource: start
05-19 18:19:06.871 1943 1965 I ActivityManager: Start proc 2343:org.zeroxlab.util.tscal/1000 for activity org.zeroxlab.util.tscal/.TSCalibrationStartup
05-19 18:19:06.873 1943 1943 I FusedLocation: engine started (com.android.location.fused)
05-19 18:19:06.874 1943 1943 D GpsNetInitiatedHandler: location enabled :true
05-19 18:19:06.892 1628 2023 D NuPlayerDriver: reset(0xb5028040)
05-19 18:19:06.901 1628 2314 D NuPlayerDriver: notifyResetComplete(0xb5028040)
05-19 18:19:06.907 1628 2041 D NuPlayerDriver: reset(0xb584ef40)
05-19 18:19:06.910 1628 2319 D NuPlayerDriver: notifyResetComplete(0xb584ef40)
05-19 18:19:06.930 1943 1965 I ActivityManager: Start proc 2363:com.android.externalstorage/u0a6 for broadcast com.android.externalstorage/.MountReceiver
05-19 18:19:06.932 1943 2153 I art : DexFile_isDexOptNeeded file /system/priv-app/TelephonyProvider/x86/TelephonyProvider.odex needs to be relocated for /system/priv-app/TelephonyProvider/TelephonyProvider.apk
05-19 18:19:06.932 1943 2153 I PackageManager: Running patchoat on: com.android.providers.telephony
