05-19 18:21:51.638 3470 3470 I art : Explicit concurrent mark sweep GC freed 99(4KB) AllocSpace objects, 0(0B) LOS objects, 39% free, 2MB/4MB, paused 206us total 10.691ms
05-19 18:21:51.665 3470 3470 I art : Explicit concurrent mark sweep GC freed 172(7KB) AllocSpace objects, 0(0B) LOS objects, 39% free, 2MB/4MB, paused 215us total 10.877ms
05-19 18:21:51.706 3470 3470 I art : Explicit concurrent mark sweep GC freed 417(18KB) AllocSpace objects, 0(0B) LOS objects, 40% free, 3MB/5MB, paused 226us total 11.195ms
05-19 18:21:51.741 3470 3470 I art : Explicit concurrent mark sweep GC freed 363(16KB) AllocSpace objects, 0(0B) LOS objects, 40% free, 3MB/5MB, paused 271us total 11.204ms
05-19 18:21:51.763 3470 3470 I art : Explicit concurrent mark sweep GC freed 174(8KB) AllocSpace objects, 0(0B) LOS objects, 39% free, 3MB/5MB, paused 218us total 11.103ms
05-19 18:21:51.785 3470 3470 I art : Explicit concurrent mark sweep GC freed 515(19KB) AllocSpace objects, 0(0B) LOS objects, 39% free, 3MB/5MB, paused 220us total 11.554ms
05-19 18:21:51.805 3470 3470 I art : Explicit concurrent mark sweep GC freed 353(14KB) AllocSpace objects, 0(0B) LOS objects, 39% free, 3MB/5MB, paused 240us total 11.331ms
05-19 18:21:51.822 3470 3470 I art : Explicit concurrent mark sweep GC freed 1153(40KB) AllocSpace objects, 0(0B) LOS objects, 39% free, 3MB/5MB, paused 224us total 11.740ms
05-19 18:21:51.841 3470 3470 I art : Explicit concurrent mark sweep GC freed 1499(50KB) AllocSpace objects, 0(0B) LOS objects, 39% free, 3MB/5MB, paused 237us total 11.546ms
05-19 18:21:51.857 3470 3470 I art : Explicit concurrent mark sweep GC freed 1381(49KB) AllocSpace objects, 0(0B) LOS objects, 39% free, 3MB/5MB, paused 227us total 11.904ms
05-19 18:21:51.885 3470 3470 I art : Explicit concurrent mark sweep GC freed 1453(56KB) AllocSpace objects, 0(0B) LOS objects, 39% free, 3MB/5MB, paused 222us total 13.889ms
05-19 18:21:51.906 3470 3470 I art : Explicit concurrent mark sweep GC freed 603(27KB) AllocSpace objects, 0(0B) LOS objects, 39% free, 3MB/5MB, paused 230us total 11.857ms
05-19 18:21:51.931 3470 3470 I art : Explicit concurrent mark sweep GC freed 344(20KB) AllocSpace objects, 0(0B) LOS objects, 39% free, 3MB/6MB, paused 226us total 11.976ms
05-19 18:21:51.960 3471 3471 I iptables: iptables: No chain/target/match by that name.
05-19 18:21:51.960 3471 3471 I iptables: iptables terminated by exit(1)
05-19 18:21:51.960 3471 3471 E BandwidthController: runIptablesCmd(): res=1 status=256 failed /system/bin/iptables -A bw_INPUT -m owner --socket-exists
05-19 18:21:51.972 3470 3470 I art : Explicit concurrent mark sweep GC freed 384(17KB) AllocSpace objects, 0(0B) LOS objects, 39% free, 3MB/6MB, paused 234us total 12.730ms
05-19 18:21:51.982 3470 3470 I Zygote : ...preloaded 343 resources in 792ms.
05-19 18:21:51.996 3470 3470 I art : Explicit concurrent mark sweep GC freed 639(39KB) AllocSpace objects, 0(0B) LOS objects, 39% free, 3MB/6MB, paused 229us total 12.976ms
05-19 18:21:52.007 3470 3470 I Zygote : ...preloaded 41 resources in 24ms.
05-19 18:21:52.007 3470 3470 I art : Counter: 0
05-19 18:21:52.016 3470 3470 D libEGL : loaded /system/lib/egl/libGLES_mesa.so
05-19 18:21:52.038 3472 3472 I ServiceManager: Waiting for service batterystats...
05-19 18:21:52.071 3471 3471 I ip6tables: ip6tables: No chain/target/match by that name.
05-19 18:21:52.071 3471 3471 I ip6tables: ip6tables terminated by exit(1)
05-19 18:21:52.071 3471 3471 E BandwidthController: runIptablesCmd(): res=1 status=256 failed /system/bin/ip6tables -A bw_INPUT -m owner --socket-exists
05-19 18:21:52.085 3470 3470 I Zygote : Preloading shared libraries...
05-19 18:21:52.097 3470 3470 D Zygote : end preload
05-19 18:21:52.111 3470 3470 I art : Explicit concurrent mark sweep GC freed 450(20KB) AllocSpace objects, 0(0B) LOS objects, 39% free, 3MB/6MB, paused 243us total 12.704ms
05-19 18:21:52.123 3470 3470 I art : Explicit concurrent mark sweep GC freed 389(16KB) AllocSpace objects, 0(0B) LOS objects, 39% free, 3MB/6MB, paused 226us total 11.851ms
05-19 18:21:52.136 3470 3470 I art : Explicit concurrent mark sweep GC freed 5(160B) AllocSpace objects, 0(0B) LOS objects, 39% free, 3MB/6MB, paused 225us total 11.816ms
05-19 18:21:52.143 3471 3471 E Netd : Unable to create netlink socket: Protocol not supported
05-19 18:21:52.143 3471 3471 E Netd : Unable to open quota2 logging socket
05-19 18:21:52.144 3471 3471 D MDnsDS : MDnsSdListener::Hander starting up
05-19 18:21:52.145 3471 3699 D MDnsDS : MDnsSdListener starting to monitor
05-19 18:21:52.145 3471 3699 D MDnsDS : Going to poll with pollCount 1
05-19 18:21:52.194 3470 3470 I Zygote : System server process 3703 has been created
05-19 18:21:52.197 3470 3470 I Zygote : Accepting command socket connections
05-19 18:21:52.204 3703 3703 I InstallerConnection: disconnecting...
05-19 18:21:52.213 3703 3703 I SystemServer: Entered the Android system server!
05-19 18:21:52.241 3703 3703 V Fingerprint-JNI: FingerprintManager JNI ready.
05-19 18:21:52.241 3703 3703 D SensorService: nuSensorService starting...
05-19 18:21:52.246 3703 3703 D KbdSensor: open_kbd_sensor: id=poll
05-19 18:21:52.246 3703 3703 D KbdSensor: SensorFd: module=0xb27452c0 dev=0xb3c51f80
05-19 18:21:52.334 3703 3703 I KbdSensor: Open AT Translated Set 2 keyboard ok, fd=19
05-19 18:21:52.334 3703 3703 D KbdSensor: SensorPollContext: dev=0xb3c51f80 fd=19
05-19 18:21:52.334 3703 3703 D KbdSensor: poll_activate: dev=0xb3c51f80 handle=0 enabled=0
05-19 18:21:52.336 3703 3719 D SensorService: new thread SensorEventAckReceiver
05-19 18:21:52.338 3703 3720 D SensorService: nuSensorService thread starting...
05-19 18:21:52.339 3703 3703 I SystemServiceManager: Starting com.android.server.pm.Installer
05-19 18:21:52.339 3703 3703 I Installer: Waiting for installd to be ready.
05-19 18:21:52.340 3703 3703 I InstallerConnection: connecting...
05-19 18:21:52.340 1629 1629 I installd: new connection
05-19 18:21:52.341 3703 3703 I SystemServiceManager: Starting com.android.server.am.ActivityManagerService$Lifecycle
05-19 18:21:52.359 3703 3703 I ActivityManager: Memory class: 192
05-19 18:21:52.438 3703 3703 I IntentFirewall: Read new rules (A:0 B:0 S:0)
05-19 18:21:52.452 3703 3703 D AppOps : AppOpsService published
05-19 18:21:52.453 3703 3703 I SystemServiceManager: Starting com.android.server.power.PowerManagerService
05-19 18:21:52.456 3703 3703 W libsuspend: Error writing 'on' to /sys/power/state: Invalid argument
05-19 18:21:52.457 3703 3703 I libsuspend: Selected wakeup count
05-19 18:21:52.460 3703 3703 I SystemServiceManager: Starting com.android.server.display.DisplayManagerService
05-19 18:21:52.464 3703 3703 I SystemServiceManager: Starting phase 100
05-19 18:21:52.468 3703 3727 I DisplayManagerService: Display device added: DisplayDeviceInfo{"Built-in Screen": uniqueId="local:0", 1366 x 768, 60.000004 fps, supportedRefreshRates [60.000004], density 160, 133.0 x 139.0 dpi, appVsyncOff 0, presDeadline 17666666, touch INTERNAL, rotation 0, type BUILT_IN, state UNKNOWN, FLAG_DEFAULT_DISPLAY, FLAG_ROTATES_WITH_CONTENT, FLAG_SECURE, FLAG_SUPPORTS_PROTECTED_BUFFERS}
05-19 18:21:52.468 3703 3703 I SystemServer: Package Manager
05-19 18:21:52.482 3703 3703 W SystemConfig: No directory /system/etc/sysconfig, skipping
05-19 18:21:52.509 3703 3703 D SELinuxMMAC: Using policy file /system/etc/security/mac_permissions.xml
05-19 18:21:52.561 3703 3703 D PackageManager: No files in app dir /vendor/overlay
05-19 18:21:52.610 3703 3703 W PackageManager: Failed to parse /system/framework/x86: Missing base APK in /system/framework/x86
05-19 18:21:52.619 3703 3703 I art : DexFile_isDexOptNeeded file /system/priv-app/BackupRestoreConfirmation/x86/BackupRestoreConfirmation.odex needs to be relocated for /system/priv-app/BackupRestoreConfirmation/BackupRestoreConfirmation.apk
05-19 18:21:52.640 3703 3703 W PackageParser: No actions in intent filter at /system/priv-app/Contacts/Contacts.apk Binary XML file line #356
05-19 18:21:52.665 3703 3703 I art : DexFile_isDexOptNeeded file /system/priv-app/Contacts/x86/Contacts.odex needs to be relocated for /system/priv-app/Contacts/Contacts.apk
05-19 18:21:52.688 3703 3703 W PackageParser: No actions in intent filter at /system/priv-app/Dialer/Dialer.apk Binary XML file line #166
05-19 18:21:52.767 3703 3703 I art : DexFile_isDexOptNeeded file /system/priv-app/MmsService/x86/MmsService.odex needs to be relocated for /system/priv-app/MmsService/MmsService.apk
05-19 18:21:52.788 3703 3703 I art : DexFile_isDexOptNeeded file /system/priv-app/ProxyHandler/x86/ProxyHandler.odex needs to be relocated for /system/priv-app/ProxyHandler/ProxyHandler.apk
05-19 18:21:52.853 3703 3703 I art : DexFile_isDexOptNeeded file /system/priv-app/SharedStorageBackup/x86/SharedStorageBackup.odex needs to be relocated for /system/priv-app/SharedStorageBackup/SharedStorageBackup.apk
05-19 18:21:52.879 3703 3703 I art : DexFile_isDexOptNeeded file /system/priv-app/Shell/x86/Shell.odex needs to be relocated for /system/priv-app/Shell/Shell.apk
05-19 18:21:52.911 3703 3703 W ResourceType: Failure getting entry for 0x7f08026f (t=7 e=623) (error -75)
05-19 18:21:52.921 3703 3703 W PackageParser: Unknown element under : android at /system/priv-app/Telecom/Telecom.apk Binary XML file line #232
05-19 18:21:52.946 3703 3703 I art : DexFile_isDexOptNeeded file /system/priv-app/VpnDialogs/x86/VpnDialogs.odex needs to be relocated for /system/priv-app/VpnDialogs/VpnDialogs.apk
05-19 18:21:52.968 3703 3703 I art : DexFile_isDexOptNeeded file /system/priv-app/WallpaperCropper/x86/WallpaperCropper.odex needs to be relocated for /system/priv-app/WallpaperCropper/WallpaperCropper.apk
05-19 18:21:52.977 3703 3703 I art : DexFile_isDexOptNeeded file /system/app/BasicDreams/x86/BasicDreams.odex needs to be relocated for /system/app/BasicDreams/BasicDreams.apk
05-19 18:21:52.983 3703 3703 I art : DexFile_isDexOptNeeded file /system/app/BasicSmsReceiver/x86/BasicSmsReceiver.odex needs to be relocated for /system/app/BasicSmsReceiver/BasicSmsReceiver.apk
05-19 18:21:52.992 3703 3703 W PackageParser: No actions in intent filter at /system/app/Bluetooth/Bluetooth.apk Binary XML file line #209
05-19 18:21:53.013 3703 3703 W PackageParser: No actions in intent filter at /system/app/CMFileManager/CMFileManager.apk Binary XML file line #166
05-19 18:21:53.036 3703 3703 I art : DexFile_isDexOptNeeded file /system/app/CMFileManager/x86/CMFileManager.odex needs to be relocated for /system/app/CMFileManager/CMFileManager.apk
05-19 18:21:53.039 3472 3472 I CameraService: CameraService started (pid=3472)
05-19 18:21:53.041 3472 3472 D Camera_Factory: CameraFactory::CameraFactory
05-19 18:21:53.041 3472 3472 D Camera_Factory: CameraFactory::parseConfig: configFile = /etc/camera.cfg
05-19 18:21:53.041 3472 3472 D Camera_Factory: /etc/camera.cfg not found, using camera configuration defaults
05-19 18:21:53.041 3472 3472 D Camera_Factory: Found device /dev/video0
05-19 18:21:53.041 3472 3472 D Camera_Factory: CameraFactory::newCameraConfig: 0 -> /dev/video0 (0)
05-19 18:21:53.041 3472 3472 I CameraService: Loaded "Camera Module" camera module
05-19 18:21:53.041 3472 3472 D Camera_Factory: CameraFactory::get_number_of_cameras
05-19 18:21:53.041 3472 3472 D Camera_Factory: CameraFactory::getCameraNum: 1
05-19 18:21:53.042 3472 3472 I AudioPolicyService: AudioPolicyService CSTOR in new mode
05-19 18:21:53.045 3472 3472 I AudioPolicyManager: loadAudioPolicyConfig() loaded /system/etc/audio_policy.conf
05-19 18:21:53.052 3472 3472 E audio_hw_primary: Failed to open /system/etc/mixer_paths.xml
05-19 18:21:53.052 3472 3472 I AudioFlinger: loadHwModule() Loaded primary audio interface from Grouper audio HW HAL (audio) handle 1
05-19 18:21:53.052 3472 3472 I AudioFlinger: HAL output buffer size 512 frames, normal sink buffer size 1024 frames
05-19 18:21:53.062 3703 3703 I art : DexFile_isDexOptNeeded file /system/app/Calculator/x86/Calculator.odex needs to be relocated for /system/app/Calculator/Calculator.apk
05-19 18:21:53.067 3472 3472 I AudioMixer: found effect "Multichannel Downmix To Stereo" from The Android Open Source Project
05-19 18:21:53.068 3472 3472 E MonoPipe: Failed to fetch local time frequency when constructing a MonoPipe (res = -32). getNextWriteTimestamp calls will be non-functional
05-19 18:21:53.092 3703 3703 I art : DexFile_isDexOptNeeded file /system/app/CaptivePortalLogin/x86/CaptivePortalLogin.odex needs to be relocated for /system/app/CaptivePortalLogin/CaptivePortalLogin.apk
05-19 18:21:53.106 3703 3703 I art : DexFile_isDexOptNeeded file /system/app/CertInstaller/x86/CertInstaller.odex needs to be relocated for /system/app/CertInstaller/CertInstaller.apk
05-19 18:21:53.141 3703 3703 I art : DexFile_isDexOptNeeded file /system/app/Development/x86/Development.odex needs to be relocated for /system/app/Development/Development.apk
05-19 18:21:53.166 3703 3703 I art : DexFile_isDexOptNeeded file /system/app/DocumentsUI/x86/DocumentsUI.odex needs to be relocated for /system/app/DocumentsUI/DocumentsUI.apk
05-19 18:21:53.176 3703 3703 I art : DexFile_isDexOptNeeded file /system/app/DownloadProviderUi/x86/DownloadProviderUi.odex needs to be relocated for /system/app/DownloadProviderUi/DownloadProviderUi.apk
05-19 18:21:53.215 3703 3703 I art : DexFile_isDexOptNeeded file /system/app/Galaxy4/x86/Galaxy4.odex needs to be relocated for /system/app/Galaxy4/Galaxy4.apk
05-19 18:21:53.227 3703 3703 W PackageParser: Unknown element under : permission at /system/app/Gallery2/Gallery2.apk Binary XML file line #242
05-19 18:21:53.227 3703 3703 W PackageParser: Unknown element under : permission at /system/app/Gallery2/Gallery2.apk Binary XML file line #245
05-19 18:21:53.236 3703 3703 I art : DexFile_isDexOptNeeded file /system/app/HTMLViewer/x86/HTMLViewer.odex needs to be relocated for /system/app/HTMLViewer/HTMLViewer.apk
05-19 18:21:53.246 3703 3703 I art : DexFile_isDexOptNeeded file /system/app/HoloSpiralWallpaper/x86/HoloSpiralWallpaper.odex needs to be relocated for /system/app/HoloSpiralWallpaper/HoloSpiralWallpaper.apk
05-19 18:21:53.274 3703 3703 I art : DexFile_isDexOptNeeded file /system/app/LiveWallpapers/x86/LiveWallpapers.odex needs to be relocated for /system/app/LiveWallpapers/LiveWallpapers.apk
05-19 18:21:53.281 3703 3703 I art : DexFile_isDexOptNeeded file /system/app/LiveWallpapersPicker/x86/LiveWallpapersPicker.odex needs to be relocated for /system/app/LiveWallpapersPicker/LiveWallpapersPicker.apk
05-19 18:21:53.307 3703 3703 I art : DexFile_isDexOptNeeded file /system/app/NotePad/x86/NotePad.odex needs to be relocated for /system/app/NotePad/NotePad.apk
05-19 18:21:53.312 3703 3703 I art : DexFile_isDexOptNeeded file /system/app/PacProcessor/x86/PacProcessor.odex needs to be relocated for /system/app/PacProcessor/PacProcessor.apk
05-19 18:21:53.324 3703 3703 I art : DexFile_isDexOptNeeded file /system/app/PhaseBeam/x86/PhaseBeam.odex needs to be relocated for /system/app/PhaseBeam/PhaseBeam.apk
05-19 18:21:53.351 3703 3703 I art : DexFile_isDexOptNeeded file /system/app/RSSReader/x86/RSSReader.odex needs to be relocated for /system/app/RSSReader/RSSReader.apk
05-19 18:21:53.357 3703 3703 I art : DexFile_isDexOptNeeded file /system/app/SoundRecorder/x86/SoundRecorder.odex needs to be relocated for /system/app/SoundRecorder/SoundRecorder.apk
05-19 18:21:53.361 3703 3703 I art : DexFile_isDexOptNeeded file /system/app/SpeechRecorder/x86/SpeechRecorder.odex needs to be relocated for /system/app/SpeechRecorder/SpeechRecorder.apk
05-19 18:21:53.372 3703 3703 I art : DexFile_isDexOptNeeded file /system/app/VisualizationWallpapers/x86/VisualizationWallpapers.odex needs to be relocated for /system/app/VisualizationWallpapers/VisualizationWallpapers.apk
05-19 18:21:53.378 3703 3703 D PackageManager: No files in app dir /system/vendor/app
05-19 18:21:53.378 3703 3703 D PackageManager: No files in app dir /oem/app
05-19 18:21:53.451 3703 3703 D PackageManager: No files in app dir /data/app-private
05-19 18:21:53.452 3703 3703 W PackageManager: Package com.android.gallery3d desires unavailable shared library com.google.android.media.effects; ignoring!
05-19 18:21:53.452 3703 3703 W PackageManager: Package com.android.gallery3d desires unavailable shared library com.google.android.media.effects; ignoring!
05-19 18:21:53.452 3703 3703 I PackageManager: Adjusting ABI for : com.android.settings to x86
05-19 18:21:53.452 3703 3703 I PackageManager: Adjusting ABI for : com.android.location.fused to x86
05-19 18:21:53.452 3703 3703 I PackageManager: Adjusting ABI for : com.android.inputdevices to x86
05-19 18:21:53.453 3703 3703 I PackageManager: Adjusting ABI for : com.android.providers.settings to x86
05-19 18:21:53.453 3703 3703 I PackageManager: Adjusting ABI for : org.zeroxlab.util.tscal to x86
05-19 18:21:53.453 3703 3703 I PackageManager: Adjusting ABI for : com.android.keychain to x86
05-19 18:21:53.454 3703 3703 I PackageManager: Adjusting ABI for : com.android.server.telecom to x86
05-19 18:21:53.455 3703 3703 I PackageManager: Time to scan packages: 0.906 seconds
05-19 18:21:53.455 3703 3703 W PackageManager: Unknown permission com.google.android.googleapps.permission.GOOGLE_AUTH in package com.android.providers.calendar
05-19 18:21:53.455 3703 3703 W PackageManager: Unknown permission com.google.android.googleapps.permission.GOOGLE_AUTH.cl in package com.android.providers.calendar
05-19 18:21:53.455 3703 3703 W PackageManager: Not granting permission android.permission.GLOBAL_SEARCH to package com.android.quicksearchbox (protectionLevel=18 flags=0x8be45)
05-19 18:21:53.455 3703 3703 W PackageManager: Not granting permission android.permission.ACCESS_DOWNLOAD_MANAGER to package com.android.browser (protectionLevel=18 flags=0x9be45)
05-19 18:21:53.455 3703 3703 W PackageManager: Not granting permission android.permission.SEND_DOWNLOAD_COMPLETED_INTENTS to package com.android.browser (protectionLevel=2 flags=0x9be45)
05-19 18:21:53.456 3703 3703 W PackageManager: Not granting permission android.permission.BIND_WALLPAPER to package com.android.camera2 (protectionLevel=18 flags=0x58bc45)
05-19 18:21:53.456 3703 3703 W PackageManager: Unknown permission android.permission.INSTALL_DRM in package com.android.mms
05-19 18:21:53.456 3703 3703 W PackageManager: Unknown permission com.google.android.googleapps.permission.GOOGLE_AUTH.mail in package com.android.calendar
05-19 18:21:53.456 3703 3703 W PackageManager: Unknown permission com.android.launcher.permission.READ_SETTINGS in package com.android.onetimeinitializer
05-19 18:21:53.456 3703 3703 W PackageManager: Unknown permission com.android.launcher.permission.WRITE_SETTINGS in package com.android.onetimeinitializer
05-19 18:21:53.456 3703 3703 W PackageManager: Unknown permission com.android.launcher.permission.READ_SETTINGS in package com.cyanogenmod.trebuchet
05-19 18:21:53.456 3703 3703 W PackageManager: Unknown permission com.android.launcher.permission.WRITE_SETTINGS in package com.cyanogenmod.trebuchet
05-19 18:21:53.456 3703 3703 W PackageManager: Not granting permission android.permission.DELETE_PACKAGES to package com.svox.pico (protectionLevel=18 flags=0x8be45)
05-19 18:21:53.456 3703 3703 W PackageManager: Unknown permission com.cyanogenmod.filemanager.permissions.READ_THEME in package com.cyanogenmod.filemanager
05-19 18:21:53.457 3703 3703 W PackageManager: Unknown permission com.google.android.googleapps.permission.GOOGLE_AUTH in package com.android.settings
05-19 18:21:53.457 3703 3703 W PackageManager: Unknown permission com.android.launcher.permission.READ_SETTINGS in package com.android.settings
05-19 18:21:53.457 3703 3703 W PackageManager: Unknown permission com.android.launcher.permission.WRITE_SETTINGS in package com.android.settings
05-19 18:21:53.457 3703 3703 W PackageManager: Unknown permission com.android.smspush.WAPPUSH_MANAGER_BIND in package com.android.phone
05-19 18:21:53.457 3703 3703 W PackageManager: Not granting permission android.permission.DEVICE_POWER to package com.android.deskclock (protectionLevel=2 flags=0x48be45)
05-19 18:21:53.458 3703 3703 W PackageManager: Unknown permission com.google.android.gallery3d.permission.GALLERY_PROVIDER in package com.android.bluetooth
05-19 18:21:53.458 3703 3703 W PackageManager: Unknown permission com.google.android.googleapps.permission.ACCESS_GOOGLE_PASSWORD in package com.android.development
05-19 18:21:53.458 3703 3703 W PackageManager: Unknown permission com.google.android.googleapps.permission.GOOGLE_AUTH in package com.android.development
05-19 18:21:53.458 3703 3703 W PackageManager: Unknown permission com.google.android.googleapps.permission.GOOGLE_AUTH.ALL_SERVICES in package com.android.development
05-19 18:21:53.458 3703 3703 W PackageManager: Unknown permission com.google.android.googleapps.permission.GOOGLE_AUTH.YouTubeUser in package com.android.development
05-19 18:21:53.505 3703 3703 I art : Explicit concurrent mark sweep GC freed 26590(1398KB) AllocSpace objects, 2(32KB) LOS objects, 33% free, 4MB/6MB, paused 474us total 31.626ms
05-19 18:21:53.506 3703 3703 I SystemServer: User Service
05-19 18:21:53.512 1617 1617 I lowmemorykiller: ActivityManager connected
05-19 18:21:53.515 3703 3703 I SystemServiceManager: Starting com.android.server.lights.LightsService
05-19 18:21:53.518 3703 3703 D lights : Detect /sys/class/backlight/radeon_bl0/max_brightness
05-19 18:21:53.518 3703 3703 D lights : Detect /sys/class/backlight/radeon_bl0/brightness
05-19 18:21:53.520 3703 3703 I SystemServiceManager: Starting com.android.server.BatteryService
05-19 18:21:53.528 3703 3703 I SystemServiceManager: Starting com.android.server.usage.UsageStatsService
05-19 18:21:53.539 3703 3703 I UsageStatsService: User[0] Rollover scheduled @ 2015-05-20 00:00:00(1432080000000)
05-19 18:21:53.540 3703 3703 I SystemServiceManager: Starting com.android.server.webkit.WebViewUpdateService
05-19 18:21:53.542 3703 3703 I SystemServer: Reading configuration...
05-19 18:21:53.542 3703 3703 I SystemServer: Scheduling Policy
05-19 18:21:53.543 3703 3703 I SystemServiceManager: Starting com.android.server.telecom.TelecomLoaderService
05-19 18:21:53.543 3703 3703 I SystemServer: Telephony Registry
05-19 18:21:53.548 3703 3703 I SystemServer: Entropy Mixer
05-19 18:21:53.552 3703 3703 I EntropyMixer: Writing entropy...
05-19 18:21:53.553 3703 3703 I SystemServer: Account Manager
05-19 18:21:53.560 3703 3703 I SystemServer: Content Manager
05-19 18:21:53.562 3703 3703 I SystemServer: System Content Providers
05-19 18:21:53.579 3703 3703 I SystemServer: Vibrator Service
05-19 18:21:53.581 3703 3703 I SystemServer: Consumer IR Service
05-19 18:21:53.581 3703 3703 E ConsumerIrService: Can't open consumer IR HW Module, error: -2
05-19 18:21:53.582 3703 3703 I SystemServiceManager: Starting com.android.server.AlarmManagerService
05-19 18:21:53.589 3703 3703 I SystemServer: Init Watchdog
05-19 18:21:53.590 3703 3703 I SystemServer: Input Manager
05-19 18:21:53.591 3703 3703 I InputManager: Initializing input manager, mUseDevInputEventForAudioJack=true
05-19 18:21:53.593 3703 3703 I SystemServer: Window Manager
05-19 18:21:53.605 3703 3727 I WindowManager: No existing display settings /data/system/display_settings.xml; starting empty
05-19 18:21:53.642 3703 3703 I InputManager: Starting input manager
05-19 18:21:53.644 3703 3741 D EventHub: No input device configuration file found for device 'Android Power Button'.
05-19 18:21:53.645 3703 3703 I SystemServer: Bluetooth Manager Service
05-19 18:21:53.649 3703 3741 W EventHub: Unable to disable kernel key repeat for /dev/input/event13: Function not implemented
05-19 18:21:53.649 3703 3741 I EventHub: New device: id=1, fd=78, path='/dev/input/event13', name='Android Power Button', classes=0x1, configuration='', keyLayout='/system/usr/keylayout/Generic.kl', keyCharacterMap='/system/usr/keychars/Generic.kcm', builtinKeyboard=false, wakeMechanism=EPOLLWAKEUP, usingClockIoctl=true
05-19 18:21:53.649 3703 3741 I EventHub: ignoring event id /dev/input/event3 driver Power Button
05-19 18:21:53.650 3703 3703 D BluetoothManagerService: Loading stored name and address
05-19 18:21:53.650 3703 3703 D BluetoothManagerService: Stored bluetooth Name=Android-x86,Address=22:22:4E:13:D2:29
05-19 18:21:53.651 3703 3703 I SystemServer: Input Method Service
05-19 18:21:53.657 3703 3741 D EventHub: No input device configuration file found for device 'Sleep Button'.
05-19 18:21:53.658 3703 3703 W InputMethodManagerService: Couldn't create dir.: /data/system/inputmethod
05-19 18:21:53.662 3703 3741 W EventHub: Unable to disable kernel key repeat for /dev/input/event1: Function not implemented
05-19 18:21:53.662 3703 3741 I EventHub: New device: id=2, fd=79, path='/dev/input/event1', name='Sleep Button', classes=0x1, configuration='', keyLayout='/system/usr/keylayout/Generic.kl', keyCharacterMap='/system/usr/keychars/Generic.kcm', builtinKeyboard=false, wakeMechanism=EPOLLWAKEUP, usingClockIoctl=true
05-19 18:21:53.662 3703 3741 D EventHub: No input device configuration file found for device 'Lid Switch'.
05-19 18:21:53.662 3703 3741 I EventHub: New device: id=3, fd=80, path='/dev/input/event2', name='Lid Switch', classes=0x80, configuration='', keyLayout='', keyCharacterMap='', builtinKeyboard=false, wakeMechanism=EPOLLWAKEUP, usingClockIoctl=true
05-19 18:21:53.662 3703 3741 I EventHub: ignoring event id /dev/input/event0 driver Power Button
05-19 18:21:53.665 3703 3741 D EventHub: No input device configuration file found for device 'Video Bus'.
05-19 18:21:53.670 3703 3741 W EventHub: Unable to disable kernel key repeat for /dev/input/event4: Function not implemented
05-19 18:21:53.670 3703 3741 I EventHub: New device: id=4, fd=82, path='/dev/input/event4', name='Video Bus', classes=0x1, configuration='', keyLayout='/system/usr/keylayout/Generic.kl', keyCharacterMap='/system/usr/keychars/Generic.kcm', builtinKeyboard=false, wakeMechanism=EPOLLWAKEUP, usingClockIoctl=true
05-19 18:21:53.670 3703 3741 D EventHub: No input device configuration file found for device 'PC Speaker'.
05-19 18:21:53.674 3703 3703 I SystemServer: Accessibility Manager
05-19 18:21:53.680 3703 3703 I ActivityManager: Config changes=1df8 {1.0 ?mcc?mnc en_US ?layoutDir sw768dp w1366dp h768dp 160dpi xlrg long land ?uimode ?night -touch -keyb/v/h -nav/h s.2}
05-19 18:21:53.692 3703 3741 E EventHub: could not open /dev/input/js0, Operation not permitted
05-19 18:21:53.692 3703 3741 E EventHub: could not get driver version for /dev/input/mouse0, Not a typewriter
05-19 18:21:53.702 3703 3703 I ActivityManager: Config changes=400 {1.0 ?mcc?mnc en_US ?layoutDir sw768dp w1366dp h695dp 160dpi xlrg long land ?uimode ?night -touch -keyb/v/h -nav/h s.3}
05-19 18:21:53.704 3703 3703 I SystemServer: Mount Service
05-19 18:21:53.704 3703 3741 I EventHub: New device: id=6, fd=83, path='/dev/input/event12', name='ETPS/2 Elantech Touchpad', classes=0x14, configuration='/system/usr/idc/ETPS_2_Elantech_Touchpad.idc', keyLayout='', keyCharacterMap='', builtinKeyboard=false, wakeMechanism=EPOLLWAKEUP, usingClockIoctl=true
05-19 18:21:53.705 3703 3741 D EventHub: No input device configuration file found for device 'AT Translated Set 2 keyboard'.
05-19 18:21:53.709 3703 3703 D MountService: got storage path: null description: Internal storage primary: true removable: false emulated: true mtpReserve: 100 allowMassStorage: false maxFileSize: 0
05-19 18:21:53.710 3703 3703 D MountService: addVolumeLocked() StorageVolume:
05-19 18:21:53.710 3703 3703 D MountService: mStorageId=65537 mPath=/storage/emulated/0 mDescriptionId=17040805
05-19 18:21:53.710 3703 3703 D MountService: mPrimary=true mRemovable=false mEmulated=true mMtpReserveSpace=100
05-19 18:21:53.710 3703 3703 D MountService: mAllowMassStorage=false mMaxFileSize=0 mOwner=UserHandle{0} mUuid=null
05-19 18:21:53.710 3703 3703 D MountService: mUserLabel=null mState=null
05-19 18:21:53.710 3703 3741 I EventHub: New device: id=7, fd=84, path='/dev/input/event5', name='AT Translated Set 2 keyboard', classes=0x3, configuration='', keyLayout='/system/usr/keylayout/Generic.kl', keyCharacterMap='/system/usr/keychars/Generic.kcm', builtinKeyboard=false, wakeMechanism=EPOLLWAKEUP, usingClockIoctl=true
05-19 18:21:53.711 3703 3703 D MountService: got storage path: /storage/sdcard1 description: SD card primary: false removable: true emulated: false mtpReserve: 0 allowMassStorage: false maxFileSize: 4294967296
05-19 18:21:53.711 3703 3703 D MountService: addVolumeLocked() StorageVolume:
05-19 18:21:53.711 3703 3703 D MountService: mStorageId=0 mPath=/storage/sdcard1 mDescriptionId=17040806 mPrimary=false
05-19 18:21:53.711 3703 3703 D MountService: mRemovable=true mEmulated=false mMtpReserveSpace=0 mAllowMassStorage=false
05-19 18:21:53.711 3703 3703 D MountService: mMaxFileSize=4294967296 mOwner=null mUuid=null mUserLabel=null mState=null
05-19 18:21:53.711 3703 3703 D MountService: got storage path: /storage/usb0 description: USB storage primary: false removable: true emulated: false mtpReserve: 0 allowMassStorage: false maxFileSize: 4294967296
05-19 18:21:53.711 3703 3703 D MountService: addVolumeLocked() StorageVolume:
05-19 18:21:53.711 3703 3703 D MountService: mStorageId=0 mPath=/storage/usb0 mDescriptionId=17040807 mPrimary=false
05-19 18:21:53.711 3703 3703 D MountService: mRemovable=true mEmulated=false mMtpReserveSpace=0 mAllowMassStorage=false
05-19 18:21:53.711 3703 3703 D MountService: mMaxFileSize=4294967296 mOwner=null mUuid=null mUserLabel=null mState=null
05-19 18:21:53.711 3703 3703 D MountService: got storage path: /storage/usb1 description: USB storage primary: false removable: true emulated: false mtpReserve: 0 allowMassStorage: false maxFileSize: 4294967296
05-19 18:21:53.711 3703 3703 D MountService: addVolumeLocked() StorageVolume:
05-19 18:21:53.711 3703 3703 D MountService: mStorageId=0 mPath=/storage/usb1 mDescriptionId=17040807 mPrimary=false
05-19 18:21:53.711 3703 3703 D MountService: mRemovable=true mEmulated=false mMtpReserveSpace=0 mAllowMassStorage=false
05-19 18:21:53.711 3703 3703 D MountService: mMaxFileSize=4294967296 mOwner=null mUuid=null mUserLabel=null mState=null
05-19 18:21:53.711 3703 3703 D MountService: got storage path: /storage/usb2 description: USB storage primary: false removable: true emulated: false mtpReserve: 0 allowMassStorage: false maxFileSize: 4294967296
05-19 18:21:53.712 3703 3703 D MountService: addVolumeLocked() StorageVolume:
05-19 18:21:53.712 3703 3703 D MountService: mStorageId=0 mPath=/storage/usb2 mDescriptionId=17040807 mPrimary=false
05-19 18:21:53.712 3703 3703 D MountService: mRemovable=true mEmulated=false mMtpReserveSpace=0 mAllowMassStorage=false
05-19 18:21:53.712 3703 3703 D MountService: mMaxFileSize=4294967296 mOwner=null mUuid=null mUserLabel=null mState=null
05-19 18:21:53.712 3703 3703 D MountService: got storage path: /storage/usb3 description: USB storage primary: false removable: true emulated: false mtpReserve: 0 allowMassStorage: false maxFileSize: 4294967296
05-19 18:21:53.712 3703 3703 D MountService: addVolumeLocked() StorageVolume:
05-19 18:21:53.712 3703 3703 D MountService: mStorageId=0 mPath=/storage/usb3 mDescriptionId=17040807 mPrimary=false
05-19 18:21:53.712 3703 3703 D MountService: mRemovable=true mEmulated=false mMtpReserveSpace=0 mAllowMassStorage=false
05-19 18:21:53.712 3703 3703 D MountService: mMaxFileSize=4294967296 mOwner=null mUuid=null mUserLabel=null mState=null
05-19 18:21:53.718 3703 3703 I SystemServer: LockSettingsService
05-19 18:21:53.720 3703 3744 W MountService: Duplicate state transition (unmounted -> unmounted) for /storage/usb0
05-19 18:21:53.720 3703 3744 D MountService: volume state changed for /storage/usb1 (unmounted -> removed)
05-19 18:21:53.720 3703 3744 D MountService: volume state changed for /storage/usb2 (unmounted -> removed)
05-19 18:21:53.720 3703 3744 D MountService: volume state changed for /storage/usb3 (unmounted -> removed)
05-19 18:21:53.722 3703 3744 I PackageManager: No secure containers found
05-19 18:21:53.722 3703 3744 W PackageManager: Unknown permission com.google.android.googleapps.permission.GOOGLE_AUTH in package com.android.providers.calendar
05-19 18:21:53.723 3703 3744 W PackageManager: Unknown permission com.google.android.googleapps.permission.GOOGLE_AUTH.cl in package com.android.providers.calendar
05-19 18:21:53.723 3703 3741 E EventHub: could not open /dev/input/event11, Operation not permitted
05-19 18:21:53.723 3703 3741 D EventHub: No input device configuration file found for device 'Acer WMI hotkeys'.
05-19 18:21:53.724 3703 3703 I SystemServiceManager: Starting com.android.server.devicepolicy.DevicePolicyManagerService$Lifecycle
05-19 18:21:53.728 3703 3741 W EventHub: Unable to disable kernel key repeat for /dev/input/event10: Function not implemented
05-19 18:21:53.728 3703 3741 I EventHub: New device: id=8, fd=85, path='/dev/input/event10', name='Acer WMI hotkeys', classes=0x1, configuration='', keyLayout='/system/usr/keylayout/Generic.kl', keyCharacterMap='/system/usr/keychars/Generic.kcm', builtinKeyboard=false, wakeMechanism=EPOLLWAKEUP, usingClockIoctl=true
05-19 18:21:53.728 3703 3741 E EventHub: could not get driver version for /dev/input/mice, Not a typewriter
05-19 18:21:53.731 3703 3744 W PackageManager: Not granting permission android.permission.GLOBAL_SEARCH to package com.android.quicksearchbox (protectionLevel=18 flags=0x8be45)
05-19 18:21:53.731 3703 3744 W PackageManager: Not granting permission android.permission.ACCESS_DOWNLOAD_MANAGER to package com.android.browser (protectionLevel=18 flags=0x9be45)
05-19 18:21:53.731 3703 3744 W PackageManager: Not granting permission android.permission.SEND_DOWNLOAD_COMPLETED_INTENTS to package com.android.browser (protectionLevel=2 flags=0x9be45)
05-19 18:21:53.731 3703 3744 W PackageManager: Not granting permission android.permission.BIND_WALLPAPER to package com.android.camera2 (protectionLevel=18 flags=0x58bc45)
05-19 18:21:53.731 3703 3744 W PackageManager: Unknown permission android.permission.INSTALL_DRM in package com.android.mms
05-19 18:21:53.731 3703 3744 W PackageManager: Unknown permission com.google.android.googleapps.permission.GOOGLE_AUTH.mail in package com.android.calendar
05-19 18:21:53.731 3703 3744 W PackageManager: Unknown permission com.android.launcher.permission.READ_SETTINGS in package com.android.onetimeinitializer
05-19 18:21:53.731 3703 3744 W PackageManager: Unknown permission com.android.launcher.permission.WRITE_SETTINGS in package com.android.onetimeinitializer
05-19 18:21:53.731 3703 3744 W PackageManager: Unknown permission com.android.launcher.permission.READ_SETTINGS in package com.cyanogenmod.trebuchet
05-19 18:21:53.731 3703 3744 W PackageManager: Unknown permission com.android.launcher.permission.WRITE_SETTINGS in package com.cyanogenmod.trebuchet
05-19 18:21:53.731 3703 3744 W PackageManager: Not granting permission android.permission.DELETE_PACKAGES to package com.svox.pico (protectionLevel=18 flags=0x8be45)
05-19 18:21:53.731 3703 3744 W PackageManager: Unknown permission com.cyanogenmod.filemanager.permissions.READ_THEME in package com.cyanogenmod.filemanager
05-19 18:21:53.732 3703 3744 W PackageManager: Unknown permission com.google.android.googleapps.permission.GOOGLE_AUTH in package com.android.settings
05-19 18:21:53.732 3703 3744 W PackageManager: Unknown permission com.android.launcher.permission.READ_SETTINGS in package com.android.settings
05-19 18:21:53.732 3703 3744 W PackageManager: Unknown permission com.android.launcher.permission.WRITE_SETTINGS in package com.android.settings
05-19 18:21:53.732 3703 3744 W PackageManager: Unknown permission com.android.smspush.WAPPUSH_MANAGER_BIND in package com.android.phone
05-19 18:21:53.732 3703 3744 W PackageManager: Not granting permission android.permission.DEVICE_POWER to package com.android.deskclock (protectionLevel=2 flags=0x48be45)
05-19 18:21:53.733 3703 3744 W PackageManager: Unknown permission com.google.android.gallery3d.permission.GALLERY_PROVIDER in package com.android.bluetooth
05-19 18:21:53.733 3703 3744 W PackageManager: Unknown permission com.google.android.googleapps.permission.ACCESS_GOOGLE_PASSWORD in package com.android.development
05-19 18:21:53.733 3703 3744 W PackageManager: Unknown permission com.google.android.googleapps.permission.GOOGLE_AUTH in package com.android.development
05-19 18:21:53.733 3703 3744 W PackageManager: Unknown permission com.google.android.googleapps.permission.GOOGLE_AUTH.ALL_SERVICES in package com.android.development
05-19 18:21:53.733 3703 3744 W PackageManager: Unknown permission com.google.android.googleapps.permission.GOOGLE_AUTH.YouTubeUser in package com.android.development
05-19 18:21:53.735 3703 3741 D EventHub: No input device configuration file found for device 'HD-Audio Generic Headphone'.
05-19 18:21:53.735 3703 3741 I EventHub: New device: id=9, fd=91, path='/dev/input/event7', name='HD-Audio Generic Headphone', classes=0x80, configuration='', keyLayout='', keyCharacterMap='', builtinKeyboard=false, wakeMechanism=EPOLLWAKEUP, usingClockIoctl=true
05-19 18:21:53.735 3703 3741 D EventHub: No input device configuration file found for device 'HD WebCam'.
05-19 18:21:53.740 3703 3741 W EventHub: Unable to disable kernel key repeat for /dev/input/event9: Function not implemented
05-19 18:21:53.740 3703 3741 I EventHub: New device: id=10, fd=92, path='/dev/input/event9', name='HD WebCam', classes=0x80000001, configuration='', keyLayout='/system/usr/keylayout/Generic.kl', keyCharacterMap='/system/usr/keychars/Generic.kcm', builtinKeyboard=false, wakeMechanism=EPOLLWAKEUP, usingClockIoctl=true
05-19 18:21:53.740 3703 3741 D EventHub: No input device configuration file found for device 'HD-Audio Generic HDMI/DP,pcm=3'.
05-19 18:21:53.740 3703 3741 I EventHub: New device: id=11, fd=93, path='/dev/input/event6', name='HD-Audio Generic HDMI/DP,pcm=3', classes=0x80, configuration='', keyLayout='', keyCharacterMap='', builtinKeyboard=false, wakeMechanism=EPOLLWAKEUP, usingClockIoctl=true
05-19 18:21:53.746 3703 3741 I InputReader: Device added: id=-1, name='Virtual', sources=0x00000301
05-19 18:21:53.746 3703 3741 I InputReader: Device added: id=11, name='HD-Audio Generic HDMI/DP,pcm=3', sources=0x80000000
05-19 18:21:53.746 3703 3741 I InputReader: Device added: id=10, name='HD WebCam', sources=0x00000101
05-19 18:21:53.746 3703 3741 I InputReader: Device added: id=9, name='HD-Audio Generic Headphone', sources=0x80000000
05-19 18:21:53.746 3703 3741 I InputReader: Device added: id=8, name='Acer WMI hotkeys', sources=0x00000101
05-19 18:21:53.747 3703 3741 I InputReader: Device added: id=7, name='AT Translated Set 2 keyboard', sources=0x00000101
05-19 18:21:53.748 3703 3741 I InputReader: Touch device 'ETPS/2 Elantech Touchpad' could not query the properties of its associated display. The device will be inoperable until the display size becomes available.
05-19 18:21:53.748 3703 3741 I InputReader: Device added: id=6, name='ETPS/2 Elantech Touchpad', sources=0x00002002
05-19 18:21:53.748 3703 3741 I InputReader: Device added: id=4, name='Video Bus', sources=0x00000101
05-19 18:21:53.748 3703 3741 I InputReader: Device added: id=3, name='Lid Switch', sources=0x80000000
05-19 18:21:53.748 3703 3741 I InputReader: Device added: id=2, name='Sleep Button', sources=0x00000101
05-19 18:21:53.748 3703 3741 I InputReader: Device added: id=1, name='Android Power Button', sources=0x00000101
05-19 18:21:53.751 3703 3741 I InputReader: Reconfiguring input devices. changes=0x00000004
05-19 18:21:53.758 3703 3741 I InputReader: Device reconfigured: id=6, name='ETPS/2 Elantech Touchpad', size 1366x768, orientation 0, mode 4, display id 0
05-19 18:21:53.759 3703 3740 I ActivityManager: Config changes=30 {1.0 ?mcc?mnc en_US ?layoutDir sw768dp w1366dp h695dp 160dpi xlrg long land ?uimode ?night -touch qwerty/v/v -nav/h s.4}
05-19 18:21:53.763 3703 3703 I SystemServer: Status Bar
05-19 18:21:53.770 3703 3703 I SystemServer: Clipboard Service
05-19 18:21:53.773 3703 3703 I SystemServer: NetworkManagement Service
05-19 18:21:53.780 3703 3703 I SystemServer: Text Service Manager Service
05-19 18:21:53.788 3703 3703 I SystemServer: Network Score Service
05-19 18:21:53.789 3703 3703 I SystemServer: NetworkStats Service
05-19 18:21:53.797 3703 3703 I SystemServer: NetworkPolicy Service
05-19 18:21:53.808 3703 3703 I SystemServiceManager: Starting com.android.server.wifi.p2p.WifiP2pService
05-19 18:21:53.828 3703 3703 I WifiP2pService: Registering wifip2p
05-19 18:21:53.830 3703 3703 I SystemServiceManager: Starting com.android.server.wifi.WifiService
05-19 18:21:54.015 3703 3703 E WifiConfigStore: associatedPartialScanPeriodMilli set to 20000
05-19 18:21:54.033 3703 3703 D WifiController: isAirplaneModeOn = false, isWifiEnabled = true, isScanningAvailable = false
05-19 18:21:54.036 3703 3703 I WifiService: Registering wifi
05-19 18:21:54.037 3703 3703 I SystemServiceManager: Starting com.android.server.wifi.WifiScanningService
05-19 18:21:54.038 3703 3703 I WifiScanningService: Creating wifiscanner
05-19 18:21:54.038 3703 3703 I WifiScanningService: Starting wifiscanner
05-19 18:21:54.040 3703 3703 I SystemServiceManager: Starting com.android.server.wifi.RttService
05-19 18:21:54.040 3703 3703 I RttService: Creating rttmanager
05-19 18:21:54.040 3703 3703 I RttService: Starting rttmanager
05-19 18:21:54.042 3703 3703 I SystemServiceManager: Starting com.android.server.ethernet.EthernetService
05-19 18:21:54.046 3703 3703 I EthernetServiceImpl: Creating EthernetConfigStore
05-19 18:21:54.047 3703 3703 E IpConfigStore: Error parsing configuration: java.io.FileNotFoundException: /data/misc/ethernet/ipconfig.txt: open failed: ENOENT (No such file or directory)
05-19 18:21:54.047 3703 3703 W EthernetConfigStore: No Ethernet configuration found. Using default.
05-19 18:21:54.048 3703 3703 I EthernetServiceImpl: Read stored IP configuration: IP assignment: DHCP
05-19 18:21:54.048 3703 3703 I EthernetServiceImpl: Proxy settings: NONE
05-19 18:21:54.048 3703 3703 I EthernetService: Registering service ethernet
05-19 18:21:54.048 3703 3703 I SystemServer: Connectivity Service
05-19 18:21:54.053 3703 3703 D ConnectivityService: ConnectivityService starting up
05-19 18:21:54.056 3703 3703 D ConnectivityService: wifiOnly=false
05-19 18:21:54.057 3703 3703 E ConnectivityService: Ignoring protectedNetwork 14
05-19 18:21:54.057 3703 3703 E ConnectivityService: Ignoring protectedNetwork 15
05-19 18:21:54.067 3703 3703 I SystemServer: Network Service Discovery Service
05-19 18:21:54.069 3472 3472 I AudioFlinger: Using module 1 has the primary audio interface
05-19 18:21:54.069 3472 3753 I AudioFlinger: AudioFlinger's thread 0xb58a6000 ready to run
05-19 18:21:54.072 3472 3754 I AudioFlinger: AudioFlinger's thread 0xb593a000 ready to run
05-19 18:21:54.073 3472 3472 I audio_a2dp_hw: adev_open: adev_open in A2dp_hw module
05-19 18:21:54.073 3472 3472 I AudioFlinger: loadHwModule() Loaded a2dp audio interface from A2DP Audio HW HAL (audio) handle 4
05-19 18:21:54.073 3472 3472 I AudioFlinger: loadHwModule() Loaded usb audio interface from USB audio HW HAL (audio) handle 5
05-19 18:21:54.075 3703 3703 D NsdService: Network service discovery enabled true
05-19 18:21:54.076 3472 3472 E SoundTriggerHwService: couldn't load sound trigger module sound_trigger.primary (No such file or directory)
05-19 18:21:54.077 3703 3703 I SystemServer: UpdateLock Service
05-19 18:21:54.094 3703 3703 I SystemServiceManager: Starting com.android.server.notification.NotificationManagerService
05-19 18:21:54.117 3703 3703 D ZenLog : set_zen_mode: off,setting
05-19 18:21:54.120 3703 3703 I SystemServiceManager: Starting com.android.server.storage.DeviceStorageMonitorService
05-19 18:21:54.123 3703 3703 I SystemServer: Location Manager
05-19 18:21:54.127 3703 3703 I SystemServer: Country Detector
05-19 18:21:54.128 3703 3703 I SystemServer: Search Service
05-19 18:21:54.131 3703 3703 I SystemServer: DropBox Service
05-19 18:21:54.133 3703 3703 I SystemServer: Wallpaper Service
05-19 18:21:54.138 3703 3703 I SystemServer: Audio Service
05-19 18:21:54.146 3703 3703 W TelecomManager: Telecom Service not found.
05-19 18:21:54.163 3703 3703 I SystemServiceManager: Starting com.android.server.DockObserver
05-19 18:21:54.164 3703 3703 W DockObserver: This kernel does not have dock station support
05-19 18:21:54.165 3703 3703 I SystemServer: Wired Accessory Manager
05-19 18:21:54.168 3703 3703 W WiredAccessoryManager: This kernel does not have usb audio support
05-19 18:21:54.168 3703 3703 W WiredAccessoryManager: This kernel does not have HDMI audio support
05-19 18:21:54.168 3703 3703 I SystemServiceManager: Starting com.android.server.usb.UsbService$Lifecycle
05-19 18:21:54.172 3703 3703 I SystemServer: Serial Service
05-19 18:21:54.173 3703 3703 I SystemServiceManager: Starting com.android.server.twilight.TwilightService
05-19 18:21:54.178 3703 3703 I SystemServiceManager: Starting com.android.server.UiModeManagerService
05-19 18:21:54.182 3703 3703 I SystemServiceManager: Starting com.android.server.job.JobSchedulerService
05-19 18:21:54.191 3703 3703 I SystemServiceManager: Starting com.android.server.backup.BackupManagerService$Lifecycle
05-19 18:21:54.194 3703 3703 I SystemServiceManager: Starting com.android.server.appwidget.AppWidgetService
05-19 18:21:54.198 3703 3703 I SystemServiceManager: Starting com.android.server.voiceinteraction.VoiceInteractionManagerService
05-19 18:21:54.202 3703 3703 W SoundTriggerHelper: listModules status=0, # of modules=0
05-19 18:21:54.202 3703 3703 I SystemServer: DiskStats Service
05-19 18:21:54.203 3703 3703 I SystemServer: SamplingProfiler Service
05-19 18:21:54.206 3703 3703 I SystemServer: NetworkTimeUpdateService
05-19 18:21:54.207 3703 3703 I SystemServer: CommonTimeManagementService
05-19 18:21:54.210 3703 3703 I SystemServer: CertBlacklister
05-19 18:21:54.212 3703 3703 I SystemServiceManager: Starting com.android.server.dreams.DreamManagerService
05-19 18:21:54.215 3703 3703 I SystemServer: Assets Atlas Service
05-19 18:21:54.220 3703 3703 I SystemServiceManager: Starting com.android.server.print.PrintManagerService
05-19 18:21:54.223 3703 3761 D AssetAtlas: Loaded configuration: SliceMinArea (768x768) flags=0x2 count=446
05-19 18:21:54.225 3703 3703 I SystemServiceManager: Starting com.android.server.restrictions.RestrictionsManagerService
05-19 18:21:54.227 3703 3761 I GRALLOC-RADEON: detected chipset 0x9834 family 0x3c (vram size 494MiB, gart size 1019MiB)
05-19 18:21:54.227 3703 3761 I GRALLOC-DRM: create radeon for driver radeon
05-19 18:21:54.228 3703 3703 I SystemServiceManager: Starting com.android.server.media.MediaSessionService
05-19 18:21:54.230 2988 2988 D wpa_supplicant: nl80211: Event message available
05-19 18:21:54.230 2988 2988 D wpa_supplicant: nl80211: Drv Event 20 (NL80211_CMD_DEL_STATION) received for wlan0
05-19 18:21:54.230 2988 2988 D wpa_supplicant: nl80211: Delete station f8:1a:67:b2:14:c6
05-19 18:21:54.246 2988 2988 D wpa_supplicant: nl80211: Event message available
05-19 18:21:54.247 2988 2988 D wpa_supplicant: nl80211: Drv Event 39 (NL80211_CMD_DEAUTHENTICATE) received for wlan0
05-19 18:21:54.247 2988 2988 D wpa_supplicant: nl80211: MLME event 39 (NL80211_CMD_DEAUTHENTICATE) on wlan0(5c:c9:d3:3c:f6:84) A1=f8:1a:67:b2:14:c6 A2=5c:c9:d3:3c:f6:84
05-19 18:21:54.247 2988 2988 D wpa_supplicant: nl80211: MLME event frame - hexdump(len=26): c0 00 00 00 f8 1a 67 b2 14 c6 5c c9 d3 3c f6 84 f8 1a 67 b2 14 c6 00 00 03 00
05-19 18:21:54.247 2988 2988 D wpa_supplicant: nl80211: Deauthenticate event
05-19 18:21:54.247 2988 2988 D wpa_supplicant: wlan0: Event DEAUTH (12) received
05-19 18:21:54.247 2988 2988 D wpa_supplicant: wlan0: Deauthentication notification
05-19 18:21:54.247 2988 2988 D wpa_supplicant: wlan0: * reason 3 (locally generated)
05-19 18:21:54.247 2988 2988 D wpa_supplicant: wlan0: * address f8:1a:67:b2:14:c6
05-19 18:21:54.247 2988 2988 D wpa_supplicant: Deauthentication frame IE(s) - hexdump(len=0): [NULL]
05-19 18:21:54.247 2988 2988 I wpa_supplicant: wlan0: CTRL-EVENT-DISCONNECTED bssid=f8:1a:67:b2:14:c6 reason=3 locally_generated=1
05-19 18:21:54.247 2988 2988 D wpa_supplicant: CTRL_IFACE monitor[/data/misc/wifi/sockets/wpa_ctrl_1943-2\x00]: 111 - Connection refused
05-19 18:21:54.247 2988 2988 D wpa_supplicant: wlan0: Auto connect disabled: do not try to re-connect
05-19 18:21:54.247 2988 2988 D wpa_supplicant: wlan0: Ignore connection failure indication since interface has been put into disconnected state
05-19 18:21:54.247 2988 2988 D wpa_supplicant: TDLS: Remove peers on disassociation
05-19 18:21:54.247 2988 2988 D wpa_supplicant: wlan0: Disconnect event - remove keys
05-19 18:21:54.247 2988 2988 D wpa_supplicant: wpa_driver_nl80211_set_key: ifindex=4 (wlan0) alg=0 addr=0x0 key_idx=0 set_tx=0 seq_len=0 key_len=0
05-19 18:21:54.252 3703 3761 I EGL-GALLIUM: using DRM screen
05-19 18:21:54.252 3703 3761 I EGL-GALLIUM: skip unsupported native format 0x3
05-19 18:21:54.255 3703 3703 I SystemServer: Media Router Service
05-19 18:21:54.257 3703 3703 I SystemServiceManager: Starting com.android.server.trust.TrustManagerService
05-19 18:21:54.259 3703 3761 I MESA-DEBUG: Inside r600_texture_from_handle
05-19 18:21:54.259 3703 3761 I MESA-DEBUG: templ->target = 2 ; templ->depth0 = 1 ; templ->last_level = 0
05-19 18:21:54.259 3703 3761 I MESA-DEBUG: Ending r600_texture_from_handle - stride value is 3072
05-19 18:21:54.259 3703 3703 I SystemServiceManager: Starting com.android.server.fingerprint.FingerprintService
05-19 18:21:54.260 3703 3703 V Fingerprint-JNI: nativeInit()
05-19 18:21:54.261 3703 3703 V Fingerprint-JNI: nativeOpenHal()
05-19 18:21:54.261 3703 3703 E Fingerprint-JNI: Can't open fingerprint HW Module, error: -2
05-19 18:21:54.261 3703 3703 I SystemServer: BackgroundDexOptService
