05-19 18:18:56.233 1994 1994 E installd: Running /system/bin/patchoat isa=x86 in-fd=5 (/system/framework/x86/requestsync.odex) out-fd=6 (/data/dalvik-cache/x86/system@framework@requestsync.jar@classes.dex)
05-19 18:18:56.249 1943 1943 I art : DexFile_isDexOptNeeded file /system/framework/x86/settings.odex needs to be relocated for /system/framework/settings.jar
05-19 18:18:56.250 1995 1995 E installd: Running /system/bin/patchoat isa=x86 in-fd=5 (/system/framework/x86/settings.odex) out-fd=6 (/data/dalvik-cache/x86/system@framework@settings.jar@classes.dex)
05-19 18:18:56.272 1943 1943 I art : DexFile_isDexOptNeeded file /system/framework/x86/svc.odex needs to be relocated for /system/framework/svc.jar
05-19 18:18:56.273 1996 1996 E installd: Running /system/bin/patchoat isa=x86 in-fd=5 (/system/framework/x86/svc.odex) out-fd=6 (/data/dalvik-cache/x86/system@framework@svc.jar@classes.dex)
05-19 18:18:56.293 1943 1943 I art : DexFile_isDexOptNeeded file /system/framework/x86/uiautomator.odex needs to be relocated for /system/framework/uiautomator.jar
05-19 18:18:56.294 1997 1997 E installd: Running /system/bin/patchoat isa=x86 in-fd=5 (/system/framework/x86/uiautomator.odex) out-fd=6 (/data/dalvik-cache/x86/system@framework@uiautomator.jar@classes.dex)
05-19 18:18:56.310 1943 1943 I art : DexFile_isDexOptNeeded file /system/framework/x86/wm.odex needs to be relocated for /system/framework/wm.jar
05-19 18:18:56.311 1998 1998 E installd: Running /system/bin/patchoat isa=x86 in-fd=5 (/system/framework/x86/wm.odex) out-fd=6 (/data/dalvik-cache/x86/system@framework@wm.jar@classes.dex)
05-19 18:18:56.327 1943 1943 D PackageManager: No files in app dir /vendor/overlay
05-19 18:18:56.375 1943 1943 I PackageManager: /system/framework/framework-res.apk changed; collecting certs
05-19 18:18:56.867 1943 1943 W PackageManager: Failed to parse /system/framework/x86: Missing base APK in /system/framework/x86
05-19 18:18:56.887 1943 1943 I PackageManager: /system/priv-app/BackupRestoreConfirmation changed; collecting certs
05-19 18:18:56.902 1943 1943 I art : DexFile_isDexOptNeeded file /system/priv-app/BackupRestoreConfirmation/x86/BackupRestoreConfirmation.odex needs to be relocated for /system/priv-app/BackupRestoreConfirmation/BackupRestoreConfirmation.apk
05-19 18:18:56.913 1943 1943 I PackageManager: /system/priv-app/CalendarProvider changed; collecting certs
05-19 18:18:56.927 1943 1943 I PackageManager: New shared user android.uid.calendar: id=10001
05-19 18:18:56.956 1943 1943 I art : DexFile_isDexOptNeeded file /system/priv-app/CalendarProvider/x86/CalendarProvider.odex needs to be relocated for /system/priv-app/CalendarProvider/CalendarProvider.apk
05-19 18:18:57.048 1943 1943 W PackageParser: No actions in intent filter at /system/priv-app/Contacts/Contacts.apk Binary XML file line #356
05-19 18:18:57.052 1943 1943 I PackageManager: /system/priv-app/Contacts changed; collecting certs
05-19 18:18:57.141 1634 1634 E sdcard : missing packages.list; retrying
05-19 18:18:57.309 1943 1943 I PackageManager: New shared user android.uid.shared: id=10002
05-19 18:18:57.337 1943 1943 I art : DexFile_isDexOptNeeded file /system/priv-app/Contacts/x86/Contacts.odex needs to be relocated for /system/priv-app/Contacts/Contacts.apk
05-19 18:18:57.349 1943 1943 I PackageManager: /system/priv-app/ContactsProvider changed; collecting certs
05-19 18:18:57.381 1943 1943 I art : DexFile_isDexOptNeeded file /system/priv-app/ContactsProvider/x86/ContactsProvider.odex needs to be relocated for /system/priv-app/ContactsProvider/ContactsProvider.apk
05-19 18:18:57.387 1943 1943 I PackageManager: /system/priv-app/DefaultContainerService changed; collecting certs
05-19 18:18:57.412 1943 1943 I art : DexFile_isDexOptNeeded file /system/priv-app/DefaultContainerService/x86/DefaultContainerService.odex needs to be relocated for /system/priv-app/DefaultContainerService/DefaultContainerService.apk
05-19 18:18:57.517 1943 1943 W PackageParser: No actions in intent filter at /system/priv-app/Dialer/Dialer.apk Binary XML file line #166
05-19 18:18:57.519 1943 1943 I PackageManager: /system/priv-app/Dialer changed; collecting certs
05-19 18:18:57.802 1943 1943 I art : DexFile_isDexOptNeeded file /system/priv-app/Dialer/x86/Dialer.odex needs to be relocated for /system/priv-app/Dialer/Dialer.apk
05-19 18:18:57.822 1943 1943 I PackageManager: /system/priv-app/DownloadProvider changed; collecting certs
05-19 18:18:57.836 1943 1943 I PackageManager: New shared user android.media: id=10005
05-19 18:18:57.855 1943 1943 I art : DexFile_isDexOptNeeded file /system/priv-app/DownloadProvider/x86/DownloadProvider.odex needs to be relocated for /system/priv-app/DownloadProvider/DownloadProvider.apk
05-19 18:18:57.864 1943 1943 I PackageManager: /system/priv-app/ExternalStorageProvider changed; collecting certs
05-19 18:18:57.879 1943 1943 I art : DexFile_isDexOptNeeded file /system/priv-app/ExternalStorageProvider/x86/ExternalStorageProvider.odex needs to be relocated for /system/priv-app/ExternalStorageProvider/ExternalStorageProvider.apk
05-19 18:18:57.885 1943 1943 I PackageManager: /system/priv-app/FusedLocation changed; collecting certs
05-19 18:18:57.903 1943 1943 I art : DexFile_isDexOptNeeded file /system/priv-app/FusedLocation/x86/FusedLocation.odex needs to be relocated for /system/priv-app/FusedLocation/FusedLocation.apk
05-19 18:18:57.912 1943 1943 I PackageManager: /system/priv-app/InputDevices changed; collecting certs
05-19 18:18:57.933 1943 1943 I art : DexFile_isDexOptNeeded file /system/priv-app/InputDevices/x86/InputDevices.odex needs to be relocated for /system/priv-app/InputDevices/InputDevices.apk
05-19 18:18:57.955 1943 1943 I PackageManager: /system/priv-app/ManagedProvisioning changed; collecting certs
05-19 18:18:57.992 1943 1943 I art : DexFile_isDexOptNeeded file /system/priv-app/ManagedProvisioning/x86/ManagedProvisioning.odex needs to be relocated for /system/priv-app/ManagedProvisioning/ManagedProvisioning.apk
05-19 18:18:58.003 1943 1943 I PackageManager: /system/priv-app/MediaProvider changed; collecting certs
05-19 18:18:58.039 1943 1943 I art : DexFile_isDexOptNeeded file /system/priv-app/MediaProvider/x86/MediaProvider.odex needs to be relocated for /system/priv-app/MediaProvider/MediaProvider.apk
05-19 18:18:58.105 1943 1943 I PackageManager: /system/priv-app/Mms changed; collecting certs
05-19 18:18:58.167 1943 1943 I art : DexFile_isDexOptNeeded file /system/priv-app/Mms/x86/Mms.odex needs to be relocated for /system/priv-app/Mms/Mms.apk
05-19 18:18:58.182 1943 1943 I PackageManager: /system/priv-app/MmsService changed; collecting certs
05-19 18:18:58.230 1943 1943 I art : DexFile_isDexOptNeeded file /system/priv-app/MmsService/x86/MmsService.odex needs to be relocated for /system/priv-app/MmsService/MmsService.apk
05-19 18:18:58.236 1943 1943 I PackageManager: /system/priv-app/MusicFX changed; collecting certs
05-19 18:18:58.262 1943 1943 I art : DexFile_isDexOptNeeded file /system/priv-app/MusicFX/x86/MusicFX.odex needs to be relocated for /system/priv-app/MusicFX/MusicFX.apk
05-19 18:18:58.266 1943 1943 I PackageManager: /system/priv-app/OneTimeInitializer changed; collecting certs
05-19 18:18:58.284 1943 1943 I art : DexFile_isDexOptNeeded file /system/priv-app/OneTimeInitializer/x86/OneTimeInitializer.odex needs to be relocated for /system/priv-app/OneTimeInitializer/OneTimeInitializer.apk
05-19 18:18:58.287 1943 1943 I PackageManager: /system/priv-app/ProxyHandler changed; collecting certs
05-19 18:18:58.306 1943 1943 I art : DexFile_isDexOptNeeded file /system/priv-app/ProxyHandler/x86/ProxyHandler.odex needs to be relocated for /system/priv-app/ProxyHandler/ProxyHandler.apk
05-19 18:18:58.648 1943 1943 I PackageManager: /system/priv-app/Settings changed; collecting certs
05-19 18:18:58.952 1943 1943 I art : DexFile_isDexOptNeeded file /system/priv-app/Settings/x86/Settings.odex needs to be relocated for /system/priv-app/Settings/Settings.apk
05-19 18:18:58.963 1943 1943 I PackageManager: /system/priv-app/SettingsProvider changed; collecting certs
05-19 18:18:58.990 1943 1943 I art : DexFile_isDexOptNeeded file /system/priv-app/SettingsProvider/x86/SettingsProvider.odex needs to be relocated for /system/priv-app/SettingsProvider/SettingsProvider.apk
05-19 18:18:58.994 1943 1943 I PackageManager: /system/priv-app/SharedStorageBackup changed; collecting certs
05-19 18:18:59.007 1943 1943 I art : DexFile_isDexOptNeeded file /system/priv-app/SharedStorageBackup/x86/SharedStorageBackup.odex needs to be relocated for /system/priv-app/SharedStorageBackup/SharedStorageBackup.apk
05-19 18:18:59.024 1943 1943 I PackageManager: /system/priv-app/Shell changed; collecting certs
05-19 18:18:59.062 1943 1943 I art : DexFile_isDexOptNeeded file /system/priv-app/Shell/x86/Shell.odex needs to be relocated for /system/priv-app/Shell/Shell.apk
05-19 18:18:59.170 1943 1943 I PackageManager: /system/priv-app/SystemUI changed; collecting certs
05-19 18:18:59.287 1943 1943 I PackageManager: New shared user android.uid.systemui: id=10013
05-19 18:18:59.307 1943 1943 I art : DexFile_isDexOptNeeded file /system/priv-app/SystemUI/x86/SystemUI.odex needs to be relocated for /system/priv-app/SystemUI/SystemUI.apk
05-19 18:18:59.312 1943 1943 I PackageManager: /system/priv-app/TSCalibration2 changed; collecting certs
05-19 18:18:59.327 1943 1943 I art : DexFile_isDexOptNeeded file /system/priv-app/TSCalibration2/x86/TSCalibration2.odex needs to be relocated for /system/priv-app/TSCalibration2/TSCalibration2.apk
05-19 18:18:59.420 1943 1943 W ResourceType: Failure getting entry for 0x7f08026f (t=7 e=623) (error -75)
05-19 18:18:59.422 1943 1943 I PackageManager: /system/priv-app/TeleService changed; collecting certs
05-19 18:18:59.483 1943 1943 I art : DexFile_isDexOptNeeded file /system/priv-app/TeleService/x86/TeleService.odex needs to be relocated for /system/priv-app/TeleService/TeleService.apk
05-19 18:18:59.497 1943 1943 W PackageParser: Unknown element under : android at /system/priv-app/Telecom/Telecom.apk Binary XML file line #232
05-19 18:18:59.497 1943 1943 I PackageManager: /system/priv-app/Telecom changed; collecting certs
05-19 18:18:59.537 1943 1943 I art : DexFile_isDexOptNeeded file /system/priv-app/Telecom/x86/Telecom.odex needs to be relocated for /system/priv-app/Telecom/Telecom.apk
05-19 18:18:59.549 1943 1943 I PackageManager: /system/priv-app/TelephonyProvider changed; collecting certs
05-19 18:18:59.586 1943 1943 I art : DexFile_isDexOptNeeded file /system/priv-app/TelephonyProvider/x86/TelephonyProvider.odex needs to be relocated for /system/priv-app/TelephonyProvider/TelephonyProvider.apk
05-19 18:18:59.641 1943 1943 I PackageManager: /system/priv-app/Trebuchet changed; collecting certs
05-19 18:18:59.719 1943 1943 I art : DexFile_isDexOptNeeded file /system/priv-app/Trebuchet/x86/Trebuchet.odex needs to be relocated for /system/priv-app/Trebuchet/Trebuchet.apk
05-19 18:18:59.725 1943 1943 I PackageManager: /system/priv-app/VpnDialogs changed; collecting certs
05-19 18:18:59.740 1943 1943 I art : DexFile_isDexOptNeeded file /system/priv-app/VpnDialogs/x86/VpnDialogs.odex needs to be relocated for /system/priv-app/VpnDialogs/VpnDialogs.apk
05-19 18:18:59.744 1943 1943 I PackageManager: /system/priv-app/WallpaperCropper changed; collecting certs
05-19 18:18:59.772 1943 1943 I art : DexFile_isDexOptNeeded file /system/priv-app/WallpaperCropper/x86/WallpaperCropper.odex needs to be relocated for /system/priv-app/WallpaperCropper/WallpaperCropper.apk
05-19 18:18:59.777 1943 1943 I PackageManager: /system/app/BasicDreams changed; collecting certs
05-19 18:18:59.796 1943 1943 I art : DexFile_isDexOptNeeded file /system/app/BasicDreams/x86/BasicDreams.odex needs to be relocated for /system/app/BasicDreams/BasicDreams.apk
05-19 18:18:59.800 1943 1943 I PackageManager: /system/app/BasicSmsReceiver changed; collecting certs
05-19 18:18:59.815 1943 1943 I art : DexFile_isDexOptNeeded file /system/app/BasicSmsReceiver/x86/BasicSmsReceiver.odex needs to be relocated for /system/app/BasicSmsReceiver/BasicSmsReceiver.apk
05-19 18:18:59.842 1943 1943 W PackageParser: No actions in intent filter at /system/app/Bluetooth/Bluetooth.apk Binary XML file line #209
05-19 18:18:59.844 1943 1943 I PackageManager: /system/app/Bluetooth changed; collecting certs
05-19 18:18:59.892 1943 1943 I art : DexFile_isDexOptNeeded file /system/app/Bluetooth/x86/Bluetooth.odex needs to be relocated for /system/app/Bluetooth/Bluetooth.apk
05-19 18:18:59.973 1943 1943 I PackageManager: /system/app/Browser changed; collecting certs
05-19 18:19:00.062 1943 1943 I art : DexFile_isDexOptNeeded file /system/app/Browser/x86/Browser.odex needs to be relocated for /system/app/Browser/Browser.apk
05-19 18:19:00.141 1634 1634 E sdcard : missing packages.list; retrying
05-19 18:19:00.141 1943 1943 W PackageParser: No actions in intent filter at /system/app/CMFileManager/CMFileManager.apk Binary XML file line #166
05-19 18:19:00.142 1943 1943 I PackageManager: /system/app/CMFileManager changed; collecting certs
05-19 18:19:00.227 1943 1943 I art : DexFile_isDexOptNeeded file /system/app/CMFileManager/x86/CMFileManager.odex needs to be relocated for /system/app/CMFileManager/CMFileManager.apk
05-19 18:19:00.237 1943 1943 I PackageManager: /system/app/Calculator changed; collecting certs
05-19 18:19:00.272 1943 1943 I art : DexFile_isDexOptNeeded file /system/app/Calculator/x86/Calculator.odex needs to be relocated for /system/app/Calculator/Calculator.apk
05-19 18:19:00.357 1943 1943 I PackageManager: /system/app/Calendar changed; collecting certs
05-19 18:19:00.444 1943 1943 I art : DexFile_isDexOptNeeded file /system/app/Calendar/x86/Calendar.odex needs to be relocated for /system/app/Calendar/Calendar.apk
05-19 18:19:00.529 1943 1943 I PackageManager: /system/app/Camera2 changed; collecting certs
05-19 18:19:00.661 1943 1943 I art : DexFile_isDexOptNeeded file /system/app/Camera2/x86/Camera2.odex needs to be relocated for /system/app/Camera2/Camera2.apk
05-19 18:19:00.666 1943 1943 I PackageManager: /system/app/CaptivePortalLogin changed; collecting certs
05-19 18:19:00.681 1943 1943 I art : DexFile_isDexOptNeeded file /system/app/CaptivePortalLogin/x86/CaptivePortalLogin.odex needs to be relocated for /system/app/CaptivePortalLogin/CaptivePortalLogin.apk
05-19 18:19:00.695 1943 1943 I PackageManager: /system/app/CertInstaller changed; collecting certs
05-19 18:19:00.715 1943 1943 I art : DexFile_isDexOptNeeded file /system/app/CertInstaller/x86/CertInstaller.odex needs to be relocated for /system/app/CertInstaller/CertInstaller.apk
05-19 18:19:00.821 1943 1943 I PackageManager: /system/app/DeskClock changed; collecting certs
05-19 18:19:00.890 1943 1943 I art : DexFile_isDexOptNeeded file /system/app/DeskClock/x86/DeskClock.odex needs to be relocated for /system/app/DeskClock/DeskClock.apk
05-19 18:19:00.905 1943 1943 I PackageManager: /system/app/Development changed; collecting certs
05-19 18:19:00.937 1943 1943 I art : DexFile_isDexOptNeeded file /system/app/Development/x86/Development.odex needs to be relocated for /system/app/Development/Development.apk
05-19 18:19:00.952 1943 1943 I PackageManager: /system/app/DocumentsUI changed; collecting certs
05-19 18:19:01.005 1943 1943 I art : DexFile_isDexOptNeeded file /system/app/DocumentsUI/x86/DocumentsUI.odex needs to be relocated for /system/app/DocumentsUI/DocumentsUI.apk
05-19 18:19:01.028 1943 1943 I PackageManager: /system/app/DownloadProviderUi changed; collecting certs
05-19 18:19:01.044 1943 1943 I art : DexFile_isDexOptNeeded file /system/app/DownloadProviderUi/x86/DownloadProviderUi.odex needs to be relocated for /system/app/DownloadProviderUi/DownloadProviderUi.apk
05-19 18:19:01.176 1943 1943 I PackageManager: /system/app/Email changed; collecting certs
05-19 18:19:01.324 1943 1943 I art : DexFile_isDexOptNeeded file /system/app/Email/x86/Email.odex needs to be relocated for /system/app/Email/Email.apk
05-19 18:19:01.350 1943 1943 I PackageManager: /system/app/Exchange2 changed; collecting certs
05-19 18:19:01.386 1943 1943 I art : DexFile_isDexOptNeeded file /system/app/Exchange2/x86/Exchange2.odex needs to be relocated for /system/app/Exchange2/Exchange2.apk
05-19 18:19:01.412 1943 1943 I PackageManager: /system/app/Galaxy4 changed; collecting certs
05-19 18:19:01.441 1943 1943 I art : DexFile_isDexOptNeeded file /system/app/Galaxy4/x86/Galaxy4.odex needs to be relocated for /system/app/Galaxy4/Galaxy4.apk
05-19 18:19:01.568 1943 1943 W PackageParser: Unknown element under : permission at /system/app/Gallery2/Gallery2.apk Binary XML file line #242
05-19 18:19:01.568 1943 1943 W PackageParser: Unknown element under : permission at /system/app/Gallery2/Gallery2.apk Binary XML file line #245
05-19 18:19:01.571 1943 1943 I PackageManager: /system/app/Gallery2 changed; collecting certs
05-19 18:19:01.702 1943 1943 I art : DexFile_isDexOptNeeded file /system/app/Gallery2/x86/Gallery2.odex needs to be relocated for /system/app/Gallery2/Gallery2.apk
05-19 18:19:01.708 1943 1943 I PackageManager: /system/app/HTMLViewer changed; collecting certs
05-19 18:19:01.721 1943 1943 I art : DexFile_isDexOptNeeded file /system/app/HTMLViewer/x86/HTMLViewer.odex needs to be relocated for /system/app/HTMLViewer/HTMLViewer.apk
05-19 18:19:01.733 1943 1943 I PackageManager: /system/app/HoloSpiralWallpaper changed; collecting certs
05-19 18:19:01.751 1943 1943 I art : DexFile_isDexOptNeeded file /system/app/HoloSpiralWallpaper/x86/HoloSpiralWallpaper.odex needs to be relocated for /system/app/HoloSpiralWallpaper/HoloSpiralWallpaper.apk
05-19 18:19:01.760 1943 1943 I PackageManager: /system/app/KeyChain changed; collecting certs
05-19 18:19:01.779 1943 1943 I art : DexFile_isDexOptNeeded file /system/app/KeyChain/x86/KeyChain.odex needs to be relocated for /system/app/KeyChain/KeyChain.apk
05-19 18:19:01.951 1943 1943 I PackageManager: /system/app/LatinIME changed; collecting certs
05-19 18:19:02.225 1943 1943 I art : DexFile_isDexOptNeeded file /system/app/LatinIME/x86/LatinIME.odex needs to be relocated for /system/app/LatinIME/LatinIME.apk
05-19 18:19:02.252 1943 1943 I PackageManager: /system/app/LiveWallpapers changed; collecting certs
05-19 18:19:02.276 1943 1943 I art : DexFile_isDexOptNeeded file /system/app/LiveWallpapers/x86/LiveWallpapers.odex needs to be relocated for /system/app/LiveWallpapers/LiveWallpapers.apk
05-19 18:19:02.286 1943 1943 I PackageManager: /system/app/LiveWallpapersPicker changed; collecting certs
05-19 18:19:02.304 1943 1943 I art : DexFile_isDexOptNeeded file /system/app/LiveWallpapersPicker/x86/LiveWallpapersPicker.odex needs to be relocated for /system/app/LiveWallpapersPicker/LiveWallpapersPicker.apk
05-19 18:19:02.346 1943 1943 I PackageManager: /system/app/Music changed; collecting certs
05-19 18:19:02.408 1943 1943 I art : DexFile_isDexOptNeeded file /system/app/Music/x86/Music.odex needs to be relocated for /system/app/Music/Music.apk
05-19 18:19:02.415 1943 1943 I PackageManager: /system/app/NotePad changed; collecting certs
05-19 18:19:02.437 1943 1943 I art : DexFile_isDexOptNeeded file /system/app/NotePad/x86/NotePad.odex needs to be relocated for /system/app/NotePad/NotePad.apk
05-19 18:19:02.441 1943 1943 I PackageManager: /system/app/PacProcessor changed; collecting certs
05-19 18:19:02.455 1943 1943 I art : DexFile_isDexOptNeeded file /system/app/PacProcessor/x86/PacProcessor.odex needs to be relocated for /system/app/PacProcessor/PacProcessor.apk
05-19 18:19:02.478 1943 1943 I PackageManager: /system/app/PackageInstaller changed; collecting certs
05-19 18:19:02.513 1943 1943 I art : DexFile_isDexOptNeeded file /system/app/PackageInstaller/x86/PackageInstaller.odex needs to be relocated for /system/app/PackageInstaller/PackageInstaller.apk
05-19 18:19:02.529 1943 1943 I PackageManager: /system/app/PhaseBeam changed; collecting certs
05-19 18:19:02.546 1943 1943 I art : DexFile_isDexOptNeeded file /system/app/PhaseBeam/x86/PhaseBeam.odex needs to be relocated for /system/app/PhaseBeam/PhaseBeam.apk
05-19 18:19:02.556 1943 1943 I PackageManager: /system/app/PicoTts changed; collecting certs
05-19 18:19:02.572 1943 1943 I art : DexFile_isDexOptNeeded file /system/app/PicoTts/x86/PicoTts.odex needs to be relocated for /system/app/PicoTts/PicoTts.apk
05-19 18:19:02.587 1943 1943 I PackageManager: /system/app/PrintSpooler changed; collecting certs
05-19 18:19:02.646 1943 1943 I art : DexFile_isDexOptNeeded file /system/app/PrintSpooler/x86/PrintSpooler.odex needs to be relocated for /system/app/PrintSpooler/PrintSpooler.apk
05-19 18:19:02.652 1943 1943 I PackageManager: /system/app/Provision changed; collecting certs
05-19 18:19:02.666 1943 1943 I art : DexFile_isDexOptNeeded file /system/app/Provision/x86/Provision.odex needs to be relocated for /system/app/Provision/Provision.apk
05-19 18:19:02.681 1943 1943 I PackageManager: /system/app/QuickSearchBox changed; collecting certs
05-19 18:19:02.730 1943 1943 I art : DexFile_isDexOptNeeded file /system/app/QuickSearchBox/x86/QuickSearchBox.odex needs to be relocated for /system/app/QuickSearchBox/QuickSearchBox.apk
05-19 18:19:02.748 1943 1943 I PackageManager: /system/app/RSSReader changed; collecting certs
05-19 18:19:02.761 1943 1943 I art : DexFile_isDexOptNeeded file /system/app/RSSReader/x86/RSSReader.odex needs to be relocated for /system/app/RSSReader/RSSReader.apk
05-19 18:19:02.770 1943 1943 I PackageManager: /system/app/SoundRecorder changed; collecting certs
05-19 18:19:02.786 1943 1943 I art : DexFile_isDexOptNeeded file /system/app/SoundRecorder/x86/SoundRecorder.odex needs to be relocated for /system/app/SoundRecorder/SoundRecorder.apk
05-19 18:19:02.790 1943 1943 I PackageManager: /system/app/SpeechRecorder changed; collecting certs
05-19 18:19:02.809 1943 1943 I art : DexFile_isDexOptNeeded file /system/app/SpeechRecorder/x86/SpeechRecorder.odex needs to be relocated for /system/app/SpeechRecorder/SpeechRecorder.apk
05-19 18:19:02.816 1943 1943 I PackageManager: /system/app/UserDictionaryProvider changed; collecting certs
05-19 18:19:02.831 1943 1943 I art : DexFile_isDexOptNeeded file /system/app/UserDictionaryProvider/x86/UserDictionaryProvider.odex needs to be relocated for /system/app/UserDictionaryProvider/UserDictionaryProvider.apk
05-19 18:19:02.845 1943 1943 I PackageManager: /system/app/VisualizationWallpapers changed; collecting certs
05-19 18:19:02.863 1943 1943 I art : DexFile_isDexOptNeeded file /system/app/VisualizationWallpapers/x86/VisualizationWallpapers.odex needs to be relocated for /system/app/VisualizationWallpapers/VisualizationWallpapers.apk
05-19 18:19:02.908 1943 1943 I PackageManager: /system/app/webview changed; collecting certs
05-19 18:19:02.937 1943 1943 D PackageManager: No files in app dir /system/vendor/app
05-19 18:19:02.938 1943 1943 D PackageManager: No files in app dir /oem/app
05-19 18:19:02.939 1943 1943 D PackageManager: No files in app dir /data/app
05-19 18:19:02.939 1943 1943 D PackageManager: No files in app dir /data/app-private
05-19 18:19:02.939 1943 1943 W PackageManager: Package com.android.gallery3d desires unavailable shared library com.google.android.media.effects; ignoring!
05-19 18:19:02.939 1943 1943 W PackageManager: Package com.android.gallery3d desires unavailable shared library com.google.android.media.effects; ignoring!
05-19 18:19:02.940 1943 1943 I PackageManager: Adjusting ABI for : com.android.location.fused to x86
05-19 18:19:02.940 1943 1943 I art : DexFile_isDexOptNeeded file /system/priv-app/FusedLocation/x86/FusedLocation.odex needs to be relocated for /system/priv-app/FusedLocation/FusedLocation.apk
05-19 18:19:02.940 1943 1943 I PackageManager: Running patchoat on: com.android.location.fused
05-19 18:19:02.941 2011 2011 E installd: Running /system/bin/patchoat isa=x86 in-fd=5 (/system/priv-app/FusedLocation/x86/FusedLocation.odex) out-fd=6 (/data/dalvik-cache/x86/system@priv-app@FusedLocation@FusedLocation.apk@classes.dex)
05-19 18:19:02.956 1943 1943 I PackageManager: Adjusting ABI for : com.android.settings to x86
05-19 18:19:02.957 1943 1943 I art : DexFile_isDexOptNeeded file /system/priv-app/Settings/x86/Settings.odex needs to be relocated for /system/priv-app/Settings/Settings.apk
05-19 18:19:02.957 1943 1943 I PackageManager: Running patchoat on: com.android.settings
05-19 18:19:02.958 2012 2012 E installd: Running /system/bin/patchoat isa=x86 in-fd=5 (/system/priv-app/Settings/x86/Settings.odex) out-fd=6 (/data/dalvik-cache/x86/system@priv-app@Settings@Settings.apk@classes.dex)
05-19 18:19:03.141 1634 1634 E sdcard : missing packages.list; retrying
05-19 18:19:03.184 1943 1943 I PackageManager: Adjusting ABI for : com.android.providers.settings to x86
05-19 18:19:03.185 1943 1943 I art : DexFile_isDexOptNeeded file /system/priv-app/SettingsProvider/x86/SettingsProvider.odex needs to be relocated for /system/priv-app/SettingsProvider/SettingsProvider.apk
05-19 18:19:03.185 1943 1943 I PackageManager: Running patchoat on: com.android.providers.settings
05-19 18:19:03.186 2013 2013 E installd: Running /system/bin/patchoat isa=x86 in-fd=5 (/system/priv-app/SettingsProvider/x86/SettingsProvider.odex) out-fd=6 (/data/dalvik-cache/x86/system@priv-app@SettingsProvider@SettingsProvider.apk@classes.dex)
05-19 18:19:03.201 1943 1943 I PackageManager: Adjusting ABI for : com.android.keychain to x86
05-19 18:19:03.202 1943 1943 I art : DexFile_isDexOptNeeded file /system/app/KeyChain/x86/KeyChain.odex needs to be relocated for /system/app/KeyChain/KeyChain.apk
05-19 18:19:03.202 1943 1943 I PackageManager: Running patchoat on: com.android.keychain
05-19 18:19:03.203 2014 2014 E installd: Running /system/bin/patchoat isa=x86 in-fd=5 (/system/app/KeyChain/x86/KeyChain.odex) out-fd=6 (/data/dalvik-cache/x86/system@app@KeyChain@KeyChain.apk@classes.dex)
05-19 18:19:03.218 1943 1943 I PackageManager: Adjusting ABI for : com.android.inputdevices to x86
05-19 18:19:03.219 1943 1943 I art : DexFile_isDexOptNeeded file /system/priv-app/InputDevices/x86/InputDevices.odex needs to be relocated for /system/priv-app/InputDevices/InputDevices.apk
05-19 18:19:03.219 1943 1943 I PackageManager: Running patchoat on: com.android.inputdevices
05-19 18:19:03.220 2015 2015 E installd: Running /system/bin/patchoat isa=x86 in-fd=5 (/system/priv-app/InputDevices/x86/InputDevices.odex) out-fd=6 (/data/dalvik-cache/x86/system@priv-app@InputDevices@InputDevices.apk@classes.dex)
05-19 18:19:03.236 1943 1943 I PackageManager: Adjusting ABI for : com.android.server.telecom to x86
05-19 18:19:03.237 1943 1943 I art : DexFile_isDexOptNeeded file /system/priv-app/Telecom/x86/Telecom.odex needs to be relocated for /system/priv-app/Telecom/Telecom.apk
05-19 18:19:03.237 1943 1943 I PackageManager: Running patchoat on: com.android.server.telecom
05-19 18:19:03.238 2016 2016 E installd: Running /system/bin/patchoat isa=x86 in-fd=5 (/system/priv-app/Telecom/x86/Telecom.odex) out-fd=6 (/data/dalvik-cache/x86/system@priv-app@Telecom@Telecom.apk@classes.dex)
05-19 18:19:03.265 1943 1943 I PackageManager: Adjusting ABI for : org.zeroxlab.util.tscal to x86
05-19 18:19:03.265 1943 1943 I art : DexFile_isDexOptNeeded file /system/priv-app/TSCalibration2/x86/TSCalibration2.odex needs to be relocated for /system/priv-app/TSCalibration2/TSCalibration2.apk
05-19 18:19:03.265 1943 1943 I PackageManager: Running patchoat on: org.zeroxlab.util.tscal
05-19 18:19:03.266 2017 2017 E installd: Running /system/bin/patchoat isa=x86 in-fd=5 (/system/priv-app/TSCalibration2/x86/TSCalibration2.odex) out-fd=6 (/data/dalvik-cache/x86/system@priv-app@TSCalibration2@TSCalibration2.apk@classes.dex)
05-19 18:19:03.281 1943 1943 I PackageManager: Time to scan packages: 7.394 seconds
05-19 18:19:03.281 1943 1943 W PackageManager: Unknown permission com.google.android.googleapps.permission.GOOGLE_AUTH in package com.android.providers.calendar
05-19 18:19:03.281 1943 1943 W PackageManager: Unknown permission com.google.android.googleapps.permission.GOOGLE_AUTH.cl in package com.android.providers.calendar
05-19 18:19:03.281 1943 1943 W PackageManager: Not granting permission android.permission.GLOBAL_SEARCH to package com.android.quicksearchbox (protectionLevel=18 flags=0x8be45)
05-19 18:19:03.281 1943 1943 W PackageManager: Not granting permission android.permission.ACCESS_DOWNLOAD_MANAGER to package com.android.browser (protectionLevel=18 flags=0x9be45)
05-19 18:19:03.281 1943 1943 W PackageManager: Not granting permission android.permission.SEND_DOWNLOAD_COMPLETED_INTENTS to package com.android.browser (protectionLevel=2 flags=0x9be45)
05-19 18:19:03.282 1943 1943 W PackageManager: Not granting permission android.permission.BIND_WALLPAPER to package com.android.camera2 (protectionLevel=18 flags=0x58bc45)
05-19 18:19:03.282 1943 1943 W PackageManager: Unknown permission android.permission.INSTALL_DRM in package com.android.mms
05-19 18:19:03.282 1943 1943 W PackageManager: Unknown permission com.google.android.googleapps.permission.GOOGLE_AUTH.mail in package com.android.calendar
05-19 18:19:03.282 1943 1943 W PackageManager: Unknown permission com.android.launcher.permission.READ_SETTINGS in package com.android.onetimeinitializer
05-19 18:19:03.282 1943 1943 W PackageManager: Unknown permission com.android.launcher.permission.WRITE_SETTINGS in package com.android.onetimeinitializer
05-19 18:19:03.282 1943 1943 W PackageManager: Unknown permission com.android.launcher.permission.READ_SETTINGS in package com.cyanogenmod.trebuchet
05-19 18:19:03.283 1943 1943 W PackageManager: Unknown permission com.android.launcher.permission.WRITE_SETTINGS in package com.cyanogenmod.trebuchet
05-19 18:19:03.283 1943 1943 W PackageManager: Not granting permission android.permission.DELETE_PACKAGES to package com.svox.pico (protectionLevel=18 flags=0x8be45)
05-19 18:19:03.283 1943 1943 W PackageManager: Unknown permission com.cyanogenmod.filemanager.permissions.READ_THEME in package com.cyanogenmod.filemanager
05-19 18:19:03.283 1943 1943 W PackageManager: Unknown permission com.google.android.googleapps.permission.GOOGLE_AUTH in package com.android.settings
05-19 18:19:03.284 1943 1943 W PackageManager: Unknown permission com.android.launcher.permission.READ_SETTINGS in package com.android.settings
05-19 18:19:03.284 1943 1943 W PackageManager: Unknown permission com.android.launcher.permission.WRITE_SETTINGS in package com.android.settings
05-19 18:19:03.285 1943 1943 W PackageManager: Unknown permission com.android.smspush.WAPPUSH_MANAGER_BIND in package com.android.phone
05-19 18:19:03.286 1943 1943 W PackageManager: Not granting permission android.permission.DEVICE_POWER to package com.android.deskclock (protectionLevel=2 flags=0x48be45)
05-19 18:19:03.287 1943 1943 W PackageManager: Unknown permission com.google.android.gallery3d.permission.GALLERY_PROVIDER in package com.android.bluetooth
05-19 18:19:03.287 1943 1943 W PackageManager: Unknown permission com.google.android.googleapps.permission.ACCESS_GOOGLE_PASSWORD in package com.android.development
05-19 18:19:03.287 1943 1943 W PackageManager: Unknown permission com.google.android.googleapps.permission.GOOGLE_AUTH in package com.android.development
05-19 18:19:03.287 1943 1943 W PackageManager: Unknown permission com.google.android.googleapps.permission.GOOGLE_AUTH.ALL_SERVICES in package com.android.development
05-19 18:19:03.287 1943 1943 W PackageManager: Unknown permission com.google.android.googleapps.permission.GOOGLE_AUTH.YouTubeUser in package com.android.development
05-19 18:19:03.336 1943 1943 I art : Explicit concurrent mark sweep GC freed 22272(1450KB) AllocSpace objects, 13(196KB) LOS objects, 33% free, 4MB/6MB, paused 580us total 32.458ms
05-19 18:19:03.338 1943 1943 I SystemServer: User Service
05-19 18:19:03.344 1617 1617 I lowmemorykiller: ActivityManager connected
05-19 18:19:03.347 1943 1943 I SystemServiceManager: Starting com.android.server.lights.LightsService
05-19 18:19:03.350 1943 1943 D lights : Detect /sys/class/backlight/radeon_bl0/max_brightness
05-19 18:19:03.350 1943 1943 D lights : Detect /sys/class/backlight/radeon_bl0/brightness
05-19 18:19:03.351 1943 1943 I SystemServiceManager: Starting com.android.server.BatteryService
05-19 18:19:03.360 1943 1943 I SystemServiceManager: Starting com.android.server.usage.UsageStatsService
05-19 18:19:03.369 1943 1943 I UsageStatsDatabase: Upgrading from version 0 to 2
05-19 18:19:03.369 1943 1943 I UsageStatsDatabase: Deleting all usage stats files
05-19 18:19:03.371 1943 1943 I UsageStatsService: User[0] Rollover scheduled @ 2015-05-20 00:00:00(1432080000000)
05-19 18:19:03.371 1943 1943 I SystemServiceManager: Starting com.android.server.webkit.WebViewUpdateService
05-19 18:19:03.373 1943 1943 I SystemServer: Reading configuration...
05-19 18:19:03.373 1943 1943 I SystemServer: Scheduling Policy
05-19 18:19:03.374 1943 1943 I SystemServiceManager: Starting com.android.server.telecom.TelecomLoaderService
05-19 18:19:03.374 1943 1943 I SystemServer: Telephony Registry
05-19 18:19:03.380 1943 1943 I SystemServer: Entropy Mixer
05-19 18:19:03.381 1943 1943 W EntropyMixer: No existing entropy file -- first boot?
05-19 18:19:03.383 1943 1943 I EntropyMixer: Writing entropy...
05-19 18:19:03.384 1943 1943 I SystemServer: Account Manager
05-19 18:19:03.389 1943 1943 I SystemServer: Content Manager
05-19 18:19:03.391 1943 1943 I SystemServer: System Content Providers
05-19 18:19:03.466 1943 1966 D SettingsProvider: User 0 external modification to /data/data/com.android.providers.settings/databases/settings.db; event=2
05-19 18:19:03.466 1943 1966 D SettingsProvider: User 0 updating our caches for /data/data/com.android.providers.settings/databases/settings.db
05-19 18:19:03.475 1943 1943 I SyncManager: No initial accounts
05-19 18:19:03.475 1943 1943 I SyncManager: No initial status
05-19 18:19:03.475 1943 1943 I SyncManager: No initial statistics
05-19 18:19:03.485 1943 1943 D SettingsProvider: Generated and saved new ANDROID_ID [abd74ee591173eb6] for user 0
05-19 18:19:03.490 1943 1943 I SystemServer: Vibrator Service
05-19 18:19:03.492 1943 1943 I SystemServer: Consumer IR Service
05-19 18:19:03.492 1943 1943 E ConsumerIrService: Can't open consumer IR HW Module, error: -2
05-19 18:19:03.493 1943 1943 I SystemServiceManager: Starting com.android.server.AlarmManagerService
05-19 18:19:03.499 1943 1943 I SystemServer: Init Watchdog
05-19 18:19:03.499 1943 1943 I SystemServer: Input Manager
05-19 18:19:03.501 1943 1943 I InputManager: Initializing input manager, mUseDevInputEventForAudioJack=true
05-19 18:19:03.503 1943 1943 I SystemServer: Window Manager
05-19 18:19:03.508 1628 1628 I AudioFlinger: Using module 1 has the primary audio interface
05-19 18:19:03.512 1628 2021 I AudioFlinger: AudioFlinger's thread 0xb58a6000 ready to run
05-19 18:19:03.518 1943 1970 I WindowManager: No existing display settings /data/system/display_settings.xml; starting empty
05-19 18:19:03.519 1628 2022 I AudioFlinger: AudioFlinger's thread 0xb5938000 ready to run
05-19 18:19:03.520 1628 1628 I audio_a2dp_hw: adev_open: adev_open in A2dp_hw module
05-19 18:19:03.520 1628 1628 I AudioFlinger: loadHwModule() Loaded a2dp audio interface from A2DP Audio HW HAL (audio) handle 4
05-19 18:19:03.521 1620 1687 D PermissionCache: checking android.permission.ACCESS_SURFACE_FLINGER for uid=1000 => granted (1133 us)
05-19 18:19:03.526 1628 1628 I AudioFlinger: loadHwModule() Loaded usb audio interface from USB audio HW HAL (audio) handle 5
05-19 18:19:03.527 1628 1628 E SoundTriggerHwService: couldn't load sound trigger module sound_trigger.primary (No such file or directory)
05-19 18:19:03.554 1943 1943 I InputManager: Starting input manager
05-19 18:19:03.556 1943 1943 I SystemServer: Bluetooth Manager Service
05-19 18:19:03.557 1943 2025 D EventHub: No input device configuration file found for device 'Android Power Button'.
05-19 18:19:03.563 1943 1943 D BluetoothManagerService: Loading stored name and address
05-19 18:19:03.563 1943 1943 D BluetoothManagerService: Stored bluetooth Name=null,Address=null
05-19 18:19:03.565 1943 1943 I SystemServer: Input Method Service
05-19 18:19:03.565 1943 2025 W EventHub: Unable to disable kernel key repeat for /dev/input/event13: Function not implemented
05-19 18:19:03.565 1943 2025 I EventHub: New device: id=1, fd=78, path='/dev/input/event13', name='Android Power Button', classes=0x1, configuration='', keyLayout='/system/usr/keylayout/Generic.kl', keyCharacterMap='/system/usr/keychars/Generic.kcm', builtinKeyboard=false, wakeMechanism=EPOLLWAKEUP, usingClockIoctl=true
05-19 18:19:03.565 1943 2025 I EventHub: ignoring event id /dev/input/event3 driver Power Button
05-19 18:19:03.570 1943 2025 D EventHub: No input device configuration file found for device 'Sleep Button'.
05-19 18:19:03.575 1943 2025 W EventHub: Unable to disable kernel key repeat for /dev/input/event1: Function not implemented
05-19 18:19:03.575 1943 2025 I EventHub: New device: id=2, fd=79, path='/dev/input/event1', name='Sleep Button', classes=0x1, configuration='', keyLayout='/system/usr/keylayout/Generic.kl', keyCharacterMap='/system/usr/keychars/Generic.kcm', builtinKeyboard=false, wakeMechanism=EPOLLWAKEUP, usingClockIoctl=true
05-19 18:19:03.575 1943 2025 D EventHub: No input device configuration file found for device 'Lid Switch'.
05-19 18:19:03.575 1943 2025 I EventHub: New device: id=3, fd=80, path='/dev/input/event2', name='Lid Switch', classes=0x80, configuration='', keyLayout='', keyCharacterMap='', builtinKeyboard=false, wakeMechanism=EPOLLWAKEUP, usingClockIoctl=true
05-19 18:19:03.575 1943 2025 I EventHub: ignoring event id /dev/input/event0 driver Power Button
05-19 18:19:03.579 1943 2025 D EventHub: No input device configuration file found for device 'Video Bus'.
05-19 18:19:03.583 1943 2025 W EventHub: Unable to disable kernel key repeat for /dev/input/event4: Function not implemented
05-19 18:19:03.583 1943 2025 I EventHub: New device: id=4, fd=82, path='/dev/input/event4', name='Video Bus', classes=0x1, configuration='', keyLayout='/system/usr/keylayout/Generic.kl', keyCharacterMap='/system/usr/keychars/Generic.kcm', builtinKeyboard=false, wakeMechanism=EPOLLWAKEUP, usingClockIoctl=true
05-19 18:19:03.584 1943 2025 D EventHub: No input device configuration file found for device 'PC Speaker'.
05-19 18:19:03.606 1943 2025 E EventHub: could not open /dev/input/js0, Operation not permitted
05-19 18:19:03.606 1943 2025 E EventHub: could not get driver version for /dev/input/mouse0, Not a typewriter
05-19 18:19:03.618 1943 2025 I EventHub: New device: id=6, fd=83, path='/dev/input/event12', name='ETPS/2 Elantech Touchpad', classes=0x14, configuration='/system/usr/idc/ETPS_2_Elantech_Touchpad.idc', keyLayout='', keyCharacterMap='', builtinKeyboard=false, wakeMechanism=EPOLLWAKEUP, usingClockIoctl=true
05-19 18:19:03.619 1943 2025 D EventHub: No input device configuration file found for device 'AT Translated Set 2 keyboard'.
05-19 18:19:03.624 1943 2025 I EventHub: New device: id=7, fd=84, path='/dev/input/event5', name='AT Translated Set 2 keyboard', classes=0x3, configuration='', keyLayout='/system/usr/keylayout/Generic.kl', keyCharacterMap='/system/usr/keychars/Generic.kcm', builtinKeyboard=false, wakeMechanism=EPOLLWAKEUP, usingClockIoctl=true
05-19 18:19:03.630 1943 2025 E EventHub: could not open /dev/input/event11, Operation not permitted
05-19 18:19:03.630 1943 2025 D EventHub: No input device configuration file found for device 'Acer WMI hotkeys'.
05-19 18:19:03.636 1943 2025 W EventHub: Unable to disable kernel key repeat for /dev/input/event10: Function not implemented
05-19 18:19:03.636 1943 2025 I EventHub: New device: id=8, fd=85, path='/dev/input/event10', name='Acer WMI hotkeys', classes=0x1, configuration='', keyLayout='/system/usr/keylayout/Generic.kl', keyCharacterMap='/system/usr/keychars/Generic.kcm', builtinKeyboard=false, wakeMechanism=EPOLLWAKEUP, usingClockIoctl=true
05-19 18:19:03.636 1943 2025 E EventHub: could not get driver version for /dev/input/mice, Not a typewriter
05-19 18:19:03.648 1943 2025 D EventHub: No input device configuration file found for device 'HD-Audio Generic Headphone'.
05-19 18:19:03.648 1943 2025 I EventHub: New device: id=9, fd=86, path='/dev/input/event7', name='HD-Audio Generic Headphone', classes=0x80, configuration='', keyLayout='', keyCharacterMap='', builtinKeyboard=false, wakeMechanism=EPOLLWAKEUP, usingClockIoctl=true
05-19 18:19:03.648 1943 2025 D EventHub: No input device configuration file found for device 'HD WebCam'.
05-19 18:19:03.653 1943 2025 W EventHub: Unable to disable kernel key repeat for /dev/input/event9: Function not implemented
05-19 18:19:03.653 1943 2025 I EventHub: New device: id=10, fd=87, path='/dev/input/event9', name='HD WebCam', classes=0x80000001, configuration='', keyLayout='/system/usr/keylayout/Generic.kl', keyCharacterMap='/system/usr/keychars/Generic.kcm', builtinKeyboard=false, wakeMechanism=EPOLLWAKEUP, usingClockIoctl=true
05-19 18:19:03.654 1943 2025 D EventHub: No input device configuration file found for device 'HD-Audio Generic HDMI/DP,pcm=3'.
05-19 18:19:03.654 1943 2025 I EventHub: New device: id=11, fd=88, path='/dev/input/event6', name='HD-Audio Generic HDMI/DP,pcm=3', classes=0x80, configuration='', keyLayout='', keyCharacterMap='', builtinKeyboard=false, wakeMechanism=EPOLLWAKEUP, usingClockIoctl=true
05-19 18:19:03.659 1943 2025 I InputReader: Device added: id=-1, name='Virtual', sources=0x00000301
05-19 18:19:03.659 1943 2025 I InputReader: Device added: id=11, name='HD-Audio Generic HDMI/DP,pcm=3', sources=0x80000000
05-19 18:19:03.660 1943 2025 I InputReader: Device added: id=10, name='HD WebCam', sources=0x00000101
05-19 18:19:03.660 1943 2025 I InputReader: Device added: id=9, name='HD-Audio Generic Headphone', sources=0x80000000
05-19 18:19:03.660 1943 2025 I InputReader: Device added: id=8, name='Acer WMI hotkeys', sources=0x00000101
05-19 18:19:03.660 1943 2025 I InputReader: Device added: id=7, name='AT Translated Set 2 keyboard', sources=0x00000101
05-19 18:19:03.661 1943 2025 I InputReader: Touch device 'ETPS/2 Elantech Touchpad' could not query the properties of its associated display. The device will be inoperable until the display size becomes available.
05-19 18:19:03.661 1943 2025 I InputReader: Device added: id=6, name='ETPS/2 Elantech Touchpad', sources=0x00002002
05-19 18:19:03.661 1943 2025 I InputReader: Device added: id=4, name='Video Bus', sources=0x00000101
05-19 18:19:03.661 1943 2025 I InputReader: Device added: id=3, name='Lid Switch', sources=0x80000000
05-19 18:19:03.661 1943 2025 I InputReader: Device added: id=2, name='Sleep Button', sources=0x00000101
05-19 18:19:03.661 1943 2025 I InputReader: Device added: id=1, name='Android Power Button', sources=0x00000101
05-19 18:19:03.668 1943 1943 W InputMethodManagerService: No IME selected. Choose the most applicable IME.
05-19 18:19:03.668 1943 1943 I InputMethodManagerService: Default found, using com.android.inputmethod.latin/.LatinIME
05-19 18:19:03.673 1943 1943 I SystemServer: Accessibility Manager
05-19 18:19:03.680 1943 1943 I ActivityManager: Config changes=1df8 {1.0 ?mcc?mnc en_US ?layoutDir sw768dp w1366dp h768dp 160dpi xlrg long land ?uimode ?night -touch qwerty/v/v -nav/h s.2}
05-19 18:19:03.684 1943 2025 I InputReader: Reconfiguring input devices. changes=0x00000004
05-19 18:19:03.690 1943 2025 I InputReader: Device reconfigured: id=6, name='ETPS/2 Elantech Touchpad', size 1366x768, orientation 0, mode 4, display id 0
05-19 18:19:03.699 1943 1943 I ActivityManager: Config changes=400 {1.0 ?mcc?mnc en_US ?layoutDir sw768dp w1366dp h695dp 160dpi xlrg long land ?uimode ?night -touch qwerty/v/v -nav/h s.3}
05-19 18:19:03.700 1943 1943 I SystemServer: Mount Service
05-19 18:19:03.704 1943 1943 D MountService: got storage path: null description: Internal storage primary: true removable: false emulated: true mtpReserve: 100 allowMassStorage: false maxFileSize: 0
05-19 18:19:03.705 1943 1943 D MountService: addVolumeLocked() StorageVolume:
05-19 18:19:03.705 1943 1943 D MountService: mStorageId=65537 mPath=/storage/emulated/0 mDescriptionId=17040805
05-19 18:19:03.705 1943 1943 D MountService: mPrimary=true mRemovable=false mEmulated=true mMtpReserveSpace=100
05-19 18:19:03.705 1943 1943 D MountService: mAllowMassStorage=false mMaxFileSize=0 mOwner=UserHandle{0} mUuid=null
05-19 18:19:03.705 1943 1943 D MountService: mUserLabel=null mState=null
05-19 18:19:03.705 1943 1943 D MountService: got storage path: /storage/sdcard1 description: SD card primary: false removable: true emulated: false mtpReserve: 0 allowMassStorage: false maxFileSize: 4294967296
05-19 18:19:03.706 1943 1943 D MountService: addVolumeLocked() StorageVolume:
05-19 18:19:03.706 1943 1943 D MountService: mStorageId=0 mPath=/storage/sdcard1 mDescriptionId=17040806 mPrimary=false
05-19 18:19:03.706 1943 1943 D MountService: mRemovable=true mEmulated=false mMtpReserveSpace=0 mAllowMassStorage=false
05-19 18:19:03.706 1943 1943 D MountService: mMaxFileSize=4294967296 mOwner=null mUuid=null mUserLabel=null mState=null
05-19 18:19:03.706 1943 1943 D MountService: got storage path: /storage/usb0 description: USB storage primary: false removable: true emulated: false mtpReserve: 0 allowMassStorage: false maxFileSize: 4294967296
05-19 18:19:03.706 1943 1943 D MountService: addVolumeLocked() StorageVolume:
05-19 18:19:03.706 1943 1943 D MountService: mStorageId=0 mPath=/storage/usb0 mDescriptionId=17040807 mPrimary=false
05-19 18:19:03.706 1943 1943 D MountService: mRemovable=true mEmulated=false mMtpReserveSpace=0 mAllowMassStorage=false
05-19 18:19:03.706 1943 1943 D MountService: mMaxFileSize=4294967296 mOwner=null mUuid=null mUserLabel=null mState=null
05-19 18:19:03.706 1943 1943 D MountService: got storage path: /storage/usb1 description: USB storage primary: false removable: true emulated: false mtpReserve: 0 allowMassStorage: false maxFileSize: 4294967296
05-19 18:19:03.706 1943 1943 D MountService: addVolumeLocked() StorageVolume:
05-19 18:19:03.706 1943 1943 D MountService: mStorageId=0 mPath=/storage/usb1 mDescriptionId=17040807 mPrimary=false
05-19 18:19:03.706 1943 1943 D MountService: mRemovable=true mEmulated=false mMtpReserveSpace=0 mAllowMassStorage=false
05-19 18:19:03.706 1943 1943 D MountService: mMaxFileSize=4294967296 mOwner=null mUuid=null mUserLabel=null mState=null
05-19 18:19:03.706 1943 1943 D MountService: got storage path: /storage/usb2 description: USB storage primary: false removable: true emulated: false mtpReserve: 0 allowMassStorage: false maxFileSize: 4294967296
05-19 18:19:03.706 1943 1943 D MountService: addVolumeLocked() StorageVolume:
05-19 18:19:03.706 1943 1943 D MountService: mStorageId=0 mPath=/storage/usb2 mDescriptionId=17040807 mPrimary=false
05-19 18:19:03.706 1943 1943 D MountService: mRemovable=true mEmulated=false mMtpReserveSpace=0 mAllowMassStorage=false
05-19 18:19:03.706 1943 1943 D MountService: mMaxFileSize=4294967296 mOwner=null mUuid=null mUserLabel=null mState=null
05-19 18:19:03.707 1943 1943 D MountService: got storage path: /storage/usb3 description: USB storage primary: false removable: true emulated: false mtpReserve: 0 allowMassStorage: false maxFileSize: 4294967296
05-19 18:19:03.707 1943 1943 D MountService: addVolumeLocked() StorageVolume:
05-19 18:19:03.707 1943 1943 D MountService: mStorageId=0 mPath=/storage/usb3 mDescriptionId=17040807 mPrimary=false
05-19 18:19:03.707 1943 1943 D MountService: mRemovable=true mEmulated=false mMtpReserveSpace=0 mAllowMassStorage=false
05-19 18:19:03.707 1943 1943 D MountService: mMaxFileSize=4294967296 mOwner=null mUuid=null mUserLabel=null mState=null
05-19 18:19:03.713 1943 1943 W PackageManager: No disk maintenance in 1432059543713; running immediately
05-19 18:19:03.715 1943 1943 I SystemServer: LockSettingsService
05-19 18:19:03.722 1943 1943 I SystemServiceManager: Starting com.android.server.devicepolicy.DevicePolicyManagerService$Lifecycle
05-19 18:19:03.727 1943 1943 I SystemServer: Status Bar
05-19 18:19:03.731 1943 2028 W MountService: Duplicate state transition (unmounted -> unmounted) for /storage/usb0
05-19 18:19:03.731 1943 2028 D MountService: volume state changed for /storage/usb1 (unmounted -> removed)
05-19 18:19:03.731 1943 2028 D MountService: volume state changed for /storage/usb2 (unmounted -> removed)
05-19 18:19:03.731 1943 2028 D MountService: volume state changed for /storage/usb3 (unmounted -> removed)
05-19 18:19:03.732 1943 2026 I MountService: Running fstrim idle maintenance
05-19 18:19:03.734 1619 2029 I fstrim : Starting fstrim work...
05-19 18:19:03.734 1619 2029 I fstrim : Invoking FITRIM ioctl on /cache
05-19 18:19:03.734 1619 2029 E fstrim : FITRIM ioctl failed on /cache (error 25/Not a typewriter)
05-19 18:19:03.734 1619 2029 I fstrim : Finished fstrim work.
05-19 18:19:03.737 1943 1943 I SystemServer: Clipboard Service
05-19 18:19:03.738 1943 2028 I PackageManager: No secure containers found
05-19 18:19:03.738 1943 2028 W PackageManager: Unknown permission com.google.android.googleapps.permission.GOOGLE_AUTH in package com.android.providers.calendar
05-19 18:19:03.738 1943 2028 W PackageManager: Unknown permission com.google.android.googleapps.permission.GOOGLE_AUTH.cl in package com.android.providers.calendar
05-19 18:19:03.739 1943 2028 W PackageManager: Not granting permission android.permission.GLOBAL_SEARCH to package com.android.quicksearchbox (protectionLevel=18 flags=0x8be45)
05-19 18:19:03.739 1943 2028 W PackageManager: Not granting permission android.permission.ACCESS_DOWNLOAD_MANAGER to package com.android.browser (protectionLevel=18 flags=0x9be45)
05-19 18:19:03.739 1943 2028 W PackageManager: Not granting permission android.permission.SEND_DOWNLOAD_COMPLETED_INTENTS to package com.android.browser (protectionLevel=2 flags=0x9be45)
