05-19 18:21:54.264 3703 3703 I SystemServiceManager: Starting com.android.server.pm.LauncherAppsService
05-19 18:21:54.268 3471 3695 E Netd : ifc_reset_connections failed on iface wlan0 for address fe80::5ec9:d3ff:fe3c:f684/64 (Unknown error -1)
05-19 18:21:54.271 3703 3703 I SystemServiceManager: Starting com.android.server.media.projection.MediaProjectionManagerService
05-19 18:21:54.272 3471 3695 E NetlinkEvent: Unknown ifindex 4 in RTM_DELADDR
05-19 18:21:54.283 2988 2988 D wpa_supplicant: nl80211: set_key failed; err=-19 No such device)
05-19 18:21:54.293 3703 3703 I WindowManager: SAFE MODE not enabled
05-19 18:21:54.296 3703 3703 I SystemServiceManager: Starting com.android.server.MmsServiceBroker
05-19 18:21:54.306 3703 3703 E SQLiteLog: (283) recovered 16 frames from WAL file /data/system/locksettings.db-wal
05-19 18:21:54.318 3703 3703 E LockSettingsStorage: Cannot read file java.io.FileNotFoundException: /data/system/password.key: open failed: ENOENT (No such file or directory)
05-19 18:21:54.318 3703 3703 E LockSettingsStorage: Cannot read file java.io.FileNotFoundException: /data/system/gesture.key: open failed: ENOENT (No such file or directory)
05-19 18:21:54.319 3703 3703 I SystemServiceManager: Starting phase 480
05-19 18:21:54.333 3703 3703 I SystemServiceManager: Starting phase 500
05-19 18:21:54.334 3703 3703 I WifiService: WifiService starting up with Wi-Fi enabled
05-19 18:21:54.335 3703 3761 D AssetAtlas: Rendered atlas in 101.17ms (12.18+88.99ms)
05-19 18:21:54.336 3703 3703 D WifiService: setWifiEnabled: true pid=3703, uid=1000
05-19 18:21:54.336 3703 3703 E WifiService: Invoking mWifiStateMachine.setWifiEnabled
05-19 18:21:54.337 3703 3750 D WifiController: WifiController msg { when=0 what=155656 target=com.android.internal.util.StateMachine$SmHandler } deferred for 499ms
05-19 18:21:54.352 3703 3750 D WifiService: New client listening to asynchronous messages
05-19 18:21:54.356 3703 3703 I WifiScanningService: Registering wifiscanner
05-19 18:21:54.368 3703 3703 D WifiScanningService: New client, channel: null messenger: null
05-19 18:21:54.369 3703 3703 I RttService: Registering rttmanager
05-19 18:21:54.370 3703 3768 D WifiChangeStateMachine: Entering IdleState
05-19 18:21:54.370 3703 3768 D WifiScanningService: DefaultState
05-19 18:21:54.372 2988 2988 D wpa_supplicant: wpa_driver_nl80211_set_key: ifindex=0 (wlan0) alg=0 addr=0x0 key_idx=1 set_tx=0 seq_len=0 key_len=0
05-19 18:21:54.372 2988 2988 D wpa_supplicant: nl80211: set_key failed; err=-19 No such device)
05-19 18:21:54.375 3703 3703 I EthernetServiceImpl: Starting Ethernet service
05-19 18:21:54.380 3703 3703 D Ethernet: Registering NetworkFactory
05-19 18:21:54.381 3703 3751 D ConnectivityService: Got NetworkFactory Messenger for Ethernet
05-19 18:21:54.383 3703 3772 D Ethernet: got request NetworkRequest [ id=1, legacyType=-1, [ Capabilities: INTERNET&NOT_RESTRICTED&TRUSTED&NOT_VPN] ] with score 0
05-19 18:21:54.383 3703 3703 D EthernetNetworkFactory: Started tracking interface eth0
05-19 18:21:54.385 3471 3702 D CommandListener: Setting iface cfg
05-19 18:21:54.385 3471 3702 D CommandListener: Trying to bring up eth0
05-19 18:21:54.388 3703 3703 I ActivityManager: Config changes=200 {1.0 ?mcc?mnc en_US ?layoutDir sw768dp w1366dp h695dp 160dpi xlrg long land -touch qwerty/v/v -nav/h s.5}
05-19 18:21:54.396 3703 3703 V BackupManagerService: No ancestral data
05-19 18:21:54.400 3703 3703 D BackupManagerService: Now staging backup of com.android.browser
05-19 18:21:54.400 3703 3703 D BackupManagerService: Now staging backup of android
05-19 18:21:54.400 3703 3703 D BackupManagerService: Now staging backup of com.android.calendar
05-19 18:21:54.400 3703 3703 D BackupManagerService: Now staging backup of com.android.providers.settings
05-19 18:21:54.401 3703 3703 D BackupManagerService: Now staging backup of com.android.sharedstoragebackup
05-19 18:21:54.401 3703 3703 D BackupManagerService: Now staging backup of com.android.dialer
05-19 18:21:54.401 3703 3703 D BackupManagerService: Now staging backup of com.android.providers.userdictionary
05-19 18:21:54.401 3703 3703 V BackupManagerService: Starting with transport android/com.android.internal.backup.LocalTransport
05-19 18:21:54.402 3703 3703 V BackupManagerService: Found transports: 1
05-19 18:21:54.402 3703 3703 I BackupManagerService: Binding to transport host ComponentInfo{android/com.android.internal.backup.LocalTransportService}
05-19 18:21:54.408 3703 3703 I BackupManagerService: Found stale backup journal, scheduling
05-19 18:21:54.415 2988 2988 D wpa_supplicant: wpa_driver_nl80211_set_key: ifindex=0 (wlan0) alg=0 addr=0xb68558b8 key_idx=0 set_tx=0 seq_len=0 key_len=0
05-19 18:21:54.415 2988 2988 D wpa_supplicant: addr=f8:1a:67:b2:14:c6
05-19 18:21:54.415 2988 2988 D wpa_supplicant: nl80211: set_key failed; err=-19 No such device)
05-19 18:21:54.415 2988 2988 D wpa_supplicant: wlan0: State: COMPLETED -> DISCONNECTED
05-19 18:21:54.415 2988 2988 D wpa_supplicant: nl80211: Set wlan0 operstate 1->0 (DORMANT)
05-19 18:21:54.415 2988 2988 D wpa_supplicant: netlink: Operstate: ifindex=4 linkmode=-1 (no change), operstate=5 (IF_OPER_DORMANT)
05-19 18:21:54.415 2988 2988 D wpa_supplicant: CTRL_IFACE monitor[/data/misc/wifi/sockets/wpa_ctrl_1943-2\x00]: 111 - Connection refused
05-19 18:21:54.415 2988 2988 D wpa_supplicant: EAPOL: External notification - portEnabled=0
05-19 18:21:54.415 2988 2988 D wpa_supplicant: EAPOL: SUPP_PAE entering state DISCONNECTED
05-19 18:21:54.415 2988 2988 D wpa_supplicant: EAPOL: Supplicant port status: Unauthorized
05-19 18:21:54.415 2988 2988 D wpa_supplicant: nl80211: Skip set_supp_port(unauthorized) while not associated
05-19 18:21:54.415 2988 2988 D wpa_supplicant: EAPOL: SUPP_BE entering state INITIALIZE
05-19 18:21:54.415 2988 2988 D wpa_supplicant: EAPOL: External notification - portValid=0
05-19 18:21:54.415 2988 2988 D wpa_supplicant: EAPOL: External notification - EAP success=0
05-19 18:21:54.415 2988 2988 D wpa_supplicant: RTM_NEWLINK: ifi_index=4 ifname=wlan0 operstate=2 linkmode=1 ifi_family=0 ifi_flags=0x1002 ()
05-19 18:21:54.415 2988 2988 D wpa_supplicant: nl80211: Interface down
05-19 18:21:54.416 2988 2988 D wpa_supplicant: wlan0: Event INTERFACE_DISABLED (29) received
05-19 18:21:54.416 2988 2988 D wpa_supplicant: wlan0: Interface was disabled
05-19 18:21:54.416 2988 2988 D wpa_supplicant: wlan0: State: DISCONNECTED -> DISCONNECTED
05-19 18:21:54.416 2988 2988 D wpa_supplicant: nl80211: Set wlan0 operstate 0->0 (DORMANT)
05-19 18:21:54.416 2988 2988 D wpa_supplicant: netlink: Operstate: ifindex=4 linkmode=-1 (no change), operstate=5 (IF_OPER_DORMANT)
05-19 18:21:54.416 2988 2988 D wpa_supplicant: EAPOL: External notification - portEnabled=0
05-19 18:21:54.416 2988 2988 D wpa_supplicant: EAPOL: External notification - portValid=0
05-19 18:21:54.416 2988 2988 D wpa_supplicant: wlan0: State: DISCONNECTED -> INTERFACE_DISABLED
05-19 18:21:54.416 2988 2988 D wpa_supplicant: CTRL_IFACE monitor[/data/misc/wifi/sockets/wpa_ctrl_1943-2\x00]: 111 - Connection refused
05-19 18:21:54.444 3703 3727 I DisplayManagerService: Display device changed: DisplayDeviceInfo{"Built-in Screen": uniqueId="local:0", 1366 x 768, 60.000004 fps, supportedRefreshRates [60.000004], density 160, 133.0 x 139.0 dpi, appVsyncOff 0, presDeadline 17666666, touch INTERNAL, rotation 0, type BUILT_IN, state ON, FLAG_DEFAULT_DISPLAY, FLAG_ROTATES_WITH_CONTENT, FLAG_SECURE, FLAG_SUPPORTS_PROTECTED_BUFFERS}
05-19 18:21:54.444 1620 1620 D SurfaceFlinger: Set power mode=2, type=0 flinger=0xb685c000
05-19 18:21:54.444 1620 1620 D SurfaceFlinger: Screen type=0 is already mode=2
05-19 18:21:54.449 3703 3703 I AppOps : Pruning old package media/1013: new uid=-1
05-19 18:21:54.449 3703 3703 I ActivityManager: System now ready
05-19 18:21:54.456 3703 3703 I SystemServer: Making services ready
05-19 18:21:54.456 3703 3703 I SystemServiceManager: Starting phase 550
05-19 18:21:54.459 3703 3703 I SystemServer: WebViewFactory preparation
05-19 18:21:54.461 3703 3703 I Zygote : Process: zygote socket opened, supported ABIS: x86
05-19 18:21:54.471 2988 2988 D wpa_supplicant: nl80211: Interface wlan0 does not exist - ignore RTM_NEWLINK
05-19 18:21:54.471 2988 2988 D wpa_supplicant: RTM_DELLINK: ifi_index=4 ifname=wlan0 operstate=2 linkmode=1 ifi_family=0 ifi_flags=0x1002 ()
05-19 18:21:54.471 2988 2988 D wpa_supplicant: RTM_DELLINK: Interface 'wlan0' removed - mark if_removed=1
05-19 18:21:54.471 2988 2988 D wpa_supplicant: wlan0: Event INTERFACE_STATUS (5) received
05-19 18:21:54.471 2988 2988 D wpa_supplicant: wlan0: Configured interface was removed
05-19 18:21:54.471 2988 2988 D wpa_supplicant: wlan0: State: INTERFACE_DISABLED -> INTERFACE_DISABLED
05-19 18:21:54.478 2988 2988 D wpa_supplicant: RTM_NEWLINK: ifi_index=4 ifname=wlan0 wext ifi_family=0 ifi_flags=0x1043 ([UP][RUNNING])
05-19 18:21:54.483 3703 3703 I ActivityManager: Start proc 3782:WebViewLoader-x86/1037 [android.webkit.WebViewFactory$RelroFileCreator] for
05-19 18:21:54.487 3703 3778 D UsbHostManager: Added device UsbDevice[mName=/dev/bus/usb/006/003,mVendorId=1226,mProductId=12299,mClass=224,mSubclass=1,mProtocol=1,mManufacturerName=null,mProductName=null,mSerialNumber=null,mConfigurations=[
05-19 18:21:54.487 3703 3778 D UsbHostManager: UsbConfiguration[mId=1,mName=null,mAttributes=224,mMaxPower=50,mInterfaces=[
05-19 18:21:54.487 3703 3778 D UsbHostManager: UsbInterface[mId=0,mAlternateSetting=0,mName=null,mClass=224,mSubclass=1,mProtocol=1,mEndpoints=[
05-19 18:21:54.487 3703 3778 D UsbHostManager: UsbEndpoint[mAddress=129,mAttributes=3,mMaxPacketSize=16,mInterval=1]
05-19 18:21:54.487 3703 3778 D UsbHostManager: UsbEndpoint[mAddress=130,mAttributes=2,mMaxPacketSize=64,mInterval=1]
05-19 18:21:54.487 3703 3778 D UsbHostManager: UsbEndpoint[mAddress=2,mAttributes=2,mMaxPacketSize=64,mInterval=1]]
05-19 18:21:54.487 3703 3778 D UsbHostManager: UsbInterface[mId=1,mAlternateSetting=0,mName=null,mClass=224,mSubclass=1,mProtocol=1,mEndpoints=[
05-19 18:21:54.487 3703 3778 D UsbHostManager: UsbEndpoint[mAddress=131,mAttributes=1,mMaxPacketSize=0,mInterval=1]
05-19 18:21:54.487 3703 3778 D UsbHostManager: UsbEndpoint[mAddress=3,mAttributes=1,mMaxPacketSize=0,mInterval=1]]
05-19 18:21:54.487 3703 3778 D UsbHostManager: UsbInterface[mId=1,mAlternateSetting=1,mName=null,mClass=224,mSubclass=1,mProtocol=1,mEndpoints=[
05-19 18:21:54.487 3703 3778 D UsbHostManager: UsbEndpoint[mAddress=131,mAttributes=1,mMaxPacketSize=9,mInterval=1]
05-19 18:21:54.487 3703 3778 D UsbHostManager: UsbEndpoint[mAddress=3,mAttributes=1,mMaxPacketSize=9,mInterval=1]]
05-19 18:21:54.487 3703 3778 D UsbHostManager: UsbInterface[mId=1,mAlternateSetting=2,mName=null,mClass=224,mSubclass=1,mProtocol=1,mEndpoints=[
05-19 18:21:54.487 3703 3778 D UsbHostManager: UsbEndpoint[mAddress=131,mAttributes=1,mMaxPacketSize=17,mInterval=1]
05-19 18:21:54.487 3703 3778 D UsbHostManager: UsbEndpoint[mAddress=3,mAttributes=1,mMaxPacketSize=17,mInterval=1]]
05-19 18:21:54.487 3703 3778 D UsbHostManager: UsbInterface[mId=1,mAlternateSetting=3,mName=null,mClass=224,mSubclass=1,mProtocol=1,mEndpoints=[
05-19 18:21:54.487 3703 3778 D UsbHostManager: UsbEndpoint[mAddress=131,mAttributes=1,mMaxPacketSize=25,mInterval=1]
05-19 18:21:54.487 3703 3778 D UsbHostManager: UsbEndpoint[mAddress=3,mAttributes=1,mMaxPacketSize=25,mInterval=1]]
05-19 18:21:54.487 3703 3778 D UsbHostManager: UsbInterface[mId=1,mAlternateSetting=4,mName=null,mClass=224,mSubclass=1,mProtocol=1,mEndpoints=[
05-19 18:21:54.487 3703 3778 D UsbHostManager: UsbEndpoint[mAddress=131,mAttributes=1,mMaxPacketSize=33,mInterval=1]
05-19 18:21:54.487 3703 3778 D UsbHostManager: UsbEndpoint[mAddress=3,mAttributes=1,mMaxPacketSize=33,mInterval=1]]
05-19 18:21:54.487 3703 3778 D UsbHostManager: UsbInterface[mId=1,mAlternateSetting=5,mName=null,mClass=224,mSubclass=1,mProtocol=1,mEndpoints=[
05-19 18:21:54.487 3703 3778 D UsbHostManager: UsbEndpoint[mAddress=131,mAttributes=1,mMaxPacketSize=49,mInterval=1]
05-19 18:21:54.487 3703 3778 D UsbHostManager: UsbEndpoint[mAddress=3,mAttributes=1,mMaxPacketSize=49,mInterval=1]]]]
05-19 18:21:54.490 3703 3778 W ContextImpl: Calling a method in the system process without a qualified user: android.app.ContextImpl.sendBroadcast:1327 com.android.server.usb.UsbSettingsManager.deviceAttached:741 com.android.server.usb.UsbHostManager.endUsbDeviceAdded:224 com.android.server.usb.UsbHostManager.monitorUsbHostBus:-2 com.android.server.usb.UsbHostManager.access$000:42
05-19 18:21:54.495 3782 3782 V WebViewFactory: RelroFileCreator (64bit = false), 32-bit lib: /system/app/webview/lib/x86/libwebviewchromium.so, 64-bit lib:
05-19 18:21:54.529 3782 3782 I art : System.exit called, status: 0
05-19 18:21:54.529 3782 3782 I AndroidRuntime: VM exiting with result code 0, cleanup skipped.
05-19 18:21:54.542 3703 3703 I ActivityManager: Start proc 3800:com.android.systemui/u0a13 for service com.android.systemui/.SystemUIService
05-19 18:21:54.543 3703 3703 D NetworkManagementService: not enabling bandwidth control
05-19 18:21:54.544 1619 1682 I Vold : /dev/block/vold/8:17 being considered for volume usb0
05-19 18:21:54.544 1619 1682 D Vold : Volume usb0 state changing 1 (Idle-Unmounted) -> 3 (Checking)
05-19 18:21:54.546 3703 3724 D MountService: volume state changed for /storage/usb0 (unmounted -> checking)
05-19 18:21:54.546 3703 3724 D MountService: sendStorageIntent Intent { act=android.intent.action.MEDIA_CHECKING dat=file:///storage/usb0 flg=0x4000000 (has extras) } to UserHandle{-1}
05-19 18:21:54.551 2988 2988 D wpa_supplicant: nl80211: Ignore interface up event since interface wlan0 does not exist
05-19 18:21:54.556 1619 1682 I fsck_msdos: ** /dev/block/vold/8:17
05-19 18:21:54.558 1619 1682 I fsck_msdos: Invalid sector size: 37008
05-19 18:21:54.559 1619 1682 I fsck_msdos: fsck_msdos terminated by exit(8)
05-19 18:21:54.559 1619 1682 E Vold : Filesystem check failed (unknown exit code 8)
05-19 18:21:54.559 1619 1682 E Vold : /dev/block/vold/8:17 failed FS checks (I/O error)
05-19 18:21:54.559 1619 1682 D Vold : Volume usb0 state changing 3 (Checking) -> 1 (Idle-Unmounted)
05-19 18:21:54.559 1619 1682 W Vold : Returning OperationFailed - no handler for errno 0
05-19 18:21:54.560 3703 3724 D MountService: volume state changed for /storage/usb0 (checking -> unmounted)
05-19 18:21:54.560 3703 3724 D MountService: sendStorageIntent Intent { act=android.intent.action.MEDIA_UNMOUNTED dat=file:///storage/usb0 flg=0x4000000 (has extras) } to UserHandle{-1}
05-19 18:21:54.561 3703 3742 E MountService: Boot-time mount failed (-1)
05-19 18:21:54.564 3703 3742 E MountService: Boot-time mount failed (-1)
05-19 18:21:54.564 3703 3742 W MountService: Duplicate state transition (mounted -> mounted) for /storage/emulated/0
05-19 18:21:54.596 3703 3722 I ActivityManager: Start proc 3822:com.android.externalstorage/u0a6 for broadcast com.android.externalstorage/.MountReceiver
05-19 18:21:54.614 3703 3778 D UsbHostManager: Added device UsbDevice[mName=/dev/bus/usb/003/003,mVendorId=1266,mProductId=46038,mClass=239,mSubclass=2,mProtocol=1,mManufacturerName=SunplusIT INC.,mProductName=HD WebCam,mSerialNumber=null,mConfigurations=[
05-19 18:21:54.614 3703 3778 D UsbHostManager: UsbConfiguration[mId=1,mName=null,mAttributes=128,mMaxPower=250,mInterfaces=[
05-19 18:21:54.614 3703 3778 D UsbHostManager: UsbInterface[mId=0,mAlternateSetting=0,mName=HD WebCam,mClass=14,mSubclass=1,mProtocol=0,mEndpoints=[
05-19 18:21:54.614 3703 3778 D UsbHostManager: UsbEndpoint[mAddress=135,mAttributes=3,mMaxPacketSize=16,mInterval=8]]
05-19 18:21:54.614 3703 3778 D UsbHostManager: UsbInterface[mId=1,mAlternateSetting=0,mName=null,mClass=14,mSubclass=2,mProtocol=0,mEndpoints=[]
05-19 18:21:54.614 3703 3778 D UsbHostManager: UsbInterface[mId=1,mAlternateSetting=1,mName=null,mClass=14,mSubclass=2,mProtocol=0,mEndpoints=[
05-19 18:21:54.614 3703 3778 D UsbHostManager: UsbEndpoint[mAddress=129,mAttributes=5,mMaxPacketSize=192,mInterval=1]]
05-19 18:21:54.614 3703 3778 D UsbHostManager: UsbInterface[mId=1,mAlternateSetting=2,mName=null,mClass=14,mSubclass=2,mProtocol=0,mEndpoints=[
05-19 18:21:54.614 3703 3778 D UsbHostManager: UsbEndpoint[mAddress=129,mAttributes=5,mMaxPacketSize=384,mInterval=1]]
05-19 18:21:54.614 3703 3778 D UsbHostManager: UsbInterface[mId=1,mAlternateSetting=3,mName=null,mClass=14,mSubclass=2,mProtocol=0,mEndpoints=[
05-19 18:21:54.614 3703 3778 D UsbHostManager: UsbEndpoint[mAddress=129,mAttributes=5,mMaxPacketSize=512,mInterval=1]]
05-19 18:21:54.614 3703 3778 D UsbHostManager: UsbInterface[mId=1,mAlternateSetting=4,mName=null,mClass=14,mSubclass=2,mProtocol=0,mEndpoints=[
05-19 18:21:54.614 3703 3778 D UsbHostManager: UsbEndpoint[mAddress=129,mAttributes=5,mMaxPacketSize=640,mInterval=1]]
05-19 18:21:54.614 3703 3778 D UsbHostManager: UsbInterface[mId=1,mAlternateSetting=5,mName=null,mClass=14,mSubclass=2,mProtocol=0,mEndpoints=[
05-19 18:21:54.614 3703 3778 D UsbHostManager: UsbEndpoint[mAddress=129,mAttributes=5,mMaxPacketSize=800,mInterval=1]]
05-19 18:21:54.614 3703 3778 D UsbHostManager: UsbInterface[mId=1,mAlternateSetting=6,mName=null,mClass=14,mSubclass=2,mProtocol=0,mEndpoints=[
05-19 18:21:54.614 3703 3778 D UsbHostManager: UsbEndpoint[mAddress=129,mAttributes=5,mMaxPacketSize=944,mInterval=1]]
05-19 18:21:54.614 3703 3778 D UsbHostManager: UsbInterface[mId=1,mAlternateSetting=7,mName=null,mClass=14,mSubclass=2,mProtocol=0,mEndpoints=[
05-19 18:21:54.614 3703 3778 D UsbHostManager: UsbEndpoint[mAddress=129,mAttributes=5,mMaxPacketSize=2688,mInterval=1]]
05-19 18:21:54.614 3703 3778 D UsbHostManager: UsbInterface[mId=1,mAlternateSetting=8,mName=null,mClass=14,mSubclass=2,mProtocol=0,mEndpoints=[
05-19 18:21:54.614 3703 3778 D UsbHostManager: UsbEndpoint[mAddress=129,mAttributes=5,mMaxPacketSize=2848,mInterval=1]]
05-19 18:21:54.614 3703 3778 D UsbHostManager: UsbInterface[mId=1,mAlternateSetting=9,mName=null,mClass=14,mSubclass=2,mProtocol=0,mEndpoints=[
05-19 18:21:54.614 3703 3778 D UsbHostManager: UsbEndpoint[mAddress=129,mAttributes=5,mMaxPacketSize=3040,mInterval=1]]
05-19 18:21:54.614 3703 3778 D UsbHostManager: UsbInterface[mId=1,mAlternateSetting=10,mName=null,mClass=14,mSubclass=2,mProtocol=0,mEndpoints=[
05-19 18:21:54.614 3703 3778 D UsbHostManager: UsbEndpoint[mAddress=129,mAttributes=5,mMaxPacketSize=5056,mInterval=1]]
05-19 18:21:54.614 3703 3778 D UsbHostManager: UsbInterface[mId=1,mAlternateSetting=11,mName=null,mClass=14,mSubclass=2,mProtocol=0,mEndpoints=[
05-19 18:21:54.614 3703 3778 D UsbHostManager: UsbEndpoint[mAddress=129,mAttributes=5,mMaxPacketSize=5116,mInterval=1]]]]
05-19 18:21:54.614 3703 3778 W ContextImpl: Calling a method in the system process without a qualified user: android.app.ContextImpl.sendBroadcast:1327 com.android.server.usb.UsbSettingsManager.deviceAttached:741 com.android.server.usb.UsbHostManager.endUsbDeviceAdded:224 com.android.server.usb.UsbHostManager.monitorUsbHostBus:-2 com.android.server.usb.UsbHostManager.access$000:42
05-19 18:21:54.622 3703 3778 D UsbHostManager: Added device UsbDevice[mName=/dev/bus/usb/003/002,mVendorId=1921,mProductId=21863,mClass=0,mSubclass=0,mProtocol=0,mManufacturerName=SanDisk,mProductName=Cruzer Blade,mSerialNumber=200429081318A2F002E6,mConfigurations=[
05-19 18:21:54.622 3703 3778 D UsbHostManager: UsbConfiguration[mId=1,mName=null,mAttributes=128,mMaxPower=100,mInterfaces=[
05-19 18:21:54.622 3703 3778 D UsbHostManager: UsbInterface[mId=0,mAlternateSetting=0,mName=null,mClass=8,mSubclass=6,mProtocol=80,mEndpoints=[
05-19 18:21:54.622 3703 3778 D UsbHostManager: UsbEndpoint[mAddress=129,mAttributes=2,mMaxPacketSize=512,mInterval=0]
05-19 18:21:54.622 3703 3778 D UsbHostManager: UsbEndpoint[mAddress=2,mAttributes=2,mMaxPacketSize=512,mInterval=1]]]]
05-19 18:21:54.622 3703 3778 W ContextImpl: Calling a method in the system process without a qualified user: android.app.ContextImpl.sendBroadcast:1327 com.android.server.usb.UsbSettingsManager.deviceAttached:741 com.android.server.usb.UsbHostManager.endUsbDeviceAdded:224 com.android.server.usb.UsbHostManager.monitorUsbHostBus:-2 com.android.server.usb.UsbHostManager.access$000:42
05-19 18:21:54.636 3703 3703 W NetworkStats: bandwidth controls disabled, unable to track stats
05-19 18:21:54.637 3703 3703 W NetworkPolicy: bandwidth controls disabled, unable to enforce policy
05-19 18:21:54.642 2988 2988 D wpa_supplicant: nl80211: Interface wlan0 does not exist - ignore RTM_NEWLINK
05-19 18:21:54.642 2988 2988 D wpa_supplicant: nl80211: Event message available
05-19 18:21:54.642 2988 2988 D wpa_supplicant: nl80211: Drv Event 48 (NL80211_CMD_DISCONNECT) received for wlan0
05-19 18:21:54.642 2988 2988 D wpa_supplicant: nl80211: Ignore disconnect event when using userspace SME
05-19 18:21:54.643 2988 2988 D wpa_supplicant: l2_packet_receive - recvfrom: Network is down
05-19 18:21:54.647 3800 3800 V SystemUIService: Starting SystemUI services.
05-19 18:21:54.697 3822 3822 D ExternalStorage: After updating volumes, found 1 active roots
05-19 18:21:54.702 3703 3829 V FingerprintService: startListening(android.service.fingerprint.IFingerprintServiceReceiver$Stub$Proxy@1fc6aabb)
05-19 18:21:54.703 3822 3822 D ExternalStorage: After updating volumes, found 1 active roots
05-19 18:21:54.718 3703 3716 I art : Background partial concurrent mark sweep GC freed 11322(892KB) AllocSpace objects, 5(80KB) LOS objects, 33% free, 6MB/9MB, paused 1.063ms total 105.106ms
05-19 18:21:54.743 3472 3852 E WVMExtractor: Failed to open libwvm.so: dlopen failed: library "libwvm.so" not found
05-19 18:21:54.743 3703 3703 D PermissionMonitor: Monitoring
05-19 18:21:54.754 3703 3829 I ActivityManager: Start proc 3854:android.process.media/u0a5 for broadcast com.android.providers.media/.MediaScannerReceiver
05-19 18:21:54.756 3472 3472 D NuPlayerDriver: start(0xb584eca0)
05-19 18:21:54.756 3472 3851 I GenericSource: start
05-19 18:21:54.761 3703 3703 D PermissionMonitor: Users: 1, Apps: 56
05-19 18:21:54.771 3703 3703 I SystemServiceManager: Starting phase 600
05-19 18:21:54.772 3703 3726 D BluetoothManagerService: Message: 20
05-19 18:21:54.772 3703 3726 D BluetoothManagerService: Added callback: android.bluetooth.BluetoothAdapter$1@1af3b8ab:true
05-19 18:21:54.774 3703 3758 D BluetoothManagerService: Trying to bind to profile: 1, while Bluetooth was disabled
05-19 18:21:54.774 3703 3726 D BluetoothManagerService: Message: 30
05-19 18:21:54.775 3703 3726 D BluetoothManagerService: Message: 30
05-19 18:21:54.785 3703 3703 I BackupManagerService: Backup enabled => false
05-19 18:21:54.788 3703 3703 I BackupManagerService: Opting out of backup
05-19 18:21:54.809 3703 3703 E InputMethodManagerService: Ignoring setImeWindowStatus due to an invalid token. uid:1000 token:null
05-19 18:21:54.821 3472 3865 W OMXNodeInstance: [e:google.mpeg4.decoder] component does not support metadata mode; using fallback
05-19 18:21:54.825 3472 3865 W OMXNodeInstance: [f:google.h263.decoder] component does not support metadata mode; using fallback
05-19 18:21:54.828 3472 3865 W OMXNodeInstance: [10:google.h264.decoder] component does not support metadata mode; using fallback
05-19 18:21:54.836 3472 3865 D SoftHEVC: Number of CPU cores: 2
05-19 18:21:54.836 3472 3865 D SoftHEVC: Initializing decoder
05-19 18:21:54.836 3472 3865 D SoftHEVC: Set number of cores to 2
05-19 18:21:54.836 3472 3865 D SoftHEVC: Ittiam decoder version number: @(#)Id:HEVCDEC_production Ver:04.01 Released by ITTIAM Build: May 5 2015 @ 02:24:41
05-19 18:21:54.836 3472 3865 W OMXNodeInstance: [11:google.hevc.decoder] component does not support metadata mode; using fallback
05-19 18:21:54.837 3472 3865 D SoftHEVC: Freeing codec memory
05-19 18:21:54.837 3472 3865 D SoftHEVC: Number of CPU cores: 2
05-19 18:21:54.837 3472 3865 D SoftHEVC: Initializing decoder
05-19 18:21:54.837 3472 3865 D SoftHEVC: Set number of cores to 2
05-19 18:21:54.837 3472 3865 D SoftHEVC: Ittiam decoder version number: @(#)Id:HEVCDEC_production Ver:04.01 Released by ITTIAM Build: May 5 2015 @ 02:24:41
05-19 18:21:54.838 3472 3865 D SoftHEVC: In SoftHEVC::~SoftHEVC
05-19 18:21:54.838 3472 3865 D SoftHEVC: Freeing codec memory
05-19 18:21:54.840 3472 3865 W OMXNodeInstance: [12:google.vp8.decoder] component does not support metadata mode; using fallback
05-19 18:21:54.841 3703 3750 D WifiController: DEFERRED_TOGGLE handled
05-19 18:21:54.851 3472 3865 W OMXNodeInstance: [13:google.vp9.decoder] component does not support metadata mode; using fallback
05-19 18:21:54.854 3472 3865 I SoftMPEG4Encoder: Construct SoftMPEG4Encoder
05-19 18:21:54.854 3472 3865 W ACodec : do not know color format 0x7f000789 = 2130708361
05-19 18:21:54.857 3472 3865 I SoftAVCEncoder: Construct SoftAVCEncoder
05-19 18:21:54.857 3472 3865 W ACodec : do not know color format 0x7f000789 = 2130708361
05-19 18:21:54.862 3472 3865 I SoftMPEG4Encoder: Construct SoftMPEG4Encoder
05-19 18:21:54.862 3472 3865 W ACodec : do not know color format 0x7f000789 = 2130708361
05-19 18:21:54.866 3472 3865 W ACodec : do not know color format 0x7f000789 = 2130708361
05-19 18:21:54.875 3703 3749 I WifiHW : got module path /system/lib/modules/4.0.3-android-x86/kernel/drivers/net/wireless/ath/ath9k/ath9k.ko
05-19 18:21:54.891 3472 3472 D NuPlayerDriver: reset(0xb584eca0)
05-19 18:21:54.895 3472 3851 D NuPlayerDriver: notifyResetComplete(0xb584eca0)
05-19 18:21:54.900 3703 3703 I ActivityManager: Start proc 3928:com.android.inputmethod.latin/u0a35 for service com.android.inputmethod.latin/.LatinIME
05-19 18:21:54.900 3703 3703 V InputMethodManagerService: Adding window token: android.os.Binder@12558267
05-19 18:21:54.918 3703 3703 D gps_serial: GPS dev open_gps
05-19 18:21:54.918 3703 3703 D gps_serial: GPS dev get_hardware_interface
05-19 18:21:54.926 3472 3759 D NuPlayerDriver: start(0xb584edc0)
05-19 18:21:54.926 3472 3914 I GenericSource: start
05-19 18:21:54.928 3703 3703 D GpsLocationProvider: Reset GPS properties, previous size = 0
05-19 18:21:54.928 3703 3703 D GpsLocationProvider: GpsParamsResource: SUPL_HOST=supl.google.com
05-19 18:21:54.929 3703 3703 D GpsLocationProvider: GpsParamsResource: SUPL_PORT=7275
05-19 18:21:54.929 3703 3703 D GpsLocationProvider: GpsParamsResource: NTP_SERVER=north-america.pool.ntp.org
05-19 18:21:54.929 3703 3703 D GpsLocationProvider: GpsParamsResource: SUPL_VER=0x20000
05-19 18:21:54.929 3703 3703 D GpsLocationProvider: GpsParamsResource: SUPL_MODE=1
05-19 18:21:54.930 3703 3703 D GpsLocationProvider: GPS properties reloaded, size = 8
05-19 18:21:54.932 3703 3703 E GpsLocationProvider: no AGPS interface in set_agps_server
05-19 18:21:54.934 3703 3703 E GpsLocationProvider: no GPS configuration interface in configuraiton_update
05-19 18:21:54.935 3703 3703 D GpsLocationProvider: final config = #Tue May 19 18:21:54 GMT+00:00 2015
05-19 18:21:54.935 3703 3703 D GpsLocationProvider: SUPL_VER=0x20000
05-19 18:21:54.935 3703 3703 D GpsLocationProvider: SUPL_HOST=supl.google.com
05-19 18:21:54.935 3703 3703 D GpsLocationProvider: XTRA_SERVER_3=http\://xtra3.gpsonextra.net/xtra.bin
05-19 18:21:54.935 3703 3703 D GpsLocationProvider: XTRA_SERVER_1=http\://xtra1.gpsonextra.net/xtra.bin
05-19 18:21:54.935 3703 3703 D GpsLocationProvider: SUPL_PORT=7275
05-19 18:21:54.935 3703 3703 D GpsLocationProvider: XTRA_SERVER_2=http\://xtra2.gpsonextra.net/xtra.bin
05-19 18:21:54.935 3703 3703 D GpsLocationProvider: NTP_SERVER=north-america.pool.ntp.org
05-19 18:21:54.935 3703 3703 D GpsLocationProvider: SUPL_MODE=1
05-19 18:21:54.936 2988 2988 D wpa_supplicant: nl80211: Event message available
05-19 18:21:54.936 2988 2988 D wpa_supplicant: nl80211: Drv Event 36 (NL80211_CMD_REG_CHANGE) received for wlan0
05-19 18:21:54.936 2988 2988 D wpa_supplicant: nl80211: Regulatory domain change
05-19 18:21:54.936 2988 2988 D wpa_supplicant: * initiator=2
05-19 18:21:54.936 2988 2988 D wpa_supplicant: * type=2
05-19 18:21:54.936 2988 2988 D wpa_supplicant: wlan0: Ignore event CHANNEL_LIST_CHANGED (30) while interface is disabled
05-19 18:21:54.942 3472 3756 D NuPlayerDriver: start(0xb502f1c0)
05-19 18:21:54.943 3472 3933 I GenericSource: start
05-19 18:21:54.954 2988 2988 D wpa_supplicant: nl80211: Update ifindex for a removed interface
05-19 18:21:54.955 2988 2988 D wpa_supplicant: nl80211: TDLS supported
05-19 18:21:54.955 2988 2988 D wpa_supplicant: nl80211: TDLS external setup
05-19 18:21:54.955 2988 2988 D wpa_supplicant: nl80211: Supported cipher 00-0f-ac:1
05-19 18:21:54.955 2988 2988 D wpa_supplicant: nl80211: Supported cipher 00-0f-ac:5
05-19 18:21:54.955 2988 2988 D wpa_supplicant: nl80211: Supported cipher 00-0f-ac:2
05-19 18:21:54.955 2988 2988 D wpa_supplicant: nl80211: Supported cipher 00-0f-ac:4
05-19 18:21:54.955 2988 2988 D wpa_supplicant: nl80211: Supported cipher 00-0f-ac:10
05-19 18:21:54.955 2988 2988 D wpa_supplicant: nl80211: Supported cipher 00-0f-ac:8
05-19 18:21:54.955 2988 2988 D wpa_supplicant: nl80211: Supported cipher 00-0f-ac:9
05-19 18:21:54.956 2988 2988 D wpa_supplicant: nl80211: Supported cipher 00-0f-ac:6
05-19 18:21:54.956 2988 2988 D wpa_supplicant: nl80211: Supported cipher 00-0f-ac:13
05-19 18:21:54.956 2988 2988 D wpa_supplicant: nl80211: Supported cipher 00-0f-ac:11
05-19 18:21:54.956 2988 2988 D wpa_supplicant: nl80211: Supported cipher 00-0f-ac:12
05-19 18:21:54.956 2988 2988 D wpa_supplicant: nl80211: Using driver-based off-channel TX
05-19 18:21:54.956 2988 2988 D wpa_supplicant: nl80211: Use separate P2P group interface (driver advertised support)
05-19 18:21:54.956 2988 2988 D wpa_supplicant: nl80211: interface wlan0 in phy phy1
05-19 18:21:54.956 2988 2988 D wpa_supplicant: nl80211: Set mode ifindex 6 iftype 2 (STATION)
05-19 18:21:54.956 2988 2988 D wpa_supplicant: nl80211: Unsubscribe mgmt frames handle 0x3e0bea39 (mode change)
05-19 18:21:54.956 2988 2988 D wpa_supplicant: nl80211: Subscribe to mgmt frames with non-AP handle 0xb68362b0
05-19 18:21:54.957 2988 2988 D wpa_supplicant: nl80211: Register frame type=0xd0 (WLAN_FC_STYPE_ACTION) nl_handle=0xb68362b0 match=0104
05-19 18:21:54.957 2988 2988 D wpa_supplicant: nl80211: Register frame type=0xd0 (WLAN_FC_STYPE_ACTION) nl_handle=0xb68362b0 match=040a
05-19 18:21:54.957 2988 2988 D wpa_supplicant: nl80211: Register frame type=0xd0 (WLAN_FC_STYPE_ACTION) nl_handle=0xb68362b0 match=040b
05-19 18:21:54.957 2988 2988 D wpa_supplicant: nl80211: Register frame type=0xd0 (WLAN_FC_STYPE_ACTION) nl_handle=0xb68362b0 match=040c
05-19 18:21:54.957 2988 2988 D wpa_supplicant: nl80211: Register frame type=0xd0 (WLAN_FC_STYPE_ACTION) nl_handle=0xb68362b0 match=040d
05-19 18:21:54.957 2988 2988 D wpa_supplicant: nl80211: Register frame type=0xd0 (WLAN_FC_STYPE_ACTION) nl_handle=0xb68362b0 match=090a
05-19 18:21:54.958 2988 2988 D wpa_supplicant: nl80211: Register frame type=0xd0 (WLAN_FC_STYPE_ACTION) nl_handle=0xb68362b0 match=090b
05-19 18:21:54.958 2988 2988 D wpa_supplicant: nl80211: Register frame type=0xd0 (WLAN_FC_STYPE_ACTION) nl_handle=0xb68362b0 match=090c
05-19 18:21:54.958 2988 2988 D wpa_supplicant: nl80211: Register frame type=0xd0 (WLAN_FC_STYPE_ACTION) nl_handle=0xb68362b0 match=090d
05-19 18:21:54.958 2988 2988 D wpa_supplicant: nl80211: Register frame type=0xd0 (WLAN_FC_STYPE_ACTION) nl_handle=0xb68362b0 match=0409506f9a09
05-19 18:21:54.958 2988 2988 D wpa_supplicant: nl80211: Register frame type=0xd0 (WLAN_FC_STYPE_ACTION) nl_handle=0xb68362b0 match=7f506f9a09
05-19 18:21:54.958 2988 2988 D wpa_supplicant: nl80211: Register frame type=0xd0 (WLAN_FC_STYPE_ACTION) nl_handle=0xb68362b0 match=0801
05-19 18:21:54.958 2988 2988 D wpa_supplicant: nl80211: Register frame type=0xd0 (WLAN_FC_STYPE_ACTION) nl_handle=0xb68362b0 match=040e
05-19 18:21:54.958 2988 2988 D wpa_supplicant: nl80211: Register frame type=0xd0 (WLAN_FC_STYPE_ACTION) nl_handle=0xb68362b0 match=06
05-19 18:21:54.959 2988 2988 D wpa_supplicant: nl80211: Register frame type=0xd0 (WLAN_FC_STYPE_ACTION) nl_handle=0xb68362b0 match=0a07
05-19 18:21:54.959 2988 2988 D wpa_supplicant: nl80211: Register frame type=0xd0 (WLAN_FC_STYPE_ACTION) nl_handle=0xb68362b0 match=0a11
05-19 18:21:54.959 2988 2988 D wpa_supplicant: nl80211: Register frame type=0xd0 (WLAN_FC_STYPE_ACTION) nl_handle=0xb68362b0 match=0a1a
05-19 18:21:54.959 3800 3800 W ResourceType: No package identifier when getting value for resource number 0x00000000
05-19 18:21:54.960 3800 3800 W PackageManager: Failure retrieving resources for com.android.settings: Resource ID #0x0
05-19 18:21:54.980 3703 3703 W LocationManagerService: no network location provider found
05-19 18:21:54.986 3472 3759 D NuPlayerDriver: reset(0xb584edc0)
05-19 18:21:54.992 3472 3914 D NuPlayerDriver: notifyResetComplete(0xb584edc0)
05-19 18:21:54.998 3703 3749 E WifiStateMachine: Failed to reload STA firmware java.lang.IllegalArgumentException: command '14 softap fwreload wlan0 STA' failed with '501 14 SoftAP command has failed'
05-19 18:21:55.008 3854 3854 E SQLiteLog: (283) recovered 99 frames from WAL file /data/data/com.android.providers.media/databases/external.db-wal
05-19 18:21:55.014 3703 3703 E LocationManagerService: no geocoder provider found
05-19 18:21:55.014 3703 3703 E FlpHardwareProvider: Error hw_get_module 'flp': -2
05-19 18:21:55.015 3703 3703 E LocationManagerService: FLP HAL not supported
05-19 18:21:55.019 3471 3702 D CommandListener: Setting iface cfg
05-19 18:21:55.021 3471 3702 D CommandListener: Trying to bring down wlan0
05-19 18:21:55.029 2988 2988 D wpa_supplicant: netlink: Operstate: ifindex=6 linkmode=1 (userspace-control), operstate=5 (IF_OPER_DORMANT)
05-19 18:21:55.040 3472 3756 D NuPlayerDriver: reset(0xb502f1c0)
05-19 18:21:55.042 2988 2988 D wpa_supplicant: RTM_NEWLINK: ifi_index=6 ifname=wlan0 operstate=2 linkmode=0 ifi_family=0 ifi_flags=0x1002 ()
05-19 18:21:55.042 2988 2988 D wpa_supplicant: nl80211: Mark if_removed=0 for wlan0 based on RTM_NEWLINK event
05-19 18:21:55.042 2988 2988 D wpa_supplicant: wlan0: Event INTERFACE_STATUS (5) received
05-19 18:21:55.042 2988 2988 D wpa_supplicant: wlan0: Configured interface was added
05-19 18:21:55.046 3703 3703 E LocationManagerService: Unable to bind FLP Geofence proxy.
05-19 18:21:55.046 3703 3703 E ActivityRecognitionHardware: Error hw_get_module: -2
05-19 18:21:55.046 2988 2988 D wpa_supplicant: wlan0: Own MAC address: 5c:c9:d3:3c:f6:84
05-19 18:21:55.046 2988 2988 D wpa_supplicant: wlan0: RSN: flushing PMKID list in the driver
05-19 18:21:55.046 2988 2988 D wpa_supplicant: nl80211: Flush PMKIDs
05-19 18:21:55.046 3703 3703 E LocationManagerService: Hardware Activity-Recognition not supported.
05-19 18:21:55.046 2988 2988 D wpa_supplicant: wlan0: State: INTERFACE_DISABLED -> DISCONNECTED
05-19 18:21:55.046 2988 2988 D wpa_supplicant: nl80211: Set wlan0 operstate 0->0 (DORMANT)
05-19 18:21:55.046 2988 2988 D wpa_supplicant: netlink: Operstate: ifindex=6 linkmode=-1 (no change), operstate=5 (IF_OPER_DORMANT)
05-19 18:21:55.046 2988 2988 D wpa_supplicant: CTRL_IFACE monitor[/data/misc/wifi/sockets/wpa_ctrl_1943-2\x00]: 111 - Connection refused
05-19 18:21:55.046 2988 2988 D wpa_supplicant: wlan0: Setting scan request: 0.100000 sec
05-19 18:21:55.046 2988 2988 D wpa_supplicant: RTM_NEWLINK: ifi_index=6 ifname=wlan0 operstate=0 linkmode=0 ifi_family=0 ifi_flags=0x1043 ([UP][RUNNING])
05-19 18:21:55.046 2988 2988 D wpa_supplicant: nl80211: Ignore interface up event since interface wlan0 is down
05-19 18:21:55.046 2988 2988 D wpa_supplicant: RTM_NEWLINK: ifi_index=6 ifname=wlan0 operstate=2 linkmode=0 ifi_family=0 ifi_flags=0x1002 ()
05-19 18:21:55.047 2988 2988 D wpa_supplicant: l2_packet_receive - recvfrom: Network is down
05-19 18:21:55.049 3471 3702 D CommandListener: Clearing all IP addresses on wlan0
05-19 18:21:55.052 3703 3749 E WifiMonitor: killSupplicant p2pfalse init.svc.wpa_supplicant=unknown init.svc.p2p_supplicant=unknown
05-19 18:21:55.054 3472 3933 D NuPlayerDriver: notifyResetComplete(0xb502f1c0)
05-19 18:21:55.061 3703 3703 I CommonTimeManagementService: No common time service detected on this platform. Common time services will be unavailable.
05-19 18:21:55.063 3703 3741 I InputReader: Reconfiguring input devices. changes=0x00000020
05-19 18:21:55.069 3703 3741 I InputReader: Reconfiguring input devices. changes=0x00000010
05-19 18:21:55.071 3703 3703 I MmsServiceBroker: Delay connecting to MmsService until an API is called
05-19 18:21:55.072 3703 3703 W VoiceInteractionManagerService: no available voice interaction services found for user 0
05-19 18:21:55.072 3703 3703 W VoiceInteractionManagerService: no available voice recognition services found for user 0
05-19 18:21:55.095 3703 3703 I ActivityManager: Start proc 3962:com.android.phone/1001 for added application com.android.phone
05-19 18:21:55.097 3703 3703 I ActivityManager: START u0 {act=android.intent.action.MAIN cat=[android.intent.category.HOME] flg=0x10000000 cmp=com.cyanogenmod.trebuchet/com.android.launcher3.Launcher} from uid 0 on display 0
05-19 18:21:55.105 3703 3703 V WindowManager: addAppToken: AppWindowToken{7922f17 token=Token{13fd5796 ActivityRecord{2e37e6b1 u0 com.cyanogenmod.trebuchet/com.android.launcher3.Launcher t7}}} to stack=0 task=7 at 0
05-19 18:21:55.119 3472 3759 D NuPlayerDriver: start(0xb584edc0)
05-19 18:21:55.119 3472 3959 I GenericSource: start
05-19 18:21:55.124 3472 3472 D NuPlayerDriver: start(0xb584eca0)
05-19 18:21:55.124 3472 3957 I GenericSource: start
05-19 18:21:55.130 3703 3721 D gps_serial: serial_gps_init
05-19 18:21:55.130 3703 3721 D gps_serial: gps_state_init
05-19 18:21:55.130 3703 3721 D gps_serial: no kernel-provided gps device name
05-19 18:21:55.130 3703 3721 W GpsLocationProvider: Failed to enable location provider
05-19 18:21:55.133 3800 3800 W ResourceType: No package identifier when getting value for resource number 0x00000000
05-19 18:21:55.141 3928 3928 I LatinIME: Hardware accelerated drawing: true
05-19 18:21:55.144 3800 3800 W PackageManager: Failure retrieving resources for com.android.browser: Resource ID #0x0
05-19 18:21:55.157 3472 3472 D NuPlayerDriver: reset(0xb584eca0)
05-19 18:21:55.167 3472 3957 D NuPlayerDriver: notifyResetComplete(0xb584eca0)
05-19 18:21:55.189 3800 3818 I art : Background partial concurrent mark sweep GC freed 334(27KB) AllocSpace objects, 0(0B) LOS objects, 40% free, 3MB/5MB, paused 12.037ms total 72.050ms
05-19 18:21:55.204 3703 3703 I ActivityManager: Start proc 3995:com.cyanogenmod.trebuchet/u0a14 for activity com.cyanogenmod.trebuchet/com.android.launcher3.Launcher
05-19 18:21:55.207 3703 3703 V ActivityManager: Display changed displayId=0
05-19 18:21:55.207 3703 3703 V ActivityManager: Display changed displayId=0
05-19 18:21:55.208 3703 3703 D WifiScanningService: SCAN_AVAILABLE : 1
05-19 18:21:55.208 3703 3768 D WifiScanningService: DefaultState got{ when=0 what=160007 target=com.android.internal.util.StateMachine$SmHandler }
05-19 18:21:55.208 3703 3703 D RttService: SCAN_AVAILABLE : 1
05-19 18:21:55.209 3703 3769 D RttService: DefaultState got{ when=-1ms what=160513 target=com.android.internal.util.StateMachine$SmHandler }
05-19 18:21:55.213 3854 3854 D MediaScannerReceiver: action: android.intent.action.MEDIA_UNMOUNTED path: /storage/usb0
05-19 18:21:55.217 3703 3749 D WifiMonitor: startMonitoring(wlan0) with mConnected = false
05-19 18:21:55.223 3703 3703 I Choreographer: Skipped 47 frames! The application may be doing too much work on its main thread.
05-19 18:21:55.248 3703 3703 V ActivityManager: Display changed displayId=0
05-19 18:21:55.251 3472 3759 D NuPlayerDriver: reset(0xb584edc0)
05-19 18:21:55.257 3472 3959 D NuPlayerDriver: notifyResetComplete(0xb584edc0)
05-19 18:21:55.265 3472 3756 D NuPlayerDriver: start(0xb502f1c0)
05-19 18:21:55.265 3472 3987 I GenericSource: start
05-19 18:21:55.284 3985 3985 D wpa_supplicant: wpa_supplicant v2.3-5.1.1
05-19 18:21:55.285 3985 3985 D wpa_supplicant: Add randomness: count=1 entropy=0
05-19 18:21:55.285 3985 3985 D wpa_supplicant: random pool - hexdump(len=128): [REMOVED]
05-19 18:21:55.285 3985 3985 D wpa_supplicant: random_mix_pool - hexdump(len=8): [REMOVED]
05-19 18:21:55.285 3985 3985 D wpa_supplicant: random_mix_pool - hexdump(len=20): [REMOVED]
05-19 18:21:55.285 3985 3985 D wpa_supplicant: random pool - hexdump(len=128): [REMOVED]
05-19 18:21:55.285 3985 3985 D wpa_supplicant: random: Added entropy from /data/misc/wifi/entropy.bin (own_pool_ready=2)
05-19 18:21:55.285 3985 3985 D wpa_supplicant: random: Trying to read entropy from /dev/random
05-19 18:21:55.285 3985 3985 D wpa_supplicant: Get randomness: len=20 entropy=1
05-19 18:21:55.291 3703 3703 I Telecom : TelecomGlobals: TelecomGlobals initializing
05-19 18:21:55.300 3985 3985 D wpa_supplicant: random from os_get_random - hexdump(len=20): [REMOVED]
05-19 18:21:55.300 3985 3985 D wpa_supplicant: random_mix_pool - hexdump(len=20): [REMOVED]
05-19 18:21:55.300 3985 3985 D wpa_supplicant: random from internal pool - hexdump(len=16): [REMOVED]
05-19 18:21:55.300 3985 3985 D wpa_supplicant: random_mix_pool - hexdump(len=20): [REMOVED]
05-19 18:21:55.300 3985 3985 D wpa_supplicant: random from internal pool - hexdump(len=16): [REMOVED]
05-19 18:21:55.300 3985 3985 D wpa_supplicant: mixed random - hexdump(len=20): [REMOVED]
05-19 18:21:55.302 3985 3985 D wpa_supplicant: random: Updated entropy file /data/misc/wifi/entropy.bin (own_pool_ready=2)
05-19 18:21:55.302 3985 3985 D wpa_supplicant: Global control interface '@android:wpa_wlan0'
05-19 18:21:55.303 3985 3985 D wpa_supplicant: Using Android control socket 'wpa_wlan0'
05-19 18:21:55.303 3985 3985 I wpa_supplicant: Successfully initialized wpa_supplicant
05-19 18:21:55.303 3985 3985 D wpa_supplicant: Override interface parameter: ctrl_interface ('(null)' -> '/data/misc/wifi/sockets')
05-19 18:21:55.303 3985 3985 D wpa_supplicant: Initializing interface 'wlan0' conf '/data/misc/wifi/wpa_supplicant.conf' driver 'nl80211' ctrl_interface '/data/misc/wifi/sockets' bridge 'N/A'
05-19 18:21:55.303 3985 3985 D wpa_supplicant: Configuration file '/data/misc/wifi/wpa_supplicant.conf' -> '/data/misc/wifi/wpa_supplicant.conf'
05-19 18:21:55.303 3985 3985 D wpa_supplicant: Reading configuration file '/data/misc/wifi/wpa_supplicant.conf'
05-19 18:21:55.303 3985 3985 D wpa_supplicant: ctrl_interface='/data/misc/wifi/sockets'
05-19 18:21:55.303 3985 3985 D wpa_supplicant: update_config=1
05-19 18:21:55.303 3985 3985 D wpa_supplicant: device_name='android_x86'
05-19 18:21:55.303 3985 3985 D wpa_supplicant: manufacturer='Acer'
05-19 18:21:55.303 3985 3985 D wpa_supplicant: model_name='Aspire V5-123'
05-19 18:21:55.303 3985 3985 D wpa_supplicant: model_number='Aspire V5-123'
05-19 18:21:55.303 3985 3985 D wpa_supplicant: serial_number=''
05-19 18:21:55.303 3985 3985 D wpa_supplicant: config_methods='physical_display virtual_push_button'
05-19 18:21:55.303 3985 3985 D wpa_supplicant: external_sim=1
05-19 18:21:55.303 3985 3985 D wpa_supplicant: Line: 12 - start of a new network block
05-19 18:21:55.303 3985 3985 D wpa_supplicant: ssid - hexdump(len=11): 57 49 46 49 5f 4d 49 5a 49 46 49
05-19 18:21:55.303 3985 3985 D wpa_supplicant: PSK (ASCII passphrase) - hexdump(len=15): [REMOVED]
05-19 18:21:55.303 3985 3985 D wpa_supplicant: key_mgmt: 0x2
05-19 18:21:55.303 3985 3985 D wpa_supplicant: priority=1 (0x1)
05-19 18:21:55.332 3472 3756 D NuPlayerDriver: reset(0xb502f1c0)
05-19 18:21:55.351 3472 3987 D NuPlayerDriver: notifyResetComplete(0xb502f1c0)
05-19 18:21:55.395 3703 4017 I ActivityManager: Start proc 4020:android.process.acore/u0a2 for content provider com.android.providers.contacts/.CallLogProvider
05-19 18:21:55.397 3703 3703 D BluetoothManagerService: Trying to bind to profile: 1, while Bluetooth was disabled
05-19 18:21:55.397 3995 3995 V Launcher: LauncherAppState inited
05-19 18:21:55.398 3703 3726 D BluetoothManagerService: Message: 30
05-19 18:21:55.404 3928 3928 W InputAttributes: No editor info for this field. Bug?
05-19 18:21:55.412 3703 3703 I Telecom : TelecomGlobals: CallsManager initialized
05-19 18:21:55.413 3703 3703 W ContextImpl: Calling a method in the system process without a qualified user: android.app.ContextImpl.startService:1692 android.content.ContextWrapper.startService:516 com.android.server.telecom.BluetoothPhoneService.start:440 com.android.server.telecom.TelecomGlobals.initialize:93 com.android.server.telecom.TelecomService.onCreate:164
05-19 18:21:55.428 3703 3703 D ZenLog : downtime: Autotrigger skipped: not in downtime
05-19 18:21:55.437 3472 3472 D NuPlayerDriver: start(0xb584eca0)
05-19 18:21:55.437 3472 4018 I GenericSource: start
05-19 18:21:55.445 3703 3703 W ResourcesManager: Asset path '/system/framework/com.android.location.provider.jar' does not exist or contains no resources.
05-19 18:21:55.482 3703 3703 D GpsNetInitiatedHandler: location enabled :true
05-19 18:21:55.482 3703 3703 V WiredAccessoryManager: notifyWiredAccessoryChanged: when=0 bits= mask=54
05-19 18:21:55.482 3703 3703 V WiredAccessoryManager: newName=h2w newState=0 headsetState=0 prev headsetState=0
05-19 18:21:55.482 3703 3703 E WiredAccessoryManager: No state change.
05-19 18:21:55.482 3703 3703 V WiredAccessoryManager: init()
05-19 18:21:55.504 3928 4046 I LatinIME:LogUtils: Dictionary info: dictionary = UserHistoryDictionary.en_US ; version = 1432059715 ; date = ?
05-19 18:21:55.508 3928 4047 I LatinIME:LogUtils: Dictionary info: dictionary = PersonalizationDictionary.en_US ; version = 1432059715 ; date = ?
05-19 18:21:55.509 3472 3472 D NuPlayerDriver: reset(0xb584eca0)
05-19 18:21:55.511 3470 3470 I art : Explicit concurrent mark sweep GC freed 704(30KB) AllocSpace objects, 0(0B) LOS objects, 40% free, 1918KB/3MB, paused 506us total 85.483ms
05-19 18:21:55.522 3995 3995 W Launcher: setApplicationContext called twice! old=com.android.launcher3.LauncherApplication@818d577 new=com.android.launcher3.LauncherApplication@818d577
05-19 18:21:55.525 3472 4018 D NuPlayerDriver: notifyResetComplete(0xb584eca0)
05-19 18:21:55.529 3928 4050 I LatinIME:LogUtils: Dictionary info: dictionary = userunigram.en_US ; version = 1432059715 ; date = ?
05-19 18:21:55.550 3928 4055 I LatinIME:LogUtils: Dictionary info: dictionary = ContextualDictionary.en_US ; version = 1432059715 ; date = ?
05-19 18:21:55.560 3928 4052 I LatinIME:LogUtils: Dictionary info: dictionary = contacts.en_US ; version = 1432059715 ; date = ?
05-19 18:21:55.580 3703 3726 D BluetoothManagerService: Message: 300
05-19 18:21:55.580 3703 3726 D BluetoothManagerService: MESSAGE_USER_SWITCHED
05-19 18:21:55.584 3985 3985 D wpa_supplicant: PSK (from passphrase) - hexdump(len=32): [REMOVED]
05-19 18:21:55.584 3985 3985 D wpa_supplicant: Priority group 1
05-19 18:21:55.584 3985 3985 D wpa_supplicant: id=0 ssid='WIFI_MIZIFI'
05-19 18:21:55.588 3470 3470 I art : Explicit concurrent mark sweep GC freed 7(240B) AllocSpace objects, 0(0B) LOS objects, 39% free, 1918KB/3MB, paused 242us total 68.041ms
05-19 18:21:55.596 3985 3985 I wpa_supplicant: rfkill: Cannot open RFKILL control device
05-19 18:21:55.596 3985 3985 D wpa_supplicant: nl80211: RFKILL status not available
05-19 18:21:55.596 3985 3985 D wpa_supplicant: nl80211: TDLS supported
05-19 18:21:55.596 3985 3985 D wpa_supplicant: nl80211: TDLS external setup
05-19 18:21:55.597 3985 3985 D wpa_supplicant: nl80211: Supported cipher 00-0f-ac:1
05-19 18:21:55.597 3985 3985 D wpa_supplicant: nl80211: Supported cipher 00-0f-ac:5
05-19 18:21:55.597 3985 3985 D wpa_supplicant: nl80211: Supported cipher 00-0f-ac:2
05-19 18:21:55.597 3985 3985 D wpa_supplicant: nl80211: Supported cipher 00-0f-ac:4
05-19 18:21:55.597 3985 3985 D wpa_supplicant: nl80211: Supported cipher 00-0f-ac:10
05-19 18:21:55.597 3985 3985 D wpa_supplicant: nl80211: Supported cipher 00-0f-ac:8
05-19 18:21:55.597 3985 3985 D wpa_supplicant: nl80211: Supported cipher 00-0f-ac:9
05-19 18:21:55.597 3985 3985 D wpa_supplicant: nl80211: Supported cipher 00-0f-ac:6
05-19 18:21:55.597 3985 3985 D wpa_supplicant: nl80211: Supported cipher 00-0f-ac:13
05-19 18:21:55.597 3985 3985 D wpa_supplicant: nl80211: Supported cipher 00-0f-ac:11
05-19 18:21:55.597 3985 3985 D wpa_supplicant: nl80211: Supported cipher 00-0f-ac:12
05-19 18:21:55.597 3985 3985 D wpa_supplicant: nl80211: Using driver-based off-channel TX
05-19 18:21:55.597 3985 3985 D wpa_supplicant: nl80211: Use separate P2P group interface (driver advertised support)
05-19 18:21:55.597 3985 3985 D wpa_supplicant: nl80211: interface wlan0 in phy phy1
05-19 18:21:55.597 3985 3985 D wpa_supplicant: nl80211: Set mode ifindex 6 iftype 2 (STATION)
05-19 18:21:55.597 3985 3985 D wpa_supplicant: nl80211: Subscribe to mgmt frames with non-AP handle 0xb68362e0
05-19 18:21:55.597 3985 3985 D wpa_supplicant: nl80211: Register frame type=0xd0 (WLAN_FC_STYPE_ACTION) nl_handle=0xb68362e0 match=0104
05-19 18:21:55.597 3985 3985 D wpa_supplicant: nl80211: Register frame type=0xd0 (WLAN_FC_STYPE_ACTION) nl_handle=0xb68362e0 match=040a
05-19 18:21:55.597 3985 3985 D wpa_supplicant: nl80211: Register frame type=0xd0 (WLAN_FC_STYPE_ACTION) nl_handle=0xb68362e0 match=040b
05-19 18:21:55.597 3985 3985 D wpa_supplicant: nl80211: Register frame type=0xd0 (WLAN_FC_STYPE_ACTION) nl_handle=0xb68362e0 match=040c
05-19 18:21:55.597 3985 3985 D wpa_supplicant: nl80211: Register frame type=0xd0 (WLAN_FC_STYPE_ACTION) nl_handle=0xb68362e0 match=040d
05-19 18:21:55.597 3985 3985 D wpa_supplicant: nl80211: Register frame type=0xd0 (WLAN_FC_STYPE_ACTION) nl_handle=0xb68362e0 match=090a
05-19 18:21:55.597 3985 3985 D wpa_supplicant: nl80211: Register frame type=0xd0 (WLAN_FC_STYPE_ACTION) nl_handle=0xb68362e0 match=090b
05-19 18:21:55.597 3985 3985 D wpa_supplicant: nl80211: Register frame type=0xd0 (WLAN_FC_STYPE_ACTION) nl_handle=0xb68362e0 match=090c
05-19 18:21:55.597 3985 3985 D wpa_supplicant: nl80211: Register frame type=0xd0 (WLAN_FC_STYPE_ACTION) nl_handle=0xb68362e0 match=090d
