05-19 18:21:55.597 3985 3985 D wpa_supplicant: nl80211: Register frame type=0xd0 (WLAN_FC_STYPE_ACTION) nl_handle=0xb68362e0 match=0409506f9a09
05-19 18:21:55.597 3985 3985 D wpa_supplicant: nl80211: Register frame type=0xd0 (WLAN_FC_STYPE_ACTION) nl_handle=0xb68362e0 match=7f506f9a09
05-19 18:21:55.597 3985 3985 D wpa_supplicant: nl80211: Register frame type=0xd0 (WLAN_FC_STYPE_ACTION) nl_handle=0xb68362e0 match=0801
05-19 18:21:55.597 3985 3985 D wpa_supplicant: nl80211: Register frame type=0xd0 (WLAN_FC_STYPE_ACTION) nl_handle=0xb68362e0 match=040e
05-19 18:21:55.598 3985 3985 D wpa_supplicant: nl80211: Register frame type=0xd0 (WLAN_FC_STYPE_ACTION) nl_handle=0xb68362e0 match=06
05-19 18:21:55.598 3985 3985 D wpa_supplicant: nl80211: Register frame type=0xd0 (WLAN_FC_STYPE_ACTION) nl_handle=0xb68362e0 match=0a07
05-19 18:21:55.598 3985 3985 D wpa_supplicant: nl80211: Register frame type=0xd0 (WLAN_FC_STYPE_ACTION) nl_handle=0xb68362e0 match=0a11
05-19 18:21:55.598 3985 3985 D wpa_supplicant: nl80211: Register frame type=0xd0 (WLAN_FC_STYPE_ACTION) nl_handle=0xb68362e0 match=0a1a
05-19 18:21:55.652 3472 3759 D NuPlayerDriver: start(0xb584edc0)
05-19 18:21:55.653 3472 4054 I GenericSource: start
05-19 18:21:55.654 3470 3470 I art : Explicit concurrent mark sweep GC freed 5(160B) AllocSpace objects, 0(0B) LOS objects, 39% free, 1918KB/3MB, paused 311us total 65.184ms
05-19 18:21:55.667 3703 3703 V BackupManagerService: Connected to transport ComponentInfo{android/com.android.internal.backup.LocalTransportService}
05-19 18:21:55.668 3703 3703 V BackupManagerService: Registering transport android/com.android.internal.backup.LocalTransportService::android/com.android.internal.backup.LocalTransport = android.app.backup.BackupTransport$TransportImpl@3252ebb6
05-19 18:21:55.670 3985 3985 D wpa_supplicant: netlink: Operstate: ifindex=6 linkmode=1 (userspace-control), operstate=5 (IF_OPER_DORMANT)
05-19 18:21:55.670 3985 3985 D wpa_supplicant: nl80211: driver param='(null)'
05-19 18:21:55.670 3985 3985 D wpa_supplicant: Add interface wlan0 to a new radio phy1
05-19 18:21:55.673 3985 3985 D wpa_supplicant: nl80211: Regulatory information - country=00
05-19 18:21:55.673 3985 3985 D wpa_supplicant: nl80211: 2402-2472 @ 40 MHz 20 mBm
05-19 18:21:55.673 3985 3985 D wpa_supplicant: nl80211: 2457-2482 @ 40 MHz 20 mBm (no IR)
05-19 18:21:55.673 3985 3985 D wpa_supplicant: nl80211: 2474-2494 @ 20 MHz 20 mBm (no OFDM) (no IR)
05-19 18:21:55.673 3985 3985 D wpa_supplicant: nl80211: 5170-5250 @ 160 MHz 20 mBm (no IR)
05-19 18:21:55.673 3985 3985 D wpa_supplicant: nl80211: 5250-5330 @ 160 MHz 20 mBm (DFS) (no IR)
05-19 18:21:55.673 3985 3985 D wpa_supplicant: nl80211: 5490-5730 @ 160 MHz 20 mBm (DFS) (no IR)
05-19 18:21:55.673 3985 3985 D wpa_supplicant: nl80211: 5735-5835 @ 80 MHz 20 mBm (no IR)
05-19 18:21:55.673 3985 3985 D wpa_supplicant: nl80211: 57240-63720 @ 2160 MHz 0 mBm
05-19 18:21:55.674 3985 3985 D wpa_supplicant: nl80211: Added 802.11b mode based on 802.11g information
05-19 18:21:55.678 3985 3985 D wpa_supplicant: wlan0: Own MAC address: 5c:c9:d3:3c:f6:84
05-19 18:21:55.678 3985 3985 D wpa_supplicant: wpa_driver_nl80211_set_key: ifindex=6 (wlan0) alg=0 addr=0x0 key_idx=0 set_tx=0 seq_len=0 key_len=0
05-19 18:21:55.678 3985 3985 D wpa_supplicant: wpa_driver_nl80211_set_key: ifindex=6 (wlan0) alg=0 addr=0x0 key_idx=1 set_tx=0 seq_len=0 key_len=0
05-19 18:21:55.678 3985 3985 D wpa_supplicant: wpa_driver_nl80211_set_key: ifindex=6 (wlan0) alg=0 addr=0x0 key_idx=2 set_tx=0 seq_len=0 key_len=0
05-19 18:21:55.678 3985 3985 D wpa_supplicant: wpa_driver_nl80211_set_key: ifindex=6 (wlan0) alg=0 addr=0x0 key_idx=3 set_tx=0 seq_len=0 key_len=0
05-19 18:21:55.679 3985 3985 D wpa_supplicant: wpa_driver_nl80211_set_key: ifindex=6 (wlan0) alg=0 addr=0x0 key_idx=4 set_tx=0 seq_len=0 key_len=0
05-19 18:21:55.679 3985 3985 D wpa_supplicant: wpa_driver_nl80211_set_key: ifindex=6 (wlan0) alg=0 addr=0x0 key_idx=5 set_tx=0 seq_len=0 key_len=0
05-19 18:21:55.679 3985 3985 D wpa_supplicant: wlan0: RSN: flushing PMKID list in the driver
05-19 18:21:55.679 3985 3985 D wpa_supplicant: nl80211: Flush PMKIDs
05-19 18:21:55.679 3985 3985 D wpa_supplicant: wlan0: Setting scan request: 0.100000 sec
05-19 18:21:55.681 3703 3703 V ActivityManager: Display changed displayId=0
05-19 18:21:55.682 1620 1620 I MESA-DEBUG: Inside r600_texture_from_handle
05-19 18:21:55.682 1620 1620 I MESA-DEBUG: templ->target = 2 ; templ->depth0 = 1 ; templ->last_level = 0
05-19 18:21:55.682 1620 1620 I MESA-DEBUG: Ending r600_texture_from_handle - stride value is 5632
05-19 18:21:55.686 3703 3726 D BluetoothManagerService: Message: 30
05-19 18:21:55.686 3985 3985 D wpa_supplicant: TDLS: TDLS operation supported by driver
05-19 18:21:55.686 3985 3985 D wpa_supplicant: TDLS: Driver uses external link setup
05-19 18:21:55.686 3985 3985 D wpa_supplicant: wlan0: WPS: UUID based on MAC address: fe2880d2-f9e9-5f1a-bc4c-bccdf3a94e32
05-19 18:21:55.693 3703 3703 D BluetoothManagerService: Trying to bind to profile: 1, while Bluetooth was disabled
05-19 18:21:55.713 3985 3985 D wpa_supplicant: EAPOL: SUPP_PAE entering state DISCONNECTED
05-19 18:21:55.713 3985 3985 D wpa_supplicant: EAPOL: Supplicant port status: Unauthorized
05-19 18:21:55.719 3985 3985 D wpa_supplicant: nl80211: Skip set_supp_port(unauthorized) while not associated
05-19 18:21:55.719 3985 3985 D wpa_supplicant: EAPOL: KEY_RX entering state NO_KEY_RECEIVE
05-19 18:21:55.720 3985 3985 D wpa_supplicant: EAPOL: SUPP_BE entering state INITIALIZE
05-19 18:21:55.721 3985 3985 D wpa_supplicant: EAP: EAP entering state DISABLED
05-19 18:21:55.722 3985 3985 D wpa_supplicant: Using existing control interface directory.
05-19 18:21:55.723 3985 3985 D wpa_supplicant: P2P: Add operating class 81
05-19 18:21:55.723 3985 3985 D wpa_supplicant: P2P: Channels - hexdump(len=11): 01 02 03 04 05 06 07 08 09 0a 0b
05-19 18:21:55.728 3472 3759 D NuPlayerDriver: reset(0xb584edc0)
05-19 18:21:55.728 3985 3985 D wpa_supplicant: P2P: Own listen channel: 81:1
05-19 18:21:55.730 3985 3985 D wpa_supplicant: P2P: Random operating channel: 81:6
05-19 18:21:55.732 3985 3985 D wpa_supplicant: P2P: initialized
05-19 18:21:55.733 3985 3985 D wpa_supplicant: P2P: channels: 81:1,2,3,4,5,6,7,8,9,10,11
05-19 18:21:55.733 3985 3985 D wpa_supplicant: P2P: cli_channels:
05-19 18:21:55.733 3985 3985 D wpa_supplicant: wlan0: Added interface wlan0
05-19 18:21:55.733 3985 3985 D wpa_supplicant: wlan0: State: DISCONNECTED -> DISCONNECTED
05-19 18:21:55.733 3985 3985 D wpa_supplicant: nl80211: Set wlan0 operstate 0->0 (DORMANT)
05-19 18:21:55.733 3985 3985 D wpa_supplicant: netlink: Operstate: ifindex=6 linkmode=-1 (no change), operstate=5 (IF_OPER_DORMANT)
05-19 18:21:55.734 3985 3985 D wpa_supplicant: random: Got 20/20 bytes from /dev/random
05-19 18:21:55.734 3985 3985 D wpa_supplicant: Get randomness: len=20 entropy=0
05-19 18:21:55.734 3472 4054 D NuPlayerDriver: notifyResetComplete(0xb584edc0)
05-19 18:21:55.735 3985 3985 D wpa_supplicant: random from os_get_random - hexdump(len=20): [REMOVED]
05-19 18:21:55.735 3985 3985 D wpa_supplicant: random_mix_pool - hexdump(len=20): [REMOVED]
05-19 18:21:55.735 3985 3985 D wpa_supplicant: random from internal pool - hexdump(len=16): [REMOVED]
05-19 18:21:55.735 3985 3985 D wpa_supplicant: random_mix_pool - hexdump(len=20): [REMOVED]
05-19 18:21:55.735 3985 3985 D wpa_supplicant: random from internal pool - hexdump(len=16): [REMOVED]
05-19 18:21:55.735 3985 3985 D wpa_supplicant: mixed random - hexdump(len=20): [REMOVED]
05-19 18:21:55.736 3985 3985 D wpa_supplicant: random: Updated entropy file /data/misc/wifi/entropy.bin (own_pool_ready=2)
05-19 18:21:55.736 3985 3985 D wpa_supplicant: CTRL_IFACE monitor attached /data/misc/wifi/sockets/wpa_ctrl_3703-2\x00
05-19 18:21:55.736 3985 3985 D wpa_supplicant: RTM_NEWLINK: ifi_index=6 ifname=wlan0 operstate=2 linkmode=1 ifi_family=0 ifi_flags=0x1003 ([UP])
05-19 18:21:55.779 3985 3985 D wpa_supplicant: wlan0: State: DISCONNECTED -> SCANNING
05-19 18:21:55.779 3985 3985 D wpa_supplicant: CTRL_IFACE monitor sent successfully to /data/misc/wifi/sockets/wpa_ctrl_3703-2\x00
05-19 18:21:55.779 3985 3985 D wpa_supplicant: wlan0: Starting AP scan for wildcard SSID
05-19 18:21:55.779 3985 3985 D wpa_supplicant: WPS: Building WPS IE for Probe Request
05-19 18:21:55.779 3985 3985 D wpa_supplicant: WPS: * Version (hardcoded 0x10)
05-19 18:21:55.779 3985 3985 D wpa_supplicant: WPS: * Request Type
05-19 18:21:55.779 3985 3985 D wpa_supplicant: WPS: * Config Methods (4288)
05-19 18:21:55.779 3985 3985 D wpa_supplicant: WPS: * UUID-E
05-19 18:21:55.779 3985 3985 D wpa_supplicant: WPS: * Primary Device Type
05-19 18:21:55.779 3985 3985 D wpa_supplicant: WPS: * RF Bands (1)
05-19 18:21:55.779 3985 3985 D wpa_supplicant: WPS: * Association State
05-19 18:21:55.779 3985 3985 D wpa_supplicant: WPS: * Configuration Error (0)
05-19 18:21:55.779 3985 3985 D wpa_supplicant: WPS: * Device Password ID (0)
05-19 18:21:55.779 3985 3985 D wpa_supplicant: WPS: * Manufacturer
05-19 18:21:55.779 3985 3985 D wpa_supplicant: WPS: * Model Name
05-19 18:21:55.779 3985 3985 D wpa_supplicant: WPS: * Model Number
05-19 18:21:55.779 3985 3985 D wpa_supplicant: WPS: * Device Name
05-19 18:21:55.779 3985 3985 D wpa_supplicant: WPS: * Version2 (0x20)
05-19 18:21:55.779 3985 3985 D wpa_supplicant: P2P: * P2P IE header
05-19 18:21:55.779 3985 3985 D wpa_supplicant: P2P: * Capability dev=25 group=00
05-19 18:21:55.779 3985 3985 D wpa_supplicant: P2P: * Listen Channel: Regulatory Class 81 Channel 1
05-19 18:21:55.779 3985 3985 D wpa_supplicant: wlan0: Add radio work 'scan'@0xb6836430
05-19 18:21:55.779 3985 3985 D wpa_supplicant: wlan0: First radio work item in the queue - schedule start immediately
05-19 18:21:55.779 3985 3985 D wpa_supplicant: wlan0: Starting radio work 'scan'@0xb6836430 after 0.000041 second wait
05-19 18:21:55.779 3985 3985 D wpa_supplicant: wlan0: nl80211: scan request
05-19 18:21:55.779 3985 3985 D wpa_supplicant: nl80211: Scan SSID - hexdump(len=0): [NULL]
05-19 18:21:55.779 3985 3985 D wpa_supplicant: nl80211: Scan extra IEs - hexdump(len=163): dd 8e 00 50 f2 04 10 4a 00 01 10 10 3a 00 01 00 10 08 00 02 42 88 10 47 00 10 fe 28 80 d2 f9 e9 ...
05-19 18:21:55.809 3985 3985 D wpa_supplicant: Scan requested (ret=0) - scan timeout 10 seconds
05-19 18:21:55.809 3985 3985 D wpa_supplicant: nl80211: Event message available
05-19 18:21:55.809 3985 3985 D wpa_supplicant: nl80211: Drv Event 33 (NL80211_CMD_TRIGGER_SCAN) received for wlan0
05-19 18:21:55.809 3985 3985 D wpa_supplicant: wlan0: nl80211: Scan trigger
05-19 18:21:55.809 3985 3985 D wpa_supplicant: wlan0: Event SCAN_STARTED (49) received
05-19 18:21:55.809 3985 3985 D wpa_supplicant: wlan0: Own scan request started a scan in 0.000115 seconds
05-19 18:21:55.810 3985 3985 D wpa_supplicant: CTRL_IFACE monitor sent successfully to /data/misc/wifi/sockets/wpa_ctrl_3703-2\x00
05-19 18:21:55.813 3703 3721 I ActivityManager: Start proc 4083:com.android.printspooler/u0a44 for service com.android.printspooler/.model.PrintSpoolerService
05-19 18:21:55.813 3472 4061 D NuPlayerDriver: start(0xb502f220)
05-19 18:21:55.813 3472 4078 I GenericSource: start
05-19 18:21:55.819 3985 3985 D wpa_supplicant: wlan0: Control interface command 'DRIVER MACADDR'
05-19 18:21:55.824 3985 3985 D wpa_supplicant: wlan0: Control interface command 'SET update_config 1'
05-19 18:21:55.824 3985 3985 D wpa_supplicant: CTRL_IFACE SET 'update_config'='1'
05-19 18:21:55.824 3985 3985 D wpa_supplicant: update_config=1
05-19 18:21:55.825 3703 3749 D WifiConfigStore: Loading config and enabling all networks
05-19 18:21:55.826 3985 3985 D wpa_supplicant: wlan0: Control interface command 'LIST_NETWORKS LAST_ID=-1'
05-19 18:21:55.827 3985 3985 D wpa_supplicant: wlan0: Control interface command 'GET_NETWORK 0 ssid'
05-19 18:21:55.827 3985 3985 D wpa_supplicant: CTRL_IFACE: GET_NETWORK id=0 name='ssid'
05-19 18:21:55.828 3985 3985 D wpa_supplicant: wlan0: Control interface command 'GET_NETWORK 0 bssid'
05-19 18:21:55.828 3985 3985 D wpa_supplicant: CTRL_IFACE: GET_NETWORK id=0 name='bssid'
05-19 18:21:55.828 3985 3985 D wpa_supplicant: CTRL_IFACE: Failed to get network variable 'bssid'
05-19 18:21:55.828 3985 3985 D wpa_supplicant: wlan0: Control interface command 'GET_NETWORK 0 priority'
05-19 18:21:55.828 3985 3985 D wpa_supplicant: CTRL_IFACE: GET_NETWORK id=0 name='priority'
05-19 18:21:55.829 3985 3985 D wpa_supplicant: wlan0: Control interface command 'GET_NETWORK 0 scan_ssid'
05-19 18:21:55.829 3985 3985 D wpa_supplicant: CTRL_IFACE: GET_NETWORK id=0 name='scan_ssid'
05-19 18:21:55.830 3985 3985 D wpa_supplicant: wlan0: Control interface command 'GET_NETWORK 0 wep_tx_keyidx'
05-19 18:21:55.830 3985 3985 D wpa_supplicant: CTRL_IFACE: GET_NETWORK id=0 name='wep_tx_keyidx'
05-19 18:21:55.830 3985 3985 D wpa_supplicant: wlan0: Control interface command 'GET_NETWORK 0 wep_key0'
05-19 18:21:55.830 3985 3985 D wpa_supplicant: CTRL_IFACE: GET_NETWORK id=0 name='wep_key0'
05-19 18:21:55.830 3985 3985 D wpa_supplicant: CTRL_IFACE: Failed to get network variable 'wep_key0'
05-19 18:21:55.831 3985 3985 D wpa_supplicant: wlan0: Control interface command 'GET_NETWORK 0 wep_key1'
05-19 18:21:55.831 3985 3985 D wpa_supplicant: CTRL_IFACE: GET_NETWORK id=0 name='wep_key1'
05-19 18:21:55.831 3985 3985 D wpa_supplicant: CTRL_IFACE: Failed to get network variable 'wep_key1'
05-19 18:21:55.832 3985 3985 D wpa_supplicant: wlan0: Control interface command 'GET_NETWORK 0 wep_key2'
05-19 18:21:55.832 3985 3985 D wpa_supplicant: CTRL_IFACE: GET_NETWORK id=0 name='wep_key2'
05-19 18:21:55.832 3985 3985 D wpa_supplicant: CTRL_IFACE: Failed to get network variable 'wep_key2'
05-19 18:21:55.832 3985 3985 D wpa_supplicant: wlan0: Control interface command 'GET_NETWORK 0 wep_key3'
05-19 18:21:55.832 3800 3800 D VolumeUI: Registering volume controller
05-19 18:21:55.832 3985 3985 D wpa_supplicant: CTRL_IFACE: GET_NETWORK id=0 name='wep_key3'
05-19 18:21:55.832 3985 3985 D wpa_supplicant: CTRL_IFACE: Failed to get network variable 'wep_key3'
05-19 18:21:55.833 3985 3985 D wpa_supplicant: wlan0: Control interface command 'GET_NETWORK 0 psk'
05-19 18:21:55.833 3985 3985 D wpa_supplicant: CTRL_IFACE: GET_NETWORK id=0 name='psk'
05-19 18:21:55.833 3985 3985 D wpa_supplicant: Do not allow key_data field to be exposed
05-19 18:21:55.834 3985 3985 D wpa_supplicant: wlan0: Control interface command 'GET_NETWORK 0 proto'
05-19 18:21:55.834 3985 3985 D wpa_supplicant: CTRL_IFACE: GET_NETWORK id=0 name='proto'
05-19 18:21:55.835 3985 3985 D wpa_supplicant: wlan0: Control interface command 'GET_NETWORK 0 key_mgmt'
05-19 18:21:55.835 3985 3985 D wpa_supplicant: CTRL_IFACE: GET_NETWORK id=0 name='key_mgmt'
05-19 18:21:55.837 3985 3985 D wpa_supplicant: wlan0: Control interface command 'GET_NETWORK 0 auth_alg'
05-19 18:21:55.837 3985 3985 D wpa_supplicant: CTRL_IFACE: GET_NETWORK id=0 name='auth_alg'
05-19 18:21:55.837 3985 3985 D wpa_supplicant: CTRL_IFACE: Failed to get network variable 'auth_alg'
05-19 18:21:55.838 3985 3985 D wpa_supplicant: wlan0: Control interface command 'GET_NETWORK 0 pairwise'
05-19 18:21:55.838 3985 3985 D wpa_supplicant: CTRL_IFACE: GET_NETWORK id=0 name='pairwise'
05-19 18:21:55.840 3985 3985 D wpa_supplicant: wlan0: Control interface command 'GET_NETWORK 0 group'
05-19 18:21:55.840 3985 3985 D wpa_supplicant: CTRL_IFACE: GET_NETWORK id=0 name='group'
05-19 18:21:55.841 3985 3985 D wpa_supplicant: wlan0: Control interface command 'GET_NETWORK 0 eap'
05-19 18:21:55.841 3985 3985 D wpa_supplicant: CTRL_IFACE: GET_NETWORK id=0 name='eap'
05-19 18:21:55.841 3985 3985 D wpa_supplicant: CTRL_IFACE: Failed to get network variable 'eap'
05-19 18:21:55.842 3985 3985 D wpa_supplicant: wlan0: Control interface command 'GET_NETWORK 0 phase2'
05-19 18:21:55.842 3985 3985 D wpa_supplicant: CTRL_IFACE: GET_NETWORK id=0 name='phase2'
05-19 18:21:55.842 3985 3985 D wpa_supplicant: CTRL_IFACE: Failed to get network variable 'phase2'
05-19 18:21:55.843 3985 3985 D wpa_supplicant: wlan0: Control interface command 'GET_NETWORK 0 identity'
05-19 18:21:55.843 3985 3985 D wpa_supplicant: CTRL_IFACE: GET_NETWORK id=0 name='identity'
05-19 18:21:55.843 3985 3985 D wpa_supplicant: CTRL_IFACE: Failed to get network variable 'identity'
05-19 18:21:55.844 3985 3985 D wpa_supplicant: wlan0: Control interface command 'GET_NETWORK 0 anonymous_identity'
05-19 18:21:55.844 3985 3985 D wpa_supplicant: CTRL_IFACE: GET_NETWORK id=0 name='anonymous_identity'
05-19 18:21:55.844 3985 3985 D wpa_supplicant: CTRL_IFACE: Failed to get network variable 'anonymous_identity'
05-19 18:21:55.844 3985 3985 D wpa_supplicant: wlan0: Control interface command 'GET_NETWORK 0 password'
05-19 18:21:55.845 3985 3985 D wpa_supplicant: CTRL_IFACE: GET_NETWORK id=0 name='password'
05-19 18:21:55.845 3985 3985 D wpa_supplicant: CTRL_IFACE: Failed to get network variable 'password'
05-19 18:21:55.845 3985 3985 D wpa_supplicant: wlan0: Control interface command 'GET_NETWORK 0 client_cert'
05-19 18:21:55.845 3985 3985 D wpa_supplicant: CTRL_IFACE: GET_NETWORK id=0 name='client_cert'
05-19 18:21:55.845 3985 3985 D wpa_supplicant: CTRL_IFACE: Failed to get network variable 'client_cert'
05-19 18:21:55.846 3985 3985 D wpa_supplicant: wlan0: Control interface command 'GET_NETWORK 0 ca_cert'
05-19 18:21:55.846 3985 3985 D wpa_supplicant: CTRL_IFACE: GET_NETWORK id=0 name='ca_cert'
05-19 18:21:55.846 3985 3985 D wpa_supplicant: CTRL_IFACE: Failed to get network variable 'ca_cert'
05-19 18:21:55.846 3985 3985 D wpa_supplicant: wlan0: Control interface command 'GET_NETWORK 0 subject_match'
05-19 18:21:55.846 3985 3985 D wpa_supplicant: CTRL_IFACE: GET_NETWORK id=0 name='subject_match'
05-19 18:21:55.846 3985 3985 D wpa_supplicant: CTRL_IFACE: Failed to get network variable 'subject_match'
05-19 18:21:55.848 3985 3985 D wpa_supplicant: wlan0: Control interface command 'GET_NETWORK 0 engine'
05-19 18:21:55.848 3985 3985 D wpa_supplicant: CTRL_IFACE: GET_NETWORK id=0 name='engine'
05-19 18:21:55.848 3985 3985 D wpa_supplicant: wlan0: Control interface command 'GET_NETWORK 0 engine_id'
05-19 18:21:55.848 3985 3985 D wpa_supplicant: CTRL_IFACE: GET_NETWORK id=0 name='engine_id'
05-19 18:21:55.848 3985 3985 D wpa_supplicant: CTRL_IFACE: Failed to get network variable 'engine_id'
05-19 18:21:55.849 3985 3985 D wpa_supplicant: wlan0: Control interface command 'GET_NETWORK 0 key_id'
05-19 18:21:55.849 3985 3985 D wpa_supplicant: CTRL_IFACE: GET_NETWORK id=0 name='key_id'
05-19 18:21:55.849 3985 3985 D wpa_supplicant: CTRL_IFACE: Failed to get network variable 'key_id'
05-19 18:21:55.851 3985 3985 D wpa_supplicant: wlan0: Control interface command 'GET_NETWORK 0 private_key'
05-19 18:21:55.851 3985 3985 D wpa_supplicant: CTRL_IFACE: GET_NETWORK id=0 name='private_key'
05-19 18:21:55.851 3985 3985 D wpa_supplicant: CTRL_IFACE: Failed to get network variable 'private_key'
05-19 18:21:55.853 3985 3985 D wpa_supplicant: wlan0: Control interface command 'LIST_NETWORKS LAST_ID=0'
05-19 18:21:55.857 3928 4047 I LatinIME:LogUtils: Dictionary info: dictionary = PersonalizationDictionary.en_US ; version = 1432059715 ; date = ?
05-19 18:21:55.858 3703 3749 E WifiConfigStore: Error parsing configuration: java.io.FileNotFoundException: /data/misc/wifi/ipconfig.txt: open failed: ENOENT (No such file or directory)
05-19 18:21:55.859 3928 4047 I LatinIME:LogUtils: Dictionary info: dictionary = PersonalizationDictionary.en_US ; version = 1432059715 ; date = ?
05-19 18:21:55.868 3985 3985 D wpa_supplicant: wlan0: Control interface command 'SET device_name android_x86'
05-19 18:21:55.868 3985 3985 D wpa_supplicant: CTRL_IFACE SET 'device_name'='android_x86'
05-19 18:21:55.868 3985 3985 D wpa_supplicant: device_name='android_x86'
05-19 18:21:55.875 3985 3985 D wpa_supplicant: wlan0: Control interface command 'SET manufacturer Acer'
05-19 18:21:55.876 3985 3985 D wpa_supplicant: CTRL_IFACE SET 'manufacturer'='Acer'
05-19 18:21:55.876 3985 3985 D wpa_supplicant: manufacturer='Acer'
05-19 18:21:55.876 3985 3985 D wpa_supplicant: wlan0: Control interface command 'SET model_name Aspire V5-123'
05-19 18:21:55.877 3985 3985 D wpa_supplicant: CTRL_IFACE SET 'model_name'='Aspire V5-123'
05-19 18:21:55.877 3985 3985 D wpa_supplicant: model_name='Aspire V5-123'
05-19 18:21:55.878 3985 3985 D wpa_supplicant: wlan0: Control interface command 'SET model_number Aspire V5-123'
05-19 18:21:55.878 3985 3985 D wpa_supplicant: CTRL_IFACE SET 'model_number'='Aspire V5-123'
05-19 18:21:55.878 3985 3985 D wpa_supplicant: model_number='Aspire V5-123'
05-19 18:21:55.879 3985 3985 D wpa_supplicant: wlan0: Control interface command 'SET serial_number '
05-19 18:21:55.879 3985 3985 D wpa_supplicant: CTRL_IFACE SET 'serial_number'=''
05-19 18:21:55.879 3985 3985 D wpa_supplicant: serial_number=''
05-19 18:21:55.880 3985 3985 D wpa_supplicant: wlan0: Control interface command 'SET config_methods physical_display virtual_push_button'
05-19 18:21:55.880 3985 3985 D wpa_supplicant: CTRL_IFACE SET 'config_methods'='physical_display virtual_push_button'
05-19 18:21:55.880 3985 3985 D wpa_supplicant: config_methods='physical_display virtual_push_button'
05-19 18:21:55.881 3985 3985 D wpa_supplicant: wlan0: Control interface command 'SET device_type 10-0050F204-5'
05-19 18:21:55.881 3985 3985 D wpa_supplicant: CTRL_IFACE SET 'device_type'='10-0050F204-5'
05-19 18:21:55.892 3985 3985 D wpa_supplicant: wlan0: Control interface command 'SCAN_INTERVAL 15'
05-19 18:21:55.892 3985 3985 D wpa_supplicant: wlan0: Setting scan interval: 15 sec
05-19 18:21:55.893 3703 3749 D WifiNative-HAL: Setting external_sim to 1
05-19 18:21:55.893 3985 3985 D wpa_supplicant: wlan0: Control interface command 'SET external_sim 1'
05-19 18:21:55.893 3985 3985 D wpa_supplicant: CTRL_IFACE SET 'external_sim'='1'
05-19 18:21:55.893 3985 3985 D wpa_supplicant: external_sim=1
05-19 18:21:55.894 3703 3749 D WifiStateMachine: Setting OUI to DA-A1-19
05-19 18:21:55.894 3703 3749 I WifiNative-HAL: startHal
05-19 18:21:55.894 3703 3749 E wifi : getStaticLongField sWifiHalHandle 0x9fd0789c
05-19 18:21:55.894 3703 3749 D wifi : halHandle = 0x0, mVM = 0xb3c4d280, mCls = 0x100e9e
05-19 18:21:55.894 3703 3749 I WifiNative-HAL: Could not start hal
05-19 18:21:55.894 3985 3985 D wpa_supplicant: wlan0: Control interface command 'STA_AUTOCONNECT 0'
05-19 18:21:55.902 3985 3985 D wpa_supplicant: wlan0: Control interface command 'DRIVER BTCOEXSCAN-STOP'
05-19 18:21:55.907 3985 3985 D wpa_supplicant: wlan0: Control interface command 'DRIVER RXFILTER-STOP'
05-19 18:21:55.909 3985 3985 D wpa_supplicant: wlan0: Control interface command 'DRIVER RXFILTER-ADD 3'
05-19 18:21:55.911 3985 3985 D wpa_supplicant: wlan0: Control interface command 'DRIVER RXFILTER-START'
05-19 18:21:55.914 3985 3985 D wpa_supplicant: wlan0: Control interface command 'DRIVER RXFILTER-STOP'
05-19 18:21:55.917 3985 3985 D wpa_supplicant: wlan0: Control interface command 'DRIVER RXFILTER-REMOVE 2'
05-19 18:21:55.919 3985 3985 D wpa_supplicant: wlan0: Control interface command 'DRIVER RXFILTER-START'
05-19 18:21:55.921 3985 3985 D wpa_supplicant: wlan0: Control interface command 'STATUS'
05-19 18:21:55.921 3985 3985 D wpa_supplicant: CTRL_IFACE monitor sent successfully to /data/misc/wifi/sockets/wpa_ctrl_3703-2\x00
05-19 18:21:55.923 3472 4061 D NuPlayerDriver: reset(0xb502f220)
05-19 18:21:55.926 3703 3749 I WifiNative-HAL: startHal
05-19 18:21:55.926 3703 3749 E WifiStateMachine: cancelDelayedScan -> 1
05-19 18:21:55.927 3985 3985 D wpa_supplicant: wlan0: Control interface command 'SET ps 1'
05-19 18:21:55.927 3985 3985 D wpa_supplicant: CTRL_IFACE SET 'ps'='1'
05-19 18:21:55.927 3985 3985 D wpa_supplicant: nl80211: set_p2p_powersave (legacy_ps=1 opp_ps=-1 ctwindow=-1)
05-19 18:21:55.929 3703 3703 D WifiScanningService: SCAN_AVAILABLE : 3
05-19 18:21:55.929 3703 3703 D RttService: SCAN_AVAILABLE : 3
05-19 18:21:55.929 3703 3768 D WifiScanningService: DefaultState got{ when=0 what=160006 target=com.android.internal.util.StateMachine$SmHandler }
05-19 18:21:55.929 3703 3769 D RttService: DefaultState got{ when=0 what=160512 target=com.android.internal.util.StateMachine$SmHandler }
05-19 18:21:55.929 3703 3768 I WifiNative-HAL: startHal
05-19 18:21:55.929 3703 3768 E WifiScanningService: could not start HAL
05-19 18:21:55.935 3472 4078 D NuPlayerDriver: notifyResetComplete(0xb502f220)
05-19 18:21:55.953 3985 3985 D wpa_supplicant: wlan0: Control interface command 'DRIVER SETBAND 0'
05-19 18:21:55.959 3985 3985 D wpa_supplicant: wlan0: Control interface command 'BSS_FLUSH 0'
05-19 18:21:55.959 3985 3985 D wpa_supplicant: wlan0: Control interface command 'SCAN TYPE=ONLY'
05-19 18:21:55.959 3985 3985 D wpa_supplicant: Ongoing scan action - reject new request
05-19 18:21:55.983 3703 3722 I ActivityManager: Start proc 4114:com.android.music/u0a38 for broadcast com.android.music/.MediaButtonIntentReceiver
05-19 18:21:55.991 3703 3749 E native : do suspend false
05-19 18:21:55.991 3985 3985 D wpa_supplicant: wlan0: Control interface command 'DRIVER SETSUSPENDMODE 0'
05-19 18:21:55.992 3985 3985 D wpa_supplicant: wlan0: Control interface command 'BLACKLIST clear'
05-19 18:21:56.002 3928 4097 I LatinIME:LogUtils: Dictionary info: dictionary = main:en ; version = 47 ; date = 1402373178
05-19 18:21:56.020 3962 3962 D TelephonyProvider: dbh.onOpen: ok, queried table=siminfo
05-19 18:21:56.021 3962 3962 D TelephonyProvider: dbh.onOpen: ok, queried table=carriers
05-19 18:21:56.049 4083 4083 I PrintSpoolerService: No existing print spooler state.
05-19 18:21:56.072 3703 3703 I FusedLocation: engine started (com.android.location.fused)
05-19 18:21:56.074 3703 3829 I StatusBarManagerService: registerStatusBar bar=com.android.internal.statusbar.IStatusBar$Stub$Proxy@339bc7f
05-19 18:21:56.138 3703 3721 D GpsLocationProvider: received SIM realted action:
05-19 18:21:56.175 3962 4140 E DcSwitchStateMachine-0: DctController is not ready
05-19 18:21:56.182 3703 3721 D GpsLocationProvider: SIM MCC/MNC is still not available
05-19 18:21:56.195 3703 3751 E ConnectivityService: Failed to find Messenger in unregisterNetworkFactory
05-19 18:21:56.197 3703 3751 D ConnectivityService: Got NetworkFactory Messenger for Telephony
05-19 18:21:56.246 4020 4101 I ContactLocale: AddressBook Labels [en-US]: [, A, B, C, D, E, F, G, H, I, J, K, L, M, N, O, P, Q, R, S, T, U, V, W, X, Y, Z, Α, Β, Γ, Δ, Ε, Ζ, Η, Θ, Ι, Κ, Λ, Μ, Ν, Ξ, Ο, Π, Ρ, Σ, Τ, Υ, Φ, Χ, Ψ, Ω, , А, Б, В, Г, Д, Ђ, Е, Є, Ж, З, И, І, Ї, Й, Ј, К, Л, Љ, М, Н, Њ, О, П, Р, С, Т, Ћ, У, Ф, Х, Ц, Ч, Џ, Ш, Щ, Ю, Я, , א, ב, ג, ד, ה, ו, ז, ח, ט, י, כ, ל, מ, נ, ס, ע, פ, צ, ק, ר, ש, ת, , ا, ب, ت, ث, ج, ح, خ, د, ذ, ر, ز, س, ش, ص, ض, ط, ظ, ع, غ, ف, ق, ك, ل, م, ن, ه, و, ي, , ก, ข, ฃ, ค, ฅ, ฆ, ง, จ, ฉ, ช, ซ, ฌ, ญ, ฎ, ฏ, ฐ, ฑ, ฒ, ณ, ด, ต, ถ, ท, ธ, น, บ, ป, ผ, ฝ, พ, ฟ, ภ, ม, ย, ร, ฤ, ล, ฦ, ว, ศ, ษ, ส, ห, ฬ, อ, ฮ, , ㄱ, ㄴ, ㄷ, ㄹ, ㅁ, ㅂ, ㅅ, ㅇ, ㅈ, ㅊ, ㅋ, ㅌ, ㅍ, ㅎ, , あ, か, さ, た, な, は, ま, や, ら, わ, #, ]
05-19 18:21:56.305 3995 4145 D OpenGLRenderer: Use EGL_SWAP_BEHAVIOR_PRESERVED: true
05-19 18:21:56.307 3995 3995 I GRALLOC-RADEON: detected chipset 0x9834 family 0x3c (vram size 494MiB, gart size 1019MiB)
05-19 18:21:56.307 3995 3995 I GRALLOC-DRM: create radeon for driver radeon
05-19 18:21:56.309 3995 3995 D Atlas : Validating map...
05-19 18:21:56.369 3703 4064 I art : Explicit concurrent mark sweep GC freed 30674(1873KB) AllocSpace objects, 10(155KB) LOS objects, 33% free, 7MB/11MB, paused 1.132ms total 67.360ms
05-19 18:21:56.374 3703 4082 V WindowManager: Based on layer: Adding window Window{1529cfbd u0 com.cyanogenmod.trebuchet/com.android.launcher3.Launcher} at 0 of 1
05-19 18:21:56.426 3995 4145 I EGL-GALLIUM: using DRM screen
05-19 18:21:56.426 3995 4145 I EGL-GALLIUM: skip unsupported native format 0x3
05-19 18:21:56.426 3995 4145 I OpenGLRenderer: Initialized EGL, version 1.4
05-19 18:21:56.434 3703 3726 D BluetoothManagerService: Message: 20
05-19 18:21:56.434 3703 3726 D BluetoothManagerService: Added callback: android.bluetooth.IBluetoothManagerCallback$Stub$Proxy@1d09c257:true
05-19 18:21:56.436 3995 4145 D OpenGLRenderer: Enabling debug mode 0
05-19 18:21:56.436 3995 4145 I MESA-DEBUG: Inside r600_texture_from_handle
05-19 18:21:56.436 3995 4145 I MESA-DEBUG: templ->target = 2 ; templ->depth0 = 1 ; templ->last_level = 0
05-19 18:21:56.436 3995 4145 I MESA-DEBUG: Ending r600_texture_from_handle - stride value is 3072
05-19 18:21:56.437 3703 3726 D BluetoothManagerService: Message: 30
05-19 18:21:56.437 3703 3932 D BluetoothManagerService: Trying to bind to profile: 1, while Bluetooth was disabled
05-19 18:21:56.448 3995 4145 I MESA-DEBUG: Inside r600_texture_from_handle
05-19 18:21:56.448 3995 4145 I MESA-DEBUG: templ->target = 2 ; templ->depth0 = 1 ; templ->last_level = 0
05-19 18:21:56.449 3995 4145 I MESA-DEBUG: Ending r600_texture_from_handle - stride value is 5632
05-19 18:21:56.471 3962 3962 I Telephony: TtyManager: updateUiTtyMode -1 -> 0
05-19 18:21:56.499 3703 3703 D GpsLocationProvider: received SIM realted action:
05-19 18:21:56.502 3703 3703 D GpsLocationProvider: SIM MCC/MNC is still not available
05-19 18:21:56.649 1620 1620 I MESA-DEBUG: Inside r600_texture_from_handle
05-19 18:21:56.649 1620 1620 I MESA-DEBUG: templ->target = 2 ; templ->depth0 = 1 ; templ->last_level = 0
05-19 18:21:56.649 1620 1620 I MESA-DEBUG: Ending r600_texture_from_handle - stride value is 5632
05-19 18:21:56.651 3995 4145 I MESA-DEBUG: Inside r600_texture_from_handle
05-19 18:21:56.651 3995 4145 I MESA-DEBUG: templ->target = 2 ; templ->depth0 = 1 ; templ->last_level = 0
05-19 18:21:56.651 3995 4145 I MESA-DEBUG: Ending r600_texture_from_handle - stride value is 5632
05-19 18:21:56.654 3703 3727 I ActivityManager: Displayed com.cyanogenmod.trebuchet/com.android.launcher3.Launcher: +1s548ms
05-19 18:21:56.666 1620 1620 I MESA-DEBUG: Inside r600_texture_from_handle
05-19 18:21:56.666 1620 1620 I MESA-DEBUG: templ->target = 2 ; templ->depth0 = 1 ; templ->last_level = 0
05-19 18:21:56.666 1620 1620 I MESA-DEBUG: Ending r600_texture_from_handle - stride value is 5632
05-19 18:21:56.695 3962 3962 D TelephonyDebugService: TelephonyDebugService()
05-19 18:21:56.712 3985 3985 D wpa_supplicant: RTM_NEWLINK: ifi_index=6 ifname=wlan0 wext ifi_family=0 ifi_flags=0x1003 ([UP])
05-19 18:21:56.712 3985 3985 D wpa_supplicant: nl80211: Event message available
05-19 18:21:56.712 3985 3985 D wpa_supplicant: nl80211: Drv Event 34 (NL80211_CMD_NEW_SCAN_RESULTS) received for wlan0
05-19 18:21:56.712 3985 3985 D wpa_supplicant: wlan0: nl80211: New scan results available
05-19 18:21:56.712 3985 3985 D wpa_supplicant: nl80211: Scan probed for SSID ''
05-19 18:21:56.712 3985 3985 D wpa_supplicant: nl80211: Scan included frequencies: 2412 2417 2422 2427 2432 2437 2442 2447 2452 2457 2462 2467 2472
05-19 18:21:56.712 3985 3985 D wpa_supplicant: wlan0: Event SCAN_RESULTS (3) received
05-19 18:21:56.712 3985 3985 D wpa_supplicant: wlan0: Scan completed in 0.902872 seconds
05-19 18:21:56.712 3985 3985 D wpa_supplicant: nl80211: Received scan results (2 BSSes)
05-19 18:21:56.712 3985 3985 D wpa_supplicant: Sorted scan results
05-19 18:21:56.712 3985 3985 D wpa_supplicant: f8:1a:67:b2:14:c6 freq=2412 qual=0 noise=-90 level=-49 snr=41* flags=0x9 age=799
05-19 18:21:56.713 3985 3985 D wpa_supplicant: IEs - hexdump(len=377): 00 0b 57 49 46 49 5f 4d 49 5a 49 46 49 01 08 82 84 8b 96 0c 12 18 24 03 01 01 2a 01 02 30 14 01 ...
05-19 18:21:56.713 3985 3985 D wpa_supplicant: Beacon IEs - hexdump(len=216): 00 0b 57 49 46 49 5f 4d 49 5a 49 46 49 01 08 82 84 8b 96 0c 12 18 24 03 01 01 05 04 00 01 00 00 ...
05-19 18:21:56.713 3985 3985 D wpa_supplicant: 1c:7e:e5:c3:3d:32 freq=2462 qual=0 noise=-88 level=-89 snr=-1 flags=0x9 age=255
05-19 18:21:56.713 3985 3985 D wpa_supplicant: IEs - hexdump(len=244): 00 0d 41 63 65 73 73 6f 20 4e 65 67 61 64 6f 01 08 82 84 8b 96 12 24 48 6c 03 01 0b 32 04 0c 18 ...
05-19 18:21:56.713 3985 3985 D wpa_supplicant: Beacon IEs - hexdump(len=244): 00 0d 41 63 65 73 73 6f 20 4e 65 67 61 64 6f 01 08 82 84 8b 96 12 24 48 6c 03 01 0b 32 04 0c 18 ...
05-19 18:21:56.713 3985 3985 D wpa_supplicant: wlan0: BSS: Start scan result update 1
05-19 18:21:56.713 3985 3985 D wpa_supplicant: wlan0: BSS: Add new id 0 BSSID f8:1a:67:b2:14:c6 SSID 'WIFI_MIZIFI'
05-19 18:21:56.713 3985 3985 D wpa_supplicant: CTRL_IFACE monitor sent successfully to /data/misc/wifi/sockets/wpa_ctrl_3703-2\x00
05-19 18:21:56.713 3985 3985 D wpa_supplicant: wlan0: BSS: Add new id 1 BSSID 1c:7e:e5:c3:3d:32 SSID 'Acesso Negado'
05-19 18:21:56.713 3985 3985 D wpa_supplicant: CTRL_IFACE monitor sent successfully to /data/misc/wifi/sockets/wpa_ctrl_3703-2\x00
05-19 18:21:56.713 3985 3985 D wpa_supplicant: BSS: last_scan_res_used=2/32
05-19 18:21:56.713 3985 3985 D wpa_supplicant: Add randomness: count=2 entropy=0
05-19 18:21:56.713 3985 3985 D wpa_supplicant: random pool - hexdump(len=128): [REMOVED]
05-19 18:21:56.713 3985 3985 D wpa_supplicant: random_mix_pool - hexdump(len=8): [REMOVED]
05-19 18:21:56.713 3985 3985 D wpa_supplicant: random_mix_pool - hexdump(len=5): [REMOVED]
05-19 18:21:56.713 3985 3985 D wpa_supplicant: random pool - hexdump(len=128): [REMOVED]
05-19 18:21:56.713 3985 3985 D wpa_supplicant: Add randomness: count=3 entropy=1
05-19 18:21:56.713 3985 3985 D wpa_supplicant: random pool - hexdump(len=128): [REMOVED]
05-19 18:21:56.713 3985 3985 D wpa_supplicant: random_mix_pool - hexdump(len=8): [REMOVED]
05-19 18:21:56.713 3985 3985 D wpa_supplicant: random_mix_pool - hexdump(len=5): [REMOVED]
05-19 18:21:56.713 3985 3985 D wpa_supplicant: random pool - hexdump(len=128): [REMOVED]
05-19 18:21:56.713 3985 3985 D wpa_supplicant: wlan0: Scan-only results received
05-19 18:21:56.713 3985 3985 D wpa_supplicant: CTRL_IFACE monitor sent successfully to /data/misc/wifi/sockets/wpa_ctrl_3703-2\x00
05-19 18:21:56.713 3985 3985 D wpa_supplicant: WPS: attr type=0x104a len=1
05-19 18:21:56.713 3985 3985 D wpa_supplicant: WPS: attr type=0x1044 len=1
05-19 18:21:56.713 3985 3985 D wpa_supplicant: WPS: attr type=0x103b len=1
05-19 18:21:56.713 3985 3985 D wpa_supplicant: WPS: attr type=0x1047 len=16
05-19 18:21:56.713 3985 3985 D wpa_supplicant: WPS: attr type=0x1021 len=7
05-19 18:21:56.713 3985 3985 D wpa_supplicant: WPS: attr type=0x1023 len=9
05-19 18:21:56.713 3985 3985 D wpa_supplicant: WPS: attr type=0x1024 len=3
05-19 18:21:56.713 3985 3985 D wpa_supplicant: WPS: attr type=0x1042 len=3
05-19 18:21:56.713 3985 3985 D wpa_supplicant: WPS: attr type=0x1054 len=8
05-19 18:21:56.713 3985 3985 D wpa_supplicant: WPS: attr type=0x1011 len=25
05-19 18:21:56.713 3985 3985 D wpa_supplicant: WPS: attr type=0x1008 len=2
05-19 18:21:56.713 3985 3985 D wpa_supplicant: WPS: attr type=0x103c len=1
05-19 18:21:56.713 3985 3985 D wpa_supplicant: WPS: attr type=0x1049 len=20
05-19 18:21:56.713 3985 3985 D wpa_supplicant: WPS: Unknown Vendor Extension (Vendor ID 9442)
05-19 18:21:56.713 3985 3985 D wpa_supplicant: WPS: attr type=0x104a len=1
05-19 18:21:56.713 3985 3985 D wpa_supplicant: WPS: attr type=0x1044 len=1
05-19 18:21:56.713 3985 3985 D wpa_supplicant: WPS: attr type=0x103b len=1
05-19 18:21:56.713 3985 3985 D wpa_supplicant: WPS: attr type=0x1047 len=16
05-19 18:21:56.713 3985 3985 D wpa_supplicant: WPS: attr type=0x1021 len=7
05-19 18:21:56.713 3985 3985 D wpa_supplicant: WPS: attr type=0x1023 len=9
05-19 18:21:56.713 3985 3985 D wpa_supplicant: WPS: attr type=0x1024 len=3
05-19 18:21:56.713 3985 3985 D wpa_supplicant: WPS: attr type=0x1042 len=3
05-19 18:21:56.713 3985 3985 D wpa_supplicant: WPS: attr type=0x1054 len=8
05-19 18:21:56.713 3985 3985 D wpa_supplicant: WPS: attr type=0x1011 len=25
05-19 18:21:56.713 3985 3985 D wpa_supplicant: WPS: attr type=0x1008 len=2
05-19 18:21:56.713 3985 3985 D wpa_supplicant: WPS: attr type=0x103c len=1
05-19 18:21:56.713 3985 3985 D wpa_supplicant: WPS: attr type=0x1049 len=20
05-19 18:21:56.713 3985 3985 D wpa_supplicant: WPS: Unknown Vendor Extension (Vendor ID 9442)
05-19 18:21:56.713 3985 3985 D wpa_supplicant: WPS: attr type=0x104a len=1
05-19 18:21:56.713 3985 3985 D wpa_supplicant: WPS: attr type=0x1044 len=1
05-19 18:21:56.713 3985 3985 D wpa_supplicant: WPS: attr type=0x103b len=1
05-19 18:21:56.713 3985 3985 D wpa_supplicant: WPS: attr type=0x1047 len=16
05-19 18:21:56.713 3985 3985 D wpa_supplicant: WPS: attr type=0x1021 len=7
05-19 18:21:56.713 3985 3985 D wpa_supplicant: WPS: attr type=0x1023 len=9
05-19 18:21:56.713 3985 3985 D wpa_supplicant: WPS: attr type=0x1024 len=3
05-19 18:21:56.713 3985 3985 D wpa_supplicant: WPS: attr type=0x1042 len=3
05-19 18:21:56.713 3985 3985 D wpa_supplicant: WPS: attr type=0x1054 len=8
05-19 18:21:56.713 3985 3985 D wpa_supplicant: WPS: attr type=0x1011 len=25
05-19 18:21:56.713 3985 3985 D wpa_supplicant: WPS: attr type=0x1008 len=2
05-19 18:21:56.713 3985 3985 D wpa_supplicant: WPS: attr type=0x103c len=1
05-19 18:21:56.713 3985 3985 D wpa_supplicant: WPS: attr type=0x1049 len=20
05-19 18:21:56.713 3985 3985 D wpa_supplicant: WPS: Unknown Vendor Extension (Vendor ID 9442)
05-19 18:21:56.714 3985 3985 D wpa_supplicant: CTRL_IFACE monitor sent successfully to /data/misc/wifi/sockets/wpa_ctrl_3703-2\x00
05-19 18:21:56.714 3985 3985 D wpa_supplicant: wlan0: Radio work 'scan'@0xb6836430 done in 0.934208 seconds
05-19 18:21:56.715 3703 3750 D WifiService: New client listening to asynchronous messages
05-19 18:21:56.716 3703 3749 D WIFI : Registering NetworkFactory
05-19 18:21:56.716 3703 3749 D WIFI_UT : Registering NetworkFactory
05-19 18:21:56.716 3703 3751 D ConnectivityService: Got NetworkFactory Messenger for WIFI
05-19 18:21:56.716 3703 3749 I WifiNative-HAL: startHal
05-19 18:21:56.716 3703 3751 D ConnectivityService: Got NetworkFactory Messenger for WIFI_UT
05-19 18:21:56.723 3995 4145 I MESA-DEBUG: Inside r600_texture_from_handle
05-19 18:21:56.723 3995 4145 I MESA-DEBUG: templ->target = 2 ; templ->depth0 = 1 ; templ->last_level = 0
05-19 18:21:56.724 3995 4145 I MESA-DEBUG: Ending r600_texture_from_handle - stride value is 5632
05-19 18:21:56.725 3985 3985 D wpa_supplicant: EAPOL: disable timer tick
05-19 18:21:56.725 3985 3985 D wpa_supplicant: wlan0: Control interface command 'BSS RANGE=0- MASK=0x21987'
05-19 18:21:56.725 3985 3985 D wpa_supplicant: WPS: attr type=0x104a len=1
05-19 18:21:56.725 3985 3985 D wpa_supplicant: WPS: attr type=0x1044 len=1
05-19 18:21:56.725 3985 3985 D wpa_supplicant: WPS: attr type=0x103b len=1
05-19 18:21:56.725 3985 3985 D wpa_supplicant: WPS: attr type=0x1047 len=16
05-19 18:21:56.725 3985 3985 D wpa_supplicant: WPS: attr type=0x1021 len=7
05-19 18:21:56.725 3985 3985 D wpa_supplicant: WPS: attr type=0x1023 len=9
05-19 18:21:56.725 3985 3985 D wpa_supplicant: WPS: attr type=0x1024 len=3
05-19 18:21:56.725 3985 3985 D wpa_supplicant: WPS: attr type=0x1042 len=3
05-19 18:21:56.725 3985 3985 D wpa_supplicant: WPS: attr type=0x1054 len=8
05-19 18:21:56.725 3985 3985 D wpa_supplicant: WPS: attr type=0x1011 len=25
05-19 18:21:56.725 3985 3985 D wpa_supplicant: WPS: attr type=0x1008 len=2
05-19 18:21:56.725 3985 3985 D wpa_supplicant: WPS: attr type=0x103c len=1
05-19 18:21:56.725 3985 3985 D wpa_supplicant: WPS: attr type=0x1049 len=20
05-19 18:21:56.725 3985 3985 D wpa_supplicant: WPS: Unknown Vendor Extension (Vendor ID 9442)
05-19 18:21:56.725 3985 3985 D wpa_supplicant: WPS: attr type=0x104a len=1
05-19 18:21:56.725 3985 3985 D wpa_supplicant: WPS: attr type=0x1044 len=1
05-19 18:21:56.725 3985 3985 D wpa_supplicant: WPS: attr type=0x103b len=1
05-19 18:21:56.725 3985 3985 D wpa_supplicant: WPS: attr type=0x1047 len=16
05-19 18:21:56.725 3985 3985 D wpa_supplicant: WPS: attr type=0x1021 len=7
05-19 18:21:56.725 3985 3985 D wpa_supplicant: WPS: attr type=0x1023 len=9
05-19 18:21:56.725 3985 3985 D wpa_supplicant: WPS: attr type=0x1024 len=3
05-19 18:21:56.725 3985 3985 D wpa_supplicant: WPS: attr type=0x1042 len=3
05-19 18:21:56.725 3985 3985 D wpa_supplicant: WPS: attr type=0x1054 len=8
05-19 18:21:56.725 3985 3985 D wpa_supplicant: WPS: attr type=0x1011 len=25
05-19 18:21:56.725 3985 3985 D wpa_supplicant: WPS: attr type=0x1008 len=2
05-19 18:21:56.725 3985 3985 D wpa_supplicant: WPS: attr type=0x103c len=1
05-19 18:21:56.725 3985 3985 D wpa_supplicant: WPS: attr type=0x1049 len=20
05-19 18:21:56.725 3985 3985 D wpa_supplicant: WPS: Unknown Vendor Extension (Vendor ID 9442)
05-19 18:21:56.725 3985 3985 D wpa_supplicant: WPS: attr type=0x104a len=1
05-19 18:21:56.725 3985 3985 D wpa_supplicant: WPS: attr type=0x1044 len=1
05-19 18:21:56.725 3985 3985 D wpa_supplicant: WPS: attr type=0x103b len=1
05-19 18:21:56.725 3985 3985 D wpa_supplicant: WPS: attr type=0x1047 len=16
05-19 18:21:56.725 3985 3985 D wpa_supplicant: WPS: attr type=0x1021 len=7
05-19 18:21:56.725 3985 3985 D wpa_supplicant: WPS: attr type=0x1023 len=9
05-19 18:21:56.725 3985 3985 D wpa_supplicant: WPS: attr type=0x1024 len=3
05-19 18:21:56.725 3985 3985 D wpa_supplicant: WPS: attr type=0x1042 len=3
05-19 18:21:56.725 3985 3985 D wpa_supplicant: WPS: attr type=0x1054 len=8
05-19 18:21:56.725 3985 3985 D wpa_supplicant: WPS: attr type=0x1011 len=25
05-19 18:21:56.725 3985 3985 D wpa_supplicant: WPS: attr type=0x1008 len=2
05-19 18:21:56.725 3985 3985 D wpa_supplicant: WPS: attr type=0x103c len=1
05-19 18:21:56.725 3985 3985 D wpa_supplicant: WPS: attr type=0x1049 len=20
05-19 18:21:56.725 3985 3985 D wpa_supplicant: WPS: Unknown Vendor Extension (Vendor ID 9442)
05-19 18:21:56.732 1620 1620 I MESA-DEBUG: Inside r600_texture_from_handle
05-19 18:21:56.732 1620 1620 I MESA-DEBUG: templ->target = 2 ; templ->depth0 = 1 ; templ->last_level = 0
05-19 18:21:56.732 1620 1620 I MESA-DEBUG: Ending r600_texture_from_handle - stride value is 5632
05-19 18:21:56.742 3703 3749 E WifiConfigStore: rewrite network history for "WIFI_MIZIFI"WPA_PSK
05-19 18:21:56.771 3962 3962 I Telephony: PstnIncomingCallNotifier: Registering: Handler (com.android.internal.telephony.gsm.GSMPhone) {2adc5137}
05-19 18:21:56.784 3703 3749 D WIFI : got request NetworkRequest [ id=1, legacyType=-1, [ Capabilities: INTERNET&NOT_RESTRICTED&TRUSTED&NOT_VPN] ] with score 0
05-19 18:21:56.784 3703 3749 D WIFI_UT : got request NetworkRequest [ id=1, legacyType=-1, [ Capabilities: INTERNET&NOT_RESTRICTED&TRUSTED&NOT_VPN] ] with score 0
05-19 18:21:56.805 3962 4158 D SIP : [SipSharedPreferences] isReceivingCallsEnabled, option not set; use default value, exception: android.provider.Settings$SettingNotFoundException: sip_receive_calls
05-19 18:21:56.927 3703 3722 V KeyguardServiceDelegate: *** Keyguard started
05-19 18:21:56.927 3703 3722 W KeyguardServiceDelegate: onScreenTurnedOn(): no keyguard service!
05-19 18:21:56.932 3703 3722 D KbdSensor: poll_activate: dev=0xb3c51f80 handle=0 enabled=1
05-19 18:21:56.932 3703 3722 D KbdSensor: poll_setDelay: dev=0xb3c51f80 delay-ns=66667000
05-19 18:21:56.984 3703 3750 D WifiService: New client listening to asynchronous messages
05-19 18:21:56.999 3703 3726 D BluetoothManagerService: Message: 20
05-19 18:21:57.000 3703 3726 D BluetoothManagerService: Added callback: android.bluetooth.IBluetoothManagerCallback$Stub$Proxy@265ef72f:true
05-19 18:21:57.002 3800 3800 D BluetoothAdapter: 1054407721: getState() : mService = null. Returning STATE_OFF
05-19 18:21:57.003 3800 4160 D BluetoothAdapter: 1054407721: getState() : mService = null. Returning STATE_OFF
05-19 18:21:57.004 3703 3726 D BluetoothManagerService: Message: 30
05-19 18:21:57.006 3703 3726 D BluetoothManagerService: Message: 30
05-19 18:21:57.007 3800 3800 E BluetoothA2dpSink: Could not bind to Bluetooth A2DP Service with Intent { act=android.bluetooth.IBluetoothA2dpSink }
05-19 18:21:57.008 3703 3726 D BluetoothManagerService: Message: 30
05-19 18:21:57.009 3800 3800 E BluetoothAvrcpController: Could not bind to Bluetooth AVRCP Controller Service with Intent { act=android.bluetooth.IBluetoothAvrcpController }
05-19 18:21:57.010 3703 3726 D BluetoothManagerService: Message: 30
05-19 18:21:57.011 3703 3932 D BluetoothManagerService: Trying to bind to profile: 1, while Bluetooth was disabled
05-19 18:21:57.013 3703 3726 D BluetoothManagerService: Message: 30
05-19 18:21:57.014 3800 3800 E BluetoothHeadsetClient: Could not bind to Bluetooth Headset Client Service with Intent { act=android.bluetooth.IBluetoothHeadsetClient }
05-19 18:21:57.016 3703 3726 D BluetoothManagerService: Message: 30
05-19 18:21:57.019 3800 3800 D BluetoothMap: Create BluetoothMap proxy object
05-19 18:21:57.020 3703 3726 D BluetoothManagerService: Message: 30
05-19 18:21:57.022 3703 3726 D BluetoothManagerService: Message: 30
05-19 18:21:57.035 3703 4064 D ConnectivityService: listenForNetwork for NetworkRequest [ id=2, legacyType=-1, [] ]
05-19 18:21:57.046 3800 3800 I CameraManagerGlobal: getCameraService: Reconnecting to camera service
05-19 18:21:57.052 3472 3756 I CameraService: getCameraCharacteristics: Switching to HAL1 shim implementation...
05-19 18:21:57.052 3472 3756 D Camera_Factory: CameraFactory::get_camera_info
05-19 18:21:57.052 3472 3756 D Camera_Factory: CameraFactory::getCameraInfo: id = 0, info = 0xb4fff978
05-19 18:21:57.052 3472 3756 D Camera_Factory: CameraFactory::getCameraNum: 1
05-19 18:21:57.052 3472 3756 D CameraHardware: CameraHardware::getCameraInfo
05-19 18:21:57.052 3472 3756 D Camera_Factory: CameraFactory::get_camera_info
05-19 18:21:57.052 3472 3756 D Camera_Factory: CameraFactory::getCameraInfo: id = 0, info = 0xb4fff710
05-19 18:21:57.052 3472 3756 D Camera_Factory: CameraFactory::getCameraNum: 1
05-19 18:21:57.052 3472 3756 D CameraHardware: CameraHardware::getCameraInfo
05-19 18:21:57.091 3472 3756 I CameraClient: Opening camera 0
05-19 18:21:57.091 3472 3756 D Camera_Factory: CameraFactory::get_camera_info
05-19 18:21:57.091 3472 3756 D Camera_Factory: CameraFactory::getCameraInfo: id = 0, info = 0xb4fff6a0
05-19 18:21:57.091 3472 3756 D Camera_Factory: CameraFactory::getCameraNum: 1
05-19 18:21:57.091 3472 3756 D CameraHardware: CameraHardware::getCameraInfo
05-19 18:21:57.091 3472 3756 D Camera_Factory: CameraFactory::device_open: name = 0
05-19 18:21:57.091 3472 3756 D Camera_Factory: CameraFactory::cameraDeviceOpen: id = 0
05-19 18:21:57.091 3472 3756 D Camera_Factory: CameraFactory::getCameraNum: 1
05-19 18:21:57.091 3472 3756 D CameraHardware: CameraHardware::PowerOn: Power ON camera.
05-19 18:21:57.091 3472 3756 D CameraHardware: CameraHardware::PowerOn: no power_file set
05-19 18:21:57.091 3472 3756 D CameraHardware: CameraHardware::initDefaultParameters
05-19 18:21:57.144 3472 3756 D V4L2Camera: V4L2Camera::EnumFrameFormats
05-19 18:21:57.144 3472 3756 D V4L2Camera: { pixelformat = 'YUYV', description = 'YUV 4:2:2 (YUYV)' }
05-19 18:21:57.144 3472 3756 D V4L2Camera: V4L2Camera::EnumFrameSizes: pixfmt: 0x56595559
05-19 18:21:57.144 3472 3756 D V4L2Camera: { discrete: width = 640, height = 480 }
05-19 18:21:57.144 3472 3756 D V4L2Camera: V4L2Camera::EnumFrameIntervals: pixfmt: 0x56595559, w:640, h:480
05-19 18:21:57.144 3472 3756 D V4L2Camera: Time interval between frame:
05-19 18:21:57.144 3472 3756 D V4L2Camera: 1/30
05-19 18:21:57.145 3472 3756 D V4L2Camera: { discrete: width = 160, height = 120 }
05-19 18:21:57.145 3472 3756 D V4L2Camera: V4L2Camera::EnumFrameIntervals: pixfmt: 0x56595559, w:160, h:120
05-19 18:21:57.145 3472 3756 D V4L2Camera: Time interval between frame:
05-19 18:21:57.145 3472 3756 D V4L2Camera: 1/30
05-19 18:21:57.145 3472 3756 D V4L2Camera: { discrete: width = 176, height = 144 }
05-19 18:21:57.145 3472 3756 D V4L2Camera: V4L2Camera::EnumFrameIntervals: pixfmt: 0x56595559, w:176, h:144
05-19 18:21:57.145 3472 3756 D V4L2Camera: Time interval between frame:
05-19 18:21:57.145 3472 3756 D V4L2Camera: 1/30
05-19 18:21:57.145 3472 3756 D V4L2Camera: { discrete: width = 320, height = 240 }
05-19 18:21:57.145 3472 3756 D V4L2Camera: V4L2Camera::EnumFrameIntervals: pixfmt: 0x56595559, w:320, h:240
05-19 18:21:57.145 3472 3756 D V4L2Camera: Time interval between frame:
05-19 18:21:57.145 3472 3756 D V4L2Camera: 1/30
05-19 18:21:57.145 3472 3756 D V4L2Camera: { discrete: width = 352, height = 288 }
05-19 18:21:57.145 3472 3756 D V4L2Camera: V4L2Camera::EnumFrameIntervals: pixfmt: 0x56595559, w:352, h:288
05-19 18:21:57.145 3472 3756 D V4L2Camera: Time interval between frame:
05-19 18:21:57.145 3472 3756 D V4L2Camera: 1/30
05-19 18:21:57.145 3472 3756 D V4L2Camera: { discrete: width = 424, height = 240 }
05-19 18:21:57.145 3472 3756 D V4L2Camera: V4L2Camera::EnumFrameIntervals: pixfmt: 0x56595559, w:424, h:240
05-19 18:21:57.145 3472 3756 D V4L2Camera: Time interval between frame:
05-19 18:21:57.145 3472 3756 D V4L2Camera: 1/30
05-19 18:21:57.145 3472 3756 D V4L2Camera: { discrete: width = 640, height = 360 }
05-19 18:21:57.145 3472 3756 D V4L2Camera: V4L2Camera::EnumFrameIntervals: pixfmt: 0x56595559, w:640, h:360
05-19 18:21:57.145 3472 3756 D V4L2Camera: Time interval between frame:
05-19 18:21:57.145 3472 3756 D V4L2Camera: 1/30
05-19 18:21:57.145 3472 3756 D V4L2Camera: { discrete: width = 960, height = 540 }
05-19 18:21:57.145 3472 3756 D V4L2Camera: V4L2Camera::EnumFrameIntervals: pixfmt: 0x56595559, w:960, h:540
05-19 18:21:57.145 3472 3756 D V4L2Camera: Time interval between frame:
05-19 18:21:57.145 3472 3756 D V4L2Camera: 1/15
05-19 18:21:57.145 3472 3756 D V4L2Camera: { discrete: width = 1280, height = 720 }
05-19 18:21:57.145 3472 3756 D V4L2Camera: V4L2Camera::EnumFrameIntervals: pixfmt: 0x56595559, w:1280, h:720
05-19 18:21:57.145 3472 3756 D V4L2Camera: Time interval between frame:
05-19 18:21:57.145 3472 3756 D V4L2Camera: 1/10
05-19 18:21:57.145 3472 3756 D V4L2Camera: { pixelformat = 'MJPG', description = 'MJPEG' }
05-19 18:21:57.145 3472 3756 D V4L2Camera: V4L2Camera::EnumFrameSizes: pixfmt: 0x47504a4d
05-19 18:21:57.145 3472 3756 D V4L2Camera: { discrete: width = 640, height = 480 }
05-19 18:21:57.145 3472 3756 D V4L2Camera: V4L2Camera::EnumFrameIntervals: pixfmt: 0x47504a4d, w:640, h:480
