05-19 18:20:42.474 2988 2988 D wpa_supplicant: P2P: * Listen Channel: Regulatory Class 81 Channel 6
05-19 18:20:42.474 2988 2988 D wpa_supplicant: wlan0: Add radio work 'scan'@0xb6836430
05-19 18:20:42.474 2988 2988 D wpa_supplicant: wlan0: First radio work item in the queue - schedule start immediately
05-19 18:20:42.474 2988 2988 D wpa_supplicant: wlan0: Starting radio work 'scan'@0xb6836430 after 0.000039 second wait
05-19 18:20:42.474 2988 2988 D wpa_supplicant: wlan0: nl80211: scan request
05-19 18:20:42.474 2988 2988 D wpa_supplicant: nl80211: Scan SSID - hexdump(len=0): [NULL]
05-19 18:20:42.474 2988 2988 D wpa_supplicant: nl80211: Scan extra IEs - hexdump(len=163): dd 8e 00 50 f2 04 10 4a 00 01 10 10 3a 00 01 00 10 08 00 02 42 88 10 47 00 10 fe 28 80 d2 f9 e9 ...
05-19 18:20:42.481 2988 2988 D wpa_supplicant: Scan requested (ret=0) - scan timeout 30 seconds
05-19 18:20:42.481 2988 2988 D wpa_supplicant: nl80211: Event message available
05-19 18:20:42.481 2988 2988 D wpa_supplicant: nl80211: Drv Event 33 (NL80211_CMD_TRIGGER_SCAN) received for wlan0
05-19 18:20:42.481 2988 2988 D wpa_supplicant: wlan0: nl80211: Scan trigger
05-19 18:20:42.481 2988 2988 D wpa_supplicant: wlan0: Event SCAN_STARTED (49) received
05-19 18:20:42.481 2988 2988 D wpa_supplicant: wlan0: Own scan request started a scan in 0.000117 seconds
05-19 18:20:42.481 2988 2988 D wpa_supplicant: CTRL_IFACE monitor sent successfully to /data/misc/wifi/sockets/wpa_ctrl_1943-2\x00
05-19 18:20:44.889 2988 2988 D wpa_supplicant: wlan0: Control interface command 'SIGNAL_POLL'
05-19 18:20:45.451 3076 3076 E browser : Console: Uncaught SyntaxError: Unexpected token ILLEGAL http://pbid.pro-market.net/engine?du=69;csync=67b5aeea7f724fe998d97ef6db9e94d2:1
05-19 18:20:46.089 2988 2988 D wpa_supplicant: RTM_NEWLINK: ifi_index=4 ifname=wlan0 wext ifi_family=0 ifi_flags=0x11043 ([UP][RUNNING][LOWER_UP])
05-19 18:20:46.089 2988 2988 D wpa_supplicant: nl80211: Event message available
05-19 18:20:46.089 2988 2988 D wpa_supplicant: nl80211: Drv Event 34 (NL80211_CMD_NEW_SCAN_RESULTS) received for wlan0
05-19 18:20:46.089 2988 2988 D wpa_supplicant: wlan0: nl80211: New scan results available
05-19 18:20:46.089 2988 2988 D wpa_supplicant: nl80211: Scan probed for SSID ''
05-19 18:20:46.089 2988 2988 D wpa_supplicant: nl80211: Scan included frequencies: 2412 2417 2422 2427 2432 2437 2442 2447 2452 2457 2462 2467 2472
05-19 18:20:46.089 2988 2988 D wpa_supplicant: wlan0: Event SCAN_RESULTS (3) received
05-19 18:20:46.089 2988 2988 D wpa_supplicant: wlan0: Scan completed in 3.608085 seconds
05-19 18:20:46.089 2988 2988 D wpa_supplicant: nl80211: Associated on 2412 MHz
05-19 18:20:46.089 2988 2988 D wpa_supplicant: nl80211: Associated with f8:1a:67:b2:14:c6
05-19 18:20:46.089 2988 2988 D wpa_supplicant: nl80211: Received scan results (1 BSSes)
05-19 18:20:46.089 2988 2988 D wpa_supplicant: nl80211: Scan results indicate BSS status with f8:1a:67:b2:14:c6 as associated
05-19 18:20:46.089 2988 2988 D wpa_supplicant: Sorted scan results
05-19 18:20:46.089 2988 2988 D wpa_supplicant: f8:1a:67:b2:14:c6 freq=2412 qual=0 noise=-89 level=-57 snr=32* flags=0x29 age=153
05-19 18:20:46.089 2988 2988 D wpa_supplicant: IEs - hexdump(len=377): 00 0b 57 49 46 49 5f 4d 49 5a 49 46 49 01 08 82 84 8b 96 0c 12 18 24 03 01 01 2a 01 02 30 14 01 ...
05-19 18:20:46.089 2988 2988 D wpa_supplicant: Beacon IEs - hexdump(len=216): 00 0b 57 49 46 49 5f 4d 49 5a 49 46 49 01 08 82 84 8b 96 0c 12 18 24 03 01 01 05 04 00 01 01 00 ...
05-19 18:20:46.089 2988 2988 D wpa_supplicant: wlan0: BSS: Start scan result update 7
05-19 18:20:46.089 2988 2988 D wpa_supplicant: BSS: last_scan_res_used=1/32
05-19 18:20:46.089 2988 2988 D wpa_supplicant: Add randomness: count=15 entropy=8
05-19 18:20:46.089 2988 2988 D wpa_supplicant: random pool - hexdump(len=128): [REMOVED]
05-19 18:20:46.089 2988 2988 D wpa_supplicant: random_mix_pool - hexdump(len=8): [REMOVED]
05-19 18:20:46.090 2988 2988 D wpa_supplicant: random_mix_pool - hexdump(len=5): [REMOVED]
05-19 18:20:46.090 2988 2988 D wpa_supplicant: random pool - hexdump(len=128): [REMOVED]
05-19 18:20:46.090 2988 2988 D wpa_supplicant: wlan0: Scan-only results received
05-19 18:20:46.090 2988 2988 D wpa_supplicant: CTRL_IFACE monitor sent successfully to /data/misc/wifi/sockets/wpa_ctrl_1943-2\x00
05-19 18:20:46.090 2988 2988 D wpa_supplicant: wlan0: Radio work 'scan'@0xb6836430 done in 3.615682 seconds
05-19 18:20:46.093 2988 2988 D wpa_supplicant: wlan0: Control interface command 'BSS RANGE=0- MASK=0x21987'
05-19 18:20:46.094 2988 2988 D wpa_supplicant: WPS: attr type=0x104a len=1
05-19 18:20:46.094 2988 2988 D wpa_supplicant: WPS: attr type=0x1044 len=1
05-19 18:20:46.094 2988 2988 D wpa_supplicant: WPS: attr type=0x103b len=1
05-19 18:20:46.094 2988 2988 D wpa_supplicant: WPS: attr type=0x1047 len=16
05-19 18:20:46.094 2988 2988 D wpa_supplicant: WPS: attr type=0x1021 len=7
05-19 18:20:46.094 2988 2988 D wpa_supplicant: WPS: attr type=0x1023 len=9
05-19 18:20:46.094 2988 2988 D wpa_supplicant: WPS: attr type=0x1024 len=3
05-19 18:20:46.094 2988 2988 D wpa_supplicant: WPS: attr type=0x1042 len=3
05-19 18:20:46.094 2988 2988 D wpa_supplicant: WPS: attr type=0x1054 len=8
05-19 18:20:46.094 2988 2988 D wpa_supplicant: WPS: attr type=0x1011 len=25
05-19 18:20:46.094 2988 2988 D wpa_supplicant: WPS: attr type=0x1008 len=2
05-19 18:20:46.094 2988 2988 D wpa_supplicant: WPS: attr type=0x103c len=1
05-19 18:20:46.094 2988 2988 D wpa_supplicant: WPS: attr type=0x1049 len=20
05-19 18:20:46.094 2988 2988 D wpa_supplicant: WPS: Unknown Vendor Extension (Vendor ID 9442)
05-19 18:20:46.094 2988 2988 D wpa_supplicant: WPS: attr type=0x104a len=1
05-19 18:20:46.094 2988 2988 D wpa_supplicant: WPS: attr type=0x1044 len=1
05-19 18:20:46.094 2988 2988 D wpa_supplicant: WPS: attr type=0x103b len=1
05-19 18:20:46.094 2988 2988 D wpa_supplicant: WPS: attr type=0x1047 len=16
05-19 18:20:46.094 2988 2988 D wpa_supplicant: WPS: attr type=0x1021 len=7
05-19 18:20:46.094 2988 2988 D wpa_supplicant: WPS: attr type=0x1023 len=9
05-19 18:20:46.094 2988 2988 D wpa_supplicant: WPS: attr type=0x1024 len=3
05-19 18:20:46.094 2988 2988 D wpa_supplicant: WPS: attr type=0x1042 len=3
05-19 18:20:46.094 2988 2988 D wpa_supplicant: WPS: attr type=0x1054 len=8
05-19 18:20:46.094 2988 2988 D wpa_supplicant: WPS: attr type=0x1011 len=25
05-19 18:20:46.094 2988 2988 D wpa_supplicant: WPS: attr type=0x1008 len=2
05-19 18:20:46.094 2988 2988 D wpa_supplicant: WPS: attr type=0x103c len=1
05-19 18:20:46.094 2988 2988 D wpa_supplicant: WPS: attr type=0x1049 len=20
05-19 18:20:46.094 2988 2988 D wpa_supplicant: WPS: Unknown Vendor Extension (Vendor ID 9442)
05-19 18:20:46.094 2988 2988 D wpa_supplicant: WPS: attr type=0x104a len=1
05-19 18:20:46.094 2988 2988 D wpa_supplicant: WPS: attr type=0x1044 len=1
05-19 18:20:46.094 2988 2988 D wpa_supplicant: WPS: attr type=0x103b len=1
05-19 18:20:46.094 2988 2988 D wpa_supplicant: WPS: attr type=0x1047 len=16
05-19 18:20:46.094 2988 2988 D wpa_supplicant: WPS: attr type=0x1021 len=7
05-19 18:20:46.094 2988 2988 D wpa_supplicant: WPS: attr type=0x1023 len=9
05-19 18:20:46.094 2988 2988 D wpa_supplicant: WPS: attr type=0x1024 len=3
05-19 18:20:46.094 2988 2988 D wpa_supplicant: WPS: attr type=0x1042 len=3
05-19 18:20:46.094 2988 2988 D wpa_supplicant: WPS: attr type=0x1054 len=8
05-19 18:20:46.094 2988 2988 D wpa_supplicant: WPS: attr type=0x1011 len=25
05-19 18:20:46.094 2988 2988 D wpa_supplicant: WPS: attr type=0x1008 len=2
05-19 18:20:46.094 2988 2988 D wpa_supplicant: WPS: attr type=0x103c len=1
05-19 18:20:46.094 2988 2988 D wpa_supplicant: WPS: attr type=0x1049 len=20
05-19 18:20:46.094 2988 2988 D wpa_supplicant: WPS: Unknown Vendor Extension (Vendor ID 9442)
05-19 18:20:46.098 2988 2988 D wpa_supplicant: wlan0: Control interface command 'STATUS-NO_EVENTS'
05-19 18:20:47.896 2988 2988 D wpa_supplicant: wlan0: Control interface command 'SIGNAL_POLL'
05-19 18:20:50.901 2988 2988 D wpa_supplicant: wlan0: Control interface command 'SIGNAL_POLL'
05-19 18:20:53.905 2988 2988 D wpa_supplicant: wlan0: Control interface command 'SIGNAL_POLL'
05-19 18:20:54.938 3076 3076 W browser : Console: Received message of type object from http://platform.twitter.com, expected a string http://connect.facebook.net/en_US/sdk.js:64
05-19 18:20:55.622 3076 3143 I MESA-DEBUG: Inside r600_texture_from_handle
05-19 18:20:55.622 3076 3143 I MESA-DEBUG: templ->target = 2 ; templ->depth0 = 1 ; templ->last_level = 0
05-19 18:20:55.622 3076 3143 I MESA-DEBUG: Ending r600_texture_from_handle - stride value is 768
05-19 18:20:55.647 1620 1620 I MESA-DEBUG: Inside r600_texture_from_handle
05-19 18:20:55.647 1620 1620 I MESA-DEBUG: templ->target = 2 ; templ->depth0 = 1 ; templ->last_level = 0
05-19 18:20:55.647 1620 1620 I MESA-DEBUG: Ending r600_texture_from_handle - stride value is 768
05-19 18:20:55.708 2439 3267 D DownloadManager: [1] Starting
05-19 18:20:56.108 2439 3267 W DownloadManager: fallocate() not supported; falling back to ftruncate()
05-19 18:20:56.546 3076 3076 W browser : Console: Received message of type object from http://platform.twitter.com, expected a string http://connect.facebook.net/en_US/sdk.js:64
05-19 18:20:56.909 2988 2988 D wpa_supplicant: wlan0: Control interface command 'SIGNAL_POLL'
05-19 18:20:59.724 2173 2173 D PhoneStatusBar: disable: < expand ICONS* alerts SYSTEM_INFO* back home recent clock search
> 05-19 18:20:59.766 2173 2623 I MESA-DEBUG: Inside r600_texture_from_handle
05-19 18:20:59.767 2173 2623 I MESA-DEBUG: templ->target = 2 ; templ->depth0 = 1 ; templ->last_level = 0
05-19 18:20:59.767 2173 2623 I MESA-DEBUG: Ending r600_texture_from_handle - stride value is 5632
05-19 18:20:59.780 1620 1620 I MESA-DEBUG: Inside r600_texture_from_handle
05-19 18:20:59.780 1620 1620 I MESA-DEBUG: templ->target = 2 ; templ->depth0 = 1 ; templ->last_level = 0
05-19 18:20:59.780 1620 1620 I MESA-DEBUG: Ending r600_texture_from_handle - stride value is 5632
05-19 18:20:59.786 2173 2623 I MESA-DEBUG: Inside r600_texture_from_handle
05-19 18:20:59.786 2173 2623 I MESA-DEBUG: templ->target = 2 ; templ->depth0 = 1 ; templ->last_level = 0
05-19 18:20:59.786 2173 2623 I MESA-DEBUG: Ending r600_texture_from_handle - stride value is 5632
05-19 18:20:59.796 2173 2623 I MESA-DEBUG: Inside r600_texture_from_handle
05-19 18:20:59.796 2173 2623 I MESA-DEBUG: templ->target = 2 ; templ->depth0 = 1 ; templ->last_level = 0
05-19 18:20:59.796 2173 2623 I MESA-DEBUG: Ending r600_texture_from_handle - stride value is 5632
05-19 18:20:59.797 1620 1620 I MESA-DEBUG: Inside r600_texture_from_handle
05-19 18:20:59.797 1620 1620 I MESA-DEBUG: templ->target = 2 ; templ->depth0 = 1 ; templ->last_level = 0
05-19 18:20:59.797 1620 1620 I MESA-DEBUG: Ending r600_texture_from_handle - stride value is 5632
05-19 18:20:59.814 1620 1620 I MESA-DEBUG: Inside r600_texture_from_handle
05-19 18:20:59.814 1620 1620 I MESA-DEBUG: templ->target = 2 ; templ->depth0 = 1 ; templ->last_level = 0
05-19 18:20:59.814 1620 1620 I MESA-DEBUG: Ending r600_texture_from_handle - stride value is 5632
05-19 18:20:59.913 2988 2988 D wpa_supplicant: wlan0: Control interface command 'SIGNAL_POLL'
05-19 18:21:00.610 2173 2173 I Choreographer: Skipped 36 frames! The application may be doing too much work on its main thread.
05-19 18:21:00.761 2173 2619 D BluetoothAdapter: 66812341: getState() : mService = null. Returning STATE_OFF
05-19 18:21:00.761 2173 2619 D BluetoothAdapter: 66812341: getState() : mService = null. Returning STATE_OFF
05-19 18:21:00.794 2173 2619 D BluetoothAdapter: 66812341: getState() : mService = null. Returning STATE_OFF
05-19 18:21:00.794 2173 2619 D BluetoothAdapter: 66812341: getState() : mService = null. Returning STATE_OFF
05-19 18:21:02.405 1943 2150 I art : Explicit concurrent mark sweep GC freed 28891(1425KB) AllocSpace objects, 3(48KB) LOS objects, 33% free, 9MB/14MB, paused 933us total 71.475ms
05-19 18:21:02.477 1943 2034 E WifiStateMachine: WifiStateMachine CMD_START_SCAN source -2 txSuccessRate=-0.00 rxSuccessRate=-0.00 targetRoamBSSID=f8:1a:67:b2:14:c6 RSSI=-53
05-19 18:21:02.477 1943 2034 E WifiStateMachine: WifiStateMachine starting scan for "WIFI_MIZIFI"WPA_PSK with 2412
05-19 18:21:02.477 2988 2988 D wpa_supplicant: wlan0: Control interface command 'SCAN TYPE=ONLY freq=2412'
05-19 18:21:02.477 2988 2988 D wpa_supplicant: wlan0: Setting scan request: 0.000000 sec
05-19 18:21:02.477 2988 2988 D wpa_supplicant: wlan0: Starting AP scan for wildcard SSID
05-19 18:21:02.477 2988 2988 D wpa_supplicant: WPS: Building WPS IE for Probe Request
05-19 18:21:02.477 2988 2988 D wpa_supplicant: WPS: * Version (hardcoded 0x10)
05-19 18:21:02.477 2988 2988 D wpa_supplicant: WPS: * Request Type
05-19 18:21:02.477 2988 2988 D wpa_supplicant: WPS: * Config Methods (4288)
05-19 18:21:02.477 2988 2988 D wpa_supplicant: WPS: * UUID-E
05-19 18:21:02.477 2988 2988 D wpa_supplicant: WPS: * Primary Device Type
05-19 18:21:02.477 2988 2988 D wpa_supplicant: WPS: * RF Bands (1)
05-19 18:21:02.477 2988 2988 D wpa_supplicant: WPS: * Association State
05-19 18:21:02.477 2988 2988 D wpa_supplicant: WPS: * Configuration Error (0)
05-19 18:21:02.477 2988 2988 D wpa_supplicant: WPS: * Device Password ID (0)
05-19 18:21:02.477 2988 2988 D wpa_supplicant: WPS: * Manufacturer
05-19 18:21:02.477 2988 2988 D wpa_supplicant: WPS: * Model Name
05-19 18:21:02.477 2988 2988 D wpa_supplicant: WPS: * Model Number
05-19 18:21:02.477 2988 2988 D wpa_supplicant: WPS: * Device Name
05-19 18:21:02.478 2988 2988 D wpa_supplicant: WPS: * Version2 (0x20)
05-19 18:21:02.478 2988 2988 D wpa_supplicant: P2P: * P2P IE header
05-19 18:21:02.478 2988 2988 D wpa_supplicant: P2P: * Capability dev=25 group=00
05-19 18:21:02.478 2988 2988 D wpa_supplicant: P2P: * Listen Channel: Regulatory Class 81 Channel 6
05-19 18:21:02.478 2988 2988 D wpa_supplicant: wlan0: Limit manual scan to specified channels
05-19 18:21:02.478 2988 2988 D wpa_supplicant: wlan0: Add radio work 'scan'@0xb6836430
05-19 18:21:02.478 2988 2988 D wpa_supplicant: wlan0: First radio work item in the queue - schedule start immediately
05-19 18:21:02.478 2988 2988 D wpa_supplicant: wlan0: Starting radio work 'scan'@0xb6836430 after 0.000043 second wait
05-19 18:21:02.478 2988 2988 D wpa_supplicant: wlan0: nl80211: scan request
05-19 18:21:02.478 2988 2988 D wpa_supplicant: nl80211: Scan SSID - hexdump(len=0): [NULL]
05-19 18:21:02.478 2988 2988 D wpa_supplicant: nl80211: Scan extra IEs - hexdump(len=163): dd 8e 00 50 f2 04 10 4a 00 01 10 10 3a 00 01 00 10 08 00 02 42 88 10 47 00 10 fe 28 80 d2 f9 e9 ...
05-19 18:21:02.478 2988 2988 D wpa_supplicant: nl80211: Scan frequency 2412 MHz
05-19 18:21:02.478 2988 2988 D wpa_supplicant: Scan requested (ret=0) - scan timeout 30 seconds
05-19 18:21:02.478 2988 2988 D wpa_supplicant: nl80211: Event message available
05-19 18:21:02.478 2988 2988 D wpa_supplicant: nl80211: Drv Event 33 (NL80211_CMD_TRIGGER_SCAN) received for wlan0
05-19 18:21:02.478 2988 2988 D wpa_supplicant: wlan0: nl80211: Scan trigger
05-19 18:21:02.478 2988 2988 D wpa_supplicant: wlan0: Event SCAN_STARTED (49) received
05-19 18:21:02.478 2988 2988 D wpa_supplicant: wlan0: Own scan request started a scan in 0.000105 seconds
05-19 18:21:02.478 2988 2988 D wpa_supplicant: CTRL_IFACE monitor sent successfully to /data/misc/wifi/sockets/wpa_ctrl_1943-2\x00
05-19 18:21:02.508 2988 2988 D wpa_supplicant: RTM_NEWLINK: ifi_index=4 ifname=wlan0 wext ifi_family=0 ifi_flags=0x11043 ([UP][RUNNING][LOWER_UP])
05-19 18:21:02.508 2988 2988 D wpa_supplicant: nl80211: Event message available
05-19 18:21:02.508 2988 2988 D wpa_supplicant: nl80211: Drv Event 34 (NL80211_CMD_NEW_SCAN_RESULTS) received for wlan0
05-19 18:21:02.508 2988 2988 D wpa_supplicant: wlan0: nl80211: New scan results available
05-19 18:21:02.508 2988 2988 D wpa_supplicant: nl80211: Scan probed for SSID ''
05-19 18:21:02.508 2988 2988 D wpa_supplicant: nl80211: Scan included frequencies: 2412
05-19 18:21:02.508 2988 2988 D wpa_supplicant: wlan0: Event SCAN_RESULTS (3) received
05-19 18:21:02.508 2988 2988 D wpa_supplicant: wlan0: Scan completed in 0.029893 seconds
05-19 18:21:02.508 2988 2988 D wpa_supplicant: nl80211: Associated on 2412 MHz
05-19 18:21:02.508 2988 2988 D wpa_supplicant: nl80211: Associated with f8:1a:67:b2:14:c6
05-19 18:21:02.508 2988 2988 D wpa_supplicant: nl80211: Received scan results (1 BSSes)
05-19 18:21:02.508 2988 2988 D wpa_supplicant: nl80211: Scan results indicate BSS status with f8:1a:67:b2:14:c6 as associated
05-19 18:21:02.508 2988 2988 D wpa_supplicant: Sorted scan results
05-19 18:21:02.508 2988 2988 D wpa_supplicant: f8:1a:67:b2:14:c6 freq=2412 qual=0 noise=-89 level=-39 snr=50* flags=0x29 age=0
05-19 18:21:02.508 2988 2988 D wpa_supplicant: IEs - hexdump(len=377): 00 0b 57 49 46 49 5f 4d 49 5a 49 46 49 01 08 82 84 8b 96 0c 12 18 24 03 01 01 2a 01 02 30 14 01 ...
05-19 18:21:02.508 2988 2988 D wpa_supplicant: Beacon IEs - hexdump(len=216): 00 0b 57 49 46 49 5f 4d 49 5a 49 46 49 01 08 82 84 8b 96 0c 12 18 24 03 01 01 05 04 00 01 01 00 ...
05-19 18:21:02.508 2988 2988 D wpa_supplicant: wlan0: BSS: Start scan result update 8
05-19 18:21:02.508 2988 2988 D wpa_supplicant: BSS: last_scan_res_used=1/32
05-19 18:21:02.508 2988 2988 D wpa_supplicant: Add randomness: count=16 entropy=9
05-19 18:21:02.508 2988 2988 D wpa_supplicant: random pool - hexdump(len=128): [REMOVED]
05-19 18:21:02.508 2988 2988 D wpa_supplicant: random_mix_pool - hexdump(len=8): [REMOVED]
05-19 18:21:02.508 2988 2988 D wpa_supplicant: random_mix_pool - hexdump(len=5): [REMOVED]
05-19 18:21:02.508 2988 2988 D wpa_supplicant: random pool - hexdump(len=128): [REMOVED]
05-19 18:21:02.508 2988 2988 D wpa_supplicant: wlan0: Scan-only results received
05-19 18:21:02.509 2988 2988 D wpa_supplicant: CTRL_IFACE monitor sent successfully to /data/misc/wifi/sockets/wpa_ctrl_1943-2\x00
05-19 18:21:02.509 2988 2988 D wpa_supplicant: wlan0: Radio work 'scan'@0xb6836430 done in 0.030822 seconds
05-19 18:21:02.513 2988 2988 D wpa_supplicant: wlan0: Control interface command 'BSS RANGE=0- MASK=0x21987'
05-19 18:21:02.513 2988 2988 D wpa_supplicant: WPS: attr type=0x104a len=1
05-19 18:21:02.513 2988 2988 D wpa_supplicant: WPS: attr type=0x1044 len=1
05-19 18:21:02.513 2988 2988 D wpa_supplicant: WPS: attr type=0x103b len=1
05-19 18:21:02.513 2988 2988 D wpa_supplicant: WPS: attr type=0x1047 len=16
05-19 18:21:02.513 2988 2988 D wpa_supplicant: WPS: attr type=0x1021 len=7
05-19 18:21:02.513 2988 2988 D wpa_supplicant: WPS: attr type=0x1023 len=9
05-19 18:21:02.513 2988 2988 D wpa_supplicant: WPS: attr type=0x1024 len=3
05-19 18:21:02.513 2988 2988 D wpa_supplicant: WPS: attr type=0x1042 len=3
05-19 18:21:02.513 2988 2988 D wpa_supplicant: WPS: attr type=0x1054 len=8
05-19 18:21:02.513 2988 2988 D wpa_supplicant: WPS: attr type=0x1011 len=25
05-19 18:21:02.513 2988 2988 D wpa_supplicant: WPS: attr type=0x1008 len=2
05-19 18:21:02.513 2988 2988 D wpa_supplicant: WPS: attr type=0x103c len=1
05-19 18:21:02.513 2988 2988 D wpa_supplicant: WPS: attr type=0x1049 len=20
05-19 18:21:02.513 2988 2988 D wpa_supplicant: WPS: Unknown Vendor Extension (Vendor ID 9442)
05-19 18:21:02.513 2988 2988 D wpa_supplicant: WPS: attr type=0x104a len=1
05-19 18:21:02.513 2988 2988 D wpa_supplicant: WPS: attr type=0x1044 len=1
05-19 18:21:02.513 2988 2988 D wpa_supplicant: WPS: attr type=0x103b len=1
05-19 18:21:02.513 2988 2988 D wpa_supplicant: WPS: attr type=0x1047 len=16
05-19 18:21:02.513 2988 2988 D wpa_supplicant: WPS: attr type=0x1021 len=7
05-19 18:21:02.513 2988 2988 D wpa_supplicant: WPS: attr type=0x1023 len=9
05-19 18:21:02.513 2988 2988 D wpa_supplicant: WPS: attr type=0x1024 len=3
05-19 18:21:02.513 2988 2988 D wpa_supplicant: WPS: attr type=0x1042 len=3
05-19 18:21:02.513 2988 2988 D wpa_supplicant: WPS: attr type=0x1054 len=8
05-19 18:21:02.513 2988 2988 D wpa_supplicant: WPS: attr type=0x1011 len=25
05-19 18:21:02.513 2988 2988 D wpa_supplicant: WPS: attr type=0x1008 len=2
05-19 18:21:02.513 2988 2988 D wpa_supplicant: WPS: attr type=0x103c len=1
05-19 18:21:02.513 2988 2988 D wpa_supplicant: WPS: attr type=0x1049 len=20
05-19 18:21:02.513 2988 2988 D wpa_supplicant: WPS: Unknown Vendor Extension (Vendor ID 9442)
05-19 18:21:02.513 2988 2988 D wpa_supplicant: WPS: attr type=0x104a len=1
05-19 18:21:02.513 2988 2988 D wpa_supplicant: WPS: attr type=0x1044 len=1
05-19 18:21:02.513 2988 2988 D wpa_supplicant: WPS: attr type=0x103b len=1
05-19 18:21:02.513 2988 2988 D wpa_supplicant: WPS: attr type=0x1047 len=16
05-19 18:21:02.513 2988 2988 D wpa_supplicant: WPS: attr type=0x1021 len=7
05-19 18:21:02.513 2988 2988 D wpa_supplicant: WPS: attr type=0x1023 len=9
05-19 18:21:02.513 2988 2988 D wpa_supplicant: WPS: attr type=0x1024 len=3
05-19 18:21:02.513 2988 2988 D wpa_supplicant: WPS: attr type=0x1042 len=3
05-19 18:21:02.513 2988 2988 D wpa_supplicant: WPS: attr type=0x1054 len=8
05-19 18:21:02.513 2988 2988 D wpa_supplicant: WPS: attr type=0x1011 len=25
05-19 18:21:02.513 2988 2988 D wpa_supplicant: WPS: attr type=0x1008 len=2
05-19 18:21:02.513 2988 2988 D wpa_supplicant: WPS: attr type=0x103c len=1
05-19 18:21:02.513 2988 2988 D wpa_supplicant: WPS: attr type=0x1049 len=20
05-19 18:21:02.513 2988 2988 D wpa_supplicant: WPS: Unknown Vendor Extension (Vendor ID 9442)
05-19 18:21:02.517 2988 2988 D wpa_supplicant: wlan0: Control interface command 'STATUS-NO_EVENTS'
05-19 18:21:02.907 1943 2295 D AlarmManagerService: Setting time of day to sec=1432059662
05-19 18:21:02.751 2988 2988 D wpa_supplicant: wlan0: Control interface command 'SIGNAL_POLL'
05-19 18:21:02.761 2927 2927 V AlarmClock: AlarmInitReceiver android.intent.action.TIME_SET
05-19 18:21:02.773 2927 2945 V AlarmClock: AlarmInitReceiver finished
05-19 18:21:05.757 2988 2988 D wpa_supplicant: wlan0: Control interface command 'SIGNAL_POLL'
05-19 18:21:08.763 2988 2988 D wpa_supplicant: wlan0: Control interface command 'SIGNAL_POLL'
05-19 18:21:11.768 2988 2988 D wpa_supplicant: wlan0: Control interface command 'SIGNAL_POLL'
05-19 18:21:14.772 2988 2988 D wpa_supplicant: wlan0: Control interface command 'SIGNAL_POLL'
05-19 18:21:17.776 2988 2988 D wpa_supplicant: wlan0: Control interface command 'SIGNAL_POLL'
05-19 18:21:20.780 2988 2988 D wpa_supplicant: wlan0: Control interface command 'SIGNAL_POLL'
05-19 18:21:22.314 1943 2034 E WifiStateMachine: WifiStateMachine CMD_START_SCAN source -2 txSuccessRate=-0.00 rxSuccessRate=-0.00 targetRoamBSSID=f8:1a:67:b2:14:c6 RSSI=-45
05-19 18:21:22.314 1943 2034 E WifiStateMachine: WifiStateMachine starting scan for "WIFI_MIZIFI"WPA_PSK with 2412
05-19 18:21:22.314 2988 2988 D wpa_supplicant: wlan0: Control interface command 'SCAN TYPE=ONLY freq=2412'
05-19 18:21:22.314 2988 2988 D wpa_supplicant: wlan0: Setting scan request: 0.000000 sec
05-19 18:21:22.314 2988 2988 D wpa_supplicant: wlan0: Starting AP scan for wildcard SSID
05-19 18:21:22.314 2988 2988 D wpa_supplicant: WPS: Building WPS IE for Probe Request
05-19 18:21:22.314 2988 2988 D wpa_supplicant: WPS: * Version (hardcoded 0x10)
05-19 18:21:22.314 2988 2988 D wpa_supplicant: WPS: * Request Type
05-19 18:21:22.314 2988 2988 D wpa_supplicant: WPS: * Config Methods (4288)
05-19 18:21:22.314 2988 2988 D wpa_supplicant: WPS: * UUID-E
05-19 18:21:22.314 2988 2988 D wpa_supplicant: WPS: * Primary Device Type
05-19 18:21:22.314 2988 2988 D wpa_supplicant: WPS: * RF Bands (1)
05-19 18:21:22.314 2988 2988 D wpa_supplicant: WPS: * Association State
05-19 18:21:22.314 2988 2988 D wpa_supplicant: WPS: * Configuration Error (0)
05-19 18:21:22.314 2988 2988 D wpa_supplicant: WPS: * Device Password ID (0)
05-19 18:21:22.314 2988 2988 D wpa_supplicant: WPS: * Manufacturer
05-19 18:21:22.314 2988 2988 D wpa_supplicant: WPS: * Model Name
05-19 18:21:22.314 2988 2988 D wpa_supplicant: WPS: * Model Number
05-19 18:21:22.314 2988 2988 D wpa_supplicant: WPS: * Device Name
05-19 18:21:22.314 2988 2988 D wpa_supplicant: WPS: * Version2 (0x20)
05-19 18:21:22.314 2988 2988 D wpa_supplicant: P2P: * P2P IE header
05-19 18:21:22.314 2988 2988 D wpa_supplicant: P2P: * Capability dev=25 group=00
05-19 18:21:22.314 2988 2988 D wpa_supplicant: P2P: * Listen Channel: Regulatory Class 81 Channel 6
05-19 18:21:22.314 2988 2988 D wpa_supplicant: wlan0: Limit manual scan to specified channels
05-19 18:21:22.315 2988 2988 D wpa_supplicant: wlan0: Add radio work 'scan'@0xb6836430
05-19 18:21:22.315 2988 2988 D wpa_supplicant: wlan0: First radio work item in the queue - schedule start immediately
05-19 18:21:22.315 2988 2988 D wpa_supplicant: wlan0: Starting radio work 'scan'@0xb6836430 after 0.000042 second wait
05-19 18:21:22.315 2988 2988 D wpa_supplicant: wlan0: nl80211: scan request
05-19 18:21:22.315 2988 2988 D wpa_supplicant: nl80211: Scan SSID - hexdump(len=0): [NULL]
05-19 18:21:22.315 2988 2988 D wpa_supplicant: nl80211: Scan extra IEs - hexdump(len=163): dd 8e 00 50 f2 04 10 4a 00 01 10 10 3a 00 01 00 10 08 00 02 42 88 10 47 00 10 fe 28 80 d2 f9 e9 ...
05-19 18:21:22.315 2988 2988 D wpa_supplicant: nl80211: Scan frequency 2412 MHz
05-19 18:21:22.315 2988 2988 D wpa_supplicant: Scan requested (ret=0) - scan timeout 30 seconds
05-19 18:21:22.315 2988 2988 D wpa_supplicant: nl80211: Event message available
05-19 18:21:22.315 2988 2988 D wpa_supplicant: nl80211: Drv Event 33 (NL80211_CMD_TRIGGER_SCAN) received for wlan0
05-19 18:21:22.315 2988 2988 D wpa_supplicant: wlan0: nl80211: Scan trigger
05-19 18:21:22.315 2988 2988 D wpa_supplicant: wlan0: Event SCAN_STARTED (49) received
05-19 18:21:22.315 2988 2988 D wpa_supplicant: wlan0: Own scan request started a scan in 0.000122 seconds
05-19 18:21:22.315 2988 2988 D wpa_supplicant: CTRL_IFACE monitor sent successfully to /data/misc/wifi/sockets/wpa_ctrl_1943-2\x00
05-19 18:21:22.344 2988 2988 D wpa_supplicant: nl80211: Event message available
05-19 18:21:22.344 2988 2988 D wpa_supplicant: nl80211: Drv Event 34 (NL80211_CMD_NEW_SCAN_RESULTS) received for wlan0
05-19 18:21:22.344 2988 2988 D wpa_supplicant: wlan0: nl80211: New scan results available
05-19 18:21:22.344 2988 2988 D wpa_supplicant: nl80211: Scan probed for SSID ''
05-19 18:21:22.344 2988 2988 D wpa_supplicant: nl80211: Scan included frequencies: 2412
05-19 18:21:22.344 2988 2988 D wpa_supplicant: wlan0: Event SCAN_RESULTS (3) received
05-19 18:21:22.344 2988 2988 D wpa_supplicant: wlan0: Scan completed in 0.029255 seconds
05-19 18:21:22.344 2988 2988 D wpa_supplicant: nl80211: Associated on 2412 MHz
05-19 18:21:22.344 2988 2988 D wpa_supplicant: nl80211: Associated with f8:1a:67:b2:14:c6
05-19 18:21:22.344 2988 2988 D wpa_supplicant: nl80211: Received scan results (1 BSSes)
05-19 18:21:22.344 2988 2988 D wpa_supplicant: nl80211: Scan results indicate BSS status with f8:1a:67:b2:14:c6 as associated
05-19 18:21:22.345 2988 2988 D wpa_supplicant: Sorted scan results
05-19 18:21:22.345 2988 2988 D wpa_supplicant: f8:1a:67:b2:14:c6 freq=2412 qual=0 noise=-89 level=-39 snr=50* flags=0x29 age=0
05-19 18:21:22.345 2988 2988 D wpa_supplicant: IEs - hexdump(len=377): 00 0b 57 49 46 49 5f 4d 49 5a 49 46 49 01 08 82 84 8b 96 0c 12 18 24 03 01 01 2a 01 00 30 14 01 ...
05-19 18:21:22.345 2988 2988 D wpa_supplicant: Beacon IEs - hexdump(len=216): 00 0b 57 49 46 49 5f 4d 49 5a 49 46 49 01 08 82 84 8b 96 0c 12 18 24 03 01 01 05 04 00 01 00 00 ...
05-19 18:21:22.345 2988 2988 D wpa_supplicant: wlan0: BSS: Start scan result update 9
05-19 18:21:22.345 2988 2988 D wpa_supplicant: BSS: last_scan_res_used=1/32
05-19 18:21:22.345 2988 2988 D wpa_supplicant: Add randomness: count=17 entropy=10
05-19 18:21:22.345 2988 2988 D wpa_supplicant: random pool - hexdump(len=128): [REMOVED]
05-19 18:21:22.345 2988 2988 D wpa_supplicant: random_mix_pool - hexdump(len=8): [REMOVED]
05-19 18:21:22.345 2988 2988 D wpa_supplicant: random_mix_pool - hexdump(len=5): [REMOVED]
05-19 18:21:22.345 2988 2988 D wpa_supplicant: random pool - hexdump(len=128): [REMOVED]
05-19 18:21:22.345 2988 2988 D wpa_supplicant: wlan0: Scan-only results received
05-19 18:21:22.345 2988 2988 D wpa_supplicant: CTRL_IFACE monitor sent successfully to /data/misc/wifi/sockets/wpa_ctrl_1943-2\x00
05-19 18:21:22.345 2988 2988 D wpa_supplicant: wlan0: Radio work 'scan'@0xb6836430 done in 0.030265 seconds
05-19 18:21:22.346 2988 2988 D wpa_supplicant: RTM_NEWLINK: ifi_index=4 ifname=wlan0 wext ifi_family=0 ifi_flags=0x11043 ([UP][RUNNING][LOWER_UP])
05-19 18:21:22.348 2988 2988 D wpa_supplicant: wlan0: Control interface command 'BSS RANGE=0- MASK=0x21987'
05-19 18:21:22.348 2988 2988 D wpa_supplicant: WPS: attr type=0x104a len=1
05-19 18:21:22.348 2988 2988 D wpa_supplicant: WPS: attr type=0x1044 len=1
05-19 18:21:22.348 2988 2988 D wpa_supplicant: WPS: attr type=0x103b len=1
05-19 18:21:22.348 2988 2988 D wpa_supplicant: WPS: attr type=0x1047 len=16
05-19 18:21:22.348 2988 2988 D wpa_supplicant: WPS: attr type=0x1021 len=7
05-19 18:21:22.348 2988 2988 D wpa_supplicant: WPS: attr type=0x1023 len=9
05-19 18:21:22.348 2988 2988 D wpa_supplicant: WPS: attr type=0x1024 len=3
05-19 18:21:22.348 2988 2988 D wpa_supplicant: WPS: attr type=0x1042 len=3
05-19 18:21:22.348 2988 2988 D wpa_supplicant: WPS: attr type=0x1054 len=8
05-19 18:21:22.348 2988 2988 D wpa_supplicant: WPS: attr type=0x1011 len=25
05-19 18:21:22.348 2988 2988 D wpa_supplicant: WPS: attr type=0x1008 len=2
05-19 18:21:22.348 2988 2988 D wpa_supplicant: WPS: attr type=0x103c len=1
05-19 18:21:22.348 2988 2988 D wpa_supplicant: WPS: attr type=0x1049 len=20
05-19 18:21:22.348 2988 2988 D wpa_supplicant: WPS: Unknown Vendor Extension (Vendor ID 9442)
05-19 18:21:22.348 2988 2988 D wpa_supplicant: WPS: attr type=0x104a len=1
05-19 18:21:22.348 2988 2988 D wpa_supplicant: WPS: attr type=0x1044 len=1
05-19 18:21:22.348 2988 2988 D wpa_supplicant: WPS: attr type=0x103b len=1
05-19 18:21:22.348 2988 2988 D wpa_supplicant: WPS: attr type=0x1047 len=16
05-19 18:21:22.348 2988 2988 D wpa_supplicant: WPS: attr type=0x1021 len=7
05-19 18:21:22.348 2988 2988 D wpa_supplicant: WPS: attr type=0x1023 len=9
05-19 18:21:22.348 2988 2988 D wpa_supplicant: WPS: attr type=0x1024 len=3
05-19 18:21:22.348 2988 2988 D wpa_supplicant: WPS: attr type=0x1042 len=3
05-19 18:21:22.348 2988 2988 D wpa_supplicant: WPS: attr type=0x1054 len=8
05-19 18:21:22.348 2988 2988 D wpa_supplicant: WPS: attr type=0x1011 len=25
05-19 18:21:22.348 2988 2988 D wpa_supplicant: WPS: attr type=0x1008 len=2
05-19 18:21:22.349 2988 2988 D wpa_supplicant: WPS: attr type=0x103c len=1
05-19 18:21:22.349 2988 2988 D wpa_supplicant: WPS: attr type=0x1049 len=20
05-19 18:21:22.349 2988 2988 D wpa_supplicant: WPS: Unknown Vendor Extension (Vendor ID 9442)
05-19 18:21:22.349 2988 2988 D wpa_supplicant: WPS: attr type=0x104a len=1
05-19 18:21:22.349 2988 2988 D wpa_supplicant: WPS: attr type=0x1044 len=1
05-19 18:21:22.349 2988 2988 D wpa_supplicant: WPS: attr type=0x103b len=1
05-19 18:21:22.349 2988 2988 D wpa_supplicant: WPS: attr type=0x1047 len=16
05-19 18:21:22.349 2988 2988 D wpa_supplicant: WPS: attr type=0x1021 len=7
05-19 18:21:22.349 2988 2988 D wpa_supplicant: WPS: attr type=0x1023 len=9
05-19 18:21:22.349 2988 2988 D wpa_supplicant: WPS: attr type=0x1024 len=3
05-19 18:21:22.349 2988 2988 D wpa_supplicant: WPS: attr type=0x1042 len=3
05-19 18:21:22.349 2988 2988 D wpa_supplicant: WPS: attr type=0x1054 len=8
05-19 18:21:22.349 2988 2988 D wpa_supplicant: WPS: attr type=0x1011 len=25
05-19 18:21:22.349 2988 2988 D wpa_supplicant: WPS: attr type=0x1008 len=2
05-19 18:21:22.349 2988 2988 D wpa_supplicant: WPS: attr type=0x103c len=1
05-19 18:21:22.349 2988 2988 D wpa_supplicant: WPS: attr type=0x1049 len=20
05-19 18:21:22.349 2988 2988 D wpa_supplicant: WPS: Unknown Vendor Extension (Vendor ID 9442)
05-19 18:21:22.350 2988 2988 D wpa_supplicant: wlan0: Control interface command 'STATUS-NO_EVENTS'
05-19 18:21:23.783 2988 2988 D wpa_supplicant: wlan0: Control interface command 'SIGNAL_POLL'
05-19 18:21:26.208 2439 3267 D DownloadManager: [1] Finished with status SUCCESS
05-19 18:21:26.788 2988 2988 D wpa_supplicant: wlan0: Control interface command 'SIGNAL_POLL'
05-19 18:21:29.746 2173 2173 D StatusBar: Clicked on content of 0|com.android.providers.downloads|0|3:1|10005
05-19 18:21:29.754 1943 2040 W AudioTrack: AUDIO_OUTPUT_FLAG_FAST denied by client
05-19 18:21:29.772 1628 1940 D audio_hw_primary: found out /dev/snd/pcmC1D0p
05-19 18:21:29.792 2988 2988 D wpa_supplicant: wlan0: Control interface command 'SIGNAL_POLL'
05-19 18:21:29.792 1943 2493 W InputMethodManagerService: Window already focused, ignoring focus gain of: com.android.internal.view.IInputMethodClient$Stub$Proxy@10c102e0 attribute=null, token = android.os.BinderProxy@f414d11
05-19 18:21:29.801 1943 1960 I ActivityManager: START u0 {act=android.intent.action.VIEW dat=file:///storage/emulated/0/Download/com.antutu.ABenchMark-5.7-5070000-minAPI14.apk typ=application/vnd.android.package-archive flg=0x10000000 cmp=com.android.packageinstaller/.PackageInstallerActivity (has extras)} from uid 10005 on display 0
05-19 18:21:29.818 1943 1960 V WindowManager: addAppToken: AppWindowToken{24f7b03f token=Token{2081045e ActivityRecord{a4ea999 u0 com.android.packageinstaller/.PackageInstallerActivity t7}}} to stack=1 task=7 at 0
05-19 18:21:29.826 1620 1620 I MESA-DEBUG: Inside r600_texture_from_handle
05-19 18:21:29.826 1620 1620 I MESA-DEBUG: templ->target = 2 ; templ->depth0 = 1 ; templ->last_level = 0
05-19 18:21:29.826 1620 1620 I MESA-DEBUG: Ending r600_texture_from_handle - stride value is 1792
05-19 18:21:30.022 3076 3076 D WebViewTimersControl: onBrowserActivityPause
05-19 18:21:30.022 3076 3076 D WebViewTimersControl: Pausing webview timers, view=com.android.browser.BrowserWebView{2309a28b VFEDHVCL .F...... 0,0-1366,591}
05-19 18:21:30.058 1943 1961 I ActivityManager: Start proc 3285:com.android.packageinstaller/u0a41 for activity com.android.packageinstaller/.PackageInstallerActivity
05-19 18:21:30.090 1943 2493 I art : DexFile_isDexOptNeeded file /system/app/PackageInstaller/x86/PackageInstaller.odex needs to be relocated for /system/app/PackageInstaller/PackageInstaller.apk
05-19 18:21:30.090 1943 2493 I PackageManager: Running patchoat on: com.android.packageinstaller
05-19 18:21:30.092 3300 3300 E installd: Running /system/bin/patchoat isa=x86 in-fd=5 (/system/app/PackageInstaller/x86/PackageInstaller.odex) out-fd=6 (/data/dalvik-cache/x86/system@app@PackageInstaller@PackageInstaller.apk@classes.dex)
05-19 18:21:30.285 2173 2173 D PhoneStatusBar: disable: < expand icons* alerts system_info* back home recent clock search
> 05-19 18:21:30.306 2173 2623 I MESA-DEBUG: Inside r600_texture_from_handle
05-19 18:21:30.306 2173 2623 I MESA-DEBUG: templ->target = 2 ; templ->depth0 = 1 ; templ->last_level = 0
05-19 18:21:30.307 2173 2623 I MESA-DEBUG: Ending r600_texture_from_handle - stride value is 5632
05-19 18:21:30.320 2173 2623 I MESA-DEBUG: Inside r600_texture_from_handle
05-19 18:21:30.320 2173 2623 I MESA-DEBUG: templ->target = 2 ; templ->depth0 = 1 ; templ->last_level = 0
05-19 18:21:30.320 2173 2623 I MESA-DEBUG: Ending r600_texture_from_handle - stride value is 5632
05-19 18:21:30.332 1620 1620 I MESA-DEBUG: Inside r600_texture_from_handle
05-19 18:21:30.332 1620 1620 I MESA-DEBUG: templ->target = 2 ; templ->depth0 = 1 ; templ->last_level = 0
05-19 18:21:30.332 1620 1620 I MESA-DEBUG: Ending r600_texture_from_handle - stride value is 5632
05-19 18:21:30.337 2173 2623 I MESA-DEBUG: Inside r600_texture_from_handle
05-19 18:21:30.337 2173 2623 I MESA-DEBUG: templ->target = 2 ; templ->depth0 = 1 ; templ->last_level = 0
05-19 18:21:30.337 2173 2623 I MESA-DEBUG: Ending r600_texture_from_handle - stride value is 5632
05-19 18:21:30.349 1620 1620 I MESA-DEBUG: Inside r600_texture_from_handle
05-19 18:21:30.349 1620 1620 I MESA-DEBUG: templ->target = 2 ; templ->depth0 = 1 ; templ->last_level = 0
05-19 18:21:30.349 1620 1620 I MESA-DEBUG: Ending r600_texture_from_handle - stride value is 5632
05-19 18:21:30.366 1620 1620 I MESA-DEBUG: Inside r600_texture_from_handle
05-19 18:21:30.366 1620 1620 I MESA-DEBUG: templ->target = 2 ; templ->depth0 = 1 ; templ->last_level = 0
05-19 18:21:30.366 1620 1620 I MESA-DEBUG: Ending r600_texture_from_handle - stride value is 5632
05-19 18:21:30.538 3285 3303 D OpenGLRenderer: Use EGL_SWAP_BEHAVIOR_PRESERVED: true
05-19 18:21:30.544 3285 3285 I GRALLOC-RADEON: detected chipset 0x9834 family 0x3c (vram size 494MiB, gart size 1019MiB)
05-19 18:21:30.544 3285 3285 I GRALLOC-DRM: create radeon for driver radeon
05-19 18:21:30.546 3285 3285 D Atlas : Validating map...
05-19 18:21:30.551 1943 2494 V WindowManager: Adding window Window{32e04df8 u0 com.android.packageinstaller/com.android.packageinstaller.PackageInstallerActivity} at 5 of 10 (after Window{106f2e76 u0 com.android.browser/com.android.browser.BrowserActivity})
05-19 18:21:30.611 3285 3303 I EGL-GALLIUM: using DRM screen
05-19 18:21:30.611 3285 3303 I EGL-GALLIUM: skip unsupported native format 0x3
05-19 18:21:30.611 3285 3303 I OpenGLRenderer: Initialized EGL, version 1.4
05-19 18:21:30.620 3285 3303 D OpenGLRenderer: Enabling debug mode 0
05-19 18:21:30.620 3285 3303 I MESA-DEBUG: Inside r600_texture_from_handle
05-19 18:21:30.620 3285 3303 I MESA-DEBUG: templ->target = 2 ; templ->depth0 = 1 ; templ->last_level = 0
05-19 18:21:30.620 3285 3303 I MESA-DEBUG: Ending r600_texture_from_handle - stride value is 3072
05-19 18:21:30.626 3285 3303 I MESA-DEBUG: Inside r600_texture_from_handle
05-19 18:21:30.626 3285 3303 I MESA-DEBUG: templ->target = 2 ; templ->depth0 = 1 ; templ->last_level = 0
05-19 18:21:30.626 3285 3303 I MESA-DEBUG: Ending r600_texture_from_handle - stride value is 2816
05-19 18:21:31.062 2173 2173 W ResourceType: No package identifier when getting value for resource number 0x00000000
05-19 18:21:31.062 2173 2173 W PackageManager: Failure retrieving resources for com.android.browser: Resource ID #0x0
05-19 18:21:31.132 1620 1620 I MESA-DEBUG: Inside r600_texture_from_handle
05-19 18:21:31.132 1620 1620 I MESA-DEBUG: templ->target = 2 ; templ->depth0 = 1 ; templ->last_level = 0
05-19 18:21:31.132 1620 1620 I MESA-DEBUG: Ending r600_texture_from_handle - stride value is 2816
05-19 18:21:31.136 1943 1970 I ActivityManager: Displayed com.android.packageinstaller/.PackageInstallerActivity: +1s108ms (total +1m11s283ms)
05-19 18:21:31.141 3076 3076 W IInputConnectionWrapper: showStatusIcon on inactive InputConnection
05-19 18:21:31.158 3285 3303 I MESA-DEBUG: Inside r600_texture_from_handle
05-19 18:21:31.158 3285 3303 I MESA-DEBUG: templ->target = 2 ; templ->depth0 = 1 ; templ->last_level = 0
05-19 18:21:31.158 3285 3303 I MESA-DEBUG: Ending r600_texture_from_handle - stride value is 2816
05-19 18:21:31.166 1620 1620 I MESA-DEBUG: Inside r600_texture_from_handle
05-19 18:21:31.166 1620 1620 I MESA-DEBUG: templ->target = 2 ; templ->depth0 = 1 ; templ->last_level = 0
05-19 18:21:31.166 1620 1620 I MESA-DEBUG: Ending r600_texture_from_handle - stride value is 2816
05-19 18:21:31.785 3285 3303 I MESA-DEBUG: Inside r600_texture_from_handle
05-19 18:21:31.785 3285 3303 I MESA-DEBUG: templ->target = 2 ; templ->depth0 = 1 ; templ->last_level = 0
05-19 18:21:31.785 3285 3303 I MESA-DEBUG: Ending r600_texture_from_handle - stride value is 2816
05-19 18:21:31.816 1620 1620 I MESA-DEBUG: Inside r600_texture_from_handle
05-19 18:21:31.816 1620 1620 I MESA-DEBUG: templ->target = 2 ; templ->depth0 = 1 ; templ->last_level = 0
05-19 18:21:31.816 1620 1620 I MESA-DEBUG: Ending r600_texture_from_handle - stride value is 2816
05-19 18:21:32.796 2988 2988 D wpa_supplicant: wlan0: Control interface command 'SIGNAL_POLL'
05-19 18:21:33.487 1943 2040 W AudioTrack: AUDIO_OUTPUT_FLAG_FAST denied by client
05-19 18:21:33.502 1628 1940 D audio_hw_primary: found out /dev/snd/pcmC1D0p
05-19 18:21:34.296 1943 2040 W AudioTrack: AUDIO_OUTPUT_FLAG_FAST denied by client
05-19 18:21:34.300 1943 2076 I ActivityManager: START u0 {dat=file:///storage/emulated/0/Download/com.antutu.ABenchMark-5.7-5070000-minAPI14.apk cmp=com.android.packageinstaller/.InstallAppProgress (has extras)} from uid 10041 on display 0
05-19 18:21:34.305 1943 2076 V WindowManager: addAppToken: AppWindowToken{21ea3ac2 token=Token{3402eb0d ActivityRecord{21c851a4 u0 com.android.packageinstaller/.InstallAppProgress t7}}} to stack=1 task=7 at 1
05-19 18:21:34.473 1943 1975 I ActivityManager: Start proc 3308:com.android.defcontainer/u0a3 for service com.android.defcontainer/.DefaultContainerService
05-19 18:21:34.479 1943 2406 V WindowManager: Adding window Window{d03272f u0 com.android.packageinstaller/com.android.packageinstaller.InstallAppProgress} at 6 of 11 (after Window{32e04df8 u0 com.android.packageinstaller/com.android.packageinstaller.PackageInstallerActivity})
05-19 18:21:34.498 1943 2495 I art : DexFile_isDexOptNeeded file /system/priv-app/DefaultContainerService/x86/DefaultContainerService.odex needs to be relocated for /system/priv-app/DefaultContainerService/DefaultContainerService.apk
05-19 18:21:34.498 1943 2495 I PackageManager: Running patchoat on: com.android.defcontainer
05-19 18:21:34.501 3323 3323 E installd: Running /system/bin/patchoat isa=x86 in-fd=5 (/system/priv-app/DefaultContainerService/x86/DefaultContainerService.odex) out-fd=6 (/data/dalvik-cache/x86/system@priv-app@DefaultContainerService@DefaultContainerService.apk@classes.dex)
05-19 18:21:34.529 3285 3303 I MESA-DEBUG: Inside r600_texture_from_handle
05-19 18:21:34.529 3285 3303 I MESA-DEBUG: templ->target = 2 ; templ->depth0 = 1 ; templ->last_level = 0
05-19 18:21:34.529 3285 3303 I MESA-DEBUG: Ending r600_texture_from_handle - stride value is 2816
05-19 18:21:34.550 1620 1620 I MESA-DEBUG: Inside r600_texture_from_handle
05-19 18:21:34.550 1620 1620 I MESA-DEBUG: templ->target = 2 ; templ->depth0 = 1 ; templ->last_level = 0
05-19 18:21:34.551 1620 1620 I MESA-DEBUG: Ending r600_texture_from_handle - stride value is 2816
05-19 18:21:34.564 3285 3303 I MESA-DEBUG: Inside r600_texture_from_handle
05-19 18:21:34.564 3285 3303 I MESA-DEBUG: templ->target = 2 ; templ->depth0 = 1 ; templ->last_level = 0
05-19 18:21:34.564 3285 3303 I MESA-DEBUG: Ending r600_texture_from_handle - stride value is 2816
05-19 18:21:34.582 1943 1970 I ActivityManager: Displayed com.android.packageinstaller/.InstallAppProgress: +263ms
05-19 18:21:34.583 1620 1620 I MESA-DEBUG: Inside r600_texture_from_handle
05-19 18:21:34.583 1620 1620 I MESA-DEBUG: templ->target = 2 ; templ->depth0 = 1 ; templ->last_level = 0
05-19 18:21:34.583 1620 1620 I MESA-DEBUG: Ending r600_texture_from_handle - stride value is 2816
05-19 18:21:34.602 3285 3303 D OpenGLRenderer: endAllStagingAnimators on 0xb3f8dc80 (RippleDrawable) with handle 0xa2163cc0
05-19 18:21:34.755 3308 3322 D DefContainer: Copying /storage/emulated/0/Download/com.antutu.ABenchMark-5.7-5070000-minAPI14.apk to base.apk
05-19 18:21:34.773 3285 3303 I MESA-DEBUG: Inside r600_texture_from_handle
05-19 18:21:34.773 3285 3303 I MESA-DEBUG: templ->target = 2 ; templ->depth0 = 1 ; templ->last_level = 0
05-19 18:21:34.773 3285 3303 I MESA-DEBUG: Ending r600_texture_from_handle - stride value is 2816
05-19 18:21:34.784 1620 1620 I MESA-DEBUG: Inside r600_texture_from_handle
05-19 18:21:34.784 1620 1620 I MESA-DEBUG: templ->target = 2 ; templ->depth0 = 1 ; templ->last_level = 0
05-19 18:21:34.784 1620 1620 I MESA-DEBUG: Ending r600_texture_from_handle - stride value is 2816
05-19 18:21:35.802 2988 2988 D wpa_supplicant: wlan0: Control interface command 'SIGNAL_POLL'
05-19 18:21:38.808 2988 2988 D wpa_supplicant: wlan0: Control interface command 'SIGNAL_POLL'
05-19 18:21:39.363 1943 1956 I art : Background partial concurrent mark sweep GC freed 68730(2MB) AllocSpace objects, 10(625KB) LOS objects, 33% free, 11MB/17MB, paused 1.251ms total 105.923ms
05-19 18:21:39.441 1943 1975 D PackageManager: Renaming /data/app/vmdl1995871453.tmp to /data/app/com.antutu.ABenchMark-1
05-19 18:21:39.537 1943 1975 I PackageManager: Running dexopt on: /data/app/com.antutu.ABenchMark-1/base.apk pkg=com.antutu.ABenchMark isa=x86 vmSafeMode=false
05-19 18:21:39.590 3326 3326 I dex2oat : /system/bin/dex2oat --zip-fd=5 --zip-location=/data/app/com.antutu.ABenchMark-1/base.apk --oat-fd=6 --oat-location=/data/dalvik-cache/x86/data@app@com.antutu.ABenchMark-1@base.apk@classes.dex --instruction-set=x86 --instruction-set-features=default --runtime-arg -Xms64m --runtime-arg -Xmx512m --compiler-filter=interpret-only --swap-fd=7
05-19 18:21:39.878 3326 3326 I dex2oat : Decided to run without swap.
05-19 18:21:41.704 3326 3326 I dex2oat : dex2oat took 2.114s (threads: 2) arena alloc=0B java alloc=3MB native alloc=654KB free=7MB
05-19 18:21:41.741 1943 1975 V BackupManagerService: restoreAtInstall pkg=com.antutu.ABenchMark token=1 restoreSet=0
05-19 18:21:41.741 1943 1975 V BackupManagerService: Finishing install immediately
05-19 18:21:41.742 1943 1975 W Settings: Setting install_non_market_apps has moved from android.provider.Settings.Global to android.provider.Settings.Secure, returning read-only value.
05-19 18:21:41.751 1943 2025 I InputReader: Reconfiguring input devices. changes=0x00000010
05-19 18:21:41.771 1943 1975 I art : WaitForGcToComplete blocked for 5.595ms for cause Explicit
05-19 18:21:41.777 1943 1943 D BackupManagerService: Received broadcast Intent { act=android.intent.action.PACKAGE_ADDED dat=package:com.antutu.ABenchMark flg=0x4000010 (has extras) }
05-19 18:21:41.788 1943 2152 W BackupManagerService: dataChanged but no participant pkg='com.cyanogenmod.trebuchet' uid=10014
05-19 18:21:41.794 1943 2076 W BackupManagerService: dataChanged but no participant pkg='com.cyanogenmod.trebuchet' uid=10014
05-19 18:21:41.813 2988 2988 D wpa_supplicant: wlan0: Control interface command 'SIGNAL_POLL'
05-19 18:21:41.863 2562 2562 I Launcher: Deferring update until onResume
05-19 18:21:41.864 2562 2562 I Launcher: Deferring update until onResume
05-19 18:21:41.864 2562 2562 I Launcher: Deferring update until onResume
05-19 18:21:41.878 1943 2076 I ActivityManager: Start proc 3332:com.svox.pico/u0a43 for broadcast com.svox.pico/.VoiceDataInstallerReceiver
05-19 18:21:41.880 1943 1964 W VoiceInteractionManagerService: no available voice recognition services found for user 0
05-19 18:21:41.913 1943 2389 I art : DexFile_isDexOptNeeded file /system/app/PicoTts/x86/PicoTts.odex needs to be relocated for /system/app/PicoTts/PicoTts.apk
05-19 18:21:41.913 1943 2389 I PackageManager: Running patchoat on: com.svox.pico
05-19 18:21:41.915 3347 3347 E installd: Running /system/bin/patchoat isa=x86 in-fd=5 (/system/app/PicoTts/x86/PicoTts.odex) out-fd=6 (/data/dalvik-cache/x86/system@app@PicoTts@PicoTts.apk@classes.dex)
05-19 18:21:41.979 1943 1975 I art : Explicit concurrent mark sweep GC freed 38922(2MB) AllocSpace objects, 12(1112KB) LOS objects, 33% free, 9MB/14MB, paused 1.355ms total 208.090ms
05-19 18:21:41.995 1943 2495 I ActivityManager: Killing 2690:com.android.keychain/1000 (adj 15): empty #17
05-19 18:21:42.315 1943 2034 E WifiStateMachine: WifiStateMachine CMD_START_SCAN source -2 txSuccessRate=-0.00 rxSuccessRate=-0.00 targetRoamBSSID=f8:1a:67:b2:14:c6 RSSI=-44
05-19 18:21:42.315 2988 2988 D wpa_supplicant: wlan0: Control interface command 'SCAN TYPE=ONLY'
05-19 18:21:42.315 2988 2988 D wpa_supplicant: wlan0: Setting scan request: 0.000000 sec
05-19 18:21:42.315 2988 2988 D wpa_supplicant: wlan0: Starting AP scan for wildcard SSID
05-19 18:21:42.315 2988 2988 D wpa_supplicant: WPS: Building WPS IE for Probe Request
05-19 18:21:42.315 2988 2988 D wpa_supplicant: WPS: * Version (hardcoded 0x10)
05-19 18:21:42.315 2988 2988 D wpa_supplicant: WPS: * Request Type
05-19 18:21:42.315 2988 2988 D wpa_supplicant: WPS: * Config Methods (4288)
05-19 18:21:42.315 2988 2988 D wpa_supplicant: WPS: * UUID-E
05-19 18:21:42.315 2988 2988 D wpa_supplicant: WPS: * Primary Device Type
05-19 18:21:42.315 2988 2988 D wpa_supplicant: WPS: * RF Bands (1)
05-19 18:21:42.315 2988 2988 D wpa_supplicant: WPS: * Association State
05-19 18:21:42.315 2988 2988 D wpa_supplicant: WPS: * Configuration Error (0)
05-19 18:21:42.315 2988 2988 D wpa_supplicant: WPS: * Device Password ID (0)
05-19 18:21:42.315 2988 2988 D wpa_supplicant: WPS: * Manufacturer
05-19 18:21:42.315 2988 2988 D wpa_supplicant: WPS: * Model Name
05-19 18:21:42.315 2988 2988 D wpa_supplicant: WPS: * Model Number
05-19 18:21:42.315 2988 2988 D wpa_supplicant: WPS: * Device Name
05-19 18:21:42.315 2988 2988 D wpa_supplicant: WPS: * Version2 (0x20)
05-19 18:21:42.315 2988 2988 D wpa_supplicant: P2P: * P2P IE header
05-19 18:21:42.315 2988 2988 D wpa_supplicant: P2P: * Capability dev=25 group=00
05-19 18:21:42.315 2988 2988 D wpa_supplicant: P2P: * Listen Channel: Regulatory Class 81 Channel 6
05-19 18:21:42.315 2988 2988 D wpa_supplicant: wlan0: Add radio work 'scan'@0xb6836430
05-19 18:21:42.315 2988 2988 D wpa_supplicant: wlan0: First radio work item in the queue - schedule start immediately
05-19 18:21:42.315 2988 2988 D wpa_supplicant: wlan0: Starting radio work 'scan'@0xb6836430 after 0.000046 second wait
05-19 18:21:42.315 2988 2988 D wpa_supplicant: wlan0: nl80211: scan request
05-19 18:21:42.315 2988 2988 D wpa_supplicant: nl80211: Scan SSID - hexdump(len=0): [NULL]
05-19 18:21:42.316 2988 2988 D wpa_supplicant: nl80211: Scan extra IEs - hexdump(len=163): dd 8e 00 50 f2 04 10 4a 00 01 10 10 3a 00 01 00 10 08 00 02 42 88 10 47 00 10 fe 28 80 d2 f9 e9 ...
05-19 18:21:42.317 2988 2988 D wpa_supplicant: Scan requested (ret=0) - scan timeout 30 seconds
05-19 18:21:42.317 2988 2988 D wpa_supplicant: nl80211: Event message available
05-19 18:21:42.317 2988 2988 D wpa_supplicant: nl80211: Drv Event 33 (NL80211_CMD_TRIGGER_SCAN) received for wlan0
05-19 18:21:42.317 2988 2988 D wpa_supplicant: wlan0: nl80211: Scan trigger
05-19 18:21:42.317 2988 2988 D wpa_supplicant: wlan0: Event SCAN_STARTED (49) received
05-19 18:21:42.317 2988 2988 D wpa_supplicant: wlan0: Own scan request started a scan in 0.000132 seconds
