05-19 18:21:42.317 2988 2988 D wpa_supplicant: CTRL_IFACE monitor sent successfully to /data/misc/wifi/sockets/wpa_ctrl_1943-2\x00
05-19 18:21:43.579 1943 2493 I ActivityManager: START u0 {act=android.intent.action.MAIN cat=[android.intent.category.LAUNCHER] flg=0x10000000 pkg=com.antutu.ABenchMark cmp=com.antutu.ABenchMark/.ABenchMarkStart} from uid 10041 on display 0
05-19 18:21:43.582 1943 2040 W AudioTrack: AUDIO_OUTPUT_FLAG_FAST denied by client
05-19 18:21:43.586 1943 2493 V WindowManager: addAppToken: AppWindowToken{95c30a3 token=Token{3e4777d2 ActivityRecord{3c69b25d u0 com.antutu.ABenchMark/.ABenchMarkStart t8}}} to stack=1 task=8 at 0
05-19 18:21:43.595 1628 1940 D audio_hw_primary: found out /dev/snd/pcmC1D0p
05-19 18:21:43.605 1620 1620 I MESA-DEBUG: Inside r600_texture_from_handle
05-19 18:21:43.605 1620 1620 I MESA-DEBUG: templ->target = 2 ; templ->depth0 = 1 ; templ->last_level = 0
05-19 18:21:43.605 1620 1620 I MESA-DEBUG: Ending r600_texture_from_handle - stride value is 1792
05-19 18:21:43.610 1943 1970 V WindowManager: Adding window Window{2dd305cc u0 Starting com.antutu.ABenchMark} at 6 of 11 (after Window{d03272f u0 com.android.packageinstaller/com.android.packageinstaller.InstallAppProgress})
05-19 18:21:43.670 1620 1620 I MESA-DEBUG: Inside r600_texture_from_handle
05-19 18:21:43.671 1620 1620 I MESA-DEBUG: templ->target = 2 ; templ->depth0 = 1 ; templ->last_level = 0
05-19 18:21:43.671 1620 1620 I MESA-DEBUG: Ending r600_texture_from_handle - stride value is 5632
05-19 18:21:43.814 1943 1961 I ActivityManager: Start proc 3350:com.antutu.ABenchMark/u0a52 for activity com.antutu.ABenchMark/.ABenchMarkStart
05-19 18:21:43.878 3285 3303 D OpenGLRenderer: endAllStagingAnimators on 0xa244cc00 (RippleDrawable) with handle 0xa24814f0
05-19 18:21:44.227 3350 3350 W Settings: Setting android_id has moved from android.provider.Settings.System to android.provider.Settings.Secure, returning read-only value.
05-19 18:21:44.303 1943 1966 D SettingsProvider: User 0 external modification to /data/data/com.android.providers.settings/databases/settings.db; event=2
05-19 18:21:44.303 1943 1966 D SettingsProvider: User 0 updating our caches for /data/data/com.android.providers.settings/databases/settings.db
05-19 18:21:44.306 1943 2151 W BackupManagerService: dataChanged but no participant pkg='com.android.providers.settings' uid=10052
05-19 18:21:44.337 3350 3350 W Settings: Setting android_id has moved from android.provider.Settings.System to android.provider.Settings.Secure, returning read-only value.
05-19 18:21:44.493 3350 3413 D OpenGLRenderer: Use EGL_SWAP_BEHAVIOR_PRESERVED: true
05-19 18:21:44.497 3350 3350 I GRALLOC-RADEON: detected chipset 0x9834 family 0x3c (vram size 490MiB, gart size 1019MiB)
05-19 18:21:44.497 3350 3350 I GRALLOC-DRM: create radeon for driver radeon
05-19 18:21:44.508 3350 3350 D Atlas : Validating map...
05-19 18:21:44.525 1943 2494 V WindowManager: Adding window Window{50979fc u0 com.antutu.ABenchMark/com.antutu.ABenchMark.ABenchMarkStart} at 6 of 12 (before Window{2dd305cc u0 Starting com.antutu.ABenchMark})
05-19 18:21:44.680 3350 3413 I EGL-GALLIUM: using DRM screen
05-19 18:21:44.680 3350 3413 I EGL-GALLIUM: skip unsupported native format 0x3
05-19 18:21:44.680 3350 3413 I OpenGLRenderer: Initialized EGL, version 1.4
05-19 18:21:44.690 3350 3413 D OpenGLRenderer: Enabling debug mode 0
05-19 18:21:44.690 3350 3413 I MESA-DEBUG: Inside r600_texture_from_handle
05-19 18:21:44.690 3350 3413 I MESA-DEBUG: templ->target = 2 ; templ->depth0 = 1 ; templ->last_level = 0
05-19 18:21:44.691 3350 3413 I MESA-DEBUG: Ending r600_texture_from_handle - stride value is 3072
05-19 18:21:44.701 3350 3413 I MESA-DEBUG: Inside r600_texture_from_handle
05-19 18:21:44.705 3350 3413 I MESA-DEBUG: templ->target = 2 ; templ->depth0 = 1 ; templ->last_level = 0
05-19 18:21:44.705 3350 3413 I MESA-DEBUG: Ending r600_texture_from_handle - stride value is 5632
05-19 18:21:44.719 1620 1620 I MESA-DEBUG: Inside r600_texture_from_handle
05-19 18:21:44.719 1620 1620 I MESA-DEBUG: templ->target = 2 ; templ->depth0 = 1 ; templ->last_level = 0
05-19 18:21:44.719 1620 1620 I MESA-DEBUG: Ending r600_texture_from_handle - stride value is 5632
05-19 18:21:44.720 1943 2493 V WindowManager: Adding window Window{37239e8 u0 SurfaceView} at 6 of 13 (before Window{50979fc u0 com.antutu.ABenchMark/com.antutu.ABenchMark.ABenchMarkStart})
05-19 18:21:44.750 3350 3370 I MESA-DEBUG: Inside r600_texture_from_handle
05-19 18:21:44.751 3350 3370 I MESA-DEBUG: templ->target = 2 ; templ->depth0 = 1 ; templ->last_level = 0
05-19 18:21:44.751 3350 3370 I MESA-DEBUG: Ending r600_texture_from_handle - stride value is 5632
05-19 18:21:44.817 2988 2988 D wpa_supplicant: wlan0: Control interface command 'SIGNAL_POLL'
05-19 18:21:44.819 1620 1620 I MESA-DEBUG: Inside r600_texture_from_handle
05-19 18:21:44.819 1620 1620 I MESA-DEBUG: templ->target = 2 ; templ->depth0 = 1 ; templ->last_level = 0
05-19 18:21:44.819 1620 1620 I MESA-DEBUG: Ending r600_texture_from_handle - stride value is 5632
05-19 18:21:44.863 3350 3406 W Settings: Setting android_id has moved from android.provider.Settings.System to android.provider.Settings.Secure, returning read-only value.
05-19 18:21:44.874 1628 2041 D Camera_Factory: CameraFactory::get_camera_info
05-19 18:21:44.874 1628 2041 D Camera_Factory: CameraFactory::getCameraInfo: id = 0, info = 0xb4e019f0
05-19 18:21:44.874 1628 2041 D Camera_Factory: CameraFactory::getCameraNum: 1
05-19 18:21:44.874 1628 2041 D CameraHardware: CameraHardware::getCameraInfo
05-19 18:21:44.876 1628 2023 D Camera_Factory: CameraFactory::get_camera_info
05-19 18:21:44.876 1628 2023 D Camera_Factory: CameraFactory::getCameraInfo: id = 0, info = 0xb4eff910
05-19 18:21:44.876 1628 2023 D Camera_Factory: CameraFactory::getCameraNum: 1
05-19 18:21:44.876 1628 2023 D CameraHardware: CameraHardware::getCameraInfo
05-19 18:21:44.876 1628 2023 W AudioFlinger: acquireAudioSessionId() unknown client 3350 for session 27
05-19 18:21:44.899 1628 2023 W AudioFlinger: acquireAudioSessionId() unknown client 3350 for session 28
05-19 18:21:44.928 1628 2023 I CameraClient: Opening camera 0
05-19 18:21:44.929 1628 2023 D Camera_Factory: CameraFactory::get_camera_info
05-19 18:21:44.929 1628 2023 D Camera_Factory: CameraFactory::getCameraInfo: id = 0, info = 0xb4eff8a0
05-19 18:21:44.929 1628 2023 D Camera_Factory: CameraFactory::getCameraNum: 1
05-19 18:21:44.929 1628 2023 D CameraHardware: CameraHardware::getCameraInfo
05-19 18:21:44.929 1628 2023 D Camera_Factory: CameraFactory::device_open: name = 0
05-19 18:21:44.929 1628 2023 D Camera_Factory: CameraFactory::cameraDeviceOpen: id = 0
05-19 18:21:44.929 1628 2023 D Camera_Factory: CameraFactory::getCameraNum: 1
05-19 18:21:44.929 1628 2023 D CameraHardware: CameraHardware::connectCamera
05-19 18:21:44.929 1628 2023 D CameraHardware: CameraHardware::setCallbacks
05-19 18:21:44.929 1628 2023 D CameraHardware: CameraHardware::enableMsgType: 3085
05-19 18:21:44.930 1628 2042 D CameraHardware: CameraHardware::cancelAutoFocus
05-19 18:21:44.931 1628 1628 D CameraHardware: CameraHardware::getParameters
05-19 18:21:44.931 1628 1628 D CameraHardware: CameraHardware::putParameters
05-19 18:21:44.934 1628 2041 D CameraHardware: CameraHardware::disableMsgType: 16
05-19 18:21:44.934 1628 2023 D CameraHardware: CameraHardware::disableMsgType: 65535
05-19 18:21:44.934 1628 2023 D CameraHardware: CameraHardware::stopPreview
05-19 18:21:44.934 1628 2023 D CameraHardware: CameraHardware::stopPreviewLocked
05-19 18:21:44.934 1628 2023 D CameraHardware: CameraHardware::stopPreviewLocked: OK
05-19 18:21:44.934 1628 2023 D CameraHardware: CameraHardware::cancelPicture
05-19 18:21:44.934 1628 2023 D CameraHardware: CameraHardware::releaseCamera
05-19 18:21:44.934 1628 2023 I CameraClient: Destroying camera 0
05-19 18:21:44.934 1628 2023 D CameraHardware: CameraHardware::closeCamera
05-19 18:21:44.934 1628 2023 D CameraHardware: CameraHardware::releaseCamera
05-19 18:21:45.146 1943 1970 I ActivityManager: Displayed com.antutu.ABenchMark/.ABenchMarkStart: +1s375ms
05-19 18:21:45.149 1620 1620 I MESA-DEBUG: Inside r600_texture_from_handle
05-19 18:21:45.149 1620 1620 I MESA-DEBUG: templ->target = 2 ; templ->depth0 = 1 ; templ->last_level = 0
05-19 18:21:45.149 1620 1620 I MESA-DEBUG: Ending r600_texture_from_handle - stride value is 5632
05-19 18:21:45.163 1628 2042 D NuPlayerDriver: reset(0xb593a040)
05-19 18:21:45.164 1628 3419 D NuPlayerDriver: notifyResetComplete(0xb593a040)
05-19 18:21:45.164 1628 2042 D NuPlayerDriver: reset(0xb584efa0)
05-19 18:21:45.165 1628 3421 D NuPlayerDriver: notifyResetComplete(0xb584efa0)
05-19 18:21:45.166 3350 3413 I MESA-DEBUG: Inside r600_texture_from_handle
05-19 18:21:45.166 3350 3413 I MESA-DEBUG: templ->target = 2 ; templ->depth0 = 1 ; templ->last_level = 0
05-19 18:21:45.166 3350 3413 I MESA-DEBUG: Ending r600_texture_from_handle - stride value is 5632
05-19 18:21:45.180 3350 3413 I MESA-DEBUG: Inside r600_texture_from_handle
05-19 18:21:45.180 3350 3413 I MESA-DEBUG: templ->target = 2 ; templ->depth0 = 1 ; templ->last_level = 0
05-19 18:21:45.180 3350 3413 I MESA-DEBUG: Ending r600_texture_from_handle - stride value is 5632
05-19 18:21:45.184 1943 2152 I ActivityManager: Killing 2729:com.android.dialer/u0a4 (adj 15): empty #17
05-19 18:21:45.185 1620 1620 I MESA-DEBUG: Inside r600_texture_from_handle
05-19 18:21:45.185 1620 1620 I MESA-DEBUG: templ->target = 2 ; templ->depth0 = 1 ; templ->last_level = 0
05-19 18:21:45.185 1620 1620 I MESA-DEBUG: Ending r600_texture_from_handle - stride value is 5632
05-19 18:21:45.201 1620 1620 I MESA-DEBUG: Inside r600_texture_from_handle
05-19 18:21:45.201 1620 1620 I MESA-DEBUG: templ->target = 2 ; templ->depth0 = 1 ; templ->last_level = 0
05-19 18:21:45.202 1620 1620 I MESA-DEBUG: Ending r600_texture_from_handle - stride value is 5632
05-19 18:21:45.409 1943 3452 D OpenGLRenderer: Use EGL_SWAP_BEHAVIOR_PRESERVED: true
05-19 18:21:45.409 1943 1968 D Atlas : Validating map...
05-19 18:21:45.479 1943 3452 I EGL-GALLIUM: using DRM screen
05-19 18:21:45.479 1943 3452 I EGL-GALLIUM: skip unsupported native format 0x3
05-19 18:21:45.479 1943 3452 I OpenGLRenderer: Initialized EGL, version 1.4
05-19 18:21:45.486 1943 3452 D OpenGLRenderer: Enabling debug mode 0
05-19 18:21:45.486 1943 3452 I MESA-DEBUG: Inside r600_texture_from_handle
05-19 18:21:45.486 1943 3452 I MESA-DEBUG: templ->target = 2 ; templ->depth0 = 1 ; templ->last_level = 0
05-19 18:21:45.486 1943 3452 E MESA-DEBUG: rscreen->ws->buffer_from_handle returned NULL
05-19 18:21:45.486 1943 3452 E EGL-GALLIUM: failed to import buffer 0xa0c56f88
05-19 18:21:45.486 1943 3452 W OpenGLRenderer: Error creating image (0x3000)
05-19 18:21:45.486 1943 3452 W OpenGLRenderer: Could not create atlas image --------- beginning of crash
05-19 18:21:45.486 1943 3452 F libc : Fatal signal 11 (SIGSEGV), code 1, fault addr 0x4 in tid 3452 (RenderThread)
05-19 18:21:45.538 1624 1624 I DEBUG : *** *** *** *** *** *** *** *** *** *** *** *** *** *** *** ***
05-19 18:21:45.538 1624 1624 I DEBUG : Build fingerprint: 'Android-x86/android_x86/x86:5.1.1/LMY47V/paulo05050202:eng/test-keys'
05-19 18:21:45.538 1624 1624 I DEBUG : Revision: '0'
05-19 18:21:45.538 1624 1624 I DEBUG : ABI: 'x86'
05-19 18:21:45.538 1624 1624 I DEBUG : pid: 1943, tid: 3452, name: RenderThread >>> system_server <<<
05-19 18:21:45.538 1624 1624 I DEBUG : signal 11 (SIGSEGV), code 1 (SEGV_MAPERR), fault addr 0x4
05-19 18:21:45.577 1624 1624 I DEBUG : eax 00000000 ebx b705d53c ecx 9eeb143c edx 00000000
05-19 18:21:45.577 1624 1624 I DEBUG : esi a0ceb4a0 edi a0c37ef8
05-19 18:21:45.577 1624 1624 I DEBUG : xcs 00000073 xds 0000007b xes 0000007b xfs 00000257 xss 0000007b
05-19 18:21:45.577 1624 1624 I DEBUG : eip b6fc308c ebp 9ade5ac8 esp 9ade5a60 flags 00210246
05-19 18:21:45.577 1624 1624 I DEBUG :
05-19 18:21:45.577 1624 1624 I DEBUG : backtrace:
05-19 18:21:45.577 1624 1624 I DEBUG : #00 pc 0001f08c /system/lib/libhwui.so (android::uirenderer::AssetAtlas::init(android::sp, long long*, int)+220)
05-19 18:21:45.577 1624 1624 I DEBUG : #01 pc 00092e1f /system/lib/libhwui.so
05-19 18:21:45.577 1624 1624 I DEBUG : #02 pc 0008cfe2 /system/lib/libhwui.so
05-19 18:21:45.577 1624 1624 I DEBUG : #03 pc 00093dd3 /system/lib/libhwui.so
05-19 18:21:45.577 1624 1624 I DEBUG : #04 pc 00093ba0 /system/lib/libhwui.so
05-19 18:21:45.577 1624 1624 I DEBUG : #05 pc 00095594 /system/lib/libhwui.so
05-19 18:21:45.577 1624 1624 I DEBUG : #06 pc 00096e62 /system/lib/libhwui.so (android::uirenderer::renderthread::RenderThread::threadLoop()+162)
05-19 18:21:45.577 1624 1624 I DEBUG : #07 pc 00017de4 /system/lib/libutils.so (android::Thread::_threadLoop(void*)+308)
05-19 18:21:45.577 1624 1624 I DEBUG : #08 pc 00070775 /system/lib/libandroid_runtime.so (android::AndroidRuntime::javaThreadShell(void*)+117)
05-19 18:21:45.577 1624 1624 I DEBUG : #09 pc 000173f2 /system/lib/libutils.so (thread_data_t::trampoline(thread_data_t const*)+130)
05-19 18:21:45.577 1624 1624 I DEBUG : #10 pc 00022168 /system/lib/libc.so (__pthread_start(void*)+56)
05-19 18:21:45.577 1624 1624 I DEBUG : #11 pc 0001cc69 /system/lib/libc.so (__start_thread+25)
05-19 18:21:45.577 1624 1624 I DEBUG : #12 pc 000137c6 /system/lib/libc.so (__bionic_clone+70)
05-19 18:21:45.632 2988 2988 D wpa_supplicant: nl80211: Event message available
05-19 18:21:45.633 2988 2988 D wpa_supplicant: nl80211: Drv Event 34 (NL80211_CMD_NEW_SCAN_RESULTS) received for wlan0
05-19 18:21:45.633 2988 2988 D wpa_supplicant: wlan0: nl80211: New scan results available
05-19 18:21:45.633 2988 2988 D wpa_supplicant: nl80211: Scan probed for SSID ''
05-19 18:21:45.633 2988 2988 D wpa_supplicant: nl80211: Scan included frequencies: 2412 2417 2422 2427 2432 2437 2442 2447 2452 2457 2462 2467 2472
05-19 18:21:45.633 2988 2988 D wpa_supplicant: wlan0: Event SCAN_RESULTS (3) received
05-19 18:21:45.633 2988 2988 D wpa_supplicant: wlan0: Scan completed in 3.316195 seconds
05-19 18:21:45.633 2988 2988 D wpa_supplicant: nl80211: Associated on 2412 MHz
05-19 18:21:45.633 2988 2988 D wpa_supplicant: nl80211: Associated with f8:1a:67:b2:14:c6
05-19 18:21:45.633 2988 2988 D wpa_supplicant: nl80211: Received scan results (1 BSSes)
05-19 18:21:45.633 2988 2988 D wpa_supplicant: nl80211: Scan results indicate BSS status with f8:1a:67:b2:14:c6 as associated
05-19 18:21:45.633 2988 2988 D wpa_supplicant: Sorted scan results
05-19 18:21:45.633 2988 2988 D wpa_supplicant: f8:1a:67:b2:14:c6 freq=2412 qual=0 noise=-88 level=-42 snr=46* flags=0x29 age=164
05-19 18:21:45.633 2988 2988 D wpa_supplicant: IEs - hexdump(len=377): 00 0b 57 49 46 49 5f 4d 49 5a 49 46 49 01 08 82 84 8b 96 0c 12 18 24 03 01 01 2a 01 02 30 14 01 ...
05-19 18:21:45.633 2988 2988 D wpa_supplicant: Beacon IEs - hexdump(len=216): 00 0b 57 49 46 49 5f 4d 49 5a 49 46 49 01 08 82 84 8b 96 0c 12 18 24 03 01 01 05 04 00 01 00 00 ...
05-19 18:21:45.633 2988 2988 D wpa_supplicant: wlan0: BSS: Start scan result update 10
05-19 18:21:45.634 2988 2988 D wpa_supplicant: wlan0: BSS: Remove id 1 BSSID 1c:7e:e5:c3:3d:32 SSID 'Acesso Negado' due to no match in scan
05-19 18:21:45.634 2988 2988 D wpa_supplicant: CTRL_IFACE monitor sent successfully to /data/misc/wifi/sockets/wpa_ctrl_1943-2\x00
05-19 18:21:45.634 2988 2988 D wpa_supplicant: BSS: last_scan_res_used=1/32
05-19 18:21:45.634 2988 2988 D wpa_supplicant: Add randomness: count=18 entropy=11
05-19 18:21:45.634 2988 2988 D wpa_supplicant: random pool - hexdump(len=128): [REMOVED]
05-19 18:21:45.634 2988 2988 D wpa_supplicant: random_mix_pool - hexdump(len=8): [REMOVED]
05-19 18:21:45.634 2988 2988 D wpa_supplicant: random_mix_pool - hexdump(len=5): [REMOVED]
05-19 18:21:45.634 2988 2988 D wpa_supplicant: random pool - hexdump(len=128): [REMOVED]
05-19 18:21:45.634 2988 2988 D wpa_supplicant: wlan0: Scan-only results received
05-19 18:21:45.634 2988 2988 D wpa_supplicant: CTRL_IFACE monitor sent successfully to /data/misc/wifi/sockets/wpa_ctrl_1943-2\x00
05-19 18:21:45.637 2988 2988 D wpa_supplicant: wlan0: Radio work 'scan'@0xb6836430 done in 3.321492 seconds
05-19 18:21:45.637 2988 2988 D wpa_supplicant: RTM_NEWLINK: ifi_index=4 ifname=wlan0 wext ifi_family=0 ifi_flags=0x11043 ([UP][RUNNING][LOWER_UP])
05-19 18:21:45.810 1624 1624 W libbacktrace: virtual bool Backtrace::VerifyReadWordArgs(uintptr_t, word_t*): invalid pointer 0xb759582d
05-19 18:21:46.131 1624 1624 W libbacktrace: virtual bool Backtrace::VerifyReadWordArgs(uintptr_t, word_t*): invalid pointer 0xb6a3e873
05-19 18:21:49.293 1624 1624 I DEBUG :
05-19 18:21:49.293 1624 1624 I DEBUG : Tombstone written to: /data/tombstones/tombstone_00
05-19 18:21:49.311 1618 1618 I ServiceManager: service 'telecom' died
05-19 18:21:49.316 1617 1617 I lowmemorykiller: ActivityManager disconnected
05-19 18:21:49.316 1617 1617 I lowmemorykiller: Closing Activity Manager data connection
05-19 18:21:49.319 1629 1629 E installd: eof
05-19 18:21:49.319 1629 1629 E installd: failed to read size
05-19 18:21:49.319 1629 1629 I installd: closing connection
05-19 18:21:49.321 3350 3458 E AndroidRuntime: FATAL EXCEPTION: Thread-261
05-19 18:21:49.321 3350 3458 E AndroidRuntime: Process: com.antutu.ABenchMark, PID: 3350
05-19 18:21:49.321 3350 3458 E AndroidRuntime: java.lang.RuntimeException: Package manager has died
05-19 18:21:49.321 3350 3458 E AndroidRuntime: at android.app.ApplicationPackageManager.queryIntentActivitiesAsUser(ApplicationPackageManager.java:571)
05-19 18:21:49.321 3350 3458 E AndroidRuntime: at android.app.ApplicationPackageManager.queryIntentActivities(ApplicationPackageManager.java:557)
05-19 18:21:49.321 3350 3458 E AndroidRuntime: at com.antutu.Utility.n.h(Unknown Source)
05-19 18:21:49.321 3350 3458 E AndroidRuntime: at com.antutu.Utility.n.e(Unknown Source)
05-19 18:21:49.321 3350 3458 E AndroidRuntime: at com.antutu.Utility.p.run(Unknown Source)
05-19 18:21:49.321 3350 3458 E AndroidRuntime: Caused by: android.os.DeadObjectException
05-19 18:21:49.321 3350 3458 E AndroidRuntime: at android.os.BinderProxy.transactNative(Native Method)
05-19 18:21:49.321 3350 3458 E AndroidRuntime: at android.os.BinderProxy.transact(Binder.java:496)
05-19 18:21:49.321 3350 3458 E AndroidRuntime: at android.content.pm.IPackageManager$Stub$Proxy.queryIntentActivities(IPackageManager.java:2489)
05-19 18:21:49.321 3350 3458 E AndroidRuntime: at android.app.ApplicationPackageManager.queryIntentActivitiesAsUser(ApplicationPackageManager.java:565)
05-19 18:21:49.321 3350 3458 E AndroidRuntime: ... 4 more
05-19 18:21:49.325 2458 2980 E WifiManager: Channel connection lost
05-19 18:21:49.325 2173 2585 E WifiManager: Channel connection lost
05-19 18:21:49.325 1628 2023 W AudioFlinger: power manager service died !!!
05-19 18:21:49.325 2458 3071 W Sensors : sensorservice died [0xae26d680]
05-19 18:21:49.328 2313 2793 E WifiManager: Channel connection lost
05-19 18:21:49.329 1620 1620 D SurfaceFlinger: Set power mode=2, type=0 flinger=0xb685c000
05-19 18:21:49.329 1620 1620 D SurfaceFlinger: Screen type=0 is already mode=2
05-19 18:21:49.330 3350 3458 E AndroidRuntime: Error reporting crash
05-19 18:21:49.330 3350 3458 E AndroidRuntime: android.os.DeadObjectException
05-19 18:21:49.330 3350 3458 E AndroidRuntime: at android.os.BinderProxy.transactNative(Native Method)
05-19 18:21:49.330 3350 3458 E AndroidRuntime: at android.os.BinderProxy.transact(Binder.java:496)
05-19 18:21:49.330 3350 3458 E AndroidRuntime: at android.app.ActivityManagerProxy.handleApplicationCrash(ActivityManagerNative.java:4164)
05-19 18:21:49.330 3350 3458 E AndroidRuntime: at com.android.internal.os.RuntimeInit$UncaughtHandler.uncaughtException(RuntimeInit.java:89)
05-19 18:21:49.330 3350 3458 E AndroidRuntime: at java.lang.ThreadGroup.uncaughtException(ThreadGroup.java:693)
05-19 18:21:49.330 3350 3458 E AndroidRuntime: at java.lang.ThreadGroup.uncaughtException(ThreadGroup.java:690)
05-19 18:21:49.330 3350 3458 I Process : Sending signal. PID: 3350 SIG: 9
05-19 18:21:49.339 1618 1618 I ServiceManager: service 'dbinfo' died
05-19 18:21:49.341 1618 1618 I ServiceManager: service 'cpuinfo' died
05-19 18:21:49.341 1618 1618 I ServiceManager: service 'permission' died
05-19 18:21:49.341 1618 1618 I ServiceManager: service 'hardware' died
05-19 18:21:49.341 1618 1618 I ServiceManager: service 'battery' died
05-19 18:21:49.341 1618 1618 I ServiceManager: service 'usagestats' died
05-19 18:21:49.341 1618 1618 I ServiceManager: service 'webviewupdate' died
05-19 18:21:49.341 1618 1618 I ServiceManager: service 'scheduling_policy' died
05-19 18:21:49.341 1618 1618 I ServiceManager: service 'telephony.registry' died
05-19 18:21:49.341 1618 1618 I ServiceManager: service 'entropy' died
05-19 18:21:49.341 1618 1618 I ServiceManager: service 'clipboard' died
05-19 18:21:49.341 1618 1618 I ServiceManager: service 'account' died
05-19 18:21:49.341 1618 1618 I ServiceManager: service 'content' died
05-19 18:21:49.341 1618 1618 I ServiceManager: service 'vibrator' died
05-19 18:21:49.341 1618 1618 I ServiceManager: service 'consumer_ir' died
05-19 18:21:49.341 1618 1618 I ServiceManager: service 'alarm' died
05-19 18:21:49.341 1618 1618 I ServiceManager: service 'window' died
05-19 18:21:49.341 1618 1618 I ServiceManager: service 'input' died
05-19 18:21:49.341 1618 1618 I ServiceManager: service 'bluetooth_manager' died
05-19 18:21:49.341 1618 1618 I ServiceManager: service 'input_method' died
05-19 18:21:49.341 1618 1618 I ServiceManager: service 'accessibility' died
05-19 18:21:49.341 1618 1618 I ServiceManager: service 'mount' died
05-19 18:21:49.341 1618 1618 I ServiceManager: service 'lock_settings' died
05-19 18:21:49.341 1618 1618 I ServiceManager: service 'gfxinfo' died
05-19 18:21:49.341 1618 1618 I ServiceManager: service 'package' died
05-19 18:21:49.341 1618 1618 I ServiceManager: service 'device_policy' died
05-19 18:21:49.341 1618 1618 I ServiceManager: service 'statusbar' died
05-19 18:21:49.341 1618 1618 I ServiceManager: service 'network_management' died
05-19 18:21:49.341 1618 1618 I ServiceManager: service 'textservices' died
05-19 18:21:49.341 1618 1618 I ServiceManager: service 'network_score' died
05-19 18:21:49.341 1618 1618 I ServiceManager: service 'netstats' died
05-19 18:21:49.341 1618 1618 I ServiceManager: service 'netpolicy' died
05-19 18:21:49.341 1618 1618 I ServiceManager: service 'wifip2p' died
05-19 18:21:49.341 1618 1618 I ServiceManager: service 'wifi' died
05-19 18:21:49.341 1618 1618 I ServiceManager: service 'wifiscanner' died
05-19 18:21:49.341 1618 1618 I ServiceManager: service 'rttmanager' died
05-19 18:21:49.341 1618 1618 I ServiceManager: service 'user' died
05-19 18:21:49.341 1618 1618 I ServiceManager: service 'procstats' died
05-19 18:21:49.341 1618 1618 I ServiceManager: service 'ethernet' died
05-19 18:21:49.341 1618 1618 I ServiceManager: service 'meminfo' died
05-19 18:21:49.341 1618 1618 I ServiceManager: service 'connectivity' died
05-19 18:21:49.341 1618 1618 I ServiceManager: service 'servicediscovery' died
05-19 18:21:49.341 1618 1618 I ServiceManager: service 'updatelock' died
05-19 18:21:49.341 1618 1618 I ServiceManager: service 'notification' died
05-19 18:21:49.341 1618 1618 I ServiceManager: service 'devicestoragemonitor' died
05-19 18:21:49.341 1618 1618 I ServiceManager: service 'location' died
05-19 18:21:49.341 1618 1618 I ServiceManager: service 'country_detector' died
05-19 18:21:49.341 1618 1618 I ServiceManager: service 'search' died
05-19 18:21:49.341 1618 1618 I ServiceManager: service 'dropbox' died
05-19 18:21:49.342 1618 1618 I ServiceManager: service 'wallpaper' died
05-19 18:21:49.342 1618 1618 I ServiceManager: service 'audio' died
05-19 18:21:49.342 1618 1618 I ServiceManager: service 'DockObserver' died
05-19 18:21:49.342 1618 1618 I ServiceManager: service 'usb' died
05-19 18:21:49.342 1618 1618 I ServiceManager: service 'serial' died
05-19 18:21:49.342 1618 1618 I ServiceManager: service 'uimode' died
05-19 18:21:49.342 1618 1618 I ServiceManager: service 'jobscheduler' died
05-19 18:21:49.342 1618 1618 I ServiceManager: service 'backup' died
05-19 18:21:49.342 1618 1618 I ServiceManager: service 'appwidget' died
05-19 18:21:49.342 1618 1618 I ServiceManager: service 'voiceinteraction' died
05-19 18:21:49.342 1618 1618 I ServiceManager: service 'diskstats' died
05-19 18:21:49.342 1618 1618 I ServiceManager: service 'samplingprofiler' died
05-19 18:21:49.342 1618 1618 I ServiceManager: service 'commontime_management' died
05-19 18:21:49.342 1618 1618 I ServiceManager: service 'dreams' died
05-19 18:21:49.342 1618 1618 I ServiceManager: service 'assetatlas' died
05-19 18:21:49.342 1618 1618 I ServiceManager: service 'print' died
05-19 18:21:49.342 1618 1618 I ServiceManager: service 'restrictions' died
05-19 18:21:49.342 1618 1618 I ServiceManager: service 'media_session' died
05-19 18:21:49.342 1618 1618 I ServiceManager: service 'media_router' died
05-19 18:21:49.342 1618 1618 I ServiceManager: service 'trust' died
05-19 18:21:49.342 1618 1618 I ServiceManager: service 'fingerprint' died
05-19 18:21:49.342 1618 1618 I ServiceManager: service 'launcherapps' died
05-19 18:21:49.346 1618 1618 I ServiceManager: service 'media_projection' died
05-19 18:21:49.346 1618 1618 I ServiceManager: service 'imms' died
05-19 18:21:49.346 1618 1618 I ServiceManager: service 'activity' died
05-19 18:21:49.346 1618 1618 I ServiceManager: service 'sensorservice' died
05-19 18:21:49.346 1618 1618 I ServiceManager: service 'batterystats' died
05-19 18:21:49.346 1618 1618 I ServiceManager: service 'appops' died
05-19 18:21:49.346 1618 1618 I ServiceManager: service 'power' died
05-19 18:21:49.346 1618 1618 I ServiceManager: service 'display' died
05-19 18:21:49.475 1623 1886 E FrameworkListener: read() failed (Connection reset by peer)
05-19 18:21:49.477 1632 1632 I Zygote : Process 1943 exited due to signal (11)
05-19 18:21:49.478 1632 1632 E Zygote : Exit zygote because system server (1943) has terminated
05-19 18:21:49.541 1618 1618 I ServiceManager: service 'media.audio_flinger' died
05-19 18:21:49.541 1618 1618 I ServiceManager: service 'media.player' died
05-19 18:21:49.541 1618 1618 I ServiceManager: service 'media.camera' died
05-19 18:21:49.541 1618 1618 I ServiceManager: service 'media.audio_policy' died
05-19 18:21:49.541 1618 1618 I ServiceManager: service 'media.sound_trigger_hw' died
05-19 18:21:49.616 1618 1618 I ServiceManager: service 'isub' died
05-19 18:21:49.616 1618 1618 I ServiceManager: service 'simphonebook' died
05-19 18:21:49.616 1618 1618 I ServiceManager: service 'iphonesubinfo' died
05-19 18:21:49.616 1618 1618 I ServiceManager: service 'isms' died
05-19 18:21:49.616 1618 1618 I ServiceManager: service 'phone' died
05-19 18:21:49.616 1618 1618 I ServiceManager: service 'sip' died
05-19 18:21:49.676 3471 3471 I Netd : Netd 1.0 starting
05-19 18:21:49.677 3471 3471 E Netd : Failed to open /proc/sys/net/ipv6/conf/default/accept_ra_rt_table: No such file or directory
05-19 18:21:49.677 3471 3471 E Netd : Failed to open /proc/sys/net/ipv6/conf/eth0/accept_ra_rt_table: No such file or directory
05-19 18:21:49.677 3471 3471 E Netd : Failed to open /proc/sys/net/ipv6/conf/ip6tnl0/accept_ra_rt_table: No such file or directory
05-19 18:21:49.677 3471 3471 E Netd : Failed to open /proc/sys/net/ipv6/conf/lo/accept_ra_rt_table: No such file or directory
05-19 18:21:49.677 3471 3471 E Netd : Failed to open /proc/sys/net/ipv6/conf/sit0/accept_ra_rt_table: No such file or directory
05-19 18:21:49.677 3471 3471 E Netd : Failed to open /proc/sys/net/ipv6/conf/wlan0/accept_ra_rt_table: No such file or directory
05-19 18:21:49.707 3464 3469 D libEGL : loaded /system/lib/egl/libGLES_mesa.so
05-19 18:21:49.805 3464 3469 I GRALLOC-RADEON: detected chipset 0x9834 family 0x3c (vram size 494MiB, gart size 1019MiB)
05-19 18:21:49.805 3464 3469 I GRALLOC-DRM: create radeon for driver radeon
05-19 18:21:49.809 3464 3469 I EGL-GALLIUM: using DRM screen
05-19 18:21:49.809 3464 3469 I EGL-GALLIUM: skip unsupported native format 0x3
05-19 18:21:49.814 3464 3469 I MESA-DEBUG: Inside r600_texture_from_handle
05-19 18:21:49.814 3464 3469 I MESA-DEBUG: templ->target = 2 ; templ->depth0 = 1 ; templ->last_level = 0
05-19 18:21:49.814 3464 3469 I MESA-DEBUG: Ending r600_texture_from_handle - stride value is 5632
05-19 18:21:49.932 1620 1620 I MESA-DEBUG: Inside r600_texture_from_handle
05-19 18:21:49.932 1620 1620 I MESA-DEBUG: templ->target = 2 ; templ->depth0 = 1 ; templ->last_level = 0
05-19 18:21:49.932 1620 1620 I MESA-DEBUG: Ending r600_texture_from_handle - stride value is 5632
05-19 18:21:49.937 3464 3469 I MESA-DEBUG: Inside r600_texture_from_handle
05-19 18:21:49.937 3464 3469 I MESA-DEBUG: templ->target = 2 ; templ->depth0 = 1 ; templ->last_level = 0
05-19 18:21:49.937 3464 3469 I MESA-DEBUG: Ending r600_texture_from_handle - stride value is 5632
05-19 18:21:49.966 1620 1620 I MESA-DEBUG: Inside r600_texture_from_handle
05-19 18:21:49.966 1620 1620 I MESA-DEBUG: templ->target = 2 ; templ->depth0 = 1 ; templ->last_level = 0
05-19 18:21:49.966 1620 1620 I MESA-DEBUG: Ending r600_texture_from_handle - stride value is 5632
05-19 18:21:50.017 3464 3469 I MESA-DEBUG: Inside r600_texture_from_handle
05-19 18:21:50.017 3464 3469 I MESA-DEBUG: templ->target = 2 ; templ->depth0 = 1 ; templ->last_level = 0
05-19 18:21:50.017 3464 3469 I MESA-DEBUG: Ending r600_texture_from_handle - stride value is 5632
05-19 18:21:50.032 1620 1620 I MESA-DEBUG: Inside r600_texture_from_handle
05-19 18:21:50.032 1620 1620 I MESA-DEBUG: templ->target = 2 ; templ->depth0 = 1 ; templ->last_level = 0
05-19 18:21:50.032 1620 1620 I MESA-DEBUG: Ending r600_texture_from_handle - stride value is 5632
05-19 18:21:50.036 3472 3472 I mediaserver: ServiceManager: 0xb58356a0
05-19 18:21:50.036 3472 3472 I AudioFlinger: Using default 3000 mSec as standby time.
05-19 18:21:50.037 3472 3472 I ServiceManager: Waiting for service batterystats...
05-19 18:21:50.089 3470 3470 D AndroidRuntime: >>>>>> START com.android.internal.os.ZygoteInit uid 0 <<<<<<
05-19 18:21:50.092 3470 3470 D AndroidRuntime: CheckJNI is ON
05-19 18:21:50.093 3470 3470 I art : option[0]=-Xzygote
05-19 18:21:50.093 3470 3470 I art : option[1]=-Xcheck:jni
05-19 18:21:50.093 3470 3470 I art : option[2]=-Xjnigreflimit:2000
05-19 18:21:50.093 3470 3470 I art : option[3]=-Xstacktracefile:/data/anr/traces.txt
05-19 18:21:50.093 3470 3470 I art : option[4]=exit
05-19 18:21:50.093 3470 3470 I art : option[5]=vfprintf
05-19 18:21:50.093 3470 3470 I art : option[6]=sensitiveThread
05-19 18:21:50.093 3470 3470 I art : option[7]=-verbose:gc
05-19 18:21:50.094 3470 3470 I art : option[8]=-Xms16m
05-19 18:21:50.094 3470 3470 I art : option[9]=-Xmx512m
05-19 18:21:50.094 3470 3470 I art : option[10]=-XX:mainThreadStackSize=24K
05-19 18:21:50.094 3470 3470 I art : option[11]=-XX:HeapGrowthLimit=192m
05-19 18:21:50.094 3470 3470 I art : option[12]=-XX:HeapMinFree=512k
05-19 18:21:50.094 3470 3470 I art : option[13]=-XX:HeapMaxFree=8m
05-19 18:21:50.094 3470 3470 I art : option[14]=-XX:HeapTargetUtilization=0.75
05-19 18:21:50.094 3470 3470 I art : option[15]=-Xgenregmap
05-19 18:21:50.094 3470 3470 I art : option[16]=-Xgc:precise
05-19 18:21:50.094 3470 3470 I art : option[17]=-agentlib:jdwp=transport=dt_android_adb,suspend=n,server=y
05-19 18:21:50.094 3470 3470 I art : option[18]=-Ximage-compiler-option
05-19 18:21:50.094 3470 3470 I art : option[19]=--runtime-arg
05-19 18:21:50.094 3470 3470 I art : option[20]=-Ximage-compiler-option
05-19 18:21:50.094 3470 3470 I art : option[21]=-Xms64m
05-19 18:21:50.094 3470 3470 I art : option[22]=-Ximage-compiler-option
05-19 18:21:50.094 3470 3470 I art : option[23]=--runtime-arg
05-19 18:21:50.094 3470 3470 I art : option[24]=-Ximage-compiler-option
05-19 18:21:50.094 3470 3470 I art : option[25]=-Xmx64m
05-19 18:21:50.094 3470 3470 I art : option[26]=-Ximage-compiler-option
05-19 18:21:50.094 3470 3470 I art : option[27]=--compiler-filter=verify-none
05-19 18:21:50.094 3470 3470 I art : option[28]=-Ximage-compiler-option
05-19 18:21:50.094 3470 3470 I art : option[29]=--image-classes=/system/etc/preloaded-classes
05-19 18:21:50.094 3470 3470 I art : option[30]=-Xcompiler-option
05-19 18:21:50.094 3470 3470 I art : option[31]=--runtime-arg
05-19 18:21:50.094 3470 3470 I art : option[32]=-Xcompiler-option
05-19 18:21:50.094 3470 3470 I art : option[33]=-Xms64m
05-19 18:21:50.094 3470 3470 I art : option[34]=-Xcompiler-option
05-19 18:21:50.094 3470 3470 I art : option[35]=--runtime-arg
05-19 18:21:50.094 3470 3470 I art : option[36]=-Xcompiler-option
05-19 18:21:50.094 3470 3470 I art : option[37]=-Xmx512m
05-19 18:21:50.094 3470 3470 I art : option[38]=-Xcompiler-option
05-19 18:21:50.094 3470 3470 I art : option[39]=--compiler-filter=interpret-only
05-19 18:21:50.094 3470 3470 I art : option[40]=-Duser.language=en
05-19 18:21:50.094 3470 3470 I art : option[41]=-Duser.region=US
05-19 18:21:50.231 3470 3470 E memtrack: Couldn't load memtrack module (No such file or directory)
05-19 18:21:50.231 3470 3470 E android.os.Debug: failed to load memtrack module: -2
05-19 18:21:50.241 3470 3470 I SamplingProfilerIntegration: Profiling disabled.
05-19 18:21:50.241 3470 3470 D Zygote : begin preload
05-19 18:21:50.241 3470 3470 I Zygote : Preloading classes...
05-19 18:21:50.248 3470 3470 I art : Explicit concurrent mark sweep GC freed 796(36KB) AllocSpace objects, 0(0B) LOS objects, 95% free, 43KB/1067KB, paused 166us total 6.646ms
05-19 18:21:50.250 3470 3470 I art : Counter: 1
05-19 18:21:50.268 3470 3470 I art : Explicit concurrent mark sweep GC freed 559(34KB) AllocSpace objects, 0(0B) LOS objects, 94% free, 64KB/1088KB, paused 193us total 6.435ms
05-19 18:21:50.307 3470 3470 I art : Explicit concurrent mark sweep GC freed 650(41KB) AllocSpace objects, 0(0B) LOS objects, 93% free, 71KB/1095KB, paused 164us total 4.832ms
05-19 18:21:50.392 3470 3470 I art : Explicit concurrent mark sweep GC freed 383(22KB) AllocSpace objects, 0(0B) LOS objects, 90% free, 102KB/1126KB, paused 166us total 4.859ms
05-19 18:21:50.407 3470 3470 E Minikin : addFont failed to create font /system/fonts/NotoSansGujarati-Regular.ttf
05-19 18:21:50.408 3470 3470 E Minikin : addFont failed to create font /system/fonts/NotoSansGujarati-Bold.ttf
05-19 18:21:50.408 3470 3470 E Minikin : addFont failed to create font /system/fonts/NotoSansGujaratiUI-Regular.ttf
05-19 18:21:50.408 3470 3470 E Minikin : addFont failed to create font /system/fonts/NotoSansGujaratiUI-Bold.ttf
05-19 18:21:50.408 3470 3470 E Minikin : addFont failed to create font /system/fonts/NotoSansGurmukhi-Regular.ttf
05-19 18:21:50.408 3470 3470 E Minikin : addFont failed to create font /system/fonts/NotoSansGurmukhi-Bold.ttf
05-19 18:21:50.408 3470 3470 E Minikin : addFont failed to create font /system/fonts/NotoSansGurmukhiUI-Regular.ttf
05-19 18:21:50.408 3470 3470 E Minikin : addFont failed to create font /system/fonts/NotoSansGurmukhiUI-Bold.ttf
05-19 18:21:50.412 3470 3470 E Minikin : addFont failed to create font /system/fonts/NotoSansSinhala-Regular.ttf
05-19 18:21:50.412 3470 3470 E Minikin : addFont failed to create font /system/fonts/NotoSansSinhala-Bold.ttf
05-19 18:21:50.414 3470 3470 E Minikin : addFont failed to create font /system/fonts/NotoSansThaana-Regular.ttf
05-19 18:21:50.414 3470 3470 E Minikin : addFont failed to create font /system/fonts/NotoSansThaana-Bold.ttf
05-19 18:21:50.414 3470 3470 E Minikin : addFont failed to create font /system/fonts/NotoSansCham-Regular.ttf
05-19 18:21:50.414 3470 3470 E Minikin : addFont failed to create font /system/fonts/NotoSansCham-Bold.ttf
05-19 18:21:50.414 3470 3470 E Minikin : addFont failed to create font /system/fonts/NotoSansBalinese-Regular.ttf
05-19 18:21:50.414 3470 3470 E Minikin : addFont failed to create font /system/fonts/NotoSansBatak-Regular.ttf
05-19 18:21:50.414 3470 3470 E Minikin : addFont failed to create font /system/fonts/NotoSansBuginese-Regular.ttf
05-19 18:21:50.414 3470 3470 E Minikin : addFont failed to create font /system/fonts/NotoSansBuhid-Regular.ttf
05-19 18:21:50.414 3470 3470 E Minikin : addFont failed to create font /system/fonts/NotoSansCanadianAboriginal-Regular.ttf
05-19 18:21:50.414 3470 3470 E Minikin : addFont failed to create font /system/fonts/NotoSansCherokee-Regular.ttf
05-19 18:21:50.415 3470 3470 E Minikin : addFont failed to create font /system/fonts/NotoSansCoptic-Regular.ttf
05-19 18:21:50.415 3470 3470 E Minikin : addFont failed to create font /system/fonts/NotoSansGlagolitic-Regular.ttf
05-19 18:21:50.415 3470 3470 E Minikin : addFont failed to create font /system/fonts/NotoSansHanunoo-Regular.ttf
05-19 18:21:50.415 3470 3470 E Minikin : addFont failed to create font /system/fonts/NotoSansJavanese-Regular.ttf
05-19 18:21:50.415 3470 3470 E Minikin : addFont failed to create font /system/fonts/NotoSansKayahLi-Regular.ttf
05-19 18:21:50.415 3470 3470 E Minikin : addFont failed to create font /system/fonts/NotoSansLepcha-Regular.ttf
05-19 18:21:50.416 3470 3470 E Minikin : addFont failed to create font /system/fonts/NotoSansLimbu-Regular.ttf
05-19 18:21:50.416 3470 3470 E Minikin : addFont failed to create font /system/fonts/NotoSansMeeteiMayek-Regular.ttf
05-19 18:21:50.416 3470 3470 E Minikin : addFont failed to create font /system/fonts/NotoSansOlChiki-Regular.ttf
05-19 18:21:50.416 3470 3470 E Minikin : addFont failed to create font /system/fonts/NotoSansRejang-Regular.ttf
05-19 18:21:50.416 3470 3470 E Minikin : addFont failed to create font /system/fonts/NotoSansSaurashtra-Regular.ttf
05-19 18:21:50.416 3470 3470 E Minikin : addFont failed to create font /system/fonts/NotoSansSundanese-Regular.ttf
05-19 18:21:50.416 3470 3470 E Minikin : addFont failed to create font /system/fonts/NotoSansSylotiNagri-Regular.ttf
05-19 18:21:50.417 3470 3470 E Minikin : addFont failed to create font /system/fonts/NotoSansTagbanwa-Regular.ttf
05-19 18:21:50.417 3470 3470 E Minikin : addFont failed to create font /system/fonts/NotoSansTaiTham-Regular.ttf
05-19 18:21:50.417 3470 3470 E Minikin : addFont failed to create font /system/fonts/NotoSansTaiViet-Regular.ttf
05-19 18:21:50.417 3470 3470 E Minikin : addFont failed to create font /system/fonts/NotoSansTifinagh-Regular.ttf
05-19 18:21:50.417 3470 3470 E Minikin : addFont failed to create font /system/fonts/NotoSansYi-Regular.ttf
05-19 18:21:50.417 3470 3470 E Minikin : addFont failed to create font /system/fonts/Lohit-Odia.ttf
05-19 18:21:50.417 3470 3470 E Minikin : addFont failed to create font /system/fonts/NotoSansHans-Regular.otf
05-19 18:21:50.417 3470 3470 E Minikin : addFont failed to create font /system/fonts/NotoSansHant-Regular.otf
05-19 18:21:50.417 3470 3470 E Minikin : addFont failed to create font /system/fonts/NotoSansJP-Regular.otf
05-19 18:21:50.417 3470 3470 E Minikin : addFont failed to create font /system/fonts/NotoSansKR-Regular.otf
05-19 18:21:50.420 3470 3470 E Minikin : addFont failed to create font /system/fonts/NotoSansTaiLe-Regular.ttf
05-19 18:21:50.447 3470 3470 I art : Explicit concurrent mark sweep GC freed 1798(129KB) AllocSpace objects, 0(0B) LOS objects, 90% free, 113KB/1137KB, paused 218us total 5.741ms
05-19 18:21:50.465 3470 3470 I art : Explicit concurrent mark sweep GC freed 1933(92KB) AllocSpace objects, 0(0B) LOS objects, 86% free, 154KB/1178KB, paused 183us total 7.514ms
05-19 18:21:50.478 3470 3470 I art : Explicit concurrent mark sweep GC freed 1979(87KB) AllocSpace objects, 0(0B) LOS objects, 84% free, 188KB/1212KB, paused 160us total 7.023ms
05-19 18:21:50.491 3470 3470 I art : Explicit concurrent mark sweep GC freed 371(19KB) AllocSpace objects, 0(0B) LOS objects, 82% free, 221KB/1245KB, paused 163us total 7.275ms
05-19 18:21:50.541 3470 3470 I art : Thread[1,tid=3470,WaitingForJniOnLoad,Thread*=0xb3c25800,peer=0x12c31100,"main"] recursive attempt to load library "/system/lib/libmedia_jni.so"
05-19 18:21:50.541 3470 3470 D MtpDeviceJNI: register_android_mtp_MtpDevice
05-19 18:21:50.542 3470 3470 I art : Thread[1,tid=3470,WaitingForJniOnLoad,Thread*=0xb3c25800,peer=0x12c31100,"main"] recursive attempt to load library "/system/lib/libmedia_jni.so"
05-19 18:21:50.542 3470 3470 I art : Thread[1,tid=3470,WaitingForJniOnLoad,Thread*=0xb3c25800,peer=0x12c31100,"main"] recursive attempt to load library "/system/lib/libmedia_jni.so"
05-19 18:21:50.563 3470 3470 I art : Explicit concurrent mark sweep GC freed 661(37KB) AllocSpace objects, 0(0B) LOS objects, 80% free, 244KB/1268KB, paused 164us total 7.950ms
05-19 18:21:50.593 3470 3470 I art : Explicit concurrent mark sweep GC freed 576(29KB) AllocSpace objects, 0(0B) LOS objects, 79% free, 264KB/1288KB, paused 166us total 7.624ms
05-19 18:21:50.607 3470 3470 I art : Explicit concurrent mark sweep GC freed 448(26KB) AllocSpace objects, 0(0B) LOS objects, 77% free, 303KB/1327KB, paused 167us total 5.519ms
05-19 18:21:50.660 3470 3470 I art : Explicit concurrent mark sweep GC freed 1790(104KB) AllocSpace objects, 0(0B) LOS objects, 69% free, 452KB/1476KB, paused 167us total 7.485ms
05-19 18:21:50.667 3470 3470 E EmojiFactory_jni: Failed to load libemoji.so: dlopen failed: library "libemoji.so" not found
05-19 18:21:50.692 3470 3470 I art : Explicit concurrent mark sweep GC freed 354(45KB) AllocSpace objects, 0(0B) LOS objects, 57% free, 749KB/1773KB, paused 166us total 10.129ms
05-19 18:21:50.711 3470 3470 I art : Explicit concurrent mark sweep GC freed 438(30KB) AllocSpace objects, 0(0B) LOS objects, 57% free, 768KB/1792KB, paused 163us total 7.738ms
05-19 18:21:50.728 3470 3470 I art : Explicit concurrent mark sweep GC freed 780(49KB) AllocSpace objects, 0(0B) LOS objects, 57% free, 768KB/1792KB, paused 166us total 7.696ms
05-19 18:21:50.772 3470 3470 I art : Explicit concurrent mark sweep GC freed 956(105KB) AllocSpace objects, 0(0B) LOS objects, 55% free, 811KB/1835KB, paused 167us total 11.370ms
05-19 18:21:50.790 3470 3470 I art : Explicit concurrent mark sweep GC freed 597(42KB) AllocSpace objects, 0(0B) LOS objects, 55% free, 818KB/1842KB, paused 169us total 7.463ms
05-19 18:21:50.819 3470 3470 I art : Explicit concurrent mark sweep GC freed 265(20KB) AllocSpace objects, 0(0B) LOS objects, 54% free, 846KB/1870KB, paused 165us total 7.162ms
05-19 18:21:50.864 3470 3470 I art : Explicit concurrent mark sweep GC freed 32(1264B) AllocSpace objects, 0(0B) LOS objects, 45% free, 1225KB/2MB, paused 202us total 8.745ms
05-19 18:21:50.882 3470 3470 I art : Explicit concurrent mark sweep GC freed 572(33KB) AllocSpace objects, 0(0B) LOS objects, 45% free, 1241KB/2MB, paused 181us total 9.348ms
05-19 18:21:50.901 3470 3470 I art : Explicit concurrent mark sweep GC freed 741(45KB) AllocSpace objects, 0(0B) LOS objects, 45% free, 1245KB/2MB, paused 182us total 8.986ms
05-19 18:21:50.975 3470 3470 I System : Loaded time zone names for "" in 71ms (69ms in ICU)
05-19 18:21:51.027 3470 3470 I System : Loaded time zone names for "en_US" in 52ms (48ms in ICU)
05-19 18:21:51.037 3472 3472 I ServiceManager: Waiting for service batterystats...
05-19 18:21:51.039 3470 3470 I art : Explicit concurrent mark sweep GC freed 2345(178KB) AllocSpace objects, 0(0B) LOS objects, 42% free, 1403KB/2MB, paused 181us total 11.106ms
05-19 18:21:51.054 3470 3470 I art : Explicit concurrent mark sweep GC freed 136(12KB) AllocSpace objects, 0(0B) LOS objects, 41% free, 1468KB/2MB, paused 177us total 9.501ms
05-19 18:21:51.071 3470 3470 I art : Explicit concurrent mark sweep GC freed 288(24KB) AllocSpace objects, 0(0B) LOS objects, 40% free, 1514KB/2MB, paused 178us total 10.370ms
05-19 18:21:51.090 3470 3470 I art : Explicit concurrent mark sweep GC freed 679(47KB) AllocSpace objects, 0(0B) LOS objects, 40% free, 1515KB/2MB, paused 178us total 9.625ms
05-19 18:21:51.091 3470 3470 I Zygote : ...preloaded 3005 classes in 850ms.
05-19 18:21:51.091 3470 3470 I art : VMRuntime.preloadDexCaches starting
05-19 18:21:51.149 3470 3470 I art : VMRuntime.preloadDexCaches strings total=216251 before=39101 after=39101
05-19 18:21:51.149 3470 3470 I art : VMRuntime.preloadDexCaches types total=18707 before=6474 after=6510
05-19 18:21:51.149 3470 3470 I art : VMRuntime.preloadDexCaches fields total=85820 before=32435 after=32769
05-19 18:21:51.149 3470 3470 I art : VMRuntime.preloadDexCaches methods total=152975 before=67523 after=68425
05-19 18:21:51.149 3470 3470 I art : VMRuntime.preloadDexCaches finished
05-19 18:21:51.149 3470 3470 I art : Counter: 0
05-19 18:21:51.149 3470 3470 I art : Counter: 1
05-19 18:21:51.164 3470 3470 I art : Explicit concurrent mark sweep GC freed 61(15KB) AllocSpace objects, 0(0B) LOS objects, 40% free, 1501KB/2MB, paused 186us total 14ms
05-19 18:21:51.187 3609 3609 D idmap : error: no read access to /vendor/overlay: No such file or directory
05-19 18:21:51.190 3470 3470 I Zygote : Preloading resources...
05-19 18:21:51.207 3470 3470 I art : Explicit concurrent mark sweep GC freed 86(3KB) AllocSpace objects, 0(0B) LOS objects, 39% free, 1550KB/2MB, paused 196us total 10.143ms
05-19 18:21:51.222 3470 3470 I art : Explicit concurrent mark sweep GC freed 89(4KB) AllocSpace objects, 0(0B) LOS objects, 40% free, 1596KB/2MB, paused 183us total 9.856ms
05-19 18:21:51.239 3470 3470 I art : Explicit concurrent mark sweep GC freed 122(5KB) AllocSpace objects, 0(0B) LOS objects, 39% free, 1644KB/2MB, paused 184us total 9.423ms
05-19 18:21:51.255 3470 3470 I art : Explicit concurrent mark sweep GC freed 101(4KB) AllocSpace objects, 0(0B) LOS objects, 39% free, 1690KB/2MB, paused 186us total 9.417ms
05-19 18:21:51.271 3470 3470 I art : Explicit concurrent mark sweep GC freed 93(4KB) AllocSpace objects, 0(0B) LOS objects, 40% free, 1734KB/2MB, paused 187us total 9.783ms
05-19 18:21:51.288 3470 3470 I art : Explicit concurrent mark sweep GC freed 103(4KB) AllocSpace objects, 0(0B) LOS objects, 39% free, 1780KB/2MB, paused 190us total 9.521ms
05-19 18:21:51.305 3470 3470 I art : Explicit concurrent mark sweep GC freed 112(5KB) AllocSpace objects, 0(0B) LOS objects, 39% free, 1825KB/2MB, paused 189us total 9.812ms
05-19 18:21:51.323 3470 3470 I art : Explicit concurrent mark sweep GC freed 117(5KB) AllocSpace objects, 0(0B) LOS objects, 39% free, 1872KB/3MB, paused 205us total 9.636ms
05-19 18:21:51.325 3471 3471 V NatController: runCmd(/system/bin/iptables -F natctrl_FORWARD) res=0
05-19 18:21:51.336 3471 3471 V NatController: runCmd(/system/bin/iptables -A natctrl_FORWARD -j DROP) res=0
05-19 18:21:51.341 3470 3470 I art : Explicit concurrent mark sweep GC freed 108(5KB) AllocSpace objects, 0(0B) LOS objects, 39% free, 1920KB/3MB, paused 192us total 10.027ms
05-19 18:21:51.346 3471 3471 V NatController: runCmd(/system/bin/iptables -t nat -F natctrl_nat_POSTROUTING) res=0
05-19 18:21:51.357 3471 3471 V NatController: runCmd(/system/bin/iptables -F natctrl_tether_counters) res=0
05-19 18:21:51.364 3470 3470 I art : Explicit concurrent mark sweep GC freed 147(6KB) AllocSpace objects, 0(0B) LOS objects, 40% free, 1991KB/3MB, paused 195us total 10.351ms
05-19 18:21:51.368 3471 3471 V NatController: runCmd(/system/bin/iptables -X natctrl_tether_counters) res=0
05-19 18:21:51.379 3471 3471 V NatController: runCmd(/system/bin/iptables -N natctrl_tether_counters) res=0
05-19 18:21:51.382 3470 3470 I art : Explicit concurrent mark sweep GC freed 136(5KB) AllocSpace objects, 0(0B) LOS objects, 39% free, 2034KB/3MB, paused 197us total 10.265ms
05-19 18:21:51.389 3471 3471 V NatController: runCmd(/system/bin/iptables -t mangle -A natctrl_mangle_FORWARD -p tcp --tcp-flags SYN SYN -j TCPMSS --clamp-mss-to-pmtu) res=0
05-19 18:21:51.398 3470 3470 I art : Explicit concurrent mark sweep GC freed 84(7KB) AllocSpace objects, 0(0B) LOS objects, 40% free, 2MB/3MB, paused 212us total 10.436ms
05-19 18:21:51.417 3470 3470 I art : Explicit concurrent mark sweep GC freed 112(4KB) AllocSpace objects, 0(0B) LOS objects, 39% free, 2MB/3MB, paused 200us total 10.065ms
05-19 18:21:51.434 3470 3470 I art : Explicit concurrent mark sweep GC freed 135(5KB) AllocSpace objects, 0(0B) LOS objects, 40% free, 2MB/3MB, paused 208us total 10.538ms
05-19 18:21:51.448 3470 3470 I art : Explicit concurrent mark sweep GC freed 62(2752B) AllocSpace objects, 0(0B) LOS objects, 39% free, 2MB/3MB, paused 198us total 10.010ms
05-19 18:21:51.469 3470 3470 I art : Explicit concurrent mark sweep GC freed 111(4KB) AllocSpace objects, 0(0B) LOS objects, 39% free, 2MB/4MB, paused 230us total 10.228ms
05-19 18:21:51.495 3470 3470 I art : Explicit concurrent mark sweep GC freed 206(9KB) AllocSpace objects, 0(0B) LOS objects, 40% free, 2MB/4MB, paused 201us total 10.729ms
05-19 18:21:51.516 3470 3470 I art : Explicit concurrent mark sweep GC freed 370(16KB) AllocSpace objects, 0(0B) LOS objects, 39% free, 2MB/4MB, paused 210us total 10.429ms
05-19 18:21:51.535 3470 3470 I art : Explicit concurrent mark sweep GC freed 214(9KB) AllocSpace objects, 0(0B) LOS objects, 40% free, 2MB/4MB, paused 209us total 10.521ms
05-19 18:21:51.553 3470 3470 I art : Explicit concurrent mark sweep GC freed 112(6KB) AllocSpace objects, 0(0B) LOS objects, 40% free, 2MB/4MB, paused 212us total 10.522ms
05-19 18:21:51.570 3470 3470 I art : Explicit concurrent mark sweep GC freed 113(5KB) AllocSpace objects, 0(0B) LOS objects, 39% free, 2MB/4MB, paused 213us total 10.535ms
05-19 18:21:51.584 3470 3470 I art : Explicit concurrent mark sweep GC freed 49(8KB) AllocSpace objects, 0(0B) LOS objects, 39% free, 2MB/4MB, paused 204us total 10.411ms
05-19 18:21:51.603 3470 3470 I art : Explicit concurrent mark sweep GC freed 101(4KB) AllocSpace objects, 0(0B) LOS objects, 39% free, 2MB/4MB, paused 260us total 10.625ms
05-19 18:21:51.621 3470 3470 I art : Explicit concurrent mark sweep GC freed 105(4KB) AllocSpace objects, 0(0B) LOS objects, 40% free, 2MB/4MB, paused 210us total 10.704ms
