05-19 18:21:57.145 3472 3756 D V4L2Camera: Time interval between frame:
05-19 18:21:57.145 3472 3756 D V4L2Camera: 1/30
05-19 18:21:57.145 3472 3756 D V4L2Camera: { discrete: width = 160, height = 120 }
05-19 18:21:57.145 3472 3756 D V4L2Camera: V4L2Camera::EnumFrameIntervals: pixfmt: 0x47504a4d, w:160, h:120
05-19 18:21:57.145 3472 3756 D V4L2Camera: Time interval between frame:
05-19 18:21:57.145 3472 3756 D V4L2Camera: 1/30
05-19 18:21:57.145 3472 3756 D V4L2Camera: { discrete: width = 176, height = 144 }
05-19 18:21:57.145 3472 3756 D V4L2Camera: V4L2Camera::EnumFrameIntervals: pixfmt: 0x47504a4d, w:176, h:144
05-19 18:21:57.145 3472 3756 D V4L2Camera: Time interval between frame:
05-19 18:21:57.145 3472 3756 D V4L2Camera: 1/30
05-19 18:21:57.145 3472 3756 D V4L2Camera: { discrete: width = 320, height = 240 }
05-19 18:21:57.145 3472 3756 D V4L2Camera: V4L2Camera::EnumFrameIntervals: pixfmt: 0x47504a4d, w:320, h:240
05-19 18:21:57.145 3472 3756 D V4L2Camera: Time interval between frame:
05-19 18:21:57.145 3472 3756 D V4L2Camera: 1/30
05-19 18:21:57.145 3472 3756 D V4L2Camera: { discrete: width = 352, height = 288 }
05-19 18:21:57.145 3472 3756 D V4L2Camera: V4L2Camera::EnumFrameIntervals: pixfmt: 0x47504a4d, w:352, h:288
05-19 18:21:57.145 3472 3756 D V4L2Camera: Time interval between frame:
05-19 18:21:57.145 3472 3756 D V4L2Camera: 1/30
05-19 18:21:57.145 3472 3756 D V4L2Camera: { discrete: width = 424, height = 240 }
05-19 18:21:57.145 3472 3756 D V4L2Camera: V4L2Camera::EnumFrameIntervals: pixfmt: 0x47504a4d, w:424, h:240
05-19 18:21:57.145 3472 3756 D V4L2Camera: Time interval between frame:
05-19 18:21:57.145 3472 3756 D V4L2Camera: 1/30
05-19 18:21:57.146 3472 3756 D V4L2Camera: { discrete: width = 640, height = 360 }
05-19 18:21:57.146 3472 3756 D V4L2Camera: V4L2Camera::EnumFrameIntervals: pixfmt: 0x47504a4d, w:640, h:360
05-19 18:21:57.146 3472 3756 D V4L2Camera: Time interval between frame:
05-19 18:21:57.146 3472 3756 D V4L2Camera: 1/30
05-19 18:21:57.146 3472 3756 D V4L2Camera: { discrete: width = 960, height = 540 }
05-19 18:21:57.146 3472 3756 D V4L2Camera: V4L2Camera::EnumFrameIntervals: pixfmt: 0x47504a4d, w:960, h:540
05-19 18:21:57.146 3472 3756 D V4L2Camera: Time interval between frame:
05-19 18:21:57.146 3472 3756 D V4L2Camera: 1/30
05-19 18:21:57.146 3472 3756 D V4L2Camera: { discrete: width = 1280, height = 720 }
05-19 18:21:57.146 3472 3756 D V4L2Camera: V4L2Camera::EnumFrameIntervals: pixfmt: 0x47504a4d, w:1280, h:720
05-19 18:21:57.146 3472 3756 D V4L2Camera: Time interval between frame:
05-19 18:21:57.146 3472 3756 D V4L2Camera: 1/30
05-19 18:21:57.146 3472 3756 D V4L2Camera: V4L2Camera::getAvailableSizes
05-19 18:21:57.146 3472 3756 D V4L2Camera: V4L2Camera::getAvailableFps
05-19 18:21:57.146 3472 3756 I CameraHardware: Default preview size: (1280 x 720), fps:30
05-19 18:21:57.146 3472 3756 I CameraHardware: All available formats: 160x120,176x144,240x160,320x200,320x240,352x288,424x240,432x320,480x320,640x360,640x480,960x540,1280x720
05-19 18:21:57.146 3472 3756 I CameraHardware: All available fps: (10,10),(15,15),(30,30)
05-19 18:21:57.146 3472 3756 I CameraHardware: Default picture size: (1280 x 720)
05-19 18:21:57.146 3472 3756 D CameraHardware: CameraHardware::setParameters
05-19 18:21:57.147 3472 3756 D CameraHardware: CameraHardware::setParameters: PREVIEW: Size 1280x720, 30 fps, format: yuv422sp
05-19 18:21:57.147 3472 3756 D CameraHardware: CameraHardware::setParameters: PICTURE: Size 1280x720, format: jpeg
05-19 18:21:57.147 3472 3756 D CameraHardware: CameraHardware::setParameters: VIDEO: Size 1280x720, format: yuv420p
05-19 18:21:57.147 3472 3756 D CameraHardware: CameraHardware::initHeapLocked
05-19 18:21:57.147 3472 3756 E CameraHardware: No memory allocator available
05-19 18:21:57.147 3472 3756 D CameraHardware: CameraHardware::setParameters: OK
05-19 18:21:57.147 3472 3756 D CameraHardware: CameraHardware::connectCamera
05-19 18:21:57.147 3472 3756 D CameraHardware: CameraHardware::setCallbacks
05-19 18:21:57.147 3472 3756 D CameraHardware: CameraHardware::enableMsgType: 3085
05-19 18:21:57.147 3472 3756 D CameraHardware: CameraHardware::getParameters
05-19 18:21:57.147 3472 3756 D CameraHardware: CameraHardware::putParameters
05-19 18:21:57.148 3472 3756 D CameraHardware: CameraHardware::disableMsgType: 65535
05-19 18:21:57.148 3472 3756 D CameraHardware: CameraHardware::stopPreview
05-19 18:21:57.148 3472 3756 D CameraHardware: CameraHardware::stopPreviewLocked
05-19 18:21:57.148 3472 3756 D CameraHardware: CameraHardware::stopPreviewLocked: OK
05-19 18:21:57.148 3472 3756 D CameraHardware: CameraHardware::cancelPicture
05-19 18:21:57.148 3472 3756 D CameraHardware: CameraHardware::releaseCamera
05-19 18:21:57.148 3472 3756 I CameraClient: Destroying camera 0
05-19 18:21:57.148 3472 3756 D CameraHardware: CameraHardware::closeCamera
05-19 18:21:57.148 3472 3756 D CameraHardware: CameraHardware::releaseCamera
05-19 18:21:57.150 3472 3756 D NuPlayerDriver: reset(0xb502f1c0)
05-19 18:21:57.150 3472 4163 D NuPlayerDriver: notifyResetComplete(0xb502f1c0)
05-19 18:21:57.150 3472 3756 D NuPlayerDriver: reset(0xb502f5e0)
05-19 18:21:57.151 3472 4165 D NuPlayerDriver: notifyResetComplete(0xb502f5e0)
05-19 18:21:57.154 3472 3759 D Camera_Factory: CameraFactory::get_camera_info
05-19 18:21:57.154 3472 3759 D Camera_Factory: CameraFactory::getCameraInfo: id = 0, info = 0xb4f019b0
05-19 18:21:57.154 3472 3759 D Camera_Factory: CameraFactory::getCameraNum: 1
05-19 18:21:57.154 3472 3759 D CameraHardware: CameraHardware::getCameraInfo
05-19 18:21:57.155 3472 3472 D Camera_Factory: CameraFactory::get_camera_info
05-19 18:21:57.155 3472 3472 D Camera_Factory: CameraFactory::getCameraInfo: id = 0, info = 0xbf881960
05-19 18:21:57.155 3472 3472 D Camera_Factory: CameraFactory::getCameraNum: 1
05-19 18:21:57.155 3472 3472 D CameraHardware: CameraHardware::getCameraInfo
05-19 18:21:57.208 3800 4169 D BluetoothAdapter: 1054407721: getState() : mService = null. Returning STATE_OFF
05-19 18:21:57.208 3800 4169 D BluetoothAdapter: 1054407721: getState() : mService = null. Returning STATE_OFF
05-19 18:21:57.208 3800 4169 D BluetoothAdapter: 1054407721: getState() : mService = null. Returning STATE_OFF
05-19 18:21:57.208 3800 4169 D BluetoothAdapter: 1054407721: getState() : mService = null. Returning STATE_OFF
05-19 18:21:57.228 3800 4171 D OpenGLRenderer: Use EGL_SWAP_BEHAVIOR_PRESERVED: true
05-19 18:21:57.232 3800 3800 I GRALLOC-RADEON: detected chipset 0x9834 family 0x3c (vram size 494MiB, gart size 1019MiB)
05-19 18:21:57.232 3800 3800 I GRALLOC-DRM: create radeon for driver radeon
05-19 18:21:57.234 3800 3800 D Atlas : Validating map...
05-19 18:21:57.239 3800 3800 D PhoneStatusBar: disable: < EXPAND* icons alerts system_info BACK* HOME* RECENT* clock SEARCH*
> 05-19 18:21:57.267 3800 3800 D BluetoothAdapter: 1054407721: getState() : mService = null. Returning STATE_OFF
05-19 18:21:57.267 3800 3800 D BluetoothAdapter: 1054407721: getState() : mService = null. Returning STATE_OFF
05-19 18:21:57.276 3800 3800 D PhoneStatusBar: heads up is enabled
05-19 18:21:57.551 1620 1620 I MESA-DEBUG: Inside r600_texture_from_handle
05-19 18:21:57.551 1620 1620 I MESA-DEBUG: templ->target = 2 ; templ->depth0 = 1 ; templ->last_level = 0
05-19 18:21:57.552 1620 1620 I MESA-DEBUG: Ending r600_texture_from_handle - stride value is 5632
05-19 18:21:57.758 3800 3800 I EGL-GALLIUM: using DRM screen
05-19 18:21:57.758 3800 3800 I EGL-GALLIUM: skip unsupported native format 0x3
05-19 18:21:57.771 3800 3800 I MESA-DEBUG: Inside r600_texture_from_handle
05-19 18:21:57.771 3800 3800 I MESA-DEBUG: templ->target = 2 ; templ->depth0 = 1 ; templ->last_level = 0
05-19 18:21:57.771 3800 3800 I MESA-DEBUG: Ending r600_texture_from_handle - stride value is 7680
05-19 18:21:57.879 3800 3800 I Choreographer: Skipped 112 frames! The application may be doing too much work on its main thread.
05-19 18:21:57.880 1620 2055 I SurfaceFlinger: Boot is finished (192731 ms)
05-19 18:21:57.884 3800 3800 D ViewRootImpl: changeCanvasOpacity: opaque=true
05-19 18:21:57.884 1620 1620 I MESA-DEBUG: Inside r600_texture_from_handle
05-19 18:21:57.884 1620 1620 I MESA-DEBUG: templ->target = 2 ; templ->depth0 = 1 ; templ->last_level = 0
05-19 18:21:57.885 1620 1620 I MESA-DEBUG: Ending r600_texture_from_handle - stride value is 7680
05-19 18:21:57.928 3703 3725 W WindowManager: Keyguard drawn timeout. Setting mKeyguardDrawComplete
05-19 18:21:57.942 3800 4171 I EGL-GALLIUM: using DRM screen
05-19 18:21:57.942 3800 4171 I EGL-GALLIUM: skip unsupported native format 0x3
05-19 18:21:57.942 3800 4171 I OpenGLRenderer: Initialized EGL, version 1.4
05-19 18:21:59.541 3703 3740 I InputDispatcher: Dropped event because input dispatch is disabled.
05-19 18:21:59.712 3703 3740 I InputDispatcher: Dropped event because input dispatch is disabled.
05-19 18:21:59.712 1620 1620 D SurfaceFlinger: Set power mode=0, type=0 flinger=0xb685c000
05-19 18:21:59.926 3703 3727 W WindowManager: Window freeze timeout expired.
05-19 18:21:59.926 3703 3727 W WindowManager: Force clearing orientation change: Window{2eb9a891 u0 StatusBar}
05-19 18:21:59.926 3703 3727 W WindowManager: Force clearing orientation change: Window{1fb35732 u0 com.android.systemui.ImageWallpaper}
05-19 18:22:05.938 3985 3985 D wpa_supplicant: wlan0: Control interface command 'SCAN TYPE=ONLY'
05-19 18:22:05.938 3985 3985 D wpa_supplicant: wlan0: Setting scan request: 0.000000 sec
05-19 18:22:05.938 3985 3985 D wpa_supplicant: wlan0: Starting AP scan for wildcard SSID
05-19 18:22:05.938 3985 3985 D wpa_supplicant: WPS: Building WPS IE for Probe Request
05-19 18:22:05.938 3985 3985 D wpa_supplicant: WPS: * Version (hardcoded 0x10)
05-19 18:22:05.938 3985 3985 D wpa_supplicant: WPS: * Request Type
05-19 18:22:05.938 3985 3985 D wpa_supplicant: WPS: * Config Methods (4288)
05-19 18:22:05.938 3985 3985 D wpa_supplicant: WPS: * UUID-E
05-19 18:22:05.938 3985 3985 D wpa_supplicant: WPS: * Primary Device Type
05-19 18:22:05.938 3985 3985 D wpa_supplicant: WPS: * RF Bands (1)
05-19 18:22:05.938 3985 3985 D wpa_supplicant: WPS: * Association State
05-19 18:22:05.938 3985 3985 D wpa_supplicant: WPS: * Configuration Error (0)
05-19 18:22:05.938 3985 3985 D wpa_supplicant: WPS: * Device Password ID (0)
05-19 18:22:05.938 3985 3985 D wpa_supplicant: WPS: * Manufacturer
05-19 18:22:05.938 3985 3985 D wpa_supplicant: WPS: * Model Name
05-19 18:22:05.938 3985 3985 D wpa_supplicant: WPS: * Model Number
05-19 18:22:05.938 3985 3985 D wpa_supplicant: WPS: * Device Name
05-19 18:22:05.938 3985 3985 D wpa_supplicant: WPS: * Version2 (0x20)
05-19 18:22:05.938 3985 3985 D wpa_supplicant: P2P: * P2P IE header
05-19 18:22:05.938 3985 3985 D wpa_supplicant: P2P: * Capability dev=25 group=00
05-19 18:22:05.938 3985 3985 D wpa_supplicant: P2P: * Listen Channel: Regulatory Class 81 Channel 1
05-19 18:22:05.938 3985 3985 D wpa_supplicant: wlan0: Add radio work 'scan'@0xb6836430
05-19 18:22:05.938 3985 3985 D wpa_supplicant: wlan0: First radio work item in the queue - schedule start immediately
05-19 18:22:05.938 3985 3985 D wpa_supplicant: wlan0: Starting radio work 'scan'@0xb6836430 after 0.000052 second wait
05-19 18:22:05.938 3985 3985 D wpa_supplicant: wlan0: nl80211: scan request
05-19 18:22:05.938 3985 3985 D wpa_supplicant: nl80211: Scan SSID - hexdump(len=0): [NULL]
05-19 18:22:05.938 3985 3985 D wpa_supplicant: nl80211: Scan extra IEs - hexdump(len=163): dd 8e 00 50 f2 04 10 4a 00 01 10 10 3a 00 01 00 10 08 00 02 42 88 10 47 00 10 fe 28 80 d2 f9 e9 ...
05-19 18:22:05.938 3985 3985 D wpa_supplicant: nl80211: Add NL80211_SCAN_FLAG_FLUSH
05-19 18:22:05.940 3703 3749 I WifiNative-HAL: startHal
05-19 18:22:05.948 3985 3985 D wpa_supplicant: Scan requested (ret=0) - scan timeout 30 seconds
05-19 18:22:05.948 3985 3985 D wpa_supplicant: nl80211: Event message available
05-19 18:22:05.948 3985 3985 D wpa_supplicant: nl80211: Drv Event 33 (NL80211_CMD_TRIGGER_SCAN) received for wlan0
05-19 18:22:05.948 3985 3985 D wpa_supplicant: wlan0: nl80211: Scan trigger
05-19 18:22:05.948 3985 3985 D wpa_supplicant: wlan0: Event SCAN_STARTED (49) received
05-19 18:22:05.948 3985 3985 D wpa_supplicant: wlan0: Own scan request started a scan in 0.000112 seconds
05-19 18:22:05.949 3985 3985 D wpa_supplicant: CTRL_IFACE monitor sent successfully to /data/misc/wifi/sockets/wpa_ctrl_3703-2\x00
05-19 18:22:06.864 3985 3985 D wpa_supplicant: nl80211: Event message available
05-19 18:22:06.864 3985 3985 D wpa_supplicant: nl80211: Drv Event 34 (NL80211_CMD_NEW_SCAN_RESULTS) received for wlan0
05-19 18:22:06.864 3985 3985 D wpa_supplicant: wlan0: nl80211: New scan results available
05-19 18:22:06.864 3985 3985 D wpa_supplicant: nl80211: Scan probed for SSID ''
05-19 18:22:06.864 3985 3985 D wpa_supplicant: nl80211: Scan included frequencies: 2412 2417 2422 2427 2432 2437 2442 2447 2452 2457 2462 2467 2472
05-19 18:22:06.864 3985 3985 D wpa_supplicant: wlan0: Event SCAN_RESULTS (3) received
05-19 18:22:06.864 3985 3985 D wpa_supplicant: wlan0: Scan completed in 0.916232 seconds
05-19 18:22:06.864 3985 3985 D wpa_supplicant: nl80211: Received scan results (2 BSSes)
05-19 18:22:06.865 3985 3985 D wpa_supplicant: Sorted scan results
05-19 18:22:06.865 3985 3985 D wpa_supplicant: f8:1a:67:b2:14:c6 freq=2412 qual=0 noise=-89 level=-60 snr=29 flags=0x9 age=802
05-19 18:22:06.865 3985 3985 D wpa_supplicant: IEs - hexdump(len=377): 00 0b 57 49 46 49 5f 4d 49 5a 49 46 49 01 08 82 84 8b 96 0c 12 18 24 03 01 01 2a 01 02 30 14 01 ...
05-19 18:22:06.865 3985 3985 D wpa_supplicant: Beacon IEs - hexdump(len=216): 00 0b 57 49 46 49 5f 4d 49 5a 49 46 49 01 08 82 84 8b 96 0c 12 18 24 03 01 01 05 04 00 01 00 00 ...
05-19 18:22:06.865 3985 3985 D wpa_supplicant: 1c:7e:e5:c3:3d:32 freq=2462 qual=0 noise=-88 level=-69 snr=19 flags=0x9 age=270
05-19 18:22:06.865 3985 3985 D wpa_supplicant: IEs - hexdump(len=244): 00 0d 41 63 65 73 73 6f 20 4e 65 67 61 64 6f 01 08 82 84 8b 96 12 24 48 6c 03 01 0b 32 04 0c 18 ...
05-19 18:22:06.865 3985 3985 D wpa_supplicant: Beacon IEs - hexdump(len=244): 00 0d 41 63 65 73 73 6f 20 4e 65 67 61 64 6f 01 08 82 84 8b 96 12 24 48 6c 03 01 0b 32 04 0c 18 ...
05-19 18:22:06.865 3985 3985 D wpa_supplicant: wlan0: BSS: Start scan result update 2
05-19 18:22:06.865 3985 3985 D wpa_supplicant: BSS: last_scan_res_used=2/32
05-19 18:22:06.865 3985 3985 D wpa_supplicant: Add randomness: count=4 entropy=2
05-19 18:22:06.865 3985 3985 D wpa_supplicant: random pool - hexdump(len=128): [REMOVED]
05-19 18:22:06.865 3985 3985 D wpa_supplicant: random_mix_pool - hexdump(len=8): [REMOVED]
05-19 18:22:06.865 3985 3985 D wpa_supplicant: random_mix_pool - hexdump(len=5): [REMOVED]
05-19 18:22:06.865 3985 3985 D wpa_supplicant: random pool - hexdump(len=128): [REMOVED]
05-19 18:22:06.865 3985 3985 D wpa_supplicant: Add randomness: count=5 entropy=3
05-19 18:22:06.865 3985 3985 D wpa_supplicant: random pool - hexdump(len=128): [REMOVED]
05-19 18:22:06.865 3985 3985 D wpa_supplicant: random_mix_pool - hexdump(len=8): [REMOVED]
05-19 18:22:06.865 3985 3985 D wpa_supplicant: random_mix_pool - hexdump(len=5): [REMOVED]
05-19 18:22:06.865 3985 3985 D wpa_supplicant: random pool - hexdump(len=128): [REMOVED]
05-19 18:22:06.865 3985 3985 D wpa_supplicant: wlan0: Scan-only results received
05-19 18:22:06.865 3985 3985 D wpa_supplicant: CTRL_IFACE monitor sent successfully to /data/misc/wifi/sockets/wpa_ctrl_3703-2\x00
05-19 18:22:06.865 3985 3985 D wpa_supplicant: WPS: attr type=0x104a len=1
05-19 18:22:06.865 3985 3985 D wpa_supplicant: WPS: attr type=0x1044 len=1
05-19 18:22:06.865 3985 3985 D wpa_supplicant: WPS: attr type=0x103b len=1
05-19 18:22:06.865 3985 3985 D wpa_supplicant: WPS: attr type=0x1047 len=16
05-19 18:22:06.865 3985 3985 D wpa_supplicant: WPS: attr type=0x1021 len=7
05-19 18:22:06.865 3985 3985 D wpa_supplicant: WPS: attr type=0x1023 len=9
05-19 18:22:06.865 3985 3985 D wpa_supplicant: WPS: attr type=0x1024 len=3
05-19 18:22:06.865 3985 3985 D wpa_supplicant: WPS: attr type=0x1042 len=3
05-19 18:22:06.865 3985 3985 D wpa_supplicant: WPS: attr type=0x1054 len=8
05-19 18:22:06.865 3985 3985 D wpa_supplicant: WPS: attr type=0x1011 len=25
05-19 18:22:06.865 3985 3985 D wpa_supplicant: WPS: attr type=0x1008 len=2
05-19 18:22:06.865 3985 3985 D wpa_supplicant: WPS: attr type=0x103c len=1
05-19 18:22:06.865 3985 3985 D wpa_supplicant: WPS: attr type=0x1049 len=20
05-19 18:22:06.865 3985 3985 D wpa_supplicant: WPS: Unknown Vendor Extension (Vendor ID 9442)
05-19 18:22:06.865 3985 3985 D wpa_supplicant: WPS: attr type=0x104a len=1
05-19 18:22:06.865 3985 3985 D wpa_supplicant: WPS: attr type=0x1044 len=1
05-19 18:22:06.865 3985 3985 D wpa_supplicant: WPS: attr type=0x103b len=1
05-19 18:22:06.865 3985 3985 D wpa_supplicant: WPS: attr type=0x1047 len=16
05-19 18:22:06.865 3985 3985 D wpa_supplicant: WPS: attr type=0x1021 len=7
05-19 18:22:06.865 3985 3985 D wpa_supplicant: WPS: attr type=0x1023 len=9
05-19 18:22:06.865 3985 3985 D wpa_supplicant: WPS: attr type=0x1024 len=3
05-19 18:22:06.865 3985 3985 D wpa_supplicant: WPS: attr type=0x1042 len=3
05-19 18:22:06.865 3985 3985 D wpa_supplicant: WPS: attr type=0x1054 len=8
05-19 18:22:06.865 3985 3985 D wpa_supplicant: WPS: attr type=0x1011 len=25
05-19 18:22:06.865 3985 3985 D wpa_supplicant: WPS: attr type=0x1008 len=2
05-19 18:22:06.865 3985 3985 D wpa_supplicant: WPS: attr type=0x103c len=1
05-19 18:22:06.865 3985 3985 D wpa_supplicant: WPS: attr type=0x1049 len=20
05-19 18:22:06.866 3985 3985 D wpa_supplicant: WPS: Unknown Vendor Extension (Vendor ID 9442)
05-19 18:22:06.866 3985 3985 D wpa_supplicant: WPS: attr type=0x104a len=1
05-19 18:22:06.866 3985 3985 D wpa_supplicant: WPS: attr type=0x1044 len=1
05-19 18:22:06.866 3985 3985 D wpa_supplicant: WPS: attr type=0x103b len=1
05-19 18:22:06.866 3985 3985 D wpa_supplicant: WPS: attr type=0x1047 len=16
05-19 18:22:06.866 3985 3985 D wpa_supplicant: WPS: attr type=0x1021 len=7
05-19 18:22:06.866 3985 3985 D wpa_supplicant: WPS: attr type=0x1023 len=9
05-19 18:22:06.866 3985 3985 D wpa_supplicant: WPS: attr type=0x1024 len=3
05-19 18:22:06.866 3985 3985 D wpa_supplicant: WPS: attr type=0x1042 len=3
05-19 18:22:06.866 3985 3985 D wpa_supplicant: WPS: attr type=0x1054 len=8
05-19 18:22:06.866 3985 3985 D wpa_supplicant: WPS: attr type=0x1011 len=25
05-19 18:22:06.866 3985 3985 D wpa_supplicant: WPS: attr type=0x1008 len=2
05-19 18:22:06.866 3985 3985 D wpa_supplicant: WPS: attr type=0x103c len=1
05-19 18:22:06.866 3985 3985 D wpa_supplicant: WPS: attr type=0x1049 len=20
05-19 18:22:06.866 3985 3985 D wpa_supplicant: WPS: Unknown Vendor Extension (Vendor ID 9442)
05-19 18:22:06.866 3985 3985 D wpa_supplicant: CTRL_IFACE monitor sent successfully to /data/misc/wifi/sockets/wpa_ctrl_3703-2\x00
05-19 18:22:06.866 3985 3985 D wpa_supplicant: wlan0: Radio work 'scan'@0xb6836430 done in 0.927642 seconds
05-19 18:22:06.870 3703 3749 I WifiNative-HAL: startHal
05-19 18:22:06.873 3985 3985 D wpa_supplicant: wlan0: Control interface command 'BSS RANGE=0- MASK=0x21987'
05-19 18:22:06.873 3985 3985 D wpa_supplicant: WPS: attr type=0x104a len=1
05-19 18:22:06.873 3985 3985 D wpa_supplicant: WPS: attr type=0x1044 len=1
05-19 18:22:06.873 3985 3985 D wpa_supplicant: WPS: attr type=0x103b len=1
05-19 18:22:06.873 3985 3985 D wpa_supplicant: WPS: attr type=0x1047 len=16
05-19 18:22:06.873 3985 3985 D wpa_supplicant: WPS: attr type=0x1021 len=7
05-19 18:22:06.873 3985 3985 D wpa_supplicant: WPS: attr type=0x1023 len=9
05-19 18:22:06.873 3985 3985 D wpa_supplicant: WPS: attr type=0x1024 len=3
05-19 18:22:06.873 3985 3985 D wpa_supplicant: WPS: attr type=0x1042 len=3
05-19 18:22:06.873 3985 3985 D wpa_supplicant: WPS: attr type=0x1054 len=8
05-19 18:22:06.873 3985 3985 D wpa_supplicant: WPS: attr type=0x1011 len=25
05-19 18:22:06.873 3985 3985 D wpa_supplicant: WPS: attr type=0x1008 len=2
05-19 18:22:06.873 3985 3985 D wpa_supplicant: WPS: attr type=0x103c len=1
05-19 18:22:06.873 3985 3985 D wpa_supplicant: WPS: attr type=0x1049 len=20
05-19 18:22:06.873 3985 3985 D wpa_supplicant: WPS: Unknown Vendor Extension (Vendor ID 9442)
05-19 18:22:06.873 3985 3985 D wpa_supplicant: WPS: attr type=0x104a len=1
05-19 18:22:06.873 3985 3985 D wpa_supplicant: WPS: attr type=0x1044 len=1
05-19 18:22:06.873 3985 3985 D wpa_supplicant: WPS: attr type=0x103b len=1
05-19 18:22:06.873 3985 3985 D wpa_supplicant: WPS: attr type=0x1047 len=16
05-19 18:22:06.873 3985 3985 D wpa_supplicant: WPS: attr type=0x1021 len=7
05-19 18:22:06.873 3985 3985 D wpa_supplicant: WPS: attr type=0x1023 len=9
05-19 18:22:06.873 3985 3985 D wpa_supplicant: WPS: attr type=0x1024 len=3
05-19 18:22:06.873 3985 3985 D wpa_supplicant: WPS: attr type=0x1042 len=3
05-19 18:22:06.873 3985 3985 D wpa_supplicant: WPS: attr type=0x1054 len=8
05-19 18:22:06.873 3985 3985 D wpa_supplicant: WPS: attr type=0x1011 len=25
05-19 18:22:06.873 3985 3985 D wpa_supplicant: WPS: attr type=0x1008 len=2
05-19 18:22:06.873 3985 3985 D wpa_supplicant: WPS: attr type=0x103c len=1
05-19 18:22:06.873 3985 3985 D wpa_supplicant: WPS: attr type=0x1049 len=20
05-19 18:22:06.873 3985 3985 D wpa_supplicant: WPS: Unknown Vendor Extension (Vendor ID 9442)
05-19 18:22:06.873 3985 3985 D wpa_supplicant: WPS: attr type=0x104a len=1
05-19 18:22:06.873 3985 3985 D wpa_supplicant: WPS: attr type=0x1044 len=1
05-19 18:22:06.873 3985 3985 D wpa_supplicant: WPS: attr type=0x103b len=1
05-19 18:22:06.873 3985 3985 D wpa_supplicant: WPS: attr type=0x1047 len=16
05-19 18:22:06.873 3985 3985 D wpa_supplicant: WPS: attr type=0x1021 len=7
05-19 18:22:06.873 3985 3985 D wpa_supplicant: WPS: attr type=0x1023 len=9
05-19 18:22:06.873 3985 3985 D wpa_supplicant: WPS: attr type=0x1024 len=3
05-19 18:22:06.873 3985 3985 D wpa_supplicant: WPS: attr type=0x1042 len=3
05-19 18:22:06.873 3985 3985 D wpa_supplicant: WPS: attr type=0x1054 len=8
05-19 18:22:06.873 3985 3985 D wpa_supplicant: WPS: attr type=0x1011 len=25
05-19 18:22:06.873 3985 3985 D wpa_supplicant: WPS: attr type=0x1008 len=2
05-19 18:22:06.873 3985 3985 D wpa_supplicant: WPS: attr type=0x103c len=1
05-19 18:22:06.873 3985 3985 D wpa_supplicant: WPS: attr type=0x1049 len=20
05-19 18:22:06.873 3985 3985 D wpa_supplicant: WPS: Unknown Vendor Extension (Vendor ID 9442)
05-19 18:22:06.873 3985 3985 D wpa_supplicant: RTM_NEWLINK: ifi_index=6 ifname=wlan0 wext ifi_family=0 ifi_flags=0x1003 ([UP])
05-19 18:22:06.876 3985 3985 D wpa_supplicant: wlan0: Control interface command 'STATUS-NO_EVENTS'
05-19 18:22:06.877 3703 3749 E WifiStateMachine: WifiStateMachine shouldSwitchNetwork txSuccessRate=-0.06 rxSuccessRate=-0.06 delta 1000 -> 1000
05-19 18:22:06.878 3703 3749 E WifiStateMachine: CMD_AUTO_CONNECT sup state ScanState my state DisconnectedState nid=0 roam=3
05-19 18:22:06.878 3703 3749 E WifiConfigStore: saveWifiConfigBSSID Setting BSSID for "WIFI_MIZIFI"WPA_PSK to any
05-19 18:22:06.878 3985 3985 D wpa_supplicant: wlan0: Control interface command 'SET_NETWORK [REMOVED]'
05-19 18:22:06.878 3985 3985 D wpa_supplicant: CTRL_IFACE: SET_NETWORK id=0 name='bssid'
05-19 18:22:06.878 3985 3985 D wpa_supplicant: CTRL_IFACE: value - hexdump(len=3): [REMOVED]
05-19 18:22:06.878 3985 3985 D wpa_supplicant: BSSID any
05-19 18:22:06.879 3985 3985 D wpa_supplicant: wlan0: Control interface command 'SAVE_CONFIG'
05-19 18:22:06.879 3985 3985 D wpa_supplicant: Writing configuration file '/data/misc/wifi/wpa_supplicant.conf.tmp'
05-19 18:22:06.879 3985 3985 D wpa_supplicant: Configuration file '/data/misc/wifi/wpa_supplicant.conf' written successfully
05-19 18:22:06.879 3985 3985 D wpa_supplicant: CTRL_IFACE: SAVE_CONFIG - Configuration updated
05-19 18:22:06.880 3703 3749 E WifiStateMachine: CMD_AUTO_CONNECT will save config -> "WIFI_MIZIFI" nid=0
05-19 18:22:06.880 3985 3985 D wpa_supplicant: wlan0: Control interface command 'SET_NETWORK [REMOVED]'
05-19 18:22:06.880 3985 3985 D wpa_supplicant: CTRL_IFACE: SET_NETWORK id=0 name='ssid'
05-19 18:22:06.880 3985 3985 D wpa_supplicant: CTRL_IFACE: value - hexdump(len=22): [REMOVED]
05-19 18:22:06.880 3985 3985 D wpa_supplicant: ssid - hexdump(len=11): 57 49 46 49 5f 4d 49 5a 49 46 49
05-19 18:22:06.925 3985 3985 D wpa_supplicant: PSK (from passphrase) - hexdump(len=32): [REMOVED]
05-19 18:22:06.926 3985 3985 D wpa_supplicant: wlan0: Control interface command 'SET_NETWORK [REMOVED]'
05-19 18:22:06.926 3985 3985 D wpa_supplicant: CTRL_IFACE: SET_NETWORK id=0 name='key_mgmt'
05-19 18:22:06.926 3985 3985 D wpa_supplicant: CTRL_IFACE: value - hexdump(len=7): [REMOVED]
05-19 18:22:06.926 3985 3985 D wpa_supplicant: key_mgmt: 0x2
05-19 18:22:06.926 3985 3985 D wpa_supplicant: wlan0: Control interface command 'SET_NETWORK [REMOVED]'
05-19 18:22:06.926 3985 3985 D wpa_supplicant: CTRL_IFACE: SET_NETWORK id=0 name='proto'
05-19 18:22:06.926 3985 3985 D wpa_supplicant: CTRL_IFACE: value - hexdump(len=7): [REMOVED]
05-19 18:22:06.926 3985 3985 D wpa_supplicant: proto: 0x3
05-19 18:22:06.926 3985 3985 D wpa_supplicant: wlan0: Control interface command 'SET_NETWORK [REMOVED]'
05-19 18:22:06.926 3985 3985 D wpa_supplicant: CTRL_IFACE: SET_NETWORK id=0 name='pairwise'
05-19 18:22:06.926 3985 3985 D wpa_supplicant: CTRL_IFACE: value - hexdump(len=9): [REMOVED]
05-19 18:22:06.927 3985 3985 D wpa_supplicant: pairwise: 0x18
05-19 18:22:06.927 3985 3985 D wpa_supplicant: wlan0: Control interface command 'SET_NETWORK [REMOVED]'
05-19 18:22:06.927 3985 3985 D wpa_supplicant: CTRL_IFACE: SET_NETWORK id=0 name='group'
05-19 18:22:06.927 3985 3985 D wpa_supplicant: CTRL_IFACE: value - hexdump(len=22): [REMOVED]
05-19 18:22:06.927 3985 3985 D wpa_supplicant: group: 0x1e
05-19 18:22:06.927 3985 3985 D wpa_supplicant: wlan0: Control interface command 'SET_NETWORK [REMOVED]'
05-19 18:22:06.927 3985 3985 D wpa_supplicant: CTRL_IFACE: SET_NETWORK id=0 name='priority'
05-19 18:22:06.927 3985 3985 D wpa_supplicant: CTRL_IFACE: value - hexdump(len=1): [REMOVED]
05-19 18:22:06.927 3985 3985 D wpa_supplicant: priority=1 (0x1)
05-19 18:22:06.928 3703 3749 E WifiConfigStore: will read network variables netId=0
05-19 18:22:06.928 3985 3985 D wpa_supplicant: wlan0: Control interface command 'GET_NETWORK 0 ssid'
05-19 18:22:06.928 3985 3985 D wpa_supplicant: CTRL_IFACE: GET_NETWORK id=0 name='ssid'
05-19 18:22:06.928 3985 3985 D wpa_supplicant: wlan0: Control interface command 'GET_NETWORK 0 bssid'
05-19 18:22:06.928 3985 3985 D wpa_supplicant: CTRL_IFACE: GET_NETWORK id=0 name='bssid'
05-19 18:22:06.928 3985 3985 D wpa_supplicant: CTRL_IFACE: Failed to get network variable 'bssid'
05-19 18:22:06.928 3985 3985 D wpa_supplicant: wlan0: Control interface command 'GET_NETWORK 0 priority'
05-19 18:22:06.928 3985 3985 D wpa_supplicant: CTRL_IFACE: GET_NETWORK id=0 name='priority'
05-19 18:22:06.929 3985 3985 D wpa_supplicant: wlan0: Control interface command 'GET_NETWORK 0 scan_ssid'
05-19 18:22:06.929 3985 3985 D wpa_supplicant: CTRL_IFACE: GET_NETWORK id=0 name='scan_ssid'
05-19 18:22:06.929 3985 3985 D wpa_supplicant: wlan0: Control interface command 'GET_NETWORK 0 wep_tx_keyidx'
05-19 18:22:06.929 3985 3985 D wpa_supplicant: CTRL_IFACE: GET_NETWORK id=0 name='wep_tx_keyidx'
05-19 18:22:06.929 3985 3985 D wpa_supplicant: wlan0: Control interface command 'GET_NETWORK 0 wep_key0'
05-19 18:22:06.929 3985 3985 D wpa_supplicant: CTRL_IFACE: GET_NETWORK id=0 name='wep_key0'
05-19 18:22:06.929 3985 3985 D wpa_supplicant: CTRL_IFACE: Failed to get network variable 'wep_key0'
05-19 18:22:06.929 3985 3985 D wpa_supplicant: wlan0: Control interface command 'GET_NETWORK 0 wep_key1'
05-19 18:22:06.929 3985 3985 D wpa_supplicant: CTRL_IFACE: GET_NETWORK id=0 name='wep_key1'
05-19 18:22:06.929 3985 3985 D wpa_supplicant: CTRL_IFACE: Failed to get network variable 'wep_key1'
05-19 18:22:06.930 3985 3985 D wpa_supplicant: wlan0: Control interface command 'GET_NETWORK 0 wep_key2'
05-19 18:22:06.930 3985 3985 D wpa_supplicant: CTRL_IFACE: GET_NETWORK id=0 name='wep_key2'
05-19 18:22:06.930 3985 3985 D wpa_supplicant: CTRL_IFACE: Failed to get network variable 'wep_key2'
05-19 18:22:06.930 3985 3985 D wpa_supplicant: wlan0: Control interface command 'GET_NETWORK 0 wep_key3'
05-19 18:22:06.930 3985 3985 D wpa_supplicant: CTRL_IFACE: GET_NETWORK id=0 name='wep_key3'
05-19 18:22:06.930 3985 3985 D wpa_supplicant: CTRL_IFACE: Failed to get network variable 'wep_key3'
05-19 18:22:06.930 3985 3985 D wpa_supplicant: wlan0: Control interface command 'GET_NETWORK 0 psk'
05-19 18:22:06.930 3985 3985 D wpa_supplicant: CTRL_IFACE: GET_NETWORK id=0 name='psk'
05-19 18:22:06.930 3985 3985 D wpa_supplicant: Do not allow key_data field to be exposed
05-19 18:22:06.930 3985 3985 D wpa_supplicant: wlan0: Control interface command 'GET_NETWORK 0 proto'
05-19 18:22:06.930 3985 3985 D wpa_supplicant: CTRL_IFACE: GET_NETWORK id=0 name='proto'
05-19 18:22:06.930 3985 3985 D wpa_supplicant: wlan0: Control interface command 'GET_NETWORK 0 key_mgmt'
05-19 18:22:06.930 3985 3985 D wpa_supplicant: CTRL_IFACE: GET_NETWORK id=0 name='key_mgmt'
05-19 18:22:06.931 3985 3985 D wpa_supplicant: wlan0: Control interface command 'GET_NETWORK 0 auth_alg'
05-19 18:22:06.931 3985 3985 D wpa_supplicant: CTRL_IFACE: GET_NETWORK id=0 name='auth_alg'
05-19 18:22:06.931 3985 3985 D wpa_supplicant: CTRL_IFACE: Failed to get network variable 'auth_alg'
05-19 18:22:06.931 3985 3985 D wpa_supplicant: wlan0: Control interface command 'GET_NETWORK 0 pairwise'
05-19 18:22:06.931 3985 3985 D wpa_supplicant: CTRL_IFACE: GET_NETWORK id=0 name='pairwise'
05-19 18:22:06.931 3985 3985 D wpa_supplicant: wlan0: Control interface command 'GET_NETWORK 0 group'
05-19 18:22:06.931 3985 3985 D wpa_supplicant: CTRL_IFACE: GET_NETWORK id=0 name='group'
05-19 18:22:06.931 3985 3985 D wpa_supplicant: wlan0: Control interface command 'GET_NETWORK 0 eap'
05-19 18:22:06.931 3985 3985 D wpa_supplicant: CTRL_IFACE: GET_NETWORK id=0 name='eap'
05-19 18:22:06.931 3985 3985 D wpa_supplicant: CTRL_IFACE: Failed to get network variable 'eap'
05-19 18:22:06.932 3985 3985 D wpa_supplicant: wlan0: Control interface command 'GET_NETWORK 0 phase2'
05-19 18:22:06.932 3985 3985 D wpa_supplicant: CTRL_IFACE: GET_NETWORK id=0 name='phase2'
05-19 18:22:06.932 3985 3985 D wpa_supplicant: CTRL_IFACE: Failed to get network variable 'phase2'
05-19 18:22:06.932 3985 3985 D wpa_supplicant: wlan0: Control interface command 'GET_NETWORK 0 identity'
05-19 18:22:06.932 3985 3985 D wpa_supplicant: CTRL_IFACE: GET_NETWORK id=0 name='identity'
05-19 18:22:06.932 3985 3985 D wpa_supplicant: CTRL_IFACE: Failed to get network variable 'identity'
05-19 18:22:06.932 3985 3985 D wpa_supplicant: wlan0: Control interface command 'GET_NETWORK 0 anonymous_identity'
05-19 18:22:06.932 3985 3985 D wpa_supplicant: CTRL_IFACE: GET_NETWORK id=0 name='anonymous_identity'
05-19 18:22:06.932 3985 3985 D wpa_supplicant: CTRL_IFACE: Failed to get network variable 'anonymous_identity'
05-19 18:22:06.932 3985 3985 D wpa_supplicant: wlan0: Control interface command 'GET_NETWORK 0 password'
05-19 18:22:06.932 3985 3985 D wpa_supplicant: CTRL_IFACE: GET_NETWORK id=0 name='password'
05-19 18:22:06.932 3985 3985 D wpa_supplicant: CTRL_IFACE: Failed to get network variable 'password'
05-19 18:22:06.932 3985 3985 D wpa_supplicant: wlan0: Control interface command 'GET_NETWORK 0 client_cert'
05-19 18:22:06.932 3985 3985 D wpa_supplicant: CTRL_IFACE: GET_NETWORK id=0 name='client_cert'
05-19 18:22:06.932 3985 3985 D wpa_supplicant: CTRL_IFACE: Failed to get network variable 'client_cert'
05-19 18:22:06.933 3985 3985 D wpa_supplicant: wlan0: Control interface command 'GET_NETWORK 0 ca_cert'
05-19 18:22:06.933 3985 3985 D wpa_supplicant: CTRL_IFACE: GET_NETWORK id=0 name='ca_cert'
05-19 18:22:06.933 3985 3985 D wpa_supplicant: CTRL_IFACE: Failed to get network variable 'ca_cert'
05-19 18:22:06.933 3985 3985 D wpa_supplicant: wlan0: Control interface command 'GET_NETWORK 0 subject_match'
05-19 18:22:06.933 3985 3985 D wpa_supplicant: CTRL_IFACE: GET_NETWORK id=0 name='subject_match'
05-19 18:22:06.933 3985 3985 D wpa_supplicant: CTRL_IFACE: Failed to get network variable 'subject_match'
05-19 18:22:06.933 3985 3985 D wpa_supplicant: wlan0: Control interface command 'GET_NETWORK 0 engine'
05-19 18:22:06.933 3985 3985 D wpa_supplicant: CTRL_IFACE: GET_NETWORK id=0 name='engine'
05-19 18:22:06.933 3985 3985 D wpa_supplicant: wlan0: Control interface command 'GET_NETWORK 0 engine_id'
05-19 18:22:06.933 3985 3985 D wpa_supplicant: CTRL_IFACE: GET_NETWORK id=0 name='engine_id'
05-19 18:22:06.933 3985 3985 D wpa_supplicant: CTRL_IFACE: Failed to get network variable 'engine_id'
05-19 18:22:06.933 3985 3985 D wpa_supplicant: wlan0: Control interface command 'GET_NETWORK 0 key_id'
05-19 18:22:06.933 3985 3985 D wpa_supplicant: CTRL_IFACE: GET_NETWORK id=0 name='key_id'
05-19 18:22:06.934 3985 3985 D wpa_supplicant: CTRL_IFACE: Failed to get network variable 'key_id'
05-19 18:22:06.934 3985 3985 D wpa_supplicant: wlan0: Control interface command 'GET_NETWORK 0 private_key'
05-19 18:22:06.934 3985 3985 D wpa_supplicant: CTRL_IFACE: GET_NETWORK id=0 name='private_key'
05-19 18:22:06.934 3985 3985 D wpa_supplicant: CTRL_IFACE: Failed to get network variable 'private_key'
05-19 18:22:06.934 3985 3985 D wpa_supplicant: wlan0: Control interface command 'SAVE_CONFIG'
05-19 18:22:06.934 3985 3985 D wpa_supplicant: Writing configuration file '/data/misc/wifi/wpa_supplicant.conf.tmp'
05-19 18:22:06.935 3985 3985 D wpa_supplicant: Configuration file '/data/misc/wifi/wpa_supplicant.conf' written successfully
05-19 18:22:06.935 3985 3985 D wpa_supplicant: CTRL_IFACE: SAVE_CONFIG - Configuration updated
05-19 18:22:06.935 3703 3749 E WifiStateMachine: CMD_AUTO_CONNECT did save config -> nid=0
05-19 18:22:06.935 3985 3985 D wpa_supplicant: wlan0: Control interface command 'ENABLE_NETWORK 0'
05-19 18:22:06.935 3985 3985 D wpa_supplicant: CTRL_IFACE: ENABLE_NETWORK id=0
05-19 18:22:06.936 3985 3985 D wpa_supplicant: wlan0: Control interface command 'SET_NETWORK [REMOVED]'
05-19 18:22:06.936 3985 3985 D wpa_supplicant: CTRL_IFACE: SET_NETWORK id=0 name='priority'
05-19 18:22:06.936 3985 3985 D wpa_supplicant: CTRL_IFACE: value - hexdump(len=1): [REMOVED]
05-19 18:22:06.936 3985 3985 D wpa_supplicant: priority=2 (0x2)
05-19 18:22:06.936 3703 3749 E WifiConfigStore: will read network variables netId=0
05-19 18:22:06.937 3985 3985 D wpa_supplicant: wlan0: Control interface command 'GET_NETWORK 0 ssid'
05-19 18:22:06.937 3985 3985 D wpa_supplicant: CTRL_IFACE: GET_NETWORK id=0 name='ssid'
05-19 18:22:06.937 3985 3985 D wpa_supplicant: wlan0: Control interface command 'GET_NETWORK 0 bssid'
05-19 18:22:06.937 3985 3985 D wpa_supplicant: CTRL_IFACE: GET_NETWORK id=0 name='bssid'
05-19 18:22:06.937 3985 3985 D wpa_supplicant: CTRL_IFACE: Failed to get network variable 'bssid'
05-19 18:22:06.937 3985 3985 D wpa_supplicant: wlan0: Control interface command 'GET_NETWORK 0 priority'
05-19 18:22:06.937 3985 3985 D wpa_supplicant: CTRL_IFACE: GET_NETWORK id=0 name='priority'
05-19 18:22:06.937 3985 3985 D wpa_supplicant: wlan0: Control interface command 'GET_NETWORK 0 scan_ssid'
05-19 18:22:06.937 3985 3985 D wpa_supplicant: CTRL_IFACE: GET_NETWORK id=0 name='scan_ssid'
05-19 18:22:06.938 3985 3985 D wpa_supplicant: wlan0: Control interface command 'GET_NETWORK 0 wep_tx_keyidx'
05-19 18:22:06.938 3985 3985 D wpa_supplicant: CTRL_IFACE: GET_NETWORK id=0 name='wep_tx_keyidx'
05-19 18:22:06.938 3985 3985 D wpa_supplicant: wlan0: Control interface command 'GET_NETWORK 0 wep_key0'
05-19 18:22:06.938 3985 3985 D wpa_supplicant: CTRL_IFACE: GET_NETWORK id=0 name='wep_key0'
05-19 18:22:06.938 3985 3985 D wpa_supplicant: CTRL_IFACE: Failed to get network variable 'wep_key0'
05-19 18:22:06.938 3985 3985 D wpa_supplicant: wlan0: Control interface command 'GET_NETWORK 0 wep_key1'
05-19 18:22:06.938 3985 3985 D wpa_supplicant: CTRL_IFACE: GET_NETWORK id=0 name='wep_key1'
05-19 18:22:06.938 3985 3985 D wpa_supplicant: CTRL_IFACE: Failed to get network variable 'wep_key1'
05-19 18:22:06.938 3985 3985 D wpa_supplicant: wlan0: Control interface command 'GET_NETWORK 0 wep_key2'
05-19 18:22:06.938 3985 3985 D wpa_supplicant: CTRL_IFACE: GET_NETWORK id=0 name='wep_key2'
05-19 18:22:06.938 3985 3985 D wpa_supplicant: CTRL_IFACE: Failed to get network variable 'wep_key2'
05-19 18:22:06.938 3985 3985 D wpa_supplicant: wlan0: Control interface command 'GET_NETWORK 0 wep_key3'
05-19 18:22:06.938 3985 3985 D wpa_supplicant: CTRL_IFACE: GET_NETWORK id=0 name='wep_key3'
05-19 18:22:06.938 3985 3985 D wpa_supplicant: CTRL_IFACE: Failed to get network variable 'wep_key3'
05-19 18:22:06.939 3985 3985 D wpa_supplicant: wlan0: Control interface command 'GET_NETWORK 0 psk'
05-19 18:22:06.939 3985 3985 D wpa_supplicant: CTRL_IFACE: GET_NETWORK id=0 name='psk'
05-19 18:22:06.939 3985 3985 D wpa_supplicant: Do not allow key_data field to be exposed
05-19 18:22:06.939 3985 3985 D wpa_supplicant: wlan0: Control interface command 'GET_NETWORK 0 proto'
05-19 18:22:06.939 3985 3985 D wpa_supplicant: CTRL_IFACE: GET_NETWORK id=0 name='proto'
05-19 18:22:06.939 3985 3985 D wpa_supplicant: wlan0: Control interface command 'GET_NETWORK 0 key_mgmt'
05-19 18:22:06.939 3985 3985 D wpa_supplicant: CTRL_IFACE: GET_NETWORK id=0 name='key_mgmt'
05-19 18:22:06.939 3985 3985 D wpa_supplicant: wlan0: Control interface command 'GET_NETWORK 0 auth_alg'
05-19 18:22:06.939 3985 3985 D wpa_supplicant: CTRL_IFACE: GET_NETWORK id=0 name='auth_alg'
05-19 18:22:06.939 3985 3985 D wpa_supplicant: CTRL_IFACE: Failed to get network variable 'auth_alg'
05-19 18:22:06.940 3985 3985 D wpa_supplicant: wlan0: Control interface command 'GET_NETWORK 0 pairwise'
05-19 18:22:06.940 3985 3985 D wpa_supplicant: CTRL_IFACE: GET_NETWORK id=0 name='pairwise'
05-19 18:22:06.940 3985 3985 D wpa_supplicant: wlan0: Control interface command 'GET_NETWORK 0 group'
05-19 18:22:06.940 3985 3985 D wpa_supplicant: CTRL_IFACE: GET_NETWORK id=0 name='group'
05-19 18:22:06.940 3985 3985 D wpa_supplicant: wlan0: Control interface command 'GET_NETWORK 0 eap'
05-19 18:22:06.940 3985 3985 D wpa_supplicant: CTRL_IFACE: GET_NETWORK id=0 name='eap'
05-19 18:22:06.940 3985 3985 D wpa_supplicant: CTRL_IFACE: Failed to get network variable 'eap'
05-19 18:22:06.940 3985 3985 D wpa_supplicant: wlan0: Control interface command 'GET_NETWORK 0 phase2'
05-19 18:22:06.940 3985 3985 D wpa_supplicant: CTRL_IFACE: GET_NETWORK id=0 name='phase2'
05-19 18:22:06.940 3985 3985 D wpa_supplicant: CTRL_IFACE: Failed to get network variable 'phase2'
05-19 18:22:06.941 3985 3985 D wpa_supplicant: wlan0: Control interface command 'GET_NETWORK 0 identity'
05-19 18:22:06.941 3985 3985 D wpa_supplicant: CTRL_IFACE: GET_NETWORK id=0 name='identity'
05-19 18:22:06.941 3985 3985 D wpa_supplicant: CTRL_IFACE: Failed to get network variable 'identity'
05-19 18:22:06.941 3985 3985 D wpa_supplicant: wlan0: Control interface command 'GET_NETWORK 0 anonymous_identity'
05-19 18:22:06.941 3985 3985 D wpa_supplicant: CTRL_IFACE: GET_NETWORK id=0 name='anonymous_identity'
05-19 18:22:06.941 3985 3985 D wpa_supplicant: CTRL_IFACE: Failed to get network variable 'anonymous_identity'
05-19 18:22:06.941 3985 3985 D wpa_supplicant: wlan0: Control interface command 'GET_NETWORK 0 password'
05-19 18:22:06.941 3985 3985 D wpa_supplicant: CTRL_IFACE: GET_NETWORK id=0 name='password'
05-19 18:22:06.941 3985 3985 D wpa_supplicant: CTRL_IFACE: Failed to get network variable 'password'
05-19 18:22:06.941 3985 3985 D wpa_supplicant: wlan0: Control interface command 'GET_NETWORK 0 client_cert'
05-19 18:22:06.941 3985 3985 D wpa_supplicant: CTRL_IFACE: GET_NETWORK id=0 name='client_cert'
05-19 18:22:06.941 3985 3985 D wpa_supplicant: CTRL_IFACE: Failed to get network variable 'client_cert'
05-19 18:22:06.941 3985 3985 D wpa_supplicant: wlan0: Control interface command 'GET_NETWORK 0 ca_cert'
05-19 18:22:06.941 3985 3985 D wpa_supplicant: CTRL_IFACE: GET_NETWORK id=0 name='ca_cert'
05-19 18:22:06.941 3985 3985 D wpa_supplicant: CTRL_IFACE: Failed to get network variable 'ca_cert'
05-19 18:22:06.942 3985 3985 D wpa_supplicant: wlan0: Control interface command 'GET_NETWORK 0 subject_match'
05-19 18:22:06.942 3985 3985 D wpa_supplicant: CTRL_IFACE: GET_NETWORK id=0 name='subject_match'
05-19 18:22:06.942 3985 3985 D wpa_supplicant: CTRL_IFACE: Failed to get network variable 'subject_match'
05-19 18:22:06.942 3985 3985 D wpa_supplicant: wlan0: Control interface command 'GET_NETWORK 0 engine'
05-19 18:22:06.942 3985 3985 D wpa_supplicant: CTRL_IFACE: GET_NETWORK id=0 name='engine'
05-19 18:22:06.942 3985 3985 D wpa_supplicant: wlan0: Control interface command 'GET_NETWORK 0 engine_id'
05-19 18:22:06.942 3985 3985 D wpa_supplicant: CTRL_IFACE: GET_NETWORK id=0 name='engine_id'
05-19 18:22:06.942 3985 3985 D wpa_supplicant: CTRL_IFACE: Failed to get network variable 'engine_id'
05-19 18:22:06.942 3985 3985 D wpa_supplicant: wlan0: Control interface command 'GET_NETWORK 0 key_id'
05-19 18:22:06.942 3985 3985 D wpa_supplicant: CTRL_IFACE: GET_NETWORK id=0 name='key_id'
05-19 18:22:06.942 3985 3985 D wpa_supplicant: CTRL_IFACE: Failed to get network variable 'key_id'
05-19 18:22:06.942 3985 3985 D wpa_supplicant: wlan0: Control interface command 'GET_NETWORK 0 private_key'
05-19 18:22:06.942 3985 3985 D wpa_supplicant: CTRL_IFACE: GET_NETWORK id=0 name='private_key'
05-19 18:22:06.942 3985 3985 D wpa_supplicant: CTRL_IFACE: Failed to get network variable 'private_key'
05-19 18:22:06.943 3985 3985 D wpa_supplicant: wlan0: Control interface command 'SAVE_CONFIG'
05-19 18:22:06.943 3985 3985 D wpa_supplicant: Writing configuration file '/data/misc/wifi/wpa_supplicant.conf.tmp'
05-19 18:22:06.943 3985 3985 D wpa_supplicant: Configuration file '/data/misc/wifi/wpa_supplicant.conf' written successfully
05-19 18:22:06.943 3985 3985 D wpa_supplicant: CTRL_IFACE: SAVE_CONFIG - Configuration updated
05-19 18:22:06.943 3985 3985 D wpa_supplicant: wlan0: Control interface command 'SELECT_NETWORK 0'
05-19 18:22:06.944 3985 3985 D wpa_supplicant: CTRL_IFACE: SELECT_NETWORK id=0
05-19 18:22:06.944 3985 3985 D wpa_supplicant: wlan0: Selecting BSS from priority group 2
05-19 18:22:06.944 3985 3985 D wpa_supplicant: wlan0: 0: f8:1a:67:b2:14:c6 ssid='WIFI_MIZIFI' wpa_ie_len=22 rsn_ie_len=20 caps=0x31 level=-60 wps
05-19 18:22:06.944 3985 3985 D wpa_supplicant: wlan0: selected based on RSN IE
05-19 18:22:06.944 3985 3985 D wpa_supplicant: wlan0: selected BSS f8:1a:67:b2:14:c6 ssid='WIFI_MIZIFI'
05-19 18:22:06.944 3985 3985 D wpa_supplicant: wlan0: Considering connect request: reassociate: 1 selected: f8:1a:67:b2:14:c6 bssid: 00:00:00:00:00:00 pending: 00:00:00:00:00:00 wpa_state: SCANNING ssid=0xb6876300 current_ssid=0xb6876300
05-19 18:22:06.944 3985 3985 D wpa_supplicant: wlan0: Request association with f8:1a:67:b2:14:c6
05-19 18:22:06.944 3985 3985 D wpa_supplicant: WPA: Unrecognized EAPOL-Key Key Data IE - hexdump(len=13): 00 0b 57 49 46 49 5f 4d 49 5a 49 46 49
05-19 18:22:06.944 3985 3985 D wpa_supplicant: WPA: Unrecognized EAPOL-Key Key Data IE - hexdump(len=3): 03 01 01
05-19 18:22:06.944 3985 3985 D wpa_supplicant: WPA: Unrecognized EAPOL-Key Key Data IE - hexdump(len=3): 2a 01 02
05-19 18:22:06.944 3985 3985 D wpa_supplicant: WPA: RSN IE in EAPOL-Key - hexdump(len=22): 30 14 01 00 00 0f ac 04 01 00 00 0f ac 04 01 00 00 0f ac 02 00 00
05-19 18:22:06.944 3985 3985 D wpa_supplicant: WPA: Unrecognized EAPOL-Key Key Data IE - hexdump(len=28): 33 1a ef 11 03 ff ff 00 00 00 00 00 00 00 00 00 00 00 00 00 00 00 04 06 e6 e7 0d 00
05-19 18:22:06.944 3985 3985 D wpa_supplicant: WPA: Unrecognized EAPOL-Key Key Data IE - hexdump(len=24): 3d 16 01 05 15 00 00 00 00 00 00 00 00 00 00 00 00 00 00 00 00 00 00 00
05-19 18:22:06.944 3985 3985 D wpa_supplicant: WPA: Unrecognized EAPOL-Key Key Data IE - hexdump(len=24): 34 16 01 05 15 00 00 00 00 00 00 00 00 00 00 00 00 00 00 00 00 00 00 00
05-19 18:22:06.944 3985 3985 D wpa_supplicant: WPA: WPA IE in EAPOL-Key - hexdump(len=24): dd 16 00 50 f2 01 01 00 00 50 f2 04 01 00 00 50 f2 04 01 00 00 50 f2 02
05-19 18:22:06.944 3985 3985 D wpa_supplicant: WPA: WMM Parameter Element - hexdump(len=24): 00 50 f2 02 01 01 83 00 03 a4 00 00 27 a4 00 00 42 43 5e 00 62 32 2f 00
05-19 18:22:06.944 3985 3985 D wpa_supplicant: TDLS: TDLS is allowed in the target BSS
05-19 18:22:06.944 3985 3985 D wpa_supplicant: wlan0: Add radio work 'sme-connect'@0xb6836280
05-19 18:22:06.944 3985 3985 D wpa_supplicant: wlan0: First radio work item in the queue - schedule start immediately
05-19 18:22:06.944 3985 3985 D wpa_supplicant: wlan0: Starting radio work 'sme-connect'@0xb6836280 after 0.000067 second wait
05-19 18:22:06.944 3985 3985 D wpa_supplicant: wlan0: Automatic auth_alg selection: 0x1
05-19 18:22:06.944 3985 3985 D wpa_supplicant: RSN: PMKSA cache search - network_ctx=0xb6876300 try_opportunistic=0
05-19 18:22:06.944 3985 3985 D wpa_supplicant: RSN: Search for BSSID f8:1a:67:b2:14:c6
05-19 18:22:06.944 3985 3985 D wpa_supplicant: RSN: No PMKSA cache entry found
05-19 18:22:06.944 3985 3985 D wpa_supplicant: wlan0: RSN: using IEEE 802.11i/D9.0
05-19 18:22:06.944 3985 3985 D wpa_supplicant: wlan0: WPA: Selected cipher suites: group 16 pairwise 16 key_mgmt 2 proto 2
05-19 18:22:06.944 3985 3985 D wpa_supplicant: wlan0: WPA: Selected mgmt group cipher 32
05-19 18:22:06.944 3985 3985 D wpa_supplicant: WPA: set AP WPA IE - hexdump(len=24): dd 16 00 50 f2 01 01 00 00 50 f2 04 01 00 00 50 f2 04 01 00 00 50 f2 02
05-19 18:22:06.944 3985 3985 D wpa_supplicant: WPA: set AP RSN IE - hexdump(len=22): 30 14 01 00 00 0f ac 04 01 00 00 0f ac 04 01 00 00 0f ac 02 00 00
05-19 18:22:06.944 3985 3985 D wpa_supplicant: wlan0: WPA: using GTK CCMP
05-19 18:22:06.944 3985 3985 D wpa_supplicant: wlan0: WPA: using PTK CCMP
05-19 18:22:06.944 3985 3985 D wpa_supplicant: wlan0: WPA: using KEY_MGMT WPA-PSK
05-19 18:22:06.944 3985 3985 D wpa_supplicant: wlan0: WPA: not using MGMT group cipher
05-19 18:22:06.944 3985 3985 D wpa_supplicant: WPA: Set own WPA IE default - hexdump(len=22): 30 14 01 00 00 0f ac 04 01 00 00 0f ac 04 01 00 00 0f ac 02 00 00
05-19 18:22:06.944 3985 3985 D wpa_supplicant: FT: Stored MDIE and FTIE from (Re)Association Response - hexdump(len=0):
05-19 18:22:06.944 3985 3985 D wpa_supplicant: wlan0: Cancelling scan request
05-19 18:22:06.945 3985 3985 I wpa_supplicant: wlan0: SME: Trying to authenticate with f8:1a:67:b2:14:c6 (SSID='WIFI_MIZIFI' freq=2412 MHz)
05-19 18:22:06.945 3985 3985 D wpa_supplicant: CTRL_IFACE monitor sent successfully to /data/misc/wifi/sockets/wpa_ctrl_3703-2\x00
05-19 18:22:06.945 3985 3985 D wpa_supplicant: wlan0: State: SCANNING -> AUTHENTICATING
05-19 18:22:06.945 3985 3985 D wpa_supplicant: CTRL_IFACE monitor sent successfully to /data/misc/wifi/sockets/wpa_ctrl_3703-2\x00
05-19 18:22:06.945 3985 3985 D wpa_supplicant: EAPOL: External notification - EAP success=0
05-19 18:22:06.945 3985 3985 D wpa_supplicant: EAPOL: External notification - EAP fail=0
05-19 18:22:06.945 3985 3985 D wpa_supplicant: EAPOL: External notification - portControl=Auto
05-19 18:22:06.945 3985 3985 D wpa_supplicant: wlan0: Determining shared radio frequencies (max len 1)
05-19 18:22:06.945 3985 3985 D wpa_supplicant: wlan0: Shared frequencies (len=0): completed iteration
05-19 18:22:06.945 3985 3985 D wpa_supplicant: nl80211: Authenticate (ifindex=6)
05-19 18:22:06.945 3985 3985 D wpa_supplicant: * bssid=f8:1a:67:b2:14:c6
05-19 18:22:06.945 3985 3985 D wpa_supplicant: * freq=2412
05-19 18:22:06.945 3985 3985 D wpa_supplicant: * SSID - hexdump(len=11): 57 49 46 49 5f 4d 49 5a 49 46 49
05-19 18:22:06.945 3985 3985 D wpa_supplicant: * IEs - hexdump(len=0): [NULL]
05-19 18:22:06.945 3985 3985 D wpa_supplicant: * Auth Type 0
05-19 18:22:06.975 3985 3985 D wpa_supplicant: nl80211: Authentication request send successfully
05-19 18:22:06.975 3985 3985 D wpa_supplicant: wlan0: Control interface command 'RECONNECT'
05-19 18:22:06.976 3985 3985 D wpa_supplicant: nl80211: Event message available
05-19 18:22:06.976 3985 3985 D wpa_supplicant: nl80211: Drv Event 19 (NL80211_CMD_NEW_STATION) received for wlan0
05-19 18:22:06.976 3985 3985 D wpa_supplicant: nl80211: New station f8:1a:67:b2:14:c6
05-19 18:22:06.981 3985 3985 D wpa_supplicant: nl80211: Event message available
05-19 18:22:06.981 3985 3985 D wpa_supplicant: nl80211: Drv Event 37 (NL80211_CMD_AUTHENTICATE) received for wlan0
05-19 18:22:06.981 3985 3985 D wpa_supplicant: nl80211: MLME event 37 (NL80211_CMD_AUTHENTICATE) on wlan0(5c:c9:d3:3c:f6:84) A1=5c:c9:d3:3c:f6:84 A2=f8:1a:67:b2:14:c6
05-19 18:22:06.981 3985 3985 D wpa_supplicant: nl80211: MLME event frame - hexdump(len=30): b0 00 3a 01 5c c9 d3 3c f6 84 f8 1a 67 b2 14 c6 f8 1a 67 b2 14 c6 00 10 00 00 02 00 00 00
05-19 18:22:06.981 3985 3985 D wpa_supplicant: nl80211: Authenticate event
05-19 18:22:06.981 3985 3985 D wpa_supplicant: wlan0: Event AUTH (11) received
05-19 18:22:06.981 3985 3985 D wpa_supplicant: wlan0: SME: Authentication response: peer=f8:1a:67:b2:14:c6 auth_type=0 auth_transaction=2 status_code=0
05-19 18:22:06.981 3985 3985 D wpa_supplicant: SME: Authentication response IEs - hexdump(len=0): [NULL]
05-19 18:22:06.981 3985 3985 I wpa_supplicant: wlan0: Trying to associate with f8:1a:67:b2:14:c6 (SSID='WIFI_MIZIFI' freq=2412 MHz)
05-19 18:22:06.982 3985 3985 D wpa_supplicant: CTRL_IFACE monitor sent successfully to /data/misc/wifi/sockets/wpa_ctrl_3703-2\x00
05-19 18:22:06.982 3985 3985 D wpa_supplicant: wlan0: State: AUTHENTICATING -> ASSOCIATING
05-19 18:22:06.982 3985 3985 D wpa_supplicant: nl80211: Set wlan0 operstate 0->0 (DORMANT)
05-19 18:22:06.982 3985 3985 D wpa_supplicant: netlink: Operstate: ifindex=6 linkmode=-1 (no change), operstate=5 (IF_OPER_DORMANT)
05-19 18:22:06.984 3985 3985 D wpa_supplicant: CTRL_IFACE monitor sent successfully to /data/misc/wifi/sockets/wpa_ctrl_3703-2\x00
