05-19 18:19:42.466 1943 2034 E WifiStateMachine: WifiStateMachine CMD_START_SCAN source 1000 txSuccessRate=-0.01 rxSuccessRate=-0.01 targetRoamBSSID=f8:1a:67:b2:14:c6 RSSI=-45
05-19 18:19:42.467 2988 2988 D wpa_supplicant: wlan0: Control interface command 'SCAN TYPE=ONLY'
05-19 18:19:42.467 2988 2988 D wpa_supplicant: wlan0: Setting scan request: 0.000000 sec
05-19 18:19:42.467 2988 2988 D wpa_supplicant: wlan0: Starting AP scan for wildcard SSID
05-19 18:19:42.467 2988 2988 D wpa_supplicant: WPS: Building WPS IE for Probe Request
05-19 18:19:42.467 2988 2988 D wpa_supplicant: WPS: * Version (hardcoded 0x10)
05-19 18:19:42.467 2988 2988 D wpa_supplicant: WPS: * Request Type
05-19 18:19:42.467 2988 2988 D wpa_supplicant: WPS: * Config Methods (4288)
05-19 18:19:42.467 2988 2988 D wpa_supplicant: WPS: * UUID-E
05-19 18:19:42.467 2988 2988 D wpa_supplicant: WPS: * Primary Device Type
05-19 18:19:42.467 2988 2988 D wpa_supplicant: WPS: * RF Bands (1)
05-19 18:19:42.467 2988 2988 D wpa_supplicant: WPS: * Association State
05-19 18:19:42.467 2988 2988 D wpa_supplicant: WPS: * Configuration Error (0)
05-19 18:19:42.467 2988 2988 D wpa_supplicant: WPS: * Device Password ID (0)
05-19 18:19:42.467 2988 2988 D wpa_supplicant: WPS: * Manufacturer
05-19 18:19:42.467 2988 2988 D wpa_supplicant: WPS: * Model Name
05-19 18:19:42.468 2988 2988 D wpa_supplicant: WPS: * Model Number
05-19 18:19:42.468 2988 2988 D wpa_supplicant: WPS: * Device Name
05-19 18:19:42.468 2988 2988 D wpa_supplicant: WPS: * Version2 (0x20)
05-19 18:19:42.468 2988 2988 D wpa_supplicant: P2P: * P2P IE header
05-19 18:19:42.468 2988 2988 D wpa_supplicant: P2P: * Capability dev=25 group=00
05-19 18:19:42.468 2988 2988 D wpa_supplicant: P2P: * Listen Channel: Regulatory Class 81 Channel 6
05-19 18:19:42.468 2988 2988 D wpa_supplicant: wlan0: Add radio work 'scan'@0xb6836430
05-19 18:19:42.468 2988 2988 D wpa_supplicant: wlan0: First radio work item in the queue - schedule start immediately
05-19 18:19:42.468 2988 2988 D wpa_supplicant: wlan0: Starting radio work 'scan'@0xb6836430 after 0.000041 second wait
05-19 18:19:42.468 2988 2988 D wpa_supplicant: wlan0: nl80211: scan request
05-19 18:19:42.468 2988 2988 D wpa_supplicant: nl80211: Scan SSID - hexdump(len=0): [NULL]
05-19 18:19:42.468 2988 2988 D wpa_supplicant: nl80211: Scan extra IEs - hexdump(len=163): dd 8e 00 50 f2 04 10 4a 00 01 10 10 3a 00 01 00 10 08 00 02 42 88 10 47 00 10 fe 28 80 d2 f9 e9 ...
05-19 18:19:42.468 1943 2036 D ConnectivityService: Switching to new default network: NetworkAgentInfo{ ni{[type: WIFI[], state: CONNECTED/CONNECTED, reason: (unspecified), extra: "WIFI_MIZIFI", roaming: false, failover: false, isAvailable: true, isConnectedToProvisioningNetwork: false]} network{100} lp{{InterfaceName: wlan0 LinkAddresses: [fe80::5ec9:d3ff:fe3c:f684/64,192.168.0.105/24,] Routes: [fe80::/64 -> :: wlan0,192.168.0.0/24 -> 0.0.0.0 wlan0,0.0.0.0/0 -> 192.168.0.1 wlan0,] DnsAddresses: [192.168.0.1,] Domains: MTU: 0 TcpBufferSizes: 524288,1048576,2097152,262144,524288,1048576}} nc{[ Transports: WIFI Capabilities: INTERNET&NOT_RESTRICTED&TRUSTED&NOT_VPN LinkUpBandwidth>=1048576Kbps LinkDnBandwidth>=1048576Kbps]} Score{100} everValidated{false} lastValidated{false} created{true} explicitlySelected{true} }
05-19 18:19:42.469 2988 2988 D wpa_supplicant: Scan requested (ret=0) - scan timeout 30 seconds
05-19 18:19:42.469 2988 2988 D wpa_supplicant: nl80211: Event message available
05-19 18:19:42.469 2988 2988 D wpa_supplicant: nl80211: Drv Event 33 (NL80211_CMD_TRIGGER_SCAN) received for wlan0
05-19 18:19:42.469 2988 2988 D wpa_supplicant: wlan0: nl80211: Scan trigger
05-19 18:19:42.469 2988 2988 D wpa_supplicant: wlan0: Event SCAN_STARTED (49) received
05-19 18:19:42.469 2988 2988 D wpa_supplicant: wlan0: Own scan request started a scan in 0.000108 seconds
05-19 18:19:42.469 2988 2988 D wpa_supplicant: CTRL_IFACE monitor sent successfully to /data/misc/wifi/sockets/wpa_ctrl_1943-2\x00
05-19 18:19:42.470 1943 2036 D ConnectivityService: Setting tx/rx TCP buffers to 524288,1048576,2097152,262144,524288,1048576
05-19 18:19:42.482 1943 2036 D ConnectivityService: notifyType AVAILABLE for NetworkAgentInfo [WIFI () - 100]
05-19 18:19:42.483 1943 2036 D CSLegacyTypeTracker: Sending connected broadcast for type 1 NetworkAgentInfo [WIFI () - 100] isDefaultNetwork=true
05-19 18:19:42.483 2173 2597 D ConnectivityManager.CallbackHandler: CM callback handler got msg 524290
05-19 18:19:42.485 1943 2036 D ConnectivityService: sendStickyBroadcast: action=android.net.conn.CONNECTIVITY_CHANGE_IMMEDIATE
05-19 18:19:42.485 1943 2036 D ConnectivityService: sendStickyBroadcast: action=android.net.conn.CONNECTIVITY_CHANGE
05-19 18:19:42.488 1943 1969 D Tethering: MasterInitialState.processMessage what=3
05-19 18:19:42.504 2313 2882 D PhoneInterfaceManager: [PhoneIntfMgr] getDataEnabled: subId=-1 phoneId=-1
05-19 18:19:42.504 2313 2882 E PhoneInterfaceManager: [PhoneIntfMgr] getDataEnabled: no phone subId=-1 retVal=false
05-19 18:19:42.506 1943 1964 D TelephonyManager: getDataEnabled: retVal=false
05-19 18:19:42.507 2853 2853 D ConnectivityManager: getMobileDataEnabled()+ subId=-1
05-19 18:19:42.507 2313 2331 D PhoneInterfaceManager: [PhoneIntfMgr] getDataEnabled: subId=-1 phoneId=-1
05-19 18:19:42.507 2313 2331 E PhoneInterfaceManager: [PhoneIntfMgr] getDataEnabled: no phone subId=-1 retVal=false
05-19 18:19:42.507 2853 2853 D ConnectivityManager: getMobileDataEnabled()- subId=-1 retVal=false
05-19 18:19:42.513 3048 3048 I sh : /system/etc/init.sh: drm.debug=7: not found
05-19 18:19:42.513 3048 3048 I sh : + hw_sh=/vendor/etc/init.sh
05-19 18:19:42.513 3048 3048 I sh : + '[' -e /vendor/etc/init.sh ']'
05-19 18:19:42.514 3048 3048 I sh : + '[' -n 2 ']'
05-19 18:19:42.514 3048 3048 I sh : + do_netconsole
05-19 18:19:42.515 3048 3048 I sh : + getprop dhcp.eth0.gateway
05-19 18:19:42.526 3048 3048 I sh : + modprobe netconsole 'netconsole=@/,@/'
05-19 18:19:42.527 1943 1964 E GpsLocationProvider: No APN found to select.
05-19 18:19:42.616 1943 3015 D NetworkMonitor/NetworkAgentInfo [WIFI () - 100]: isCaptivePortal: ret=204 headers={null=[HTTP/1.1 204 No Content], Content-Length=[0], Date=[Tue, 19 May 2015 18:19:42 GMT], Server=[GFE/2.0], X-Android-Received-Millis=[1432059582615], X-Android-Response-Source=[NETWORK 204], X-Android-Sent-Millis=[1432059582599]}
05-19 18:19:42.616 1943 3015 D NetworkMonitor/NetworkAgentInfo [WIFI () - 100]: Don't send network conditions - lacking user consent.
05-19 18:19:42.617 1943 3015 D NetworkMonitor/NetworkAgentInfo [WIFI () - 100]: Validated
05-19 18:19:42.617 1943 2036 D ConnectivityService: setProvNotificationVisibleIntent: E visible=false networkType=0 extraInfo=null
05-19 18:19:42.617 1943 2036 D ConnectivityService: Validated NetworkAgentInfo [WIFI () - 100]
05-19 18:19:42.617 1943 2036 D ConnectivityService: rematching NetworkAgentInfo [WIFI () - 100]
05-19 18:19:42.617 1943 2036 D ConnectivityService: Network NetworkAgentInfo [WIFI () - 100] was already satisfying request 1. No change.
05-19 18:19:42.621 1943 2036 D ConnectivityService: notifyType AVAILABLE for NetworkAgentInfo [WIFI () - 100]
05-19 18:19:42.621 2173 2597 D ConnectivityManager.CallbackHandler: CM callback handler got msg 524290
05-19 18:19:42.621 1943 2036 D ConnectivityService: sendStickyBroadcast: action=android.net.conn.INET_CONDITION_ACTION
05-19 18:19:43.524 2988 2988 D wpa_supplicant: EAPOL: startWhen --> 0
05-19 18:19:43.524 2988 2988 D wpa_supplicant: EAPOL: disable timer tick
05-19 18:19:43.912 3048 3048 I sh : modprobe: 'kernel/drivers/net/netconsole.ko': Operation not permitted
05-19 18:19:43.913 3048 3048 I sh : + return 0
05-19 18:19:44.630 2794 2915 D InitAlarmsService: Clearing and rescheduling alarms.
05-19 18:19:44.809 2988 2988 D wpa_supplicant: wlan0: Control interface command 'SIGNAL_POLL'
05-19 18:19:45.323 2988 2988 D wpa_supplicant: nl80211: Event message available
05-19 18:19:45.323 2988 2988 D wpa_supplicant: nl80211: Drv Event 34 (NL80211_CMD_NEW_SCAN_RESULTS) received for wlan0
05-19 18:19:45.323 2988 2988 D wpa_supplicant: wlan0: nl80211: New scan results available
05-19 18:19:45.323 2988 2988 D wpa_supplicant: nl80211: Scan probed for SSID ''
05-19 18:19:45.323 2988 2988 D wpa_supplicant: nl80211: Scan included frequencies: 2412 2417 2422 2427 2432 2437 2442 2447 2452 2457 2462 2467 2472
05-19 18:19:45.323 2988 2988 D wpa_supplicant: wlan0: Event SCAN_RESULTS (3) received
05-19 18:19:45.323 2988 2988 D wpa_supplicant: wlan0: Scan completed in 2.854091 seconds
05-19 18:19:45.323 2988 2988 D wpa_supplicant: nl80211: Associated on 2412 MHz
05-19 18:19:45.323 2988 2988 D wpa_supplicant: nl80211: Associated with f8:1a:67:b2:14:c6
05-19 18:19:45.323 2988 2988 D wpa_supplicant: nl80211: Received scan results (2 BSSes)
05-19 18:19:45.323 2988 2988 D wpa_supplicant: nl80211: Scan results indicate BSS status with f8:1a:67:b2:14:c6 as associated
05-19 18:19:45.323 2988 2988 D wpa_supplicant: Sorted scan results
05-19 18:19:45.323 2988 2988 D wpa_supplicant: f8:1a:67:b2:14:c6 freq=2412 qual=0 noise=-87 level=-43 snr=44* flags=0x29 age=211
05-19 18:19:45.323 2988 2988 D wpa_supplicant: IEs - hexdump(len=377): 00 0b 57 49 46 49 5f 4d 49 5a 49 46 49 01 08 82 84 8b 96 0c 12 18 24 03 01 01 2a 01 02 30 14 01 ...
05-19 18:19:45.323 2988 2988 D wpa_supplicant: Beacon IEs - hexdump(len=216): 00 0b 57 49 46 49 5f 4d 49 5a 49 46 49 01 08 82 84 8b 96 0c 12 18 24 03 01 01 05 04 00 01 00 00 ...
05-19 18:19:45.323 2988 2988 D wpa_supplicant: 1c:7e:e5:c3:3d:32 freq=2462 qual=0 noise=-87 level=-68 snr=19 flags=0x9 age=693
05-19 18:19:45.324 2988 2988 D wpa_supplicant: IEs - hexdump(len=244): 00 0d 41 63 65 73 73 6f 20 4e 65 67 61 64 6f 01 08 82 84 8b 96 12 24 48 6c 03 01 0b 32 04 0c 18 ...
05-19 18:19:45.324 2988 2988 D wpa_supplicant: Beacon IEs - hexdump(len=244): 00 0d 41 63 65 73 73 6f 20 4e 65 67 61 64 6f 01 08 82 84 8b 96 12 24 48 6c 03 01 0b 32 04 0c 18 ...
05-19 18:19:45.324 2988 2988 D wpa_supplicant: wlan0: BSS: Start scan result update 3
05-19 18:19:45.324 2988 2988 D wpa_supplicant: BSS: last_scan_res_used=2/32
05-19 18:19:45.324 2988 2988 D wpa_supplicant: Add randomness: count=7 entropy=0
05-19 18:19:45.324 2988 2988 D wpa_supplicant: random pool - hexdump(len=128): [REMOVED]
05-19 18:19:45.324 2988 2988 D wpa_supplicant: random_mix_pool - hexdump(len=8): [REMOVED]
05-19 18:19:45.324 2988 2988 D wpa_supplicant: random_mix_pool - hexdump(len=5): [REMOVED]
05-19 18:19:45.324 2988 2988 D wpa_supplicant: random pool - hexdump(len=128): [REMOVED]
05-19 18:19:45.324 2988 2988 D wpa_supplicant: Add randomness: count=8 entropy=1
05-19 18:19:45.324 2988 2988 D wpa_supplicant: random pool - hexdump(len=128): [REMOVED]
05-19 18:19:45.324 2988 2988 D wpa_supplicant: random_mix_pool - hexdump(len=8): [REMOVED]
05-19 18:19:45.324 2988 2988 D wpa_supplicant: random_mix_pool - hexdump(len=5): [REMOVED]
05-19 18:19:45.324 2988 2988 D wpa_supplicant: random pool - hexdump(len=128): [REMOVED]
05-19 18:19:45.324 2988 2988 D wpa_supplicant: wlan0: Scan-only results received
05-19 18:19:45.324 2988 2988 D wpa_supplicant: CTRL_IFACE monitor sent successfully to /data/misc/wifi/sockets/wpa_ctrl_1943-2\x00
05-19 18:19:45.324 2988 2988 D wpa_supplicant: wlan0: Radio work 'scan'@0xb6836430 done in 2.856224 seconds
05-19 18:19:45.326 2988 2988 D wpa_supplicant: RTM_NEWLINK: ifi_index=4 ifname=wlan0 wext ifi_family=0 ifi_flags=0x11043 ([UP][RUNNING][LOWER_UP])
05-19 18:19:45.328 2988 2988 D wpa_supplicant: wlan0: Control interface command 'BSS RANGE=0- MASK=0x21987'
05-19 18:19:45.328 2988 2988 D wpa_supplicant: WPS: attr type=0x104a len=1
05-19 18:19:45.328 2988 2988 D wpa_supplicant: WPS: attr type=0x1044 len=1
05-19 18:19:45.328 2988 2988 D wpa_supplicant: WPS: attr type=0x103b len=1
05-19 18:19:45.328 2988 2988 D wpa_supplicant: WPS: attr type=0x1047 len=16
05-19 18:19:45.328 2988 2988 D wpa_supplicant: WPS: attr type=0x1021 len=7
05-19 18:19:45.328 2988 2988 D wpa_supplicant: WPS: attr type=0x1023 len=9
05-19 18:19:45.328 2988 2988 D wpa_supplicant: WPS: attr type=0x1024 len=3
05-19 18:19:45.328 2988 2988 D wpa_supplicant: WPS: attr type=0x1042 len=3
05-19 18:19:45.328 2988 2988 D wpa_supplicant: WPS: attr type=0x1054 len=8
05-19 18:19:45.328 2988 2988 D wpa_supplicant: WPS: attr type=0x1011 len=25
05-19 18:19:45.328 2988 2988 D wpa_supplicant: WPS: attr type=0x1008 len=2
05-19 18:19:45.328 2988 2988 D wpa_supplicant: WPS: attr type=0x103c len=1
05-19 18:19:45.328 2988 2988 D wpa_supplicant: WPS: attr type=0x1049 len=20
05-19 18:19:45.328 2988 2988 D wpa_supplicant: WPS: Unknown Vendor Extension (Vendor ID 9442)
05-19 18:19:45.328 2988 2988 D wpa_supplicant: WPS: attr type=0x104a len=1
05-19 18:19:45.328 2988 2988 D wpa_supplicant: WPS: attr type=0x1044 len=1
05-19 18:19:45.328 2988 2988 D wpa_supplicant: WPS: attr type=0x103b len=1
05-19 18:19:45.328 2988 2988 D wpa_supplicant: WPS: attr type=0x1047 len=16
05-19 18:19:45.328 2988 2988 D wpa_supplicant: WPS: attr type=0x1021 len=7
05-19 18:19:45.328 2988 2988 D wpa_supplicant: WPS: attr type=0x1023 len=9
05-19 18:19:45.328 2988 2988 D wpa_supplicant: WPS: attr type=0x1024 len=3
05-19 18:19:45.328 2988 2988 D wpa_supplicant: WPS: attr type=0x1042 len=3
05-19 18:19:45.328 2988 2988 D wpa_supplicant: WPS: attr type=0x1054 len=8
05-19 18:19:45.328 2988 2988 D wpa_supplicant: WPS: attr type=0x1011 len=25
05-19 18:19:45.328 2988 2988 D wpa_supplicant: WPS: attr type=0x1008 len=2
05-19 18:19:45.328 2988 2988 D wpa_supplicant: WPS: attr type=0x103c len=1
05-19 18:19:45.328 2988 2988 D wpa_supplicant: WPS: attr type=0x1049 len=20
05-19 18:19:45.328 2988 2988 D wpa_supplicant: WPS: Unknown Vendor Extension (Vendor ID 9442)
05-19 18:19:45.328 2988 2988 D wpa_supplicant: WPS: attr type=0x104a len=1
05-19 18:19:45.328 2988 2988 D wpa_supplicant: WPS: attr type=0x1044 len=1
05-19 18:19:45.328 2988 2988 D wpa_supplicant: WPS: attr type=0x103b len=1
05-19 18:19:45.328 2988 2988 D wpa_supplicant: WPS: attr type=0x1047 len=16
05-19 18:19:45.328 2988 2988 D wpa_supplicant: WPS: attr type=0x1021 len=7
05-19 18:19:45.328 2988 2988 D wpa_supplicant: WPS: attr type=0x1023 len=9
05-19 18:19:45.328 2988 2988 D wpa_supplicant: WPS: attr type=0x1024 len=3
05-19 18:19:45.328 2988 2988 D wpa_supplicant: WPS: attr type=0x1042 len=3
05-19 18:19:45.328 2988 2988 D wpa_supplicant: WPS: attr type=0x1054 len=8
05-19 18:19:45.328 2988 2988 D wpa_supplicant: WPS: attr type=0x1011 len=25
05-19 18:19:45.328 2988 2988 D wpa_supplicant: WPS: attr type=0x1008 len=2
05-19 18:19:45.328 2988 2988 D wpa_supplicant: WPS: attr type=0x103c len=1
05-19 18:19:45.328 2988 2988 D wpa_supplicant: WPS: attr type=0x1049 len=20
05-19 18:19:45.328 2988 2988 D wpa_supplicant: WPS: Unknown Vendor Extension (Vendor ID 9442)
05-19 18:19:45.331 2988 2988 D wpa_supplicant: wlan0: Control interface command 'STATUS-NO_EVENTS'
05-19 18:19:45.332 1943 2034 E WifiConfigStore: rewrite network history for "WIFI_MIZIFI"WPA_PSK
05-19 18:19:47.673 1943 2034 E WifiStateMachine: WifiStateMachine CMD_START_SCAN source -2 txSuccessRate=-0.00 rxSuccessRate=-0.00 targetRoamBSSID=f8:1a:67:b2:14:c6 RSSI=-43
05-19 18:19:47.673 1943 2034 E WifiStateMachine: WifiStateMachine L2Connected CMD_START_SCAN source -2 3, 5 -> obsolete
05-19 18:19:47.812 2988 2988 D wpa_supplicant: wlan0: Control interface command 'SIGNAL_POLL'
05-19 18:19:50.814 2988 2988 D wpa_supplicant: wlan0: Control interface command 'SIGNAL_POLL'
05-19 18:19:51.762 1943 2034 E WifiStateMachine: WifiStateMachine CMD_START_SCAN source -2 txSuccessRate=-0.00 rxSuccessRate=-0.00 targetRoamBSSID=f8:1a:67:b2:14:c6 RSSI=-53
05-19 18:19:51.762 1943 2034 E WifiStateMachine: WifiStateMachine L2Connected CMD_START_SCAN source -2 4, 5 -> obsolete
05-19 18:19:51.874 1943 2034 E WifiStateMachine: WifiStateMachine CMD_START_SCAN source 1000 txSuccessRate=-0.00 rxSuccessRate=-0.00 targetRoamBSSID=f8:1a:67:b2:14:c6 RSSI=-53
05-19 18:19:51.875 2988 2988 D wpa_supplicant: wlan0: Control interface command 'SCAN TYPE=ONLY'
05-19 18:19:51.875 2988 2988 D wpa_supplicant: wlan0: Setting scan request: 0.000000 sec
05-19 18:19:51.875 2988 2988 D wpa_supplicant: wlan0: Starting AP scan for wildcard SSID
05-19 18:19:51.875 2988 2988 D wpa_supplicant: WPS: Building WPS IE for Probe Request
05-19 18:19:51.875 2988 2988 D wpa_supplicant: WPS: * Version (hardcoded 0x10)
05-19 18:19:51.875 2988 2988 D wpa_supplicant: WPS: * Request Type
05-19 18:19:51.875 2988 2988 D wpa_supplicant: WPS: * Config Methods (4288)
05-19 18:19:51.875 2988 2988 D wpa_supplicant: WPS: * UUID-E
05-19 18:19:51.875 2988 2988 D wpa_supplicant: WPS: * Primary Device Type
05-19 18:19:51.875 2988 2988 D wpa_supplicant: WPS: * RF Bands (1)
05-19 18:19:51.875 2988 2988 D wpa_supplicant: WPS: * Association State
05-19 18:19:51.875 2988 2988 D wpa_supplicant: WPS: * Configuration Error (0)
05-19 18:19:51.875 2988 2988 D wpa_supplicant: WPS: * Device Password ID (0)
05-19 18:19:51.875 2988 2988 D wpa_supplicant: WPS: * Manufacturer
05-19 18:19:51.875 2988 2988 D wpa_supplicant: WPS: * Model Name
05-19 18:19:51.875 2988 2988 D wpa_supplicant: WPS: * Model Number
05-19 18:19:51.875 2988 2988 D wpa_supplicant: WPS: * Device Name
05-19 18:19:51.875 2988 2988 D wpa_supplicant: WPS: * Version2 (0x20)
05-19 18:19:51.875 2988 2988 D wpa_supplicant: P2P: * P2P IE header
05-19 18:19:51.875 2988 2988 D wpa_supplicant: P2P: * Capability dev=25 group=00
05-19 18:19:51.875 2988 2988 D wpa_supplicant: P2P: * Listen Channel: Regulatory Class 81 Channel 6
05-19 18:19:51.875 2988 2988 D wpa_supplicant: wlan0: Add radio work 'scan'@0xb6836430
05-19 18:19:51.875 2988 2988 D wpa_supplicant: wlan0: First radio work item in the queue - schedule start immediately
05-19 18:19:51.875 2988 2988 D wpa_supplicant: wlan0: Starting radio work 'scan'@0xb6836430 after 0.000044 second wait
05-19 18:19:51.875 2988 2988 D wpa_supplicant: wlan0: nl80211: scan request
05-19 18:19:51.875 2988 2988 D wpa_supplicant: nl80211: Scan SSID - hexdump(len=0): [NULL]
05-19 18:19:51.875 2988 2988 D wpa_supplicant: nl80211: Scan extra IEs - hexdump(len=163): dd 8e 00 50 f2 04 10 4a 00 01 10 10 3a 00 01 00 10 08 00 02 42 88 10 47 00 10 fe 28 80 d2 f9 e9 ...
05-19 18:19:51.877 2988 2988 D wpa_supplicant: Scan requested (ret=0) - scan timeout 30 seconds
05-19 18:19:51.877 2988 2988 D wpa_supplicant: nl80211: Event message available
05-19 18:19:51.877 2988 2988 D wpa_supplicant: nl80211: Drv Event 33 (NL80211_CMD_TRIGGER_SCAN) received for wlan0
05-19 18:19:51.877 2988 2988 D wpa_supplicant: wlan0: nl80211: Scan trigger
05-19 18:19:51.877 2988 2988 D wpa_supplicant: wlan0: Event SCAN_STARTED (49) received
05-19 18:19:51.877 2988 2988 D wpa_supplicant: wlan0: Own scan request started a scan in 0.000118 seconds
05-19 18:19:51.877 2988 2988 D wpa_supplicant: CTRL_IFACE monitor sent successfully to /data/misc/wifi/sockets/wpa_ctrl_1943-2\x00
05-19 18:19:53.818 2988 2988 D wpa_supplicant: wlan0: Control interface command 'SIGNAL_POLL'
05-19 18:19:55.559 2988 2988 D wpa_supplicant: nl80211: Event message available
05-19 18:19:55.559 2988 2988 D wpa_supplicant: nl80211: Drv Event 34 (NL80211_CMD_NEW_SCAN_RESULTS) received for wlan0
05-19 18:19:55.559 2988 2988 D wpa_supplicant: wlan0: nl80211: New scan results available
05-19 18:19:55.559 2988 2988 D wpa_supplicant: nl80211: Scan probed for SSID ''
05-19 18:19:55.559 2988 2988 D wpa_supplicant: nl80211: Scan included frequencies: 2412 2417 2422 2427 2432 2437 2442 2447 2452 2457 2462 2467 2472
05-19 18:19:55.559 2988 2988 D wpa_supplicant: wlan0: Event SCAN_RESULTS (3) received
05-19 18:19:55.559 2988 2988 D wpa_supplicant: wlan0: Scan completed in 3.681632 seconds
05-19 18:19:55.559 2988 2988 D wpa_supplicant: nl80211: Associated on 2412 MHz
05-19 18:19:55.559 2988 2988 D wpa_supplicant: nl80211: Associated with f8:1a:67:b2:14:c6
05-19 18:19:55.559 2988 2988 D wpa_supplicant: nl80211: Received scan results (2 BSSes)
05-19 18:19:55.559 2988 2988 D wpa_supplicant: nl80211: Scan results indicate BSS status with f8:1a:67:b2:14:c6 as associated
05-19 18:19:55.559 2988 2988 D wpa_supplicant: Sorted scan results
05-19 18:19:55.559 2988 2988 D wpa_supplicant: f8:1a:67:b2:14:c6 freq=2412 qual=0 noise=-88 level=-49 snr=39* flags=0x29 age=202
05-19 18:19:55.559 2988 2988 D wpa_supplicant: IEs - hexdump(len=377): 00 0b 57 49 46 49 5f 4d 49 5a 49 46 49 01 08 82 84 8b 96 0c 12 18 24 03 01 01 2a 01 02 30 14 01 ...
05-19 18:19:55.559 2988 2988 D wpa_supplicant: Beacon IEs - hexdump(len=216): 00 0b 57 49 46 49 5f 4d 49 5a 49 46 49 01 08 82 84 8b 96 0c 12 18 24 03 01 01 05 04 00 01 00 00 ...
05-19 18:19:55.559 2988 2988 D wpa_supplicant: 1c:7e:e5:c3:3d:32 freq=2462 qual=0 noise=-87 level=-80 snr=7 flags=0x9 age=382
05-19 18:19:55.560 2988 2988 D wpa_supplicant: IEs - hexdump(len=221): 00 0d 41 63 65 73 73 6f 20 4e 65 67 61 64 6f 01 08 82 84 8b 96 12 24 48 6c 03 01 0b 2a 01 00 32 ...
05-19 18:19:55.560 2988 2988 D wpa_supplicant: Beacon IEs - hexdump(len=244): 00 0d 41 63 65 73 73 6f 20 4e 65 67 61 64 6f 01 08 82 84 8b 96 12 24 48 6c 03 01 0b 32 04 0c 18 ...
05-19 18:19:55.560 2988 2988 D wpa_supplicant: wlan0: BSS: Start scan result update 4
05-19 18:19:55.560 2988 2988 D wpa_supplicant: BSS: last_scan_res_used=2/32
05-19 18:19:55.560 2988 2988 D wpa_supplicant: Add randomness: count=9 entropy=2
05-19 18:19:55.560 2988 2988 D wpa_supplicant: random pool - hexdump(len=128): [REMOVED]
05-19 18:19:55.560 2988 2988 D wpa_supplicant: random_mix_pool - hexdump(len=8): [REMOVED]
05-19 18:19:55.560 2988 2988 D wpa_supplicant: random_mix_pool - hexdump(len=5): [REMOVED]
05-19 18:19:55.560 2988 2988 D wpa_supplicant: random pool - hexdump(len=128): [REMOVED]
05-19 18:19:55.560 2988 2988 D wpa_supplicant: Add randomness: count=10 entropy=3
05-19 18:19:55.560 2988 2988 D wpa_supplicant: random pool - hexdump(len=128): [REMOVED]
05-19 18:19:55.560 2988 2988 D wpa_supplicant: random_mix_pool - hexdump(len=8): [REMOVED]
05-19 18:19:55.560 2988 2988 D wpa_supplicant: random_mix_pool - hexdump(len=5): [REMOVED]
05-19 18:19:55.560 2988 2988 D wpa_supplicant: random pool - hexdump(len=128): [REMOVED]
05-19 18:19:55.560 2988 2988 D wpa_supplicant: wlan0: Scan-only results received
05-19 18:19:55.560 2988 2988 D wpa_supplicant: CTRL_IFACE monitor sent successfully to /data/misc/wifi/sockets/wpa_ctrl_1943-2\x00
05-19 18:19:55.560 2988 2988 D wpa_supplicant: wlan0: Radio work 'scan'@0xb6836430 done in 3.684808 seconds
05-19 18:19:55.565 2988 2988 D wpa_supplicant: wlan0: Control interface command 'BSS RANGE=0- MASK=0x21987'
05-19 18:19:55.565 2988 2988 D wpa_supplicant: WPS: attr type=0x104a len=1
05-19 18:19:55.565 2988 2988 D wpa_supplicant: WPS: attr type=0x1044 len=1
05-19 18:19:55.565 2988 2988 D wpa_supplicant: WPS: attr type=0x103b len=1
05-19 18:19:55.565 2988 2988 D wpa_supplicant: WPS: attr type=0x1047 len=16
05-19 18:19:55.565 2988 2988 D wpa_supplicant: WPS: attr type=0x1021 len=7
05-19 18:19:55.565 2988 2988 D wpa_supplicant: WPS: attr type=0x1023 len=9
05-19 18:19:55.565 2988 2988 D wpa_supplicant: WPS: attr type=0x1024 len=3
05-19 18:19:55.565 2988 2988 D wpa_supplicant: WPS: attr type=0x1042 len=3
05-19 18:19:55.565 2988 2988 D wpa_supplicant: WPS: attr type=0x1054 len=8
05-19 18:19:55.565 2988 2988 D wpa_supplicant: WPS: attr type=0x1011 len=25
05-19 18:19:55.565 2988 2988 D wpa_supplicant: WPS: attr type=0x1008 len=2
05-19 18:19:55.565 2988 2988 D wpa_supplicant: WPS: attr type=0x103c len=1
05-19 18:19:55.565 2988 2988 D wpa_supplicant: WPS: attr type=0x1049 len=20
05-19 18:19:55.565 2988 2988 D wpa_supplicant: WPS: Unknown Vendor Extension (Vendor ID 9442)
05-19 18:19:55.565 2988 2988 D wpa_supplicant: WPS: attr type=0x104a len=1
05-19 18:19:55.565 2988 2988 D wpa_supplicant: WPS: attr type=0x1044 len=1
05-19 18:19:55.565 2988 2988 D wpa_supplicant: WPS: attr type=0x103b len=1
05-19 18:19:55.565 2988 2988 D wpa_supplicant: WPS: attr type=0x1047 len=16
05-19 18:19:55.565 2988 2988 D wpa_supplicant: WPS: attr type=0x1021 len=7
05-19 18:19:55.565 2988 2988 D wpa_supplicant: WPS: attr type=0x1023 len=9
05-19 18:19:55.565 2988 2988 D wpa_supplicant: WPS: attr type=0x1024 len=3
05-19 18:19:55.565 2988 2988 D wpa_supplicant: WPS: attr type=0x1042 len=3
05-19 18:19:55.565 2988 2988 D wpa_supplicant: WPS: attr type=0x1054 len=8
05-19 18:19:55.565 2988 2988 D wpa_supplicant: WPS: attr type=0x1011 len=25
05-19 18:19:55.565 2988 2988 D wpa_supplicant: WPS: attr type=0x1008 len=2
05-19 18:19:55.565 2988 2988 D wpa_supplicant: WPS: attr type=0x103c len=1
05-19 18:19:55.565 2988 2988 D wpa_supplicant: WPS: attr type=0x1049 len=20
05-19 18:19:55.565 2988 2988 D wpa_supplicant: WPS: Unknown Vendor Extension (Vendor ID 9442)
05-19 18:19:55.565 2988 2988 D wpa_supplicant: WPS: attr type=0x104a len=1
05-19 18:19:55.565 2988 2988 D wpa_supplicant: WPS: attr type=0x1044 len=1
05-19 18:19:55.565 2988 2988 D wpa_supplicant: WPS: attr type=0x103b len=1
05-19 18:19:55.565 2988 2988 D wpa_supplicant: WPS: attr type=0x1047 len=16
05-19 18:19:55.565 2988 2988 D wpa_supplicant: WPS: attr type=0x1021 len=7
05-19 18:19:55.565 2988 2988 D wpa_supplicant: WPS: attr type=0x1023 len=9
05-19 18:19:55.565 2988 2988 D wpa_supplicant: WPS: attr type=0x1024 len=3
05-19 18:19:55.565 2988 2988 D wpa_supplicant: WPS: attr type=0x1042 len=3
05-19 18:19:55.565 2988 2988 D wpa_supplicant: WPS: attr type=0x1054 len=8
05-19 18:19:55.565 2988 2988 D wpa_supplicant: WPS: attr type=0x1011 len=25
05-19 18:19:55.565 2988 2988 D wpa_supplicant: WPS: attr type=0x1008 len=2
05-19 18:19:55.565 2988 2988 D wpa_supplicant: WPS: attr type=0x103c len=1
05-19 18:19:55.565 2988 2988 D wpa_supplicant: WPS: attr type=0x1049 len=20
05-19 18:19:55.565 2988 2988 D wpa_supplicant: WPS: Unknown Vendor Extension (Vendor ID 9442)
05-19 18:19:55.565 2988 2988 D wpa_supplicant: RTM_NEWLINK: ifi_index=4 ifname=wlan0 wext ifi_family=0 ifi_flags=0x11043 ([UP][RUNNING][LOWER_UP])
05-19 18:19:55.569 2988 2988 D wpa_supplicant: wlan0: Control interface command 'STATUS-NO_EVENTS'
05-19 18:19:56.820 2988 2988 D wpa_supplicant: wlan0: Control interface command 'SIGNAL_POLL'
05-19 18:19:57.176 1943 2040 W AudioTrack: AUDIO_OUTPUT_FLAG_FAST denied by client
05-19 18:19:57.197 1628 1940 D audio_hw_primary: found out /dev/snd/pcmC1D0p
05-19 18:19:57.226 2458 2976 I MESA-DEBUG: Inside r600_texture_from_handle
05-19 18:19:57.226 2458 2976 I MESA-DEBUG: templ->target = 2 ; templ->depth0 = 1 ; templ->last_level = 0
05-19 18:19:57.226 2458 2976 I MESA-DEBUG: Ending r600_texture_from_handle - stride value is 5632
05-19 18:19:57.328 2458 2458 D DashboardSummary: rebuildUI took: 90 ms
05-19 18:19:57.397 1620 1620 I MESA-DEBUG: Inside r600_texture_from_handle
05-19 18:19:57.397 1620 1620 I MESA-DEBUG: templ->target = 2 ; templ->depth0 = 1 ; templ->last_level = 0
05-19 18:19:57.397 1620 1620 I MESA-DEBUG: Ending r600_texture_from_handle - stride value is 5632
05-19 18:19:57.686 2458 2976 I MESA-DEBUG: Inside r600_texture_from_handle
05-19 18:19:57.686 2458 2976 I MESA-DEBUG: templ->target = 2 ; templ->depth0 = 1 ; templ->last_level = 0
05-19 18:19:57.686 2458 2976 I MESA-DEBUG: Ending r600_texture_from_handle - stride value is 5632
05-19 18:19:57.714 1620 1620 I MESA-DEBUG: Inside r600_texture_from_handle
05-19 18:19:57.714 1620 1620 I MESA-DEBUG: templ->target = 2 ; templ->depth0 = 1 ; templ->last_level = 0
05-19 18:19:57.714 1620 1620 I MESA-DEBUG: Ending r600_texture_from_handle - stride value is 5632
05-19 18:19:58.419 2458 2976 I MESA-DEBUG: Inside r600_texture_from_handle
05-19 18:19:58.419 2458 2976 I MESA-DEBUG: templ->target = 2 ; templ->depth0 = 1 ; templ->last_level = 0
05-19 18:19:58.419 2458 2976 I MESA-DEBUG: Ending r600_texture_from_handle - stride value is 5632
05-19 18:19:58.430 1620 1620 I MESA-DEBUG: Inside r600_texture_from_handle
05-19 18:19:58.430 1620 1620 I MESA-DEBUG: templ->target = 2 ; templ->depth0 = 1 ; templ->last_level = 0
05-19 18:19:58.430 1620 1620 I MESA-DEBUG: Ending r600_texture_from_handle - stride value is 5632
05-19 18:19:59.825 2988 2988 D wpa_supplicant: wlan0: Control interface command 'SIGNAL_POLL'
05-19 18:20:00.097 1943 2040 W AudioTrack: AUDIO_OUTPUT_FLAG_FAST denied by client
05-19 18:20:00.100 1943 2389 I ActivityManager: START u0 {act=android.intent.action.MAIN cmp=com.android.settings/.SubSettings (has extras)} from uid 1000 on display 0
05-19 18:20:00.103 1943 2389 V WindowManager: addAppToken: AppWindowToken{1d4aaa90 token=Token{378f2153 ActivityRecord{a81fd42 u0 com.android.settings/.SubSettings t5}}} to stack=1 task=5 at 1
05-19 18:20:00.147 2458 2458 D SubSettings: Launching fragment com.android.settings.SecuritySettings
05-19 18:20:00.203 2458 2471 I art : Background sticky concurrent mark sweep GC freed 20670(899KB) AllocSpace objects, 0(0B) LOS objects, 15% free, 5MB/6MB, paused 5.052ms total 49.922ms
05-19 18:20:00.212 2458 2458 W Settings: Setting install_non_market_apps has moved from android.provider.Settings.Global to android.provider.Settings.Secure, returning read-only value.
05-19 18:20:00.226 1943 1961 V WindowManager: Adding window Window{cc3c6c1 u0 com.android.settings/com.android.settings.SubSettings} at 3 of 8 (after Window{2fa85a3b u0 com.android.settings/com.android.settings.Settings})
05-19 18:20:00.232 2458 2975 D Index : Deleting data for locale 'en_US' took 14 millis
05-19 18:20:00.261 2458 2976 I MESA-DEBUG: Inside r600_texture_from_handle
05-19 18:20:00.261 2458 2976 I MESA-DEBUG: templ->target = 2 ; templ->depth0 = 1 ; templ->last_level = 0
05-19 18:20:00.262 2458 2976 I MESA-DEBUG: Ending r600_texture_from_handle - stride value is 5632
05-19 18:20:00.329 2458 2975 D Index : Indexing locale 'en_US' took 97 millis
05-19 18:20:00.397 1620 1620 I MESA-DEBUG: Inside r600_texture_from_handle
05-19 18:20:00.397 1620 1620 I MESA-DEBUG: templ->target = 2 ; templ->depth0 = 1 ; templ->last_level = 0
05-19 18:20:00.397 1620 1620 I MESA-DEBUG: Ending r600_texture_from_handle - stride value is 5632
05-19 18:20:00.401 1943 1970 I ActivityManager: Displayed com.android.settings/.SubSettings: +286ms
05-19 18:20:00.435 2458 2976 I MESA-DEBUG: Inside r600_texture_from_handle
05-19 18:20:00.435 2458 2976 I MESA-DEBUG: templ->target = 2 ; templ->depth0 = 1 ; templ->last_level = 0
05-19 18:20:00.435 2458 2976 I MESA-DEBUG: Ending r600_texture_from_handle - stride value is 5632
05-19 18:20:00.447 1620 1620 I MESA-DEBUG: Inside r600_texture_from_handle
05-19 18:20:00.447 1620 1620 I MESA-DEBUG: templ->target = 2 ; templ->depth0 = 1 ; templ->last_level = 0
05-19 18:20:00.447 1620 1620 I MESA-DEBUG: Ending r600_texture_from_handle - stride value is 5632
05-19 18:20:00.458 2458 2976 I MESA-DEBUG: Inside r600_texture_from_handle
05-19 18:20:00.458 2458 2976 I MESA-DEBUG: templ->target = 2 ; templ->depth0 = 1 ; templ->last_level = 0
05-19 18:20:00.459 2458 2976 I MESA-DEBUG: Ending r600_texture_from_handle - stride value is 5632
05-19 18:20:00.480 1620 1620 I MESA-DEBUG: Inside r600_texture_from_handle
05-19 18:20:00.480 1620 1620 I MESA-DEBUG: templ->target = 2 ; templ->depth0 = 1 ; templ->last_level = 0
05-19 18:20:00.481 1620 1620 I MESA-DEBUG: Ending r600_texture_from_handle - stride value is 5632
05-19 18:20:02.346 1943 2040 W AudioTrack: AUDIO_OUTPUT_FLAG_FAST denied by client
05-19 18:20:02.367 1943 2406 V WindowManager: not Base app: Adding window Window{38e5d7c0 u0 com.android.settings/com.android.settings.SubSettings} at 4 of 9
05-19 18:20:02.409 2458 2976 I MESA-DEBUG: Inside r600_texture_from_handle
05-19 18:20:02.409 2458 2976 I MESA-DEBUG: templ->target = 2 ; templ->depth0 = 1 ; templ->last_level = 0
05-19 18:20:02.409 2458 2976 I MESA-DEBUG: Ending r600_texture_from_handle - stride value is 2816
05-19 18:20:02.447 1620 1620 I MESA-DEBUG: Inside r600_texture_from_handle
05-19 18:20:02.447 1620 1620 I MESA-DEBUG: templ->target = 2 ; templ->depth0 = 1 ; templ->last_level = 0
05-19 18:20:02.447 1620 1620 I MESA-DEBUG: Ending r600_texture_from_handle - stride value is 2816
05-19 18:20:02.463 2458 2976 I MESA-DEBUG: Inside r600_texture_from_handle
05-19 18:20:02.463 2458 2976 I MESA-DEBUG: templ->target = 2 ; templ->depth0 = 1 ; templ->last_level = 0
05-19 18:20:02.463 2458 2976 I MESA-DEBUG: Ending r600_texture_from_handle - stride value is 2816
05-19 18:20:02.468 1943 2034 E WifiStateMachine: WifiStateMachine CMD_START_SCAN source -2 txSuccessRate=-0.00 rxSuccessRate=-0.00 targetRoamBSSID=f8:1a:67:b2:14:c6 RSSI=-53
05-19 18:20:02.469 2988 2988 D wpa_supplicant: wlan0: Control interface command 'SCAN TYPE=ONLY'
05-19 18:20:02.469 2988 2988 D wpa_supplicant: wlan0: Setting scan request: 0.000000 sec
05-19 18:20:02.469 2988 2988 D wpa_supplicant: wlan0: Starting AP scan for wildcard SSID
05-19 18:20:02.469 2988 2988 D wpa_supplicant: WPS: Building WPS IE for Probe Request
05-19 18:20:02.469 2988 2988 D wpa_supplicant: WPS: * Version (hardcoded 0x10)
05-19 18:20:02.469 2988 2988 D wpa_supplicant: WPS: * Request Type
05-19 18:20:02.469 2988 2988 D wpa_supplicant: WPS: * Config Methods (4288)
05-19 18:20:02.469 2988 2988 D wpa_supplicant: WPS: * UUID-E
05-19 18:20:02.469 2988 2988 D wpa_supplicant: WPS: * Primary Device Type
05-19 18:20:02.469 2988 2988 D wpa_supplicant: WPS: * RF Bands (1)
05-19 18:20:02.469 2988 2988 D wpa_supplicant: WPS: * Association State
05-19 18:20:02.469 2988 2988 D wpa_supplicant: WPS: * Configuration Error (0)
05-19 18:20:02.469 2988 2988 D wpa_supplicant: WPS: * Device Password ID (0)
05-19 18:20:02.469 2988 2988 D wpa_supplicant: WPS: * Manufacturer
05-19 18:20:02.469 2988 2988 D wpa_supplicant: WPS: * Model Name
05-19 18:20:02.469 2988 2988 D wpa_supplicant: WPS: * Model Number
05-19 18:20:02.469 2988 2988 D wpa_supplicant: WPS: * Device Name
05-19 18:20:02.469 2988 2988 D wpa_supplicant: WPS: * Version2 (0x20)
05-19 18:20:02.469 2988 2988 D wpa_supplicant: P2P: * P2P IE header
05-19 18:20:02.469 2988 2988 D wpa_supplicant: P2P: * Capability dev=25 group=00
05-19 18:20:02.469 2988 2988 D wpa_supplicant: P2P: * Listen Channel: Regulatory Class 81 Channel 6
05-19 18:20:02.469 2988 2988 D wpa_supplicant: wlan0: Add radio work 'scan'@0xb6836430
05-19 18:20:02.469 2988 2988 D wpa_supplicant: wlan0: First radio work item in the queue - schedule start immediately
05-19 18:20:02.469 2988 2988 D wpa_supplicant: wlan0: Starting radio work 'scan'@0xb6836430 after 0.000039 second wait
05-19 18:20:02.469 2988 2988 D wpa_supplicant: wlan0: nl80211: scan request
05-19 18:20:02.469 2988 2988 D wpa_supplicant: nl80211: Scan SSID - hexdump(len=0): [NULL]
05-19 18:20:02.469 2988 2988 D wpa_supplicant: nl80211: Scan extra IEs - hexdump(len=163): dd 8e 00 50 f2 04 10 4a 00 01 10 10 3a 00 01 00 10 08 00 02 42 88 10 47 00 10 fe 28 80 d2 f9 e9 ...
05-19 18:20:02.470 2988 2988 D wpa_supplicant: Scan requested (ret=0) - scan timeout 30 seconds
05-19 18:20:02.470 2988 2988 D wpa_supplicant: nl80211: Event message available
05-19 18:20:02.470 2988 2988 D wpa_supplicant: nl80211: Drv Event 33 (NL80211_CMD_TRIGGER_SCAN) received for wlan0
05-19 18:20:02.470 2988 2988 D wpa_supplicant: wlan0: nl80211: Scan trigger
05-19 18:20:02.471 2988 2988 D wpa_supplicant: wlan0: Event SCAN_STARTED (49) received
05-19 18:20:02.471 2988 2988 D wpa_supplicant: wlan0: Own scan request started a scan in 0.000136 seconds
05-19 18:20:02.471 2988 2988 D wpa_supplicant: CTRL_IFACE monitor sent successfully to /data/misc/wifi/sockets/wpa_ctrl_1943-2\x00
05-19 18:20:02.480 1620 1620 I MESA-DEBUG: Inside r600_texture_from_handle
05-19 18:20:02.480 1620 1620 I MESA-DEBUG: templ->target = 2 ; templ->depth0 = 1 ; templ->last_level = 0
05-19 18:20:02.481 1620 1620 I MESA-DEBUG: Ending r600_texture_from_handle - stride value is 2816
05-19 18:20:02.826 2988 2988 D wpa_supplicant: wlan0: Control interface command 'SIGNAL_POLL'
05-19 18:20:03.016 2458 2976 I MESA-DEBUG: Inside r600_texture_from_handle
05-19 18:20:03.016 2458 2976 I MESA-DEBUG: templ->target = 2 ; templ->depth0 = 1 ; templ->last_level = 0
05-19 18:20:03.016 2458 2976 I MESA-DEBUG: Ending r600_texture_from_handle - stride value is 2816
05-19 18:20:03.037 1620 1620 I MESA-DEBUG: Inside r600_texture_from_handle
05-19 18:20:03.037 1620 1620 I MESA-DEBUG: templ->target = 2 ; templ->depth0 = 1 ; templ->last_level = 0
05-19 18:20:03.037 1620 1620 I MESA-DEBUG: Ending r600_texture_from_handle - stride value is 2816
05-19 18:20:04.006 1943 2040 W AudioTrack: AUDIO_OUTPUT_FLAG_FAST denied by client
05-19 18:20:04.022 2458 2458 W Settings: Setting install_non_market_apps has moved from android.provider.Settings.Global to android.provider.Settings.Secure, value is unchanged.
05-19 18:20:04.037 2458 2976 D OpenGLRenderer: endAllStagingAnimators on 0xb3f43580 (RippleDrawable) with handle 0xa0f3a650
05-19 18:20:04.062 1943 2493 W InputMethodManagerService: Window already focused, ignoring focus gain of: com.android.internal.view.IInputMethodClient$Stub$Proxy@3230afec attribute=null, token = android.os.BinderProxy@ca13ba8
05-19 18:20:05.182 1943 2024 I ActivityManager: START u0 {act=android.intent.action.MAIN cat=[android.intent.category.HOME] flg=0x10200000 cmp=com.cyanogenmod.trebuchet/com.android.launcher3.Launcher} from uid 1000 on display 0
05-19 18:20:05.190 1943 2040 W AudioTrack: AUDIO_OUTPUT_FLAG_FAST denied by client
05-19 18:20:05.192 1620 2077 D PermissionCache: checking android.permission.READ_FRAME_BUFFER for uid=1000 => granted (229 us)
05-19 18:20:05.203 1620 1620 I MESA-DEBUG: Inside r600_texture_from_handle
05-19 18:20:05.203 1620 1620 I MESA-DEBUG: templ->target = 2 ; templ->depth0 = 1 ; templ->last_level = 0
05-19 18:20:05.203 1620 1620 I MESA-DEBUG: Ending r600_texture_from_handle - stride value is 1792
05-19 18:20:05.446 2562 2627 I MESA-DEBUG: Inside r600_texture_from_handle
05-19 18:20:05.446 2562 2627 I MESA-DEBUG: templ->target = 2 ; templ->depth0 = 1 ; templ->last_level = 0
05-19 18:20:05.447 2562 2627 I MESA-DEBUG: Ending r600_texture_from_handle - stride value is 5632
05-19 18:20:05.484 1620 1620 I MESA-DEBUG: Inside r600_texture_from_handle
05-19 18:20:05.484 1620 1620 I MESA-DEBUG: templ->target = 2 ; templ->depth0 = 1 ; templ->last_level = 0
05-19 18:20:05.484 1620 1620 I MESA-DEBUG: Ending r600_texture_from_handle - stride value is 5632
05-19 18:20:05.828 2988 2988 D wpa_supplicant: wlan0: Control interface command 'SIGNAL_POLL'
05-19 18:20:05.982 2562 2627 I MESA-DEBUG: Inside r600_texture_from_handle
05-19 18:20:05.982 2562 2627 I MESA-DEBUG: templ->target = 2 ; templ->depth0 = 1 ; templ->last_level = 0
05-19 18:20:05.982 2562 2627 I MESA-DEBUG: Ending r600_texture_from_handle - stride value is 5632
05-19 18:20:05.983 2562 2627 W OpenGLRenderer: Incorrectly called buildLayer on View: ShortcutAndWidgetContainer, destroying layer...
05-19 18:20:06.000 1620 1620 I MESA-DEBUG: Inside r600_texture_from_handle
05-19 18:20:06.000 1620 1620 I MESA-DEBUG: templ->target = 2 ; templ->depth0 = 1 ; templ->last_level = 0
05-19 18:20:06.000 1620 1620 I MESA-DEBUG: Ending r600_texture_from_handle - stride value is 5632
05-19 18:20:06.175 2988 2988 D wpa_supplicant: nl80211: Event message available
05-19 18:20:06.175 2988 2988 D wpa_supplicant: nl80211: Drv Event 34 (NL80211_CMD_NEW_SCAN_RESULTS) received for wlan0
05-19 18:20:06.175 2988 2988 D wpa_supplicant: wlan0: nl80211: New scan results available
05-19 18:20:06.175 2988 2988 D wpa_supplicant: nl80211: Scan probed for SSID ''
05-19 18:20:06.175 2988 2988 D wpa_supplicant: nl80211: Scan included frequencies: 2412 2417 2422 2427 2432 2437 2442 2447 2452 2457 2462 2467 2472
05-19 18:20:06.175 2988 2988 D wpa_supplicant: wlan0: Event SCAN_RESULTS (3) received
05-19 18:20:06.175 2988 2988 D wpa_supplicant: wlan0: Scan completed in 3.704434 seconds
05-19 18:20:06.175 2988 2988 D wpa_supplicant: nl80211: Associated on 2412 MHz
05-19 18:20:06.175 2988 2988 D wpa_supplicant: nl80211: Associated with f8:1a:67:b2:14:c6
05-19 18:20:06.175 2988 2988 D wpa_supplicant: nl80211: Received scan results (2 BSSes)
05-19 18:20:06.175 2988 2988 D wpa_supplicant: nl80211: Scan results indicate BSS status with f8:1a:67:b2:14:c6 as associated
05-19 18:20:06.175 2988 2988 D wpa_supplicant: Sorted scan results
05-19 18:20:06.175 2988 2988 D wpa_supplicant: f8:1a:67:b2:14:c6 freq=2412 qual=0 noise=-88 level=-55 snr=33* flags=0x29 age=172
05-19 18:20:06.175 2988 2988 D wpa_supplicant: IEs - hexdump(len=377): 00 0b 57 49 46 49 5f 4d 49 5a 49 46 49 01 08 82 84 8b 96 0c 12 18 24 03 01 01 2a 01 02 30 14 01 ...
05-19 18:20:06.175 2988 2988 D wpa_supplicant: Beacon IEs - hexdump(len=216): 00 0b 57 49 46 49 5f 4d 49 5a 49 46 49 01 08 82 84 8b 96 0c 12 18 24 03 01 01 05 04 00 01 00 00 ...
05-19 18:20:06.175 2988 2988 D wpa_supplicant: 1c:7e:e5:c3:3d:32 freq=2462 qual=0 noise=-87 level=-80 snr=7 flags=0x9 age=10604
05-19 18:20:06.176 2988 2988 D wpa_supplicant: IEs - hexdump(len=221): 00 0d 41 63 65 73 73 6f 20 4e 65 67 61 64 6f 01 08 82 84 8b 96 12 24 48 6c 03 01 0b 2a 01 00 32 ...
05-19 18:20:06.176 2988 2988 D wpa_supplicant: Beacon IEs - hexdump(len=244): 00 0d 41 63 65 73 73 6f 20 4e 65 67 61 64 6f 01 08 82 84 8b 96 12 24 48 6c 03 01 0b 32 04 0c 18 ...
05-19 18:20:06.176 2988 2988 D wpa_supplicant: wlan0: BSS: Start scan result update 5
05-19 18:20:06.176 2988 2988 D wpa_supplicant: BSS: last_scan_res_used=2/32
05-19 18:20:06.176 2988 2988 D wpa_supplicant: Add randomness: count=11 entropy=4
05-19 18:20:06.176 2988 2988 D wpa_supplicant: random pool - hexdump(len=128): [REMOVED]
05-19 18:20:06.176 2988 2988 D wpa_supplicant: random_mix_pool - hexdump(len=8): [REMOVED]
05-19 18:20:06.176 2988 2988 D wpa_supplicant: random_mix_pool - hexdump(len=5): [REMOVED]
05-19 18:20:06.176 2988 2988 D wpa_supplicant: random pool - hexdump(len=128): [REMOVED]
05-19 18:20:06.176 2988 2988 D wpa_supplicant: Add randomness: count=12 entropy=5
05-19 18:20:06.176 2988 2988 D wpa_supplicant: random pool - hexdump(len=128): [REMOVED]
05-19 18:20:06.176 2988 2988 D wpa_supplicant: random_mix_pool - hexdump(len=8): [REMOVED]
05-19 18:20:06.176 2988 2988 D wpa_supplicant: random_mix_pool - hexdump(len=5): [REMOVED]
05-19 18:20:06.176 2988 2988 D wpa_supplicant: random pool - hexdump(len=128): [REMOVED]
05-19 18:20:06.176 2988 2988 D wpa_supplicant: wlan0: Scan-only results received
05-19 18:20:06.176 2988 2988 D wpa_supplicant: CTRL_IFACE monitor sent successfully to /data/misc/wifi/sockets/wpa_ctrl_1943-2\x00
05-19 18:20:06.176 2988 2988 D wpa_supplicant: wlan0: Radio work 'scan'@0xb6836430 done in 3.706786 seconds
05-19 18:20:06.177 2988 2988 D wpa_supplicant: RTM_NEWLINK: ifi_index=4 ifname=wlan0 wext ifi_family=0 ifi_flags=0x11043 ([UP][RUNNING][LOWER_UP])
05-19 18:20:06.179 2988 2988 D wpa_supplicant: wlan0: Control interface command 'BSS RANGE=0- MASK=0x21987'
05-19 18:20:06.179 2988 2988 D wpa_supplicant: WPS: attr type=0x104a len=1
05-19 18:20:06.179 2988 2988 D wpa_supplicant: WPS: attr type=0x1044 len=1
05-19 18:20:06.179 2988 2988 D wpa_supplicant: WPS: attr type=0x103b len=1
05-19 18:20:06.179 2988 2988 D wpa_supplicant: WPS: attr type=0x1047 len=16
05-19 18:20:06.179 2988 2988 D wpa_supplicant: WPS: attr type=0x1021 len=7
05-19 18:20:06.179 2988 2988 D wpa_supplicant: WPS: attr type=0x1023 len=9
05-19 18:20:06.179 2988 2988 D wpa_supplicant: WPS: attr type=0x1024 len=3
05-19 18:20:06.179 2988 2988 D wpa_supplicant: WPS: attr type=0x1042 len=3
05-19 18:20:06.179 2988 2988 D wpa_supplicant: WPS: attr type=0x1054 len=8
05-19 18:20:06.179 2988 2988 D wpa_supplicant: WPS: attr type=0x1011 len=25
05-19 18:20:06.180 2988 2988 D wpa_supplicant: WPS: attr type=0x1008 len=2
05-19 18:20:06.180 2988 2988 D wpa_supplicant: WPS: attr type=0x103c len=1
05-19 18:20:06.180 2988 2988 D wpa_supplicant: WPS: attr type=0x1049 len=20
05-19 18:20:06.180 2988 2988 D wpa_supplicant: WPS: Unknown Vendor Extension (Vendor ID 9442)
05-19 18:20:06.180 2988 2988 D wpa_supplicant: WPS: attr type=0x104a len=1
05-19 18:20:06.180 2988 2988 D wpa_supplicant: WPS: attr type=0x1044 len=1
05-19 18:20:06.180 2988 2988 D wpa_supplicant: WPS: attr type=0x103b len=1
05-19 18:20:06.180 2988 2988 D wpa_supplicant: WPS: attr type=0x1047 len=16
05-19 18:20:06.180 2988 2988 D wpa_supplicant: WPS: attr type=0x1021 len=7
05-19 18:20:06.180 2988 2988 D wpa_supplicant: WPS: attr type=0x1023 len=9
05-19 18:20:06.180 2988 2988 D wpa_supplicant: WPS: attr type=0x1024 len=3
05-19 18:20:06.180 2988 2988 D wpa_supplicant: WPS: attr type=0x1042 len=3
05-19 18:20:06.180 2988 2988 D wpa_supplicant: WPS: attr type=0x1054 len=8
05-19 18:20:06.180 2988 2988 D wpa_supplicant: WPS: attr type=0x1011 len=25
05-19 18:20:06.180 2988 2988 D wpa_supplicant: WPS: attr type=0x1008 len=2
05-19 18:20:06.180 2988 2988 D wpa_supplicant: WPS: attr type=0x103c len=1
05-19 18:20:06.180 2988 2988 D wpa_supplicant: WPS: attr type=0x1049 len=20
05-19 18:20:06.180 2988 2988 D wpa_supplicant: WPS: Unknown Vendor Extension (Vendor ID 9442)
05-19 18:20:06.180 2988 2988 D wpa_supplicant: WPS: attr type=0x104a len=1
05-19 18:20:06.180 2988 2988 D wpa_supplicant: WPS: attr type=0x1044 len=1
05-19 18:20:06.180 2988 2988 D wpa_supplicant: WPS: attr type=0x103b len=1
05-19 18:20:06.180 2988 2988 D wpa_supplicant: WPS: attr type=0x1047 len=16
05-19 18:20:06.180 2988 2988 D wpa_supplicant: WPS: attr type=0x1021 len=7
05-19 18:20:06.180 2988 2988 D wpa_supplicant: WPS: attr type=0x1023 len=9
05-19 18:20:06.180 2988 2988 D wpa_supplicant: WPS: attr type=0x1024 len=3
05-19 18:20:06.180 2988 2988 D wpa_supplicant: WPS: attr type=0x1042 len=3
05-19 18:20:06.180 2988 2988 D wpa_supplicant: WPS: attr type=0x1054 len=8
05-19 18:20:06.180 2988 2988 D wpa_supplicant: WPS: attr type=0x1011 len=25
05-19 18:20:06.180 2988 2988 D wpa_supplicant: WPS: attr type=0x1008 len=2
05-19 18:20:06.180 2988 2988 D wpa_supplicant: WPS: attr type=0x103c len=1
05-19 18:20:06.180 2988 2988 D wpa_supplicant: WPS: attr type=0x1049 len=20
05-19 18:20:06.180 2988 2988 D wpa_supplicant: WPS: Unknown Vendor Extension (Vendor ID 9442)
05-19 18:20:06.187 2988 2988 D wpa_supplicant: wlan0: Control interface command 'STATUS-NO_EVENTS'
05-19 18:20:06.392 2173 2173 W ResourceType: No package identifier when getting value for resource number 0x00000000
05-19 18:20:06.392 2173 2173 W PackageManager: Failure retrieving resources for com.android.settings: Resource ID #0x0
05-19 18:20:07.249 2562 2627 I MESA-DEBUG: Inside r600_texture_from_handle
05-19 18:20:07.249 2562 2627 I MESA-DEBUG: templ->target = 2 ; templ->depth0 = 1 ; templ->last_level = 0
05-19 18:20:07.249 2562 2627 I MESA-DEBUG: Ending r600_texture_from_handle - stride value is 5632
05-19 18:20:07.265 1620 1620 I MESA-DEBUG: Inside r600_texture_from_handle
05-19 18:20:07.265 1620 1620 I MESA-DEBUG: templ->target = 2 ; templ->depth0 = 1 ; templ->last_level = 0
05-19 18:20:07.265 1620 1620 I MESA-DEBUG: Ending r600_texture_from_handle - stride value is 5632
05-19 18:20:07.395 1943 2151 I ActivityManager: START u0 {act=android.intent.action.MAIN cat=[android.intent.category.LAUNCHER] flg=0x10200000 cmp=com.android.browser/.BrowserActivity bnds=[888,637][1019,713]} from uid 10014 on display 0
05-19 18:20:07.396 1943 2040 W AudioTrack: AUDIO_OUTPUT_FLAG_FAST denied by client
05-19 18:20:07.401 1943 2151 V WindowManager: addAppToken: AppWindowToken{369a706d token=Token{215f1084 ActivityRecord{12865697 u0 com.android.browser/.BrowserActivity t6}}} to stack=1 task=6 at 0
05-19 18:20:07.437 1943 1970 V WindowManager: Adding window Window{a43ae08 u0 Starting com.android.browser} at 4 of 9 (after Window{cc3c6c1 u0 com.android.settings/com.android.settings.SubSettings})
05-19 18:20:07.457 1943 2150 I ActivityManager: Start proc 3076:com.android.browser/u0a19 for activity com.android.browser/.BrowserActivity
05-19 18:20:07.497 1620 1620 I MESA-DEBUG: Inside r600_texture_from_handle
05-19 18:20:07.497 1620 1620 I MESA-DEBUG: templ->target = 2 ; templ->depth0 = 1 ; templ->last_level = 0
05-19 18:20:07.497 1620 1620 I MESA-DEBUG: Ending r600_texture_from_handle - stride value is 5632
05-19 18:20:07.498 1943 2495 I art : DexFile_isDexOptNeeded file /system/app/Browser/x86/Browser.odex needs to be relocated for /system/app/Browser/Browser.apk
05-19 18:20:07.498 1943 2495 I PackageManager: Running patchoat on: com.android.browser
05-19 18:20:07.498 3092 3092 E installd: Running /system/bin/patchoat isa=x86 in-fd=5 (/system/app/Browser/x86/Browser.odex) out-fd=6 (/data/dalvik-cache/x86/system@app@Browser@Browser.apk@classes.dex)
05-19 18:20:07.693 1619 1682 E Vold : Failed to find mounted volume for /storage/usb0/Android/data/com.android.browser/files/
05-19 18:20:07.693 1619 1682 W Vold : Returning OperationFailed - no handler for errno 0
05-19 18:20:07.694 3076 3076 W ContextImpl: Failed to ensure directory: /storage/usb0/Android/data/com.android.browser/files
05-19 18:20:07.696 1619 1682 E Vold : Failed to find mounted volume for /storage/usb1/Android/data/com.android.browser/files/
05-19 18:20:07.696 1619 1682 W Vold : Returning OperationFailed - no handler for errno 0
05-19 18:20:07.697 3076 3076 W ContextImpl: Failed to ensure directory: /storage/usb1/Android/data/com.android.browser/files
05-19 18:20:07.704 1619 1682 E Vold : Failed to find mounted volume for /storage/usb2/Android/data/com.android.browser/files/
05-19 18:20:07.704 1619 1682 W Vold : Returning OperationFailed - no handler for errno 0
05-19 18:20:07.705 3076 3076 W ContextImpl: Failed to ensure directory: /storage/usb2/Android/data/com.android.browser/files
05-19 18:20:07.709 1619 1682 E Vold : Failed to find mounted volume for /storage/usb3/Android/data/com.android.browser/files/
05-19 18:20:07.709 1619 1682 W Vold : Returning OperationFailed - no handler for errno 0
05-19 18:20:07.710 3076 3076 W ContextImpl: Failed to ensure directory: /storage/usb3/Android/data/com.android.browser/files
05-19 18:20:07.711 1619 1682 E Vold : Failed to find mounted volume for /storage/sdcard1/Android/data/com.android.browser/files/
05-19 18:20:07.711 1619 1682 W Vold : Returning OperationFailed - no handler for errno 0
