05-19 18:19:41.477 2988 2988 D wpa_supplicant: wlan0: Control interface command 'GET_NETWORK 0 wep_key0'
05-19 18:19:41.477 2988 2988 D wpa_supplicant: CTRL_IFACE: GET_NETWORK id=0 name='wep_key0'
05-19 18:19:41.477 2988 2988 D wpa_supplicant: CTRL_IFACE: Failed to get network variable 'wep_key0'
05-19 18:19:41.477 2988 2988 D wpa_supplicant: wlan0: Control interface command 'GET_NETWORK 0 wep_key1'
05-19 18:19:41.477 2988 2988 D wpa_supplicant: CTRL_IFACE: GET_NETWORK id=0 name='wep_key1'
05-19 18:19:41.477 2988 2988 D wpa_supplicant: CTRL_IFACE: Failed to get network variable 'wep_key1'
05-19 18:19:41.478 2988 2988 D wpa_supplicant: wlan0: Control interface command 'GET_NETWORK 0 wep_key2'
05-19 18:19:41.478 2988 2988 D wpa_supplicant: CTRL_IFACE: GET_NETWORK id=0 name='wep_key2'
05-19 18:19:41.478 2988 2988 D wpa_supplicant: CTRL_IFACE: Failed to get network variable 'wep_key2'
05-19 18:19:41.478 2988 2988 D wpa_supplicant: wlan0: Control interface command 'GET_NETWORK 0 wep_key3'
05-19 18:19:41.478 2988 2988 D wpa_supplicant: CTRL_IFACE: GET_NETWORK id=0 name='wep_key3'
05-19 18:19:41.478 2988 2988 D wpa_supplicant: CTRL_IFACE: Failed to get network variable 'wep_key3'
05-19 18:19:41.478 2988 2988 D wpa_supplicant: wlan0: Control interface command 'GET_NETWORK 0 psk'
05-19 18:19:41.478 2988 2988 D wpa_supplicant: CTRL_IFACE: GET_NETWORK id=0 name='psk'
05-19 18:19:41.478 2988 2988 D wpa_supplicant: Do not allow key_data field to be exposed
05-19 18:19:41.478 2988 2988 D wpa_supplicant: wlan0: Control interface command 'GET_NETWORK 0 proto'
05-19 18:19:41.478 2988 2988 D wpa_supplicant: CTRL_IFACE: GET_NETWORK id=0 name='proto'
05-19 18:19:41.478 2988 2988 D wpa_supplicant: wlan0: Control interface command 'GET_NETWORK 0 key_mgmt'
05-19 18:19:41.478 2988 2988 D wpa_supplicant: CTRL_IFACE: GET_NETWORK id=0 name='key_mgmt'
05-19 18:19:41.479 2988 2988 D wpa_supplicant: wlan0: Control interface command 'GET_NETWORK 0 auth_alg'
05-19 18:19:41.479 2988 2988 D wpa_supplicant: CTRL_IFACE: GET_NETWORK id=0 name='auth_alg'
05-19 18:19:41.479 2988 2988 D wpa_supplicant: CTRL_IFACE: Failed to get network variable 'auth_alg'
05-19 18:19:41.479 2988 2988 D wpa_supplicant: wlan0: Control interface command 'GET_NETWORK 0 pairwise'
05-19 18:19:41.479 2988 2988 D wpa_supplicant: CTRL_IFACE: GET_NETWORK id=0 name='pairwise'
05-19 18:19:41.479 2988 2988 D wpa_supplicant: wlan0: Control interface command 'GET_NETWORK 0 group'
05-19 18:19:41.479 2988 2988 D wpa_supplicant: CTRL_IFACE: GET_NETWORK id=0 name='group'
05-19 18:19:41.479 2988 2988 D wpa_supplicant: wlan0: Control interface command 'GET_NETWORK 0 eap'
05-19 18:19:41.479 2988 2988 D wpa_supplicant: CTRL_IFACE: GET_NETWORK id=0 name='eap'
05-19 18:19:41.479 2988 2988 D wpa_supplicant: CTRL_IFACE: Failed to get network variable 'eap'
05-19 18:19:41.480 2988 2988 D wpa_supplicant: wlan0: Control interface command 'GET_NETWORK 0 phase2'
05-19 18:19:41.480 2988 2988 D wpa_supplicant: CTRL_IFACE: GET_NETWORK id=0 name='phase2'
05-19 18:19:41.480 2988 2988 D wpa_supplicant: CTRL_IFACE: Failed to get network variable 'phase2'
05-19 18:19:41.480 2988 2988 D wpa_supplicant: wlan0: Control interface command 'GET_NETWORK 0 identity'
05-19 18:19:41.480 2988 2988 D wpa_supplicant: CTRL_IFACE: GET_NETWORK id=0 name='identity'
05-19 18:19:41.480 2988 2988 D wpa_supplicant: CTRL_IFACE: Failed to get network variable 'identity'
05-19 18:19:41.480 2988 2988 D wpa_supplicant: wlan0: Control interface command 'GET_NETWORK 0 anonymous_identity'
05-19 18:19:41.480 2988 2988 D wpa_supplicant: CTRL_IFACE: GET_NETWORK id=0 name='anonymous_identity'
05-19 18:19:41.480 2988 2988 D wpa_supplicant: CTRL_IFACE: Failed to get network variable 'anonymous_identity'
05-19 18:19:41.480 2988 2988 D wpa_supplicant: wlan0: Control interface command 'GET_NETWORK 0 password'
05-19 18:19:41.480 2988 2988 D wpa_supplicant: CTRL_IFACE: GET_NETWORK id=0 name='password'
05-19 18:19:41.480 2988 2988 D wpa_supplicant: CTRL_IFACE: Failed to get network variable 'password'
05-19 18:19:41.481 2988 2988 D wpa_supplicant: wlan0: Control interface command 'GET_NETWORK 0 client_cert'
05-19 18:19:41.481 2988 2988 D wpa_supplicant: CTRL_IFACE: GET_NETWORK id=0 name='client_cert'
05-19 18:19:41.481 2988 2988 D wpa_supplicant: CTRL_IFACE: Failed to get network variable 'client_cert'
05-19 18:19:41.481 2988 2988 D wpa_supplicant: wlan0: Control interface command 'GET_NETWORK 0 ca_cert'
05-19 18:19:41.481 2988 2988 D wpa_supplicant: CTRL_IFACE: GET_NETWORK id=0 name='ca_cert'
05-19 18:19:41.481 2988 2988 D wpa_supplicant: CTRL_IFACE: Failed to get network variable 'ca_cert'
05-19 18:19:41.481 2988 2988 D wpa_supplicant: wlan0: Control interface command 'GET_NETWORK 0 subject_match'
05-19 18:19:41.481 2988 2988 D wpa_supplicant: CTRL_IFACE: GET_NETWORK id=0 name='subject_match'
05-19 18:19:41.481 2988 2988 D wpa_supplicant: CTRL_IFACE: Failed to get network variable 'subject_match'
05-19 18:19:41.481 2988 2988 D wpa_supplicant: wlan0: Control interface command 'GET_NETWORK 0 engine'
05-19 18:19:41.481 2988 2988 D wpa_supplicant: CTRL_IFACE: GET_NETWORK id=0 name='engine'
05-19 18:19:41.481 2988 2988 D wpa_supplicant: wlan0: Control interface command 'GET_NETWORK 0 engine_id'
05-19 18:19:41.481 2988 2988 D wpa_supplicant: CTRL_IFACE: GET_NETWORK id=0 name='engine_id'
05-19 18:19:41.481 2988 2988 D wpa_supplicant: CTRL_IFACE: Failed to get network variable 'engine_id'
05-19 18:19:41.482 2988 2988 D wpa_supplicant: wlan0: Control interface command 'GET_NETWORK 0 key_id'
05-19 18:19:41.482 2988 2988 D wpa_supplicant: CTRL_IFACE: GET_NETWORK id=0 name='key_id'
05-19 18:19:41.482 2988 2988 D wpa_supplicant: CTRL_IFACE: Failed to get network variable 'key_id'
05-19 18:19:41.482 2988 2988 D wpa_supplicant: wlan0: Control interface command 'GET_NETWORK 0 private_key'
05-19 18:19:41.482 2988 2988 D wpa_supplicant: CTRL_IFACE: GET_NETWORK id=0 name='private_key'
05-19 18:19:41.482 2988 2988 D wpa_supplicant: CTRL_IFACE: Failed to get network variable 'private_key'
05-19 18:19:41.482 1943 2034 E WifiConfigStore: rewrite network history for "WIFI_MIZIFI"WPA_PSK
05-19 18:19:41.491 2988 2988 D wpa_supplicant: wlan0: Control interface command 'ENABLE_NETWORK 0'
05-19 18:19:41.491 2988 2988 D wpa_supplicant: CTRL_IFACE: ENABLE_NETWORK id=0
05-19 18:19:41.491 2988 2988 D wpa_supplicant: wlan0: Selecting BSS from priority group 0
05-19 18:19:41.491 2988 2988 D wpa_supplicant: wlan0: 0: f8:1a:67:b2:14:c6 ssid='WIFI_MIZIFI' wpa_ie_len=22 rsn_ie_len=20 caps=0x31 level=-54 wps
05-19 18:19:41.491 2988 2988 D wpa_supplicant: wlan0: selected based on RSN IE
05-19 18:19:41.491 2988 2988 D wpa_supplicant: wlan0: selected BSS f8:1a:67:b2:14:c6 ssid='WIFI_MIZIFI'
05-19 18:19:41.491 2988 2988 D wpa_supplicant: wlan0: Considering connect request: reassociate: 1 selected: f8:1a:67:b2:14:c6 bssid: 00:00:00:00:00:00 pending: 00:00:00:00:00:00 wpa_state: SCANNING ssid=0xb6876a80 current_ssid=0x0
05-19 18:19:41.491 2988 2988 D wpa_supplicant: wlan0: Request association with f8:1a:67:b2:14:c6
05-19 18:19:41.491 2988 2988 D wpa_supplicant: WPA: Unrecognized EAPOL-Key Key Data IE - hexdump(len=13): 00 0b 57 49 46 49 5f 4d 49 5a 49 46 49
05-19 18:19:41.491 2988 2988 D wpa_supplicant: WPA: Unrecognized EAPOL-Key Key Data IE - hexdump(len=3): 03 01 01
05-19 18:19:41.491 2988 2988 D wpa_supplicant: WPA: Unrecognized EAPOL-Key Key Data IE - hexdump(len=3): 2a 01 02
05-19 18:19:41.491 2988 2988 D wpa_supplicant: WPA: RSN IE in EAPOL-Key - hexdump(len=22): 30 14 01 00 00 0f ac 04 01 00 00 0f ac 04 01 00 00 0f ac 02 00 00
05-19 18:19:41.491 2988 2988 D wpa_supplicant: WPA: Unrecognized EAPOL-Key Key Data IE - hexdump(len=28): 33 1a ef 11 03 ff ff 00 00 00 00 00 00 00 00 00 00 00 00 00 00 00 04 06 e6 e7 0d 00
05-19 18:19:41.491 2988 2988 D wpa_supplicant: WPA: Unrecognized EAPOL-Key Key Data IE - hexdump(len=24): 3d 16 01 05 15 00 00 00 00 00 00 00 00 00 00 00 00 00 00 00 00 00 00 00
05-19 18:19:41.491 2988 2988 D wpa_supplicant: WPA: Unrecognized EAPOL-Key Key Data IE - hexdump(len=24): 34 16 01 05 15 00 00 00 00 00 00 00 00 00 00 00 00 00 00 00 00 00 00 00
05-19 18:19:41.491 2988 2988 D wpa_supplicant: WPA: WPA IE in EAPOL-Key - hexdump(len=24): dd 16 00 50 f2 01 01 00 00 50 f2 04 01 00 00 50 f2 04 01 00 00 50 f2 02
05-19 18:19:41.491 2988 2988 D wpa_supplicant: WPA: WMM Parameter Element - hexdump(len=24): 00 50 f2 02 01 01 83 00 03 a4 00 00 27 a4 00 00 42 43 5e 00 62 32 2f 00
05-19 18:19:41.491 2988 2988 D wpa_supplicant: TDLS: TDLS is allowed in the target BSS
05-19 18:19:41.491 2988 2988 D wpa_supplicant: wlan0: Add radio work 'sme-connect'@0xb6836430
05-19 18:19:41.491 2988 2988 D wpa_supplicant: wlan0: First radio work item in the queue - schedule start immediately
05-19 18:19:41.491 2988 2988 D wpa_supplicant: wlan0: Starting radio work 'sme-connect'@0xb6836430 after 0.000073 second wait
05-19 18:19:41.491 2988 2988 D wpa_supplicant: wlan0: Automatic auth_alg selection: 0x1
05-19 18:19:41.491 2988 2988 D wpa_supplicant: RSN: PMKSA cache search - network_ctx=0x0 try_opportunistic=0
05-19 18:19:41.491 2988 2988 D wpa_supplicant: RSN: Search for BSSID f8:1a:67:b2:14:c6
05-19 18:19:41.491 2988 2988 D wpa_supplicant: RSN: No PMKSA cache entry found
05-19 18:19:41.491 2988 2988 D wpa_supplicant: wlan0: RSN: using IEEE 802.11i/D9.0
05-19 18:19:41.491 2988 2988 D wpa_supplicant: wlan0: WPA: Selected cipher suites: group 16 pairwise 16 key_mgmt 2 proto 2
05-19 18:19:41.491 2988 2988 D wpa_supplicant: wlan0: WPA: Selected mgmt group cipher 32
05-19 18:19:41.492 2988 2988 D wpa_supplicant: WPA: set AP WPA IE - hexdump(len=24): dd 16 00 50 f2 01 01 00 00 50 f2 04 01 00 00 50 f2 04 01 00 00 50 f2 02
05-19 18:19:41.492 2988 2988 D wpa_supplicant: WPA: set AP RSN IE - hexdump(len=22): 30 14 01 00 00 0f ac 04 01 00 00 0f ac 04 01 00 00 0f ac 02 00 00
05-19 18:19:41.492 2988 2988 D wpa_supplicant: wlan0: WPA: using GTK CCMP
05-19 18:19:41.492 2988 2988 D wpa_supplicant: wlan0: WPA: using PTK CCMP
05-19 18:19:41.492 2988 2988 D wpa_supplicant: wlan0: WPA: using KEY_MGMT WPA-PSK
05-19 18:19:41.492 2988 2988 D wpa_supplicant: wlan0: WPA: not using MGMT group cipher
05-19 18:19:41.492 2988 2988 D wpa_supplicant: WPA: Set own WPA IE default - hexdump(len=22): 30 14 01 00 00 0f ac 04 01 00 00 0f ac 04 01 00 00 0f ac 02 00 00
05-19 18:19:41.492 2988 2988 D wpa_supplicant: FT: Stored MDIE and FTIE from (Re)Association Response - hexdump(len=0):
05-19 18:19:41.492 2988 2988 D wpa_supplicant: wlan0: Cancelling scan request
05-19 18:19:41.492 2988 2988 I wpa_supplicant: wlan0: SME: Trying to authenticate with f8:1a:67:b2:14:c6 (SSID='WIFI_MIZIFI' freq=2412 MHz)
05-19 18:19:41.492 2988 2988 D wpa_supplicant: CTRL_IFACE monitor sent successfully to /data/misc/wifi/sockets/wpa_ctrl_1943-2\x00
05-19 18:19:41.492 2988 2988 D wpa_supplicant: wlan0: State: SCANNING -> AUTHENTICATING
05-19 18:19:41.492 2988 2988 D wpa_supplicant: CTRL_IFACE monitor sent successfully to /data/misc/wifi/sockets/wpa_ctrl_1943-2\x00
05-19 18:19:41.492 2988 2988 D wpa_supplicant: EAPOL: External notification - EAP success=0
05-19 18:19:41.492 2988 2988 D wpa_supplicant: EAPOL: External notification - EAP fail=0
05-19 18:19:41.492 2988 2988 D wpa_supplicant: EAPOL: External notification - portControl=Auto
05-19 18:19:41.492 2988 2988 D wpa_supplicant: wlan0: Determining shared radio frequencies (max len 1)
05-19 18:19:41.492 2988 2988 D wpa_supplicant: wlan0: Shared frequencies (len=0): completed iteration
05-19 18:19:41.492 2988 2988 D wpa_supplicant: nl80211: Authenticate (ifindex=4)
05-19 18:19:41.492 2988 2988 D wpa_supplicant: * bssid=f8:1a:67:b2:14:c6
05-19 18:19:41.492 2988 2988 D wpa_supplicant: * freq=2412
05-19 18:19:41.492 2988 2988 D wpa_supplicant: * SSID - hexdump(len=11): 57 49 46 49 5f 4d 49 5a 49 46 49
05-19 18:19:41.492 2988 2988 D wpa_supplicant: * IEs - hexdump(len=0): [NULL]
05-19 18:19:41.492 2988 2988 D wpa_supplicant: * Auth Type 0
05-19 18:19:41.510 2988 2988 D wpa_supplicant: nl80211: Authentication request send successfully
05-19 18:19:41.510 2988 2988 D wpa_supplicant: wlan0: Control interface command 'SAVE_CONFIG'
05-19 18:19:41.510 2988 2988 D wpa_supplicant: Writing configuration file '/data/misc/wifi/wpa_supplicant.conf.tmp'
05-19 18:19:41.511 2988 2988 D wpa_supplicant: Configuration file '/data/misc/wifi/wpa_supplicant.conf' written successfully
05-19 18:19:41.511 2988 2988 D wpa_supplicant: CTRL_IFACE: SAVE_CONFIG - Configuration updated
05-19 18:19:41.512 1943 2034 E WifiStateMachine: CONNECT_NETWORK id=0 config="WIFI_MIZIFI" cnid=0 supstate=ScanState my state DisconnectedState uid = 1000
05-19 18:19:41.512 1943 2034 E WifiConfigStore: saveWifiConfigBSSID Setting BSSID for "WIFI_MIZIFI"WPA_PSK to any
05-19 18:19:41.512 2988 2988 D wpa_supplicant: nl80211: Event message available
05-19 18:19:41.512 2988 2988 D wpa_supplicant: nl80211: Drv Event 19 (NL80211_CMD_NEW_STATION) received for wlan0
05-19 18:19:41.512 2988 2988 D wpa_supplicant: nl80211: New station f8:1a:67:b2:14:c6
05-19 18:19:41.512 2988 2988 D wpa_supplicant: wlan0: Control interface command 'SET_NETWORK [REMOVED]'
05-19 18:19:41.512 2988 2988 D wpa_supplicant: CTRL_IFACE: SET_NETWORK id=0 name='bssid'
05-19 18:19:41.512 2988 2988 D wpa_supplicant: CTRL_IFACE: value - hexdump(len=3): [REMOVED]
05-19 18:19:41.512 2988 2988 D wpa_supplicant: BSSID any
05-19 18:19:41.512 2988 2988 D wpa_supplicant: wlan0: Control interface command 'SAVE_CONFIG'
05-19 18:19:41.512 2988 2988 D wpa_supplicant: Writing configuration file '/data/misc/wifi/wpa_supplicant.conf.tmp'
05-19 18:19:41.513 2988 2988 D wpa_supplicant: Configuration file '/data/misc/wifi/wpa_supplicant.conf' written successfully
05-19 18:19:41.513 2988 2988 D wpa_supplicant: CTRL_IFACE: SAVE_CONFIG - Configuration updated
05-19 18:19:41.513 1943 2034 E WifiConfigStore: saveWifiConfigBSSID Setting BSSID for "WIFI_MIZIFI"WPA_PSK to any
05-19 18:19:41.513 2988 2988 D wpa_supplicant: nl80211: Event message available
05-19 18:19:41.513 2988 2988 D wpa_supplicant: nl80211: Drv Event 37 (NL80211_CMD_AUTHENTICATE) received for wlan0
05-19 18:19:41.513 2988 2988 D wpa_supplicant: nl80211: MLME event 37 (NL80211_CMD_AUTHENTICATE) on wlan0(5c:c9:d3:3c:f6:84) A1=5c:c9:d3:3c:f6:84 A2=f8:1a:67:b2:14:c6
05-19 18:19:41.513 2988 2988 D wpa_supplicant: nl80211: MLME event frame - hexdump(len=30): b0 00 3a 01 5c c9 d3 3c f6 84 f8 1a 67 b2 14 c6 f8 1a 67 b2 14 c6 00 10 00 00 02 00 00 00
05-19 18:19:41.513 2988 2988 D wpa_supplicant: nl80211: Authenticate event
05-19 18:19:41.513 2988 2988 D wpa_supplicant: wlan0: Event AUTH (11) received
05-19 18:19:41.513 2988 2988 D wpa_supplicant: wlan0: SME: Authentication response: peer=f8:1a:67:b2:14:c6 auth_type=0 auth_transaction=2 status_code=0
05-19 18:19:41.513 2988 2988 D wpa_supplicant: SME: Authentication response IEs - hexdump(len=0): [NULL]
05-19 18:19:41.513 2988 2988 I wpa_supplicant: wlan0: Trying to associate with f8:1a:67:b2:14:c6 (SSID='WIFI_MIZIFI' freq=2412 MHz)
05-19 18:19:41.514 2988 2988 D wpa_supplicant: CTRL_IFACE monitor sent successfully to /data/misc/wifi/sockets/wpa_ctrl_1943-2\x00
05-19 18:19:41.514 2988 2988 D wpa_supplicant: wlan0: State: AUTHENTICATING -> ASSOCIATING
05-19 18:19:41.514 2988 2988 D wpa_supplicant: nl80211: Set wlan0 operstate 0->0 (DORMANT)
05-19 18:19:41.514 2988 2988 D wpa_supplicant: netlink: Operstate: ifindex=4 linkmode=-1 (no change), operstate=5 (IF_OPER_DORMANT)
05-19 18:19:41.514 2988 2988 D wpa_supplicant: CTRL_IFACE monitor sent successfully to /data/misc/wifi/sockets/wpa_ctrl_1943-2\x00
05-19 18:19:41.514 2988 2988 D wpa_supplicant: WPA: set own WPA/RSN IE - hexdump(len=22): 30 14 01 00 00 0f ac 04 01 00 00 0f ac 04 01 00 00 0f ac 02 00 00
05-19 18:19:41.514 2988 2988 D wpa_supplicant: nl80211: Associate (ifindex=4)
05-19 18:19:41.514 2988 2988 D wpa_supplicant: * bssid=f8:1a:67:b2:14:c6
05-19 18:19:41.514 2988 2988 D wpa_supplicant: * freq=2412
05-19 18:19:41.514 2988 2988 D wpa_supplicant: * SSID - hexdump(len=11): 57 49 46 49 5f 4d 49 5a 49 46 49
05-19 18:19:41.514 2988 2988 D wpa_supplicant: * IEs - hexdump(len=32): 30 14 01 00 00 0f ac 04 01 00 00 0f ac 04 01 00 00 0f ac 02 00 00 7f 08 00 00 0a 02 01 00 00 40
05-19 18:19:41.514 2988 2988 D wpa_supplicant: * WPA Versions 0x2
05-19 18:19:41.514 2988 2988 D wpa_supplicant: * pairwise=0xfac04
05-19 18:19:41.514 2988 2988 D wpa_supplicant: * group=0xfac04
05-19 18:19:41.514 2988 2988 D wpa_supplicant: * akm=0xfac02
05-19 18:19:41.514 2988 2988 D wpa_supplicant: nl80211: Association request send successfully
05-19 18:19:41.514 2988 2988 D wpa_supplicant: wlan0: Control interface command 'SET_NETWORK [REMOVED]'
05-19 18:19:41.515 2988 2988 D wpa_supplicant: CTRL_IFACE: SET_NETWORK id=0 name='bssid'
05-19 18:19:41.515 2988 2988 D wpa_supplicant: CTRL_IFACE: value - hexdump(len=3): [REMOVED]
05-19 18:19:41.515 2988 2988 D wpa_supplicant: BSSID any
05-19 18:19:41.515 2988 2988 D wpa_supplicant: wlan0: Control interface command 'SAVE_CONFIG'
05-19 18:19:41.515 2988 2988 D wpa_supplicant: Writing configuration file '/data/misc/wifi/wpa_supplicant.conf.tmp'
05-19 18:19:41.515 2988 2988 D wpa_supplicant: Configuration file '/data/misc/wifi/wpa_supplicant.conf' written successfully
05-19 18:19:41.515 2988 2988 D wpa_supplicant: CTRL_IFACE: SAVE_CONFIG - Configuration updated
05-19 18:19:41.516 1943 2034 E WifiAutoJoinController : updateConfigurationHistory found 0 networks
05-19 18:19:41.516 1943 2034 E WifiAutoJoinController : updateConfigurationHistory try to connect to an old network!! : "WIFI_MIZIFI"WPA_PSK
05-19 18:19:41.516 1943 2034 E WifiConfigStore: rewrite network history for "WIFI_MIZIFI"WPA_PSK
05-19 18:19:41.520 2988 2988 D wpa_supplicant: RTM_NEWLINK: ifi_index=4 ifname=wlan0 operstate=5 linkmode=1 ifi_family=0 ifi_flags=0x11003 ([UP][LOWER_UP])
05-19 18:19:41.520 2988 2988 D wpa_supplicant: RTM_NEWLINK: ifi_index=4 ifname=wlan0 wext ifi_family=0 ifi_flags=0x11003 ([UP][LOWER_UP])
05-19 18:19:41.520 2988 2988 D wpa_supplicant: RTM_NEWLINK: ifi_index=4 ifname=wlan0 wext ifi_family=0 ifi_flags=0x11003 ([UP][LOWER_UP])
05-19 18:19:41.520 2988 2988 D wpa_supplicant: nl80211: Event message available
05-19 18:19:41.520 2988 2988 D wpa_supplicant: nl80211: Drv Event 38 (NL80211_CMD_ASSOCIATE) received for wlan0
05-19 18:19:41.520 2988 2988 D wpa_supplicant: nl80211: MLME event 38 (NL80211_CMD_ASSOCIATE) on wlan0(5c:c9:d3:3c:f6:84) A1=5c:c9:d3:3c:f6:84 A2=f8:1a:67:b2:14:c6
05-19 18:19:41.521 2988 2988 D wpa_supplicant: nl80211: MLME event frame - hexdump(len=176): 10 00 3a 01 5c c9 d3 3c f6 84 f8 1a 67 b2 14 c6 f8 1a 67 b2 14 c6 10 10 31 00 00 00 03 c0 01 08 ...
05-19 18:19:41.521 2988 2988 D wpa_supplicant: nl80211: Associate event
05-19 18:19:41.521 2988 2988 D wpa_supplicant: wlan0: Event ASSOC (0) received
05-19 18:19:41.521 2988 2988 D wpa_supplicant: wlan0: Association info event
05-19 18:19:41.521 2988 2988 D wpa_supplicant: resp_ies - hexdump(len=146): 01 08 02 04 0b 0c 12 16 18 24 32 04 30 48 60 6c 2d 1a ef 11 03 ff ff 00 00 00 00 00 00 00 00 00 ...
05-19 18:19:41.521 2988 2988 D wpa_supplicant: WPA: Unrecognized EAPOL-Key Key Data IE - hexdump(len=28): 33 1a ef 11 03 ff ff 00 00 00 00 00 00 00 00 00 00 00 00 00 00 00 04 06 e6 e7 0d 00
05-19 18:19:41.521 2988 2988 D wpa_supplicant: WPA: Unrecognized EAPOL-Key Key Data IE - hexdump(len=24): 3d 16 01 05 15 00 00 00 00 00 00 00 00 00 00 00 00 00 00 00 00 00 00 00
05-19 18:19:41.521 2988 2988 D wpa_supplicant: WPA: Unrecognized EAPOL-Key Key Data IE - hexdump(len=24): 34 16 01 05 15 00 00 00 00 00 00 00 00 00 00 00 00 00 00 00 00 00 00 00
05-19 18:19:41.521 2988 2988 D wpa_supplicant: WPA: WMM Parameter Element - hexdump(len=24): 00 50 f2 02 01 01 83 00 03 a4 00 00 27 a4 00 00 42 43 5e 00 62 32 2f 00
05-19 18:19:41.521 2988 2988 D wpa_supplicant: IEEE 802.11 element parse ignored unknown element (id=51 elen=26)
05-19 18:19:41.521 2988 2988 D wpa_supplicant: IEEE 802.11 element parse ignored unknown element (id=52 elen=22)
05-19 18:19:41.521 2988 2988 D wpa_supplicant: IEEE 802.11 element parse ignored unknown element (id=51 elen=26)
05-19 18:19:41.521 2988 2988 D wpa_supplicant: IEEE 802.11 element parse ignored unknown element (id=52 elen=22)
05-19 18:19:41.521 2988 2988 D wpa_supplicant: wlan0: freq=2412 MHz
05-19 18:19:41.521 2988 2988 D wpa_supplicant: FT: Stored MDIE and FTIE from (Re)Association Response - hexdump(len=0):
05-19 18:19:41.521 2988 2988 D wpa_supplicant: wlan0: State: ASSOCIATING -> ASSOCIATED
05-19 18:19:41.521 2988 2988 D wpa_supplicant: nl80211: Set wlan0 operstate 0->0 (DORMANT)
05-19 18:19:41.521 2988 2988 D wpa_supplicant: netlink: Operstate: ifindex=4 linkmode=-1 (no change), operstate=5 (IF_OPER_DORMANT)
05-19 18:19:41.522 2988 2988 D wpa_supplicant: CTRL_IFACE monitor sent successfully to /data/misc/wifi/sockets/wpa_ctrl_1943-2\x00
05-19 18:19:41.522 2988 2988 D wpa_supplicant: wlan0: Associated to a new BSS: BSSID=f8:1a:67:b2:14:c6
05-19 18:19:41.522 2988 2988 D wpa_supplicant: Add randomness: count=6 entropy=4
05-19 18:19:41.522 2988 2988 D wpa_supplicant: random pool - hexdump(len=128): [REMOVED]
05-19 18:19:41.522 2988 2988 D wpa_supplicant: random_mix_pool - hexdump(len=8): [REMOVED]
05-19 18:19:41.522 2988 2988 D wpa_supplicant: random_mix_pool - hexdump(len=6): [REMOVED]
05-19 18:19:41.522 2988 2988 D wpa_supplicant: random pool - hexdump(len=128): [REMOVED]
05-19 18:19:41.522 2988 2988 D wpa_supplicant: WPA: set AP WPA IE - hexdump(len=24): dd 16 00 50 f2 01 01 00 00 50 f2 04 01 00 00 50 f2 04 01 00 00 50 f2 02
05-19 18:19:41.522 2988 2988 D wpa_supplicant: WPA: set AP RSN IE - hexdump(len=22): 30 14 01 00 00 0f ac 04 01 00 00 0f ac 04 01 00 00 0f ac 02 00 00
05-19 18:19:41.522 2988 2988 I wpa_supplicant: wlan0: Associated with f8:1a:67:b2:14:c6
05-19 18:19:41.523 2988 2988 D wpa_supplicant: CTRL_IFACE monitor sent successfully to /data/misc/wifi/sockets/wpa_ctrl_1943-2\x00
05-19 18:19:41.523 2988 2988 D wpa_supplicant: wlan0: WPA: Association event - clear replay counter
05-19 18:19:41.523 2988 2988 D wpa_supplicant: wlan0: WPA: Clear old PTK
05-19 18:19:41.523 2988 2988 D wpa_supplicant: TDLS: Remove peers on association
05-19 18:19:41.523 2988 2988 D wpa_supplicant: EAPOL: External notification - portEnabled=0
05-19 18:19:41.523 2988 2988 D wpa_supplicant: EAPOL: External notification - portValid=0
05-19 18:19:41.523 2988 2988 D wpa_supplicant: EAPOL: External notification - EAP success=0
05-19 18:19:41.523 2988 2988 D wpa_supplicant: EAPOL: External notification - portEnabled=1
05-19 18:19:41.523 2988 2988 D wpa_supplicant: EAPOL: SUPP_PAE entering state CONNECTING
05-19 18:19:41.523 2988 2988 D wpa_supplicant: EAPOL: enable timer tick
05-19 18:19:41.523 2988 2988 D wpa_supplicant: EAPOL: SUPP_BE entering state IDLE
05-19 18:19:41.523 2988 2988 D wpa_supplicant: wlan0: Setting authentication timeout: 10 sec 0 usec
05-19 18:19:41.523 2988 2988 D wpa_supplicant: wlan0: Cancelling scan request
05-19 18:19:41.523 2988 2988 D wpa_supplicant: nl80211: Event message available
05-19 18:19:41.523 2988 2988 D wpa_supplicant: nl80211: Drv Event 46 (NL80211_CMD_CONNECT) received for wlan0
05-19 18:19:41.523 2988 2988 D wpa_supplicant: nl80211: Ignore connect event (cmd=46) when using userspace SME
05-19 18:19:41.523 2988 2988 D wpa_supplicant: wlan0: RX EAPOL from f8:1a:67:b2:14:c6
05-19 18:19:41.523 2988 2988 D wpa_supplicant: RX EAPOL - hexdump(len=99): 02 03 00 5f 02 00 8a 00 10 00 00 00 00 00 00 00 01 01 f8 6f 28 c9 a8 96 b7 a1 31 09 e4 23 5e a3 ...
05-19 18:19:41.523 2988 2988 D wpa_supplicant: wlan0: Setting authentication timeout: 10 sec 0 usec
05-19 18:19:41.523 2988 2988 D wpa_supplicant: wlan0: IEEE 802.1X RX: version=2 type=3 length=95
05-19 18:19:41.523 2988 2988 D wpa_supplicant: WPA: RX EAPOL-Key - hexdump(len=99): 02 03 00 5f 02 00 8a 00 10 00 00 00 00 00 00 00 01 01 f8 6f 28 c9 a8 96 b7 a1 31 09 e4 23 5e a3 ...
05-19 18:19:41.523 2988 2988 D wpa_supplicant: wlan0: EAPOL-Key type=2
05-19 18:19:41.523 2988 2988 D wpa_supplicant: wlan0: key_info 0x8a (ver=2 keyidx=0 rsvd=0 Pairwise Ack)
05-19 18:19:41.523 2988 2988 D wpa_supplicant: wlan0: key_length=16 key_data_length=0
05-19 18:19:41.523 2988 2988 D wpa_supplicant: replay_counter - hexdump(len=8): 00 00 00 00 00 00 00 01
05-19 18:19:41.523 2988 2988 D wpa_supplicant: key_nonce - hexdump(len=32): 01 f8 6f 28 c9 a8 96 b7 a1 31 09 e4 23 5e a3 16 c7 04 8e 5b 2a 61 91 f0 24 df 09 11 1a a9 85 95
05-19 18:19:41.523 2988 2988 D wpa_supplicant: key_iv - hexdump(len=16): 00 00 00 00 00 00 00 00 00 00 00 00 00 00 00 00
05-19 18:19:41.524 2988 2988 D wpa_supplicant: key_rsc - hexdump(len=8): 00 00 00 00 00 00 00 00
05-19 18:19:41.524 2988 2988 D wpa_supplicant: key_id (reserved) - hexdump(len=8): 00 00 00 00 00 00 00 00
05-19 18:19:41.524 2988 2988 D wpa_supplicant: key_mic - hexdump(len=16): 00 00 00 00 00 00 00 00 00 00 00 00 00 00 00 00
05-19 18:19:41.524 2988 2988 D wpa_supplicant: wlan0: State: ASSOCIATED -> 4WAY_HANDSHAKE
05-19 18:19:41.524 2988 2988 D wpa_supplicant: CTRL_IFACE monitor sent successfully to /data/misc/wifi/sockets/wpa_ctrl_1943-2\x00
05-19 18:19:41.524 2988 2988 D wpa_supplicant: wlan0: WPA: RX message 1 of 4-Way Handshake from f8:1a:67:b2:14:c6 (ver=2)
05-19 18:19:41.524 2988 2988 D wpa_supplicant: RSN: msg 1/4 key data - hexdump(len=0):
05-19 18:19:41.524 2988 2988 D wpa_supplicant: Get randomness: len=32 entropy=5
05-19 18:19:41.525 2988 2988 D wpa_supplicant: random from os_get_random - hexdump(len=32): [REMOVED]
05-19 18:19:41.525 2988 2988 D wpa_supplicant: random_mix_pool - hexdump(len=20): [REMOVED]
05-19 18:19:41.525 2988 2988 D wpa_supplicant: random from internal pool - hexdump(len=16): [REMOVED]
05-19 18:19:41.525 2988 2988 D wpa_supplicant: random_mix_pool - hexdump(len=20): [REMOVED]
05-19 18:19:41.525 2988 2988 D wpa_supplicant: random from internal pool - hexdump(len=16): [REMOVED]
05-19 18:19:41.525 2988 2988 D wpa_supplicant: mixed random - hexdump(len=32): [REMOVED]
05-19 18:19:41.525 2988 2988 D wpa_supplicant: WPA: Renewed SNonce - hexdump(len=32): 93 56 be 86 63 2f ed d9 3e 99 30 eb c9 40 ce ff b0 76 90 70 be 80 43 7f 0c 13 e0 9a b5 66 98 1e
05-19 18:19:41.525 2988 2988 D wpa_supplicant: WPA: PTK derivation - A1=5c:c9:d3:3c:f6:84 A2=f8:1a:67:b2:14:c6
05-19 18:19:41.525 2988 2988 D wpa_supplicant: WPA: Nonce1 - hexdump(len=32): 93 56 be 86 63 2f ed d9 3e 99 30 eb c9 40 ce ff b0 76 90 70 be 80 43 7f 0c 13 e0 9a b5 66 98 1e
05-19 18:19:41.525 2988 2988 D wpa_supplicant: WPA: Nonce2 - hexdump(len=32): 01 f8 6f 28 c9 a8 96 b7 a1 31 09 e4 23 5e a3 16 c7 04 8e 5b 2a 61 91 f0 24 df 09 11 1a a9 85 95
05-19 18:19:41.525 2988 2988 D wpa_supplicant: WPA: PMK - hexdump(len=32): [REMOVED]
05-19 18:19:41.525 2988 2988 D wpa_supplicant: WPA: PTK - hexdump(len=48): [REMOVED]
05-19 18:19:41.525 2988 2988 D wpa_supplicant: WPA: WPA IE for msg 2/4 - hexdump(len=22): 30 14 01 00 00 0f ac 04 01 00 00 0f ac 04 01 00 00 0f ac 02 00 00
05-19 18:19:41.525 2988 2988 D wpa_supplicant: WPA: Replay Counter - hexdump(len=8): 00 00 00 00 00 00 00 01
05-19 18:19:41.525 2988 2988 D wpa_supplicant: wlan0: WPA: Sending EAPOL-Key 2/4
05-19 18:19:41.526 2988 2988 D wpa_supplicant: WPA: KCK - hexdump(len=16): [REMOVED]
05-19 18:19:41.526 2988 2988 D wpa_supplicant: WPA: Derived Key MIC - hexdump(len=16): 50 09 8c 6b 57 bb c8 be d9 e2 61 77 be 1b 36 29
05-19 18:19:41.526 2988 2988 D wpa_supplicant: WPA: TX EAPOL-Key - hexdump(len=121): 01 03 00 75 02 01 0a 00 00 00 00 00 00 00 00 00 01 93 56 be 86 63 2f ed d9 3e 99 30 eb c9 40 ce ...
05-19 18:19:41.526 2988 2988 D wpa_supplicant: wlan0: Control interface command 'ENABLE_NETWORK 0'
05-19 18:19:41.526 2988 2988 D wpa_supplicant: CTRL_IFACE: ENABLE_NETWORK id=0
05-19 18:19:41.527 2988 2988 D wpa_supplicant: wlan0: Control interface command 'SET_NETWORK [REMOVED]'
05-19 18:19:41.527 2988 2988 D wpa_supplicant: CTRL_IFACE: SET_NETWORK id=0 name='priority'
05-19 18:19:41.527 2988 2988 D wpa_supplicant: CTRL_IFACE: value - hexdump(len=1): [REMOVED]
05-19 18:19:41.527 2988 2988 D wpa_supplicant: priority=1 (0x1)
05-19 18:19:41.527 1943 2034 E WifiConfigStore: will read network variables netId=0
05-19 18:19:41.528 2988 2988 D wpa_supplicant: wlan0: Control interface command 'GET_NETWORK 0 ssid'
05-19 18:19:41.528 2988 2988 D wpa_supplicant: CTRL_IFACE: GET_NETWORK id=0 name='ssid'
05-19 18:19:41.528 2988 2988 D wpa_supplicant: wlan0: Control interface command 'GET_NETWORK 0 bssid'
05-19 18:19:41.528 2988 2988 D wpa_supplicant: CTRL_IFACE: GET_NETWORK id=0 name='bssid'
05-19 18:19:41.528 2988 2988 D wpa_supplicant: CTRL_IFACE: Failed to get network variable 'bssid'
05-19 18:19:41.528 2988 2988 D wpa_supplicant: wlan0: Control interface command 'GET_NETWORK 0 priority'
05-19 18:19:41.528 2988 2988 D wpa_supplicant: CTRL_IFACE: GET_NETWORK id=0 name='priority'
05-19 18:19:41.528 2988 2988 D wpa_supplicant: wlan0: Control interface command 'GET_NETWORK 0 scan_ssid'
05-19 18:19:41.528 2988 2988 D wpa_supplicant: CTRL_IFACE: GET_NETWORK id=0 name='scan_ssid'
05-19 18:19:41.528 2988 2988 D wpa_supplicant: wlan0: Control interface command 'GET_NETWORK 0 wep_tx_keyidx'
05-19 18:19:41.529 2988 2988 D wpa_supplicant: CTRL_IFACE: GET_NETWORK id=0 name='wep_tx_keyidx'
05-19 18:19:41.529 2988 2988 D wpa_supplicant: wlan0: Control interface command 'GET_NETWORK 0 wep_key0'
05-19 18:19:41.529 2988 2988 D wpa_supplicant: CTRL_IFACE: GET_NETWORK id=0 name='wep_key0'
05-19 18:19:41.529 2988 2988 D wpa_supplicant: CTRL_IFACE: Failed to get network variable 'wep_key0'
05-19 18:19:41.529 2988 2988 D wpa_supplicant: wlan0: Control interface command 'GET_NETWORK 0 wep_key1'
05-19 18:19:41.529 2988 2988 D wpa_supplicant: CTRL_IFACE: GET_NETWORK id=0 name='wep_key1'
05-19 18:19:41.529 2988 2988 D wpa_supplicant: CTRL_IFACE: Failed to get network variable 'wep_key1'
05-19 18:19:41.529 2988 2988 D wpa_supplicant: wlan0: Control interface command 'GET_NETWORK 0 wep_key2'
05-19 18:19:41.529 2988 2988 D wpa_supplicant: CTRL_IFACE: GET_NETWORK id=0 name='wep_key2'
05-19 18:19:41.529 2988 2988 D wpa_supplicant: CTRL_IFACE: Failed to get network variable 'wep_key2'
05-19 18:19:41.529 2988 2988 D wpa_supplicant: wlan0: Control interface command 'GET_NETWORK 0 wep_key3'
05-19 18:19:41.529 2988 2988 D wpa_supplicant: CTRL_IFACE: GET_NETWORK id=0 name='wep_key3'
05-19 18:19:41.530 2988 2988 D wpa_supplicant: CTRL_IFACE: Failed to get network variable 'wep_key3'
05-19 18:19:41.530 2988 2988 D wpa_supplicant: wlan0: Control interface command 'GET_NETWORK 0 psk'
05-19 18:19:41.530 2988 2988 D wpa_supplicant: CTRL_IFACE: GET_NETWORK id=0 name='psk'
05-19 18:19:41.530 2988 2988 D wpa_supplicant: Do not allow key_data field to be exposed
05-19 18:19:41.530 2988 2988 D wpa_supplicant: wlan0: Control interface command 'GET_NETWORK 0 proto'
05-19 18:19:41.530 2988 2988 D wpa_supplicant: CTRL_IFACE: GET_NETWORK id=0 name='proto'
05-19 18:19:41.530 2988 2988 D wpa_supplicant: wlan0: Control interface command 'GET_NETWORK 0 key_mgmt'
05-19 18:19:41.530 2988 2988 D wpa_supplicant: CTRL_IFACE: GET_NETWORK id=0 name='key_mgmt'
05-19 18:19:41.531 2988 2988 D wpa_supplicant: wlan0: Control interface command 'GET_NETWORK 0 auth_alg'
05-19 18:19:41.531 2988 2988 D wpa_supplicant: CTRL_IFACE: GET_NETWORK id=0 name='auth_alg'
05-19 18:19:41.531 2988 2988 D wpa_supplicant: CTRL_IFACE: Failed to get network variable 'auth_alg'
05-19 18:19:41.531 2988 2988 D wpa_supplicant: wlan0: Control interface command 'GET_NETWORK 0 pairwise'
05-19 18:19:41.531 2988 2988 D wpa_supplicant: CTRL_IFACE: GET_NETWORK id=0 name='pairwise'
05-19 18:19:41.531 2988 2988 D wpa_supplicant: wlan0: Control interface command 'GET_NETWORK 0 group'
05-19 18:19:41.531 2988 2988 D wpa_supplicant: CTRL_IFACE: GET_NETWORK id=0 name='group'
05-19 18:19:41.531 2988 2988 D wpa_supplicant: wlan0: Control interface command 'GET_NETWORK 0 eap'
05-19 18:19:41.531 2988 2988 D wpa_supplicant: CTRL_IFACE: GET_NETWORK id=0 name='eap'
05-19 18:19:41.531 2988 2988 D wpa_supplicant: CTRL_IFACE: Failed to get network variable 'eap'
05-19 18:19:41.532 2988 2988 D wpa_supplicant: wlan0: Control interface command 'GET_NETWORK 0 phase2'
05-19 18:19:41.532 2988 2988 D wpa_supplicant: CTRL_IFACE: GET_NETWORK id=0 name='phase2'
05-19 18:19:41.532 2988 2988 D wpa_supplicant: CTRL_IFACE: Failed to get network variable 'phase2'
05-19 18:19:41.532 2988 2988 D wpa_supplicant: wlan0: Control interface command 'GET_NETWORK 0 identity'
05-19 18:19:41.532 2988 2988 D wpa_supplicant: CTRL_IFACE: GET_NETWORK id=0 name='identity'
05-19 18:19:41.532 2988 2988 D wpa_supplicant: CTRL_IFACE: Failed to get network variable 'identity'
05-19 18:19:41.532 2988 2988 D wpa_supplicant: wlan0: Control interface command 'GET_NETWORK 0 anonymous_identity'
05-19 18:19:41.532 2988 2988 D wpa_supplicant: CTRL_IFACE: GET_NETWORK id=0 name='anonymous_identity'
05-19 18:19:41.532 2988 2988 D wpa_supplicant: CTRL_IFACE: Failed to get network variable 'anonymous_identity'
05-19 18:19:41.535 2988 2988 D wpa_supplicant: wlan0: Control interface command 'GET_NETWORK 0 password'
05-19 18:19:41.535 2988 2988 D wpa_supplicant: CTRL_IFACE: GET_NETWORK id=0 name='password'
05-19 18:19:41.535 2988 2988 D wpa_supplicant: CTRL_IFACE: Failed to get network variable 'password'
05-19 18:19:41.536 2988 2988 D wpa_supplicant: wlan0: RX EAPOL from f8:1a:67:b2:14:c6
05-19 18:19:41.536 2988 2988 D wpa_supplicant: RX EAPOL - hexdump(len=179): 02 03 00 af 02 13 ca 00 10 00 00 00 00 00 00 00 02 01 f8 6f 28 c9 a8 96 b7 a1 31 09 e4 23 5e a3 ...
05-19 18:19:41.536 2988 2988 D wpa_supplicant: wlan0: IEEE 802.1X RX: version=2 type=3 length=175
05-19 18:19:41.536 2988 2988 D wpa_supplicant: WPA: RX EAPOL-Key - hexdump(len=179): 02 03 00 af 02 13 ca 00 10 00 00 00 00 00 00 00 02 01 f8 6f 28 c9 a8 96 b7 a1 31 09 e4 23 5e a3 ...
05-19 18:19:41.536 2988 2988 D wpa_supplicant: wlan0: EAPOL-Key type=2
05-19 18:19:41.536 2988 2988 D wpa_supplicant: wlan0: key_info 0x13ca (ver=2 keyidx=0 rsvd=0 Pairwise Install Ack MIC Secure Encr)
05-19 18:19:41.536 2988 2988 D wpa_supplicant: wlan0: key_length=16 key_data_length=80
05-19 18:19:41.536 2988 2988 D wpa_supplicant: replay_counter - hexdump(len=8): 00 00 00 00 00 00 00 02
05-19 18:19:41.536 2988 2988 D wpa_supplicant: key_nonce - hexdump(len=32): 01 f8 6f 28 c9 a8 96 b7 a1 31 09 e4 23 5e a3 16 c7 04 8e 5b 2a 61 91 f0 24 df 09 11 1a a9 85 95
05-19 18:19:41.536 2988 2988 D wpa_supplicant: key_iv - hexdump(len=16): 00 00 00 00 00 00 00 00 00 00 00 00 00 00 00 00
05-19 18:19:41.536 2988 2988 D wpa_supplicant: key_rsc - hexdump(len=8): 43 f9 0e 00 00 00 00 00
05-19 18:19:41.536 2988 2988 D wpa_supplicant: key_id (reserved) - hexdump(len=8): 00 00 00 00 00 00 00 00
05-19 18:19:41.536 2988 2988 D wpa_supplicant: key_mic - hexdump(len=16): ec e2 24 cf 72 9d f5 8c 2e 8b d8 92 05 d2 77 00
05-19 18:19:41.536 2988 2988 D wpa_supplicant: RSN: encrypted key data - hexdump(len=80): 33 ed 2a 2f 9d aa fa 49 1d 60 2f 3e a8 92 a7 f2 97 53 14 22 c1 52 22 ce 80 c1 87 40 68 71 b2 37 ...
05-19 18:19:41.536 2988 2988 D wpa_supplicant: WPA: decrypted EAPOL-Key key data - hexdump(len=72): [REMOVED]
05-19 18:19:41.536 2988 2988 D wpa_supplicant: wlan0: State: 4WAY_HANDSHAKE -> 4WAY_HANDSHAKE
05-19 18:19:41.536 2988 2988 D wpa_supplicant: wlan0: WPA: RX message 3 of 4-Way Handshake from f8:1a:67:b2:14:c6 (ver=2)
05-19 18:19:41.536 2988 2988 D wpa_supplicant: WPA: IE KeyData - hexdump(len=72): 30 14 01 00 00 0f ac 04 01 00 00 0f ac 04 01 00 00 0f ac 02 00 00 dd 16 00 50 f2 01 01 00 00 50 ...
05-19 18:19:41.536 2988 2988 D wpa_supplicant: WPA: RSN IE in EAPOL-Key - hexdump(len=22): 30 14 01 00 00 0f ac 04 01 00 00 0f ac 04 01 00 00 0f ac 02 00 00
05-19 18:19:41.536 2988 2988 D wpa_supplicant: WPA: WPA IE in EAPOL-Key - hexdump(len=24): dd 16 00 50 f2 01 01 00 00 50 f2 04 01 00 00 50 f2 04 01 00 00 50 f2 02
05-19 18:19:41.536 2988 2988 D wpa_supplicant: WPA: GTK in EAPOL-Key - hexdump(len=24): [REMOVED]
05-19 18:19:41.536 2988 2988 D wpa_supplicant: wlan0: WPA: Sending EAPOL-Key 4/4
05-19 18:19:41.536 2988 2988 D wpa_supplicant: WPA: KCK - hexdump(len=16): [REMOVED]
05-19 18:19:41.536 2988 2988 D wpa_supplicant: WPA: Derived Key MIC - hexdump(len=16): 1b f5 ac 89 d6 26 6b 54 cf 0c 4e 83 f4 71 27 1d
05-19 18:19:41.536 2988 2988 D wpa_supplicant: WPA: TX EAPOL-Key - hexdump(len=99): 01 03 00 5f 02 03 0a 00 00 00 00 00 00 00 00 00 02 00 00 00 00 00 00 00 00 00 00 00 00 00 00 00 ...
05-19 18:19:41.537 2988 2988 D wpa_supplicant: wlan0: WPA: Installing PTK to the driver
05-19 18:19:41.537 2988 2988 D wpa_supplicant: wpa_driver_nl80211_set_key: ifindex=4 (wlan0) alg=3 addr=0xb689b490 key_idx=0 set_tx=1 seq_len=6 key_len=16
05-19 18:19:41.537 2988 2988 D wpa_supplicant: nl80211: KEY_DATA - hexdump(len=16): [REMOVED]
05-19 18:19:41.537 2988 2988 D wpa_supplicant: nl80211: KEY_SEQ - hexdump(len=6): 00 00 00 00 00 00
05-19 18:19:41.537 2988 2988 D wpa_supplicant: addr=f8:1a:67:b2:14:c6
05-19 18:19:41.755 2988 2988 D wpa_supplicant: EAPOL: External notification - portValid=1
05-19 18:19:41.755 2988 2988 D wpa_supplicant: wlan0: State: 4WAY_HANDSHAKE -> GROUP_HANDSHAKE
05-19 18:19:41.755 2988 2988 D wpa_supplicant: CTRL_IFACE monitor sent successfully to /data/misc/wifi/sockets/wpa_ctrl_1943-2\x00
05-19 18:19:41.755 2988 2988 D wpa_supplicant: RSN: received GTK in pairwise handshake - hexdump(len=18): [REMOVED]
05-19 18:19:41.755 2988 2988 D wpa_supplicant: WPA: Group Key - hexdump(len=16): [REMOVED]
05-19 18:19:41.755 2988 2988 D wpa_supplicant: wlan0: WPA: Installing GTK to the driver (keyidx=1 tx=0 len=16)
05-19 18:19:41.755 2988 2988 D wpa_supplicant: WPA: RSC - hexdump(len=6): 43 f9 0e 00 00 00
05-19 18:19:41.755 2988 2988 D wpa_supplicant: wpa_driver_nl80211_set_key: ifindex=4 (wlan0) alg=3 addr=0xb76d6b20 key_idx=1 set_tx=0 seq_len=6 key_len=16
05-19 18:19:41.755 2988 2988 D wpa_supplicant: nl80211: KEY_DATA - hexdump(len=16): [REMOVED]
05-19 18:19:41.755 2988 2988 D wpa_supplicant: nl80211: KEY_SEQ - hexdump(len=6): 43 f9 0e 00 00 00
05-19 18:19:41.755 2988 2988 D wpa_supplicant: broadcast key
05-19 18:19:41.756 2988 2988 I wpa_supplicant: wlan0: WPA: Key negotiation completed with f8:1a:67:b2:14:c6 [PTK=CCMP GTK=CCMP]
05-19 18:19:41.756 2988 2988 D wpa_supplicant: CTRL_IFACE monitor sent successfully to /data/misc/wifi/sockets/wpa_ctrl_1943-2\x00
05-19 18:19:41.756 2988 2988 D wpa_supplicant: wlan0: Cancelling authentication timeout
05-19 18:19:41.756 2988 2988 D wpa_supplicant: wlan0: State: GROUP_HANDSHAKE -> COMPLETED
05-19 18:19:41.756 2988 2988 D wpa_supplicant: wlan0: Radio work 'sme-connect'@0xb6836430 done in 0.264304 seconds
05-19 18:19:41.756 2988 2988 I wpa_supplicant: wlan0: CTRL-EVENT-CONNECTED - Connection to f8:1a:67:b2:14:c6 completed [id=0 id_str=]
05-19 18:19:41.756 2988 2988 D wpa_supplicant: CTRL_IFACE monitor sent successfully to /data/misc/wifi/sockets/wpa_ctrl_1943-2\x00
05-19 18:19:41.756 2988 2988 D wpa_supplicant: nl80211: Set wlan0 operstate 0->1 (UP)
05-19 18:19:41.756 2988 2988 D wpa_supplicant: netlink: Operstate: ifindex=4 linkmode=-1 (no change), operstate=6 (IF_OPER_UP)
05-19 18:19:41.756 2988 2988 D wpa_supplicant: CTRL_IFACE monitor sent successfully to /data/misc/wifi/sockets/wpa_ctrl_1943-2\x00
05-19 18:19:41.756 2988 2988 D wpa_supplicant: EAPOL: External notification - portValid=1
05-19 18:19:41.756 2988 2988 D wpa_supplicant: EAPOL: External notification - EAP success=1
05-19 18:19:41.756 2988 2988 D wpa_supplicant: EAPOL: SUPP_PAE entering state AUTHENTICATING
05-19 18:19:41.756 2988 2988 D wpa_supplicant: EAPOL: SUPP_BE entering state SUCCESS
05-19 18:19:41.756 2988 2988 D wpa_supplicant: EAP: EAP entering state DISABLED
05-19 18:19:41.756 2988 2988 D wpa_supplicant: EAPOL: SUPP_PAE entering state AUTHENTICATED
05-19 18:19:41.756 2988 2988 D wpa_supplicant: EAPOL: Supplicant port status: Authorized
05-19 18:19:41.756 2988 2988 D wpa_supplicant: nl80211: Set supplicant port authorized for f8:1a:67:b2:14:c6
05-19 18:19:41.756 2988 2988 D wpa_supplicant: EAPOL: SUPP_BE entering state IDLE
05-19 18:19:41.756 2988 2988 D wpa_supplicant: EAPOL authentication completed - result=SUCCESS
05-19 18:19:41.756 2988 2988 D wpa_supplicant: wlan0: Control interface command 'GET_NETWORK 0 client_cert'
05-19 18:19:41.756 2988 2988 D wpa_supplicant: CTRL_IFACE: GET_NETWORK id=0 name='client_cert'
05-19 18:19:41.756 2988 2988 D wpa_supplicant: CTRL_IFACE: Failed to get network variable 'client_cert'
05-19 18:19:41.756 2988 2988 D wpa_supplicant: RTM_NEWLINK: ifi_index=4 ifname=wlan0 operstate=6 linkmode=1 ifi_family=0 ifi_flags=0x11043 ([UP][RUNNING][LOWER_UP])
05-19 18:19:41.757 2988 2988 D wpa_supplicant: wlan0: Control interface command 'GET_NETWORK 0 ca_cert'
05-19 18:19:41.757 2988 2988 D wpa_supplicant: CTRL_IFACE: GET_NETWORK id=0 name='ca_cert'
05-19 18:19:41.757 2988 2988 D wpa_supplicant: CTRL_IFACE: Failed to get network variable 'ca_cert'
05-19 18:19:41.757 2988 2988 D wpa_supplicant: wlan0: Control interface command 'GET_NETWORK 0 subject_match'
05-19 18:19:41.757 2988 2988 D wpa_supplicant: CTRL_IFACE: GET_NETWORK id=0 name='subject_match'
05-19 18:19:41.757 2988 2988 D wpa_supplicant: CTRL_IFACE: Failed to get network variable 'subject_match'
05-19 18:19:41.757 2988 2988 D wpa_supplicant: wlan0: Control interface command 'GET_NETWORK 0 engine'
05-19 18:19:41.757 2988 2988 D wpa_supplicant: CTRL_IFACE: GET_NETWORK id=0 name='engine'
05-19 18:19:41.758 2988 2988 D wpa_supplicant: wlan0: Control interface command 'GET_NETWORK 0 engine_id'
05-19 18:19:41.758 2988 2988 D wpa_supplicant: CTRL_IFACE: GET_NETWORK id=0 name='engine_id'
05-19 18:19:41.758 2988 2988 D wpa_supplicant: CTRL_IFACE: Failed to get network variable 'engine_id'
05-19 18:19:41.758 2988 2988 D wpa_supplicant: wlan0: Control interface command 'GET_NETWORK 0 key_id'
05-19 18:19:41.758 2988 2988 D wpa_supplicant: CTRL_IFACE: GET_NETWORK id=0 name='key_id'
05-19 18:19:41.758 2988 2988 D wpa_supplicant: CTRL_IFACE: Failed to get network variable 'key_id'
05-19 18:19:41.758 2988 2988 D wpa_supplicant: wlan0: Control interface command 'GET_NETWORK 0 private_key'
05-19 18:19:41.758 2988 2988 D wpa_supplicant: CTRL_IFACE: GET_NETWORK id=0 name='private_key'
05-19 18:19:41.758 2988 2988 D wpa_supplicant: CTRL_IFACE: Failed to get network variable 'private_key'
05-19 18:19:41.759 2988 2988 D wpa_supplicant: wlan0: Control interface command 'SAVE_CONFIG'
05-19 18:19:41.759 2988 2988 D wpa_supplicant: Writing configuration file '/data/misc/wifi/wpa_supplicant.conf.tmp'
05-19 18:19:41.759 2988 2988 D wpa_supplicant: Configuration file '/data/misc/wifi/wpa_supplicant.conf' written successfully
05-19 18:19:41.759 2988 2988 D wpa_supplicant: CTRL_IFACE: SAVE_CONFIG - Configuration updated
05-19 18:19:41.759 2988 2988 D wpa_supplicant: wlan0: Control interface command 'SELECT_NETWORK 0'
05-19 18:19:41.759 2988 2988 D wpa_supplicant: CTRL_IFACE: SELECT_NETWORK id=0
05-19 18:19:41.759 2988 2988 D wpa_supplicant: Already associated with the selected network - do nothing
05-19 18:19:41.760 2988 2988 D wpa_supplicant: wlan0: Control interface command 'RECONNECT'
05-19 18:19:41.790 1943 2034 D ConnectivityService: registerNetworkAgent NetworkAgentInfo{ ni{[type: WIFI[], state: CONNECTING/CONNECTING, reason: (unspecified), extra: "WIFI_MIZIFI", roaming: false, failover: false, isAvailable: true, isConnectedToProvisioningNetwork: false]} network{null} lp{{LinkAddresses: [] Routes: [] DnsAddresses: [] Domains: null MTU: 0 TcpBufferSizes: 524288,1048576,2097152,262144,524288,1048576}} nc{[ Transports: WIFI Capabilities: INTERNET&NOT_RESTRICTED&TRUSTED&NOT_VPN LinkUpBandwidth>=1048576Kbps LinkDnBandwidth>=1048576Kbps]} Score{20} everValidated{false} lastValidated{false} created{false} explicitlySelected{false} }
05-19 18:19:41.790 1943 2034 E WifiConfigStore: saveWifiConfigBSSID Setting BSSID for "WIFI_MIZIFI"WPA_PSK to any
05-19 18:19:41.790 2988 2988 D wpa_supplicant: wlan0: Control interface command 'SET_NETWORK [REMOVED]'
05-19 18:19:41.790 2988 2988 D wpa_supplicant: CTRL_IFACE: SET_NETWORK id=0 name='bssid'
05-19 18:19:41.790 2988 2988 D wpa_supplicant: CTRL_IFACE: value - hexdump(len=3): [REMOVED]
05-19 18:19:41.790 2988 2988 D wpa_supplicant: BSSID any
05-19 18:19:41.790 1943 2036 D ConnectivityService: NetworkAgentInfo [WIFI () - 100] EVENT_NETWORK_INFO_CHANGED, going from null to CONNECTING
05-19 18:19:41.790 2988 2988 D wpa_supplicant: wlan0: Control interface command 'SAVE_CONFIG'
05-19 18:19:41.790 2988 2988 D wpa_supplicant: Writing configuration file '/data/misc/wifi/wpa_supplicant.conf.tmp'
05-19 18:19:41.791 2988 2988 D wpa_supplicant: Configuration file '/data/misc/wifi/wpa_supplicant.conf' written successfully
05-19 18:19:41.791 2988 2988 D wpa_supplicant: CTRL_IFACE: SAVE_CONFIG - Configuration updated
05-19 18:19:41.792 1943 2034 E WifiConfigStore: saveWifiConfigBSSID Setting BSSID for "WIFI_MIZIFI"WPA_PSK to any
05-19 18:19:41.792 2988 2988 D wpa_supplicant: wlan0: Control interface command 'SET_NETWORK [REMOVED]'
05-19 18:19:41.792 2988 2988 D wpa_supplicant: CTRL_IFACE: SET_NETWORK id=0 name='bssid'
05-19 18:19:41.792 2988 2988 D wpa_supplicant: CTRL_IFACE: value - hexdump(len=3): [REMOVED]
05-19 18:19:41.792 2988 2988 D wpa_supplicant: BSSID any
05-19 18:19:41.793 2988 2988 D wpa_supplicant: wlan0: Control interface command 'SAVE_CONFIG'
05-19 18:19:41.793 2988 2988 D wpa_supplicant: Writing configuration file '/data/misc/wifi/wpa_supplicant.conf.tmp'
05-19 18:19:41.793 2988 2988 D wpa_supplicant: Configuration file '/data/misc/wifi/wpa_supplicant.conf' written successfully
05-19 18:19:41.793 2988 2988 D wpa_supplicant: CTRL_IFACE: SAVE_CONFIG - Configuration updated
05-19 18:19:41.796 1623 1886 D CommandListener: Setting iface cfg
05-19 18:19:41.800 1943 2034 E WifiStateMachine: Start Dhcp Watchdog 1
05-19 18:19:41.805 2988 2988 D wpa_supplicant: wlan0: Control interface command 'SIGNAL_POLL'
05-19 18:19:41.807 1943 2036 D ConnectivityService: updateNetworkScore for NetworkAgentInfo [WIFI () - 100] to 60
05-19 18:19:41.812 2988 2988 D wpa_supplicant: wlan0: Control interface command 'DRIVER BTCOEXMODE 1'
05-19 18:19:41.813 1943 2034 E native : do suspend false
05-19 18:19:41.813 2988 2988 D wpa_supplicant: wlan0: Control interface command 'DRIVER SETSUSPENDMODE 0'
05-19 18:19:41.813 2988 2988 D wpa_supplicant: wlan0: Control interface command 'SET ps 0'
05-19 18:19:41.813 2988 2988 D wpa_supplicant: CTRL_IFACE SET 'ps'='0'
05-19 18:19:41.813 2988 2988 D wpa_supplicant: nl80211: set_p2p_powersave (legacy_ps=0 opp_ps=-1 ctwindow=-1)
05-19 18:19:41.819 2988 2988 D wpa_supplicant: wlan0: Control interface command 'DRIVER WLS_BATCHING GET'
05-19 18:19:41.820 1943 2034 E WifiStateMachine: Unexpected BatchedScanResults :OK
05-19 18:19:41.820 2988 2988 D wpa_supplicant: wlan0: Control interface command 'DRIVER WLS_BATCHING STOP'
05-19 18:19:42.038 3017 3017 E dhcpcd : fopen `/system/etc/dhcpcd/dhcpcd.conf': No such file or directory
05-19 18:19:42.038 3017 3017 I dhcpcd : version 5.5.6 starting
05-19 18:19:42.039 3017 3017 E dhcpcd : fopen `/system/etc/dhcpcd/dhcpcd.conf': No such file or directory
05-19 18:19:42.040 3017 3017 E dhcpcd : get_duid: Read-only file system
05-19 18:19:42.082 3017 3017 I dhcpcd : wlan0: broadcasting for a lease
05-19 18:19:42.102 3017 3017 I dhcpcd : wlan0: offered 192.168.0.105 from 192.168.0.1
05-19 18:19:42.111 3017 3017 I dhcpcd : wlan0: acknowledged 192.168.0.105 from 192.168.0.1
05-19 18:19:42.117 3017 3017 I dhcpcd : wlan0: leased 192.168.0.105 for 7200 seconds
05-19 18:19:42.424 2988 2988 D wpa_supplicant: wlan0: Control interface command 'SET ps 1'
05-19 18:19:42.424 2988 2988 D wpa_supplicant: CTRL_IFACE SET 'ps'='1'
05-19 18:19:42.424 2988 2988 D wpa_supplicant: nl80211: set_p2p_powersave (legacy_ps=1 opp_ps=-1 ctwindow=-1)
05-19 18:19:42.425 2988 2988 D wpa_supplicant: wlan0: Control interface command 'DRIVER BTCOEXMODE 2'
05-19 18:19:42.426 1943 2034 E WifiStateMachine: WifiStateMachine: handleSuccessfulIpConfiguration and no scan results"WIFI_MIZIFI"WPA_PSK
05-19 18:19:42.434 1943 2036 D ConnectivityService: NetworkAgentInfo [WIFI () - 100] EVENT_NETWORK_INFO_CHANGED, going from CONNECTING to CONNECTED
05-19 18:19:42.436 1943 2036 D ConnectivityService: Adding iface wlan0 to network 100
05-19 18:19:42.438 1943 2034 E WifiStateMachine: Did not find remoteAddress {192.168.0.1} in /proc/net/arp
05-19 18:19:42.451 1943 2036 E ConnectivityService: Unexpected mtu value: 0, wlan0
05-19 18:19:42.451 1943 2036 D ConnectivityService: Adding Route [fe80::/64 -> :: wlan0] to network 100
05-19 18:19:42.452 1943 2036 D ConnectivityService: Adding Route [192.168.0.0/24 -> 0.0.0.0 wlan0] to network 100
05-19 18:19:42.453 1943 2036 D ConnectivityService: Adding Route [0.0.0.0/0 -> 192.168.0.1 wlan0] to network 100
05-19 18:19:42.454 1943 2036 D ConnectivityService: Setting Dns servers for network 100 to [/192.168.0.1]
05-19 18:19:42.459 1943 2036 D ConnectivityService: notifyType IP_CHANGED for NetworkAgentInfo [WIFI () - 100]
05-19 18:19:42.460 1943 2036 D ConnectivityService: notifyType PRECHECK for NetworkAgentInfo [WIFI () - 100]
05-19 18:19:42.460 1943 2036 D ConnectivityService: rematching NetworkAgentInfo [WIFI () - 100]
05-19 18:19:42.460 1943 2036 D ConnectivityService: accepting network in place of null
05-19 18:19:42.461 1943 3015 D NetworkMonitor/NetworkAgentInfo [WIFI () - 100]: DefaultState{ when=0 what=532481 target=com.android.internal.util.StateMachine$SmHandler }
05-19 18:19:42.461 1943 3015 D NetworkMonitor/NetworkAgentInfo [WIFI () - 100]: Connected
05-19 18:19:42.461 1943 3015 D NetworkMonitor/NetworkAgentInfo [WIFI () - 100]: EvaluatingState{ when=0 what=532486 arg1=1 target=com.android.internal.util.StateMachine$SmHandler }
05-19 18:19:42.461 1943 3015 D NetworkMonitor/NetworkAgentInfo [WIFI () - 100]: Checking http://connectivitycheck.android.com/generate_204 on "WIFI_MIZIFI"
