05-19 18:19:27.586 2988 2988 D wpa_supplicant: nl80211: Supported cipher 00-0f-ac:6
05-19 18:19:27.586 2988 2988 D wpa_supplicant: nl80211: Supported cipher 00-0f-ac:13
05-19 18:19:27.586 2988 2988 D wpa_supplicant: nl80211: Supported cipher 00-0f-ac:11
05-19 18:19:27.586 2988 2988 D wpa_supplicant: nl80211: Supported cipher 00-0f-ac:12
05-19 18:19:27.586 2988 2988 D wpa_supplicant: nl80211: Using driver-based off-channel TX
05-19 18:19:27.587 2988 2988 D wpa_supplicant: nl80211: Use separate P2P group interface (driver advertised support)
05-19 18:19:27.587 2988 2988 D wpa_supplicant: nl80211: interface wlan0 in phy phy0
05-19 18:19:27.587 2988 2988 D wpa_supplicant: nl80211: Set mode ifindex 4 iftype 2 (STATION)
05-19 18:19:27.587 2988 2988 D wpa_supplicant: nl80211: Subscribe to mgmt frames with non-AP handle 0xb68362b0
05-19 18:19:27.587 2988 2988 D wpa_supplicant: nl80211: Register frame type=0xd0 (WLAN_FC_STYPE_ACTION) nl_handle=0xb68362b0 match=0104
05-19 18:19:27.587 2988 2988 D wpa_supplicant: nl80211: Register frame type=0xd0 (WLAN_FC_STYPE_ACTION) nl_handle=0xb68362b0 match=040a
05-19 18:19:27.587 2988 2988 D wpa_supplicant: nl80211: Register frame type=0xd0 (WLAN_FC_STYPE_ACTION) nl_handle=0xb68362b0 match=040b
05-19 18:19:27.587 2988 2988 D wpa_supplicant: nl80211: Register frame type=0xd0 (WLAN_FC_STYPE_ACTION) nl_handle=0xb68362b0 match=040c
05-19 18:19:27.587 2988 2988 D wpa_supplicant: nl80211: Register frame type=0xd0 (WLAN_FC_STYPE_ACTION) nl_handle=0xb68362b0 match=040d
05-19 18:19:27.587 2988 2988 D wpa_supplicant: nl80211: Register frame type=0xd0 (WLAN_FC_STYPE_ACTION) nl_handle=0xb68362b0 match=090a
05-19 18:19:27.587 2988 2988 D wpa_supplicant: nl80211: Register frame type=0xd0 (WLAN_FC_STYPE_ACTION) nl_handle=0xb68362b0 match=090b
05-19 18:19:27.587 2988 2988 D wpa_supplicant: nl80211: Register frame type=0xd0 (WLAN_FC_STYPE_ACTION) nl_handle=0xb68362b0 match=090c
05-19 18:19:27.587 2988 2988 D wpa_supplicant: nl80211: Register frame type=0xd0 (WLAN_FC_STYPE_ACTION) nl_handle=0xb68362b0 match=090d
05-19 18:19:27.587 2988 2988 D wpa_supplicant: nl80211: Register frame type=0xd0 (WLAN_FC_STYPE_ACTION) nl_handle=0xb68362b0 match=0409506f9a09
05-19 18:19:27.587 2988 2988 D wpa_supplicant: nl80211: Register frame type=0xd0 (WLAN_FC_STYPE_ACTION) nl_handle=0xb68362b0 match=7f506f9a09
05-19 18:19:27.587 2988 2988 D wpa_supplicant: nl80211: Register frame type=0xd0 (WLAN_FC_STYPE_ACTION) nl_handle=0xb68362b0 match=0801
05-19 18:19:27.587 2988 2988 D wpa_supplicant: nl80211: Register frame type=0xd0 (WLAN_FC_STYPE_ACTION) nl_handle=0xb68362b0 match=040e
05-19 18:19:27.587 2988 2988 D wpa_supplicant: nl80211: Register frame type=0xd0 (WLAN_FC_STYPE_ACTION) nl_handle=0xb68362b0 match=06
05-19 18:19:27.587 2988 2988 D wpa_supplicant: nl80211: Register frame type=0xd0 (WLAN_FC_STYPE_ACTION) nl_handle=0xb68362b0 match=0a07
05-19 18:19:27.587 2988 2988 D wpa_supplicant: nl80211: Register frame type=0xd0 (WLAN_FC_STYPE_ACTION) nl_handle=0xb68362b0 match=0a11
05-19 18:19:27.587 2988 2988 D wpa_supplicant: nl80211: Register frame type=0xd0 (WLAN_FC_STYPE_ACTION) nl_handle=0xb68362b0 match=0a1a
05-19 18:19:27.604 2988 2988 D wpa_supplicant: netlink: Operstate: ifindex=4 linkmode=1 (userspace-control), operstate=5 (IF_OPER_DORMANT)
05-19 18:19:27.605 2988 2988 D wpa_supplicant: nl80211: driver param='(null)'
05-19 18:19:27.605 2988 2988 D wpa_supplicant: Add interface wlan0 to a new radio phy0
05-19 18:19:27.605 2988 2988 D wpa_supplicant: nl80211: Regulatory information - country=00
05-19 18:19:27.605 2988 2988 D wpa_supplicant: nl80211: 2402-2472 @ 40 MHz 20 mBm
05-19 18:19:27.605 2988 2988 D wpa_supplicant: nl80211: 2457-2482 @ 40 MHz 20 mBm (no IR)
05-19 18:19:27.605 2988 2988 D wpa_supplicant: nl80211: 2474-2494 @ 20 MHz 20 mBm (no OFDM) (no IR)
05-19 18:19:27.605 2988 2988 D wpa_supplicant: nl80211: 5170-5250 @ 160 MHz 20 mBm (no IR)
05-19 18:19:27.605 2988 2988 D wpa_supplicant: nl80211: 5250-5330 @ 160 MHz 20 mBm (DFS) (no IR)
05-19 18:19:27.605 2988 2988 D wpa_supplicant: nl80211: 5490-5730 @ 160 MHz 20 mBm (DFS) (no IR)
05-19 18:19:27.605 2988 2988 D wpa_supplicant: nl80211: 5735-5835 @ 80 MHz 20 mBm (no IR)
05-19 18:19:27.605 2988 2988 D wpa_supplicant: nl80211: 57240-63720 @ 2160 MHz 0 mBm
05-19 18:19:27.605 2988 2988 D wpa_supplicant: nl80211: Added 802.11b mode based on 802.11g information
05-19 18:19:27.609 2988 2988 D wpa_supplicant: wlan0: Own MAC address: 5c:c9:d3:3c:f6:84
05-19 18:19:27.609 2988 2988 D wpa_supplicant: wpa_driver_nl80211_set_key: ifindex=4 (wlan0) alg=0 addr=0x0 key_idx=0 set_tx=0 seq_len=0 key_len=0
05-19 18:19:27.609 2988 2988 D wpa_supplicant: wpa_driver_nl80211_set_key: ifindex=4 (wlan0) alg=0 addr=0x0 key_idx=1 set_tx=0 seq_len=0 key_len=0
05-19 18:19:27.609 2988 2988 D wpa_supplicant: wpa_driver_nl80211_set_key: ifindex=4 (wlan0) alg=0 addr=0x0 key_idx=2 set_tx=0 seq_len=0 key_len=0
05-19 18:19:27.609 2988 2988 D wpa_supplicant: wpa_driver_nl80211_set_key: ifindex=4 (wlan0) alg=0 addr=0x0 key_idx=3 set_tx=0 seq_len=0 key_len=0
05-19 18:19:27.609 2988 2988 D wpa_supplicant: wpa_driver_nl80211_set_key: ifindex=4 (wlan0) alg=0 addr=0x0 key_idx=4 set_tx=0 seq_len=0 key_len=0
05-19 18:19:27.610 2988 2988 D wpa_supplicant: wpa_driver_nl80211_set_key: ifindex=4 (wlan0) alg=0 addr=0x0 key_idx=5 set_tx=0 seq_len=0 key_len=0
05-19 18:19:27.610 2988 2988 D wpa_supplicant: wlan0: RSN: flushing PMKID list in the driver
05-19 18:19:27.610 2988 2988 D wpa_supplicant: nl80211: Flush PMKIDs
05-19 18:19:27.610 2988 2988 D wpa_supplicant: wlan0: State: DISCONNECTED -> INACTIVE
05-19 18:19:27.622 2988 2988 D wpa_supplicant: TDLS: TDLS operation supported by driver
05-19 18:19:27.622 2988 2988 D wpa_supplicant: TDLS: Driver uses external link setup
05-19 18:19:27.622 2988 2988 D wpa_supplicant: wlan0: WPS: UUID based on MAC address: fe2880d2-f9e9-5f1a-bc4c-bccdf3a94e32
05-19 18:19:27.634 2988 2988 D wpa_supplicant: EAPOL: SUPP_PAE entering state DISCONNECTED
05-19 18:19:27.634 2988 2988 D wpa_supplicant: EAPOL: Supplicant port status: Unauthorized
05-19 18:19:27.634 2988 2988 D wpa_supplicant: nl80211: Skip set_supp_port(unauthorized) while not associated
05-19 18:19:27.634 2988 2988 D wpa_supplicant: EAPOL: KEY_RX entering state NO_KEY_RECEIVE
05-19 18:19:27.634 2988 2988 D wpa_supplicant: EAPOL: SUPP_BE entering state INITIALIZE
05-19 18:19:27.634 2988 2988 D wpa_supplicant: EAP: EAP entering state DISABLED
05-19 18:19:27.635 2988 2988 D wpa_supplicant: Using existing control interface directory.
05-19 18:19:27.635 2988 2988 D wpa_supplicant: P2P: Add operating class 81
05-19 18:19:27.636 2988 2988 D wpa_supplicant: P2P: Channels - hexdump(len=11): 01 02 03 04 05 06 07 08 09 0a 0b
05-19 18:19:27.637 2988 2988 D wpa_supplicant: P2P: Own listen channel: 81:6
05-19 18:19:27.638 2988 2988 D wpa_supplicant: P2P: Random operating channel: 81:6
05-19 18:19:27.640 2988 2988 D wpa_supplicant: P2P: initialized
05-19 18:19:27.640 2988 2988 D wpa_supplicant: P2P: channels: 81:1,2,3,4,5,6,7,8,9,10,11
05-19 18:19:27.640 2988 2988 D wpa_supplicant: P2P: cli_channels:
05-19 18:19:27.640 2988 2988 D wpa_supplicant: wlan0: Added interface wlan0
05-19 18:19:27.640 2988 2988 D wpa_supplicant: wlan0: State: INACTIVE -> DISCONNECTED
05-19 18:19:27.640 2988 2988 D wpa_supplicant: nl80211: Set wlan0 operstate 0->0 (DORMANT)
05-19 18:19:27.640 2988 2988 D wpa_supplicant: netlink: Operstate: ifindex=4 linkmode=-1 (no change), operstate=5 (IF_OPER_DORMANT)
05-19 18:19:27.640 2988 2988 D wpa_supplicant: random: Got 20/20 bytes from /dev/random
05-19 18:19:27.640 2988 2988 D wpa_supplicant: Get randomness: len=20 entropy=0
05-19 18:19:27.641 2988 2988 D wpa_supplicant: random from os_get_random - hexdump(len=20): [REMOVED]
05-19 18:19:27.641 2988 2988 D wpa_supplicant: random_mix_pool - hexdump(len=20): [REMOVED]
05-19 18:19:27.641 2988 2988 D wpa_supplicant: random from internal pool - hexdump(len=16): [REMOVED]
05-19 18:19:27.641 2988 2988 D wpa_supplicant: random_mix_pool - hexdump(len=20): [REMOVED]
05-19 18:19:27.641 2988 2988 D wpa_supplicant: random from internal pool - hexdump(len=16): [REMOVED]
05-19 18:19:27.641 2988 2988 D wpa_supplicant: mixed random - hexdump(len=20): [REMOVED]
05-19 18:19:27.641 2988 2988 D wpa_supplicant: random: Updated entropy file /data/misc/wifi/entropy.bin (own_pool_ready=2)
05-19 18:19:27.641 2988 2988 D wpa_supplicant: CTRL_IFACE monitor attached /data/misc/wifi/sockets/wpa_ctrl_1943-2\x00
05-19 18:19:27.641 2988 2988 D wpa_supplicant: RTM_NEWLINK: ifi_index=4 ifname=wlan0 operstate=0 linkmode=0 ifi_family=0 ifi_flags=0x1043 ([UP][RUNNING])
05-19 18:19:27.641 2988 2988 D wpa_supplicant: RTM_NEWLINK: ifi_index=4 ifname=wlan0 operstate=5 linkmode=0 ifi_family=0 ifi_flags=0x1003 ([UP])
05-19 18:19:27.641 2988 2988 D wpa_supplicant: RTM_NEWLINK: ifi_index=4 ifname=wlan0 operstate=5 linkmode=1 ifi_family=0 ifi_flags=0x1003 ([UP])
05-19 18:19:27.641 2988 2988 D wpa_supplicant: RTM_NEWLINK: ifi_index=4 ifname=wlan0 operstate=2 linkmode=1 ifi_family=0 ifi_flags=0x1003 ([UP])
05-19 18:19:27.646 2988 2988 D wpa_supplicant: wlan0: Control interface command 'DRIVER MACADDR'
05-19 18:19:27.647 2988 2988 D wpa_supplicant: wlan0: Control interface command 'SET update_config 1'
05-19 18:19:27.647 2988 2988 D wpa_supplicant: CTRL_IFACE SET 'update_config'='1'
05-19 18:19:27.647 2988 2988 D wpa_supplicant: update_config=1
05-19 18:19:27.648 1943 2034 D WifiConfigStore: Loading config and enabling all networks
05-19 18:19:27.648 2988 2988 D wpa_supplicant: wlan0: Control interface command 'LIST_NETWORKS LAST_ID=-1'
05-19 18:19:27.649 1943 2034 E WifiConfigStore: Error parsing configuration: java.io.FileNotFoundException: /data/misc/wifi/ipconfig.txt: open failed: ENOENT (No such file or directory)
05-19 18:19:27.651 1943 2034 E WifiConfigStore: readNetworkHistory: No config file, revert to defaultjava.io.FileNotFoundException: /data/misc/wifi/networkHistory.txt: open failed: ENOENT (No such file or directory)
05-19 18:19:27.653 1943 2034 E WifiConfigStore: --- Begin wpa_supplicant.conf Contents ---
05-19 18:19:27.654 1943 2034 E WifiConfigStore: ctrl_interface=wlan0
05-19 18:19:27.654 1943 2034 E WifiConfigStore: update_config=1
05-19 18:19:27.654 1943 2034 E WifiConfigStore: eapol_version=1
05-19 18:19:27.654 1943 2034 E WifiConfigStore: ap_scan=1
05-19 18:19:27.654 1943 2034 E WifiConfigStore: fast_reauth=1
05-19 18:19:27.654 1943 2034 E WifiConfigStore: --- End wpa_supplicant.conf Contents ---
05-19 18:19:27.655 2988 2988 D wpa_supplicant: wlan0: Control interface command 'SET device_name android_x86'
05-19 18:19:27.655 2988 2988 D wpa_supplicant: CTRL_IFACE SET 'device_name'='android_x86'
05-19 18:19:27.655 2988 2988 D wpa_supplicant: device_name='android_x86'
05-19 18:19:27.655 2988 2988 D wpa_supplicant: wlan0: Control interface command 'SET manufacturer Acer'
05-19 18:19:27.656 2988 2988 D wpa_supplicant: CTRL_IFACE SET 'manufacturer'='Acer'
05-19 18:19:27.656 2988 2988 D wpa_supplicant: manufacturer='Acer'
05-19 18:19:27.656 2988 2988 D wpa_supplicant: wlan0: Control interface command 'SET model_name Aspire V5-123'
05-19 18:19:27.656 2988 2988 D wpa_supplicant: CTRL_IFACE SET 'model_name'='Aspire V5-123'
05-19 18:19:27.656 2988 2988 D wpa_supplicant: model_name='Aspire V5-123'
05-19 18:19:27.656 2988 2988 D wpa_supplicant: wlan0: Control interface command 'SET model_number Aspire V5-123'
05-19 18:19:27.656 2988 2988 D wpa_supplicant: CTRL_IFACE SET 'model_number'='Aspire V5-123'
05-19 18:19:27.656 2988 2988 D wpa_supplicant: model_number='Aspire V5-123'
05-19 18:19:27.657 2988 2988 D wpa_supplicant: wlan0: Control interface command 'SET serial_number '
05-19 18:19:27.657 2988 2988 D wpa_supplicant: CTRL_IFACE SET 'serial_number'=''
05-19 18:19:27.657 2988 2988 D wpa_supplicant: serial_number=''
05-19 18:19:27.657 2988 2988 D wpa_supplicant: wlan0: Control interface command 'SET config_methods physical_display virtual_push_button'
05-19 18:19:27.657 2988 2988 D wpa_supplicant: CTRL_IFACE SET 'config_methods'='physical_display virtual_push_button'
05-19 18:19:27.657 2988 2988 D wpa_supplicant: config_methods='physical_display virtual_push_button'
05-19 18:19:27.657 2988 2988 D wpa_supplicant: wlan0: Control interface command 'SET device_type 10-0050F204-5'
05-19 18:19:27.657 2988 2988 D wpa_supplicant: CTRL_IFACE SET 'device_type'='10-0050F204-5'
05-19 18:19:27.658 2988 2988 D wpa_supplicant: wlan0: Control interface command 'SCAN_INTERVAL 15'
05-19 18:19:27.658 2988 2988 D wpa_supplicant: wlan0: Setting scan interval: 15 sec
05-19 18:19:27.658 1943 2034 D WifiNative-HAL: Setting external_sim to 1
05-19 18:19:27.658 2988 2988 D wpa_supplicant: wlan0: Control interface command 'SET external_sim 1'
05-19 18:19:27.659 2988 2988 D wpa_supplicant: CTRL_IFACE SET 'external_sim'='1'
05-19 18:19:27.659 2988 2988 D wpa_supplicant: external_sim=1
05-19 18:19:27.659 1943 2034 D WifiStateMachine: Setting OUI to DA-A1-19
05-19 18:19:27.659 1943 2034 I WifiNative-HAL: startHal
05-19 18:19:27.659 1943 2034 E wifi : getStaticLongField sWifiHalHandle 0xa080389c
05-19 18:19:27.659 1943 2034 D wifi : halHandle = 0x0, mVM = 0xb3c4d280, mCls = 0x2013ee
05-19 18:19:27.659 1943 2034 I WifiNative-HAL: Could not start hal
05-19 18:19:27.659 2988 2988 D wpa_supplicant: wlan0: Control interface command 'STA_AUTOCONNECT 0'
05-19 18:19:27.660 2988 2988 D wpa_supplicant: wlan0: Control interface command 'DRIVER BTCOEXSCAN-STOP'
05-19 18:19:27.661 2988 2988 D wpa_supplicant: wlan0: Control interface command 'DRIVER RXFILTER-STOP'
05-19 18:19:27.661 2988 2988 D wpa_supplicant: wlan0: Control interface command 'DRIVER RXFILTER-ADD 3'
05-19 18:19:27.662 2988 2988 D wpa_supplicant: wlan0: Control interface command 'DRIVER RXFILTER-START'
05-19 18:19:27.662 2988 2988 D wpa_supplicant: wlan0: Control interface command 'DRIVER RXFILTER-STOP'
05-19 18:19:27.663 2988 2988 D wpa_supplicant: wlan0: Control interface command 'DRIVER RXFILTER-REMOVE 2'
05-19 18:19:27.663 2988 2988 D wpa_supplicant: wlan0: Control interface command 'DRIVER RXFILTER-START'
05-19 18:19:27.663 2988 2988 D wpa_supplicant: wlan0: Control interface command 'STATUS'
05-19 18:19:27.663 2988 2988 D wpa_supplicant: CTRL_IFACE monitor sent successfully to /data/misc/wifi/sockets/wpa_ctrl_1943-2\x00
05-19 18:19:27.664 1943 2034 I WifiNative-HAL: startHal
05-19 18:19:27.665 1943 2034 E WifiStateMachine: cancelDelayedScan -> 1
05-19 18:19:27.665 2988 2988 D wpa_supplicant: wlan0: Control interface command 'SET ps 1'
05-19 18:19:27.665 2988 2988 D wpa_supplicant: CTRL_IFACE SET 'ps'='1'
05-19 18:19:27.665 2988 2988 D wpa_supplicant: nl80211: set_p2p_powersave (legacy_ps=1 opp_ps=-1 ctwindow=-1)
05-19 18:19:27.666 1943 1943 D WifiScanningService: SCAN_AVAILABLE : 3
05-19 18:19:27.666 1943 1943 D RttService: SCAN_AVAILABLE : 3
05-19 18:19:27.666 1943 2050 D WifiScanningService: DefaultState got{ when=0 what=160006 target=com.android.internal.util.StateMachine$SmHandler }
05-19 18:19:27.666 1943 2050 I WifiNative-HAL: startHal
05-19 18:19:27.666 1943 2051 D RttService: DefaultState got{ when=0 what=160512 target=com.android.internal.util.StateMachine$SmHandler }
05-19 18:19:27.666 1943 2050 E WifiScanningService: could not start HAL
05-19 18:19:27.668 2988 2988 D wpa_supplicant: wlan0: Control interface command 'DRIVER SETBAND 0'
05-19 18:19:27.669 2988 2988 D wpa_supplicant: wlan0: Control interface command 'BSS_FLUSH 0'
05-19 18:19:27.669 2988 2988 D wpa_supplicant: wlan0: Control interface command 'SCAN TYPE=ONLY'
05-19 18:19:27.669 2988 2988 D wpa_supplicant: wlan0: Setting scan request: 0.000000 sec
05-19 18:19:27.670 2988 2988 D wpa_supplicant: wlan0: State: DISCONNECTED -> SCANNING
05-19 18:19:27.670 2988 2988 D wpa_supplicant: CTRL_IFACE monitor sent successfully to /data/misc/wifi/sockets/wpa_ctrl_1943-2\x00
05-19 18:19:27.670 2988 2988 D wpa_supplicant: wlan0: Starting AP scan for wildcard SSID
05-19 18:19:27.670 2988 2988 D wpa_supplicant: WPS: Building WPS IE for Probe Request
05-19 18:19:27.670 2988 2988 D wpa_supplicant: WPS: * Version (hardcoded 0x10)
05-19 18:19:27.670 2988 2988 D wpa_supplicant: WPS: * Request Type
05-19 18:19:27.670 2988 2988 D wpa_supplicant: WPS: * Config Methods (4288)
05-19 18:19:27.670 2988 2988 D wpa_supplicant: WPS: * UUID-E
05-19 18:19:27.670 2988 2988 D wpa_supplicant: WPS: * Primary Device Type
05-19 18:19:27.670 2988 2988 D wpa_supplicant: WPS: * RF Bands (1)
05-19 18:19:27.670 2988 2988 D wpa_supplicant: WPS: * Association State
05-19 18:19:27.670 2988 2988 D wpa_supplicant: WPS: * Configuration Error (0)
05-19 18:19:27.670 2988 2988 D wpa_supplicant: WPS: * Device Password ID (0)
05-19 18:19:27.670 2988 2988 D wpa_supplicant: WPS: * Manufacturer
05-19 18:19:27.670 2988 2988 D wpa_supplicant: WPS: * Model Name
05-19 18:19:27.670 2988 2988 D wpa_supplicant: WPS: * Model Number
05-19 18:19:27.670 2988 2988 D wpa_supplicant: WPS: * Device Name
05-19 18:19:27.670 2988 2988 D wpa_supplicant: WPS: * Version2 (0x20)
05-19 18:19:27.670 2988 2988 D wpa_supplicant: P2P: * P2P IE header
05-19 18:19:27.670 2988 2988 D wpa_supplicant: P2P: * Capability dev=25 group=00
05-19 18:19:27.670 2988 2988 D wpa_supplicant: P2P: * Listen Channel: Regulatory Class 81 Channel 6
05-19 18:19:27.670 2988 2988 D wpa_supplicant: wlan0: Add radio work 'scan'@0xb6836430
05-19 18:19:27.670 2988 2988 D wpa_supplicant: wlan0: First radio work item in the queue - schedule start immediately
05-19 18:19:27.670 2988 2988 D wpa_supplicant: wlan0: Starting radio work 'scan'@0xb6836430 after 0.000042 second wait
05-19 18:19:27.670 2988 2988 D wpa_supplicant: wlan0: nl80211: scan request
05-19 18:19:27.670 2988 2988 D wpa_supplicant: nl80211: Scan SSID - hexdump(len=0): [NULL]
05-19 18:19:27.670 2988 2988 D wpa_supplicant: nl80211: Scan extra IEs - hexdump(len=163): dd 8e 00 50 f2 04 10 4a 00 01 10 10 3a 00 01 00 10 08 00 02 42 88 10 47 00 10 fe 28 80 d2 f9 e9 ...
05-19 18:19:27.670 2988 2988 D wpa_supplicant: nl80211: Add NL80211_SCAN_FLAG_FLUSH
05-19 18:19:27.681 1943 2034 E native : do suspend false
05-19 18:19:27.691 2988 2988 D wpa_supplicant: Scan requested (ret=0) - scan timeout 10 seconds
05-19 18:19:27.691 2988 2988 D wpa_supplicant: wlan0: Control interface command 'DRIVER SETSUSPENDMODE 0'
05-19 18:19:27.691 2988 2988 D wpa_supplicant: nl80211: Event message available
05-19 18:19:27.691 2988 2988 D wpa_supplicant: nl80211: Drv Event 33 (NL80211_CMD_TRIGGER_SCAN) received for wlan0
05-19 18:19:27.691 2988 2988 D wpa_supplicant: wlan0: nl80211: Scan trigger
05-19 18:19:27.691 2988 2988 D wpa_supplicant: wlan0: Event SCAN_STARTED (49) received
05-19 18:19:27.692 2988 2988 D wpa_supplicant: wlan0: Own scan request started a scan in 0.000209 seconds
05-19 18:19:27.692 2988 2988 D wpa_supplicant: CTRL_IFACE monitor sent successfully to /data/misc/wifi/sockets/wpa_ctrl_1943-2\x00
05-19 18:19:27.692 2988 2988 D wpa_supplicant: wlan0: Control interface command 'BLACKLIST clear'
05-19 18:19:27.705 2988 2988 D wpa_supplicant: wlan0: Control interface command 'SCAN TYPE=ONLY'
05-19 18:19:27.705 2988 2988 D wpa_supplicant: Ongoing scan action - reject new request
05-19 18:19:27.711 2458 2990 D Index : Deleting data for locale 'en_US' took 4 millis
05-19 18:19:27.716 2458 2990 D Index : Indexing locale 'en_US' took 5 millis
05-19 18:19:28.592 2988 2988 D wpa_supplicant: nl80211: Event message available
05-19 18:19:28.592 2988 2988 D wpa_supplicant: nl80211: Drv Event 34 (NL80211_CMD_NEW_SCAN_RESULTS) received for wlan0
05-19 18:19:28.592 2988 2988 D wpa_supplicant: wlan0: nl80211: New scan results available
05-19 18:19:28.592 2988 2988 D wpa_supplicant: nl80211: Scan probed for SSID ''
05-19 18:19:28.592 2988 2988 D wpa_supplicant: nl80211: Scan included frequencies: 2412 2417 2422 2427 2432 2437 2442 2447 2452 2457 2462 2467 2472
05-19 18:19:28.592 2988 2988 D wpa_supplicant: wlan0: Event SCAN_RESULTS (3) received
05-19 18:19:28.592 2988 2988 D wpa_supplicant: wlan0: Scan completed in 0.901131 seconds
05-19 18:19:28.592 2988 2988 D wpa_supplicant: nl80211: Received scan results (2 BSSes)
05-19 18:19:28.592 2988 2988 D wpa_supplicant: Sorted scan results
05-19 18:19:28.592 2988 2988 D wpa_supplicant: f8:1a:67:b2:14:c6 freq=2412 qual=0 noise=-87 level=-42 snr=45* flags=0x9 age=785
05-19 18:19:28.592 2988 2988 D wpa_supplicant: IEs - hexdump(len=377): 00 0b 57 49 46 49 5f 4d 49 5a 49 46 49 01 08 82 84 8b 96 0c 12 18 24 03 01 01 2a 01 02 30 14 01 ...
05-19 18:19:28.592 2988 2988 D wpa_supplicant: Beacon IEs - hexdump(len=216): 00 0b 57 49 46 49 5f 4d 49 5a 49 46 49 01 08 82 84 8b 96 0c 12 18 24 03 01 01 05 04 00 01 00 00 ...
05-19 18:19:28.592 2988 2988 D wpa_supplicant: 1c:7e:e5:c3:3d:32 freq=2462 qual=0 noise=-87 level=-90 snr=-3 flags=0x9 age=243
05-19 18:19:28.592 2988 2988 D wpa_supplicant: IEs - hexdump(len=244): 00 0d 41 63 65 73 73 6f 20 4e 65 67 61 64 6f 01 08 82 84 8b 96 12 24 48 6c 03 01 0b 32 04 0c 18 ...
05-19 18:19:28.593 2988 2988 D wpa_supplicant: Beacon IEs - hexdump(len=244): 00 0d 41 63 65 73 73 6f 20 4e 65 67 61 64 6f 01 08 82 84 8b 96 12 24 48 6c 03 01 0b 32 04 0c 18 ...
05-19 18:19:28.593 2988 2988 D wpa_supplicant: wlan0: BSS: Start scan result update 1
05-19 18:19:28.593 2988 2988 D wpa_supplicant: wlan0: BSS: Add new id 0 BSSID f8:1a:67:b2:14:c6 SSID 'WIFI_MIZIFI'
05-19 18:19:28.593 2988 2988 D wpa_supplicant: CTRL_IFACE monitor sent successfully to /data/misc/wifi/sockets/wpa_ctrl_1943-2\x00
05-19 18:19:28.593 2988 2988 D wpa_supplicant: wlan0: BSS: Add new id 1 BSSID 1c:7e:e5:c3:3d:32 SSID 'Acesso Negado'
05-19 18:19:28.593 2988 2988 D wpa_supplicant: CTRL_IFACE monitor sent successfully to /data/misc/wifi/sockets/wpa_ctrl_1943-2\x00
05-19 18:19:28.593 2988 2988 D wpa_supplicant: BSS: last_scan_res_used=2/32
05-19 18:19:28.593 2988 2988 D wpa_supplicant: Add randomness: count=2 entropy=0
05-19 18:19:28.593 2988 2988 D wpa_supplicant: random pool - hexdump(len=128): [REMOVED]
05-19 18:19:28.593 2988 2988 D wpa_supplicant: random_mix_pool - hexdump(len=8): [REMOVED]
05-19 18:19:28.593 2988 2988 D wpa_supplicant: random_mix_pool - hexdump(len=5): [REMOVED]
05-19 18:19:28.593 2988 2988 D wpa_supplicant: random pool - hexdump(len=128): [REMOVED]
05-19 18:19:28.593 2988 2988 D wpa_supplicant: Add randomness: count=3 entropy=1
05-19 18:19:28.593 2988 2988 D wpa_supplicant: random pool - hexdump(len=128): [REMOVED]
05-19 18:19:28.593 2988 2988 D wpa_supplicant: random_mix_pool - hexdump(len=8): [REMOVED]
05-19 18:19:28.593 2988 2988 D wpa_supplicant: random_mix_pool - hexdump(len=5): [REMOVED]
05-19 18:19:28.593 2988 2988 D wpa_supplicant: random pool - hexdump(len=128): [REMOVED]
05-19 18:19:28.593 2988 2988 D wpa_supplicant: wlan0: Scan-only results received
05-19 18:19:28.593 2988 2988 D wpa_supplicant: CTRL_IFACE monitor sent successfully to /data/misc/wifi/sockets/wpa_ctrl_1943-2\x00
05-19 18:19:28.593 2988 2988 D wpa_supplicant: WPS: attr type=0x104a len=1
05-19 18:19:28.595 2988 2988 D wpa_supplicant: WPS: attr type=0x1044 len=1
05-19 18:19:28.595 2988 2988 D wpa_supplicant: WPS: attr type=0x103b len=1
05-19 18:19:28.595 2988 2988 D wpa_supplicant: WPS: attr type=0x1047 len=16
05-19 18:19:28.595 2988 2988 D wpa_supplicant: WPS: attr type=0x1021 len=7
05-19 18:19:28.595 2988 2988 D wpa_supplicant: WPS: attr type=0x1023 len=9
05-19 18:19:28.595 2988 2988 D wpa_supplicant: WPS: attr type=0x1024 len=3
05-19 18:19:28.595 2988 2988 D wpa_supplicant: WPS: attr type=0x1042 len=3
05-19 18:19:28.595 2988 2988 D wpa_supplicant: WPS: attr type=0x1054 len=8
05-19 18:19:28.595 2988 2988 D wpa_supplicant: WPS: attr type=0x1011 len=25
05-19 18:19:28.595 2988 2988 D wpa_supplicant: WPS: attr type=0x1008 len=2
05-19 18:19:28.595 2988 2988 D wpa_supplicant: WPS: attr type=0x103c len=1
05-19 18:19:28.595 2988 2988 D wpa_supplicant: WPS: attr type=0x1049 len=20
05-19 18:19:28.595 2988 2988 D wpa_supplicant: WPS: Unknown Vendor Extension (Vendor ID 9442)
05-19 18:19:28.595 2988 2988 D wpa_supplicant: WPS: attr type=0x104a len=1
05-19 18:19:28.595 2988 2988 D wpa_supplicant: WPS: attr type=0x1044 len=1
05-19 18:19:28.595 2988 2988 D wpa_supplicant: WPS: attr type=0x103b len=1
05-19 18:19:28.595 2988 2988 D wpa_supplicant: WPS: attr type=0x1047 len=16
05-19 18:19:28.595 2988 2988 D wpa_supplicant: WPS: attr type=0x1021 len=7
05-19 18:19:28.595 2988 2988 D wpa_supplicant: WPS: attr type=0x1023 len=9
05-19 18:19:28.595 2988 2988 D wpa_supplicant: WPS: attr type=0x1024 len=3
05-19 18:19:28.595 2988 2988 D wpa_supplicant: WPS: attr type=0x1042 len=3
05-19 18:19:28.595 2988 2988 D wpa_supplicant: WPS: attr type=0x1054 len=8
05-19 18:19:28.595 2988 2988 D wpa_supplicant: WPS: attr type=0x1011 len=25
05-19 18:19:28.595 2988 2988 D wpa_supplicant: WPS: attr type=0x1008 len=2
05-19 18:19:28.595 2988 2988 D wpa_supplicant: WPS: attr type=0x103c len=1
05-19 18:19:28.595 2988 2988 D wpa_supplicant: WPS: attr type=0x1049 len=20
05-19 18:19:28.595 2988 2988 D wpa_supplicant: WPS: Unknown Vendor Extension (Vendor ID 9442)
05-19 18:19:28.595 2988 2988 D wpa_supplicant: WPS: attr type=0x104a len=1
05-19 18:19:28.595 2988 2988 D wpa_supplicant: WPS: attr type=0x1044 len=1
05-19 18:19:28.595 2988 2988 D wpa_supplicant: WPS: attr type=0x103b len=1
05-19 18:19:28.595 2988 2988 D wpa_supplicant: WPS: attr type=0x1047 len=16
05-19 18:19:28.595 2988 2988 D wpa_supplicant: WPS: attr type=0x1021 len=7
05-19 18:19:28.595 2988 2988 D wpa_supplicant: WPS: attr type=0x1023 len=9
05-19 18:19:28.595 2988 2988 D wpa_supplicant: WPS: attr type=0x1024 len=3
05-19 18:19:28.595 2988 2988 D wpa_supplicant: WPS: attr type=0x1042 len=3
05-19 18:19:28.595 2988 2988 D wpa_supplicant: WPS: attr type=0x1054 len=8
05-19 18:19:28.595 2988 2988 D wpa_supplicant: WPS: attr type=0x1011 len=25
05-19 18:19:28.596 2988 2988 D wpa_supplicant: WPS: attr type=0x1008 len=2
05-19 18:19:28.596 2988 2988 D wpa_supplicant: WPS: attr type=0x103c len=1
05-19 18:19:28.596 2988 2988 D wpa_supplicant: WPS: attr type=0x1049 len=20
05-19 18:19:28.596 2988 2988 D wpa_supplicant: WPS: Unknown Vendor Extension (Vendor ID 9442)
05-19 18:19:28.596 2988 2988 D wpa_supplicant: CTRL_IFACE monitor sent successfully to /data/misc/wifi/sockets/wpa_ctrl_1943-2\x00
05-19 18:19:28.596 2988 2988 D wpa_supplicant: wlan0: Radio work 'scan'@0xb6836430 done in 0.925534 seconds
05-19 18:19:28.596 2988 2988 D wpa_supplicant: RTM_NEWLINK: ifi_index=4 ifname=wlan0 wext ifi_family=0 ifi_flags=0x1003 ([UP])
05-19 18:19:28.598 1943 2034 I WifiNative-HAL: startHal
05-19 18:19:28.599 2988 2988 D wpa_supplicant: wlan0: Control interface command 'BSS RANGE=0- MASK=0x21987'
05-19 18:19:28.599 2988 2988 D wpa_supplicant: WPS: attr type=0x104a len=1
05-19 18:19:28.599 2988 2988 D wpa_supplicant: WPS: attr type=0x1044 len=1
05-19 18:19:28.599 2988 2988 D wpa_supplicant: WPS: attr type=0x103b len=1
05-19 18:19:28.599 2988 2988 D wpa_supplicant: WPS: attr type=0x1047 len=16
05-19 18:19:28.599 2988 2988 D wpa_supplicant: WPS: attr type=0x1021 len=7
05-19 18:19:28.599 2988 2988 D wpa_supplicant: WPS: attr type=0x1023 len=9
05-19 18:19:28.599 2988 2988 D wpa_supplicant: WPS: attr type=0x1024 len=3
05-19 18:19:28.599 2988 2988 D wpa_supplicant: WPS: attr type=0x1042 len=3
05-19 18:19:28.599 2988 2988 D wpa_supplicant: WPS: attr type=0x1054 len=8
05-19 18:19:28.599 2988 2988 D wpa_supplicant: WPS: attr type=0x1011 len=25
05-19 18:19:28.599 2988 2988 D wpa_supplicant: WPS: attr type=0x1008 len=2
05-19 18:19:28.599 2988 2988 D wpa_supplicant: WPS: attr type=0x103c len=1
05-19 18:19:28.599 2988 2988 D wpa_supplicant: WPS: attr type=0x1049 len=20
05-19 18:19:28.599 2988 2988 D wpa_supplicant: WPS: Unknown Vendor Extension (Vendor ID 9442)
05-19 18:19:28.599 2988 2988 D wpa_supplicant: WPS: attr type=0x104a len=1
05-19 18:19:28.599 2988 2988 D wpa_supplicant: WPS: attr type=0x1044 len=1
05-19 18:19:28.599 2988 2988 D wpa_supplicant: WPS: attr type=0x103b len=1
05-19 18:19:28.599 2988 2988 D wpa_supplicant: WPS: attr type=0x1047 len=16
05-19 18:19:28.599 2988 2988 D wpa_supplicant: WPS: attr type=0x1021 len=7
05-19 18:19:28.599 2988 2988 D wpa_supplicant: WPS: attr type=0x1023 len=9
05-19 18:19:28.599 2988 2988 D wpa_supplicant: WPS: attr type=0x1024 len=3
05-19 18:19:28.599 2988 2988 D wpa_supplicant: WPS: attr type=0x1042 len=3
05-19 18:19:28.599 2988 2988 D wpa_supplicant: WPS: attr type=0x1054 len=8
05-19 18:19:28.599 2988 2988 D wpa_supplicant: WPS: attr type=0x1011 len=25
05-19 18:19:28.599 2988 2988 D wpa_supplicant: WPS: attr type=0x1008 len=2
05-19 18:19:28.599 2988 2988 D wpa_supplicant: WPS: attr type=0x103c len=1
05-19 18:19:28.599 2988 2988 D wpa_supplicant: WPS: attr type=0x1049 len=20
05-19 18:19:28.599 2988 2988 D wpa_supplicant: WPS: Unknown Vendor Extension (Vendor ID 9442)
05-19 18:19:28.599 2988 2988 D wpa_supplicant: WPS: attr type=0x104a len=1
05-19 18:19:28.599 2988 2988 D wpa_supplicant: WPS: attr type=0x1044 len=1
05-19 18:19:28.599 2988 2988 D wpa_supplicant: WPS: attr type=0x103b len=1
05-19 18:19:28.599 2988 2988 D wpa_supplicant: WPS: attr type=0x1047 len=16
05-19 18:19:28.599 2988 2988 D wpa_supplicant: WPS: attr type=0x1021 len=7
05-19 18:19:28.599 2988 2988 D wpa_supplicant: WPS: attr type=0x1023 len=9
05-19 18:19:28.599 2988 2988 D wpa_supplicant: WPS: attr type=0x1024 len=3
05-19 18:19:28.599 2988 2988 D wpa_supplicant: WPS: attr type=0x1042 len=3
05-19 18:19:28.599 2988 2988 D wpa_supplicant: WPS: attr type=0x1054 len=8
05-19 18:19:28.599 2988 2988 D wpa_supplicant: WPS: attr type=0x1011 len=25
05-19 18:19:28.599 2988 2988 D wpa_supplicant: WPS: attr type=0x1008 len=2
05-19 18:19:28.599 2988 2988 D wpa_supplicant: WPS: attr type=0x103c len=1
05-19 18:19:28.599 2988 2988 D wpa_supplicant: WPS: attr type=0x1049 len=20
05-19 18:19:28.599 2988 2988 D wpa_supplicant: WPS: Unknown Vendor Extension (Vendor ID 9442)
05-19 18:19:28.606 2988 2988 D wpa_supplicant: wlan0: Control interface command 'STATUS-NO_EVENTS'
05-19 18:19:28.634 2988 2988 D wpa_supplicant: EAPOL: disable timer tick
05-19 18:19:29.624 1943 1965 I ActivityManager: Waited long enough for: ServiceRecord{1553529b u0 com.android.calendar/.alerts.InitAlarmsService}
05-19 18:19:31.198 1943 2040 W AudioTrack: AUDIO_OUTPUT_FLAG_FAST denied by client
05-19 18:19:31.213 1628 1940 D audio_hw_primary: found out /dev/snd/pcmC1D0p
05-19 18:19:31.295 1943 2406 V WindowManager: not Base app: Adding window Window{3de3dba6 u0 WIFI_MIZIFI} at 4 of 9
05-19 18:19:31.341 2458 2976 I MESA-DEBUG: Inside r600_texture_from_handle
05-19 18:19:31.341 2458 2976 I MESA-DEBUG: templ->target = 2 ; templ->depth0 = 1 ; templ->last_level = 0
05-19 18:19:31.341 2458 2976 I MESA-DEBUG: Ending r600_texture_from_handle - stride value is 2816
05-19 18:19:31.680 1620 1620 I MESA-DEBUG: Inside r600_texture_from_handle
05-19 18:19:31.680 1620 1620 I MESA-DEBUG: templ->target = 2 ; templ->depth0 = 1 ; templ->last_level = 0
05-19 18:19:31.680 1620 1620 I MESA-DEBUG: Ending r600_texture_from_handle - stride value is 2816
05-19 18:19:31.694 2458 2976 I MESA-DEBUG: Inside r600_texture_from_handle
05-19 18:19:31.694 2458 2976 I MESA-DEBUG: templ->target = 2 ; templ->depth0 = 1 ; templ->last_level = 0
05-19 18:19:31.694 2458 2976 I MESA-DEBUG: Ending r600_texture_from_handle - stride value is 2816
05-19 18:19:31.714 1620 1620 I MESA-DEBUG: Inside r600_texture_from_handle
05-19 18:19:31.714 1620 1620 I MESA-DEBUG: templ->target = 2 ; templ->depth0 = 1 ; templ->last_level = 0
05-19 18:19:31.714 1620 1620 I MESA-DEBUG: Ending r600_texture_from_handle - stride value is 2816
05-19 18:19:31.867 2458 2976 I MESA-DEBUG: Inside r600_texture_from_handle
05-19 18:19:31.868 2458 2976 I MESA-DEBUG: templ->target = 2 ; templ->depth0 = 1 ; templ->last_level = 0
05-19 18:19:31.868 2458 2976 I MESA-DEBUG: Ending r600_texture_from_handle - stride value is 2816
05-19 18:19:31.880 1620 1620 I MESA-DEBUG: Inside r600_texture_from_handle
05-19 18:19:31.880 1620 1620 I MESA-DEBUG: templ->target = 2 ; templ->depth0 = 1 ; templ->last_level = 0
05-19 18:19:31.881 1620 1620 I MESA-DEBUG: Ending r600_texture_from_handle - stride value is 2816
05-19 18:19:37.669 2988 2988 D wpa_supplicant: wlan0: Control interface command 'SCAN TYPE=ONLY'
05-19 18:19:37.670 2988 2988 D wpa_supplicant: wlan0: Setting scan request: 0.000000 sec
05-19 18:19:37.670 2988 2988 D wpa_supplicant: wlan0: Starting AP scan for wildcard SSID
05-19 18:19:37.670 2988 2988 D wpa_supplicant: WPS: Building WPS IE for Probe Request
05-19 18:19:37.670 2988 2988 D wpa_supplicant: WPS: * Version (hardcoded 0x10)
05-19 18:19:37.670 2988 2988 D wpa_supplicant: WPS: * Request Type
05-19 18:19:37.670 2988 2988 D wpa_supplicant: WPS: * Config Methods (4288)
05-19 18:19:37.670 2988 2988 D wpa_supplicant: WPS: * UUID-E
05-19 18:19:37.670 2988 2988 D wpa_supplicant: WPS: * Primary Device Type
05-19 18:19:37.670 2988 2988 D wpa_supplicant: WPS: * RF Bands (1)
05-19 18:19:37.670 2988 2988 D wpa_supplicant: WPS: * Association State
05-19 18:19:37.670 2988 2988 D wpa_supplicant: WPS: * Configuration Error (0)
05-19 18:19:37.670 2988 2988 D wpa_supplicant: WPS: * Device Password ID (0)
05-19 18:19:37.670 2988 2988 D wpa_supplicant: WPS: * Manufacturer
05-19 18:19:37.670 2988 2988 D wpa_supplicant: WPS: * Model Name
05-19 18:19:37.670 2988 2988 D wpa_supplicant: WPS: * Model Number
05-19 18:19:37.670 2988 2988 D wpa_supplicant: WPS: * Device Name
05-19 18:19:37.670 2988 2988 D wpa_supplicant: WPS: * Version2 (0x20)
05-19 18:19:37.670 2988 2988 D wpa_supplicant: P2P: * P2P IE header
05-19 18:19:37.670 2988 2988 D wpa_supplicant: P2P: * Capability dev=25 group=00
05-19 18:19:37.670 2988 2988 D wpa_supplicant: P2P: * Listen Channel: Regulatory Class 81 Channel 6
05-19 18:19:37.670 2988 2988 D wpa_supplicant: wlan0: Add radio work 'scan'@0xb6836430
05-19 18:19:37.670 2988 2988 D wpa_supplicant: wlan0: First radio work item in the queue - schedule start immediately
05-19 18:19:37.670 2988 2988 D wpa_supplicant: wlan0: Starting radio work 'scan'@0xb6836430 after 0.000043 second wait
05-19 18:19:37.670 2988 2988 D wpa_supplicant: wlan0: nl80211: scan request
05-19 18:19:37.670 2988 2988 D wpa_supplicant: nl80211: Scan SSID - hexdump(len=0): [NULL]
05-19 18:19:37.670 2988 2988 D wpa_supplicant: nl80211: Scan extra IEs - hexdump(len=163): dd 8e 00 50 f2 04 10 4a 00 01 10 10 3a 00 01 00 10 08 00 02 42 88 10 47 00 10 fe 28 80 d2 f9 e9 ...
05-19 18:19:37.675 1943 2034 I WifiNative-HAL: startHal
05-19 18:19:37.682 2988 2988 D wpa_supplicant: Scan requested (ret=0) - scan timeout 30 seconds
05-19 18:19:37.682 2988 2988 D wpa_supplicant: nl80211: Event message available
05-19 18:19:37.682 2988 2988 D wpa_supplicant: nl80211: Drv Event 33 (NL80211_CMD_TRIGGER_SCAN) received for wlan0
05-19 18:19:37.682 2988 2988 D wpa_supplicant: wlan0: nl80211: Scan trigger
05-19 18:19:37.682 2988 2988 D wpa_supplicant: wlan0: Event SCAN_STARTED (49) received
05-19 18:19:37.682 2988 2988 D wpa_supplicant: wlan0: Own scan request started a scan in 0.000122 seconds
05-19 18:19:37.683 2988 2988 D wpa_supplicant: CTRL_IFACE monitor sent successfully to /data/misc/wifi/sockets/wpa_ctrl_1943-2\x00
05-19 18:19:37.705 2988 2988 D wpa_supplicant: wlan0: Control interface command 'SCAN TYPE=ONLY'
05-19 18:19:37.705 2988 2988 D wpa_supplicant: Ongoing scan action - reject new request
05-19 18:19:38.588 2988 2988 D wpa_supplicant: nl80211: Event message available
05-19 18:19:38.588 2988 2988 D wpa_supplicant: nl80211: Drv Event 34 (NL80211_CMD_NEW_SCAN_RESULTS) received for wlan0
05-19 18:19:38.588 2988 2988 D wpa_supplicant: wlan0: nl80211: New scan results available
05-19 18:19:38.588 2988 2988 D wpa_supplicant: nl80211: Scan probed for SSID ''
05-19 18:19:38.588 2988 2988 D wpa_supplicant: nl80211: Scan included frequencies: 2412 2417 2422 2427 2432 2437 2442 2447 2452 2457 2462 2467 2472
05-19 18:19:38.588 2988 2988 D wpa_supplicant: wlan0: Event SCAN_RESULTS (3) received
05-19 18:19:38.588 2988 2988 D wpa_supplicant: wlan0: Scan completed in 0.906223 seconds
05-19 18:19:38.588 2988 2988 D wpa_supplicant: nl80211: Received scan results (2 BSSes)
05-19 18:19:38.588 2988 2988 D wpa_supplicant: Sorted scan results
05-19 18:19:38.588 2988 2988 D wpa_supplicant: f8:1a:67:b2:14:c6 freq=2412 qual=0 noise=-89 level=-54 snr=35* flags=0x9 age=802
05-19 18:19:38.588 2988 2988 D wpa_supplicant: IEs - hexdump(len=377): 00 0b 57 49 46 49 5f 4d 49 5a 49 46 49 01 08 82 84 8b 96 0c 12 18 24 03 01 01 2a 01 02 30 14 01 ...
05-19 18:19:38.588 2988 2988 D wpa_supplicant: Beacon IEs - hexdump(len=216): 00 0b 57 49 46 49 5f 4d 49 5a 49 46 49 01 08 82 84 8b 96 0c 12 18 24 03 01 01 05 04 00 01 00 00 ...
05-19 18:19:38.588 2988 2988 D wpa_supplicant: 1c:7e:e5:c3:3d:32 freq=2462 qual=0 noise=-87 level=-90 snr=-3 flags=0x9 age=307
05-19 18:19:38.588 2988 2988 D wpa_supplicant: IEs - hexdump(len=244): 00 0d 41 63 65 73 73 6f 20 4e 65 67 61 64 6f 01 08 82 84 8b 96 12 24 48 6c 03 01 0b 32 04 0c 18 ...
05-19 18:19:38.589 2988 2988 D wpa_supplicant: Beacon IEs - hexdump(len=244): 00 0d 41 63 65 73 73 6f 20 4e 65 67 61 64 6f 01 08 82 84 8b 96 12 24 48 6c 03 01 0b 32 04 0c 18 ...
05-19 18:19:38.589 2988 2988 D wpa_supplicant: wlan0: BSS: Start scan result update 2
05-19 18:19:38.589 2988 2988 D wpa_supplicant: BSS: last_scan_res_used=2/32
05-19 18:19:38.589 2988 2988 D wpa_supplicant: Add randomness: count=4 entropy=2
05-19 18:19:38.589 2988 2988 D wpa_supplicant: random pool - hexdump(len=128): [REMOVED]
05-19 18:19:38.589 2988 2988 D wpa_supplicant: random_mix_pool - hexdump(len=8): [REMOVED]
05-19 18:19:38.589 2988 2988 D wpa_supplicant: random_mix_pool - hexdump(len=5): [REMOVED]
05-19 18:19:38.589 2988 2988 D wpa_supplicant: random pool - hexdump(len=128): [REMOVED]
05-19 18:19:38.589 2988 2988 D wpa_supplicant: Add randomness: count=5 entropy=3
05-19 18:19:38.589 2988 2988 D wpa_supplicant: random pool - hexdump(len=128): [REMOVED]
05-19 18:19:38.589 2988 2988 D wpa_supplicant: random_mix_pool - hexdump(len=8): [REMOVED]
05-19 18:19:38.589 2988 2988 D wpa_supplicant: random_mix_pool - hexdump(len=5): [REMOVED]
05-19 18:19:38.589 2988 2988 D wpa_supplicant: random pool - hexdump(len=128): [REMOVED]
05-19 18:19:38.589 2988 2988 D wpa_supplicant: wlan0: Scan-only results received
05-19 18:19:38.589 2988 2988 D wpa_supplicant: CTRL_IFACE monitor sent successfully to /data/misc/wifi/sockets/wpa_ctrl_1943-2\x00
05-19 18:19:38.589 2988 2988 D wpa_supplicant: WPS: attr type=0x104a len=1
05-19 18:19:38.589 2988 2988 D wpa_supplicant: WPS: attr type=0x1044 len=1
05-19 18:19:38.589 2988 2988 D wpa_supplicant: WPS: attr type=0x103b len=1
05-19 18:19:38.589 2988 2988 D wpa_supplicant: WPS: attr type=0x1047 len=16
05-19 18:19:38.589 2988 2988 D wpa_supplicant: WPS: attr type=0x1021 len=7
05-19 18:19:38.589 2988 2988 D wpa_supplicant: WPS: attr type=0x1023 len=9
05-19 18:19:38.589 2988 2988 D wpa_supplicant: WPS: attr type=0x1024 len=3
05-19 18:19:38.589 2988 2988 D wpa_supplicant: WPS: attr type=0x1042 len=3
05-19 18:19:38.589 2988 2988 D wpa_supplicant: WPS: attr type=0x1054 len=8
05-19 18:19:38.589 2988 2988 D wpa_supplicant: WPS: attr type=0x1011 len=25
05-19 18:19:38.589 2988 2988 D wpa_supplicant: WPS: attr type=0x1008 len=2
05-19 18:19:38.589 2988 2988 D wpa_supplicant: WPS: attr type=0x103c len=1
05-19 18:19:38.589 2988 2988 D wpa_supplicant: WPS: attr type=0x1049 len=20
05-19 18:19:38.589 2988 2988 D wpa_supplicant: WPS: Unknown Vendor Extension (Vendor ID 9442)
05-19 18:19:38.589 2988 2988 D wpa_supplicant: WPS: attr type=0x104a len=1
05-19 18:19:38.589 2988 2988 D wpa_supplicant: WPS: attr type=0x1044 len=1
05-19 18:19:38.589 2988 2988 D wpa_supplicant: WPS: attr type=0x103b len=1
05-19 18:19:38.589 2988 2988 D wpa_supplicant: WPS: attr type=0x1047 len=16
05-19 18:19:38.589 2988 2988 D wpa_supplicant: WPS: attr type=0x1021 len=7
05-19 18:19:38.589 2988 2988 D wpa_supplicant: WPS: attr type=0x1023 len=9
05-19 18:19:38.589 2988 2988 D wpa_supplicant: WPS: attr type=0x1024 len=3
05-19 18:19:38.589 2988 2988 D wpa_supplicant: WPS: attr type=0x1042 len=3
05-19 18:19:38.589 2988 2988 D wpa_supplicant: WPS: attr type=0x1054 len=8
05-19 18:19:38.589 2988 2988 D wpa_supplicant: WPS: attr type=0x1011 len=25
05-19 18:19:38.589 2988 2988 D wpa_supplicant: WPS: attr type=0x1008 len=2
05-19 18:19:38.589 2988 2988 D wpa_supplicant: WPS: attr type=0x103c len=1
05-19 18:19:38.589 2988 2988 D wpa_supplicant: WPS: attr type=0x1049 len=20
05-19 18:19:38.589 2988 2988 D wpa_supplicant: WPS: Unknown Vendor Extension (Vendor ID 9442)
05-19 18:19:38.589 2988 2988 D wpa_supplicant: WPS: attr type=0x104a len=1
05-19 18:19:38.589 2988 2988 D wpa_supplicant: WPS: attr type=0x1044 len=1
05-19 18:19:38.589 2988 2988 D wpa_supplicant: WPS: attr type=0x103b len=1
05-19 18:19:38.589 2988 2988 D wpa_supplicant: WPS: attr type=0x1047 len=16
05-19 18:19:38.589 2988 2988 D wpa_supplicant: WPS: attr type=0x1021 len=7
05-19 18:19:38.589 2988 2988 D wpa_supplicant: WPS: attr type=0x1023 len=9
05-19 18:19:38.589 2988 2988 D wpa_supplicant: WPS: attr type=0x1024 len=3
05-19 18:19:38.589 2988 2988 D wpa_supplicant: WPS: attr type=0x1042 len=3
05-19 18:19:38.589 2988 2988 D wpa_supplicant: WPS: attr type=0x1054 len=8
05-19 18:19:38.589 2988 2988 D wpa_supplicant: WPS: attr type=0x1011 len=25
05-19 18:19:38.589 2988 2988 D wpa_supplicant: WPS: attr type=0x1008 len=2
05-19 18:19:38.589 2988 2988 D wpa_supplicant: WPS: attr type=0x103c len=1
05-19 18:19:38.589 2988 2988 D wpa_supplicant: WPS: attr type=0x1049 len=20
05-19 18:19:38.589 2988 2988 D wpa_supplicant: WPS: Unknown Vendor Extension (Vendor ID 9442)
05-19 18:19:38.589 2988 2988 D wpa_supplicant: CTRL_IFACE monitor sent successfully to /data/misc/wifi/sockets/wpa_ctrl_1943-2\x00
05-19 18:19:38.589 2988 2988 D wpa_supplicant: wlan0: Radio work 'scan'@0xb6836430 done in 0.919479 seconds
05-19 18:19:38.595 1943 2034 I WifiNative-HAL: startHal
05-19 18:19:38.595 2988 2988 D wpa_supplicant: wlan0: Control interface command 'BSS RANGE=0- MASK=0x21987'
05-19 18:19:38.595 2988 2988 D wpa_supplicant: WPS: attr type=0x104a len=1
05-19 18:19:38.595 2988 2988 D wpa_supplicant: WPS: attr type=0x1044 len=1
05-19 18:19:38.595 2988 2988 D wpa_supplicant: WPS: attr type=0x103b len=1
05-19 18:19:38.595 2988 2988 D wpa_supplicant: WPS: attr type=0x1047 len=16
05-19 18:19:38.595 2988 2988 D wpa_supplicant: WPS: attr type=0x1021 len=7
05-19 18:19:38.595 2988 2988 D wpa_supplicant: WPS: attr type=0x1023 len=9
05-19 18:19:38.595 2988 2988 D wpa_supplicant: WPS: attr type=0x1024 len=3
05-19 18:19:38.595 2988 2988 D wpa_supplicant: WPS: attr type=0x1042 len=3
05-19 18:19:38.595 2988 2988 D wpa_supplicant: WPS: attr type=0x1054 len=8
05-19 18:19:38.595 2988 2988 D wpa_supplicant: WPS: attr type=0x1011 len=25
05-19 18:19:38.595 2988 2988 D wpa_supplicant: WPS: attr type=0x1008 len=2
05-19 18:19:38.595 2988 2988 D wpa_supplicant: WPS: attr type=0x103c len=1
05-19 18:19:38.595 2988 2988 D wpa_supplicant: WPS: attr type=0x1049 len=20
05-19 18:19:38.595 2988 2988 D wpa_supplicant: WPS: Unknown Vendor Extension (Vendor ID 9442)
05-19 18:19:38.595 2988 2988 D wpa_supplicant: WPS: attr type=0x104a len=1
05-19 18:19:38.595 2988 2988 D wpa_supplicant: WPS: attr type=0x1044 len=1
05-19 18:19:38.595 2988 2988 D wpa_supplicant: WPS: attr type=0x103b len=1
05-19 18:19:38.595 2988 2988 D wpa_supplicant: WPS: attr type=0x1047 len=16
05-19 18:19:38.595 2988 2988 D wpa_supplicant: WPS: attr type=0x1021 len=7
05-19 18:19:38.595 2988 2988 D wpa_supplicant: WPS: attr type=0x1023 len=9
05-19 18:19:38.595 2988 2988 D wpa_supplicant: WPS: attr type=0x1024 len=3
05-19 18:19:38.595 2988 2988 D wpa_supplicant: WPS: attr type=0x1042 len=3
05-19 18:19:38.595 2988 2988 D wpa_supplicant: WPS: attr type=0x1054 len=8
05-19 18:19:38.595 2988 2988 D wpa_supplicant: WPS: attr type=0x1011 len=25
05-19 18:19:38.595 2988 2988 D wpa_supplicant: WPS: attr type=0x1008 len=2
05-19 18:19:38.595 2988 2988 D wpa_supplicant: WPS: attr type=0x103c len=1
05-19 18:19:38.595 2988 2988 D wpa_supplicant: WPS: attr type=0x1049 len=20
05-19 18:19:38.596 2988 2988 D wpa_supplicant: WPS: Unknown Vendor Extension (Vendor ID 9442)
05-19 18:19:38.596 2988 2988 D wpa_supplicant: WPS: attr type=0x104a len=1
05-19 18:19:38.596 2988 2988 D wpa_supplicant: WPS: attr type=0x1044 len=1
05-19 18:19:38.596 2988 2988 D wpa_supplicant: WPS: attr type=0x103b len=1
05-19 18:19:38.596 2988 2988 D wpa_supplicant: WPS: attr type=0x1047 len=16
05-19 18:19:38.596 2988 2988 D wpa_supplicant: WPS: attr type=0x1021 len=7
05-19 18:19:38.596 2988 2988 D wpa_supplicant: WPS: attr type=0x1023 len=9
05-19 18:19:38.596 2988 2988 D wpa_supplicant: WPS: attr type=0x1024 len=3
05-19 18:19:38.596 2988 2988 D wpa_supplicant: WPS: attr type=0x1042 len=3
05-19 18:19:38.596 2988 2988 D wpa_supplicant: WPS: attr type=0x1054 len=8
05-19 18:19:38.596 2988 2988 D wpa_supplicant: WPS: attr type=0x1011 len=25
05-19 18:19:38.596 2988 2988 D wpa_supplicant: WPS: attr type=0x1008 len=2
05-19 18:19:38.596 2988 2988 D wpa_supplicant: WPS: attr type=0x103c len=1
05-19 18:19:38.596 2988 2988 D wpa_supplicant: WPS: attr type=0x1049 len=20
05-19 18:19:38.596 2988 2988 D wpa_supplicant: WPS: Unknown Vendor Extension (Vendor ID 9442)
05-19 18:19:38.596 2988 2988 D wpa_supplicant: RTM_NEWLINK: ifi_index=4 ifname=wlan0 wext ifi_family=0 ifi_flags=0x1003 ([UP])
05-19 18:19:38.599 2988 2988 D wpa_supplicant: wlan0: Control interface command 'STATUS-NO_EVENTS'
05-19 18:19:41.407 1943 2040 W AudioTrack: AUDIO_OUTPUT_FLAG_FAST denied by client
05-19 18:19:41.421 1628 1940 D audio_hw_primary: found out /dev/snd/pcmC1D0p
05-19 18:19:41.422 1943 2035 E WiFiServiceImpl : CONNECT nid=-1 uid=1000
05-19 18:19:41.422 1943 2035 D WifiService: Connect with config* ID: -1 SSID: "WIFI_MIZIFI" BSSID: null FQDN: null REALM: null PRIO: 0
05-19 18:19:41.422 1943 2035 D WifiService: KeyMgmt: WPA_PSK Protocols:
05-19 18:19:41.422 1943 2035 D WifiService: AuthAlgorithms:
05-19 18:19:41.422 1943 2035 D WifiService: PairwiseCiphers:
05-19 18:19:41.422 1943 2035 D WifiService: GroupCiphers:
05-19 18:19:41.422 1943 2035 D WifiService: PSK: *
05-19 18:19:41.422 1943 2035 D WifiService: Enterprise config:
05-19 18:19:41.422 1943 2035 D WifiService: IP config:
05-19 18:19:41.422 1943 2035 D WifiService: IP assignment: DHCP
05-19 18:19:41.422 1943 2035 D WifiService: Proxy settings: NONE
05-19 18:19:41.422 1943 2035 D WifiService: uid=1000roamingFailureBlackListTimeMilli: 1000
05-19 18:19:41.422 1943 2035 D WifiService: triggeredLow: 0 triggeredBad: 0 triggeredNotHigh: 0
05-19 18:19:41.422 1943 2035 D WifiService: ticksLow: 0 ticksBad: 0 ticksNotHigh: 0
05-19 18:19:41.422 1943 2035 D WifiService: triggeredJoin: 0
05-19 18:19:41.422 1943 2035 D WifiService: autoJoinBailedDueToLowRssi: false
05-19 18:19:41.422 1943 2035 D WifiService: autoJoinUseAggressiveJoinAttemptThreshold: 0
05-19 18:19:41.423 2988 2988 D wpa_supplicant: wlan0: Control interface command 'ADD_NETWORK'
05-19 18:19:41.423 2988 2988 D wpa_supplicant: CTRL_IFACE: ADD_NETWORK
05-19 18:19:41.424 1943 2034 E WifiConfigStore: addOrUpdateNetworkNative created netId=0
05-19 18:19:41.425 2988 2988 D wpa_supplicant: wlan0: Control interface command 'SET_NETWORK [REMOVED]'
05-19 18:19:41.425 2988 2988 D wpa_supplicant: CTRL_IFACE: SET_NETWORK id=0 name='ssid'
05-19 18:19:41.425 2988 2988 D wpa_supplicant: CTRL_IFACE: value - hexdump(len=22): [REMOVED]
05-19 18:19:41.425 2988 2988 D wpa_supplicant: ssid - hexdump(len=11): 57 49 46 49 5f 4d 49 5a 49 46 49
05-19 18:19:41.425 2988 2988 D wpa_supplicant: wlan0: Control interface command 'SET_NETWORK [REMOVED]'
05-19 18:19:41.425 2988 2988 D wpa_supplicant: CTRL_IFACE: SET_NETWORK id=0 name='key_mgmt'
05-19 18:19:41.425 2988 2988 D wpa_supplicant: CTRL_IFACE: value - hexdump(len=7): [REMOVED]
05-19 18:19:41.425 2988 2988 D wpa_supplicant: key_mgmt: 0x2
05-19 18:19:41.426 2988 2988 D wpa_supplicant: wlan0: Control interface command 'SET_NETWORK [REMOVED]'
05-19 18:19:41.426 2988 2988 D wpa_supplicant: CTRL_IFACE: SET_NETWORK id=0 name='psk'
05-19 18:19:41.426 2988 2988 D wpa_supplicant: CTRL_IFACE: value - hexdump(len=17): [REMOVED]
05-19 18:19:41.426 2988 2988 D wpa_supplicant: PSK (ASCII passphrase) - hexdump(len=15): [REMOVED]
05-19 18:19:41.475 2988 2988 D wpa_supplicant: PSK (from passphrase) - hexdump(len=32): [REMOVED]
05-19 18:19:41.475 2988 2988 D wpa_supplicant: wlan0: Control interface command 'SET_NETWORK [REMOVED]'
05-19 18:19:41.475 2988 2988 D wpa_supplicant: CTRL_IFACE: SET_NETWORK id=0 name='priority'
05-19 18:19:41.475 2988 2988 D wpa_supplicant: CTRL_IFACE: value - hexdump(len=1): [REMOVED]
05-19 18:19:41.475 2988 2988 D wpa_supplicant: priority=0 (0x0)
05-19 18:19:41.476 1943 2034 E WifiConfigStore: created new config netId=0 uid=1000
05-19 18:19:41.476 1943 2034 E WifiConfigStore: will read network variables netId=0
05-19 18:19:41.476 2988 2988 D wpa_supplicant: wlan0: Control interface command 'GET_NETWORK 0 ssid'
05-19 18:19:41.476 2988 2988 D wpa_supplicant: CTRL_IFACE: GET_NETWORK id=0 name='ssid'
05-19 18:19:41.476 2988 2988 D wpa_supplicant: wlan0: Control interface command 'GET_NETWORK 0 bssid'
05-19 18:19:41.476 2988 2988 D wpa_supplicant: CTRL_IFACE: GET_NETWORK id=0 name='bssid'
05-19 18:19:41.476 2988 2988 D wpa_supplicant: CTRL_IFACE: Failed to get network variable 'bssid'
05-19 18:19:41.477 2988 2988 D wpa_supplicant: wlan0: Control interface command 'GET_NETWORK 0 priority'
05-19 18:19:41.477 2988 2988 D wpa_supplicant: CTRL_IFACE: GET_NETWORK id=0 name='priority'
05-19 18:19:41.477 2988 2988 D wpa_supplicant: wlan0: Control interface command 'GET_NETWORK 0 scan_ssid'
05-19 18:19:41.477 2988 2988 D wpa_supplicant: CTRL_IFACE: GET_NETWORK id=0 name='scan_ssid'
05-19 18:19:41.477 2988 2988 D wpa_supplicant: wlan0: Control interface command 'GET_NETWORK 0 wep_tx_keyidx'
05-19 18:19:41.477 2988 2988 D wpa_supplicant: CTRL_IFACE: GET_NETWORK id=0 name='wep_tx_keyidx'
