--------- beginning of main
05-19 18:18:44.134 0 1634 E cutils : Failed to read /data/.layout_version: No such file or directory
05-19 18:18:44.134 0 1634 E sdcard : installd fs upgrade not yet complete. Waiting...
05-19 18:18:44.288 0 1633 I powerbtn: open event3(Power Button) ok
05-19 18:18:44.302 0 1629 I installd: installd firing up
05-19 18:18:44.302 0 1629 E cutils : Failed to read /data/.layout_version: No such file or directory
05-19 18:18:44.302 0 1629 D installd: Upgrading /data/media for multi-user
05-19 18:18:44.302 0 1629 D installd: Upgrading to shared /data/media/obb
05-19 18:18:44.302 0 1629 D installd: Upgrading to /data/misc/user directories
05-19 18:18:44.313 0 1633 I powerbtn: open event0(Power Button) ok
05-19 18:18:44.379 0 1633 E powerbtn: could not open /dev/input/event11, Operation not permitted
05-19 18:18:44.588 0 1623 I Netd : Netd 1.0 starting
05-19 18:18:44.588 0 1623 E Netd : Failed to open /proc/sys/net/ipv6/conf/default/accept_ra_rt_table: No such file or directory
05-19 18:18:44.588 0 1623 E Netd : Failed to open /proc/sys/net/ipv6/conf/eth0/accept_ra_rt_table: No such file or directory
05-19 18:18:44.588 0 1623 E Netd : Failed to open /proc/sys/net/ipv6/conf/ip6tnl0/accept_ra_rt_table: No such file or directory
05-19 18:18:44.588 0 1623 E Netd : Failed to open /proc/sys/net/ipv6/conf/lo/accept_ra_rt_table: No such file or directory
05-19 18:18:44.588 0 1623 E Netd : Failed to open /proc/sys/net/ipv6/conf/sit0/accept_ra_rt_table: No such file or directory
05-19 18:18:44.588 0 1623 E Netd : Failed to open /proc/sys/net/ipv6/conf/wlan0/accept_ra_rt_table: No such file or directory
05-19 18:18:44.753 1617 1617 I lowmemorykiller: Using in-kernel low memory killer interface
05-19 18:18:44.753 1624 1624 I : debuggerd: May 5 2015 02:20:28
05-19 18:18:45.137 1634 1634 E sdcard : missing packages.list; retrying
05-19 18:18:45.143 1630 1630 I keystore: SELinux: Keystore SELinux is disabled. --------- beginning of system
05-19 18:18:45.221 1619 1619 I Vold : Vold 2.1 (the revenge) firing up
05-19 18:18:45.222 1619 1619 E DirectVolume: Vold managed volumes must have auto mount point; ignoring /storage/usb0
05-19 18:18:45.222 1619 1619 D Vold : Volume usb0 state changing -1 (Initializing) -> 0 (No-Media)
05-19 18:18:45.222 1619 1619 E DirectVolume: Vold managed volumes must have auto mount point; ignoring /storage/usb1
05-19 18:18:45.222 1619 1619 D Vold : Volume usb1 state changing -1 (Initializing) -> 0 (No-Media)
05-19 18:18:45.222 1619 1619 E DirectVolume: Vold managed volumes must have auto mount point; ignoring /storage/usb2
05-19 18:18:45.222 1619 1619 D Vold : Volume usb2 state changing -1 (Initializing) -> 0 (No-Media)
05-19 18:18:45.222 1619 1619 E DirectVolume: Vold managed volumes must have auto mount point; ignoring /storage/usb3
05-19 18:18:45.222 1619 1619 D Vold : Volume usb3 state changing -1 (Initializing) -> 0 (No-Media)
05-19 18:18:45.234 1619 1678 D Vold : Volume usb0 state changing 0 (No-Media) -> 2 (Pending)
05-19 18:18:45.234 1619 1678 D Vold : Volume usb0 state changing 2 (Pending) -> 1 (Idle-Unmounted)
05-19 18:18:45.313 1620 1620 I SurfaceFlinger: SurfaceFlinger is starting
05-19 18:18:45.316 1620 1620 I SurfaceFlinger: SurfaceFlinger's main thread ready to run. Initializing graphics H/W...
05-19 18:18:46.375 1623 1623 V NatController: runCmd(/system/bin/iptables -F natctrl_FORWARD) res=0
05-19 18:18:46.387 1623 1623 V NatController: runCmd(/system/bin/iptables -A natctrl_FORWARD -j DROP) res=0
05-19 18:18:46.399 1623 1623 V NatController: runCmd(/system/bin/iptables -t nat -F natctrl_nat_POSTROUTING) res=0
05-19 18:18:46.411 1623 1623 V NatController: runCmd(/system/bin/iptables -F natctrl_tether_counters) res=1
05-19 18:18:46.415 1623 1623 V NatController: runCmd(/system/bin/iptables -X natctrl_tether_counters) res=1
05-19 18:18:46.436 1623 1623 V NatController: runCmd(/system/bin/iptables -N natctrl_tether_counters) res=0
05-19 18:18:46.445 1628 1628 I mediaserver: ServiceManager: 0xb58356a0
05-19 18:18:46.445 1628 1628 I AudioFlinger: Using default 3000 mSec as standby time.
05-19 18:18:46.446 1628 1628 I ServiceManager: Waiting for service batterystats...
05-19 18:18:46.446 1623 1623 V NatController: runCmd(/system/bin/iptables -t mangle -A natctrl_mangle_FORWARD -p tcp --tcp-flags SYN SYN -j TCPMSS --clamp-mss-to-pmtu) res=0
05-19 18:18:46.682 1620 1620 D libEGL : loaded /system/lib/egl/libGLES_mesa.so
05-19 18:18:46.772 1632 1632 D AndroidRuntime: >>>>>> START com.android.internal.os.ZygoteInit uid 0 <<<<<<
05-19 18:18:46.906 1620 1620 I GRALLOC-RADEON: detected chipset 0x9834 family 0x3c (vram size 498MiB, gart size 1019MiB)
05-19 18:18:46.906 1620 1620 I GRALLOC-DRM: create radeon for driver radeon
05-19 18:18:46.926 1632 1632 D AndroidRuntime: CheckJNI is ON
05-19 18:18:46.963 1623 1623 I iptables: iptables: No chain/target/match by that name.
05-19 18:18:46.964 1623 1623 I iptables: iptables terminated by exit(1)
05-19 18:18:46.964 1623 1623 E BandwidthController: runIptablesCmd(): res=1 status=256 failed /system/bin/iptables -A bw_INPUT -m owner --socket-exists
05-19 18:18:47.122 1620 1620 I EGL-GALLIUM: using DRM screen
05-19 18:18:47.122 1620 1620 I EGL-GALLIUM: skip unsupported native format 0x3
05-19 18:18:47.122 1620 1620 D GRALLOC-KMS: supported drm planes and formats
05-19 18:18:47.134 1623 1623 I ip6tables: ip6tables: No chain/target/match by that name.
05-19 18:18:47.134 1623 1623 I ip6tables: ip6tables terminated by exit(1)
05-19 18:18:47.134 1623 1623 E BandwidthController: runIptablesCmd(): res=1 status=256 failed /system/bin/ip6tables -A bw_INPUT -m owner --socket-exists
05-19 18:18:47.137 1632 1632 I art : option[0]=-Xzygote
05-19 18:18:47.138 1632 1632 I art : option[1]=-Xcheck:jni
05-19 18:18:47.138 1632 1632 I art : option[2]=-Xjnigreflimit:2000
05-19 18:18:47.138 1632 1632 I art : option[3]=-Xstacktracefile:/data/anr/traces.txt
05-19 18:18:47.138 1632 1632 I art : option[4]=exit
05-19 18:18:47.138 1632 1632 I art : option[5]=vfprintf
05-19 18:18:47.138 1632 1632 I art : option[6]=sensitiveThread
05-19 18:18:47.138 1632 1632 I art : option[7]=-verbose:gc
05-19 18:18:47.138 1632 1632 I art : option[8]=-Xms16m
05-19 18:18:47.138 1632 1632 I art : option[9]=-Xmx512m
05-19 18:18:47.138 1632 1632 I art : option[10]=-XX:mainThreadStackSize=24K
05-19 18:18:47.138 1632 1632 I art : option[11]=-XX:HeapGrowthLimit=192m
05-19 18:18:47.138 1632 1632 I art : option[12]=-XX:HeapMinFree=512k
05-19 18:18:47.138 1632 1632 I art : option[13]=-XX:HeapMaxFree=8m
05-19 18:18:47.138 1632 1632 I art : option[14]=-XX:HeapTargetUtilization=0.75
05-19 18:18:47.138 1632 1632 I art : option[15]=-Xgenregmap
05-19 18:18:47.138 1632 1632 I art : option[16]=-Xgc:precise
05-19 18:18:47.138 1632 1632 I art : option[17]=-agentlib:jdwp=transport=dt_android_adb,suspend=n,server=y
05-19 18:18:47.138 1632 1632 I art : option[18]=-Ximage-compiler-option
05-19 18:18:47.138 1632 1632 I art : option[19]=--runtime-arg
05-19 18:18:47.138 1632 1632 I art : option[20]=-Ximage-compiler-option
05-19 18:18:47.138 1632 1632 I art : option[21]=-Xms64m
05-19 18:18:47.138 1632 1632 I art : option[22]=-Ximage-compiler-option
05-19 18:18:47.138 1632 1632 I art : option[23]=--runtime-arg
05-19 18:18:47.138 1632 1632 I art : option[24]=-Ximage-compiler-option
05-19 18:18:47.138 1632 1632 I art : option[25]=-Xmx64m
05-19 18:18:47.138 1632 1632 I art : option[26]=-Ximage-compiler-option
05-19 18:18:47.138 1632 1632 I art : option[27]=--compiler-filter=verify-none
05-19 18:18:47.138 1632 1632 I art : option[28]=-Ximage-compiler-option
05-19 18:18:47.138 1632 1632 I art : option[29]=--image-classes=/system/etc/preloaded-classes
05-19 18:18:47.138 1632 1632 I art : option[30]=-Xcompiler-option
05-19 18:18:47.138 1632 1632 I art : option[31]=--runtime-arg
05-19 18:18:47.138 1632 1632 I art : option[32]=-Xcompiler-option
05-19 18:18:47.138 1632 1632 I art : option[33]=-Xms64m
05-19 18:18:47.138 1632 1632 I art : option[34]=-Xcompiler-option
05-19 18:18:47.138 1632 1632 I art : option[35]=--runtime-arg
05-19 18:18:47.138 1632 1632 I art : option[36]=-Xcompiler-option
05-19 18:18:47.138 1632 1632 I art : option[37]=-Xmx512m
05-19 18:18:47.138 1632 1632 I art : option[38]=-Xcompiler-option
05-19 18:18:47.138 1632 1632 I art : option[39]=--compiler-filter=interpret-only
05-19 18:18:47.138 1632 1632 I art : option[40]=-Duser.language=en
05-19 18:18:47.139 1632 1632 I art : option[41]=-Duser.region=US
05-19 18:18:47.221 1623 1623 E Netd : Unable to create netlink socket: Protocol not supported
05-19 18:18:47.221 1623 1623 E Netd : Unable to open quota2 logging socket
05-19 18:18:47.221 1623 1623 D MDnsDS : MDnsSdListener::Hander starting up
05-19 18:18:47.222 1623 1883 D MDnsDS : MDnsSdListener starting to monitor
05-19 18:18:47.222 1623 1883 D MDnsDS : Going to poll with pollCount 1
05-19 18:18:47.231 1620 1620 I GRALLOC-KMS: there are 8 modes on connector 0x1f, type 14
05-19 18:18:47.231 1620 1620 I GRALLOC-KMS: 1366x768
05-19 18:18:47.231 1620 1620 I GRALLOC-KMS: 1280x720
05-19 18:18:47.231 1620 1620 I GRALLOC-KMS: 1152x768
05-19 18:18:47.231 1620 1620 I GRALLOC-KMS: 1024x768
05-19 18:18:47.231 1620 1620 I GRALLOC-KMS: 800x600
05-19 18:18:47.231 1620 1620 I GRALLOC-KMS: 848x480
05-19 18:18:47.231 1620 1620 I GRALLOC-KMS: 720x480
05-19 18:18:47.231 1620 1620 I GRALLOC-KMS: 640x480
05-19 18:18:47.231 1620 1620 I GRALLOC-KMS: Established mode:
05-19 18:18:47.231 1620 1620 I GRALLOC-KMS: clock: 72800, hdisplay: 1366, hsync_start: 1414, hsync_end: 1446, htotal: 1528, hskew: 0
05-19 18:18:47.231 1620 1620 I GRALLOC-KMS: vdisplay: 768, vsync_start: 772, vsync_end: 778, vtotal: 793, vscan: 0, vrefresh: 60
05-19 18:18:47.231 1620 1620 I GRALLOC-KMS: flags: 10, type: 72, name 1366x768
05-19 18:18:47.231 1620 1620 I GRALLOC-KMS: the best mode is 1366x768
05-19 18:18:47.240 1632 1632 I art : Pruning dalvik-cache since we are relocating an image and will need to recompile
05-19 18:18:47.241 1632 1632 I art : RelocateImage: /system/bin/patchoat --input-image-location=/system/framework/boot.art --output-image-file=/data/dalvik-cache/x86/system@framework@boot.art --input-oat-location=/system/framework/boot.oat --output-oat-file=/data/dalvik-cache/x86/system@framework@boot.oat --instruction-set=x86 --base-offset-delta=491520
05-19 18:18:47.267 1620 1620 D GRALLOC-KMS: will use flip for fb posting
05-19 18:18:47.267 1620 1620 I GRALLOC-MOD: mode.hdisplay 1366
05-19 18:18:47.267 1620 1620 I GRALLOC-MOD: mode.vdisplay 768
05-19 18:18:47.267 1620 1620 I GRALLOC-MOD: mode.vrefresh 60.000000
05-19 18:18:47.267 1620 1620 I GRALLOC-MOD: format 0x5
05-19 18:18:47.267 1620 1620 I GRALLOC-MOD: xdpi 133.000000
05-19 18:18:47.267 1620 1620 I GRALLOC-MOD: ydpi 139.000000
05-19 18:18:47.268 1620 1620 I GRALLOC-MOD: mode.hdisplay 1366
05-19 18:18:47.268 1620 1620 I GRALLOC-MOD: mode.vdisplay 768
05-19 18:18:47.268 1620 1620 I GRALLOC-MOD: mode.vrefresh 60.000000
05-19 18:18:47.268 1620 1620 I GRALLOC-MOD: format 0x5
05-19 18:18:47.268 1620 1620 I GRALLOC-MOD: xdpi 133.000000
05-19 18:18:47.268 1620 1620 I GRALLOC-MOD: ydpi 139.000000
05-19 18:18:47.268 1620 1620 W hwcomposer: getting VSYNC period from fb HAL: 16666667
05-19 18:18:47.268 1620 1620 D hwcomposer: Intel hwcomposer module
05-19 18:18:47.268 1620 1620 I SurfaceFlinger: Using composer version 1.0
05-19 18:18:47.268 1620 1620 W SurfaceFlinger: no suitable EGLConfig found, trying a simpler query
05-19 18:18:47.268 1620 1620 I SurfaceFlinger: EGL information:
05-19 18:18:47.268 1620 1620 I SurfaceFlinger: vendor : Android
05-19 18:18:47.268 1620 1620 I SurfaceFlinger: version : 1.4 Android META-EGL
05-19 18:18:47.268 1620 1620 I SurfaceFlinger: extensions: EGL_KHR_get_all_proc_addresses EGL_ANDROID_presentation_time EGL_KHR_image_base EGL_KHR_reusable_sync EGL_KHR_fence_sync EGL_ANDROID_image_native_buffer
05-19 18:18:47.268 1620 1620 I SurfaceFlinger: Client API: OpenGL_ES
05-19 18:18:47.268 1620 1620 I SurfaceFlinger: EGLSurface: 8-8-8-8, config=0xb6860cc0
05-19 18:18:47.446 1628 1628 I ServiceManager: Waiting for service batterystats...
05-19 18:18:47.759 1620 1620 I SurfaceFlinger: OpenGL ES informations:
05-19 18:18:47.759 1620 1620 I SurfaceFlinger: vendor : X.Org
05-19 18:18:47.759 1620 1620 I SurfaceFlinger: renderer : Gallium 0.4 on AMD KABINI
05-19 18:18:47.759 1620 1620 I SurfaceFlinger: version : OpenGL ES 2.0 Mesa 10.5.4 (git-13881d8)
05-19 18:18:47.759 1620 1620 I SurfaceFlinger: extensions: GL_EXT_debug_marker GL_EXT_blend_minmax GL_EXT_multi_draw_arrays GL_EXT_texture_filter_anisotropic GL_EXT_texture_format_BGRA8888 GL_OES_compressed_ETC1_RGB8_texture GL_OES_depth24 GL_OES_element_index_uint GL_OES_fbo_render_mipmap GL_OES_mapbuffer GL_OES_rgb8_rgba8 GL_OES_standard_derivatives GL_OES_stencil8 GL_OES_texture_3D GL_OES_texture_npot GL_OES_EGL_image GL_OES_depth_texture GL_OES_packed_depth_stencil GL_EXT_texture_type_2_10_10_10_REV GL_OES_get_program_binary GL_APPLE_texture_max_level GL_EXT_discard_framebuffer GL_EXT_read_format_bgra GL_NV_fbo_color_attachments GL_OES_EGL_image_external GL_OES_vertex_array_object GL_EXT_texture_rg GL_EXT_unpack_subimage GL_NV_draw_buffers GL_NV_read_buffer GL_EXT_draw_buffers GL_EXT_map_buffer_range GL_OES_depth_texture_cube_map GL_OES_surfaceless_context GL_EXT_separate_shader_objects GL_KHR_context_flush_control
05-19 18:18:47.759 1620 1620 I SurfaceFlinger: GL_MAX_TEXTURE_SIZE = 16384
05-19 18:18:47.759 1620 1620 I SurfaceFlinger: GL_MAX_VIEWPORT_DIMS = 16384
05-19 18:18:47.762 1620 1620 I MESA-DEBUG: Inside r600_texture_from_handle
05-19 18:18:47.762 1620 1620 I MESA-DEBUG: templ->target = 2 ; templ->depth0 = 1 ; templ->last_level = 0
05-19 18:18:47.766 1620 1620 I MESA-DEBUG: Ending r600_texture_from_handle - stride value is 5632
05-19 18:18:47.766 1620 1620 D SurfaceFlinger: Open /dev/tty0 OK
05-19 18:18:47.787 1620 1620 D SurfaceFlinger: Set power mode=2, type=0 flinger=0xb685c000
05-19 18:18:47.957 1620 1620 D SurfaceFlinger: shader cache generated - 24 shaders in 126.105362 ms
05-19 18:18:48.065 1620 1687 I SurfaceFlinger: auto set density to 160
05-19 18:18:48.137 1634 1634 E sdcard : missing packages.list; retrying
05-19 18:18:48.446 1628 1628 I ServiceManager: Waiting for service batterystats...
05-19 18:18:48.799 1620 1620 I MESA-DEBUG: Inside r600_texture_from_handle
05-19 18:18:48.799 1620 1620 I MESA-DEBUG: templ->target = 2 ; templ->depth0 = 1 ; templ->last_level = 0
05-19 18:18:48.799 1620 1620 I MESA-DEBUG: Ending r600_texture_from_handle - stride value is 5632
05-19 18:18:48.839 1895 1897 D libEGL : loaded /system/lib/egl/libGLES_mesa.so
05-19 18:18:48.914 1895 1897 I GRALLOC-RADEON: detected chipset 0x9834 family 0x3c (vram size 494MiB, gart size 1019MiB)
05-19 18:18:48.914 1895 1897 I GRALLOC-DRM: create radeon for driver radeon
05-19 18:18:48.916 1895 1897 I EGL-GALLIUM: using DRM screen
05-19 18:18:48.916 1895 1897 I EGL-GALLIUM: skip unsupported native format 0x3
05-19 18:18:48.919 1895 1897 I MESA-DEBUG: Inside r600_texture_from_handle
05-19 18:18:48.920 1895 1897 I MESA-DEBUG: templ->target = 2 ; templ->depth0 = 1 ; templ->last_level = 0
05-19 18:18:48.920 1895 1897 I MESA-DEBUG: Ending r600_texture_from_handle - stride value is 5632
05-19 18:18:49.292 1895 1897 I MESA-DEBUG: Inside r600_texture_from_handle
05-19 18:18:49.292 1895 1897 I MESA-DEBUG: templ->target = 2 ; templ->depth0 = 1 ; templ->last_level = 0
05-19 18:18:49.292 1895 1897 I MESA-DEBUG: Ending r600_texture_from_handle - stride value is 5632
05-19 18:18:49.297 1620 1620 I MESA-DEBUG: Inside r600_texture_from_handle
05-19 18:18:49.297 1620 1620 I MESA-DEBUG: templ->target = 2 ; templ->depth0 = 1 ; templ->last_level = 0
05-19 18:18:49.297 1620 1620 I MESA-DEBUG: Ending r600_texture_from_handle - stride value is 5632
05-19 18:18:49.300 1620 1620 I MESA-DEBUG: Inside r600_texture_from_handle
05-19 18:18:49.300 1620 1620 I MESA-DEBUG: templ->target = 2 ; templ->depth0 = 1 ; templ->last_level = 0
05-19 18:18:49.300 1620 1620 I MESA-DEBUG: Ending r600_texture_from_handle - stride value is 5632
05-19 18:18:49.364 1620 1620 I MESA-DEBUG: Inside r600_texture_from_handle
05-19 18:18:49.364 1620 1620 I MESA-DEBUG: templ->target = 2 ; templ->depth0 = 1 ; templ->last_level = 0
05-19 18:18:49.364 1620 1620 I MESA-DEBUG: Ending r600_texture_from_handle - stride value is 5632
05-19 18:18:49.382 1895 1897 I MESA-DEBUG: Inside r600_texture_from_handle
05-19 18:18:49.382 1895 1897 I MESA-DEBUG: templ->target = 2 ; templ->depth0 = 1 ; templ->last_level = 0
05-19 18:18:49.382 1895 1897 I MESA-DEBUG: Ending r600_texture_from_handle - stride value is 5632
05-19 18:18:49.400 1620 1620 I MESA-DEBUG: Inside r600_texture_from_handle
05-19 18:18:49.400 1620 1620 I MESA-DEBUG: templ->target = 2 ; templ->depth0 = 1 ; templ->last_level = 0
05-19 18:18:49.400 1620 1620 I MESA-DEBUG: Ending r600_texture_from_handle - stride value is 5632
05-19 18:18:49.447 1628 1628 I ServiceManager: Waiting for service batterystats...
05-19 18:18:50.447 1628 1628 I ServiceManager: Waiting for service batterystats...
05-19 18:18:51.138 1634 1634 E sdcard : missing packages.list; retrying
05-19 18:18:51.438 1632 1632 E memtrack: Couldn't load memtrack module (No such file or directory)
05-19 18:18:51.438 1632 1632 E android.os.Debug: failed to load memtrack module: -2
05-19 18:18:51.447 1632 1632 I SamplingProfilerIntegration: Profiling disabled.
05-19 18:18:51.447 1632 1632 D Zygote : begin preload
05-19 18:18:51.448 1632 1632 I Zygote : Preloading classes...
05-19 18:18:51.452 1628 1628 I CameraService: CameraService started (pid=1628)
05-19 18:18:51.455 1632 1632 I art : Explicit concurrent mark sweep GC freed 796(36KB) AllocSpace objects, 0(0B) LOS objects, 95% free, 43KB/1067KB, paused 202us total 6.895ms
05-19 18:18:51.456 1632 1632 I art : Counter: 1
05-19 18:18:51.465 1628 1628 D Camera_Factory: CameraFactory::CameraFactory
05-19 18:18:51.465 1628 1628 D Camera_Factory: CameraFactory::parseConfig: configFile = /etc/camera.cfg
05-19 18:18:51.465 1628 1628 D Camera_Factory: /etc/camera.cfg not found, using camera configuration defaults
05-19 18:18:51.465 1628 1628 D Camera_Factory: Found device /dev/video0
05-19 18:18:51.465 1628 1628 D Camera_Factory: CameraFactory::newCameraConfig: 0 -> /dev/video0 (0)
05-19 18:18:51.465 1628 1628 I CameraService: Loaded "Camera Module" camera module
05-19 18:18:51.465 1628 1628 D Camera_Factory: CameraFactory::get_number_of_cameras
05-19 18:18:51.465 1628 1628 D Camera_Factory: CameraFactory::getCameraNum: 1
05-19 18:18:51.466 1628 1628 I AudioPolicyService: AudioPolicyService CSTOR in new mode
05-19 18:18:51.476 1628 1628 I AudioPolicyManager: loadAudioPolicyConfig() loaded /system/etc/audio_policy.conf
05-19 18:18:51.477 1628 1628 E audio_hw_primary: Failed to open /system/etc/mixer_paths.xml
05-19 18:18:51.477 1628 1628 I AudioFlinger: loadHwModule() Loaded primary audio interface from Grouper audio HW HAL (audio) handle 1
05-19 18:18:51.477 1628 1628 I AudioFlinger: HAL output buffer size 512 frames, normal sink buffer size 1024 frames
05-19 18:18:51.503 1628 1628 I AudioMixer: found effect "Multichannel Downmix To Stereo" from The Android Open Source Project
05-19 18:18:51.504 1628 1628 E MonoPipe: Failed to fetch local time frequency when constructing a MonoPipe (res = -32). getNextWriteTimestamp calls will be non-functional
05-19 18:18:51.511 1632 1632 I art : Explicit concurrent mark sweep GC freed 559(34KB) AllocSpace objects, 0(0B) LOS objects, 94% free, 64KB/1088KB, paused 209us total 5.350ms
05-19 18:18:51.592 1632 1632 I art : Explicit concurrent mark sweep GC freed 650(41KB) AllocSpace objects, 0(0B) LOS objects, 93% free, 71KB/1095KB, paused 159us total 4.776ms
05-19 18:18:51.893 1632 1632 I art : Explicit concurrent mark sweep GC freed 383(22KB) AllocSpace objects, 0(0B) LOS objects, 90% free, 102KB/1126KB, paused 164us total 4.889ms
05-19 18:18:52.339 1632 1632 E Minikin : addFont failed to create font /system/fonts/NotoSansGujarati-Regular.ttf
05-19 18:18:52.339 1632 1632 E Minikin : addFont failed to create font /system/fonts/NotoSansGujarati-Bold.ttf
05-19 18:18:52.339 1632 1632 E Minikin : addFont failed to create font /system/fonts/NotoSansGujaratiUI-Regular.ttf
05-19 18:18:52.339 1632 1632 E Minikin : addFont failed to create font /system/fonts/NotoSansGujaratiUI-Bold.ttf
05-19 18:18:52.339 1632 1632 E Minikin : addFont failed to create font /system/fonts/NotoSansGurmukhi-Regular.ttf
05-19 18:18:52.339 1632 1632 E Minikin : addFont failed to create font /system/fonts/NotoSansGurmukhi-Bold.ttf
05-19 18:18:52.339 1632 1632 E Minikin : addFont failed to create font /system/fonts/NotoSansGurmukhiUI-Regular.ttf
05-19 18:18:52.339 1632 1632 E Minikin : addFont failed to create font /system/fonts/NotoSansGurmukhiUI-Bold.ttf
05-19 18:18:52.429 1632 1632 E Minikin : addFont failed to create font /system/fonts/NotoSansSinhala-Regular.ttf
05-19 18:18:52.430 1632 1632 E Minikin : addFont failed to create font /system/fonts/NotoSansSinhala-Bold.ttf
05-19 18:18:52.453 1632 1632 E Minikin : addFont failed to create font /system/fonts/NotoSansThaana-Regular.ttf
05-19 18:18:52.453 1632 1632 E Minikin : addFont failed to create font /system/fonts/NotoSansThaana-Bold.ttf
05-19 18:18:52.454 1632 1632 E Minikin : addFont failed to create font /system/fonts/NotoSansCham-Regular.ttf
05-19 18:18:52.454 1632 1632 E Minikin : addFont failed to create font /system/fonts/NotoSansCham-Bold.ttf
05-19 18:18:52.454 1632 1632 E Minikin : addFont failed to create font /system/fonts/NotoSansBalinese-Regular.ttf
05-19 18:18:52.454 1632 1632 E Minikin : addFont failed to create font /system/fonts/NotoSansBatak-Regular.ttf
05-19 18:18:52.454 1632 1632 E Minikin : addFont failed to create font /system/fonts/NotoSansBuginese-Regular.ttf
05-19 18:18:52.454 1632 1632 E Minikin : addFont failed to create font /system/fonts/NotoSansBuhid-Regular.ttf
05-19 18:18:52.454 1632 1632 E Minikin : addFont failed to create font /system/fonts/NotoSansCanadianAboriginal-Regular.ttf
05-19 18:18:52.454 1632 1632 E Minikin : addFont failed to create font /system/fonts/NotoSansCherokee-Regular.ttf
05-19 18:18:52.454 1632 1632 E Minikin : addFont failed to create font /system/fonts/NotoSansCoptic-Regular.ttf
05-19 18:18:52.454 1632 1632 E Minikin : addFont failed to create font /system/fonts/NotoSansGlagolitic-Regular.ttf
05-19 18:18:52.454 1632 1632 E Minikin : addFont failed to create font /system/fonts/NotoSansHanunoo-Regular.ttf
05-19 18:18:52.454 1632 1632 E Minikin : addFont failed to create font /system/fonts/NotoSansJavanese-Regular.ttf
05-19 18:18:52.454 1632 1632 E Minikin : addFont failed to create font /system/fonts/NotoSansKayahLi-Regular.ttf
05-19 18:18:52.454 1632 1632 E Minikin : addFont failed to create font /system/fonts/NotoSansLepcha-Regular.ttf
05-19 18:18:52.454 1632 1632 E Minikin : addFont failed to create font /system/fonts/NotoSansLimbu-Regular.ttf
05-19 18:18:52.455 1632 1632 E Minikin : addFont failed to create font /system/fonts/NotoSansMeeteiMayek-Regular.ttf
05-19 18:18:52.455 1632 1632 E Minikin : addFont failed to create font /system/fonts/NotoSansOlChiki-Regular.ttf
05-19 18:18:52.455 1632 1632 E Minikin : addFont failed to create font /system/fonts/NotoSansRejang-Regular.ttf
05-19 18:18:52.455 1632 1632 E Minikin : addFont failed to create font /system/fonts/NotoSansSaurashtra-Regular.ttf
05-19 18:18:52.455 1632 1632 E Minikin : addFont failed to create font /system/fonts/NotoSansSundanese-Regular.ttf
05-19 18:18:52.455 1632 1632 E Minikin : addFont failed to create font /system/fonts/NotoSansSylotiNagri-Regular.ttf
05-19 18:18:52.455 1632 1632 E Minikin : addFont failed to create font /system/fonts/NotoSansTagbanwa-Regular.ttf
05-19 18:18:52.455 1632 1632 E Minikin : addFont failed to create font /system/fonts/NotoSansTaiTham-Regular.ttf
05-19 18:18:52.455 1632 1632 E Minikin : addFont failed to create font /system/fonts/NotoSansTaiViet-Regular.ttf
05-19 18:18:52.455 1632 1632 E Minikin : addFont failed to create font /system/fonts/NotoSansTifinagh-Regular.ttf
05-19 18:18:52.455 1632 1632 E Minikin : addFont failed to create font /system/fonts/NotoSansYi-Regular.ttf
05-19 18:18:52.455 1632 1632 E Minikin : addFont failed to create font /system/fonts/Lohit-Odia.ttf
05-19 18:18:52.455 1632 1632 E Minikin : addFont failed to create font /system/fonts/NotoSansHans-Regular.otf
05-19 18:18:52.455 1632 1632 E Minikin : addFont failed to create font /system/fonts/NotoSansHant-Regular.otf
05-19 18:18:52.455 1632 1632 E Minikin : addFont failed to create font /system/fonts/NotoSansJP-Regular.otf
05-19 18:18:52.455 1632 1632 E Minikin : addFont failed to create font /system/fonts/NotoSansKR-Regular.otf
05-19 18:18:52.589 1632 1632 E Minikin : addFont failed to create font /system/fonts/NotoSansTaiLe-Regular.ttf
05-19 18:18:52.782 1632 1632 I art : Explicit concurrent mark sweep GC freed 1798(129KB) AllocSpace objects, 0(0B) LOS objects, 90% free, 113KB/1137KB, paused 230us total 6.078ms
05-19 18:18:52.800 1632 1632 I art : Explicit concurrent mark sweep GC freed 1933(92KB) AllocSpace objects, 0(0B) LOS objects, 86% free, 154KB/1178KB, paused 160us total 8.433ms
05-19 18:18:52.813 1632 1632 I art : Explicit concurrent mark sweep GC freed 1979(87KB) AllocSpace objects, 0(0B) LOS objects, 84% free, 188KB/1212KB, paused 162us total 7.047ms
05-19 18:18:52.825 1632 1632 I art : Explicit concurrent mark sweep GC freed 371(19KB) AllocSpace objects, 0(0B) LOS objects, 82% free, 221KB/1245KB, paused 160us total 7.255ms
05-19 18:18:52.885 1632 1632 I art : Thread[1,tid=1632,WaitingForJniOnLoad,Thread*=0xb3c25800,peer=0x12c31100,"main"] recursive attempt to load library "/system/lib/libmedia_jni.so"
05-19 18:18:52.886 1632 1632 D MtpDeviceJNI: register_android_mtp_MtpDevice
05-19 18:18:52.886 1632 1632 I art : Thread[1,tid=1632,WaitingForJniOnLoad,Thread*=0xb3c25800,peer=0x12c31100,"main"] recursive attempt to load library "/system/lib/libmedia_jni.so"
05-19 18:18:52.886 1632 1632 I art : Thread[1,tid=1632,WaitingForJniOnLoad,Thread*=0xb3c25800,peer=0x12c31100,"main"] recursive attempt to load library "/system/lib/libmedia_jni.so"
05-19 18:18:52.905 1632 1632 I art : Explicit concurrent mark sweep GC freed 661(37KB) AllocSpace objects, 0(0B) LOS objects, 80% free, 244KB/1268KB, paused 163us total 8.116ms
05-19 18:18:52.931 1632 1632 I art : Explicit concurrent mark sweep GC freed 576(29KB) AllocSpace objects, 0(0B) LOS objects, 79% free, 263KB/1287KB, paused 166us total 7.625ms
05-19 18:18:52.943 1632 1632 I art : Explicit concurrent mark sweep GC freed 448(26KB) AllocSpace objects, 0(0B) LOS objects, 77% free, 303KB/1327KB, paused 165us total 5.499ms
05-19 18:18:52.995 1632 1632 I art : Explicit concurrent mark sweep GC freed 1790(104KB) AllocSpace objects, 0(0B) LOS objects, 69% free, 452KB/1476KB, paused 170us total 7.457ms
05-19 18:18:53.000 1632 1632 E EmojiFactory_jni: Failed to load libemoji.so: dlopen failed: library "libemoji.so" not found
05-19 18:18:53.024 1632 1632 I art : Explicit concurrent mark sweep GC freed 354(45KB) AllocSpace objects, 0(0B) LOS objects, 57% free, 749KB/1773KB, paused 190us total 9.878ms
05-19 18:18:53.042 1632 1632 I art : Explicit concurrent mark sweep GC freed 438(30KB) AllocSpace objects, 0(0B) LOS objects, 57% free, 768KB/1792KB, paused 169us total 7.572ms
05-19 18:18:53.059 1632 1632 I art : Explicit concurrent mark sweep GC freed 780(49KB) AllocSpace objects, 0(0B) LOS objects, 57% free, 768KB/1792KB, paused 168us total 7.502ms
05-19 18:18:53.106 1632 1632 I art : Explicit concurrent mark sweep GC freed 956(105KB) AllocSpace objects, 0(0B) LOS objects, 55% free, 811KB/1835KB, paused 166us total 11.179ms
05-19 18:18:53.124 1632 1632 I art : Explicit concurrent mark sweep GC freed 597(42KB) AllocSpace objects, 0(0B) LOS objects, 55% free, 818KB/1842KB, paused 168us total 7.405ms
05-19 18:18:53.155 1632 1632 I art : Explicit concurrent mark sweep GC freed 265(20KB) AllocSpace objects, 0(0B) LOS objects, 54% free, 846KB/1870KB, paused 170us total 7.014ms
05-19 18:18:53.190 1632 1632 I art : WaitForGcToComplete blocked for 9.269ms for cause Explicit
05-19 18:18:53.199 1632 1632 I art : Explicit concurrent mark sweep GC freed 14(640B) AllocSpace objects, 0(0B) LOS objects, 45% free, 1225KB/2MB, paused 182us total 8.702ms
05-19 18:18:53.218 1632 1632 I art : Explicit concurrent mark sweep GC freed 572(33KB) AllocSpace objects, 0(0B) LOS objects, 45% free, 1241KB/2MB, paused 194us total 10.740ms
05-19 18:18:53.237 1632 1632 I art : Explicit concurrent mark sweep GC freed 741(45KB) AllocSpace objects, 0(0B) LOS objects, 45% free, 1245KB/2MB, paused 181us total 9.244ms
05-19 18:18:53.329 1632 1632 I System : Loaded time zone names for "" in 88ms (86ms in ICU)
05-19 18:18:53.391 1632 1632 I System : Loaded time zone names for "en_US" in 61ms (58ms in ICU)
05-19 18:18:53.402 1632 1632 I art : Explicit concurrent mark sweep GC freed 2345(178KB) AllocSpace objects, 0(0B) LOS objects, 42% free, 1403KB/2MB, paused 184us total 10.246ms
05-19 18:18:53.417 1632 1632 I art : Explicit concurrent mark sweep GC freed 136(12KB) AllocSpace objects, 0(0B) LOS objects, 41% free, 1468KB/2MB, paused 177us total 9.229ms
05-19 18:18:53.432 1632 1632 I art : Explicit concurrent mark sweep GC freed 288(24KB) AllocSpace objects, 0(0B) LOS objects, 40% free, 1514KB/2MB, paused 197us total 10.138ms
05-19 18:18:53.451 1632 1632 I art : Explicit concurrent mark sweep GC freed 679(47KB) AllocSpace objects, 0(0B) LOS objects, 40% free, 1515KB/2MB, paused 183us total 9.619ms
05-19 18:18:53.451 1632 1632 I Zygote : ...preloaded 3005 classes in 2003ms.
05-19 18:18:53.451 1632 1632 I art : VMRuntime.preloadDexCaches starting
05-19 18:18:53.506 1632 1632 I art : VMRuntime.preloadDexCaches strings total=216251 before=39101 after=39101
05-19 18:18:53.506 1632 1632 I art : VMRuntime.preloadDexCaches types total=18707 before=6474 after=6510
05-19 18:18:53.506 1632 1632 I art : VMRuntime.preloadDexCaches fields total=85820 before=32435 after=32769
05-19 18:18:53.506 1632 1632 I art : VMRuntime.preloadDexCaches methods total=152975 before=67523 after=68425
05-19 18:18:53.506 1632 1632 I art : VMRuntime.preloadDexCaches finished
05-19 18:18:53.506 1632 1632 I art : Counter: 0
05-19 18:18:53.506 1632 1632 I art : Counter: 1
05-19 18:18:53.520 1632 1632 I art : Explicit concurrent mark sweep GC freed 61(15KB) AllocSpace objects, 0(0B) LOS objects, 40% free, 1501KB/2MB, paused 179us total 13.334ms
05-19 18:18:53.554 1941 1941 D idmap : error: no read access to /vendor/overlay: No such file or directory
05-19 18:18:53.689 1632 1632 I Zygote : Preloading resources...
05-19 18:18:53.753 1632 1632 I art : Explicit concurrent mark sweep GC freed 86(3KB) AllocSpace objects, 0(0B) LOS objects, 39% free, 1550KB/2MB, paused 198us total 10.094ms
05-19 18:18:53.769 1632 1632 I art : Explicit concurrent mark sweep GC freed 89(4KB) AllocSpace objects, 0(0B) LOS objects, 40% free, 1596KB/2MB, paused 183us total 9.549ms
05-19 18:18:53.806 1632 1632 I art : Explicit concurrent mark sweep GC freed 122(5KB) AllocSpace objects, 0(0B) LOS objects, 39% free, 1644KB/2MB, paused 206us total 10.587ms
05-19 18:18:53.822 1632 1632 I art : Explicit concurrent mark sweep GC freed 101(4KB) AllocSpace objects, 0(0B) LOS objects, 39% free, 1690KB/2MB, paused 210us total 9.666ms
05-19 18:18:53.837 1632 1632 I art : Explicit concurrent mark sweep GC freed 93(4KB) AllocSpace objects, 0(0B) LOS objects, 40% free, 1734KB/2MB, paused 206us total 9.371ms
05-19 18:18:53.860 1632 1632 I art : Explicit concurrent mark sweep GC freed 103(4KB) AllocSpace objects, 0(0B) LOS objects, 39% free, 1780KB/2MB, paused 215us total 10.409ms
05-19 18:18:53.876 1632 1632 I art : Explicit concurrent mark sweep GC freed 112(5KB) AllocSpace objects, 0(0B) LOS objects, 39% free, 1825KB/2MB, paused 195us total 9.466ms
05-19 18:18:53.893 1632 1632 I art : Explicit concurrent mark sweep GC freed 117(5KB) AllocSpace objects, 0(0B) LOS objects, 39% free, 1872KB/3MB, paused 195us total 9.520ms
05-19 18:18:53.911 1632 1632 I art : Explicit concurrent mark sweep GC freed 108(5KB) AllocSpace objects, 0(0B) LOS objects, 39% free, 1920KB/3MB, paused 201us total 9.531ms
05-19 18:18:53.950 1632 1632 I art : Explicit concurrent mark sweep GC freed 147(6KB) AllocSpace objects, 0(0B) LOS objects, 40% free, 1991KB/3MB, paused 197us total 9.856ms
05-19 18:18:53.975 1632 1632 I art : Explicit concurrent mark sweep GC freed 136(5KB) AllocSpace objects, 0(0B) LOS objects, 39% free, 2034KB/3MB, paused 191us total 12.438ms
05-19 18:18:53.996 1632 1632 I art : Explicit concurrent mark sweep GC freed 84(7KB) AllocSpace objects, 0(0B) LOS objects, 40% free, 2MB/3MB, paused 199us total 10.366ms
05-19 18:18:54.033 1632 1632 I art : Explicit concurrent mark sweep GC freed 112(4KB) AllocSpace objects, 0(0B) LOS objects, 39% free, 2MB/3MB, paused 197us total 10.809ms
05-19 18:18:54.050 1632 1632 I art : Explicit concurrent mark sweep GC freed 135(5KB) AllocSpace objects, 0(0B) LOS objects, 40% free, 2MB/3MB, paused 200us total 10.469ms
05-19 18:18:54.062 1632 1632 I art : Explicit concurrent mark sweep GC freed 62(2752B) AllocSpace objects, 0(0B) LOS objects, 39% free, 2MB/3MB, paused 202us total 9.813ms
05-19 18:18:54.091 1632 1632 I art : Explicit concurrent mark sweep GC freed 111(4KB) AllocSpace objects, 0(0B) LOS objects, 39% free, 2MB/4MB, paused 227us total 11.246ms
05-19 18:18:54.116 1632 1632 I art : Explicit concurrent mark sweep GC freed 206(9KB) AllocSpace objects, 0(0B) LOS objects, 40% free, 2MB/4MB, paused 202us total 10.323ms
05-19 18:18:54.136 1632 1632 I art : Explicit concurrent mark sweep GC freed 370(16KB) AllocSpace objects, 0(0B) LOS objects, 39% free, 2MB/4MB, paused 212us total 10.998ms
05-19 18:18:54.140 1634 1634 E sdcard : missing packages.list; retrying
05-19 18:18:54.166 1632 1632 I art : Explicit concurrent mark sweep GC freed 214(9KB) AllocSpace objects, 0(0B) LOS objects, 40% free, 2MB/4MB, paused 225us total 11.018ms
05-19 18:18:54.182 1632 1632 I art : Explicit concurrent mark sweep GC freed 112(6KB) AllocSpace objects, 0(0B) LOS objects, 40% free, 2MB/4MB, paused 214us total 10.302ms
05-19 18:18:54.199 1632 1632 I art : Explicit concurrent mark sweep GC freed 113(5KB) AllocSpace objects, 0(0B) LOS objects, 39% free, 2MB/4MB, paused 205us total 10.291ms
05-19 18:18:54.213 1632 1632 I art : Explicit concurrent mark sweep GC freed 49(8KB) AllocSpace objects, 0(0B) LOS objects, 39% free, 2MB/4MB, paused 390us total 10.794ms
05-19 18:18:54.231 1632 1632 I art : Explicit concurrent mark sweep GC freed 101(4KB) AllocSpace objects, 0(0B) LOS objects, 39% free, 2MB/4MB, paused 242us total 10.428ms
05-19 18:18:54.249 1632 1632 I art : Explicit concurrent mark sweep GC freed 105(4KB) AllocSpace objects, 0(0B) LOS objects, 40% free, 2MB/4MB, paused 212us total 10.427ms
05-19 18:18:54.264 1632 1632 I art : Explicit concurrent mark sweep GC freed 99(4KB) AllocSpace objects, 0(0B) LOS objects, 39% free, 2MB/4MB, paused 214us total 10.470ms
05-19 18:18:54.287 1632 1632 I art : Explicit concurrent mark sweep GC freed 172(7KB) AllocSpace objects, 0(0B) LOS objects, 39% free, 2MB/4MB, paused 228us total 10.588ms
05-19 18:18:54.336 1632 1632 I art : Explicit concurrent mark sweep GC freed 417(18KB) AllocSpace objects, 0(0B) LOS objects, 40% free, 3MB/5MB, paused 218us total 10.950ms
05-19 18:18:54.368 1632 1632 I art : Explicit concurrent mark sweep GC freed 363(16KB) AllocSpace objects, 0(0B) LOS objects, 40% free, 3MB/5MB, paused 246us total 11.044ms
05-19 18:18:54.390 1632 1632 I art : Explicit concurrent mark sweep GC freed 174(8KB) AllocSpace objects, 0(0B) LOS objects, 39% free, 3MB/5MB, paused 265us total 12.924ms
05-19 18:18:54.412 1632 1632 I art : Explicit concurrent mark sweep GC freed 515(19KB) AllocSpace objects, 0(0B) LOS objects, 39% free, 3MB/5MB, paused 225us total 11.107ms
05-19 18:18:54.431 1632 1632 I art : Explicit concurrent mark sweep GC freed 353(14KB) AllocSpace objects, 0(0B) LOS objects, 39% free, 3MB/5MB, paused 225us total 11.160ms
05-19 18:18:54.446 1632 1632 I art : Explicit concurrent mark sweep GC freed 1153(40KB) AllocSpace objects, 0(0B) LOS objects, 39% free, 3MB/5MB, paused 240us total 11.265ms
05-19 18:18:54.465 1632 1632 I art : Explicit concurrent mark sweep GC freed 1499(50KB) AllocSpace objects, 0(0B) LOS objects, 39% free, 3MB/5MB, paused 362us total 11.988ms
05-19 18:18:54.481 1632 1632 I art : Explicit concurrent mark sweep GC freed 1381(49KB) AllocSpace objects, 0(0B) LOS objects, 39% free, 3MB/5MB, paused 220us total 11.792ms
05-19 18:18:54.508 1632 1632 I art : Explicit concurrent mark sweep GC freed 1453(56KB) AllocSpace objects, 0(0B) LOS objects, 39% free, 3MB/5MB, paused 240us total 13.980ms
05-19 18:18:54.528 1632 1632 I art : Explicit concurrent mark sweep GC freed 603(27KB) AllocSpace objects, 0(0B) LOS objects, 39% free, 3MB/5MB, paused 244us total 11.745ms
05-19 18:18:54.552 1632 1632 I art : Explicit concurrent mark sweep GC freed 344(20KB) AllocSpace objects, 0(0B) LOS objects, 39% free, 3MB/6MB, paused 226us total 12.676ms
05-19 18:18:54.592 1632 1632 I art : Explicit concurrent mark sweep GC freed 384(17KB) AllocSpace objects, 0(0B) LOS objects, 39% free, 3MB/6MB, paused 237us total 12.028ms
05-19 18:18:54.603 1632 1632 I Zygote : ...preloaded 343 resources in 914ms.
05-19 18:18:54.616 1632 1632 I art : Explicit concurrent mark sweep GC freed 639(39KB) AllocSpace objects, 0(0B) LOS objects, 39% free, 3MB/6MB, paused 236us total 12.050ms
05-19 18:18:54.627 1632 1632 I Zygote : ...preloaded 41 resources in 24ms.
05-19 18:18:54.627 1632 1632 I art : Counter: 0
05-19 18:18:54.637 1632 1632 D libEGL : loaded /system/lib/egl/libGLES_mesa.so
05-19 18:18:54.698 1632 1632 I Zygote : Preloading shared libraries...
05-19 18:18:54.715 1632 1632 D Zygote : end preload
05-19 18:18:54.728 1632 1632 I art : Explicit concurrent mark sweep GC freed 450(20KB) AllocSpace objects, 0(0B) LOS objects, 39% free, 3MB/6MB, paused 230us total 12.673ms
05-19 18:18:54.741 1632 1632 I art : Explicit concurrent mark sweep GC freed 389(16KB) AllocSpace objects, 0(0B) LOS objects, 39% free, 3MB/6MB, paused 290us total 12.269ms
05-19 18:18:54.754 1632 1632 I art : Explicit concurrent mark sweep GC freed 5(160B) AllocSpace objects, 0(0B) LOS objects, 39% free, 3MB/6MB, paused 235us total 11.964ms
05-19 18:18:54.823 1632 1632 I Zygote : System server process 1943 has been created
05-19 18:18:54.826 1632 1632 I Zygote : Accepting command socket connections
05-19 18:18:54.879 1943 1943 I art : DexFile_isDexOptNeeded file /system/framework/x86/services.odex needs to be relocated for /system/framework/services.jar
05-19 18:18:54.879 1943 1943 I InstallerConnection: connecting...
05-19 18:18:54.880 1629 1629 I installd: new connection
05-19 18:18:54.882 1957 1957 E installd: Running /system/bin/patchoat isa=x86 in-fd=5 (/system/framework/x86/services.odex) out-fd=6 (/data/dalvik-cache/x86/system@framework@services.jar@classes.dex)
05-19 18:18:55.432 1943 1943 I art : DexFile_isDexOptNeeded file /system/framework/x86/ethernet-service.odex needs to be relocated for /system/framework/ethernet-service.jar
05-19 18:18:55.433 1958 1958 E installd: Running /system/bin/patchoat isa=x86 in-fd=5 (/system/framework/x86/ethernet-service.odex) out-fd=6 (/data/dalvik-cache/x86/system@framework@ethernet-service.jar@classes.dex)
05-19 18:18:55.466 1943 1943 I art : DexFile_isDexOptNeeded file /system/framework/x86/wifi-service.odex needs to be relocated for /system/framework/wifi-service.jar
05-19 18:18:55.467 1959 1959 E installd: Running /system/bin/patchoat isa=x86 in-fd=5 (/system/framework/x86/wifi-service.odex) out-fd=6 (/data/dalvik-cache/x86/system@framework@wifi-service.jar@classes.dex)
05-19 18:18:55.563 1943 1943 I InstallerConnection: disconnecting...
05-19 18:18:55.563 1629 1629 E installd: eof
05-19 18:18:55.563 1629 1629 E installd: failed to read size
05-19 18:18:55.563 1629 1629 I installd: closing connection
05-19 18:18:55.572 1943 1943 I SystemServer: Entered the Android system server!
05-19 18:18:55.596 1943 1943 V Fingerprint-JNI: FingerprintManager JNI ready.
05-19 18:18:55.596 1943 1943 D SensorService: nuSensorService starting...
05-19 18:18:55.602 1943 1943 D KbdSensor: open_kbd_sensor: id=poll
05-19 18:18:55.602 1943 1943 D KbdSensor: SensorFd: module=0xb27552c0 dev=0xb3c51f80
05-19 18:18:55.698 1943 1943 I KbdSensor: Open AT Translated Set 2 keyboard ok, fd=19
05-19 18:18:55.698 1943 1943 D KbdSensor: SensorPollContext: dev=0xb3c51f80 fd=19
05-19 18:18:55.698 1943 1943 D KbdSensor: poll_activate: dev=0xb3c51f80 handle=0 enabled=0
05-19 18:18:55.699 1943 1962 D SensorService: new thread SensorEventAckReceiver
05-19 18:18:55.701 1943 1963 D SensorService: nuSensorService thread starting...
05-19 18:18:55.703 1943 1943 I SystemServiceManager: Starting com.android.server.pm.Installer
05-19 18:18:55.703 1943 1943 I Installer: Waiting for installd to be ready.
05-19 18:18:55.703 1943 1943 I InstallerConnection: connecting...
05-19 18:18:55.703 1629 1629 I installd: new connection
05-19 18:18:55.704 1943 1943 I SystemServiceManager: Starting com.android.server.am.ActivityManagerService$Lifecycle
05-19 18:18:55.722 1943 1943 I ActivityManager: Memory class: 192
05-19 18:18:55.739 1943 1943 I AppOps : No existing app ops /data/system/appops.xml; starting empty
05-19 18:18:55.796 1943 1943 I IntentFirewall: Read new rules (A:0 B:0 S:0)
05-19 18:18:55.815 1943 1943 D AppOps : AppOpsService published
05-19 18:18:55.816 1943 1943 I SystemServiceManager: Starting com.android.server.power.PowerManagerService
05-19 18:18:55.819 1943 1943 W libsuspend: Error writing 'on' to /sys/power/state: Invalid argument
05-19 18:18:55.819 1943 1943 I libsuspend: Selected wakeup count
05-19 18:18:55.822 1943 1943 I SystemServiceManager: Starting com.android.server.display.DisplayManagerService
05-19 18:18:55.828 1943 1943 I SystemServiceManager: Starting phase 100
05-19 18:18:55.832 1943 1970 I DisplayManagerService: Display device added: DisplayDeviceInfo{"Built-in Screen": uniqueId="local:0", 1366 x 768, 60.000004 fps, supportedRefreshRates [60.000004], density 160, 133.0 x 139.0 dpi, appVsyncOff 0, presDeadline 17666666, touch INTERNAL, rotation 0, type BUILT_IN, state UNKNOWN, FLAG_DEFAULT_DISPLAY, FLAG_ROTATES_WITH_CONTENT, FLAG_SECURE, FLAG_SUPPORTS_PROTECTED_BUFFERS}
05-19 18:18:55.832 1943 1943 I SystemServer: Package Manager
05-19 18:18:55.840 1943 1943 W SELinuxMMAC: Error opening /data/system/seapp_hash. Assuming first boot.
05-19 18:18:55.844 1943 1943 W FileUtils: Failed to chmod(/data/system/packages.list): android.system.ErrnoException: chmod failed: ENOENT (No such file or directory)
05-19 18:18:55.846 1943 1943 W SystemConfig: No directory /system/etc/sysconfig, skipping
05-19 18:18:55.872 1943 1943 D SELinuxMMAC: Using policy file /system/etc/security/mac_permissions.xml
05-19 18:18:55.883 1943 1943 I PackageManager: No settings file; creating initial state
05-19 18:18:55.891 1943 1943 I art : DexFile_isDexOptNeeded file /system/framework/x86/com.android.location.provider.odex needs to be relocated for /system/framework/com.android.location.provider.jar
05-19 18:18:55.892 1976 1976 E installd: Running /system/bin/patchoat isa=x86 in-fd=5 (/system/framework/x86/com.android.location.provider.odex) out-fd=6 (/data/dalvik-cache/x86/system@framework@com.android.location.provider.jar@classes.dex)
05-19 18:18:55.908 1943 1943 I art : DexFile_isDexOptNeeded file /system/framework/x86/com.android.future.usb.accessory.odex needs to be relocated for /system/framework/com.android.future.usb.accessory.jar
05-19 18:18:55.909 1977 1977 E installd: Running /system/bin/patchoat isa=x86 in-fd=5 (/system/framework/x86/com.android.future.usb.accessory.odex) out-fd=6 (/data/dalvik-cache/x86/system@framework@com.android.future.usb.accessory.jar@classes.dex)
05-19 18:18:55.934 1943 1943 I art : DexFile_isDexOptNeeded file /system/framework/x86/javax.obex.odex needs to be relocated for /system/framework/javax.obex.jar
05-19 18:18:55.935 1978 1978 E installd: Running /system/bin/patchoat isa=x86 in-fd=5 (/system/framework/x86/javax.obex.odex) out-fd=6 (/data/dalvik-cache/x86/system@framework@javax.obex.jar@classes.dex)
05-19 18:18:55.964 1943 1943 I art : DexFile_isDexOptNeeded file /system/framework/x86/android.test.runner.odex needs to be relocated for /system/framework/android.test.runner.jar
05-19 18:18:55.965 1979 1979 E installd: Running /system/bin/patchoat isa=x86 in-fd=5 (/system/framework/x86/android.test.runner.odex) out-fd=6 (/data/dalvik-cache/x86/system@framework@android.test.runner.jar@classes.dex)
05-19 18:18:55.986 1943 1943 I art : DexFile_isDexOptNeeded file /system/framework/x86/com.android.media.remotedisplay.odex needs to be relocated for /system/framework/com.android.media.remotedisplay.jar
05-19 18:18:55.987 1980 1980 E installd: Running /system/bin/patchoat isa=x86 in-fd=5 (/system/framework/x86/com.android.media.remotedisplay.odex) out-fd=6 (/data/dalvik-cache/x86/system@framework@com.android.media.remotedisplay.jar@classes.dex)
05-19 18:18:56.001 1943 1943 I art : DexFile_isDexOptNeeded file /system/framework/x86/com.android.mediadrm.signer.odex needs to be relocated for /system/framework/com.android.mediadrm.signer.jar
05-19 18:18:56.002 1981 1981 E installd: Running /system/bin/patchoat isa=x86 in-fd=5 (/system/framework/x86/com.android.mediadrm.signer.odex) out-fd=6 (/data/dalvik-cache/x86/system@framework@com.android.mediadrm.signer.jar@classes.dex)
05-19 18:18:56.019 1943 1943 I art : DexFile_isDexOptNeeded file /system/framework/x86/am.odex needs to be relocated for /system/framework/am.jar
05-19 18:18:56.019 1982 1982 E installd: Running /system/bin/patchoat isa=x86 in-fd=5 (/system/framework/x86/am.odex) out-fd=6 (/data/dalvik-cache/x86/system@framework@am.jar@classes.dex)
05-19 18:18:56.035 1943 1943 I art : DexFile_isDexOptNeeded file /system/framework/x86/appops.odex needs to be relocated for /system/framework/appops.jar
05-19 18:18:56.036 1983 1983 E installd: Running /system/bin/patchoat isa=x86 in-fd=5 (/system/framework/x86/appops.odex) out-fd=6 (/data/dalvik-cache/x86/system@framework@appops.jar@classes.dex)
05-19 18:18:56.053 1943 1943 I art : DexFile_isDexOptNeeded file /system/framework/x86/appwidget.odex needs to be relocated for /system/framework/appwidget.jar
05-19 18:18:56.054 1984 1984 E installd: Running /system/bin/patchoat isa=x86 in-fd=5 (/system/framework/x86/appwidget.odex) out-fd=6 (/data/dalvik-cache/x86/system@framework@appwidget.jar@classes.dex)
05-19 18:18:56.069 1943 1943 I art : DexFile_isDexOptNeeded file /system/framework/x86/bmgr.odex needs to be relocated for /system/framework/bmgr.jar
05-19 18:18:56.070 1985 1985 E installd: Running /system/bin/patchoat isa=x86 in-fd=5 (/system/framework/x86/bmgr.odex) out-fd=6 (/data/dalvik-cache/x86/system@framework@bmgr.jar@classes.dex)
05-19 18:18:56.087 1943 1943 I art : DexFile_isDexOptNeeded file /system/framework/x86/bu.odex needs to be relocated for /system/framework/bu.jar
05-19 18:18:56.088 1986 1986 E installd: Running /system/bin/patchoat isa=x86 in-fd=5 (/system/framework/x86/bu.odex) out-fd=6 (/data/dalvik-cache/x86/system@framework@bu.jar@classes.dex)
05-19 18:18:56.103 1943 1943 I art : DexFile_isDexOptNeeded file /system/framework/x86/content.odex needs to be relocated for /system/framework/content.jar
05-19 18:18:56.104 1987 1987 E installd: Running /system/bin/patchoat isa=x86 in-fd=5 (/system/framework/x86/content.odex) out-fd=6 (/data/dalvik-cache/x86/system@framework@content.jar@classes.dex)
05-19 18:18:56.119 1943 1943 I art : DexFile_isDexOptNeeded file /system/framework/x86/dpm.odex needs to be relocated for /system/framework/dpm.jar
05-19 18:18:56.120 1988 1988 E installd: Running /system/bin/patchoat isa=x86 in-fd=5 (/system/framework/x86/dpm.odex) out-fd=6 (/data/dalvik-cache/x86/system@framework@dpm.jar@classes.dex)
05-19 18:18:56.137 1943 1943 I art : DexFile_isDexOptNeeded file /system/framework/x86/ime.odex needs to be relocated for /system/framework/ime.jar
05-19 18:18:56.138 1989 1989 E installd: Running /system/bin/patchoat isa=x86 in-fd=5 (/system/framework/x86/ime.odex) out-fd=6 (/data/dalvik-cache/x86/system@framework@ime.jar@classes.dex)
05-19 18:18:56.154 1943 1943 I art : DexFile_isDexOptNeeded file /system/framework/x86/input.odex needs to be relocated for /system/framework/input.jar
05-19 18:18:56.155 1990 1990 E installd: Running /system/bin/patchoat isa=x86 in-fd=5 (/system/framework/x86/input.odex) out-fd=6 (/data/dalvik-cache/x86/system@framework@input.jar@classes.dex)
05-19 18:18:56.171 1943 1943 I art : DexFile_isDexOptNeeded file /system/framework/x86/media_cmd.odex needs to be relocated for /system/framework/media_cmd.jar
05-19 18:18:56.171 1991 1991 E installd: Running /system/bin/patchoat isa=x86 in-fd=5 (/system/framework/x86/media_cmd.odex) out-fd=6 (/data/dalvik-cache/x86/system@framework@media_cmd.jar@classes.dex)
05-19 18:18:56.195 1943 1943 I art : DexFile_isDexOptNeeded file /system/framework/x86/monkey.odex needs to be relocated for /system/framework/monkey.jar
05-19 18:18:56.196 1992 1992 E installd: Running /system/bin/patchoat isa=x86 in-fd=5 (/system/framework/x86/monkey.odex) out-fd=6 (/data/dalvik-cache/x86/system@framework@monkey.jar@classes.dex)
05-19 18:18:56.217 1943 1943 I art : DexFile_isDexOptNeeded file /system/framework/x86/pm.odex needs to be relocated for /system/framework/pm.jar
05-19 18:18:56.217 1993 1993 E installd: Running /system/bin/patchoat isa=x86 in-fd=5 (/system/framework/x86/pm.odex) out-fd=6 (/data/dalvik-cache/x86/system@framework@pm.jar@classes.dex)
05-19 18:18:56.233 1943 1943 I art : DexFile_isDexOptNeeded file /system/framework/x86/requestsync.odex needs to be relocated for /system/framework/requestsync.jar
