05-19 18:20:07.712 3076 3076 W ContextImpl: Failed to ensure directory: /storage/sdcard1/Android/data/com.android.browser/files
05-19 18:20:07.738 3076 3095 E ActivityThread: Failed to find provider info for com.google.settings
05-19 18:20:07.738 3076 3095 E ActivityThread: Failed to find provider info for com.google.settings
05-19 18:20:07.771 3076 3076 I WebViewFactory: Loading com.android.webview version 39 (eng.paulo-x86) (code 399997)
05-19 18:20:07.775 1943 1960 I PackageManager: Running dexopt on: /system/app/webview/webview.apk pkg=com.android.webview isa=x86 vmSafeMode=false
05-19 18:20:07.868 3097 3097 I dex2oat : /system/bin/dex2oat --zip-fd=5 --zip-location=/system/app/webview/webview.apk --oat-fd=6 --oat-location=/data/dalvik-cache/x86/system@app@webview@webview.apk@classes.dex --instruction-set=x86 --instruction-set-features=default --runtime-arg -Xms64m --runtime-arg -Xmx512m --compiler-filter=interpret-only --swap-fd=7
05-19 18:20:08.008 3097 3097 I dex2oat : Decided to run without swap.
05-19 18:20:08.447 3097 3097 I dex2oat : dex2oat took 534.323ms (threads: 2) arena alloc=0B java alloc=1367KB native alloc=507KB free=7MB
05-19 18:20:08.832 2988 2988 D wpa_supplicant: wlan0: Control interface command 'SIGNAL_POLL'
05-19 18:20:09.042 3076 3076 I LibraryLoader: Time to load native libraries: 584 ms (timestamps 5060-5644)
05-19 18:20:09.042 3076 3076 I LibraryLoader: Expected native library version number "",actual native library version number ""
05-19 18:20:09.046 3076 3076 W art : Attempt to remove local handle scope entry from IRT, ignoring
05-19 18:20:09.053 3076 3076 V WebViewChromiumFactoryProvider: Binding Chromium to main looper Looper (main, tid 1) {34f86a51}
05-19 18:20:09.054 3076 3076 I LibraryLoader: Expected native library version number "",actual native library version number ""
05-19 18:20:09.060 3076 3076 I chromium: [INFO:library_loader_hooks.cc(104)] Chromium logging enabled: level = 0, default verbosity = 0
05-19 18:20:09.070 3076 3076 I BrowserStartupController: Initializing chromium process, singleProcess=true
05-19 18:20:09.083 3076 3076 W art : Attempt to remove local handle scope entry from IRT, ignoring
05-19 18:20:09.152 3076 3105 W AudioManagerAndroid: Requires BLUETOOTH permission
05-19 18:20:09.163 3076 3076 W chromium: [WARNING:resource_bundle.cc(304)] locale_file_path.empty()
05-19 18:20:09.163 3076 3076 I chromium: [INFO:aw_browser_main_parts.cc(65)] Load from apk succesful, fd=30 off=46184 len=3037
05-19 18:20:09.169 3076 3076 I chromium: [INFO:aw_browser_main_parts.cc(78)] Loading webviewchromium.pak from, fd:31 off:229484 len:1089587
05-19 18:20:09.188 3076 3076 I GRALLOC-RADEON: detected chipset 0x9834 family 0x3c (vram size 494MiB, gart size 1019MiB)
05-19 18:20:09.188 3076 3076 I GRALLOC-DRM: create radeon for driver radeon
05-19 18:20:09.190 3076 3076 I EGL-GALLIUM: using DRM screen
05-19 18:20:09.190 3076 3076 I EGL-GALLIUM: skip unsupported native format 0x3
05-19 18:20:09.257 3076 3076 W chromium: [WARNING:mailbox_synchronizer.cc(41)] MailboxSync not supported due to missing EGL image/fence support
05-19 18:20:09.412 3076 3089 I art : Background sticky concurrent mark sweep GC freed 3797(305KB) AllocSpace objects, 3(48KB) LOS objects, 12% free, 2MB/3MB, paused 6.277ms total 36.376ms
05-19 18:20:09.462 1943 2493 I MediaFocusControl: AudioFocus abandonAudioFocus() from android.media.AudioManager@33ded1eacom.android.music.MediaPlaybackService$3@3ed0dcdb
05-19 18:20:09.481 1943 1965 I ActivityManager: Start proc 3119:com.android.musicfx/u0a9 for broadcast com.android.musicfx/.ControlPanelReceiver
05-19 18:20:09.484 1943 2153 I ActivityManager: Killing 2541:com.android.music/u0a38 (adj 15): empty #17
05-19 18:20:09.499 1943 1943 W MediaSessionRecord: Removing dead callback in pushEvent.
05-19 18:20:09.499 1943 1943 W MediaSessionRecord: android.os.DeadObjectException
05-19 18:20:09.499 1943 1943 W MediaSessionRecord: at android.os.BinderProxy.transactNative(Native Method)
05-19 18:20:09.499 1943 1943 W MediaSessionRecord: at android.os.BinderProxy.transact(Binder.java:496)
05-19 18:20:09.499 1943 1943 W MediaSessionRecord: at android.media.session.ISessionControllerCallback$Stub$Proxy.onSessionDestroyed(ISessionControllerCallback.java:189)
05-19 18:20:09.499 1943 1943 W MediaSessionRecord: at com.android.server.media.MediaSessionRecord.pushSessionDestroyed(MediaSessionRecord.java:667)
05-19 18:20:09.499 1943 1943 W MediaSessionRecord: at com.android.server.media.MediaSessionRecord.access$3800(MediaSessionRecord.java:67)
05-19 18:20:09.499 1943 1943 W MediaSessionRecord: at com.android.server.media.MediaSessionRecord$MessageHandler.handleMessage(MediaSessionRecord.java:1286)
05-19 18:20:09.499 1943 1943 W MediaSessionRecord: at android.os.Handler.dispatchMessage(Handler.java:102)
05-19 18:20:09.499 1943 1943 W MediaSessionRecord: at android.os.Looper.loop(Looper.java:135)
05-19 18:20:09.499 1943 1943 W MediaSessionRecord: at com.android.server.SystemServer.run(SystemServer.java:269)
05-19 18:20:09.499 1943 1943 W MediaSessionRecord: at com.android.server.SystemServer.main(SystemServer.java:170)
05-19 18:20:09.499 1943 1943 W MediaSessionRecord: at java.lang.reflect.Method.invoke(Native Method)
05-19 18:20:09.499 1943 1943 W MediaSessionRecord: at java.lang.reflect.Method.invoke(Method.java:372)
05-19 18:20:09.499 1943 1943 W MediaSessionRecord: at com.android.internal.os.ZygoteInit$MethodAndArgsCaller.run(ZygoteInit.java:903)
05-19 18:20:09.499 1943 1943 W MediaSessionRecord: at com.android.internal.os.ZygoteInit.main(ZygoteInit.java:698)
05-19 18:20:09.515 1943 2151 I art : DexFile_isDexOptNeeded file /system/priv-app/MusicFX/x86/MusicFX.odex needs to be relocated for /system/priv-app/MusicFX/MusicFX.apk
05-19 18:20:09.515 1943 2151 I PackageManager: Running patchoat on: com.android.musicfx
05-19 18:20:09.534 3134 3134 E installd: Running /system/bin/patchoat isa=x86 in-fd=5 (/system/priv-app/MusicFX/x86/MusicFX.odex) out-fd=6 (/data/dalvik-cache/x86/system@priv-app@MusicFX@MusicFX.apk@classes.dex)
05-19 18:20:09.536 3076 3089 I art : Background partial concurrent mark sweep GC freed 896(105KB) AllocSpace objects, 1(16KB) LOS objects, 39% free, 3MB/5MB, paused 7.383ms total 88.033ms
05-19 18:20:09.558 3076 3076 W chromium: [WARNING:data_reduction_proxy_settings.cc(331)] SPDY proxy OFF at startup
05-19 18:20:09.598 3076 3076 W art : Attempt to remove local handle scope entry from IRT, ignoring
05-19 18:20:09.617 3076 3076 W AwContents: onDetachedFromWindow called when already detached. Ignoring
05-19 18:20:09.627 3076 3095 E ActivityThread: Failed to find provider info for com.google.settings
05-19 18:20:09.636 3076 3095 E ActivityThread: Failed to find provider info for com.google.settings
05-19 18:20:09.641 3076 3095 E ActivityThread: Failed to find provider info for com.google.settings
05-19 18:20:09.645 3119 3119 V MusicFXControlPanelReceiver: onReceive
05-19 18:20:09.645 3119 3119 V MusicFXControlPanelReceiver: Action: android.media.action.CLOSE_AUDIO_EFFECT_CONTROL_SESSION
05-19 18:20:09.645 3119 3119 V MusicFXControlPanelReceiver: Package name: com.android.music
05-19 18:20:09.645 3119 3119 V MusicFXControlPanelReceiver: Audio session: 6
05-19 18:20:09.646 3119 3119 V MusicFXControlPanelEffect: closeSession(android.app.ReceiverRestrictedContext@30814463, com.android.music, 6)
05-19 18:20:09.648 3076 3095 E ActivityThread: Failed to find provider info for com.google.settings
05-19 18:20:09.651 1943 2495 I ActivityManager: Killing 2498:com.android.provision/u0a45 (adj 15): empty #17
05-19 18:20:09.662 3076 3095 E ActivityThread: Failed to find provider info for com.google.settings
05-19 18:20:09.664 3076 3076 D WebViewTimersControl: onBrowserActivityResume
05-19 18:20:09.664 3076 3076 D WebViewTimersControl: Resuming webview timers, view=com.android.browser.BrowserWebView{2309a28b VFEDHVCL .F....I. 0,0-0,0}
05-19 18:20:09.666 3076 3095 E ActivityThread: Failed to find provider info for com.google.settings
05-19 18:20:09.672 3076 3095 E ActivityThread: Failed to find provider info for com.google.settings
05-19 18:20:09.677 3076 3095 E ActivityThread: Failed to find provider info for com.google.settings
05-19 18:20:09.680 3076 3095 E ActivityThread: Failed to find provider info for com.google.settings
05-19 18:20:09.690 3076 3095 E ActivityThread: Failed to find provider info for com.google.settings
05-19 18:20:09.692 3076 3095 E ActivityThread: Failed to find provider info for com.google.settings
05-19 18:20:09.696 3076 3095 E ActivityThread: Failed to find provider info for com.google.settings
05-19 18:20:09.699 3076 3095 E ActivityThread: Failed to find provider info for com.google.settings
05-19 18:20:09.705 3076 3095 E ActivityThread: Failed to find provider info for com.google.settings
05-19 18:20:09.717 3076 3095 E SQLiteLog: (1) no such table: _sync_state_metadata
05-19 18:20:09.759 3076 3076 V NFC : this device does not have NFC support
05-19 18:20:09.764 3076 3143 D OpenGLRenderer: Use EGL_SWAP_BEHAVIOR_PRESERVED: true
05-19 18:20:09.768 3076 3076 D Atlas : Validating map...
05-19 18:20:09.772 1943 2493 V WindowManager: Adding window Window{106f2e76 u0 com.android.browser/com.android.browser.BrowserActivity} at 4 of 10 (before Window{a43ae08 u0 Starting com.android.browser})
05-19 18:20:09.844 3076 3143 I OpenGLRenderer: Initialized EGL, version 1.4
05-19 18:20:09.852 3076 3143 D OpenGLRenderer: Enabling debug mode 0
05-19 18:20:09.852 3076 3143 I MESA-DEBUG: Inside r600_texture_from_handle
05-19 18:20:09.852 3076 3143 I MESA-DEBUG: templ->target = 2 ; templ->depth0 = 1 ; templ->last_level = 0
05-19 18:20:09.852 3076 3143 I MESA-DEBUG: Ending r600_texture_from_handle - stride value is 3072
05-19 18:20:09.860 3076 3143 I MESA-DEBUG: Inside r600_texture_from_handle
05-19 18:20:09.860 3076 3143 I MESA-DEBUG: templ->target = 2 ; templ->depth0 = 1 ; templ->last_level = 0
05-19 18:20:09.860 3076 3143 I MESA-DEBUG: Ending r600_texture_from_handle - stride value is 5632
05-19 18:20:10.264 1620 1620 I MESA-DEBUG: Inside r600_texture_from_handle
05-19 18:20:10.264 1620 1620 I MESA-DEBUG: templ->target = 2 ; templ->depth0 = 1 ; templ->last_level = 0
05-19 18:20:10.264 1620 1620 I MESA-DEBUG: Ending r600_texture_from_handle - stride value is 5632
05-19 18:20:10.270 1943 1970 I ActivityManager: Displayed com.android.browser/.BrowserActivity: +2s855ms
05-19 18:20:10.323 3076 3143 I MESA-DEBUG: Inside r600_texture_from_handle
05-19 18:20:10.323 3076 3143 I MESA-DEBUG: templ->target = 2 ; templ->depth0 = 1 ; templ->last_level = 0
05-19 18:20:10.323 3076 3143 I MESA-DEBUG: Ending r600_texture_from_handle - stride value is 5632
05-19 18:20:10.330 1620 1620 I MESA-DEBUG: Inside r600_texture_from_handle
05-19 18:20:10.330 1620 1620 I MESA-DEBUG: templ->target = 2 ; templ->depth0 = 1 ; templ->last_level = 0
05-19 18:20:10.330 1620 1620 I MESA-DEBUG: Ending r600_texture_from_handle - stride value is 5632
05-19 18:20:10.338 3076 3143 I MESA-DEBUG: Inside r600_texture_from_handle
05-19 18:20:10.338 3076 3143 I MESA-DEBUG: templ->target = 2 ; templ->depth0 = 1 ; templ->last_level = 0
05-19 18:20:10.338 3076 3143 I MESA-DEBUG: Ending r600_texture_from_handle - stride value is 5632
05-19 18:20:10.350 1620 1620 I MESA-DEBUG: Inside r600_texture_from_handle
05-19 18:20:10.350 1620 1620 I MESA-DEBUG: templ->target = 2 ; templ->depth0 = 1 ; templ->last_level = 0
05-19 18:20:10.351 1620 1620 I MESA-DEBUG: Ending r600_texture_from_handle - stride value is 5632
05-19 18:20:10.722 3076 3150 W chromium: [WARNING:simple_index_file.cc(337)] Could not map Simple Index file.
05-19 18:20:11.837 2988 2988 D wpa_supplicant: wlan0: Control interface command 'SIGNAL_POLL'
05-19 18:20:14.544 3076 3159 E SQLiteLog: (284) automatic index on sqlite_sq_AE206680(url)
05-19 18:20:14.841 2988 2988 D wpa_supplicant: wlan0: Control interface command 'SIGNAL_POLL'
05-19 18:20:17.592 1943 2389 V WindowManager: Adding window Window{3602b505 u0 PopupWindow:36a1dea0} at 5 of 10 (after Window{106f2e76 u0 com.android.browser/com.android.browser.BrowserActivity})
05-19 18:20:17.622 1943 2152 I ActivityManager: Start proc 3163:com.android.quicksearchbox/u0a46 for content provider com.android.quicksearchbox/.google.GoogleSuggestionProvider
05-19 18:20:17.628 3076 3143 I MESA-DEBUG: Inside r600_texture_from_handle
05-19 18:20:17.628 3076 3143 I MESA-DEBUG: templ->target = 2 ; templ->depth0 = 1 ; templ->last_level = 0
05-19 18:20:17.628 3076 3143 I MESA-DEBUG: Ending r600_texture_from_handle - stride value is 5632
05-19 18:20:17.648 1943 2150 I art : DexFile_isDexOptNeeded file /system/app/QuickSearchBox/x86/QuickSearchBox.odex needs to be relocated for /system/app/QuickSearchBox/QuickSearchBox.apk
05-19 18:20:17.648 1943 2150 I PackageManager: Running patchoat on: com.android.quicksearchbox
05-19 18:20:17.651 3178 3178 E installd: Running /system/bin/patchoat isa=x86 in-fd=5 (/system/app/QuickSearchBox/x86/QuickSearchBox.odex) out-fd=6 (/data/dalvik-cache/x86/system@app@QuickSearchBox@QuickSearchBox.apk@classes.dex)
05-19 18:20:17.667 1620 1620 I MESA-DEBUG: Inside r600_texture_from_handle
05-19 18:20:17.667 1620 1620 I MESA-DEBUG: templ->target = 2 ; templ->depth0 = 1 ; templ->last_level = 0
05-19 18:20:17.667 1620 1620 I MESA-DEBUG: Ending r600_texture_from_handle - stride value is 5632
05-19 18:20:17.686 3076 3143 I MESA-DEBUG: Inside r600_texture_from_handle
05-19 18:20:17.686 3076 3143 I MESA-DEBUG: templ->target = 2 ; templ->depth0 = 1 ; templ->last_level = 0
05-19 18:20:17.686 3076 3143 I MESA-DEBUG: Ending r600_texture_from_handle - stride value is 5632
05-19 18:20:17.701 1620 1620 I MESA-DEBUG: Inside r600_texture_from_handle
05-19 18:20:17.701 1620 1620 I MESA-DEBUG: templ->target = 2 ; templ->depth0 = 1 ; templ->last_level = 0
05-19 18:20:17.701 1620 1620 I MESA-DEBUG: Ending r600_texture_from_handle - stride value is 5632
05-19 18:20:17.841 3076 3143 I MESA-DEBUG: Inside r600_texture_from_handle
05-19 18:20:17.841 3076 3143 I MESA-DEBUG: templ->target = 2 ; templ->depth0 = 1 ; templ->last_level = 0
05-19 18:20:17.842 3076 3143 I MESA-DEBUG: Ending r600_texture_from_handle - stride value is 5632
05-19 18:20:17.845 2988 2988 D wpa_supplicant: wlan0: Control interface command 'SIGNAL_POLL'
05-19 18:20:17.851 1620 1620 I MESA-DEBUG: Inside r600_texture_from_handle
05-19 18:20:17.851 1620 1620 I MESA-DEBUG: templ->target = 2 ; templ->depth0 = 1 ; templ->last_level = 0
05-19 18:20:17.851 1620 1620 I MESA-DEBUG: Ending r600_texture_from_handle - stride value is 5632
05-19 18:20:18.131 1943 2150 I ActivityManager: Killing 2414:com.android.printspooler/u0a44 (adj 15): empty #17
05-19 18:20:18.173 1943 2076 V WindowManager: Adding window Window{2591e167 u0 PopupWindow:36a1dea0} at 5 of 10 (after Window{106f2e76 u0 com.android.browser/com.android.browser.BrowserActivity})
05-19 18:20:18.205 3076 3143 I MESA-DEBUG: Inside r600_texture_from_handle
05-19 18:20:18.205 3076 3143 I MESA-DEBUG: templ->target = 2 ; templ->depth0 = 1 ; templ->last_level = 0
05-19 18:20:18.205 3076 3143 I MESA-DEBUG: Ending r600_texture_from_handle - stride value is 5632
05-19 18:20:18.250 1620 1620 I MESA-DEBUG: Inside r600_texture_from_handle
05-19 18:20:18.250 1620 1620 I MESA-DEBUG: templ->target = 2 ; templ->depth0 = 1 ; templ->last_level = 0
05-19 18:20:18.250 1620 1620 I MESA-DEBUG: Ending r600_texture_from_handle - stride value is 5632
05-19 18:20:18.258 3076 3143 I MESA-DEBUG: Inside r600_texture_from_handle
05-19 18:20:18.258 3076 3143 I MESA-DEBUG: templ->target = 2 ; templ->depth0 = 1 ; templ->last_level = 0
05-19 18:20:18.258 3076 3143 I MESA-DEBUG: Ending r600_texture_from_handle - stride value is 5632
05-19 18:20:18.266 1620 1620 I MESA-DEBUG: Inside r600_texture_from_handle
05-19 18:20:18.266 1620 1620 I MESA-DEBUG: templ->target = 2 ; templ->depth0 = 1 ; templ->last_level = 0
05-19 18:20:18.267 1620 1620 I MESA-DEBUG: Ending r600_texture_from_handle - stride value is 5632
05-19 18:20:18.343 3076 3143 I MESA-DEBUG: Inside r600_texture_from_handle
05-19 18:20:18.343 3076 3143 I MESA-DEBUG: templ->target = 2 ; templ->depth0 = 1 ; templ->last_level = 0
05-19 18:20:18.343 3076 3143 I MESA-DEBUG: Ending r600_texture_from_handle - stride value is 5632
05-19 18:20:18.366 1620 1620 I MESA-DEBUG: Inside r600_texture_from_handle
05-19 18:20:18.366 1620 1620 I MESA-DEBUG: templ->target = 2 ; templ->depth0 = 1 ; templ->last_level = 0
05-19 18:20:18.367 1620 1620 I MESA-DEBUG: Ending r600_texture_from_handle - stride value is 5632
05-19 18:20:19.810 1943 2389 I ActivityManager: START u0 {act=android.intent.action.WEB_SEARCH cat=[android.intent.category.DEFAULT] cmp=com.android.quicksearchbox/.google.GoogleSearch (has extras)} from uid 10019 on display 0
05-19 18:20:19.815 1943 2389 V WindowManager: addAppToken: AppWindowToken{27fb29b2 token=Token{2f777fbd ActivityRecord{2e748b14 u0 com.android.quicksearchbox/.google.GoogleSearch t6}}} to stack=1 task=6 at 1
05-19 18:20:19.818 1620 1620 I MESA-DEBUG: Inside r600_texture_from_handle
05-19 18:20:19.818 1620 1620 I MESA-DEBUG: templ->target = 2 ; templ->depth0 = 1 ; templ->last_level = 0
05-19 18:20:19.818 1620 1620 I MESA-DEBUG: Ending r600_texture_from_handle - stride value is 1792
05-19 18:20:20.014 3076 3076 D WebViewTimersControl: onBrowserActivityPause
05-19 18:20:20.014 3076 3076 D WebViewTimersControl: Pausing webview timers, view=com.android.browser.BrowserWebView{2309a28b VFEDHVCL .F...... 0,0-1366,478}
05-19 18:20:20.026 3076 3076 W ViewRootImpl: Cancelling event due to no window focus: KeyEvent { action=ACTION_UP, keyCode=KEYCODE_ENTER, scanCode=28, metaState=0, flags=0x28, repeatCount=0, eventTime=146600, downTime=146397, deviceId=7, source=0x101 }
05-19 18:20:20.027 3076 3076 W ViewRootImpl: Cancelling event due to no window focus: KeyEvent { action=ACTION_UP, keyCode=KEYCODE_ENTER, scanCode=28, metaState=0, flags=0x28, repeatCount=0, eventTime=146600, downTime=146397, deviceId=7, source=0x101 }
05-19 18:20:20.027 3076 3076 W ViewRootImpl: Cancelling event due to no window focus: KeyEvent { action=ACTION_UP, keyCode=KEYCODE_ENTER, scanCode=28, metaState=0, flags=0x28, repeatCount=0, eventTime=146600, downTime=146397, deviceId=7, source=0x101 }
05-19 18:20:20.027 3076 3076 D InputEventConsistencyVerifier: KeyEvent: ACTION_UP but key was not down.
05-19 18:20:20.027 3076 3076 D InputEventConsistencyVerifier: in android.widget.FrameLayout{3b79a315 V.E..... .......D 0,48-1366,639 #7f0d0041 app:id/main_content}
05-19 18:20:20.027 3076 3076 D InputEventConsistencyVerifier: 0: sent at 146600000000, KeyEvent { action=ACTION_UP, keyCode=KEYCODE_ENTER, scanCode=28, metaState=0, flags=0x28, repeatCount=0, eventTime=146600, downTime=146397, deviceId=7, source=0x101 }
05-19 18:20:20.027 3076 3076 D InputEventConsistencyVerifier: -- recent events --
05-19 18:20:20.027 3076 3076 D InputEventConsistencyVerifier: 1: sent at 142291986000, (unhandled) MotionEvent { action=ACTION_HOVER_EXIT, id[0]=0, x[0]=782.46075, y[0]=-3.6269226, toolType[0]=TOOL_TYPE_FINGER, buttonState=0, metaState=0, flags=0x0, edgeFlags=0x0, pointerCount=1, historySize=0, eventTime=142291, downTime=133837, deviceId=6, source=0x2002 }
05-19 18:20:20.027 3076 3076 D InputEventConsistencyVerifier: 2: sent at 142291986000, (unhandled) MotionEvent { action=ACTION_HOVER_MOVE, id[0]=0, x[0]=782.46075, y[0]=-3.6269226, toolType[0]=TOOL_TYPE_FINGER, buttonState=0, metaState=0, flags=0x0, edgeFlags=0x0, pointerCount=1, historySize=0, eventTime=142291, downTime=133837, deviceId=6, source=0x2002 }
05-19 18:20:20.027 3076 3076 D InputEventConsistencyVerifier: 3: sent at 142277890000, MotionEvent { action=ACTION_HOVER_MOVE, id[0]=0, x[0]=794.4588, y[0]=12.605743, toolType[0]=TOOL_TYPE_FINGER, buttonState=0, metaState=0, flags=0x0, edgeFlags=0x0, pointerCount=1, historySize=1, eventTime=142277, downTime=133837, deviceId=6, source=0x2002 }
05-19 18:20:20.027 3076 3076 D InputEventConsistencyVerifier: 4: sent at 142250678000, MotionEvent { action=ACTION_HOVER_MOVE, id[0]=0, x[0]=831.483, y[0]=52.24652, toolType[0]=TOOL_TYPE_FINGER, buttonState=0, metaState=0, flags=0x0, edgeFlags=0x0, pointerCount=1, historySize=0, eventTime=142250, downTime=133837, deviceId=6, source=0x2002 }
05-19 18:20:20.027 3076 3076 D InputEventConsistencyVerifier: 5: sent at 142236570000, MotionEvent { action=ACTION_HOVER_MOVE, id[0]=0, x[0]=852.34235, y[0]=76.73361, toolType[0]=TOOL_TYPE_FINGER, buttonState=0, metaState=0, flags=0x0, edgeFlags=0x0, pointerCount=1, historySize=0, eventTime=142236, downTime=133837, deviceId=6, source=0x2002 }
05-19 18:20:20.044 1943 2076 I ActivityManager: START u0 {act=android.intent.action.VIEW dat=http://www.google.com/search?hl=en&source=android-browser-type&q=apk+mirrot flg=0x10000000 pkg=com.android.browser cmp=com.android.browser/.BrowserActivity (has extras)} from uid 10019 on display 0
05-19 18:20:20.059 3076 3076 D InputEventConsistencyVerifier: KeyEvent: ACTION_UP but key was not down.
05-19 18:20:20.059 3076 3076 D InputEventConsistencyVerifier: in android.view.ViewRootImpl@19b9062a
05-19 18:20:20.059 3076 3076 D InputEventConsistencyVerifier: 0: sent at 146508000000, KeyEvent { action=ACTION_UP, keyCode=KEYCODE_ENTER, scanCode=28, metaState=0, flags=0x8, repeatCount=0, eventTime=146508, downTime=146397, deviceId=7, source=0x101 }
05-19 18:20:20.059 3076 3076 D InputEventConsistencyVerifier: -- recent events --
05-19 18:20:20.059 3076 3076 D InputEventConsistencyVerifier: 1: sent at 146600000000, KeyEvent { action=ACTION_UP, keyCode=KEYCODE_ENTER, scanCode=28, metaState=0, flags=0x28, repeatCount=0, eventTime=146600, downTime=146397, deviceId=7, source=0x101 }
05-19 18:20:20.059 3076 3076 D InputEventConsistencyVerifier: 2: sent at 146397000000, KeyEvent { action=ACTION_DOWN, keyCode=KEYCODE_ENTER, scanCode=28, metaState=0, flags=0x8, repeatCount=0, eventTime=146397, downTime=146397, deviceId=7, source=0x101 }
05-19 18:20:20.059 3076 3076 D InputEventConsistencyVerifier: 3: sent at 146129000000, KeyEvent { action=ACTION_UP, keyCode=KEYCODE_T, scanCode=20, metaState=0, flags=0x8, repeatCount=0, eventTime=146129, downTime=146001, deviceId=7, source=0x101 }
05-19 18:20:20.059 3076 3076 D InputEventConsistencyVerifier: 4: sent at 146001000000, KeyEvent { action=ACTION_DOWN, keyCode=KEYCODE_T, scanCode=20, metaState=0, flags=0x8, repeatCount=0, eventTime=146001, downTime=146001, deviceId=7, source=0x101 }
05-19 18:20:20.059 3076 3076 D InputEventConsistencyVerifier: 5: sent at 145952000000, KeyEvent { action=ACTION_UP, keyCode=KEYCODE_O, scanCode=24, metaState=0, flags=0x8, repeatCount=0, eventTime=145952, downTime=145867, deviceId=7, source=0x101 }
05-19 18:20:20.059 3076 3076 W ViewRootImpl: Cancelling event due to no window focus: KeyEvent { action=ACTION_UP, keyCode=KEYCODE_ENTER, scanCode=28, metaState=0, flags=0x80000028, repeatCount=0, eventTime=146508, downTime=146397, deviceId=7, source=0x101 }
05-19 18:20:20.059 3076 3076 W ViewRootImpl: Cancelling event due to no window focus: KeyEvent { action=ACTION_UP, keyCode=KEYCODE_ENTER, scanCode=28, metaState=0, flags=0x80000028, repeatCount=0, eventTime=146508, downTime=146397, deviceId=7, source=0x101 }
05-19 18:20:20.059 3076 3076 W ViewRootImpl: Cancelling event due to no window focus: KeyEvent { action=ACTION_UP, keyCode=KEYCODE_ENTER, scanCode=28, metaState=0, flags=0x80000028, repeatCount=0, eventTime=146508, downTime=146397, deviceId=7, source=0x101 }
05-19 18:20:20.061 1943 1961 W InputMethodManagerService: Window already focused, ignoring focus gain of: com.android.internal.view.IInputMethodClient$Stub$Proxy@3e512d03 attribute=null, token = android.os.BinderProxy@f414d11
05-19 18:20:20.064 1943 2076 W ActivityManager: Duplicate finish request for ActivityRecord{2e748b14 u0 com.android.quicksearchbox/.google.GoogleSearch t6 f}
05-19 18:20:20.084 3076 3076 D WebViewTimersControl: onBrowserActivityResume
05-19 18:20:20.084 3076 3076 D WebViewTimersControl: Resuming webview timers, view=com.android.browser.BrowserWebView{2309a28b VFEDHVCL .F...... 0,0-1366,478}
05-19 18:20:20.849 2988 2988 D wpa_supplicant: wlan0: Control interface command 'SIGNAL_POLL'
05-19 18:20:21.181 3076 3089 I art : Background sticky concurrent mark sweep GC freed 2876(255KB) AllocSpace objects, 10(160KB) LOS objects, 9% free, 4MB/5MB, paused 6.047ms total 16.725ms
05-19 18:20:22.469 1943 2034 E WifiStateMachine: WifiStateMachine CMD_START_SCAN source -2 txSuccessRate=-0.00 rxSuccessRate=-0.00 targetRoamBSSID=f8:1a:67:b2:14:c6 RSSI=-51
05-19 18:20:22.470 1943 2034 E WifiStateMachine: WifiStateMachine starting scan for "WIFI_MIZIFI"WPA_PSK with 2412
05-19 18:20:22.470 2988 2988 D wpa_supplicant: wlan0: Control interface command 'SCAN TYPE=ONLY freq=2412'
05-19 18:20:22.470 2988 2988 D wpa_supplicant: wlan0: Setting scan request: 0.000000 sec
05-19 18:20:22.470 2988 2988 D wpa_supplicant: wlan0: Starting AP scan for wildcard SSID
05-19 18:20:22.470 2988 2988 D wpa_supplicant: WPS: Building WPS IE for Probe Request
05-19 18:20:22.470 2988 2988 D wpa_supplicant: WPS: * Version (hardcoded 0x10)
05-19 18:20:22.470 2988 2988 D wpa_supplicant: WPS: * Request Type
05-19 18:20:22.470 2988 2988 D wpa_supplicant: WPS: * Config Methods (4288)
05-19 18:20:22.470 2988 2988 D wpa_supplicant: WPS: * UUID-E
05-19 18:20:22.470 2988 2988 D wpa_supplicant: WPS: * Primary Device Type
05-19 18:20:22.470 2988 2988 D wpa_supplicant: WPS: * RF Bands (1)
05-19 18:20:22.470 2988 2988 D wpa_supplicant: WPS: * Association State
05-19 18:20:22.470 2988 2988 D wpa_supplicant: WPS: * Configuration Error (0)
05-19 18:20:22.470 2988 2988 D wpa_supplicant: WPS: * Device Password ID (0)
05-19 18:20:22.470 2988 2988 D wpa_supplicant: WPS: * Manufacturer
05-19 18:20:22.470 2988 2988 D wpa_supplicant: WPS: * Model Name
05-19 18:20:22.470 2988 2988 D wpa_supplicant: WPS: * Model Number
05-19 18:20:22.470 2988 2988 D wpa_supplicant: WPS: * Device Name
05-19 18:20:22.470 2988 2988 D wpa_supplicant: WPS: * Version2 (0x20)
05-19 18:20:22.470 2988 2988 D wpa_supplicant: P2P: * P2P IE header
05-19 18:20:22.470 2988 2988 D wpa_supplicant: P2P: * Capability dev=25 group=00
05-19 18:20:22.470 2988 2988 D wpa_supplicant: P2P: * Listen Channel: Regulatory Class 81 Channel 6
05-19 18:20:22.470 2988 2988 D wpa_supplicant: wlan0: Limit manual scan to specified channels
05-19 18:20:22.470 2988 2988 D wpa_supplicant: wlan0: Add radio work 'scan'@0xb6836430
05-19 18:20:22.470 2988 2988 D wpa_supplicant: wlan0: First radio work item in the queue - schedule start immediately
05-19 18:20:22.471 2988 2988 D wpa_supplicant: wlan0: Starting radio work 'scan'@0xb6836430 after 0.000038 second wait
05-19 18:20:22.471 2988 2988 D wpa_supplicant: wlan0: nl80211: scan request
05-19 18:20:22.471 2988 2988 D wpa_supplicant: nl80211: Scan SSID - hexdump(len=0): [NULL]
05-19 18:20:22.471 2988 2988 D wpa_supplicant: nl80211: Scan extra IEs - hexdump(len=163): dd 8e 00 50 f2 04 10 4a 00 01 10 10 3a 00 01 00 10 08 00 02 42 88 10 47 00 10 fe 28 80 d2 f9 e9 ...
05-19 18:20:22.471 2988 2988 D wpa_supplicant: nl80211: Scan frequency 2412 MHz
05-19 18:20:22.471 2988 2988 D wpa_supplicant: Scan requested (ret=0) - scan timeout 30 seconds
05-19 18:20:22.471 2988 2988 D wpa_supplicant: nl80211: Event message available
05-19 18:20:22.471 2988 2988 D wpa_supplicant: nl80211: Drv Event 33 (NL80211_CMD_TRIGGER_SCAN) received for wlan0
05-19 18:20:22.471 2988 2988 D wpa_supplicant: wlan0: nl80211: Scan trigger
05-19 18:20:22.471 2988 2988 D wpa_supplicant: wlan0: Event SCAN_STARTED (49) received
05-19 18:20:22.471 2988 2988 D wpa_supplicant: wlan0: Own scan request started a scan in 0.000097 seconds
05-19 18:20:22.471 2988 2988 D wpa_supplicant: CTRL_IFACE monitor sent successfully to /data/misc/wifi/sockets/wpa_ctrl_1943-2\x00
05-19 18:20:22.501 2988 2988 D wpa_supplicant: nl80211: Event message available
05-19 18:20:22.501 2988 2988 D wpa_supplicant: nl80211: Drv Event 34 (NL80211_CMD_NEW_SCAN_RESULTS) received for wlan0
05-19 18:20:22.501 2988 2988 D wpa_supplicant: wlan0: nl80211: New scan results available
05-19 18:20:22.501 2988 2988 D wpa_supplicant: nl80211: Scan probed for SSID ''
05-19 18:20:22.501 2988 2988 D wpa_supplicant: nl80211: Scan included frequencies: 2412
05-19 18:20:22.501 2988 2988 D wpa_supplicant: wlan0: Event SCAN_RESULTS (3) received
05-19 18:20:22.501 2988 2988 D wpa_supplicant: wlan0: Scan completed in 0.029997 seconds
05-19 18:20:22.501 2988 2988 D wpa_supplicant: nl80211: Associated on 2412 MHz
05-19 18:20:22.501 2988 2988 D wpa_supplicant: nl80211: Associated with f8:1a:67:b2:14:c6
05-19 18:20:22.501 2988 2988 D wpa_supplicant: nl80211: Received scan results (2 BSSes)
05-19 18:20:22.501 2988 2988 D wpa_supplicant: nl80211: Scan results indicate BSS status with f8:1a:67:b2:14:c6 as associated
05-19 18:20:22.501 2988 2988 D wpa_supplicant: Sorted scan results
05-19 18:20:22.501 2988 2988 D wpa_supplicant: f8:1a:67:b2:14:c6 freq=2412 qual=0 noise=-88 level=-56 snr=32* flags=0x29 age=0
05-19 18:20:22.501 2988 2988 D wpa_supplicant: IEs - hexdump(len=377): 00 0b 57 49 46 49 5f 4d 49 5a 49 46 49 01 08 82 84 8b 96 0c 12 18 24 03 01 01 2a 01 02 30 14 01 ...
05-19 18:20:22.501 2988 2988 D wpa_supplicant: Beacon IEs - hexdump(len=216): 00 0b 57 49 46 49 5f 4d 49 5a 49 46 49 01 08 82 84 8b 96 0c 12 18 24 03 01 01 05 04 00 01 00 00 ...
05-19 18:20:22.501 2988 2988 D wpa_supplicant: 1c:7e:e5:c3:3d:32 freq=2462 qual=0 noise=-87 level=-80 snr=7 flags=0x9 age=26930
05-19 18:20:22.501 2988 2988 D wpa_supplicant: IEs - hexdump(len=221): 00 0d 41 63 65 73 73 6f 20 4e 65 67 61 64 6f 01 08 82 84 8b 96 12 24 48 6c 03 01 0b 2a 01 00 32 ...
05-19 18:20:22.501 2988 2988 D wpa_supplicant: Beacon IEs - hexdump(len=244): 00 0d 41 63 65 73 73 6f 20 4e 65 67 61 64 6f 01 08 82 84 8b 96 12 24 48 6c 03 01 0b 32 04 0c 18 ...
05-19 18:20:22.501 2988 2988 D wpa_supplicant: wlan0: BSS: Start scan result update 6
05-19 18:20:22.501 2988 2988 D wpa_supplicant: BSS: last_scan_res_used=2/32
05-19 18:20:22.501 2988 2988 D wpa_supplicant: Add randomness: count=13 entropy=6
05-19 18:20:22.502 2988 2988 D wpa_supplicant: random pool - hexdump(len=128): [REMOVED]
05-19 18:20:22.502 2988 2988 D wpa_supplicant: random_mix_pool - hexdump(len=8): [REMOVED]
05-19 18:20:22.502 2988 2988 D wpa_supplicant: random_mix_pool - hexdump(len=5): [REMOVED]
05-19 18:20:22.502 2988 2988 D wpa_supplicant: random pool - hexdump(len=128): [REMOVED]
05-19 18:20:22.502 2988 2988 D wpa_supplicant: Add randomness: count=14 entropy=7
05-19 18:20:22.502 2988 2988 D wpa_supplicant: random pool - hexdump(len=128): [REMOVED]
05-19 18:20:22.502 2988 2988 D wpa_supplicant: random_mix_pool - hexdump(len=8): [REMOVED]
05-19 18:20:22.502 2988 2988 D wpa_supplicant: random_mix_pool - hexdump(len=5): [REMOVED]
05-19 18:20:22.502 2988 2988 D wpa_supplicant: random pool - hexdump(len=128): [REMOVED]
05-19 18:20:22.502 2988 2988 D wpa_supplicant: wlan0: Scan-only results received
05-19 18:20:22.502 2988 2988 D wpa_supplicant: CTRL_IFACE monitor sent successfully to /data/misc/wifi/sockets/wpa_ctrl_1943-2\x00
05-19 18:20:22.502 2988 2988 D wpa_supplicant: wlan0: Radio work 'scan'@0xb6836430 done in 0.031208 seconds
05-19 18:20:22.506 2988 2988 D wpa_supplicant: wlan0: Control interface command 'BSS RANGE=0- MASK=0x21987'
05-19 18:20:22.506 2988 2988 D wpa_supplicant: WPS: attr type=0x104a len=1
05-19 18:20:22.506 2988 2988 D wpa_supplicant: WPS: attr type=0x1044 len=1
05-19 18:20:22.506 2988 2988 D wpa_supplicant: WPS: attr type=0x103b len=1
05-19 18:20:22.506 2988 2988 D wpa_supplicant: WPS: attr type=0x1047 len=16
05-19 18:20:22.506 2988 2988 D wpa_supplicant: WPS: attr type=0x1021 len=7
05-19 18:20:22.506 2988 2988 D wpa_supplicant: WPS: attr type=0x1023 len=9
05-19 18:20:22.506 2988 2988 D wpa_supplicant: WPS: attr type=0x1024 len=3
05-19 18:20:22.506 2988 2988 D wpa_supplicant: WPS: attr type=0x1042 len=3
05-19 18:20:22.506 2988 2988 D wpa_supplicant: WPS: attr type=0x1054 len=8
05-19 18:20:22.506 2988 2988 D wpa_supplicant: WPS: attr type=0x1011 len=25
05-19 18:20:22.506 2988 2988 D wpa_supplicant: WPS: attr type=0x1008 len=2
05-19 18:20:22.506 2988 2988 D wpa_supplicant: WPS: attr type=0x103c len=1
05-19 18:20:22.506 2988 2988 D wpa_supplicant: WPS: attr type=0x1049 len=20
05-19 18:20:22.506 2988 2988 D wpa_supplicant: WPS: Unknown Vendor Extension (Vendor ID 9442)
05-19 18:20:22.506 2988 2988 D wpa_supplicant: WPS: attr type=0x104a len=1
05-19 18:20:22.506 2988 2988 D wpa_supplicant: WPS: attr type=0x1044 len=1
05-19 18:20:22.506 2988 2988 D wpa_supplicant: WPS: attr type=0x103b len=1
05-19 18:20:22.506 2988 2988 D wpa_supplicant: WPS: attr type=0x1047 len=16
05-19 18:20:22.506 2988 2988 D wpa_supplicant: WPS: attr type=0x1021 len=7
05-19 18:20:22.506 2988 2988 D wpa_supplicant: WPS: attr type=0x1023 len=9
05-19 18:20:22.506 2988 2988 D wpa_supplicant: WPS: attr type=0x1024 len=3
05-19 18:20:22.506 2988 2988 D wpa_supplicant: WPS: attr type=0x1042 len=3
05-19 18:20:22.506 2988 2988 D wpa_supplicant: WPS: attr type=0x1054 len=8
05-19 18:20:22.506 2988 2988 D wpa_supplicant: WPS: attr type=0x1011 len=25
05-19 18:20:22.506 2988 2988 D wpa_supplicant: WPS: attr type=0x1008 len=2
05-19 18:20:22.506 2988 2988 D wpa_supplicant: WPS: attr type=0x103c len=1
05-19 18:20:22.506 2988 2988 D wpa_supplicant: WPS: attr type=0x1049 len=20
05-19 18:20:22.506 2988 2988 D wpa_supplicant: WPS: Unknown Vendor Extension (Vendor ID 9442)
05-19 18:20:22.506 2988 2988 D wpa_supplicant: WPS: attr type=0x104a len=1
05-19 18:20:22.506 2988 2988 D wpa_supplicant: WPS: attr type=0x1044 len=1
05-19 18:20:22.506 2988 2988 D wpa_supplicant: WPS: attr type=0x103b len=1
05-19 18:20:22.507 2988 2988 D wpa_supplicant: WPS: attr type=0x1047 len=16
05-19 18:20:22.507 2988 2988 D wpa_supplicant: WPS: attr type=0x1021 len=7
05-19 18:20:22.507 2988 2988 D wpa_supplicant: WPS: attr type=0x1023 len=9
05-19 18:20:22.507 2988 2988 D wpa_supplicant: WPS: attr type=0x1024 len=3
05-19 18:20:22.507 2988 2988 D wpa_supplicant: WPS: attr type=0x1042 len=3
05-19 18:20:22.507 2988 2988 D wpa_supplicant: WPS: attr type=0x1054 len=8
05-19 18:20:22.507 2988 2988 D wpa_supplicant: WPS: attr type=0x1011 len=25
05-19 18:20:22.507 2988 2988 D wpa_supplicant: WPS: attr type=0x1008 len=2
05-19 18:20:22.507 2988 2988 D wpa_supplicant: WPS: attr type=0x103c len=1
05-19 18:20:22.507 2988 2988 D wpa_supplicant: WPS: attr type=0x1049 len=20
05-19 18:20:22.507 2988 2988 D wpa_supplicant: WPS: Unknown Vendor Extension (Vendor ID 9442)
05-19 18:20:22.507 2988 2988 D wpa_supplicant: RTM_NEWLINK: ifi_index=4 ifname=wlan0 wext ifi_family=0 ifi_flags=0x11043 ([UP][RUNNING][LOWER_UP])
05-19 18:20:22.511 2988 2988 D wpa_supplicant: wlan0: Control interface command 'STATUS-NO_EVENTS'
05-19 18:20:22.672 3076 3089 I art : Background sticky concurrent mark sweep GC freed 1233(115KB) AllocSpace objects, 0(0B) LOS objects, 4% free, 5MB/5MB, paused 5.665ms total 14.082ms
05-19 18:20:23.852 2988 2988 D wpa_supplicant: wlan0: Control interface command 'SIGNAL_POLL'
05-19 18:20:25.035 3191 3191 I houdini : houdini enabled
05-19 18:20:26.857 2988 2988 D wpa_supplicant: wlan0: Control interface command 'SIGNAL_POLL'
05-19 18:20:29.861 2988 2988 D wpa_supplicant: wlan0: Control interface command 'SIGNAL_POLL'
05-19 18:20:32.868 2988 2988 D wpa_supplicant: wlan0: Control interface command 'SIGNAL_POLL'
05-19 18:20:35.323 3076 3076 D InputEventConsistencyVerifier: KeyEvent: ACTION_UP but key was not down.
05-19 18:20:35.323 3076 3076 D InputEventConsistencyVerifier: in android.view.ViewRootImpl@19b9062a
05-19 18:20:35.323 3076 3076 D InputEventConsistencyVerifier: 0: sent at 161428000000, KeyEvent { action=ACTION_UP, keyCode=KEYCODE_A, scanCode=30, metaState=0, flags=0x8, repeatCount=0, eventTime=161428, downTime=161285, deviceId=7, source=0x101 }
05-19 18:20:35.323 3076 3076 D InputEventConsistencyVerifier: -- recent events --
05-19 18:20:35.323 3076 3076 D InputEventConsistencyVerifier: 1: sent at 161598000000, KeyEvent { action=ACTION_UP, keyCode=KEYCODE_N, scanCode=49, metaState=0, flags=0x8, repeatCount=0, eventTime=161598, downTime=161525, deviceId=7, source=0x101 }
05-19 18:20:35.323 3076 3076 D InputEventConsistencyVerifier: 2: sent at 161525000000, KeyEvent { action=ACTION_DOWN, keyCode=KEYCODE_N, scanCode=49, metaState=0, flags=0x8, repeatCount=0, eventTime=161525, downTime=161525, deviceId=7, source=0x101 }
05-19 18:20:35.323 3076 3076 D InputEventConsistencyVerifier: 3: sent at 161428000000, KeyEvent { action=ACTION_UP, keyCode=KEYCODE_A, scanCode=30, metaState=0, flags=0x8, repeatCount=0, eventTime=161428, downTime=161285, deviceId=7, source=0x101 }
05-19 18:20:35.323 3076 3076 D InputEventConsistencyVerifier: 4: sent at 161285000000, KeyEvent { action=ACTION_DOWN, keyCode=KEYCODE_A, scanCode=30, metaState=0, flags=0x8, repeatCount=0, eventTime=161285, downTime=161285, deviceId=7, source=0x101 }
05-19 18:20:35.323 3076 3076 D InputEventConsistencyVerifier: 5: sent at 160207078000, MotionEvent { action=ACTION_HOVER_MOVE, id[0]=0, x[0]=993.16125, y[0]=469.18295, toolType[0]=TOOL_TYPE_FINGER, buttonState=0, metaState=0, flags=0x0, edgeFlags=0x0, pointerCount=1, historySize=0, eventTime=160207, downTime=160049, deviceId=6, source=0x2002 }
05-19 18:20:35.504 3076 3076 D InputEventConsistencyVerifier: KeyEvent: ACTION_UP but key was not down.
05-19 18:20:35.504 3076 3076 D InputEventConsistencyVerifier: in android.view.ViewRootImpl@19b9062a
05-19 18:20:35.504 3076 3076 D InputEventConsistencyVerifier: 0: sent at 161598000000, KeyEvent { action=ACTION_UP, keyCode=KEYCODE_N, scanCode=49, metaState=0, flags=0x8, repeatCount=0, eventTime=161598, downTime=161525, deviceId=7, source=0x101 }
05-19 18:20:35.504 3076 3076 D InputEventConsistencyVerifier: -- recent events --
05-19 18:20:35.504 3076 3076 D InputEventConsistencyVerifier: 1: sent at 161428000000, KeyEvent { action=ACTION_UP, keyCode=KEYCODE_A, scanCode=30, metaState=0, flags=0x80000008, repeatCount=0, eventTime=161428, downTime=161285, deviceId=7, source=0x101 }
05-19 18:20:35.504 3076 3076 D InputEventConsistencyVerifier: 2: sent at 161598000000, KeyEvent { action=ACTION_UP, keyCode=KEYCODE_N, scanCode=49, metaState=0, flags=0x8, repeatCount=0, eventTime=161598, downTime=161525, deviceId=7, source=0x101 }
05-19 18:20:35.504 3076 3076 D InputEventConsistencyVerifier: 3: sent at 161525000000, KeyEvent { action=ACTION_DOWN, keyCode=KEYCODE_N, scanCode=49, metaState=0, flags=0x8, repeatCount=0, eventTime=161525, downTime=161525, deviceId=7, source=0x101 }
05-19 18:20:35.504 3076 3076 D InputEventConsistencyVerifier: 4: sent at 161428000000, KeyEvent { action=ACTION_UP, keyCode=KEYCODE_A, scanCode=30, metaState=0, flags=0x8, repeatCount=0, eventTime=161428, downTime=161285, deviceId=7, source=0x101 }
05-19 18:20:35.504 3076 3076 D InputEventConsistencyVerifier: 5: sent at 161285000000, KeyEvent { action=ACTION_DOWN, keyCode=KEYCODE_A, scanCode=30, metaState=0, flags=0x8, repeatCount=0, eventTime=161285, downTime=161285, deviceId=7, source=0x101 }
05-19 18:20:35.873 2988 2988 D wpa_supplicant: wlan0: Control interface command 'SIGNAL_POLL'
05-19 18:20:37.558 3076 3076 D InputEventConsistencyVerifier: KeyEvent: ACTION_UP but key was not down.
05-19 18:20:37.558 3076 3076 D InputEventConsistencyVerifier: in android.view.ViewRootImpl@19b9062a
05-19 18:20:37.558 3076 3076 D InputEventConsistencyVerifier: 0: sent at 162919000000, KeyEvent { action=ACTION_UP, keyCode=KEYCODE_T, scanCode=20, metaState=0, flags=0x8, repeatCount=0, eventTime=162919, downTime=162796, deviceId=7, source=0x101 }
05-19 18:20:37.558 3076 3076 D InputEventConsistencyVerifier: -- recent events --
05-19 18:20:37.558 3076 3076 D InputEventConsistencyVerifier: 1: sent at 163258000000, KeyEvent { action=ACTION_UP, keyCode=KEYCODE_U, scanCode=22, metaState=0, flags=0x8, repeatCount=0, eventTime=163258, downTime=163158, deviceId=7, source=0x101 }
05-19 18:20:37.558 3076 3076 D InputEventConsistencyVerifier: 2: sent at 163183000000, KeyEvent { action=ACTION_UP, keyCode=KEYCODE_T, scanCode=20, metaState=0, flags=0x8, repeatCount=0, eventTime=163183, downTime=163158, deviceId=7, source=0x101 }
05-19 18:20:37.558 3076 3076 D InputEventConsistencyVerifier: 3: sent at 163158000000, KeyEvent { action=ACTION_DOWN, keyCode=KEYCODE_U, scanCode=22, metaState=0, flags=0x8, repeatCount=0, eventTime=163158, downTime=163158, deviceId=7, source=0x101 }
05-19 18:20:37.558 3076 3076 D InputEventConsistencyVerifier: 4: sent at 163081000000, KeyEvent { action=ACTION_DOWN, keyCode=KEYCODE_T, scanCode=20, metaState=0, flags=0x8, repeatCount=0, eventTime=163081, downTime=163081, deviceId=7, source=0x101 }
05-19 18:20:37.558 3076 3076 D InputEventConsistencyVerifier: 5: sent at 163071000000, KeyEvent { action=ACTION_UP, keyCode=KEYCODE_U, scanCode=22, metaState=0, flags=0x8, repeatCount=0, eventTime=163071, downTime=162999, deviceId=7, source=0x101 }
05-19 18:20:37.576 3076 3076 D InputEventConsistencyVerifier: KeyEvent: ACTION_UP but key was not down.
05-19 18:20:37.576 3076 3076 D InputEventConsistencyVerifier: in android.view.ViewRootImpl@19b9062a
05-19 18:20:37.576 3076 3076 D InputEventConsistencyVerifier: 0: sent at 163071000000, KeyEvent { action=ACTION_UP, keyCode=KEYCODE_U, scanCode=22, metaState=0, flags=0x8, repeatCount=0, eventTime=163071, downTime=162999, deviceId=7, source=0x101 }
05-19 18:20:37.576 3076 3076 D InputEventConsistencyVerifier: -- recent events --
05-19 18:20:37.576 3076 3076 D InputEventConsistencyVerifier: 1: sent at 162919000000, KeyEvent { action=ACTION_UP, keyCode=KEYCODE_T, scanCode=20, metaState=0, flags=0x80000008, repeatCount=0, eventTime=162919, downTime=162796, deviceId=7, source=0x101 }
05-19 18:20:37.576 3076 3076 D InputEventConsistencyVerifier: 2: sent at 163258000000, KeyEvent { action=ACTION_UP, keyCode=KEYCODE_U, scanCode=22, metaState=0, flags=0x8, repeatCount=0, eventTime=163258, downTime=163158, deviceId=7, source=0x101 }
05-19 18:20:37.576 3076 3076 D InputEventConsistencyVerifier: 3: sent at 163183000000, KeyEvent { action=ACTION_UP, keyCode=KEYCODE_T, scanCode=20, metaState=0, flags=0x8, repeatCount=0, eventTime=163183, downTime=163158, deviceId=7, source=0x101 }
05-19 18:20:37.576 3076 3076 D InputEventConsistencyVerifier: 4: sent at 163158000000, KeyEvent { action=ACTION_DOWN, keyCode=KEYCODE_U, scanCode=22, metaState=0, flags=0x8, repeatCount=0, eventTime=163158, downTime=163158, deviceId=7, source=0x101 }
05-19 18:20:37.576 3076 3076 D InputEventConsistencyVerifier: 5: sent at 163081000000, KeyEvent { action=ACTION_DOWN, keyCode=KEYCODE_T, scanCode=20, metaState=0, flags=0x8, repeatCount=0, eventTime=163081, downTime=163081, deviceId=7, source=0x101 }
05-19 18:20:38.022 3076 3076 D InputEventConsistencyVerifier: KeyEvent: ACTION_UP but key was not down.
05-19 18:20:38.022 3076 3076 D InputEventConsistencyVerifier: in android.view.ViewRootImpl@19b9062a
05-19 18:20:38.022 3076 3076 D InputEventConsistencyVerifier: 0: sent at 163183000000, KeyEvent { action=ACTION_UP, keyCode=KEYCODE_T, scanCode=20, metaState=0, flags=0x8, repeatCount=0, eventTime=163183, downTime=163158, deviceId=7, source=0x101 }
05-19 18:20:38.022 3076 3076 D InputEventConsistencyVerifier: -- recent events --
05-19 18:20:38.022 3076 3076 D InputEventConsistencyVerifier: 1: sent at 163071000000, KeyEvent { action=ACTION_UP, keyCode=KEYCODE_U, scanCode=22, metaState=0, flags=0x80000008, repeatCount=0, eventTime=163071, downTime=162999, deviceId=7, source=0x101 }
05-19 18:20:38.022 3076 3076 D InputEventConsistencyVerifier: 2: sent at 162919000000, KeyEvent { action=ACTION_UP, keyCode=KEYCODE_T, scanCode=20, metaState=0, flags=0x80000008, repeatCount=0, eventTime=162919, downTime=162796, deviceId=7, source=0x101 }
05-19 18:20:38.022 3076 3076 D InputEventConsistencyVerifier: 3: sent at 163258000000, KeyEvent { action=ACTION_UP, keyCode=KEYCODE_U, scanCode=22, metaState=0, flags=0x8, repeatCount=0, eventTime=163258, downTime=163158, deviceId=7, source=0x101 }
05-19 18:20:38.022 3076 3076 D InputEventConsistencyVerifier: 4: sent at 163183000000, KeyEvent { action=ACTION_UP, keyCode=KEYCODE_T, scanCode=20, metaState=0, flags=0x8, repeatCount=0, eventTime=163183, downTime=163158, deviceId=7, source=0x101 }
05-19 18:20:38.022 3076 3076 D InputEventConsistencyVerifier: 5: sent at 163158000000, KeyEvent { action=ACTION_DOWN, keyCode=KEYCODE_U, scanCode=22, metaState=0, flags=0x8, repeatCount=0, eventTime=163158, downTime=163158, deviceId=7, source=0x101 }
05-19 18:20:38.047 3076 3076 D InputEventConsistencyVerifier: KeyEvent: ACTION_UP but key was not down.
05-19 18:20:38.047 3076 3076 D InputEventConsistencyVerifier: in android.view.ViewRootImpl@19b9062a
05-19 18:20:38.047 3076 3076 D InputEventConsistencyVerifier: 0: sent at 163258000000, KeyEvent { action=ACTION_UP, keyCode=KEYCODE_U, scanCode=22, metaState=0, flags=0x8, repeatCount=0, eventTime=163258, downTime=163158, deviceId=7, source=0x101 }
05-19 18:20:38.047 3076 3076 D InputEventConsistencyVerifier: -- recent events --
05-19 18:20:38.047 3076 3076 D InputEventConsistencyVerifier: 1: sent at 163183000000, KeyEvent { action=ACTION_UP, keyCode=KEYCODE_T, scanCode=20, metaState=0, flags=0x80000008, repeatCount=0, eventTime=163183, downTime=163158, deviceId=7, source=0x101 }
05-19 18:20:38.047 3076 3076 D InputEventConsistencyVerifier: 2: sent at 163071000000, KeyEvent { action=ACTION_UP, keyCode=KEYCODE_U, scanCode=22, metaState=0, flags=0x80000008, repeatCount=0, eventTime=163071, downTime=162999, deviceId=7, source=0x101 }
05-19 18:20:38.047 3076 3076 D InputEventConsistencyVerifier: 3: sent at 162919000000, KeyEvent { action=ACTION_UP, keyCode=KEYCODE_T, scanCode=20, metaState=0, flags=0x80000008, repeatCount=0, eventTime=162919, downTime=162796, deviceId=7, source=0x101 }
05-19 18:20:38.047 3076 3076 D InputEventConsistencyVerifier: 4: sent at 163258000000, KeyEvent { action=ACTION_UP, keyCode=KEYCODE_U, scanCode=22, metaState=0, flags=0x8, repeatCount=0, eventTime=163258, downTime=163158, deviceId=7, source=0x101 }
05-19 18:20:38.047 3076 3076 D InputEventConsistencyVerifier: 5: sent at 163183000000, KeyEvent { action=ACTION_UP, keyCode=KEYCODE_T, scanCode=20, metaState=0, flags=0x8, repeatCount=0, eventTime=163183, downTime=163158, deviceId=7, source=0x101 }
05-19 18:20:38.878 2988 2988 D wpa_supplicant: wlan0: Control interface command 'SIGNAL_POLL'
05-19 18:20:39.046 3076 3076 D InputEventConsistencyVerifier: KeyEvent: ACTION_UP but key was not down.
05-19 18:20:39.046 3076 3076 D InputEventConsistencyVerifier: in android.view.ViewRootImpl@19b9062a
05-19 18:20:39.046 3076 3076 D InputEventConsistencyVerifier: 0: sent at 165430000000, KeyEvent { action=ACTION_UP, keyCode=KEYCODE_ENTER, scanCode=28, metaState=0, flags=0x8, repeatCount=0, eventTime=165430, downTime=165314, deviceId=7, source=0x101 }
05-19 18:20:39.046 3076 3076 D InputEventConsistencyVerifier: -- recent events --
05-19 18:20:39.046 3076 3076 D InputEventConsistencyVerifier: 1: sent at 165430000000, KeyEvent { action=ACTION_UP, keyCode=KEYCODE_ENTER, scanCode=28, metaState=0, flags=0x8, repeatCount=0, eventTime=165430, downTime=165314, deviceId=7, source=0x101 }
05-19 18:20:39.046 3076 3076 D InputEventConsistencyVerifier: 2: sent at 165314000000, KeyEvent { action=ACTION_DOWN, keyCode=KEYCODE_ENTER, scanCode=28, metaState=0, flags=0x8, repeatCount=0, eventTime=165314, downTime=165314, deviceId=7, source=0x101 }
05-19 18:20:39.046 3076 3076 D InputEventConsistencyVerifier: 3: sent at 163258000000, KeyEvent { action=ACTION_UP, keyCode=KEYCODE_U, scanCode=22, metaState=0, flags=0x80000008, repeatCount=0, eventTime=163258, downTime=163158, deviceId=7, source=0x101 }
05-19 18:20:39.046 3076 3076 D InputEventConsistencyVerifier: 4: sent at 163183000000, KeyEvent { action=ACTION_UP, keyCode=KEYCODE_T, scanCode=20, metaState=0, flags=0x80000008, repeatCount=0, eventTime=163183, downTime=163158, deviceId=7, source=0x101 }
05-19 18:20:39.046 3076 3076 D InputEventConsistencyVerifier: 5: sent at 163071000000, KeyEvent { action=ACTION_UP, keyCode=KEYCODE_U, scanCode=22, metaState=0, flags=0x80000008, repeatCount=0, eventTime=163071, downTime=162999, deviceId=7, source=0x101 }
05-19 18:20:41.882 2988 2988 D wpa_supplicant: wlan0: Control interface command 'SIGNAL_POLL'
05-19 18:20:42.473 1943 2034 E WifiStateMachine: WifiStateMachine CMD_START_SCAN source -2 txSuccessRate=-0.00 rxSuccessRate=-0.00 targetRoamBSSID=f8:1a:67:b2:14:c6 RSSI=-56
05-19 18:20:42.474 2988 2988 D wpa_supplicant: wlan0: Control interface command 'SCAN TYPE=ONLY'
05-19 18:20:42.474 2988 2988 D wpa_supplicant: wlan0: Setting scan request: 0.000000 sec
05-19 18:20:42.474 2988 2988 D wpa_supplicant: wlan0: Starting AP scan for wildcard SSID
05-19 18:20:42.474 2988 2988 D wpa_supplicant: WPS: Building WPS IE for Probe Request
05-19 18:20:42.474 2988 2988 D wpa_supplicant: WPS: * Version (hardcoded 0x10)
05-19 18:20:42.474 2988 2988 D wpa_supplicant: WPS: * Request Type
05-19 18:20:42.474 2988 2988 D wpa_supplicant: WPS: * Config Methods (4288)
05-19 18:20:42.474 2988 2988 D wpa_supplicant: WPS: * UUID-E
05-19 18:20:42.474 2988 2988 D wpa_supplicant: WPS: * Primary Device Type
05-19 18:20:42.474 2988 2988 D wpa_supplicant: WPS: * RF Bands (1)
05-19 18:20:42.474 2988 2988 D wpa_supplicant: WPS: * Association State
05-19 18:20:42.474 2988 2988 D wpa_supplicant: WPS: * Configuration Error (0)
05-19 18:20:42.474 2988 2988 D wpa_supplicant: WPS: * Device Password ID (0)
05-19 18:20:42.474 2988 2988 D wpa_supplicant: WPS: * Manufacturer
05-19 18:20:42.474 2988 2988 D wpa_supplicant: WPS: * Model Name
05-19 18:20:42.474 2988 2988 D wpa_supplicant: WPS: * Model Number
05-19 18:20:42.474 2988 2988 D wpa_supplicant: WPS: * Device Name
05-19 18:20:42.474 2988 2988 D wpa_supplicant: WPS: * Version2 (0x20)
05-19 18:20:42.474 2988 2988 D wpa_supplicant: P2P: * P2P IE header
05-19 18:20:42.474 2988 2988 D wpa_supplicant: P2P: * Capability dev=25 group=00
