05-19 18:19:09.887 2562 2590 W Launcher.LauncherProvider: at android.app.ApplicationPackageManager.getActivityInfo(ApplicationPackageManager.java:314)
05-19 18:19:09.887 2562 2590 W Launcher.LauncherProvider: at com.android.launcher3.LauncherProvider$DatabaseHelper.addAppShortcut(LauncherProvider.java:1308)
05-19 18:19:09.887 2562 2590 W Launcher.LauncherProvider: at com.android.launcher3.LauncherProvider$DatabaseHelper.loadFavorites(LauncherProvider.java:1185)
05-19 18:19:09.887 2562 2590 W Launcher.LauncherProvider: at com.android.launcher3.LauncherProvider$DatabaseHelper.access$000(LauncherProvider.java:298)
05-19 18:19:09.887 2562 2590 W Launcher.LauncherProvider: at com.android.launcher3.LauncherProvider.loadDefaultFavoritesIfNecessary(LauncherProvider.java:288)
05-19 18:19:09.887 2562 2590 W Launcher.LauncherProvider: at com.android.launcher3.LauncherModel$LoaderTask.loadWorkspace(LauncherModel.java:1681)
05-19 18:19:09.887 2562 2590 W Launcher.LauncherProvider: at com.android.launcher3.LauncherModel$LoaderTask.loadAndBindWorkspace(LauncherModel.java:1425)
05-19 18:19:09.887 2562 2590 W Launcher.LauncherProvider: at com.android.launcher3.LauncherModel$LoaderTask.run(LauncherModel.java:1530)
05-19 18:19:09.887 2562 2590 W Launcher.LauncherProvider: at android.os.Handler.handleCallback(Handler.java:739)
05-19 18:19:09.887 2562 2590 W Launcher.LauncherProvider: at android.os.Handler.dispatchMessage(Handler.java:95)
05-19 18:19:09.887 2562 2590 W Launcher.LauncherProvider: at android.os.Looper.loop(Looper.java:135)
05-19 18:19:09.887 2562 2590 W Launcher.LauncherProvider: at android.os.HandlerThread.run(HandlerThread.java:61)
05-19 18:19:09.887 2562 2590 W Resources: Converting to int: TypedValue{t=0x3/d=0x12 "0" a=-1}
05-19 18:19:09.887 2562 2590 W Resources: Converting to int: TypedValue{t=0x3/d=0x19 "4" a=-1}
05-19 18:19:09.887 2562 2590 W Resources: Converting to int: TypedValue{t=0x3/d=0x11 "1" a=-1}
05-19 18:19:09.894 2562 2590 W Launcher.LauncherProvider: Unable to add favorite: com.andrew.apollo/com.andrew.apollo.ui.activities.HomeActivity
05-19 18:19:09.894 2562 2590 W Launcher.LauncherProvider: android.content.pm.PackageManager$NameNotFoundException: ComponentInfo{com.andrew.apollo/com.andrew.apollo.ui.activities.HomeActivity}
05-19 18:19:09.894 2562 2590 W Launcher.LauncherProvider: at android.app.ApplicationPackageManager.getActivityInfo(ApplicationPackageManager.java:314)
05-19 18:19:09.894 2562 2590 W Launcher.LauncherProvider: at com.android.launcher3.LauncherProvider$DatabaseHelper.addAppShortcut(LauncherProvider.java:1308)
05-19 18:19:09.894 2562 2590 W Launcher.LauncherProvider: at com.android.launcher3.LauncherProvider$DatabaseHelper.loadFavorites(LauncherProvider.java:1185)
05-19 18:19:09.894 2562 2590 W Launcher.LauncherProvider: at com.android.launcher3.LauncherProvider$DatabaseHelper.access$000(LauncherProvider.java:298)
05-19 18:19:09.894 2562 2590 W Launcher.LauncherProvider: at com.android.launcher3.LauncherProvider.loadDefaultFavoritesIfNecessary(LauncherProvider.java:288)
05-19 18:19:09.894 2562 2590 W Launcher.LauncherProvider: at com.android.launcher3.LauncherModel$LoaderTask.loadWorkspace(LauncherModel.java:1681)
05-19 18:19:09.894 2562 2590 W Launcher.LauncherProvider: at com.android.launcher3.LauncherModel$LoaderTask.loadAndBindWorkspace(LauncherModel.java:1425)
05-19 18:19:09.894 2562 2590 W Launcher.LauncherProvider: at com.android.launcher3.LauncherModel$LoaderTask.run(LauncherModel.java:1530)
05-19 18:19:09.894 2562 2590 W Launcher.LauncherProvider: at android.os.Handler.handleCallback(Handler.java:739)
05-19 18:19:09.894 2562 2590 W Launcher.LauncherProvider: at android.os.Handler.dispatchMessage(Handler.java:95)
05-19 18:19:09.894 2562 2590 W Launcher.LauncherProvider: at android.os.Looper.loop(Looper.java:135)
05-19 18:19:09.894 2562 2590 W Launcher.LauncherProvider: at android.os.HandlerThread.run(HandlerThread.java:61)
05-19 18:19:09.894 2562 2590 W Resources: Converting to int: TypedValue{t=0x3/d=0x12 "0" a=-1}
05-19 18:19:09.894 2562 2590 W Resources: Converting to int: TypedValue{t=0x3/d=0x19 "4" a=-1}
05-19 18:19:09.894 2562 2590 W Resources: Converting to int: TypedValue{t=0x3/d=0x2b "2" a=-1}
05-19 18:19:09.903 2562 2590 W Launcher.LauncherProvider: Unable to add favorite: com.cyanogenmod.gallerynext/com.cyanogenmod.gallerynext.app.GalleryActivity
05-19 18:19:09.903 2562 2590 W Launcher.LauncherProvider: android.content.pm.PackageManager$NameNotFoundException: ComponentInfo{com.cyanogenmod.gallerynext/com.cyanogenmod.gallerynext.app.GalleryActivity}
05-19 18:19:09.903 2562 2590 W Launcher.LauncherProvider: at android.app.ApplicationPackageManager.getActivityInfo(ApplicationPackageManager.java:314)
05-19 18:19:09.903 2562 2590 W Launcher.LauncherProvider: at com.android.launcher3.LauncherProvider$DatabaseHelper.addAppShortcut(LauncherProvider.java:1308)
05-19 18:19:09.903 2562 2590 W Launcher.LauncherProvider: at com.android.launcher3.LauncherProvider$DatabaseHelper.loadFavorites(LauncherProvider.java:1185)
05-19 18:19:09.903 2562 2590 W Launcher.LauncherProvider: at com.android.launcher3.LauncherProvider$DatabaseHelper.access$000(LauncherProvider.java:298)
05-19 18:19:09.903 2562 2590 W Launcher.LauncherProvider: at com.android.launcher3.LauncherProvider.loadDefaultFavoritesIfNecessary(LauncherProvider.java:288)
05-19 18:19:09.903 2562 2590 W Launcher.LauncherProvider: at com.android.launcher3.LauncherModel$LoaderTask.loadWorkspace(LauncherModel.java:1681)
05-19 18:19:09.903 2562 2590 W Launcher.LauncherProvider: at com.android.launcher3.LauncherModel$LoaderTask.loadAndBindWorkspace(LauncherModel.java:1425)
05-19 18:19:09.903 2562 2590 W Launcher.LauncherProvider: at com.android.launcher3.LauncherModel$LoaderTask.run(LauncherModel.java:1530)
05-19 18:19:09.903 2562 2590 W Launcher.LauncherProvider: at android.os.Handler.handleCallback(Handler.java:739)
05-19 18:19:09.903 2562 2590 W Launcher.LauncherProvider: at android.os.Handler.dispatchMessage(Handler.java:95)
05-19 18:19:09.903 2562 2590 W Launcher.LauncherProvider: at android.os.Looper.loop(Looper.java:135)
05-19 18:19:09.903 2562 2590 W Launcher.LauncherProvider: at android.os.HandlerThread.run(HandlerThread.java:61)
05-19 18:19:09.903 2562 2590 W Resources: Converting to int: TypedValue{t=0x3/d=0x12 "0" a=-1}
05-19 18:19:09.903 2562 2590 W Resources: Converting to int: TypedValue{t=0x3/d=0x19 "4" a=-1}
05-19 18:19:09.903 2562 2590 W Resources: Converting to int: TypedValue{t=0x3/d=0x2b "2" a=-1}
05-19 18:19:09.916 2562 2590 W Resources: Converting to int: TypedValue{t=0x3/d=0x18 "7" a=-1}
05-19 18:19:09.916 2562 2590 W Resources: Converting to int: TypedValue{t=0x3/d=0x19 "4" a=-1}
05-19 18:19:09.916 2562 2590 W Resources: Converting to int: TypedValue{t=0x3/d=0x2b "2" a=-1}
05-19 18:19:09.926 2173 2173 D BluetoothAdapter: 66812341: getState() : mService = null. Returning STATE_OFF
05-19 18:19:09.926 2173 2173 D BluetoothAdapter: 66812341: getState() : mService = null. Returning STATE_OFF
05-19 18:19:09.927 2562 2590 W Resources: Converting to int: TypedValue{t=0x3/d=0x13 "6" a=-1}
05-19 18:19:09.928 2562 2590 W Resources: Converting to int: TypedValue{t=0x3/d=0x19 "4" a=-1}
05-19 18:19:09.928 2562 2590 W Resources: Converting to int: TypedValue{t=0x3/d=0x11 "1" a=-1}
05-19 18:19:09.928 2562 2590 W Resources: Converting to int: TypedValue{t=0x3/d=0x12 "0" a=-1}
05-19 18:19:09.928 2562 2590 W Resources: Converting to int: TypedValue{t=0x3/d=0x2b "2" a=-1}
05-19 18:19:09.935 2562 2590 W Resources: Converting to int: TypedValue{t=0x3/d=0x19 "4" a=-1}
05-19 18:19:09.938 2562 2590 W Resources: Converting to int: TypedValue{t=0x3/d=0x11 "1" a=-1}
05-19 18:19:09.938 2562 2590 W Resources: Converting to int: TypedValue{t=0x3/d=0x2b "2" a=-1}
05-19 18:19:09.938 2562 2590 W Resources: Converting to int: TypedValue{t=0x3/d=0x12 "0" a=-1}
05-19 18:19:09.938 2562 2590 W Resources: Converting to int: TypedValue{t=0x3/d=0x2b "2" a=-1}
05-19 18:19:09.943 2562 2590 W Resources: Converting to int: TypedValue{t=0x3/d=0x35 "5" a=-1}
05-19 18:19:09.943 2562 2590 W Resources: Converting to int: TypedValue{t=0x3/d=0x12 "0" a=-1}
05-19 18:19:09.943 2562 2590 W Resources: Converting to int: TypedValue{t=0x3/d=0x35 "5" a=-1}
05-19 18:19:09.944 2562 2627 D OpenGLRenderer: Use EGL_SWAP_BEHAVIOR_PRESERVED: true
05-19 18:19:09.947 2562 2562 I GRALLOC-RADEON: detected chipset 0x9834 family 0x3c (vram size 494MiB, gart size 1019MiB)
05-19 18:19:09.948 2562 2562 I GRALLOC-DRM: create radeon for driver radeon
05-19 18:19:09.950 2562 2590 W Launcher.LauncherProvider: Unable to add favorite: com.google.android.talk/com.google.android.talk.SigningInActivity
05-19 18:19:09.950 2562 2590 W Launcher.LauncherProvider: android.content.pm.PackageManager$NameNotFoundException: ComponentInfo{com.google.android.talk/com.google.android.talk.SigningInActivity}
05-19 18:19:09.950 2562 2590 W Launcher.LauncherProvider: at android.app.ApplicationPackageManager.getActivityInfo(ApplicationPackageManager.java:314)
05-19 18:19:09.950 2562 2590 W Launcher.LauncherProvider: at com.android.launcher3.LauncherProvider$DatabaseHelper.addAppShortcut(LauncherProvider.java:1308)
05-19 18:19:09.950 2562 2590 W Launcher.LauncherProvider: at com.android.launcher3.LauncherProvider$DatabaseHelper.loadFavorites(LauncherProvider.java:1185)
05-19 18:19:09.950 2562 2590 W Launcher.LauncherProvider: at com.android.launcher3.LauncherProvider$DatabaseHelper.access$000(LauncherProvider.java:298)
05-19 18:19:09.950 2562 2590 W Launcher.LauncherProvider: at com.android.launcher3.LauncherProvider.loadDefaultFavoritesIfNecessary(LauncherProvider.java:288)
05-19 18:19:09.950 2562 2590 W Launcher.LauncherProvider: at com.android.launcher3.LauncherModel$LoaderTask.loadWorkspace(LauncherModel.java:1681)
05-19 18:19:09.950 2562 2590 W Launcher.LauncherProvider: at com.android.launcher3.LauncherModel$LoaderTask.loadAndBindWorkspace(LauncherModel.java:1425)
05-19 18:19:09.950 2562 2590 W Launcher.LauncherProvider: at com.android.launcher3.LauncherModel$LoaderTask.run(LauncherModel.java:1530)
05-19 18:19:09.950 2562 2590 W Launcher.LauncherProvider: at android.os.Handler.handleCallback(Handler.java:739)
05-19 18:19:09.950 2562 2590 W Launcher.LauncherProvider: at android.os.Handler.dispatchMessage(Handler.java:95)
05-19 18:19:09.950 2562 2590 W Launcher.LauncherProvider: at android.os.Looper.loop(Looper.java:135)
05-19 18:19:09.950 2562 2590 W Launcher.LauncherProvider: at android.os.HandlerThread.run(HandlerThread.java:61)
05-19 18:19:09.950 2562 2590 W Resources: Converting to int: TypedValue{t=0x3/d=0x35 "5" a=-1}
05-19 18:19:09.950 2562 2590 W Resources: Converting to int: TypedValue{t=0x3/d=0x12 "0" a=-1}
05-19 18:19:09.950 2562 2590 W Resources: Converting to int: TypedValue{t=0x3/d=0x35 "5" a=-1}
05-19 18:19:09.950 2562 2562 D Atlas : Validating map...
05-19 18:19:09.956 2562 2590 W Resources: Converting to int: TypedValue{t=0x3/d=0x13 "6" a=-1}
05-19 18:19:09.956 2562 2590 W Resources: Converting to int: TypedValue{t=0x3/d=0x12 "0" a=-1}
05-19 18:19:09.956 2562 2590 W Resources: Converting to int: TypedValue{t=0x3/d=0x13 "6" a=-1}
05-19 18:19:09.960 1943 2495 V WindowManager: Based on layer: Adding window Window{28efc470 u0 com.cyanogenmod.trebuchet/com.android.launcher3.Launcher} at 0 of 4
05-19 18:19:09.964 2173 2173 D PhoneStatusBar: heads up is enabled
05-19 18:19:09.965 2562 2562 W Launcher: setApplicationContext called twice! old=com.android.launcher3.LauncherApplication@1af6ba8c new=com.android.launcher3.LauncherApplication@1af6ba8c
05-19 18:19:09.971 2562 2590 W Launcher.LauncherProvider: Unable to add favorite: com.android.chrome/com.google.android.apps.chrome.Main
05-19 18:19:09.971 2562 2590 W Launcher.LauncherProvider: android.content.pm.PackageManager$NameNotFoundException: ComponentInfo{com.android.chrome/com.google.android.apps.chrome.Main}
05-19 18:19:09.971 2562 2590 W Launcher.LauncherProvider: at android.app.ApplicationPackageManager.getActivityInfo(ApplicationPackageManager.java:314)
05-19 18:19:09.971 2562 2590 W Launcher.LauncherProvider: at com.android.launcher3.LauncherProvider$DatabaseHelper.addAppShortcut(LauncherProvider.java:1308)
05-19 18:19:09.971 2562 2590 W Launcher.LauncherProvider: at com.android.launcher3.LauncherProvider$DatabaseHelper.loadFavorites(LauncherProvider.java:1185)
05-19 18:19:09.971 2562 2590 W Launcher.LauncherProvider: at com.android.launcher3.LauncherProvider$DatabaseHelper.access$000(LauncherProvider.java:298)
05-19 18:19:09.971 2562 2590 W Launcher.LauncherProvider: at com.android.launcher3.LauncherProvider.loadDefaultFavoritesIfNecessary(LauncherProvider.java:288)
05-19 18:19:09.971 2562 2590 W Launcher.LauncherProvider: at com.android.launcher3.LauncherModel$LoaderTask.loadWorkspace(LauncherModel.java:1681)
05-19 18:19:09.971 2562 2590 W Launcher.LauncherProvider: at com.android.launcher3.LauncherModel$LoaderTask.loadAndBindWorkspace(LauncherModel.java:1425)
05-19 18:19:09.971 2562 2590 W Launcher.LauncherProvider: at com.android.launcher3.LauncherModel$LoaderTask.run(LauncherModel.java:1530)
05-19 18:19:09.971 2562 2590 W Launcher.LauncherProvider: at android.os.Handler.handleCallback(Handler.java:739)
05-19 18:19:09.971 2562 2590 W Launcher.LauncherProvider: at android.os.Handler.dispatchMessage(Handler.java:95)
05-19 18:19:09.971 2562 2590 W Launcher.LauncherProvider: at android.os.Looper.loop(Looper.java:135)
05-19 18:19:09.971 2562 2590 W Launcher.LauncherProvider: at android.os.HandlerThread.run(HandlerThread.java:61)
05-19 18:19:09.971 2562 2590 W Resources: Converting to int: TypedValue{t=0x3/d=0x13 "6" a=-1}
05-19 18:19:09.971 2562 2590 W Resources: Converting to int: TypedValue{t=0x3/d=0x12 "0" a=-1}
05-19 18:19:09.971 2562 2590 W Resources: Converting to int: TypedValue{t=0x3/d=0x13 "6" a=-1}
05-19 18:19:09.977 2562 2590 W Resources: Converting to int: TypedValue{t=0x3/d=0x14 "3" a=-1}
05-19 18:19:09.977 2562 2590 W Resources: Converting to int: TypedValue{t=0x3/d=0x12 "0" a=-1}
05-19 18:19:09.977 2562 2590 W Resources: Converting to int: TypedValue{t=0x3/d=0x14 "3" a=-1}
05-19 18:19:09.980 2562 2590 W Launcher.LauncherProvider: Unable to add favorite: com.google.android.music/com.android.music.activitymanagement.TopLevelActivity
05-19 18:19:09.980 2562 2590 W Launcher.LauncherProvider: android.content.pm.PackageManager$NameNotFoundException: ComponentInfo{com.google.android.music/com.android.music.activitymanagement.TopLevelActivity}
05-19 18:19:09.980 2562 2590 W Launcher.LauncherProvider: at android.app.ApplicationPackageManager.getActivityInfo(ApplicationPackageManager.java:314)
05-19 18:19:09.980 2562 2590 W Launcher.LauncherProvider: at com.android.launcher3.LauncherProvider$DatabaseHelper.addAppShortcut(LauncherProvider.java:1308)
05-19 18:19:09.980 2562 2590 W Launcher.LauncherProvider: at com.android.launcher3.LauncherProvider$DatabaseHelper.loadFavorites(LauncherProvider.java:1185)
05-19 18:19:09.980 2562 2590 W Launcher.LauncherProvider: at com.android.launcher3.LauncherProvider$DatabaseHelper.access$000(LauncherProvider.java:298)
05-19 18:19:09.980 2562 2590 W Launcher.LauncherProvider: at com.android.launcher3.LauncherProvider.loadDefaultFavoritesIfNecessary(LauncherProvider.java:288)
05-19 18:19:09.980 2562 2590 W Launcher.LauncherProvider: at com.android.launcher3.LauncherModel$LoaderTask.loadWorkspace(LauncherModel.java:1681)
05-19 18:19:09.980 2562 2590 W Launcher.LauncherProvider: at com.android.launcher3.LauncherModel$LoaderTask.loadAndBindWorkspace(LauncherModel.java:1425)
05-19 18:19:09.980 2562 2590 W Launcher.LauncherProvider: at com.android.launcher3.LauncherModel$LoaderTask.run(LauncherModel.java:1530)
05-19 18:19:09.980 2562 2590 W Launcher.LauncherProvider: at android.os.Handler.handleCallback(Handler.java:739)
05-19 18:19:09.980 2562 2590 W Launcher.LauncherProvider: at android.os.Handler.dispatchMessage(Handler.java:95)
05-19 18:19:09.980 2562 2590 W Launcher.LauncherProvider: at android.os.Looper.loop(Looper.java:135)
05-19 18:19:09.980 2562 2590 W Launcher.LauncherProvider: at android.os.HandlerThread.run(HandlerThread.java:61)
05-19 18:19:09.980 2562 2590 W Resources: Converting to int: TypedValue{t=0x3/d=0x14 "3" a=-1}
05-19 18:19:09.980 2562 2590 W Resources: Converting to int: TypedValue{t=0x3/d=0x12 "0" a=-1}
05-19 18:19:09.980 2562 2590 W Resources: Converting to int: TypedValue{t=0x3/d=0x14 "3" a=-1}
05-19 18:19:09.987 2562 2590 W Resources: Converting to int: TypedValue{t=0x3/d=0x2b "2" a=-1}
05-19 18:19:09.987 2562 2590 W Resources: Converting to int: TypedValue{t=0x3/d=0x12 "0" a=-1}
05-19 18:19:09.987 2562 2590 W Resources: Converting to int: TypedValue{t=0x3/d=0x2b "2" a=-1}
05-19 18:19:09.995 2562 2590 W Launcher.LauncherProvider: Unable to add favorite: com.google.android.youtube/com.google.android.youtube.app.honeycomb.Shell$HomeActivity
05-19 18:19:09.995 2562 2590 W Launcher.LauncherProvider: android.content.pm.PackageManager$NameNotFoundException: ComponentInfo{com.google.android.youtube/com.google.android.youtube.app.honeycomb.Shell$HomeActivity}
05-19 18:19:09.995 2562 2590 W Launcher.LauncherProvider: at android.app.ApplicationPackageManager.getActivityInfo(ApplicationPackageManager.java:314)
05-19 18:19:09.995 2562 2590 W Launcher.LauncherProvider: at com.android.launcher3.LauncherProvider$DatabaseHelper.addAppShortcut(LauncherProvider.java:1308)
05-19 18:19:09.995 2562 2590 W Launcher.LauncherProvider: at com.android.launcher3.LauncherProvider$DatabaseHelper.loadFavorites(LauncherProvider.java:1185)
05-19 18:19:09.995 2562 2590 W Launcher.LauncherProvider: at com.android.launcher3.LauncherProvider$DatabaseHelper.access$000(LauncherProvider.java:298)
05-19 18:19:09.995 2562 2590 W Launcher.LauncherProvider: at com.android.launcher3.LauncherProvider.loadDefaultFavoritesIfNecessary(LauncherProvider.java:288)
05-19 18:19:09.995 2562 2590 W Launcher.LauncherProvider: at com.android.launcher3.LauncherModel$LoaderTask.loadWorkspace(LauncherModel.java:1681)
05-19 18:19:09.995 2562 2590 W Launcher.LauncherProvider: at com.android.launcher3.LauncherModel$LoaderTask.loadAndBindWorkspace(LauncherModel.java:1425)
05-19 18:19:09.995 2562 2590 W Launcher.LauncherProvider: at com.android.launcher3.LauncherModel$LoaderTask.run(LauncherModel.java:1530)
05-19 18:19:09.995 2562 2590 W Launcher.LauncherProvider: at android.os.Handler.handleCallback(Handler.java:739)
05-19 18:19:09.995 2562 2590 W Launcher.LauncherProvider: at android.os.Handler.dispatchMessage(Handler.java:95)
05-19 18:19:09.995 2562 2590 W Launcher.LauncherProvider: at android.os.Looper.loop(Looper.java:135)
05-19 18:19:09.995 2562 2590 W Launcher.LauncherProvider: at android.os.HandlerThread.run(HandlerThread.java:61)
05-19 18:19:09.995 2562 2590 W Resources: Converting to int: TypedValue{t=0x3/d=0x2b "2" a=-1}
05-19 18:19:09.995 2562 2590 W Resources: Converting to int: TypedValue{t=0x3/d=0x12 "0" a=-1}
05-19 18:19:09.995 2562 2590 W Resources: Converting to int: TypedValue{t=0x3/d=0x2b "2" a=-1}
05-19 18:19:10.006 1943 2152 I ActivityManager: Start proc 2631:com.android.gallery3d/u0a32 for broadcast com.android.gallery3d/.app.PackagesMonitor
05-19 18:19:10.015 2173 2173 D StatusBar: user hasn't seen notification about hidden notifications
05-19 18:19:10.021 2173 2173 D StatusBar: insecure lockscreen, skipping notification
05-19 18:19:10.024 1943 1966 D SettingsProvider: User 0 external modification to /data/data/com.android.providers.settings/databases/settings.db; event=2
05-19 18:19:10.024 1943 1966 D SettingsProvider: User 0 updating our caches for /data/data/com.android.providers.settings/databases/settings.db
05-19 18:19:10.025 1943 2406 W BackupManagerService: dataChanged but no participant pkg='com.android.providers.settings' uid=10013
05-19 18:19:10.034 2173 2173 I Choreographer: Skipped 160 frames! The application may be doing too much work on its main thread.
05-19 18:19:10.038 2173 2173 D ViewRootImpl: changeCanvasOpacity: opaque=true
05-19 18:19:10.071 1943 1960 I art : DexFile_isDexOptNeeded file /system/app/Gallery2/x86/Gallery2.odex needs to be relocated for /system/app/Gallery2/Gallery2.apk
05-19 18:19:10.071 1943 1960 I PackageManager: Running patchoat on: com.android.gallery3d
05-19 18:19:10.073 2647 2647 E installd: Running /system/bin/patchoat isa=x86 in-fd=5 (/system/app/Gallery2/x86/Gallery2.odex) out-fd=6 (/data/dalvik-cache/x86/system@app@Gallery2@Gallery2.apk@classes.dex)
05-19 18:19:10.081 2562 2627 I EGL-GALLIUM: using DRM screen
05-19 18:19:10.082 2562 2627 I EGL-GALLIUM: skip unsupported native format 0x3
05-19 18:19:10.082 2562 2627 I OpenGLRenderer: Initialized EGL, version 1.4
05-19 18:19:10.096 2562 2627 D OpenGLRenderer: Enabling debug mode 0
05-19 18:19:10.096 2562 2627 I MESA-DEBUG: Inside r600_texture_from_handle
05-19 18:19:10.096 2562 2627 I MESA-DEBUG: templ->target = 2 ; templ->depth0 = 1 ; templ->last_level = 0
05-19 18:19:10.097 2562 2627 I MESA-DEBUG: Ending r600_texture_from_handle - stride value is 3072
05-19 18:19:10.097 1620 1620 I MESA-DEBUG: Inside r600_texture_from_handle
05-19 18:19:10.097 1620 1620 I MESA-DEBUG: templ->target = 2 ; templ->depth0 = 1 ; templ->last_level = 0
05-19 18:19:10.097 1620 1620 I MESA-DEBUG: Ending r600_texture_from_handle - stride value is 5632
05-19 18:19:10.117 2562 2627 I MESA-DEBUG: Inside r600_texture_from_handle
05-19 18:19:10.118 2562 2627 I MESA-DEBUG: templ->target = 2 ; templ->depth0 = 1 ; templ->last_level = 0
05-19 18:19:10.119 2562 2627 I MESA-DEBUG: Ending r600_texture_from_handle - stride value is 5632
05-19 18:19:10.210 1943 2495 W BackupManagerService: dataChanged but no participant pkg='com.cyanogenmod.trebuchet' uid=10014
05-19 18:19:10.218 1943 2152 W BackupManagerService: dataChanged but no participant pkg='com.cyanogenmod.trebuchet' uid=10014
05-19 18:19:10.580 1620 1620 I MESA-DEBUG: Inside r600_texture_from_handle
05-19 18:19:10.580 1620 1620 I MESA-DEBUG: templ->target = 2 ; templ->depth0 = 1 ; templ->last_level = 0
05-19 18:19:10.580 1620 1620 I MESA-DEBUG: Ending r600_texture_from_handle - stride value is 5632
05-19 18:19:10.651 2562 2627 I MESA-DEBUG: Inside r600_texture_from_handle
05-19 18:19:10.651 2562 2627 I MESA-DEBUG: templ->target = 2 ; templ->depth0 = 1 ; templ->last_level = 0
05-19 18:19:10.651 2562 2627 I MESA-DEBUG: Ending r600_texture_from_handle - stride value is 5632
05-19 18:19:10.658 2562 2627 I MESA-DEBUG: Inside r600_texture_from_handle
05-19 18:19:10.658 2562 2627 I MESA-DEBUG: templ->target = 2 ; templ->depth0 = 1 ; templ->last_level = 0
05-19 18:19:10.658 2562 2627 I MESA-DEBUG: Ending r600_texture_from_handle - stride value is 5632
05-19 18:19:10.664 1620 1620 I MESA-DEBUG: Inside r600_texture_from_handle
05-19 18:19:10.664 1620 1620 I MESA-DEBUG: templ->target = 2 ; templ->depth0 = 1 ; templ->last_level = 0
05-19 18:19:10.664 1620 1620 I MESA-DEBUG: Ending r600_texture_from_handle - stride value is 5632
05-19 18:19:10.667 1943 1970 I ActivityManager: Displayed com.cyanogenmod.trebuchet/com.android.launcher3.Launcher: +1s714ms (total +3s834ms)
05-19 18:19:10.680 1620 1620 I MESA-DEBUG: Inside r600_texture_from_handle
05-19 18:19:10.680 1620 1620 I MESA-DEBUG: templ->target = 2 ; templ->depth0 = 1 ; templ->last_level = 0
05-19 18:19:10.680 1620 1620 I MESA-DEBUG: Ending r600_texture_from_handle - stride value is 5632
05-19 18:19:10.738 2474 2474 I Exchange: onDestroy
05-19 18:19:10.790 1943 1965 V KeyguardServiceDelegate: *** Keyguard started
05-19 18:19:10.790 1943 1965 W KeyguardServiceDelegate: onScreenTurnedOn(): no keyguard service!
05-19 18:19:10.793 1943 1965 D KbdSensor: poll_activate: dev=0xb3c51f80 handle=0 enabled=1
05-19 18:19:10.793 1943 1965 D KbdSensor: poll_setDelay: dev=0xb3c51f80 delay-ns=66667000
05-19 18:19:10.839 2173 2623 I EGL-GALLIUM: using DRM screen
05-19 18:19:10.839 2173 2623 I EGL-GALLIUM: skip unsupported native format 0x3
05-19 18:19:10.840 2173 2623 I OpenGLRenderer: Initialized EGL, version 1.4
05-19 18:19:10.849 2173 2623 D OpenGLRenderer: Enabling debug mode 0
05-19 18:19:10.849 2173 2623 I MESA-DEBUG: Inside r600_texture_from_handle
05-19 18:19:10.849 2173 2623 I MESA-DEBUG: templ->target = 2 ; templ->depth0 = 1 ; templ->last_level = 0
05-19 18:19:10.849 2173 2623 I MESA-DEBUG: Ending r600_texture_from_handle - stride value is 3072
05-19 18:19:10.858 2173 2623 I MESA-DEBUG: Inside r600_texture_from_handle
05-19 18:19:10.858 2173 2623 I MESA-DEBUG: templ->target = 2 ; templ->depth0 = 1 ; templ->last_level = 0
05-19 18:19:10.858 2173 2623 I MESA-DEBUG: Ending r600_texture_from_handle - stride value is 5632
05-19 18:19:10.885 2313 2329 I art : Background sticky concurrent mark sweep GC freed 13698(1048KB) AllocSpace objects, 0(0B) LOS objects, 28% free, 2MB/3MB, paused 5.720ms total 16.376ms
05-19 18:19:10.902 2173 2623 I MESA-DEBUG: Inside r600_texture_from_handle
05-19 18:19:10.902 2173 2623 I MESA-DEBUG: templ->target = 2 ; templ->depth0 = 1 ; templ->last_level = 0
05-19 18:19:10.902 2173 2623 I MESA-DEBUG: Ending r600_texture_from_handle - stride value is 5632
05-19 18:19:11.509 2173 2173 I MESA-DEBUG: Inside r600_texture_from_handle
05-19 18:19:11.509 2173 2173 I MESA-DEBUG: templ->target = 2 ; templ->depth0 = 1 ; templ->last_level = 0
05-19 18:19:11.509 2173 2173 I MESA-DEBUG: Ending r600_texture_from_handle - stride value is 7680
05-19 18:19:11.614 1620 1620 I MESA-DEBUG: Inside r600_texture_from_handle
05-19 18:19:11.614 1620 1620 I MESA-DEBUG: templ->target = 2 ; templ->depth0 = 1 ; templ->last_level = 0
05-19 18:19:11.614 1620 1620 I MESA-DEBUG: Ending r600_texture_from_handle - stride value is 7680
05-19 18:19:11.623 1943 2035 D WifiService: New client listening to asynchronous messages
05-19 18:19:11.760 2173 2173 I Choreographer: Skipped 102 frames! The application may be doing too much work on its main thread.
05-19 18:19:11.761 2173 2173 D OpenGLRenderer: setting property extraRasterBucket to 0.95
05-19 18:19:11.761 2173 2173 D OpenGLRenderer: failed
05-19 18:19:11.761 2173 2173 D OpenGLRenderer: setting property extraRasterBucket to 0.0
05-19 18:19:11.761 2173 2173 D OpenGLRenderer: failed
05-19 18:19:11.791 1943 1968 W WindowManager: Keyguard drawn timeout. Setting mKeyguardDrawComplete
05-19 18:19:11.980 1620 1620 I MESA-DEBUG: Inside r600_texture_from_handle
05-19 18:19:11.980 1620 1620 I MESA-DEBUG: templ->target = 2 ; templ->depth0 = 1 ; templ->last_level = 0
05-19 18:19:11.980 1620 1620 I MESA-DEBUG: Ending r600_texture_from_handle - stride value is 5632
05-19 18:19:12.009 1620 1687 I SurfaceFlinger: Boot is finished (26695 ms)
05-19 18:19:12.014 1620 1620 I MESA-DEBUG: Inside r600_texture_from_handle
05-19 18:19:12.014 1620 1620 I MESA-DEBUG: templ->target = 2 ; templ->depth0 = 1 ; templ->last_level = 0
05-19 18:19:12.014 1620 1620 I MESA-DEBUG: Ending r600_texture_from_handle - stride value is 5632
05-19 18:19:12.015 1943 1943 V KeyguardServiceDelegate: *** Keyguard connected (yay!)
05-19 18:19:12.041 2173 2623 I MESA-DEBUG: Inside r600_texture_from_handle
05-19 18:19:12.041 2173 2623 I MESA-DEBUG: templ->target = 2 ; templ->depth0 = 1 ; templ->last_level = 0
05-19 18:19:12.041 2173 2623 I MESA-DEBUG: Ending r600_texture_from_handle - stride value is 5632
05-19 18:19:12.114 1943 2406 V KeyguardServiceDelegate: **** SHOWN CALLED ****
05-19 18:19:12.116 2173 2623 I MESA-DEBUG: Inside r600_texture_from_handle
05-19 18:19:12.116 2173 2623 I MESA-DEBUG: templ->target = 2 ; templ->depth0 = 1 ; templ->last_level = 0
05-19 18:19:12.116 2173 2623 I MESA-DEBUG: Ending r600_texture_from_handle - stride value is 5632
05-19 18:19:12.131 2173 2173 D PhoneStatusBar: disable: < expand* icons alerts system_info back* home* recent* clock search*
> 05-19 18:19:12.135 1629 1629 E installd: Unable to unlink boot marker at /data/dalvik-cache/x86/.booting, error=No such file or directory
05-19 18:19:12.136 1943 1970 E ActivityManager: Unable to mark boot complete for abi: x86
05-19 18:19:12.137 1943 1970 I SystemServiceManager: Starting phase 1000
05-19 18:19:12.148 2173 2623 I MESA-DEBUG: Inside r600_texture_from_handle
05-19 18:19:12.148 2173 2623 I MESA-DEBUG: templ->target = 2 ; templ->depth0 = 1 ; templ->last_level = 0
05-19 18:19:12.148 2173 2623 I MESA-DEBUG: Ending r600_texture_from_handle - stride value is 5632
05-19 18:19:12.155 1620 1620 I MESA-DEBUG: Inside r600_texture_from_handle
05-19 18:19:12.155 1620 1620 I MESA-DEBUG: templ->target = 2 ; templ->depth0 = 1 ; templ->last_level = 0
05-19 18:19:12.156 1620 1620 I MESA-DEBUG: Ending r600_texture_from_handle - stride value is 5632
05-19 18:19:12.156 1620 1620 I MESA-DEBUG: Inside r600_texture_from_handle
05-19 18:19:12.156 1620 1620 I MESA-DEBUG: templ->target = 2 ; templ->depth0 = 1 ; templ->last_level = 0
05-19 18:19:12.156 1620 1620 I MESA-DEBUG: Ending r600_texture_from_handle - stride value is 5632
05-19 18:19:12.163 2660 2660 I sh : /system/etc/init.sh: drm.debug=7: not found
05-19 18:19:12.163 2660 2660 I sh : + hw_sh=/vendor/etc/init.sh
05-19 18:19:12.163 2660 2660 I sh : + '[' -e /vendor/etc/init.sh ']'
05-19 18:19:12.163 2660 2660 I sh : + do_bootcomplete
05-19 18:19:12.163 2660 2660 I sh : + init_cpu_governor
05-19 18:19:12.164 2660 2660 I sh : + getprop cpu.governor
05-19 18:19:12.172 1620 1620 I MESA-DEBUG: Inside r600_texture_from_handle
05-19 18:19:12.172 1620 1620 I MESA-DEBUG: templ->target = 2 ; templ->depth0 = 1 ; templ->last_level = 0
05-19 18:19:12.172 1620 1620 I MESA-DEBUG: Ending r600_texture_from_handle - stride value is 5632
05-19 18:19:12.172 2660 2660 I sh : + governor=
05-19 18:19:12.172 2660 2660 I sh : + '[' ']'
05-19 18:19:12.175 2660 2660 I sh : + getprop persist.sys.root_access
05-19 18:19:12.183 2660 2660 I sh : + '[' -z ']'
05-19 18:19:12.183 2660 2660 I sh : + setprop persist.sys.root_access 3
05-19 18:19:12.393 1943 1943 D BluetoothManagerService: Retrieving Bluetooth Adapter name and address...
05-19 18:19:12.393 1943 1943 D BluetoothManagerService: getNameAndAddress(): mBluetooth = null mBinding = false
05-19 18:19:12.394 1943 1969 D BluetoothManagerService: Message: 200
05-19 18:19:12.394 1943 1969 D BluetoothManagerService: MESSAGE_GET_NAME_AND_ADDRESS
05-19 18:19:12.394 1943 1969 D BluetoothManagerService: Binding to service to get name and address
05-19 18:19:12.419 1943 1969 I ActivityManager: Start proc 2669:com.android.bluetooth/1002 for service com.android.bluetooth/.btservice.AdapterService
05-19 18:19:12.445 2660 2660 I sh : + getprop debug.mesa.driver
05-19 18:19:12.474 2660 2660 I sh : + '[' '=' i965 ']'
05-19 18:19:12.475 2660 2660 I sh : + grep -e brcmfmac
05-19 18:19:12.478 2660 2660 I sh : + lsmod
05-19 18:19:12.496 1943 2668 I ActivityManager: Start proc 2690:com.android.keychain/1000 for service com.android.keychain/.KeyChainService
05-19 18:19:12.500 1943 2153 I art : DexFile_isDexOptNeeded file /system/app/Bluetooth/x86/Bluetooth.odex needs to be relocated for /system/app/Bluetooth/Bluetooth.apk
05-19 18:19:12.500 1943 2153 I PackageManager: Running patchoat on: com.android.bluetooth
05-19 18:19:12.504 2173 2623 I MESA-DEBUG: Inside r600_texture_from_handle
05-19 18:19:12.504 2173 2623 I MESA-DEBUG: templ->target = 2 ; templ->depth0 = 1 ; templ->last_level = 0
05-19 18:19:12.504 2173 2623 I MESA-DEBUG: Ending r600_texture_from_handle - stride value is 5632
05-19 18:19:12.507 2696 2696 E installd: Running /system/bin/patchoat isa=x86 in-fd=5 (/system/app/Bluetooth/x86/Bluetooth.odex) out-fd=6 (/data/dalvik-cache/x86/system@app@Bluetooth@Bluetooth.apk@classes.dex)
05-19 18:19:12.515 2660 2660 I sh : + awk ' /Class:.E0/ { print $9 } '
05-19 18:19:12.517 2660 2660 I sh : + lsusb -v
05-19 18:19:12.530 1620 1620 I MESA-DEBUG: Inside r600_texture_from_handle
05-19 18:19:12.530 1620 1620 I MESA-DEBUG: templ->target = 2 ; templ->depth0 = 1 ; templ->last_level = 0
05-19 18:19:12.530 1620 1620 I MESA-DEBUG: Ending r600_texture_from_handle - stride value is 5632
05-19 18:19:12.539 2660 2660 I sh : + chown 1002.1002 /dev/bus/usb/006/003
05-19 18:19:12.550 2660 2660 I sh : + chmod 660 /dev/bus/usb/006/003
05-19 18:19:12.562 2660 2660 I sh : + grep '\[.*\]' /proc/asound/cards
05-19 18:19:12.566 2660 2660 I sh : + awk '{print $1}'
05-19 18:19:12.580 2660 2660 I sh : + cat /proc/asound/card0/id
05-19 18:19:12.584 2660 2660 I sh : + f=/system/etc/alsa/Generic.state
05-19 18:19:12.584 2660 2660 I sh : + '[' -e /system/etc/alsa/Generic.state ']'
05-19 18:19:12.587 2660 2660 I sh : + alsa_ctl init 0
05-19 18:19:12.678 2660 2660 I sh : Found hardware: "HDA-Intel" "ATI R6xx HDMI" "HDA:1002aa01,00aa0100,00100500" "0x1002" "0x9840"
05-19 18:19:12.679 2660 2660 I sh : Hardware is initialized using a generic method
05-19 18:19:12.683 2660 2660 I sh : + alsa_amixer -c 0 set Master on
05-19 18:19:12.742 2660 2660 I sh : amixer: Unable to find simple control 'Master',0
05-19 18:19:12.744 2660 2660 I sh : + alsa_amixer -c 0 set Master 100%
05-19 18:19:12.766 2660 2660 I sh : amixer: Unable to find simple control 'Master',0
05-19 18:19:12.767 2660 2660 I sh : + alsa_amixer -c 0 set Headphone on
05-19 18:19:12.779 2660 2660 I sh : amixer: Unable to find simple control 'Headphone',0
05-19 18:19:12.781 2660 2660 I sh : + alsa_amixer -c 0 set Headphone 100%
05-19 18:19:12.791 2660 2660 I sh : amixer: Unable to find simple control 'Headphone',0
05-19 18:19:12.793 2660 2660 I sh : + alsa_amixer -c 0 set Speaker 100%
05-19 18:19:12.794 2313 2313 D TelephonyProvider: dbh.onCreate:- db=SQLiteDatabase: /data/data/com.android.providers.telephony/databases/telephony.db
05-19 18:19:12.796 2313 2313 D TelephonyProvider: dbh.onOpen: ok, queried table=siminfo
05-19 18:19:12.796 2313 2313 D TelephonyProvider: dbh.onOpen: ok, queried table=carriers
05-19 18:19:12.803 2660 2660 I sh : amixer: Unable to find simple control 'Speaker',0
05-19 18:19:12.804 2660 2660 I sh : + alsa_amixer -c 0 set Capture 100%
05-19 18:19:12.816 2660 2660 I sh : amixer: Unable to find simple control 'Capture',0
05-19 18:19:12.817 2660 2660 I sh : + alsa_amixer -c 0 set Capture cap
05-19 18:19:12.829 2660 2660 I sh : amixer: Unable to find simple control 'Capture',0
05-19 18:19:12.829 2669 2669 W ResourcesManager: Asset path '/system/framework/javax.obex.jar' does not exist or contains no resources.
05-19 18:19:12.831 2660 2660 I sh : + alsa_amixer -c 0 set PCM 100 unmute
05-19 18:19:12.846 1943 2723 I RecoverySystem: No recovery log file
05-19 18:19:12.847 2660 2660 I sh : amixer: Unable to find simple control 'PCM',0
05-19 18:19:12.848 2660 2660 I sh : + alsa_amixer -c 0 set 'Mic Boost' 3
05-19 18:19:12.862 2660 2660 I sh : amixer: Unable to find simple control 'Mic Boost',0
05-19 18:19:12.863 2660 2660 I sh : + alsa_amixer -c 0 set 'Internal Mic Boost' 3
05-19 18:19:12.873 1943 2406 I ActivityManager: Start proc 2729:com.android.dialer/u0a4 for broadcast com.android.dialer/.calllog.CallLogReceiver
05-19 18:19:12.874 2660 2660 I sh : amixer: Unable to find simple control 'Internal Mic Boost',0
05-19 18:19:12.877 2660 2660 I sh : + cat /proc/asound/card1/id
05-19 18:19:12.878 2669 2669 D AdapterServiceConfig: Adding HeadsetService
05-19 18:19:12.878 2669 2669 D AdapterServiceConfig: Adding A2dpService
05-19 18:19:12.878 2669 2669 D AdapterServiceConfig: Adding HidService
05-19 18:19:12.878 2669 2669 D AdapterServiceConfig: Adding HealthService
05-19 18:19:12.879 2669 2669 D AdapterServiceConfig: Adding PanService
05-19 18:19:12.879 2669 2669 D AdapterServiceConfig: Adding GattService
05-19 18:19:12.879 2669 2669 D AdapterServiceConfig: Adding BluetoothMapService
05-19 18:19:12.880 2660 2660 I sh : + f=/system/etc/alsa/Generic_1.state
05-19 18:19:12.880 2660 2660 I sh : + '[' -e /system/etc/alsa/Generic_1.state ']'
05-19 18:19:12.880 2660 2660 I sh : + alsa_ctl init 1
05-19 18:19:12.897 2660 2660 I sh : Found hardware: "HDA-Intel" "Realtek ALC282" "HDA:10ec0282,10250834,00100003" "0x1025" "0x0834"
05-19 18:19:12.897 2660 2660 I sh : Hardware is initialized using a generic method
05-19 18:19:12.911 1943 2493 I art : DexFile_isDexOptNeeded file /system/priv-app/Dialer/x86/Dialer.odex needs to be relocated for /system/priv-app/Dialer/Dialer.apk
05-19 18:19:12.911 1943 2493 I PackageManager: Running patchoat on: com.android.dialer
05-19 18:19:12.918 2746 2746 E installd: Running /system/bin/patchoat isa=x86 in-fd=5 (/system/priv-app/Dialer/x86/Dialer.odex) out-fd=6 (/data/dalvik-cache/x86/system@priv-app@Dialer@Dialer.apk@classes.dex)
05-19 18:19:12.927 2660 2660 I sh : + alsa_amixer -c 1 set Master on
05-19 18:19:12.941 2660 2660 I sh : Simple mixer control 'Master',0
05-19 18:19:12.941 2660 2660 I sh : Capabilities: pvolume pvolume-joined pswitch pswitch-joined penum
05-19 18:19:12.941 2660 2660 I sh : Playback channels: Mono
05-19 18:19:12.941 2660 2660 I sh : Limits: Playback 0 - 87
05-19 18:19:12.942 2660 2660 I sh : Mono: Playback 60 [69%] [-20.25dB] [on]
05-19 18:19:12.942 2660 2660 I sh : + alsa_amixer -c 1 set Master 100%
05-19 18:19:12.944 1943 1969 D BluetoothManagerService: Message: 20
05-19 18:19:12.944 1943 1969 D BluetoothManagerService: Added callback: android.bluetooth.IBluetoothManagerCallback$Stub$Proxy@cc3f43a:true
05-19 18:19:12.945 2669 2669 D BluetoothAdapterState: make
05-19 18:19:12.947 2669 2669 I bluedroid: init
05-19 18:19:12.955 2660 2660 I sh : Simple mixer control 'Master',0
05-19 18:19:12.956 2660 2660 I sh : Capabilities: pvolume pvolume-joined pswitch pswitch-joined penum
05-19 18:19:12.956 2660 2660 I sh : Playback channels: Mono
05-19 18:19:12.956 2660 2660 I sh : Limits: Playback 0 - 87
05-19 18:19:12.956 2660 2660 I sh : Mono: Playback 87 [100%] [0.00dB] [on]
05-19 18:19:12.957 2669 2750 I BluetoothAdapterState: Entering OffState
05-19 18:19:12.958 2660 2660 I sh : + alsa_amixer -c 1 set Headphone on
05-19 18:19:12.961 2669 2669 E bt-btif : btif_config_get(L190): assert failed: section && *section && key && *key && name && *name && bytes && type
05-19 18:19:12.973 2660 2660 I sh : Simple mixer control 'Headphone',0
05-19 18:19:12.973 2660 2660 I sh : Capabilities: pvolume pswitch penum
05-19 18:19:12.973 2660 2660 I sh : Playback channels: Front Left - Front Right
05-19 18:19:12.973 2660 2660 I sh : Limits: Playback 0 - 87
05-19 18:19:12.973 2660 2660 I sh : Mono:
05-19 18:19:12.973 2660 2660 I sh : Front Left: Playback 87 [100%] [0.00dB] [on]
05-19 18:19:12.973 2660 2660 I sh : Front Right: Playback 87 [100%] [0.00dB] [on]
05-19 18:19:12.974 2660 2660 I sh : + alsa_amixer -c 1 set Headphone 100%
05-19 18:19:12.987 2660 2660 I sh : Simple mixer control 'Headphone',0
05-19 18:19:12.987 2660 2660 I sh : Capabilities: pvolume pswitch penum
05-19 18:19:12.987 2660 2660 I sh : Playback channels: Front Left - Front Right
05-19 18:19:12.987 2660 2660 I sh : Limits: Playback 0 - 87
05-19 18:19:12.987 2660 2660 I sh : Mono:
05-19 18:19:12.988 2660 2660 I sh : Front Left: Playback 87 [100%] [0.00dB] [on]
05-19 18:19:12.988 2660 2660 I sh : Front Right: Playback 87 [100%] [0.00dB] [on]
05-19 18:19:12.991 2660 2660 I sh : + alsa_amixer -c 1 set Speaker 100%
05-19 18:19:12.995 2669 2669 I bte_conf: bte_load_conf attempt to load stack conf from /etc/bluetooth/bt_stack.conf
05-19 18:19:12.995 2669 2669 I bte_conf: bte_load_ble_conf attempt to load ble stack conf from /etc/bluetooth/ble_stack.conf
05-19 18:19:12.995 2669 2669 E bt_osi_config: config_new unable to open file '/etc/bluetooth/ble_stack.conf': No such file or directory
05-19 18:19:12.995 2669 2669 I bte_conf: bte_load_ble_conf file >/etc/bluetooth/ble_stack.conf< not found
05-19 18:19:13.004 2660 2660 I sh : Simple mixer control 'Speaker',0
05-19 18:19:13.004 2660 2660 I sh : Capabilities: pvolume pswitch penum
05-19 18:19:13.004 2660 2660 I sh : Playback channels: Front Left - Front Right
05-19 18:19:13.004 2660 2660 I sh : Limits: Playback 0 - 87
05-19 18:19:13.005 2660 2660 I sh : Mono:
05-19 18:19:13.005 2660 2660 I sh : Front Left: Playback 87 [100%] [0.00dB] [on]
05-19 18:19:13.005 2660 2660 I sh : Front Right: Playback 87 [100%] [0.00dB] [on]
05-19 18:19:13.006 2660 2660 I sh : + alsa_amixer -c 1 set Capture 100%
05-19 18:19:13.016 2660 2660 I sh : Simple mixer control 'Capture',0
05-19 18:19:13.016 2660 2660 I sh : Capabilities: cvolume cswitch penum
05-19 18:19:13.017 2660 2660 I sh : Capture channels: Front Left - Front Right
05-19 18:19:13.017 2660 2660 I sh : Limits: Capture 0 - 63
05-19 18:19:13.017 2660 2660 I sh : Front Left: Capture 63 [100%] [30.00dB] [on]
05-19 18:19:13.017 2660 2660 I sh : Front Right: Capture 63 [100%] [30.00dB] [on]
05-19 18:19:13.019 2660 2660 I sh : + alsa_amixer -c 1 set Capture cap
05-19 18:19:13.029 2660 2660 I sh : Simple mixer control 'Capture',0
05-19 18:19:13.029 2660 2660 I sh : Capabilities: cvolume cswitch penum
05-19 18:19:13.030 2660 2660 I sh : Capture channels: Front Left - Front Right
05-19 18:19:13.030 2660 2660 I sh : Limits: Capture 0 - 63
05-19 18:19:13.030 2660 2660 I sh : Front Left: Capture 63 [100%] [30.00dB] [on]
05-19 18:19:13.031 2660 2660 I sh : Front Right: Capture 63 [100%] [30.00dB] [on]
05-19 18:19:13.032 2660 2660 I sh : + alsa_amixer -c 1 set PCM 100 unmute
05-19 18:19:13.043 2660 2660 I sh : amixer: Unable to find simple control 'PCM',0
05-19 18:19:13.045 2660 2660 I sh : + alsa_amixer -c 1 set 'Mic Boost' 3
05-19 18:19:13.055 2660 2660 I sh : Simple mixer control 'Mic Boost',0
05-19 18:19:13.056 2660 2660 I sh : Capabilities: volume penum
05-19 18:19:13.056 2660 2660 I sh : Playback channels: Front Left - Front Right
05-19 18:19:13.057 2660 2660 I sh : Capture channels: Front Left - Front Right
05-19 18:19:13.057 2660 2660 I sh : Limits: 0 - 3
05-19 18:19:13.057 2660 2660 I sh : Front Left: 3 [100%] [36.00dB]
05-19 18:19:13.058 2660 2660 I sh : Front Right: 3 [100%] [36.00dB]
05-19 18:19:13.059 2660 2660 I sh : + alsa_amixer -c 1 set 'Internal Mic Boost' 3
05-19 18:19:13.069 2660 2660 I sh : amixer: Unable to find simple control 'Internal Mic Boost',0
05-19 18:19:13.071 2660 2660 I sh : + return 0
05-19 18:19:13.073 2669 2669 I bluedroid: get_profile_interface socket
05-19 18:19:13.074 2669 2669 I bluedroid: get_profile_interface map_client
05-19 18:19:13.079 1943 2723 I BootReceiver: Copying audit failures to DropBox
05-19 18:19:13.079 1943 2723 I BootReceiver: Checking for fsck errors
05-19 18:19:13.080 2669 2762 I GKI_LINUX: gki_task_entry task_id=1 [BTIF] starting
05-19 18:19:13.082 2669 2762 D BluetoothAdapterProperties: Address is:22:22:4E:13:D2:29
05-19 18:19:13.287 2669 2762 D BluetoothAdapterProperties: Name is: Android-x86
05-19 18:19:13.290 1943 1943 D BluetoothManagerService: Bluetooth Adapter name changed to Android-x86
05-19 18:19:13.290 1943 1964 D GpsLocationProvider: received SIM realted action:
05-19 18:19:13.291 1943 1966 D SettingsProvider: User 0 external modification to /data/data/com.android.providers.settings/databases/settings.db; event=2
05-19 18:19:13.291 1943 1966 D SettingsProvider: User 0 updating our caches for /data/data/com.android.providers.settings/databases/settings.db
05-19 18:19:13.294 2173 2173 V KeyguardUpdateMonitor: action android.intent.action.SIM_STATE_CHANGED state: NOT_READY slotId: 0 subid: -2
05-19 18:19:13.294 2173 2173 D KeyguardUpdateMonitor: handleSimStateChange(subId=-2, slotId=0, state=UNKNOWN)
05-19 18:19:13.294 2173 2173 W KeyguardUpdateMonitor: invalid subId in handleSimStateChange()
05-19 18:19:13.298 1943 1943 D BluetoothManagerService: Stored Bluetooth name: Android-x86
05-19 18:19:13.298 1943 1943 D BluetoothManagerService: BluetoothServiceConnection: com.android.bluetooth.btservice.AdapterService
05-19 18:19:13.298 1943 1969 D BluetoothManagerService: Message: 40
05-19 18:19:13.298 1943 1969 D BluetoothManagerService: MESSAGE_BLUETOOTH_SERVICE_CONNECTED: 1
05-19 18:19:13.302 2313 2769 E DcSwitchStateMachine-0: DctController is not ready
05-19 18:19:13.302 2669 2687 I bluedroid: config_hci_snoop_log
05-19 18:19:13.304 1943 1969 D BluetoothManagerService: Message: 200
05-19 18:19:13.304 1943 1969 D BluetoothManagerService: MESSAGE_GET_NAME_AND_ADDRESS
05-19 18:19:13.304 1943 1969 D BluetoothManagerService: Message: 201
05-19 18:19:13.304 1943 1969 D BluetoothManagerService: MESSAGE_SAVE_NAME_AND_ADDRESS
05-19 18:19:13.305 1943 2036 E ConnectivityService: Failed to find Messenger in unregisterNetworkFactory
05-19 18:19:13.310 1943 2036 D ConnectivityService: Got NetworkFactory Messenger for Telephony
05-19 18:19:13.311 2669 2750 D BluetoothAdapterState: CURRENT_STATE=OFF, MESSAGE = USER_TURN_ON
05-19 18:19:13.311 2669 2750 D BluetoothAdapterProperties: Setting state to 11
05-19 18:19:13.311 2669 2750 I BluetoothAdapterState: Bluetooth adapter state changed: 10-> 11
05-19 18:19:13.312 2669 2750 D BluetoothBondStateMachine: make
05-19 18:19:13.315 2669 2771 I BluetoothBondStateMachine: StableState(): Entering Off State
05-19 18:19:13.322 2669 2669 D BluetoothAdapterService: getAdapterService() - returning com.android.bluetooth.btservice.AdapterService@3c2c45d5
05-19 18:19:13.326 2669 2669 D HeadsetService: Received start request. Starting profile...
05-19 18:19:13.327 2669 2669 I BluetoothHeadsetServiceJni: classInitNative: succeeds
05-19 18:19:13.327 2669 2669 D HeadsetStateMachine: make
05-19 18:19:13.337 2669 2669 D HeadsetStateMachine: max_hf_connections = 1
05-19 18:19:13.337 2669 2669 I bluedroid: get_profile_interface handsfree
05-19 18:19:13.339 2669 2774 D HeadsetStateMachine: Enter Disconnected: -2, size: 0
05-19 18:19:13.341 2669 2669 D BluetoothAdapterService: getAdapterService() - returning com.android.bluetooth.btservice.AdapterService@3c2c45d5
05-19 18:19:13.343 1943 1943 D BluetoothA2dp: Proxy object connected
05-19 18:19:13.343 1943 1943 D BluetoothAdapter: 125488085: getState() : mService = null. Returning STATE_OFF
05-19 18:19:13.344 2669 2669 D A2dpService: Received start request. Starting profile...
05-19 18:19:13.344 2669 2669 I BluetoothAvrcpServiceJni: classInitNative: succeeds
05-19 18:19:13.344 2669 2669 I bluedroid: get_profile_interface avrcp
05-19 18:19:13.346 2173 2173 D BluetoothA2dp: Proxy object connected
05-19 18:19:13.352 2669 2750 I BluetoothAdapterState: Entering PendingCommandState State: isTurningOn()=true, isTurningOff()=false
05-19 18:19:13.358 2729 2729 D ExtensionsFactory: No custom extensions.
05-19 18:19:13.364 2669 2669 E RemoteController: Cannot set synchronization mode on an unregistered RemoteController
05-19 18:19:13.365 2669 2669 I BluetoothA2dpServiceJni: classInitNative: succeeds
05-19 18:19:13.365 2669 2669 D A2dpStateMachine: make
05-19 18:19:13.367 2669 2669 I bluedroid: get_profile_interface a2dp
05-19 18:19:13.367 2669 2777 I GKI_LINUX: gki_task_entry task_id=2 [A2DP-MEDIA] starting
05-19 18:19:13.372 1943 2406 W BackupManagerService: dataChanged but no participant pkg='com.android.providers.settings' uid=1001
05-19 18:19:13.374 2669 2669 I BluetoothHidServiceJni: classInitNative: succeeds
05-19 18:19:13.375 2669 2776 D A2dpStateMachine: Enter Disconnected: -2
05-19 18:19:13.375 2669 2669 D BluetoothAdapterService: getAdapterService() - returning com.android.bluetooth.btservice.AdapterService@3c2c45d5
05-19 18:19:13.375 2669 2669 D HeadsetStateMachine: Proxy object connected
05-19 18:19:13.377 1943 1964 D GpsLocationProvider: SIM MCC/MNC is still not available
05-19 18:19:13.377 2173 2173 D BluetoothInputDevice: Proxy object connected
05-19 18:19:13.378 2669 2669 D HidService: Received start request. Starting profile...
05-19 18:19:13.378 2669 2669 I bluedroid: get_profile_interface hidhost
05-19 18:19:13.379 2669 2669 I BluetoothHealthServiceJni: classInitNative: succeeds
05-19 18:19:13.379 1943 2151 I PackageManager: Replacing preferred activity com.android.mms/.ui.ComposeMessageActivity for user 0:
05-19 18:19:13.379 2669 2669 D BluetoothAdapterService: getAdapterService() - returning com.android.bluetooth.btservice.AdapterService@3c2c45d5
05-19 18:19:13.379 1943 2151 I PackageManager: Action: "android.intent.action.SENDTO"
05-19 18:19:13.379 1943 2151 I PackageManager: Category: "android.intent.category.DEFAULT"
05-19 18:19:13.379 1943 2151 I PackageManager: Scheme: "sms"
05-19 18:19:13.380 2669 2774 D HeadsetStateMachine: Disconnected process message: 10, size: 0
05-19 18:19:13.381 2669 2774 D HeadsetPhoneState: sendDeviceStateChanged. mService=0 mSignal=0 mRoam=0 mBatteryCharge=1
05-19 18:19:13.381 2669 2774 D HeadsetStateMachine: Disconnected process message: 11, size: 0
05-19 18:19:13.381 2669 2669 D HealthService: Received start request. Starting profile...
05-19 18:19:13.383 2669 2669 I bluedroid: get_profile_interface health
05-19 18:19:13.383 2669 2669 I BluetoothPanServiceJni: classInitNative(L105): succeeds
05-19 18:19:13.384 2669 2669 D BluetoothAdapterService: getAdapterService() - returning com.android.bluetooth.btservice.AdapterService@3c2c45d5
05-19 18:19:13.385 1943 2152 I PackageManager: Replacing preferred activity com.android.mms/.ui.ComposeMessageActivity for user 0:
05-19 18:19:13.385 2173 2173 D BluetoothPan: BluetoothPAN Proxy object connected
05-19 18:19:13.385 1943 2152 I PackageManager: Action: "android.intent.action.SENDTO"
05-19 18:19:13.385 1943 2152 I PackageManager: Category: "android.intent.category.DEFAULT"
05-19 18:19:13.385 1943 2152 I PackageManager: Scheme: "smsto"
05-19 18:19:13.386 2669 2669 D PanService: Received start request. Starting profile...
05-19 18:19:13.386 2669 2669 D BluetoothPanServiceJni: initializeNative(L110): pan
05-19 18:19:13.386 2669 2669 I bluedroid: get_profile_interface pan
05-19 18:19:13.388 2669 2669 I BtGatt.JNI: classInitNative(L873): classInitNative: Success!
05-19 18:19:13.389 1943 2076 I PackageManager: Replacing preferred activity com.android.mms/.ui.ComposeMessageActivity for user 0:
05-19 18:19:13.389 1943 2076 I PackageManager: Action: "android.intent.action.SENDTO"
05-19 18:19:13.389 1943 2076 I PackageManager: Category: "android.intent.category.DEFAULT"
05-19 18:19:13.389 1943 2076 I PackageManager: Scheme: "mms"
