05-19 18:19:13.390 2669 2669 D BluetoothAdapterService: getAdapterService() - returning com.android.bluetooth.btservice.AdapterService@3c2c45d5
05-19 18:19:13.390 2669 2669 D BtGatt.DebugUtils: handleDebugAction() action=null
05-19 18:19:13.391 1943 2389 I PackageManager: Replacing preferred activity com.android.mms/.ui.ComposeMessageActivity for user 0:
05-19 18:19:13.391 1943 2389 I PackageManager: Action: "android.intent.action.SENDTO"
05-19 18:19:13.391 1943 2389 I PackageManager: Category: "android.intent.category.DEFAULT"
05-19 18:19:13.391 1943 2389 I PackageManager: Scheme: "mmsto"
05-19 18:19:13.391 2669 2669 D BtGatt.GattService: Received start request. Starting profile...
05-19 18:19:13.391 2669 2669 D BtGatt.GattService: start()
05-19 18:19:13.391 2669 2669 I bluedroid: get_profile_interface gatt
05-19 18:19:13.391 2669 2669 D BluetoothAdapterService: getAdapterService() - returning com.android.bluetooth.btservice.AdapterService@3c2c45d5
05-19 18:19:13.392 2669 2669 D BtGatt.AdvertiseManager: advertise manager created
05-19 18:19:13.405 2669 2669 D BluetoothAdapterService: getAdapterService() - returning com.android.bluetooth.btservice.AdapterService@3c2c45d5
05-19 18:19:13.406 2173 2173 D BluetoothMap: Proxy object connected
05-19 18:19:13.407 2669 2669 D BluetoothMapService: Received start request. Starting profile...
05-19 18:19:13.407 2669 2669 D BluetoothMapService: start()
05-19 18:19:13.411 2669 2669 D BluetoothMapEmailSettingsLoader: Found 0 applications
05-19 18:19:13.411 2669 2669 D BluetoothMapEmailAppObserver: createReceiver()
05-19 18:19:13.412 2669 2669 D BluetoothMapEmailAppObserver: initObservers()
05-19 18:19:13.412 2669 2669 D BluetoothMapEmailAppObserver: getEnabledAccountItems()
05-19 18:19:13.420 2669 2750 D BluetoothAdapterState: CURRENT_STATE=PENDING, MESSAGE = STARTED, isTurningOn=true, isTurningOff=false
05-19 18:19:13.420 2669 2750 I bluedroid: enable
05-19 18:19:13.428 2669 2750 I bt_hci_bdroid: init
05-19 18:19:13.428 2669 2785 I GKI_LINUX: gki_task_entry task_id=0 [BTU] starting
05-19 18:19:13.429 2669 2785 I bt-btu : btu_task pending for preload complete event
05-19 18:19:13.434 2669 2750 I bt_vendor: init
05-19 18:19:13.434 2669 2750 I bt_vnd_conf: Attempt to load conf from /etc/bluetooth/bt_vendor.conf
05-19 18:19:13.434 2669 2750 I bt_vnd_conf: vnd_load_conf file >/etc/bluetooth/bt_vendor.conf< not found
05-19 18:19:13.434 2669 2750 D bt_userial: userial_init
05-19 18:19:13.435 2669 2787 I bt_userial_vendor: userial vendor open: opening /dev/ttyO1
05-19 18:19:13.435 2669 2787 E bt_userial_vendor: userial vendor open: unable to open /dev/ttyO1
05-19 18:19:13.435 2669 2787 E bt_userial: userial_open opened wrong number of ports: got 0, expected 1.
05-19 18:19:13.435 2669 2787 E bt_userial: userial_write error writing to serial port: Bad file number
05-19 18:19:13.508 1943 2150 I art : Explicit concurrent mark sweep GC freed 10528(513KB) AllocSpace objects, 1(16KB) LOS objects, 33% free, 7MB/11MB, paused 1.021ms total 55.261ms
05-19 18:19:13.509 1943 2150 D BluetoothManagerService: Trying to bind to profile: 1, while Bluetooth was disabled
05-19 18:19:13.528 2313 2313 I Telephony: TtyManager: updateUiTtyMode -1 -> 0
05-19 18:19:13.539 1943 1965 D GpsLocationProvider: received SIM realted action:
05-19 18:19:13.542 2173 2173 V KeyguardUpdateMonitor: onSubscriptionInfoChanged()
05-19 18:19:13.543 1943 1965 D GpsLocationProvider: SIM MCC/MNC is still not available
05-19 18:19:13.546 2173 2173 V KeyguardUpdateMonitor: onSubscriptionInfoChanged: list is null
05-19 18:19:13.631 2313 2313 D TelephonyDebugService: TelephonyDebugService()
05-19 18:19:13.632 1943 2034 D WIFI : Registering NetworkFactory
05-19 18:19:13.632 1943 2034 D WIFI_UT : Registering NetworkFactory
05-19 18:19:13.633 1943 2036 D ConnectivityService: Got NetworkFactory Messenger for WIFI
05-19 18:19:13.633 1943 2036 D ConnectivityService: Got NetworkFactory Messenger for WIFI_UT
05-19 18:19:13.634 1943 2034 D WIFI : got request NetworkRequest [ id=1, legacyType=-1, [ Capabilities: INTERNET&NOT_RESTRICTED&TRUSTED&NOT_VPN] ] with score 0
05-19 18:19:13.634 1943 2034 D WIFI_UT : got request NetworkRequest [ id=1, legacyType=-1, [ Capabilities: INTERNET&NOT_RESTRICTED&TRUSTED&NOT_VPN] ] with score 0
05-19 18:19:13.640 1943 2035 D WifiService: New client listening to asynchronous messages
05-19 18:19:13.655 1943 1943 I ActivityManager: Start proc 2794:com.android.calendar/u0a22 for broadcast com.android.calendar/.UpgradeReceiver
05-19 18:19:13.672 1943 2493 I art : DexFile_isDexOptNeeded file /system/app/Calendar/x86/Calendar.odex needs to be relocated for /system/app/Calendar/Calendar.apk
05-19 18:19:13.672 1943 2493 I PackageManager: Running patchoat on: com.android.calendar
05-19 18:19:13.675 2809 2809 E installd: Running /system/bin/patchoat isa=x86 in-fd=5 (/system/app/Calendar/x86/Calendar.odex) out-fd=6 (/data/dalvik-cache/x86/system@app@Calendar@Calendar.apk@classes.dex)
05-19 18:19:13.683 2313 2313 I Telephony: PstnIncomingCallNotifier: Registering: Handler (com.android.internal.telephony.gsm.GSMPhone) {2eafd34c}
05-19 18:19:13.851 2794 2794 D ExtensionsFactory: No custom extensions.
05-19 18:19:13.882 1943 2406 I ActivityManager: Start proc 2814:com.android.providers.calendar/u0a1 for broadcast com.android.providers.calendar/.CalendarReceiver
05-19 18:19:13.902 2814 2814 W ResourcesManager: Asset path '/system/framework/android.test.runner.jar' does not exist or contains no resources.
05-19 18:19:13.919 2814 2814 I CalendarDatabaseHelper: Bootstrapping database
05-19 18:19:13.951 2814 2814 I CalendarProvider2: Created com.android.providers.calendar.CalendarAlarmManager@1439c3bf(com.android.providers.calendar.CalendarProvider2@1af6ba8c)
05-19 18:19:14.002 1943 2389 I ActivityManager: Start proc 2834:com.android.managedprovisioning/u0a7 for broadcast com.android.managedprovisioning/.BootReminder
05-19 18:19:14.114 1620 1620 I MESA-DEBUG: Inside r600_texture_from_handle
05-19 18:19:14.114 1620 1620 I MESA-DEBUG: templ->target = 2 ; templ->depth0 = 1 ; templ->last_level = 0
05-19 18:19:14.114 1620 1620 I MESA-DEBUG: Ending r600_texture_from_handle - stride value is 256
05-19 18:19:14.114 1620 1620 I MESA-DEBUG: Inside r600_texture_from_handle
05-19 18:19:14.114 1620 1620 I MESA-DEBUG: templ->target = 2 ; templ->depth0 = 1 ; templ->last_level = 0
05-19 18:19:14.114 1620 1620 I MESA-DEBUG: Ending r600_texture_from_handle - stride value is 256
05-19 18:19:14.179 1943 2493 I ActivityManager: Start proc 2853:com.android.mms/u0a8 for broadcast com.android.mms/.transaction.MmsSystemEventReceiver
05-19 18:19:14.196 1943 2406 I art : DexFile_isDexOptNeeded file /system/priv-app/Mms/x86/Mms.odex needs to be relocated for /system/priv-app/Mms/Mms.apk
05-19 18:19:14.196 1943 2406 I PackageManager: Running patchoat on: com.android.mms
05-19 18:19:14.200 2869 2869 E installd: Running /system/bin/patchoat isa=x86 in-fd=5 (/system/priv-app/Mms/x86/Mms.odex) out-fd=6 (/data/dalvik-cache/x86/system@priv-app@Mms@Mms.apk@classes.dex)
05-19 18:19:14.209 2439 2852 I MediaProvider: Upgrading media database from version 0 to 800, which will destroy all old data
05-19 18:19:14.356 2439 2852 D MediaProvider: Adjusting external storage paths to: /storage/emulated/0
05-19 18:19:14.376 1943 2406 D CountryDetector: The first listener is added
05-19 18:19:14.388 2439 2852 E SQLiteLog: (1) no such table: files
05-19 18:19:14.395 2853 2853 V Mms : mnc/mcc:
05-19 18:19:14.395 2853 2853 V Mms : tag: bool value: enabledMMS - true
05-19 18:19:14.396 2853 2853 V Mms : tag: int value: maxMessageSize - 307200
05-19 18:19:14.396 2853 2853 V Mms : tag: int value: maxImageHeight - 480
05-19 18:19:14.396 2853 2853 V Mms : tag: int value: maxImageWidth - 640
05-19 18:19:14.396 2853 2853 V Mms : tag: int value: defaultSMSMessagesPerThread - 10000
05-19 18:19:14.396 2853 2853 V Mms : tag: int value: defaultMMSMessagesPerThread - 1000
05-19 18:19:14.396 2853 2853 V Mms : tag: int value: minMessageCountPerThread - 10
05-19 18:19:14.396 2853 2853 V Mms : tag: int value: maxMessageCountPerThread - 5000
05-19 18:19:14.396 2853 2853 V Mms : tag: string value: uaProfUrl - http://www.google.com/oha/rdf/ua-profile-kila.xml
05-19 18:19:14.396 2853 2853 V Mms : tag: int value: recipientLimit - -1
05-19 18:19:14.396 2853 2853 V Mms : tag: bool value: enableMultipartSMS - true
05-19 18:19:14.396 2853 2853 V Mms : tag: int value: smsToMmsTextThreshold - -1
05-19 18:19:14.396 2853 2853 V Mms : tag: bool value: enableSlideDuration - true
05-19 18:19:14.396 2853 2853 V Mms : tag: int value: maxMessageTextSize - -1
05-19 18:19:14.458 2853 2881 D ConnectivityManager: getMobileDataEnabled()+ subId=-1
05-19 18:19:14.461 2313 2791 D PhoneInterfaceManager: [PhoneIntfMgr] getDataEnabled: subId=-1 phoneId=-1
05-19 18:19:14.461 2313 2791 E PhoneInterfaceManager: [PhoneIntfMgr] getDataEnabled: no phone subId=-1 retVal=false
05-19 18:19:14.464 2853 2881 D ConnectivityManager: getMobileDataEnabled()- subId=-1 retVal=false
05-19 18:19:14.488 1943 2494 I ActivityManager: Start proc 2885:com.android.onetimeinitializer/u0a10 for broadcast com.android.onetimeinitializer/.OneTimeInitializerReceiver
05-19 18:19:14.500 2853 2881 D ConnectivityManager: getMobileDataEnabled()+ subId=-1
05-19 18:19:14.501 2313 2791 D PhoneInterfaceManager: [PhoneIntfMgr] getDataEnabled: subId=-1 phoneId=-1
05-19 18:19:14.501 2313 2791 E PhoneInterfaceManager: [PhoneIntfMgr] getDataEnabled: no phone subId=-1 retVal=false
05-19 18:19:14.501 2853 2881 D ConnectivityManager: getMobileDataEnabled()- subId=-1 retVal=false
05-19 18:19:14.511 1943 2495 I art : DexFile_isDexOptNeeded file /system/priv-app/OneTimeInitializer/x86/OneTimeInitializer.odex needs to be relocated for /system/priv-app/OneTimeInitializer/OneTimeInitializer.apk
05-19 18:19:14.511 1943 2495 I PackageManager: Running patchoat on: com.android.onetimeinitializer
05-19 18:19:14.512 2901 2901 E installd: Running /system/bin/patchoat isa=x86 in-fd=5 (/system/priv-app/OneTimeInitializer/x86/OneTimeInitializer.odex) out-fd=6 (/data/dalvik-cache/x86/system@priv-app@OneTimeInitializer@OneTimeInitializer.apk@classes.dex)
05-19 18:19:14.550 2853 2880 D Mms : cancelNotification
05-19 18:19:14.557 2313 2883 D MmsSmsDatabaseHelper: [MmsSmsDb] tableName: threads hasAutoIncrement: CREATE TABLE threads (_id INTEGER PRIMARY KEY AUTOINCREMENT,date INTEGER DEFAULT 0,message_count INTEGER DEFAULT 0,recipient_ids TEXT,snippet TEXT,snippet_cs INTEGER DEFAULT 0,read INTEGER DEFAULT 1,archived INTEGER DEFAULT 0,type INTEGER DEFAULT 0,error INTEGER DEFAULT 0,has_attachment INTEGER DEFAULT 0) result: true
05-19 18:19:14.558 2313 2883 D MmsSmsDatabaseHelper: [MmsSmsDb] tableName: canonical_addresses hasAutoIncrement: CREATE TABLE canonical_addresses (_id INTEGER PRIMARY KEY AUTOINCREMENT,address TEXT) result: true
05-19 18:19:14.559 2313 2883 D MmsSmsDatabaseHelper: [MmsSmsDb] tableName: part hasAutoIncrement: CREATE TABLE part (_id INTEGER PRIMARY KEY AUTOINCREMENT,mid INTEGER,seq INTEGER DEFAULT 0,ct TEXT,name TEXT,chset INTEGER,cd TEXT,fn TEXT,cid TEXT,cl TEXT,ctt_s INTEGER,ctt_t TEXT,_data TEXT,text TEXT) result: true
05-19 18:19:14.560 2313 2883 D MmsSmsDatabaseHelper: [MmsSmsDb] tableName: pdu hasAutoIncrement: CREATE TABLE pdu (_id INTEGER PRIMARY KEY AUTOINCREMENT,thread_id INTEGER,date INTEGER,date_sent INTEGER DEFAULT 0,msg_box INTEGER,read INTEGER DEFAULT 0,m_id TEXT,sub TEXT,sub_cs INTEGER,ct_t TEXT,ct_l TEXT,exp INTEGER,m_cls TEXT,m_type INTEGER,v INTEGER,m_size INTEGER,pri INTEGER,rr INTEGER,rpt_a INTEGER,resp_st INTEGER,st INTEGER,tr_id TEXT,retr_st INTEGER,retr_txt TEXT,retr_txt_cs INTEGER,read_status INTEGER,ct_cls INTEGER,resp_txt TEXT,d_tm INTEGER,d_rpt INTEGER,locked INTEGER DEFAULT 0,sub_id INTEGER DEFAULT -1, seen INTEGER DEFAULT 0,creator TEXT,text_only INTEGER DEFAULT 0) result: true
05-19 18:19:14.560 2313 2883 D MmsSmsDatabaseHelper: [getWritableDatabase] hasAutoIncrementThreads: true hasAutoIncrementAddresses: true hasAutoIncrementPart: true hasAutoIncrementPdu: true
05-19 18:19:14.561 2885 2885 V OneTimeInitializerRece: OneTimeInitializerReceiver.onReceive
05-19 18:19:14.576 2885 2902 I OneTimeInitializerServ: Updating to version 1.
05-19 18:19:14.577 2885 2902 E ActivityThread: Failed to find provider info for com.android.launcher2.settings
05-19 18:19:14.578 2794 2794 D AlertReceiver: onReceive: a=android.intent.action.BOOT_COMPLETED Intent { act=android.intent.action.BOOT_COMPLETED flg=0x8000010 cmp=com.android.calendar/.alerts.AlertReceiver (has extras) }
05-19 18:19:14.600 2794 2794 D AlertUtils: Flushing old alerts from shared prefs table
05-19 18:19:14.601 2794 2905 D AlertService: 0 Action = android.intent.action.BOOT_COMPLETED
05-19 18:19:14.621 1943 2150 I ActivityManager: Start proc 2908:com.android.camera2/u0a23 for broadcast com.android.camera2/com.android.camera.DisableCameraReceiver
05-19 18:19:14.625 2794 2905 D AlertService: Scheduling next alarm with AlarmScheduler. sEventReminderReceived: null
05-19 18:19:14.648 1632 1632 I art : Explicit concurrent mark sweep GC freed 707(30KB) AllocSpace objects, 0(0B) LOS objects, 40% free, 1918KB/3MB, paused 336us total 25.565ms
05-19 18:19:14.667 1943 2150 I art : DexFile_isDexOptNeeded file /system/app/Camera2/x86/Camera2.odex needs to be relocated for /system/app/Camera2/Camera2.apk
05-19 18:19:14.667 1943 2150 I PackageManager: Running patchoat on: com.android.camera2
05-19 18:19:14.670 2925 2925 E installd: Running /system/bin/patchoat isa=x86 in-fd=5 (/system/app/Camera2/x86/Camera2.odex) out-fd=6 (/data/dalvik-cache/x86/system@app@Camera2@Camera2.apk@classes.dex)
05-19 18:19:14.670 1632 1632 I art : Explicit concurrent mark sweep GC freed 7(240B) AllocSpace objects, 0(0B) LOS objects, 39% free, 1918KB/3MB, paused 234us total 20.889ms
05-19 18:19:14.686 1632 1632 I art : Explicit concurrent mark sweep GC freed 5(160B) AllocSpace objects, 0(0B) LOS objects, 39% free, 1918KB/3MB, paused 238us total 15.463ms
05-19 18:19:14.844 2794 2905 D AlarmScheduler: No events found starting within 1 week.
05-19 18:19:14.866 2853 2884 D Mms : cancelNotification
05-19 18:19:14.874 1619 1682 E Vold : Failed to find mounted volume for /storage/usb0/Android/data/com.android.camera2/cache/
05-19 18:19:14.874 1619 1682 W Vold : Returning OperationFailed - no handler for errno 0
05-19 18:19:14.875 2908 2908 W ContextImpl: Failed to ensure directory: /storage/usb0/Android/data/com.android.camera2/cache
05-19 18:19:14.877 1619 1682 E Vold : Failed to find mounted volume for /storage/usb1/Android/data/com.android.camera2/cache/
05-19 18:19:14.877 1619 1682 W Vold : Returning OperationFailed - no handler for errno 0
05-19 18:19:14.877 2908 2908 W ContextImpl: Failed to ensure directory: /storage/usb1/Android/data/com.android.camera2/cache
05-19 18:19:14.879 1619 1682 E Vold : Failed to find mounted volume for /storage/usb2/Android/data/com.android.camera2/cache/
05-19 18:19:14.879 1619 1682 W Vold : Returning OperationFailed - no handler for errno 0
05-19 18:19:14.880 2908 2908 W ContextImpl: Failed to ensure directory: /storage/usb2/Android/data/com.android.camera2/cache
05-19 18:19:14.884 1619 1682 E Vold : Failed to find mounted volume for /storage/usb3/Android/data/com.android.camera2/cache/
05-19 18:19:14.884 1619 1682 W Vold : Returning OperationFailed - no handler for errno 0
05-19 18:19:14.888 2908 2908 W ContextImpl: Failed to ensure directory: /storage/usb3/Android/data/com.android.camera2/cache
05-19 18:19:14.890 1619 1682 E Vold : Failed to find mounted volume for /storage/sdcard1/Android/data/com.android.camera2/cache/
05-19 18:19:14.890 1619 1682 W Vold : Returning OperationFailed - no handler for errno 0
05-19 18:19:14.891 2908 2908 W ContextImpl: Failed to ensure directory: /storage/sdcard1/Android/data/com.android.camera2/cache
05-19 18:19:14.893 1619 1682 E Vold : Failed to find mounted volume for /storage/usb0/Android/data/com.android.camera2/files/
05-19 18:19:14.893 1619 1682 W Vold : Returning OperationFailed - no handler for errno 0
05-19 18:19:14.893 2908 2908 W ContextImpl: Failed to ensure directory: /storage/usb0/Android/data/com.android.camera2/files
05-19 18:19:14.895 1619 1682 E Vold : Failed to find mounted volume for /storage/usb1/Android/data/com.android.camera2/files/
05-19 18:19:14.895 1619 1682 W Vold : Returning OperationFailed - no handler for errno 0
05-19 18:19:14.895 2908 2908 W ContextImpl: Failed to ensure directory: /storage/usb1/Android/data/com.android.camera2/files
05-19 18:19:14.898 1619 1682 E Vold : Failed to find mounted volume for /storage/usb2/Android/data/com.android.camera2/files/
05-19 18:19:14.898 1619 1682 W Vold : Returning OperationFailed - no handler for errno 0
05-19 18:19:14.898 2908 2908 W ContextImpl: Failed to ensure directory: /storage/usb2/Android/data/com.android.camera2/files
05-19 18:19:14.900 1619 1682 E Vold : Failed to find mounted volume for /storage/usb3/Android/data/com.android.camera2/files/
05-19 18:19:14.900 1619 1682 W Vold : Returning OperationFailed - no handler for errno 0
05-19 18:19:14.900 2908 2908 W ContextImpl: Failed to ensure directory: /storage/usb3/Android/data/com.android.camera2/files
05-19 18:19:14.902 1619 1682 E Vold : Failed to find mounted volume for /storage/sdcard1/Android/data/com.android.camera2/files/
05-19 18:19:14.902 1619 1682 W Vold : Returning OperationFailed - no handler for errno 0
05-19 18:19:14.903 2908 2908 W ContextImpl: Failed to ensure directory: /storage/sdcard1/Android/data/com.android.camera2/files
05-19 18:19:14.904 2908 2908 D CAM_MemoryManagerImpl: Max native memory: 358 MB
05-19 18:19:14.908 1628 2042 D Camera_Factory: CameraFactory::get_camera_info
05-19 18:19:14.908 1628 2042 D Camera_Factory: CameraFactory::getCameraInfo: id = 0, info = 0xb4d039f0
05-19 18:19:14.908 1628 2042 D Camera_Factory: CameraFactory::getCameraNum: 1
05-19 18:19:14.909 1628 2042 D CameraHardware: CameraHardware::getCameraInfo
05-19 18:19:14.909 2908 2908 I CAM_DisableCamRcver: back camera found: 0
05-19 18:19:14.942 1943 2389 I ActivityManager: Start proc 2927:com.android.deskclock/u0a26 for broadcast com.android.deskclock/.AlarmInitReceiver
05-19 18:19:14.962 2814 2814 I CalendarProvider2: Sending notification intent: Intent { act=android.intent.action.PROVIDER_CHANGED dat=content://com.android.calendar }
05-19 18:19:14.962 2814 2814 W ContentResolver: Failed to get type for: content://com.android.calendar (Unknown URL content://com.android.calendar)
05-19 18:19:14.967 1943 2493 I art : DexFile_isDexOptNeeded file /system/app/DeskClock/x86/DeskClock.odex needs to be relocated for /system/app/DeskClock/DeskClock.apk
05-19 18:19:14.967 1943 2493 I PackageManager: Running patchoat on: com.android.deskclock
05-19 18:19:14.968 2943 2943 E installd: Running /system/bin/patchoat isa=x86 in-fd=5 (/system/app/DeskClock/x86/DeskClock.odex) out-fd=6 (/data/dalvik-cache/x86/system@app@DeskClock@DeskClock.apk@classes.dex)
05-19 18:19:15.074 2927 2927 V AlarmClock: AlarmInitReceiver android.intent.action.BOOT_COMPLETED
05-19 18:19:15.081 2927 2945 V AlarmClock: AlarmInitReceiver - Reset timers and clear stopwatch data
05-19 18:19:15.083 2927 2945 V AlarmClock: AlarmInitReceiver - resetting volume button default
05-19 18:19:15.093 2927 2945 I AlarmClock: Alarms Table created
05-19 18:19:15.095 2927 2945 I AlarmClock: Instance table created
05-19 18:19:15.095 2927 2945 I AlarmClock: Cities table created
05-19 18:19:15.095 2927 2945 I AlarmClock: Inserting default alarms
05-19 18:19:15.106 2927 2945 V AlarmClock: AlarmInitReceiver finished
05-19 18:19:15.118 1628 1628 D Camera_Factory: CameraFactory::get_camera_info
05-19 18:19:15.118 1628 1628 D Camera_Factory: CameraFactory::getCameraInfo: id = 0, info = 0xbfc1fd50
05-19 18:19:15.118 1628 1628 D Camera_Factory: CameraFactory::getCameraNum: 1
05-19 18:19:15.118 1628 1628 D CameraHardware: CameraHardware::getCameraInfo
05-19 18:19:15.120 2631 2631 I G:DisableCameraReceiver: back camera found: 0
05-19 18:19:15.125 2247 2247 I SystemBroadcastReceiver: Boot has been completed
05-19 18:19:15.128 2247 2247 I LauncherIconVisibilityManager: Disable activity: ComponentInfo{com.android.inputmethod.latin/com.android.inputmethod.latin.setup.SetupActivity}
05-19 18:19:15.145 2313 2948 D SIP : [SipSharedPreferences] isReceivingCallsEnabled, option not set; use default value, exception: android.provider.Settings$SettingNotFoundException: sip_receive_calls
05-19 18:19:15.146 2514 2947 I Email : Onetime initialization: 1
05-19 18:19:15.150 2514 2947 I Email : Onetime initialization: 2
05-19 18:19:15.155 2794 2794 D AlertReceiver: onReceive: a=android.intent.action.PROVIDER_CHANGED Intent { act=android.intent.action.PROVIDER_CHANGED dat=content://com.android.calendar flg=0x10 cmp=com.android.calendar/.alerts.AlertReceiver }
05-19 18:19:15.159 2514 2947 I Email : Onetime initialization: completed.
05-19 18:19:15.166 2853 2853 V Mms : onStart: #1 mResultCode: -1 = Activity.RESULT_OK
05-19 18:19:15.167 2794 2951 D AlertService: 0 Action = android.intent.action.PROVIDER_CHANGED
05-19 18:19:15.215 2474 2474 I Exchange: EasService.onCreate
05-19 18:19:15.221 2474 2954 I Exchange: RestartPingTask
05-19 18:19:15.254 2474 2474 I Exchange: RestartPingsTask did not start any pings.
05-19 18:19:15.254 2474 2474 I Exchange: PSS stopIfIdle
05-19 18:19:15.254 2474 2474 I Exchange: PSS has no active accounts; stopping service.
05-19 18:19:15.256 2474 2474 I Exchange: onDestroy
05-19 18:19:15.384 1620 1620 I MESA-DEBUG: Inside r600_texture_from_handle
05-19 18:19:15.384 1620 1620 I MESA-DEBUG: templ->target = 2 ; templ->depth0 = 1 ; templ->last_level = 0
05-19 18:19:15.384 1620 1620 I MESA-DEBUG: Ending r600_texture_from_handle - stride value is 256
05-19 18:19:15.456 1628 2041 E MetadataRetrieverClient: failed to extract an album art
05-19 18:19:15.464 1620 1620 I MESA-DEBUG: Inside r600_texture_from_handle
05-19 18:19:15.464 1620 1620 I MESA-DEBUG: templ->target = 2 ; templ->depth0 = 1 ; templ->last_level = 0
05-19 18:19:15.464 1620 1620 I MESA-DEBUG: Ending r600_texture_from_handle - stride value is 256
05-19 18:19:15.482 1628 1628 E MetadataRetrieverClient: failed to extract an album art
05-19 18:19:15.490 1943 2493 W BackupManagerService: dataChanged but no participant pkg='com.android.providers.settings' uid=10005
05-19 18:19:15.526 1628 2041 E MetadataRetrieverClient: failed to extract an album art
05-19 18:19:15.819 1943 2040 W AudioTrack: AUDIO_OUTPUT_FLAG_FAST denied by client
05-19 18:19:15.847 1620 1620 I MESA-DEBUG: Inside r600_texture_from_handle
05-19 18:19:15.847 1620 1620 I MESA-DEBUG: templ->target = 2 ; templ->depth0 = 1 ; templ->last_level = 0
05-19 18:19:15.847 1620 1620 I MESA-DEBUG: Ending r600_texture_from_handle - stride value is 256
05-19 18:19:15.865 2439 2852 W MediaScanner: Error opening directory '/oem/media/', skipping: No such file or directory.
05-19 18:19:15.900 1620 1620 I MESA-DEBUG: Inside r600_texture_from_handle
05-19 18:19:15.900 1620 1620 I MESA-DEBUG: templ->target = 2 ; templ->depth0 = 1 ; templ->last_level = 0
05-19 18:19:15.901 1620 1620 I MESA-DEBUG: Ending r600_texture_from_handle - stride value is 256
05-19 18:19:15.904 1628 2041 E MetadataRetrieverClient: failed to extract an album art
05-19 18:19:15.943 2439 2852 W MediaScanner: Error opening directory '/storage/sdcard1/', skipping: Permission denied.
05-19 18:19:15.943 2439 2852 W MediaScanner: Error opening directory '/storage/usb0/', skipping: Permission denied.
05-19 18:19:15.943 2439 2852 W MediaScanner: Error opening directory '/storage/usb1/', skipping: Permission denied.
05-19 18:19:15.943 2439 2852 W MediaScanner: Error opening directory '/storage/usb2/', skipping: Permission denied.
05-19 18:19:15.943 2439 2852 W MediaScanner: Error opening directory '/storage/usb3/', skipping: Permission denied.
05-19 18:19:15.954 2439 2852 V MediaScanner: pruneDeadThumbnailFiles... android.database.sqlite.SQLiteCursor@30b11aaf
05-19 18:19:15.954 2439 2852 V MediaScanner: /pruneDeadThumbnailFiles... android.database.sqlite.SQLiteCursor@30b11aaf
05-19 18:19:15.960 1943 2494 I ActivityManager: Killing 2363:com.android.externalstorage/u0a6 (adj 15): empty #17
05-19 18:19:16.090 1628 1940 D audio_hw_primary: found out /dev/snd/pcmC1D0p
05-19 18:19:16.115 1943 2040 W AudioTrack: AUDIO_OUTPUT_FLAG_FAST denied by client
05-19 18:19:16.283 1620 1620 I MESA-DEBUG: Inside r600_texture_from_handle
05-19 18:19:16.283 1620 1620 I MESA-DEBUG: templ->target = 2 ; templ->depth0 = 1 ; templ->last_level = 0
05-19 18:19:16.284 1620 1620 I MESA-DEBUG: Ending r600_texture_from_handle - stride value is 256
05-19 18:19:16.351 1943 1969 E BluetoothManagerService: waitForOnOff time out
05-19 18:19:16.353 1943 1969 D BluetoothManagerService: Stored Bluetooth name: Android-x86
05-19 18:19:16.355 1943 1969 D BluetoothManagerService: Stored Bluetoothaddress: 22:22:4E:13:D2:29
05-19 18:19:16.358 2669 2750 D BluetoothAdapterState: CURRENT_STATE=PENDING, MESSAGE = USER_TURN_ON, isTurningOn=true, isTurningOff=false
05-19 18:19:16.358 2669 2750 I BluetoothAdapterState: CURRENT_STATE=PENDING: Deferring request USER_TURN_OFF
05-19 18:19:16.429 2669 2786 E bt-btif : ...preload_wait_timeout (retried:0/max-retry:0)...
05-19 18:19:16.429 2669 2785 W bt-btu : btu_task start abort!
05-19 18:19:16.429 2669 2785 I GKI_LINUX: gki_task task_id=0 [BTU] terminating
05-19 18:19:16.429 2669 2762 I GKI_LINUX: GKI_exit_task 0 done
05-19 18:19:16.429 2669 2762 I GKI_LINUX: GKI_shutdown(): task [BTU] terminated
05-19 18:19:16.429 2669 2762 I GKI_LINUX: GKI_exit_task 1 done
05-19 18:19:16.429 2669 2777 I GKI_LINUX: gki_task task_id=2 [A2DP-MEDIA] terminating
05-19 18:19:16.430 2669 2762 I GKI_LINUX: GKI_exit_task 2 done
05-19 18:19:16.430 2669 2750 D BluetoothAdapterState: CURRENT_STATE=PENDING, MESSAGE = DISABLED, isTurningOn=true, isTurningOff=false
05-19 18:19:16.430 2669 2750 E BluetoothAdapterState: Error enabling Bluetooth - hardware init failed
05-19 18:19:16.431 2669 2762 I GKI_LINUX: gki_task task_id=1 [BTIF] terminating
05-19 18:19:16.435 2669 2669 D HeadsetService: Received stop request...Stopping profile...
05-19 18:19:16.436 2669 2774 D HeadsetStateMachine: Exit Disconnected: -1
05-19 18:19:16.439 2669 2669 D A2dpService: Received stop request...Stopping profile...
05-19 18:19:16.440 2669 2776 D A2dpStateMachine: Exit Disconnected: -1
05-19 18:19:16.441 2562 2627 V RenderScript: 0xae275a00 Launching thread(s), CPUs 2
05-19 18:19:16.442 1943 1943 D BluetoothA2dp: Proxy object disconnected
05-19 18:19:16.443 2669 2669 D HidService: Received stop request...Stopping profile...
05-19 18:19:16.444 2669 2750 D BluetoothAdapterProperties: Setting state to 10
05-19 18:19:16.444 2669 2750 I BluetoothAdapterState: Bluetooth adapter state changed: 11-> 10
05-19 18:19:16.444 2669 2750 I BluetoothAdapterState: Entering OffState
05-19 18:19:16.444 2669 2750 D BluetoothAdapterState: CURRENT_STATE=OFF, MESSAGE = USER_TURN_OFF
05-19 18:19:16.445 2173 2173 D BluetoothA2dp: Proxy object disconnected
05-19 18:19:16.445 2669 2669 D HealthService: Received stop request...Stopping profile...
05-19 18:19:16.447 2669 2669 D HeadsetStateMachine: Unbinding service...
05-19 18:19:16.448 2173 2173 D BluetoothInputDevice: Proxy object disconnected
05-19 18:19:16.451 2669 2669 W BluetoothHeadsetServiceJni: Cleaning up Bluetooth Handsfree Interface...
05-19 18:19:16.451 2669 2669 W BluetoothHeadsetServiceJni: Cleaning up Bluetooth Handsfree callback object
05-19 18:19:16.451 2669 2669 D PanService: Received stop request...Stopping profile...
05-19 18:19:16.452 2669 2669 D BtGatt.DebugUtils: handleDebugAction() action=null
05-19 18:19:16.453 2669 2669 D BtGatt.GattService: Received stop request...Stopping profile...
05-19 18:19:16.453 2669 2669 D BtGatt.GattService: stop()
05-19 18:19:16.453 2669 2669 D BtGatt.AdvertiseManager: advertise clients cleared
05-19 18:19:16.456 2669 2669 D BluetoothMapService: Received stop request...Stopping profile...
05-19 18:19:16.456 2669 2669 D BluetoothMapService: stop()
05-19 18:19:16.456 2669 2669 D BluetoothMapEmailAppObserver: deinitObservers()
05-19 18:19:16.457 2669 2669 D BluetoothMapEmailAppObserver: removeReceiver()
05-19 18:19:16.458 2669 2669 W BluetoothHidServiceJni: Cleaning up Bluetooth HID Interface...
05-19 18:19:16.458 2669 2669 W bt-btif : cleanup: HH disabling or disabled already, status = 0
05-19 18:19:16.458 2669 2669 W BluetoothHidServiceJni: Cleaning up Bluetooth GID callback object
05-19 18:19:16.458 2669 2669 W BluetoothHealthServiceJni: Cleaning up Bluetooth Health Interface...
05-19 18:19:16.458 2669 2669 W BluetoothHealthServiceJni: Cleaning up Bluetooth Health object
05-19 18:19:16.458 2669 2669 W BluetoothPanServiceJni: Cleaning up Bluetooth PAN Interface...
05-19 18:19:16.458 2669 2669 W BluetoothPanServiceJni: Cleaning up Bluetooth PAN callback object
05-19 18:19:16.460 2669 2669 D BtGatt.GattService: cleanup()
05-19 18:19:16.463 2173 2173 D BluetoothPan: BluetoothPAN Proxy object disconnected
05-19 18:19:16.464 2173 2173 D BluetoothMap: Proxy object disconnected
05-19 18:19:16.465 2669 2669 W bt-btif : GATTC Module not enabled/already disabled
05-19 18:19:16.465 2669 2669 W bt-btif : GATTS Module not enabled/already disabled
05-19 18:19:16.465 2669 2669 D BtGatt.AdvertiseManager: advertise clients cleared
05-19 18:19:16.468 2669 2669 D BluetoothMapService: MAP Service closeService in
05-19 18:19:16.468 2669 2669 D BluetoothMapMasInstance: MAP Service shutdown
05-19 18:19:16.469 2669 2669 D BluetoothMapService: cleanup()
05-19 18:19:16.469 2669 2669 D BluetoothMapService: MAP Service closeService in
05-19 18:19:16.660 1943 1969 D BluetoothManagerService: unbindAndFinish(): android.bluetooth.IBluetooth$Stub$Proxy@202d4102 mBinding = false
05-19 18:19:16.660 1943 1969 D BluetoothManagerService: Sending unbind request.
05-19 18:19:16.661 1943 1969 D BluetoothManagerService: Message: 20
05-19 18:19:16.661 1943 1969 D BluetoothManagerService: Added callback: android.bluetooth.IBluetoothManagerCallback$Stub$Proxy@26caf450:true
05-19 18:19:16.661 1943 1969 D BluetoothManagerService: Message: 30
05-19 18:19:16.662 2669 2669 I BluetoothServiceJni: cleanupNative: return from cleanup
05-19 18:19:16.664 2669 2669 I art : System.exit called, status: 0
05-19 18:19:16.664 2669 2669 I AndroidRuntime: VM exiting with result code 0, cleanup skipped.
05-19 18:19:16.676 1943 2153 I ActivityManager: Process com.android.bluetooth (pid 2669) has died
05-19 18:19:16.897 1620 1620 I MESA-DEBUG: Inside r600_texture_from_handle
05-19 18:19:16.897 1620 1620 I MESA-DEBUG: templ->target = 2 ; templ->depth0 = 1 ; templ->last_level = 0
05-19 18:19:16.898 1620 1620 I MESA-DEBUG: Ending r600_texture_from_handle - stride value is 256
05-19 18:19:16.946 1943 2040 W AudioTrack: AUDIO_OUTPUT_FLAG_FAST denied by client
05-19 18:19:17.066 1620 1620 I MESA-DEBUG: Inside r600_texture_from_handle
05-19 18:19:17.066 1620 1620 I MESA-DEBUG: templ->target = 2 ; templ->depth0 = 1 ; templ->last_level = 0
05-19 18:19:17.066 1620 1620 I MESA-DEBUG: Ending r600_texture_from_handle - stride value is 256
05-19 18:19:18.239 1943 2025 I InputReader: Reconfiguring input devices. changes=0x00000010
05-19 18:19:18.241 1943 2025 I InputReader: Reconfiguring input devices. changes=0x00000010
05-19 18:19:18.243 1943 2025 I InputReader: Reconfiguring input devices. changes=0x00000010
05-19 18:19:18.257 1943 2025 I InputReader: Reconfiguring input devices. changes=0x00000010
05-19 18:19:18.266 1943 2025 I InputReader: Reconfiguring input devices. changes=0x00000010
05-19 18:19:18.269 1943 1943 D BackupManagerService: Received broadcast Intent { act=android.intent.action.PACKAGE_CHANGED dat=package:com.android.camera2 flg=0x4000010 (has extras) }
05-19 18:19:18.275 2562 2562 W Launcher: setApplicationContext called twice! old=com.android.launcher3.LauncherApplication@1af6ba8c new=com.android.launcher3.LauncherApplication@1af6ba8c
05-19 18:19:18.275 1943 1943 D BackupManagerService: Received broadcast Intent { act=android.intent.action.PACKAGE_CHANGED dat=package:com.android.provision flg=0x4000010 (has extras) }
05-19 18:19:18.280 1943 2025 I InputReader: Reconfiguring input devices. changes=0x00000010
05-19 18:19:18.287 1943 2025 I InputReader: Reconfiguring input devices. changes=0x00000010
05-19 18:19:18.300 2562 2562 W Launcher: setApplicationContext called twice! old=com.android.launcher3.LauncherApplication@1af6ba8c new=com.android.launcher3.LauncherApplication@1af6ba8c
05-19 18:19:18.304 1943 1943 D BackupManagerService: Received broadcast Intent { act=android.intent.action.PACKAGE_CHANGED dat=package:com.android.calendar flg=0x4000010 (has extras) }
05-19 18:19:18.316 1943 1943 D BackupManagerService: Received broadcast Intent { act=android.intent.action.PACKAGE_CHANGED dat=package:com.android.gallery3d flg=0x4000010 (has extras) }
05-19 18:19:18.320 1943 1943 D BackupManagerService: Received broadcast Intent { act=android.intent.action.PACKAGE_CHANGED dat=package:com.android.inputmethod.latin flg=0x4000010 (has extras) }
05-19 18:19:18.320 1943 2493 W BackupManagerService: dataChanged but no participant pkg='com.cyanogenmod.trebuchet' uid=10014
05-19 18:19:18.331 1943 1943 D BackupManagerService: Received broadcast Intent { act=android.intent.action.PACKAGE_CHANGED dat=package:com.android.settings flg=0x4000010 (has extras) }
05-19 18:19:18.355 1943 1943 D BackupManagerService: Received broadcast Intent { act=android.intent.action.PACKAGE_CHANGED dat=package:com.android.email flg=0x4000010 (has extras) }
05-19 18:19:18.366 2562 2562 W Launcher: setApplicationContext called twice! old=com.android.launcher3.LauncherApplication@1af6ba8c new=com.android.launcher3.LauncherApplication@1af6ba8c
05-19 18:19:18.471 2562 2562 W Launcher: setApplicationContext called twice! old=com.android.launcher3.LauncherApplication@1af6ba8c new=com.android.launcher3.LauncherApplication@1af6ba8c
05-19 18:19:18.480 1620 1620 I MESA-DEBUG: Inside r600_texture_from_handle
05-19 18:19:18.480 1620 1620 I MESA-DEBUG: templ->target = 2 ; templ->depth0 = 1 ; templ->last_level = 0
05-19 18:19:18.480 1620 1620 I MESA-DEBUG: Ending r600_texture_from_handle - stride value is 256
05-19 18:19:18.524 1943 2495 W BackupManagerService: dataChanged but no participant pkg='com.cyanogenmod.trebuchet' uid=10014
05-19 18:19:18.550 1943 2152 W BackupManagerService: dataChanged but no participant pkg='com.cyanogenmod.trebuchet' uid=10014
05-19 18:19:18.563 2562 2562 W Launcher: setApplicationContext called twice! old=com.android.launcher3.LauncherApplication@1af6ba8c new=com.android.launcher3.LauncherApplication@1af6ba8c
05-19 18:19:18.606 2562 2562 W Launcher: setApplicationContext called twice! old=com.android.launcher3.LauncherApplication@1af6ba8c new=com.android.launcher3.LauncherApplication@1af6ba8c
05-19 18:19:18.639 2562 2562 W Launcher: setApplicationContext called twice! old=com.android.launcher3.LauncherApplication@1af6ba8c new=com.android.launcher3.LauncherApplication@1af6ba8c
05-19 18:19:18.972 2814 2972 E SQLiteLog: (284) automatic index on view_events(_id)
05-19 18:19:19.114 1620 1620 I MESA-DEBUG: Inside r600_texture_from_handle
05-19 18:19:19.114 1620 1620 I MESA-DEBUG: templ->target = 2 ; templ->depth0 = 1 ; templ->last_level = 0
05-19 18:19:19.114 1620 1620 I MESA-DEBUG: Ending r600_texture_from_handle - stride value is 256
05-19 18:19:19.947 1620 1620 I MESA-DEBUG: Inside r600_texture_from_handle
05-19 18:19:19.947 1620 1620 I MESA-DEBUG: templ->target = 2 ; templ->depth0 = 1 ; templ->last_level = 0
05-19 18:19:19.947 1620 1620 I MESA-DEBUG: Ending r600_texture_from_handle - stride value is 256
05-19 18:19:20.168 2794 2951 I GlobalDismissManager: no sender configured
05-19 18:19:20.169 2794 2951 D AlertService: Beginning updateAlertNotification
05-19 18:19:20.178 2794 2951 D AlertService: No fired or scheduled alerts
05-19 18:19:20.193 2794 2951 D AlertService: Scheduling next alarm with AlarmScheduler. sEventReminderReceived: null
05-19 18:19:20.200 2794 2951 D AlarmScheduler: No events found starting within 1 week.
05-19 18:19:20.283 1943 2151 I ActivityManager: START u0 {act=android.intent.action.MAIN cat=[android.intent.category.LAUNCHER] flg=0x10200000 cmp=com.android.settings/.Settings bnds=[1154,501][1311,605]} from uid 10014 on display 0
05-19 18:19:20.285 1943 2040 W AudioTrack: AUDIO_OUTPUT_FLAG_FAST denied by client
05-19 18:19:20.295 1943 2151 V WindowManager: addAppToken: AppWindowToken{350cbfc2 token=Token{db8640d ActivityRecord{d740ea4 u0 com.android.settings/.Settings t5}}} to stack=1 task=5 at 0
05-19 18:19:20.302 1628 1940 D audio_hw_primary: found out /dev/snd/pcmC1D0p
05-19 18:19:20.318 1943 1970 V WindowManager: Adding window Window{1b0c84b u0 Starting com.android.settings} at 2 of 7 (after Window{28efc470 u0 com.cyanogenmod.trebuchet/com.android.launcher3.Launcher})
05-19 18:19:20.380 1620 1620 I MESA-DEBUG: Inside r600_texture_from_handle
05-19 18:19:20.380 1620 1620 I MESA-DEBUG: templ->target = 2 ; templ->depth0 = 1 ; templ->last_level = 0
05-19 18:19:20.381 1620 1620 I MESA-DEBUG: Ending r600_texture_from_handle - stride value is 5632
05-19 18:19:20.397 1620 1620 I MESA-DEBUG: Inside r600_texture_from_handle
05-19 18:19:20.397 1620 1620 I MESA-DEBUG: templ->target = 2 ; templ->depth0 = 1 ; templ->last_level = 0
05-19 18:19:20.397 1620 1620 I MESA-DEBUG: Ending r600_texture_from_handle - stride value is 5632
05-19 18:19:20.442 2458 2975 I IndexDatabaseHelper: Bootstrapped database
05-19 18:19:20.444 2458 2975 I IndexDatabaseHelper: Using schema version: 115
05-19 18:19:20.445 2458 2975 I IndexDatabaseHelper: Index is fine
05-19 18:19:20.491 2458 2976 D OpenGLRenderer: Use EGL_SWAP_BEHAVIOR_PRESERVED: true
05-19 18:19:20.493 2458 2458 I GRALLOC-RADEON: detected chipset 0x9834 family 0x3c (vram size 490MiB, gart size 1019MiB)
05-19 18:19:20.493 2458 2458 I GRALLOC-DRM: create radeon for driver radeon
05-19 18:19:20.498 2458 2458 D Atlas : Validating map...
05-19 18:19:20.531 1943 2152 V WindowManager: Adding window Window{2fa85a3b u0 com.android.settings/com.android.settings.Settings} at 2 of 8 (before Window{1b0c84b u0 Starting com.android.settings})
05-19 18:19:20.705 2458 2458 D DashboardSummary: rebuildUI took: 164 ms
05-19 18:19:20.725 2458 2975 V NFC : this device does not have NFC support
05-19 18:19:20.773 2458 2976 I EGL-GALLIUM: using DRM screen
05-19 18:19:20.773 2458 2976 I EGL-GALLIUM: skip unsupported native format 0x3
05-19 18:19:20.773 2458 2976 I OpenGLRenderer: Initialized EGL, version 1.4
05-19 18:19:20.781 2458 2976 D OpenGLRenderer: Enabling debug mode 0
05-19 18:19:20.781 2458 2976 I MESA-DEBUG: Inside r600_texture_from_handle
05-19 18:19:20.781 2458 2976 I MESA-DEBUG: templ->target = 2 ; templ->depth0 = 1 ; templ->last_level = 0
05-19 18:19:20.781 2458 2976 I MESA-DEBUG: Ending r600_texture_from_handle - stride value is 3072
05-19 18:19:20.789 2458 2976 I MESA-DEBUG: Inside r600_texture_from_handle
05-19 18:19:20.789 2458 2976 I MESA-DEBUG: templ->target = 2 ; templ->depth0 = 1 ; templ->last_level = 0
05-19 18:19:20.789 2458 2976 I MESA-DEBUG: Ending r600_texture_from_handle - stride value is 5632
05-19 18:19:21.190 1943 2035 I art : Explicit concurrent mark sweep GC freed 29183(1787KB) AllocSpace objects, 15(240KB) LOS objects, 33% free, 8MB/12MB, paused 1.641ms total 85.819ms
05-19 18:19:21.190 1943 2035 D WifiService: New client listening to asynchronous messages
05-19 18:19:21.325 1943 1969 D BluetoothManagerService: Message: 20
05-19 18:19:21.325 1943 1969 D BluetoothManagerService: Added callback: android.bluetooth.IBluetoothManagerCallback$Stub$Proxy@358696b1:true
05-19 18:19:21.338 2458 2975 D BluetoothAdapter: 302945290: getState() : mService = null. Returning STATE_OFF
05-19 18:19:21.352 1943 1969 D BluetoothManagerService: Message: 30
05-19 18:19:21.370 1943 1969 D BluetoothManagerService: Message: 30
05-19 18:19:21.372 2458 2975 D LocalBluetoothProfileManager: Adding local MAP profile
05-19 18:19:21.373 2458 2975 D BluetoothMap: Create BluetoothMap proxy object
05-19 18:19:21.374 1943 1969 D BluetoothManagerService: Message: 30
05-19 18:19:21.378 1943 1969 D BluetoothManagerService: Message: 30
05-19 18:19:21.383 2458 2975 D LocalBluetoothProfileManager: LocalBluetoothProfileManager construction complete
05-19 18:19:21.384 2458 2975 D BluetoothAdapter: 302945290: getState() : mService = null. Returning STATE_OFF
05-19 18:19:21.464 1620 1620 I MESA-DEBUG: Inside r600_texture_from_handle
05-19 18:19:21.464 1620 1620 I MESA-DEBUG: templ->target = 2 ; templ->depth0 = 1 ; templ->last_level = 0
05-19 18:19:21.464 1620 1620 I MESA-DEBUG: Ending r600_texture_from_handle - stride value is 5632
05-19 18:19:21.469 1943 1970 I ActivityManager: Displayed com.android.settings/.Settings: +1s157ms
05-19 18:19:21.474 2458 2458 I Choreographer: Skipped 35 frames! The application may be doing too much work on its main thread.
05-19 18:19:21.508 2458 2975 D Index : Indexing locale 'en_US' took 1054 millis
05-19 18:19:21.536 2458 2976 I MESA-DEBUG: Inside r600_texture_from_handle
05-19 18:19:21.536 2458 2976 I MESA-DEBUG: templ->target = 2 ; templ->depth0 = 1 ; templ->last_level = 0
05-19 18:19:21.536 2458 2976 I MESA-DEBUG: Ending r600_texture_from_handle - stride value is 5632
05-19 18:19:21.547 1620 1620 I MESA-DEBUG: Inside r600_texture_from_handle
05-19 18:19:21.547 1620 1620 I MESA-DEBUG: templ->target = 2 ; templ->depth0 = 1 ; templ->last_level = 0
05-19 18:19:21.547 1620 1620 I MESA-DEBUG: Ending r600_texture_from_handle - stride value is 5632
05-19 18:19:21.547 1620 1620 I MESA-DEBUG: Inside r600_texture_from_handle
05-19 18:19:21.547 1620 1620 I MESA-DEBUG: templ->target = 2 ; templ->depth0 = 1 ; templ->last_level = 0
05-19 18:19:21.548 1620 1620 I MESA-DEBUG: Ending r600_texture_from_handle - stride value is 256
05-19 18:19:21.919 2458 2976 I MESA-DEBUG: Inside r600_texture_from_handle
05-19 18:19:21.919 2458 2976 I MESA-DEBUG: templ->target = 2 ; templ->depth0 = 1 ; templ->last_level = 0
05-19 18:19:21.920 2458 2976 I MESA-DEBUG: Ending r600_texture_from_handle - stride value is 5632
05-19 18:19:21.930 1620 1620 I MESA-DEBUG: Inside r600_texture_from_handle
05-19 18:19:21.930 1620 1620 I MESA-DEBUG: templ->target = 2 ; templ->depth0 = 1 ; templ->last_level = 0
05-19 18:19:21.930 1620 1620 I MESA-DEBUG: Ending r600_texture_from_handle - stride value is 5632
05-19 18:19:24.264 1943 1965 I ActivityManager: Waited long enough for: ServiceRecord{190bb869 u0 com.android.music/.MediaPlaybackService}
05-19 18:19:24.776 1943 2040 W AudioTrack: AUDIO_OUTPUT_FLAG_FAST denied by client
05-19 18:19:24.777 1943 2150 I ActivityManager: START u0 {act=android.intent.action.MAIN cmp=com.android.settings/.SubSettings (has extras)} from uid 1000 on display 0
05-19 18:19:24.780 1943 2150 V WindowManager: addAppToken: AppWindowToken{1c94e059 token=Token{b76dca0 ActivityRecord{e8391a3 u0 com.android.settings/.SubSettings t5}}} to stack=1 task=5 at 1
05-19 18:19:24.794 1628 1940 D audio_hw_primary: found out /dev/snd/pcmC1D0p
05-19 18:19:24.836 2458 2458 D SubSettings: Launching fragment com.android.settings.wifi.WifiSettings
05-19 18:19:24.879 1943 2494 V WindowManager: Adding window Window{1685cbef u0 com.android.settings/com.android.settings.SubSettings} at 3 of 8 (after Window{2fa85a3b u0 com.android.settings/com.android.settings.Settings})
05-19 18:19:24.943 2458 2976 I MESA-DEBUG: Inside r600_texture_from_handle
05-19 18:19:24.943 2458 2976 I MESA-DEBUG: templ->target = 2 ; templ->depth0 = 1 ; templ->last_level = 0
05-19 18:19:24.943 2458 2976 I MESA-DEBUG: Ending r600_texture_from_handle - stride value is 5632
05-19 18:19:24.961 2458 2985 D Index : Deleting data for locale 'en_US' took 3 millis
05-19 18:19:24.965 2458 2985 D Index : Indexing locale 'en_US' took 4 millis
05-19 18:19:25.061 1943 1970 I ActivityManager: Displayed com.android.settings/.SubSettings: +268ms
05-19 18:19:25.064 1620 1620 I MESA-DEBUG: Inside r600_texture_from_handle
05-19 18:19:25.064 1620 1620 I MESA-DEBUG: templ->target = 2 ; templ->depth0 = 1 ; templ->last_level = 0
05-19 18:19:25.064 1620 1620 I MESA-DEBUG: Ending r600_texture_from_handle - stride value is 5632
05-19 18:19:25.067 2458 2976 I MESA-DEBUG: Inside r600_texture_from_handle
05-19 18:19:25.067 2458 2976 I MESA-DEBUG: templ->target = 2 ; templ->depth0 = 1 ; templ->last_level = 0
05-19 18:19:25.067 2458 2976 I MESA-DEBUG: Ending r600_texture_from_handle - stride value is 5632
05-19 18:19:25.080 1620 1620 I MESA-DEBUG: Inside r600_texture_from_handle
05-19 18:19:25.080 1620 1620 I MESA-DEBUG: templ->target = 2 ; templ->depth0 = 1 ; templ->last_level = 0
05-19 18:19:25.081 1620 1620 I MESA-DEBUG: Ending r600_texture_from_handle - stride value is 5632
05-19 18:19:25.105 2458 2976 D OpenGLRenderer: endAllStagingAnimators on 0xa117a080 (RippleDrawable) with handle 0xa0dc8fa0
05-19 18:19:26.699 2458 2976 I MESA-DEBUG: Inside r600_texture_from_handle
05-19 18:19:26.699 2458 2976 I MESA-DEBUG: templ->target = 2 ; templ->depth0 = 1 ; templ->last_level = 0
05-19 18:19:26.699 2458 2976 I MESA-DEBUG: Ending r600_texture_from_handle - stride value is 5632
05-19 18:19:26.714 1620 1620 I MESA-DEBUG: Inside r600_texture_from_handle
05-19 18:19:26.714 1620 1620 I MESA-DEBUG: templ->target = 2 ; templ->depth0 = 1 ; templ->last_level = 0
05-19 18:19:26.714 1620 1620 I MESA-DEBUG: Ending r600_texture_from_handle - stride value is 5632
05-19 18:19:27.433 1943 2153 D WifiService: setWifiEnabled: true pid=2458, uid=1000
05-19 18:19:27.433 1943 2153 E WifiService: Invoking mWifiStateMachine.setWifiEnabled
05-19 18:19:27.438 1943 2034 E WifiStateMachine: Failed to reload STA firmware java.lang.IllegalArgumentException: command '14 softap fwreload wlan0 STA' failed with '501 14 SoftAP command has failed'
05-19 18:19:27.439 1623 1886 D CommandListener: Setting iface cfg
05-19 18:19:27.439 1623 1886 D CommandListener: Trying to bring down wlan0
05-19 18:19:27.440 1943 2040 W AudioTrack: AUDIO_OUTPUT_FLAG_FAST denied by client
05-19 18:19:27.440 1623 1886 D CommandListener: Clearing all IP addresses on wlan0
05-19 18:19:27.442 1943 2034 E WifiMonitor: killSupplicant p2pfalse init.svc.wpa_supplicant=unknown init.svc.p2p_supplicant=unknown
05-19 18:19:27.544 1943 2034 D WifiMonitor: startMonitoring(wlan0) with mConnected = false
05-19 18:19:27.574 2988 2988 D wpa_supplicant: wpa_supplicant v2.3-5.1.1
05-19 18:19:27.575 2988 2988 D wpa_supplicant: Add randomness: count=1 entropy=0
05-19 18:19:27.575 2988 2988 D wpa_supplicant: random pool - hexdump(len=128): [REMOVED]
05-19 18:19:27.575 2988 2988 D wpa_supplicant: random_mix_pool - hexdump(len=8): [REMOVED]
05-19 18:19:27.575 2988 2988 D wpa_supplicant: random_mix_pool - hexdump(len=20): [REMOVED]
05-19 18:19:27.575 2988 2988 D wpa_supplicant: random pool - hexdump(len=128): [REMOVED]
05-19 18:19:27.575 2988 2988 D wpa_supplicant: random: Added entropy from /data/misc/wifi/entropy.bin (own_pool_ready=2)
05-19 18:19:27.575 2988 2988 D wpa_supplicant: random: Trying to read entropy from /dev/random
05-19 18:19:27.575 2988 2988 D wpa_supplicant: Get randomness: len=20 entropy=1
05-19 18:19:27.576 2988 2988 D wpa_supplicant: random from os_get_random - hexdump(len=20): [REMOVED]
05-19 18:19:27.576 2988 2988 D wpa_supplicant: random_mix_pool - hexdump(len=20): [REMOVED]
05-19 18:19:27.576 2988 2988 D wpa_supplicant: random from internal pool - hexdump(len=16): [REMOVED]
05-19 18:19:27.576 2988 2988 D wpa_supplicant: random_mix_pool - hexdump(len=20): [REMOVED]
05-19 18:19:27.576 2988 2988 D wpa_supplicant: random from internal pool - hexdump(len=16): [REMOVED]
05-19 18:19:27.576 2988 2988 D wpa_supplicant: mixed random - hexdump(len=20): [REMOVED]
05-19 18:19:27.576 2988 2988 D wpa_supplicant: random: Updated entropy file /data/misc/wifi/entropy.bin (own_pool_ready=2)
05-19 18:19:27.576 2988 2988 D wpa_supplicant: Global control interface '@android:wpa_wlan0'
05-19 18:19:27.576 2988 2988 D wpa_supplicant: Using Android control socket 'wpa_wlan0'
05-19 18:19:27.577 2988 2988 I wpa_supplicant: Successfully initialized wpa_supplicant
05-19 18:19:27.578 2988 2988 D wpa_supplicant: Override interface parameter: ctrl_interface ('(null)' -> '/data/misc/wifi/sockets')
05-19 18:19:27.578 2988 2988 D wpa_supplicant: Initializing interface 'wlan0' conf '/data/misc/wifi/wpa_supplicant.conf' driver 'nl80211' ctrl_interface '/data/misc/wifi/sockets' bridge 'N/A'
05-19 18:19:27.578 2988 2988 D wpa_supplicant: Configuration file '/data/misc/wifi/wpa_supplicant.conf' -> '/data/misc/wifi/wpa_supplicant.conf'
05-19 18:19:27.578 2988 2988 D wpa_supplicant: Reading configuration file '/data/misc/wifi/wpa_supplicant.conf'
05-19 18:19:27.578 2988 2988 D wpa_supplicant: ctrl_interface='wlan0'
05-19 18:19:27.578 2988 2988 D wpa_supplicant: update_config=1
05-19 18:19:27.578 2988 2988 D wpa_supplicant: eapol_version=1
05-19 18:19:27.578 2988 2988 D wpa_supplicant: ap_scan=1
05-19 18:19:27.578 2988 2988 D wpa_supplicant: fast_reauth=1
05-19 18:19:27.581 2988 2988 I wpa_supplicant: rfkill: Cannot open RFKILL control device
05-19 18:19:27.581 2988 2988 D wpa_supplicant: nl80211: RFKILL status not available
05-19 18:19:27.586 2988 2988 D wpa_supplicant: nl80211: TDLS supported
05-19 18:19:27.586 2988 2988 D wpa_supplicant: nl80211: TDLS external setup
05-19 18:19:27.586 2988 2988 D wpa_supplicant: nl80211: Supported cipher 00-0f-ac:1
05-19 18:19:27.586 2988 2988 D wpa_supplicant: nl80211: Supported cipher 00-0f-ac:5
05-19 18:19:27.586 2988 2988 D wpa_supplicant: nl80211: Supported cipher 00-0f-ac:2
05-19 18:19:27.586 2988 2988 D wpa_supplicant: nl80211: Supported cipher 00-0f-ac:4
05-19 18:19:27.586 2988 2988 D wpa_supplicant: nl80211: Supported cipher 00-0f-ac:10
05-19 18:19:27.586 2988 2988 D wpa_supplicant: nl80211: Supported cipher 00-0f-ac:8
05-19 18:19:27.586 2988 2988 D wpa_supplicant: nl80211: Supported cipher 00-0f-ac:9
