--------- beginning of main
08-19 09:50:12.187 165 165 I SELinux : SELinux: Loaded service_contexts from:
08-19 09:50:12.195 163 163 I SELinux : SELinux: Loaded service_contexts from:
08-19 09:50:12.201 165 165 I SELinux : /vendor/etc/selinux/vndservice_contexts
08-19 09:50:12.204 163 163 I SELinux : /system/etc/selinux/plat_service_contexts
08-19 09:50:12.543 164 164 I chatty : uid=1000(system) hwservicemanage expire 10 lines
08-19 09:50:05.770 162 162 W auditd : type=2000 audit(0.0:1): state=initialized audit_enabled=0 res=1
08-19 09:50:09.460 162 162 I auditd : type=1403 audit(0.0:2): policy loaded auid=4294967295 ses=4294967295
08-19 09:50:09.850 1 1 I chatty : uid=0(root) /init expire 10 lines
08-19 09:50:11.170 154 154 I e2fsck : type=1400 audit(0.0:6): avc: denied { read } for name="mmcblk0p11" dev="tmpfs" ino=9418 scontext=u:r:fsck:s0 tcontext=u:object_r:block_device:s0 tclass=blk_file permissive=1
08-19 09:50:11.190 154 154 I e2fsck : type=1400 audit(0.0:7): avc: denied { open } for path="/dev/block/mmcblk0p11" dev="tmpfs" ino=9418 scontext=u:r:fsck:s0 tcontext=u:object_r:block_device:s0 tclass=blk_file permissive=1
08-19 09:50:11.190 154 154 I e2fsck : type=1400 audit(0.0:8): avc: denied { write } for name="mmcblk0p11" dev="tmpfs" ino=9418 scontext=u:r:fsck:s0 tcontext=u:object_r:block_device:s0 tclass=blk_file permissive=1
08-19 09:50:11.190 154 154 I e2fsck : type=1400 audit(0.0:9): avc: denied { ioctl } for path="/dev/block/mmcblk0p11" dev="tmpfs" ino=9418 ioctlcmd=0x127c scontext=u:r:fsck:s0 tcontext=u:object_r:block_device:s0 tclass=blk_file permissive=1
08-19 09:50:12.777 168 168 D vndksupport: Loading /vendor/lib/hw/android.hardware.keymaster@3.0-impl.so from current namespace instead of sphal namespace.
08-19 09:50:12.864 168 168 I android.hardware.keymaster@3.0-impl: Fetching keymaster device name default
08-19 09:50:12.866 168 168 I android.hardware.keymaster@3.0-impl: Could not find any keystore module, using software-only implementation.
08-19 09:50:12.871 168 168 I ServiceManagement: Removing namespace from process name android.hardware.keymaster@3.0-service to keymaster@3.0-service.
08-19 09:50:12.873 168 168 I android.hardware.keymaster@3.0-service: Registration complete for android.hardware.keymaster@3.0::IKeymasterDevice/default. --------- beginning of system
08-19 09:50:12.937 169 169 I vold : Vold 3.0 (the awakening) firing up
08-19 09:50:12.939 169 169 V vold : Detected support for: ext4 f2fs vfat
08-19 09:50:12.953 169 169 D vold : Tearing down stale mount /mnt/shm
08-19 09:50:12.971 169 169 V vold : Found unmanaged dm device named vendor
08-19 09:50:12.971 169 169 V vold : Found unmanaged dm device named system
08-19 09:50:12.972 169 169 W vold : Failed to LOOP_GET_STATUS64 /dev/block/loop3: No such device or address
08-19 09:50:12.972 169 169 W vold : Failed to LOOP_GET_STATUS64 /dev/block/loop5: No such device or address
08-19 09:50:12.972 169 169 W vold : Failed to LOOP_GET_STATUS64 /dev/block/loop7: No such device or address
08-19 09:50:12.972 169 169 W vold : Failed to LOOP_GET_STATUS64 /dev/block/loop0: No such device or address
08-19 09:50:12.972 169 169 W vold : Failed to LOOP_GET_STATUS64 /dev/block/loop2: No such device or address
08-19 09:50:12.972 169 169 W vold : Failed to LOOP_GET_STATUS64 /dev/block/loop4: No such device or address
08-19 09:50:12.972 169 169 W vold : Failed to LOOP_GET_STATUS64 /dev/block/loop6: No such device or address
08-19 09:50:12.972 169 169 W vold : Failed to LOOP_GET_STATUS64 /dev/block/loop1: No such device or address
08-19 09:50:12.983 169 169 D vold : VoldNativeService::start() completed OK
08-19 09:50:13.012 169 175 I vold : e4crypt_initialize_global_de
08-19 09:50:13.013 169 175 D vold : Key exists, using: /data/unencrypted/key
08-19 09:50:13.026 169 175 I vold : List of Keymaster HALs found:
08-19 09:50:13.027 169 175 I vold : Keymaster HAL #1: SoftwareKeymasterDevice from Google SecurityLevel: SOFTWARE HAL: android.hardware.keymaster@3.0::IKeymasterDevice/default
08-19 09:50:13.028 169 175 I vold : Using SoftwareKeymasterDevice from Google for encryption. Security level: SOFTWARE, HAL: android.hardware.keymaster@3.0::IKeymasterDevice/default
08-19 09:50:13.051 169 175 D vold : Added key 132858122 (ext4:84a3b725a1f1a1c7) to keyring 127910774 in process 169
08-19 09:50:13.051 169 175 D vold : Added key 986103048 (f2fs:84a3b725a1f1a1c7) to keyring 127910774 in process 169
08-19 09:50:13.052 169 175 D vold : Added key 970595629 (fscrypt:84a3b725a1f1a1c7) to keyring 127910774 in process 169
08-19 09:50:13.055 169 175 I vold : Wrote system DE key reference to:/data/unencrypted/ref
08-19 09:50:13.383 169 169 D vold : e4crypt_init_user0
08-19 09:50:13.383 169 169 D vold : Preparing: /data/misc/vold/user_keys
08-19 09:50:13.392 169 169 D vold : Preparing: /data/misc/vold/user_keys/ce
08-19 09:50:13.393 169 169 D vold : Preparing: /data/misc/vold/user_keys/de
08-19 09:50:13.394 169 169 D vold : Skipping non-de-key ..
08-19 09:50:13.394 169 169 D vold : Skipping non-de-key .
08-19 09:50:13.406 169 169 I vold : List of Keymaster HALs found:
08-19 09:50:13.406 169 169 I vold : Keymaster HAL #1: SoftwareKeymasterDevice from Google SecurityLevel: SOFTWARE HAL: android.hardware.keymaster@3.0::IKeymasterDevice/default
08-19 09:50:13.407 169 169 I vold : Using SoftwareKeymasterDevice from Google for encryption. Security level: SOFTWARE, HAL: android.hardware.keymaster@3.0::IKeymasterDevice/default
08-19 09:50:13.410 169 169 I chatty : uid=0(root) Binder:169_2 expire 2 lines
08-19 09:50:13.410 169 169 D vold : Added key 639939313 (ext4:477658653625b40a) to keyring 127910774 in process 169
08-19 09:50:13.410 169 169 D vold : Added key 635883830 (f2fs:477658653625b40a) to keyring 127910774 in process 169
08-19 09:50:13.410 169 169 D vold : Added key 24629709 (fscrypt:477658653625b40a) to keyring 127910774 in process 169
08-19 09:50:13.410 169 169 D vold : Installed de key for user 0
08-19 09:50:13.410 169 169 D vold : e4crypt_prepare_user_storage for volume null, user 0, serial 0, flags 1
08-19 09:50:13.410 169 169 D vold : Preparing: /data/system/users/0
08-19 09:50:13.411 169 169 D vold : Preparing: /data/misc/profiles/cur/0
08-19 09:50:13.412 169 169 D vold : Preparing: /data/system_de/0
08-19 09:50:13.431 169 169 D vold : Preparing: /data/misc_de/0
08-19 09:50:13.432 169 169 D vold : Preparing: /data/vendor_de/0
08-19 09:50:13.433 169 169 D vold : Preparing: /data/user_de/0
08-19 09:50:13.435 169 169 I vold : Policy for /data/system_de/0 set to 477658653625b40a modes 9/9
08-19 09:50:13.437 169 169 I vold : Found policy 477658653625b40a at /data/misc_de/0 which matches expected value
08-19 09:50:13.438 169 169 I vold : Found policy 477658653625b40a at /data/vendor_de/0 which matches expected value
08-19 09:50:13.439 169 169 I vold : Policy for /data/user_de/0 set to 477658653625b40a modes 9/9
08-19 09:50:13.439 169 169 V vold : /system/bin/vold_prepare_subdirs
08-19 09:50:13.439 169 169 V vold : prepare
08-19 09:50:13.439 169 169 V vold :
08-19 09:50:13.440 169 169 V vold : 0
08-19 09:50:13.440 169 169 V vold : 1
08-19 09:50:13.500 185 185 I chatty : uid=0(root) expire 3 lines
08-19 09:50:13.555 186 186 I /system/bin/tzdatacheck: timezone distro dir /data/misc/zoneinfo/current does not exist. No action required.
08-19 09:50:13.570 138 138 I chatty : uid=0(root) /init expire 4 lines
08-19 09:50:14.776 191 191 I ServiceManagement: Removing namespace from process name android.hidl.allocator@1.0-service to allocator@1.0-service.
08-19 09:50:14.821 187 187 I chatty : uid=0(root) expire 22 lines
08-19 09:50:14.938 194 194 D vndksupport: Loading /vendor/lib/hw/android.hardware.bluetooth@1.0-impl.so from current namespace instead of sphal namespace.
08-19 09:50:14.970 194 194 I ServiceManagement: Removing namespace from process name android.hardware.bluetooth@1.0-service to bluetooth@1.0-service.
08-19 09:50:14.983 194 194 I android.hardware.bluetooth@1.0-service: Registration complete for android.hardware.bluetooth@1.0::IBluetoothHci/default.
08-19 09:50:15.089 202 202 I chatty : uid=1000(system) health@2.0-serv expire 10 lines
08-19 09:50:15.105 192 192 I chatty : uid=0(root) /system/bin/healthd expire 3 lines
08-19 09:50:15.109 199 199 D vndksupport: Loading /vendor/lib/hw/android.hardware.gatekeeper@1.0-impl.so from current namespace instead of sphal namespace.
08-19 09:50:15.152 199 199 D vndksupport: Loading /vendor/lib/hw/gatekeeper.imx6.so from current namespace instead of sphal namespace.
08-19 09:50:15.298 203 203 I chatty : uid=1000(system) light@2.0-servi expire 17 lines
08-19 09:50:15.358 203 203 E light : light_open lights attention failed: -22
08-19 09:50:15.358 203 203 E light : Light passthrough failed to load legacy HAL.
08-19 09:50:15.358 203 203 D vndksupport: Loading /vendor/lib/hw/lights.imx6.so from current namespace instead of sphal namespace.
08-19 09:50:15.358 203 203 E light : light_open lights bluetooth failed: -22
08-19 09:50:15.358 203 203 E light : Light passthrough failed to load legacy HAL.
08-19 09:50:15.359 203 203 D vndksupport: Loading /vendor/lib/hw/lights.imx6.so from current namespace instead of sphal namespace.
08-19 09:50:15.359 203 203 E light : light_open lights wifi failed: -22
08-19 09:50:15.359 203 203 E light : Light passthrough failed to load legacy HAL.
08-19 09:50:15.426 203 203 I ServiceManagement: Removing namespace from process name android.hardware.light@2.0-service to light@2.0-service.
08-19 09:50:15.428 204 204 D vndksupport: Loading /vendor/lib/hw/android.hardware.memtrack@1.0-impl.so from current namespace instead of sphal namespace.
08-19 09:50:15.460 218 218 W init : type=1400 audit(0.0:23): avc: granted { read } for name="ttymxc0" dev="tmpfs" ino=9364 scontext=u:r:init:s0 tcontext=u:object_r:tty_device:s0 tclass=chr_file
08-19 09:50:15.460 218 218 W init : type=1400 audit(0.0:24): avc: granted { read open } for path="/dev/ttymxc0" dev="tmpfs" ino=9364 scontext=u:r:init:s0 tcontext=u:object_r:tty_device:s0 tclass=chr_file
08-19 09:50:15.472 203 203 I android.hardware.light@2.0-service: Registration complete for android.hardware.light@2.0::ILight/default.
08-19 09:50:15.503 204 204 D vndksupport: Loading /vendor/lib/hw/memtrack.imx6.so from current namespace instead of sphal namespace.
08-19 09:50:15.522 204 204 I ServiceManagement: Removing namespace from process name android.hardware.memtrack@1.0-service to memtrack@1.0-service.
08-19 09:50:15.525 204 204 I android.hardware.memtrack@1.0-service: Registration complete for android.hardware.memtrack@1.0::IMemtrack/default.
08-19 09:50:15.574 205 205 D vndksupport: Loading /vendor/lib/hw/android.hardware.power@1.0-impl.so from current namespace instead of sphal namespace.
08-19 09:50:15.665 197 197 W /vendor/bin/hw/android.hardware.configstore@1.1-service: Could not find seccomp policy file at: /vendor/etc/seccomp_policy/configstore@1.1.policy
08-19 09:50:15.666 197 197 I ServiceManagement: Removing namespace from process name android.hardware.configstore@1.1-service to configstore@1.1-service.
08-19 09:50:15.679 205 205 D vndksupport: Loading /vendor/lib/hw/power.imx6.so from current namespace instead of sphal namespace.
08-19 09:50:15.693 205 205 I ServiceManagement: Removing namespace from process name android.hardware.power@1.0-service to power@1.0-service.
08-19 09:50:15.720 205 205 I android.hardware.power@1.0-service: Registration complete for android.hardware.power@1.0::IPower/default.
08-19 09:50:15.797 200 200 D vndksupport: Loading /vendor/lib/hw/android.hardware.graphics.allocator@2.0-impl.so from current namespace instead of sphal namespace.
08-19 09:50:15.935 200 200 D vndksupport: Loading /vendor/lib/hw/gralloc.imx6.so from current namespace instead of sphal namespace.
08-19 09:50:16.142 187 243 I chatty : uid=0(root) expire 2 lines
08-19 09:50:16.215 206 206 I chatty : uid=1000(system) sensors@1.0-ser expire 2 lines
08-19 09:50:16.263 206 206 E : Couldn't open /dev/mma8x5x (No such file or directory)
08-19 09:50:16.264 206 206 E : Can`t find the Acc sensor!
08-19 09:50:16.264 206 206 E : Can`t find the mag sensor!
08-19 09:50:16.264 206 206 E /vendor/bin/hw/android.hardware.sensors@1.0-service: HAL specifies version 1.4, but does not implement inject_sensor_data()
08-19 09:50:16.264 206 206 E /vendor/bin/hw/android.hardware.sensors@1.0-service: HAL specifies version 1.4, but does not implement set_operation_mode()
08-19 09:50:16.271 206 206 I ServiceManagement: Removing namespace from process name android.hardware.sensors@1.0-service to sensors@1.0-service.
08-19 09:50:16.279 206 206 I android.hardware.sensors@1.0-service: Registration complete for android.hardware.sensors@1.0::ISensors/default.
08-19 09:50:16.404 190 190 I android.hardware.wifi@1.0-service: Wifi Hal is booting up...
08-19 09:50:16.405 190 190 I ServiceManagement: Removing namespace from process name android.hardware.wifi@1.0-service to wifi@1.0-service.
08-19 09:50:16.437 200 200 I ServiceManagement: Removing namespace from process name android.hardware.graphics.allocator@2.0-service to allocator@2.0-service.
08-19 09:50:16.442 200 200 I android.hardware.graphics.allocator@2.0-service: Registration complete for android.hardware.graphics.allocator@2.0::IAllocator/default.
08-19 09:50:16.473 229 229 D MagDaemon: init_sensors
08-19 09:50:16.474 229 229 D MagDaemon: inital sensor error
08-19 09:50:16.559 221 221 I installd: installd firing up
08-19 09:50:16.623 232 232 I /system/bin/tombstoned: tombstoned successfully initialized
08-19 09:50:16.731 233 233 I chatty : uid=0(root) expire 3 lines
08-19 09:50:16.756 207 207 I chatty : uid=0(root) usb@1.1-service expire 12 lines
08-19 09:50:17.296 226 226 I wificond: wificond is starting up...
08-19 09:50:17.631 199 199 I ServiceManagement: Removing namespace from process name android.hardware.gatekeeper@1.0-service to gatekeeper@1.0-service.
08-19 09:50:17.633 199 199 I android.hardware.gatekeeper@1.0-service: Registration complete for android.hardware.gatekeeper@1.0::IGatekeeper/default.
08-19 09:50:17.767 213 213 W thermalserviced: Unable to get Thermal HAL V1.1, vendor thermal event notification not available
08-19 09:50:17.888 201 201 D vndksupport: Loading /vendor/lib/hw/android.hardware.graphics.composer@2.1-impl.so from current namespace instead of sphal namespace.
08-19 09:50:17.923 201 201 D vndksupport: Loading /vendor/lib/hw/hwcomposer.imx6.so from current namespace instead of sphal namespace.
08-19 09:50:17.952 230 230 I gatekeeperd: Starting gatekeeperd...
08-19 09:50:17.988 198 198 D android.hardware.drm@1.0-service: android.hardware.drm@1.0-service starting...
08-19 09:50:18.011 198 198 D vndksupport: Loading /vendor/lib/hw/android.hardware.drm@1.0-impl.so from current namespace instead of sphal namespace.
08-19 09:50:18.064 196 196 D android.hardware.cas@1.0-service: android.hardware.cas@1.0-service starting...
08-19 09:50:18.077 196 196 I ServiceManagement: Removing namespace from process name android.hardware.cas@1.0-service to cas@1.0-service.
08-19 09:50:18.084 195 195 I android.hardware.camera.provider@2.4-service: Camera provider Service is starting.
08-19 09:50:18.111 195 195 D vndksupport: Loading /vendor/lib/hw/android.hardware.camera.provider@2.4-impl.so from current namespace instead of sphal namespace.
08-19 09:50:18.268 198 198 I ServiceManagement: Removing namespace from process name android.hardware.drm@1.0-service to drm@1.0-service.
08-19 09:50:18.274 198 198 I android.hardware.drm@1.0-service: Registration complete for android.hardware.drm@1.0::IDrmFactory/default.
08-19 09:50:18.276 198 198 D vndksupport: Loading /vendor/lib/hw/android.hardware.drm@1.0-impl.so from current namespace instead of sphal namespace.
08-19 09:50:18.283 198 198 I ServiceManagement: Removing namespace from process name android.hardware.drm@1.0-service to drm@1.0-service.
08-19 09:50:18.288 198 198 I android.hardware.drm@1.0-service: Registration complete for android.hardware.drm@1.0::ICryptoFactory/default.
08-19 09:50:18.428 201 201 I hwcomposer: hwc_device_open,1239
08-19 09:50:18.429 201 201 I ServiceManagement: Removing namespace from process name android.hardware.graphics.composer@2.1-service to composer@2.1-service.
08-19 09:50:18.450 201 201 I android.hardware.graphics.composer@2.1-service: Registration complete for android.hardware.graphics.composer@2.1::IComposer/default.
08-19 09:50:18.494 222 222 I keystore: found android.hardware.keymaster@3.0::IKeymasterDevice with interface name default and seclevel SOFTWARE
08-19 09:50:21.741 227 227 I OMXPlayer: Open component register file /vendor/etc/component_register_ms fail.
08-19 09:50:21.741 227 227 I OMXPlayer: LEVEL: 1 FUNCTION: Open LINE: 39
08-19 09:50:21.741 227 227 I OMXPlayer: Can't open file: /vendor/etc/component_register_wmv9
08-19 09:50:21.741 227 227 I OMXPlayer: LEVEL: 1 FUNCTION: ComponentRegister LINE: 75
08-19 09:50:21.741 227 227 I OMXPlayer: Open component register file /vendor/etc/component_register_wmv9 fail.
08-19 09:50:21.741 227 227 I OMXPlayer: LEVEL: 1 FUNCTION: Open LINE: 39
08-19 09:50:21.741 227 227 I OMXPlayer: Can't open file: /vendor/etc/component_register_ra
08-19 09:50:21.741 227 227 I OMXPlayer: LEVEL: 1 FUNCTION: ComponentRegister LINE: 75
08-19 09:50:21.741 227 227 I OMXPlayer: Open component register file /vendor/etc/component_register_ra fail.
08-19 09:50:21.742 227 227 I OMXPlayer: LEVEL: 1 FUNCTION: Open LINE: 39
08-19 09:50:21.742 227 227 I OMXPlayer: Can't open file: /vendor/etc/component_register_rv
08-19 09:50:21.742 227 227 I OMXPlayer: LEVEL: 1 FUNCTION: ComponentRegister LINE: 75
08-19 09:50:21.742 227 227 I OMXPlayer: Open component register file /vendor/etc/component_register_rv fail.
08-19 09:50:21.793 188 188 I chatty : uid=0(root) expire 52 lines
08-19 09:50:21.853 227 227 W MediaCodecsXmlParser: unable to open media codecs configuration xml file: /data/misc/media/media_codecs_profiling_results.xml
08-19 09:50:21.853 227 227 W MediaCodecsXmlParser: parseTopLevelXMLFile(/data/misc/media/media_codecs_profiling_results.xml) failed
08-19 09:50:21.853 227 227 I ServiceManagement: Removing namespace from process name android.hardware.media.omx@1.0-service to omx@1.0-service.
08-19 09:50:21.868 227 227 I media.codec: IOmx HAL service created.
08-19 09:50:22.046 212 212 I chatty : uid=1000(system) expire 14 lines
08-19 09:50:22.109 212 212 I SurfaceFlinger: Disabling Triple Buffering
08-19 09:50:22.109 212 212 I SurfaceFlinger: Treble testing override: 'false'
08-19 09:50:22.110 212 212 I SurfaceFlinger: SurfaceFlinger's main thread ready to run. Initializing graphics H/W...
08-19 09:50:22.111 212 212 I SurfaceFlinger: Phase offest NS: 1000000
08-19 09:50:22.244 212 212 D libEGL : loaded /vendor/lib/egl/libEGL_VIVANTE.so
08-19 09:50:22.526 224 224 I mediametrics: ServiceManager: 0xb481b100
08-19 09:50:22.526 224 224 D MediaAnalyticsService: MediaAnalyticsService created
08-19 09:50:22.550 212 212 D libEGL : loaded /vendor/lib/egl/libGLESv1_CM_VIVANTE.so
08-19 09:50:22.863 212 212 D libEGL : loaded /vendor/lib/egl/libGLESv2_VIVANTE.so
08-19 09:50:22.997 283 283 I chatty : uid=0(root) expire 1 line
08-19 09:50:23.625 219 219 I cameraserver: ServiceManager: 0xb489b100
08-19 09:50:23.625 219 219 I CameraService: CameraService started (pid=219)
08-19 09:50:23.626 219 219 I CameraService: CameraService process starting
08-19 09:50:23.627 219 219 W BatteryNotifier: batterystats service unavailable!
08-19 09:50:23.628 219 219 W BatteryNotifier: batterystats service unavailable!
08-19 09:50:23.637 219 219 I CameraProviderManager: Connecting to new camera provider: legacy/0, isRemote? 1
08-19 09:50:23.638 219 219 I CameraProviderManager: Camera provider legacy/0 ready with 0 camera devices
08-19 09:50:23.645 219 286 W CameraProviderManager: addProviderLocked: Camera provider HAL with name 'legacy/0' already registered
08-19 09:50:23.646 219 219 I : Waiting for activity service
08-19 09:50:23.958 223 223 V MediaUtils: physMem: 510205952
08-19 09:50:23.959 223 223 V MediaUtils: requested limit: 102041180
08-19 09:50:23.959 223 223 V MediaUtils: actual limit: 3221225471
08-19 09:50:23.959 223 223 V MediaUtils: original limits: 4294967295/4294967295
08-19 09:50:23.959 223 223 V MediaUtils: new limits: 3221225471/4294967295
08-19 09:50:24.059 223 223 W /system/bin/mediaextractor: libminijail[223]: failed to get path of fd 5: No such file or directory
08-19 09:50:24.059 223 223 W /system/bin/mediaextractor: libminijail[223]: allowing syscall: clock_gettime
08-19 09:50:24.060 223 223 W /system/bin/mediaextractor: libminijail[223]: allowing syscall: connect
08-19 09:50:24.060 223 223 W /system/bin/mediaextractor: libminijail[223]: allowing syscall: fcntl64
08-19 09:50:24.060 223 223 W /system/bin/mediaextractor: libminijail[223]: allowing syscall: socket
08-19 09:50:24.060 223 223 W /system/bin/mediaextractor: libminijail[223]: allowing syscall: writev
08-19 09:50:24.066 223 223 W /system/bin/mediaextractor: libminijail[223]: logging seccomp filter failures
08-19 09:50:24.188 216 216 I mediaserver: ServiceManager: 0xb329b1c0
08-19 09:50:24.197 212 212 D v_gal : Failed to open device: No such file or directory, Try again...
08-19 09:50:24.397 216 216 W BatteryNotifier: batterystats service unavailable!
08-19 09:50:24.625 225 284 I chatty : uid=0(root) /system/bin/storaged expire 10 lines
08-19 09:50:24.662 214 214 I chatty : uid=1041(audioserver) expire 21 lines
08-19 09:50:24.693 164 164 I chatty : uid=1000(system) hwservicemanage expire 10 lines
08-19 09:50:24.880 193 291 I chatty : uid=1041(audioserver) expire 10 lines
08-19 09:50:25.197 212 212 D v_gal : Failed to open device: No such file or directory, Try again...
08-19 09:50:25.785 214 301 I chatty : uid=1041(audioserver) expire 1 line
08-19 09:50:26.199 212 212 D v_gal : Failed to open device: No such file or directory, Try again...
08-19 09:50:27.199 212 212 D v_gal : Failed to open device: No such file or directory, Try again...
08-19 09:50:27.199 212 212 D v_gal : _OpenDevice(1228): FATAL: Failed to open device, errno=No such file or directory.
08-19 09:50:27.391 163 163 I chatty : uid=1000(system) /system/bin/servicemanager expire 10 lines
08-19 09:50:27.392 193 300 I chatty : uid=1041(audioserver) expire 1 line
08-19 09:50:28.544 302 302 I chatty : uid=0(root) expire 63 lines
08-19 09:50:28.693 225 284 E storaged: getService package_native failed
08-19 09:50:28.799 311 311 I chatty : uid=0(root) expire 1 line
08-19 09:50:29.331 225 284 I storaged: storaged: Start
08-19 09:50:30.247 308 308 I wificond: wificond is starting up...
08-19 09:50:30.488 306 306 I chatty : uid=0(root) expire 22 lines
08-19 09:50:31.032 309 309 I chatty : uid=1041(audioserver) expire 10 lines
08-19 09:50:31.161 306 332 I chatty : uid=0(root) expire 2 lines
08-19 09:50:31.513 307 307 I chatty : uid=1000(system) expire 14 lines
08-19 09:50:31.550 307 307 I SurfaceFlinger: Disabling Triple Buffering
08-19 09:50:31.551 307 307 I SurfaceFlinger: Treble testing override: 'false'
08-19 09:50:31.551 307 307 I SurfaceFlinger: SurfaceFlinger's main thread ready to run. Initializing graphics H/W...
08-19 09:50:31.551 307 307 I SurfaceFlinger: Phase offest NS: 1000000
08-19 09:50:31.586 307 307 D libEGL : loaded /vendor/lib/egl/libEGL_VIVANTE.so
08-19 09:50:31.637 307 307 D libEGL : loaded /vendor/lib/egl/libGLESv1_CM_VIVANTE.so
08-19 09:50:31.969 307 307 D libEGL : loaded /vendor/lib/egl/libGLESv2_VIVANTE.so
08-19 09:50:32.654 302 302 D Zygote32Timing: BeginIcuCachePinning took to complete: 392ms
08-19 09:50:32.993 304 304 I cameraserver: ServiceManager: 0xb349b100
08-19 09:50:32.994 304 304 I CameraService: CameraService started (pid=304)
08-19 09:50:32.994 304 304 I CameraService: CameraService process starting
08-19 09:50:32.994 304 304 W BatteryNotifier: batterystats service unavailable!
08-19 09:50:33.001 304 304 W BatteryNotifier: batterystats service unavailable!
08-19 09:50:33.011 304 304 I CameraProviderManager: Connecting to new camera provider: legacy/0, isRemote? 1
08-19 09:50:33.013 304 304 I CameraProviderManager: Camera provider legacy/0 ready with 0 camera devices
08-19 09:50:33.016 304 348 W CameraProviderManager: addProviderLocked: Camera provider HAL with name 'legacy/0' already registered
08-19 09:50:33.033 304 304 I : Waiting for activity service
08-19 09:50:33.183 305 305 I mediaserver: ServiceManager: 0xb0b9b1c0
08-19 09:50:33.185 305 305 W BatteryNotifier: batterystats service unavailable!
08-19 09:50:33.200 307 307 D v_gal : Failed to open device: No such file or directory, Try again...
08-19 09:50:33.667 302 302 D Zygote32Timing: PreloadClasses took to complete: 1014ms
08-19 09:50:34.201 307 307 D v_gal : Failed to open device: No such file or directory, Try again...
08-19 09:50:34.325 303 303 I chatty : uid=1041(audioserver) expire 21 lines
08-19 09:50:34.331 302 343 I chatty : uid=0(root) expire 4 lines
08-19 09:50:34.424 309 353 I chatty : uid=1041(audioserver) expire 15 lines
08-19 09:50:34.563 303 363 I chatty : uid=1041(audioserver) expire 1 line
08-19 09:50:34.612 302 318 I chatty : uid=0(root) expire 3 lines
08-19 09:50:29.330 202 202 I chatty : uid=1000(system) health@2.0-serv expire 4 lines
08-19 09:50:31.170 18 18 I chatty : uid=0(root) kdevtmpfs expire 2 lines
08-19 09:50:34.942 225 284 E storaged: getService package_native failed
08-19 09:50:35.201 307 307 D v_gal : Failed to open device: No such file or directory, Try again...
08-19 09:50:36.202 307 307 D v_gal : Failed to open device: No such file or directory, Try again...
08-19 09:50:36.202 307 307 D v_gal : _OpenDevice(1228): FATAL: Failed to open device, errno=No such file or directory.
08-19 09:50:36.384 309 362 I chatty : uid=1041(audioserver) expire 1 line
08-19 09:50:37.220 1 1 I chatty : uid=0(root) /init expire 2 lines
08-19 09:50:37.484 364 364 I chatty : uid=0(root) expire 82 lines
08-19 09:50:37.620 372 372 I chatty : uid=0(root) expire 1 line
08-19 09:50:38.664 364 364 D Zygote32Timing: BeginIcuCachePinning took to complete: 34ms
08-19 09:50:38.875 364 364 D Zygote32Timing: PreloadClasses took to complete: 210ms
08-19 09:50:39.788 364 376 I chatty : uid=0(root) expire 2 lines
08-19 09:50:39.920 364 377 I chatty : uid=0(root) expire 4 lines
08-19 09:50:40.568 370 370 I wificond: wificond is starting up...
08-19 09:50:40.868 368 368 I chatty : uid=0(root) expire 22 lines
08-19 09:50:41.382 371 371 I chatty : uid=1041(audioserver) expire 10 lines
08-19 09:50:41.435 368 398 I chatty : uid=0(root) expire 2 lines
08-19 09:50:41.826 369 369 I chatty : uid=1000(system) expire 15 lines
08-19 09:50:41.863 369 369 I SurfaceFlinger: Treble testing override: 'false'
08-19 09:50:41.870 369 369 I SurfaceFlinger: SurfaceFlinger's main thread ready to run. Initializing graphics H/W...
08-19 09:50:41.871 369 369 I SurfaceFlinger: Phase offest NS: 1000000
08-19 09:50:41.906 369 369 D libEGL : loaded /vendor/lib/egl/libEGL_VIVANTE.so
08-19 09:50:41.933 369 369 D libEGL : loaded /vendor/lib/egl/libGLESv1_CM_VIVANTE.so
08-19 09:50:42.233 369 369 D libEGL : loaded /vendor/lib/egl/libGLESv2_VIVANTE.so
08-19 09:50:43.135 366 366 I cameraserver: ServiceManager: 0xa6a1b100
08-19 09:50:43.135 366 366 I CameraService: CameraService started (pid=366)
08-19 09:50:43.135 366 366 I CameraService: CameraService process starting
08-19 09:50:43.136 366 366 W BatteryNotifier: batterystats service unavailable!
08-19 09:50:43.140 366 366 W BatteryNotifier: batterystats service unavailable!
08-19 09:50:43.155 366 366 I CameraProviderManager: Connecting to new camera provider: legacy/0, isRemote? 1
08-19 09:50:43.156 366 366 I CameraProviderManager: Camera provider legacy/0 ready with 0 camera devices
08-19 09:50:43.162 366 409 W CameraProviderManager: addProviderLocked: Camera provider HAL with name 'legacy/0' already registered
08-19 09:50:43.164 366 366 I : Waiting for activity service
08-19 09:50:43.222 367 367 I mediaserver: ServiceManager: 0xae89b1c0
08-19 09:50:43.228 367 367 W BatteryNotifier: batterystats service unavailable!
08-19 09:50:43.462 369 369 D v_gal : Failed to open device: No such file or directory, Try again...
08-19 09:50:43.908 365 365 I FastMixerState: sMaxFastTracks = 8
08-19 09:50:43.917 365 365 V MediaUtils: physMem: 510205952
08-19 09:50:43.918 365 365 V MediaUtils: requested limit: 102041180
08-19 09:50:43.918 365 365 V MediaUtils: actual limit: 102041180
08-19 09:50:43.918 365 365 V MediaUtils: original limits: 4294967295/4294967295
08-19 09:50:43.918 365 365 V MediaUtils: new limits: 102041180/4294967295
08-19 09:50:43.919 365 365 I audioserver: ServiceManager: 0xac11b100
08-19 09:50:43.920 365 365 W BatteryNotifier: batterystats service unavailable!
08-19 09:50:43.951 164 164 I chatty : uid=1000(system) hwservicemanage expire 10 lines
08-19 09:50:43.977 365 365 I AudioFlinger: Using default 3000 mSec as standby time.
08-19 09:50:43.980 365 365 E APM::Serializer: deserialize: Could not parse /odm/etc/audio_policy_configuration.xml document.
08-19 09:50:44.035 371 412 D vndksupport: Loading /vendor/lib/hw/audio.primary.imx6.so from current namespace instead of sphal namespace.
08-19 09:50:44.052 371 412 I audio_hw_primary: Total 0 cards match
08-19 09:50:44.053 371 412 E audio_hw_primary: no supported sound card found, aborting.
08-19 09:50:44.053 371 412 E DevicesFactoryHAL: loadAudioInterface couldn't open audio hw device in audio.primary (Invalid argument)
08-19 09:50:44.053 365 365 E AudioFlinger: loadHwModule() error -19 loading module primary
08-19 09:50:44.053 365 365 W APM_AudioPolicyManager: could not open HW module primary
08-19 09:50:44.117 364 364 D Zygote32Timing: PreloadResources took to complete: 5217ms
08-19 09:50:44.463 369 369 D v_gal : Failed to open device: No such file or directory, Try again...
08-19 09:50:44.535 365 365 I bt_a2dp_hw: adev_open: adev_open in A2dp_hw module
08-19 09:50:44.535 365 365 I AudioFlinger: loadHwModule() Loaded a2dp audio interface, handle 10
08-19 09:50:44.536 371 412 D vndksupport: Loading /vendor/lib/hw/audio.usb.default.so from current namespace instead of sphal namespace.
08-19 09:50:44.543 365 365 I AudioFlinger: loadHwModule() Loaded usb audio interface, handle 18
08-19 09:50:44.543 371 412 D vndksupport: Loading /vendor/lib/hw/audio.r_submix.default.so from current namespace instead of sphal namespace.
08-19 09:50:44.546 371 412 I r_submix: adev_open(name=audio_hw_if)
08-19 09:50:44.547 371 412 I r_submix: adev_init_check()
08-19 09:50:44.547 371 412 W DeviceHAL: Error from HAL Device in function set_master_mute: Function not implemented
08-19 09:50:44.548 365 365 I AudioFlinger: loadHwModule() Loaded r_submix audio interface, handle 26
08-19 09:50:44.548 371 412 D r_submix: adev_open_input_stream(addr=0)
08-19 09:50:44.548 371 412 D r_submix: submix_audio_device_create_pipe_l(addr=0, idx=9)
08-19 09:50:44.548 371 412 D r_submix: now using address 0 for route 9
08-19 09:50:44.553 365 421 I AudioFlinger: AudioFlinger's thread 0xab927dc0 tid=421 ready to run
08-19 09:50:44.553 365 365 W APM_AudioPolicyManager: Output device 00000002 unreachable
08-19 09:50:44.553 365 365 W APM_AudioPolicyManager: Input device 80000004 unreachable
08-19 09:50:44.553 365 365 E APM_AudioPolicyManager: Default device 00000002 is unreachable
08-19 09:50:44.553 365 365 E APM_AudioPolicyManager: Failed to open primary output
08-19 09:50:44.555 365 365 I : Waiting for activity service
08-19 09:50:44.555 371 412 D r_submix: adev_close_input_stream()
08-19 09:50:44.556 371 412 D r_submix: submix_audio_device_release_pipe_l(idx=9) addr=0
08-19 09:50:44.556 371 412 D r_submix: submix_audio_device_destroy_pipe_l(): pipe destroyed
08-19 09:50:44.678 364 364 D Zygote32Timing: ZygotePreload took to complete: 6049ms
08-19 09:50:44.883 364 364 D Zygote32Timing: PostZygoteInitGC took to complete: 205ms
08-19 09:50:44.883 364 364 D Zygote32Timing: ZygoteInit took to complete: 6254ms
08-19 09:50:45.463 369 369 D v_gal : Failed to open device: No such file or directory, Try again...
08-19 09:50:46.175 422 422 I chatty : uid=0(root) expire 1 line
08-19 09:50:46.375 422 422 I system_server: The ClassLoaderContext is a special shared library.
08-19 09:50:46.444 422 422 I chatty : uid=1000(system) identical 2 lines
08-19 09:50:46.457 422 422 I system_server: The ClassLoaderContext is a special shared library.
08-19 09:50:46.463 369 369 D v_gal : Failed to open device: No such file or directory, Try again...
08-19 09:50:46.464 369 369 D v_gal : _OpenDevice(1228): FATAL: Failed to open device, errno=No such file or directory.
08-19 09:50:46.697 163 163 I chatty : uid=1000(system) /system/bin/servicemanager expire 12 lines
08-19 09:50:46.698 371 412 I r_submix: adev_close()
08-19 09:50:47.828 436 436 I chatty : uid=0(root) expire 80 lines
08-19 09:50:47.961 444 444 I chatty : uid=0(root) expire 1 line
08-19 09:50:49.002 436 436 D Zygote32Timing: BeginIcuCachePinning took to complete: 25ms
08-19 09:50:49.212 436 436 D Zygote32Timing: PreloadClasses took to complete: 210ms
08-19 09:50:49.673 436 436 D Zygote32Timing: PreloadResources took to complete: 413ms
08-19 09:50:50.260 436 436 D Zygote32Timing: ZygotePreload took to complete: 1283ms
08-19 09:50:50.678 436 436 D Zygote32Timing: PostZygoteInitGC took to complete: 419ms
08-19 09:50:50.679 436 436 D Zygote32Timing: ZygoteInit took to complete: 1702ms
08-19 09:50:50.899 436 449 I chatty : uid=0(root) expire 4 lines
08-19 09:50:50.964 436 448 I chatty : uid=0(root) expire 2 lines
08-19 09:50:51.764 442 442 I wificond: wificond is starting up...
08-19 09:50:52.664 456 456 I chatty : uid=0(root) expire 1 line
08-19 09:50:52.746 440 440 I chatty : uid=0(root) expire 22 lines
08-19 09:50:53.041 436 460 I chatty : uid=0(root) expire 1 line
08-19 09:50:53.052 456 467 I chatty : uid=1000(system) expire 1 line
08-19 09:50:53.065 456 456 I chatty : uid=1000(system) expire 5 lines
08-19 09:50:53.127 443 443 D vndksupport: Loading /vendor/lib/hw/android.hardware.audio@4.0-impl.so from current namespace instead of sphal namespace.
08-19 09:50:53.208 443 443 I ServiceManagement: Removing namespace from process name android.hardware.audio@2.0-service to audio@2.0-service.
08-19 09:50:53.221 443 443 I audiohalservice: Registration complete for android.hardware.audio@4.0::IDevicesFactory/default.
08-19 09:50:53.228 443 443 D vndksupport: Loading /vendor/lib/hw/android.hardware.audio.effect@4.0-impl.so from current namespace instead of sphal namespace.
08-19 09:50:53.312 440 480 I chatty : uid=0(root) expire 2 lines
08-19 09:50:53.381 443 443 I audiohalservice: Registration complete for android.hardware.audio.effect@4.0::IEffectsFactory/default.
08-19 09:50:53.383 443 443 E audiohalservice: Could not get passthrough implementation for android.hardware.soundtrigger@2.1::ISoundTriggerHw/default.
08-19 09:50:53.384 443 443 E audiohalservice: Could not get passthrough implementation for android.hardware.soundtrigger@2.0::ISoundTriggerHw/default.
08-19 09:50:53.388 443 443 W audiohalservice: Could not register soundtrigger API 2.0 nor 2.1
08-19 09:50:53.391 443 443 E audiohalservice: Could not get passthrough implementation for android.hardware.bluetooth.a2dp@1.0::IBluetoothAudioOffload/default.
08-19 09:50:53.391 443 443 W audiohalservice: Could not register Bluetooth audio offload 1.0
08-19 09:50:53.583 441 441 I chatty : uid=1000(system) expire 13 lines
08-19 09:50:53.599 456 456 I SystemServer: InitBeforeStartServices
08-19 09:50:53.600 456 456 W SystemServer: Timezone not set; setting to GMT.
08-19 09:50:53.624 456 456 I SystemServer: Entered the Android system server!
08-19 09:50:53.631 441 441 I SurfaceFlinger: Enabling HWC virtual displays
08-19 09:50:53.631 441 441 I SurfaceFlinger: Disabling Triple Buffering
08-19 09:50:53.631 441 441 I SurfaceFlinger: Treble testing override: 'false'
08-19 09:50:53.640 441 441 I SurfaceFlinger: SurfaceFlinger's main thread ready to run. Initializing graphics H/W...
08-19 09:50:53.641 441 441 I SurfaceFlinger: Phase offest NS: 1000000
08-19 09:50:53.666 441 441 D libEGL : loaded /vendor/lib/egl/libEGL_VIVANTE.so
08-19 09:50:53.708 441 441 D libEGL : loaded /vendor/lib/egl/libGLESv1_CM_VIVANTE.so
08-19 09:50:54.026 441 441 D libEGL : loaded /vendor/lib/egl/libGLESv2_VIVANTE.so
08-19 09:50:54.961 438 438 I cameraserver: ServiceManager: 0xadc1b100
08-19 09:50:54.961 438 438 I CameraService: CameraService started (pid=438)
08-19 09:50:54.961 438 438 I CameraService: CameraService process starting
08-19 09:50:54.970 438 438 W BatteryNotifier: batterystats service unavailable!
08-19 09:50:54.971 438 438 W BatteryNotifier: batterystats service unavailable!
08-19 09:50:54.993 438 438 I CameraProviderManager: Connecting to new camera provider: legacy/0, isRemote? 1
08-19 09:50:54.994 438 438 I CameraProviderManager: Camera provider legacy/0 ready with 0 camera devices
08-19 09:50:54.996 438 494 W CameraProviderManager: addProviderLocked: Camera provider HAL with name 'legacy/0' already registered
08-19 09:50:54.998 438 438 I : Waiting for activity service
08-19 09:50:55.024 439 439 I mediaserver: ServiceManager: 0xb1e1b1c0
08-19 09:50:55.030 439 439 W BatteryNotifier: batterystats service unavailable!
08-19 09:50:55.271 441 441 D v_gal : Failed to open device: No such file or directory, Try again...
08-19 09:50:55.362 456 456 D SystemServerTiming: InitBeforeStartServices took to complete: 1763ms
08-19 09:50:55.363 456 456 I SystemServer: StartServices
08-19 09:50:55.363 456 456 I SystemServer: Reading configuration...
08-19 09:50:55.363 456 456 I SystemServer: ReadingSystemConfig
08-19 09:50:55.374 456 456 D SystemServerTiming: ReadingSystemConfig took to complete: 12ms
08-19 09:50:55.374 456 456 I SystemServer: StartInstaller
08-19 09:50:55.375 456 456 I SystemServiceManager: Starting com.android.server.pm.Installer
08-19 09:50:55.381 456 497 D SystemServerInitThreadPool: Started executing ReadingSystemConfig
08-19 09:50:55.387 221 249 I chatty : uid=0(root) Binder:221_1 expire 1 line
08-19 09:50:55.388 456 456 D SystemServerTiming: StartInstaller took to complete: 14ms
08-19 09:50:55.388 456 456 I SystemServer: DeviceIdentifiersPolicyService
08-19 09:50:55.389 456 456 I SystemServiceManager: Starting com.android.server.os.DeviceIdentifiersPolicyService
08-19 09:50:55.400 456 456 D SystemServerTiming: DeviceIdentifiersPolicyService took to complete: 11ms
08-19 09:50:55.400 456 456 I SystemServer: StartActivityManager
08-19 09:50:55.400 456 456 I SystemServiceManager: Starting com.android.server.am.ActivityManagerService$Lifecycle
08-19 09:50:55.587 456 456 I ActivityManager: Memory class: 128
08-19 09:50:55.637 456 497 D SystemServerInitThreadPool: Finished executing ReadingSystemConfig
08-19 09:50:55.671 437 437 I FastMixerState: sMaxFastTracks = 8
08-19 09:50:55.674 437 437 V MediaUtils: physMem: 510205952
08-19 09:50:55.674 437 437 V MediaUtils: requested limit: 102041180
08-19 09:50:55.674 437 437 V MediaUtils: actual limit: 102041180
08-19 09:50:55.675 437 437 V MediaUtils: original limits: 4294967295/4294967295
08-19 09:50:55.675 437 437 V MediaUtils: new limits: 102041180/4294967295
08-19 09:50:55.676 437 437 I audioserver: ServiceManager: 0xb109b100
08-19 09:50:55.676 437 437 W BatteryNotifier: batterystats service unavailable!
08-19 09:50:55.688 437 437 I AudioFlinger: Using default 3000 mSec as standby time.
08-19 09:50:55.693 437 437 E APM::Serializer: deserialize: Could not parse /odm/etc/audio_policy_configuration.xml document.
08-19 09:50:55.742 443 503 D vndksupport: Loading /vendor/lib/hw/audio.primary.imx6.so from current namespace instead of sphal namespace.
08-19 09:50:55.747 443 503 I audio_hw_primary: Total 0 cards match
08-19 09:50:55.753 443 503 E audio_hw_primary: no supported sound card found, aborting.
08-19 09:50:55.753 443 503 E DevicesFactoryHAL: loadAudioInterface couldn't open audio hw device in audio.primary (Invalid argument)
08-19 09:50:55.753 437 437 E AudioFlinger: loadHwModule() error -19 loading module primary
08-19 09:50:55.753 437 437 W APM_AudioPolicyManager: could not open HW module primary
08-19 09:50:55.774 456 467 I system_server: Background concurrent copying GC freed 788(183KB) AllocSpace objects, 8(160KB) LOS objects, 23% free, 1646KB/2MB, paused 155us total 261.018ms
08-19 09:50:55.782 456 456 D BatteryStatsImpl: Reading daily items from /data/system/batterystats-daily.xml
08-19 09:50:55.787 437 437 I bt_a2dp_hw: adev_open: adev_open in A2dp_hw module
08-19 09:50:55.787 437 437 I AudioFlinger: loadHwModule() Loaded a2dp audio interface, handle 10
08-19 09:50:55.788 443 503 D vndksupport: Loading /vendor/lib/hw/audio.usb.default.so from current namespace instead of sphal namespace.
08-19 09:50:55.803 437 437 I AudioFlinger: loadHwModule() Loaded usb audio interface, handle 18
08-19 09:50:55.804 443 503 D vndksupport: Loading /vendor/lib/hw/audio.r_submix.default.so from current namespace instead of sphal namespace.
08-19 09:50:55.808 443 503 I r_submix: adev_open(name=audio_hw_if)
08-19 09:50:55.826 443 503 I r_submix: adev_init_check()
08-19 09:50:55.826 443 503 W DeviceHAL: Error from HAL Device in function set_master_mute: Function not implemented
08-19 09:50:55.827 437 437 I AudioFlinger: loadHwModule() Loaded r_submix audio interface, handle 26
08-19 09:50:55.827 456 512 E BluetoothAdapter: Bluetooth binder is null
08-19 09:50:55.828 443 503 D r_submix: adev_open_input_stream(addr=0)
08-19 09:50:55.828 443 503 D r_submix: submix_audio_device_create_pipe_l(addr=0, idx=9)
08-19 09:50:55.828 443 503 D r_submix: now using address 0 for route 9
08-19 09:50:55.833 437 514 I AudioFlinger: AudioFlinger's thread 0xb08acf80 tid=514 ready to run
08-19 09:50:55.834 437 437 W APM_AudioPolicyManager: Output device 00000002 unreachable
08-19 09:50:55.834 437 437 W APM_AudioPolicyManager: Input device 80000004 unreachable
08-19 09:50:55.834 437 437 E APM_AudioPolicyManager: Default device 00000002 is unreachable
08-19 09:50:55.834 437 437 E APM_AudioPolicyManager: Failed to open primary output
08-19 09:50:55.835 443 513 D r_submix: adev_close_input_stream()
08-19 09:50:55.835 443 513 D r_submix: submix_audio_device_release_pipe_l(idx=9) addr=0
08-19 09:50:55.835 443 513 D r_submix: submix_audio_device_destroy_pipe_l(): pipe destroyed
08-19 09:50:55.835 437 437 I : Waiting for activity service
08-19 09:50:55.866 456 512 E BatteryExternalStatsWorker: no controller energy info supplied for telephony
08-19 09:50:55.867 456 512 E KernelUidCpuFreqTimeReader: Failed to read /proc/uid_time_in_state: java.io.FileNotFoundException: /proc/uid_time_in_state (No such file or directory)
08-19 09:50:55.909 456 512 W KernelCpuProcReader: File not exist: /proc/uid_cpupower/concurrent_active_time
08-19 09:50:55.910 456 512 W KernelCpuProcReader: File not exist: /proc/uid_cpupower/concurrent_policy_time
08-19 09:50:55.911 456 512 E KernelCpuSpeedReader: Failed to read cpu-freq: /sys/devices/system/cpu/cpu0/cpufreq/stats/time_in_state (No such file or directory)
08-19 09:50:55.929 456 512 I PowerManagerService-JNI: Loaded power HAL 1.0 service
08-19 09:50:55.930 456 512 E KernelUidCpuFreqTimeReader: Failed to read /proc/uid_time_in_state: java.io.FileNotFoundException: /proc/uid_time_in_state (No such file or directory)
08-19 09:50:56.080 456 467 I system_server: Background concurrent copying GC freed 1321(314KB) AllocSpace objects, 16(320KB) LOS objects, 28% free, 1275KB/1787KB, paused 488us total 271.489ms
08-19 09:50:56.182 456 456 I AppOps : No existing app ops /data/system/appops.xml; starting empty
08-19 09:50:56.223 456 456 I IntentFirewall: Read new rules (A:0 B:0 S:0)
08-19 09:50:56.261 456 456 D AppOps : AppOpsService published
08-19 09:50:56.262 456 456 D SystemServerTiming: StartActivityManager took to complete: 861ms
08-19 09:50:56.262 456 456 I SystemServer: StartPowerManager
08-19 09:50:56.262 456 456 I SystemServiceManager: Starting com.android.server.power.PowerManagerService
08-19 09:50:56.272 441 441 D v_gal : Failed to open device: No such file or directory, Try again...
08-19 09:50:56.303 456 456 D SystemServerTiming: StartPowerManager took to complete: 40ms
08-19 09:50:56.303 456 456 I SystemServer: InitPowerManagement
08-19 09:50:56.315 456 456 D SystemServerTiming: InitPowerManagement took to complete: 11ms
08-19 09:50:56.315 456 456 I SystemServer: StartRecoverySystemService
08-19 09:50:56.315 456 456 I SystemServiceManager: Starting com.android.server.RecoverySystemService
08-19 09:50:56.317 456 456 D SystemServerTiming: StartRecoverySystemService took to complete: 2ms
08-19 09:50:56.339 456 456 W RescueParty: Noticed 1 events for UID 0 in last 51 sec
08-19 09:50:56.339 456 456 I SystemServer: StartLightsService
08-19 09:50:56.339 456 456 I SystemServiceManager: Starting com.android.server.lights.LightsService
08-19 09:50:56.346 456 456 D SystemServerTiming: StartLightsService took to complete: 7ms
08-19 09:50:56.346 456 456 I SystemServer: StartSidekickService
08-19 09:50:56.346 456 456 D SystemServerTiming: StartSidekickService took to complete: 0ms
08-19 09:50:56.347 456 456 I SystemServer: StartDisplayManager
08-19 09:50:56.347 456 456 I SystemServiceManager: Starting com.android.server.display.DisplayManagerService
08-19 09:50:56.354 456 456 D SystemServerTiming: StartDisplayManager took to complete: 8ms
08-19 09:50:56.354 456 456 I SystemServer: WaitForDisplay
08-19 09:50:56.361 456 456 I SystemServiceManager: Starting phase 100
08-19 09:50:56.452 456 467 I system_server: Background concurrent copying GC freed 3252(307KB) AllocSpace objects, 5(132KB) LOS objects, 28% free, 1301KB/1813KB, paused 649us total 125.981ms
08-19 09:50:57.255 456 519 I ServiceManager: Waiting for service SurfaceFlinger...
08-19 09:50:57.272 441 441 D v_gal : Failed to open device: No such file or directory, Try again...
08-19 09:50:58.257 456 519 I ServiceManager: Waiting for service SurfaceFlinger...
08-19 09:50:58.272 441 441 D v_gal : Failed to open device: No such file or directory, Try again...
08-19 09:50:58.273 441 441 D v_gal : _OpenDevice(1228): FATAL: Failed to open device, errno=No such file or directory.
08-19 09:50:58.527 443 513 I r_submix: adev_close()
08-19 09:50:58.558 163 163 I chatty : uid=1000(system) /system/bin/servicemanager expire 10 lines
08-19 09:50:59.642 523 523 I chatty : uid=0(root) expire 77 lines
08-19 09:50:59.777 531 531 I chatty : uid=0(root) expire 1 line
08-19 09:51:00.819 523 523 D Zygote32Timing: BeginIcuCachePinning took to complete: 25ms
08-19 09:51:01.049 523 523 D Zygote32Timing: PreloadClasses took to complete: 230ms
08-19 09:51:01.458 523 523 D Zygote32Timing: PreloadResources took to complete: 408ms
08-19 09:51:02.078 523 523 D Zygote32Timing: ZygotePreload took to complete: 1285ms
08-19 09:51:02.494 523 523 D Zygote32Timing: PostZygoteInitGC took to complete: 415ms
08-19 09:51:02.494 523 523 D Zygote32Timing: ZygoteInit took to complete: 1700ms
08-19 09:51:02.731 523 536 I chatty : uid=0(root) expire 1 line
08-19 09:51:02.731 523 536 D MtpDeviceJNI: register_android_mtp_MtpDevice
08-19 09:51:02.732 523 536 I zygote : Thread[9,tid=536,Native,Thread*=0xa5683000,peer=0x12e40cb8,"Thread-1"] recursive attempt to load library "/system/lib/libmedia_jni.so"
08-19 09:51:02.733 523 536 I zygote : Thread[9,tid=536,Native,Thread*=0xa5683000,peer=0x12e40cb8,"Thread-1"] recursive attempt to load library "/system/lib/libmedia_jni.so"
08-19 09:51:02.765 523 535 I zygote : Background concurrent copying GC freed 968(381KB) AllocSpace objects, 3(84KB) LOS objects, 24% free, 1950KB/2MB, paused 264us total 130.467ms
08-19 09:51:03.297 523 535 I zygote : Background concurrent copying GC freed 7490(399KB) AllocSpace objects, 0(0B) LOS objects, 24% free, 2MB/3MB, paused 125us total 205.109ms
08-19 09:51:03.621 529 529 I wificond: wificond is starting up...
08-19 09:51:04.410 523 523 I main : type=1400 audit(0.0:44): avc: denied { dac_read_search } for capability=2 scontext=u:r:zygote:s0 tcontext=u:r:zygote:s0 tclass=capability permissive=1
08-19 09:51:04.415 523 523 I Zygote : System server process 543 has been created
08-19 09:51:04.480 527 527 I Netd : Netd 1.0 starting
08-19 09:51:04.490 543 543 I chatty : uid=1000 system_server expire 3 lines
08-19 09:51:04.493 523 523 I Zygote : Accepting command socket connections
08-19 09:51:04.498 543 543 I Zygote : seccomp disabled by setenforce 0
08-19 09:51:04.561 527 527 D TetherController: Setting IP forward enable = 0
08-19 09:51:04.724 523 547 I zygote : Background concurrent copying GC freed 2(15KB) AllocSpace objects, 0(0B) LOS objects, 36% free, 897KB/1409KB, paused 182us total 222.257ms
08-19 09:51:04.859 527 527 I Netd : Creating child chains: 205.6ms
08-19 09:51:04.859 527 527 I Netd : Setting up OEM hooks: 0.3ms
08-19 09:51:04.897 527 527 I Netd : Setting up FirewallController hooks: 37.5ms
08-19 09:51:04.932 527 527 I Netd : Setting up TetherController hooks: 34.6ms
08-19 09:51:04.937 527 527 I Netd : Setting up BandwidthController hooks: 5.5ms
08-19 09:51:04.937 527 527 I Netd : Setting up IdletimerController hooks: 0.1ms
08-19 09:51:04.937 527 527 I Netd : initializing traffic control: 0.0ms
08-19 09:51:04.978 527 527 I Netd : Disabling bandwidth control: 40.4ms
08-19 09:51:05.011 527 527 E Netd : cannot find interface dummy0
08-19 09:51:05.011 527 527 I Netd : Initializing RouteController: 33.6ms
08-19 09:51:05.012 527 527 D XfrmController: Sending Netlink XFRM Message: XFRM_MSG_FLUSHSA
08-19 09:51:05.012 527 527 D XfrmController: Sending Netlink XFRM Message: XFRM_MSG_FLUSHPOLICY
08-19 09:51:05.012 527 527 I Netd : Initializing XfrmController: 0.8ms
08-19 09:51:05.014 530 530 D vndksupport: Loading /vendor/lib/hw/android.hardware.audio@4.0-impl.so from current namespace instead of sphal namespace.
08-19 09:51:05.021 527 527 E Netd : Unable to create netlink socket: Protocol not supported
08-19 09:51:05.021 527 527 W Netd : Unable to open qlog quota socket, check if xt_quota2 can send via UeventHandler
