08-19 09:51:49.540 874 874 I SurfaceFlinger: Enabling HWC virtual displays
08-19 09:51:49.540 874 874 I SurfaceFlinger: Disabling Triple Buffering
08-19 09:51:49.540 874 874 I SurfaceFlinger: Treble testing override: 'false'
08-19 09:51:49.541 874 874 I SurfaceFlinger: SurfaceFlinger's main thread ready to run. Initializing graphics H/W...
08-19 09:51:49.542 874 874 I SurfaceFlinger: Phase offest NS: 1000000
08-19 09:51:49.586 874 874 D libEGL : loaded /vendor/lib/egl/libEGL_VIVANTE.so
08-19 09:51:49.615 874 874 D libEGL : loaded /vendor/lib/egl/libGLESv1_CM_VIVANTE.so
08-19 09:51:49.895 874 874 D libEGL : loaded /vendor/lib/egl/libGLESv2_VIVANTE.so
08-19 09:51:50.882 871 871 I cameraserver: ServiceManager: 0xb109b100
08-19 09:51:50.882 871 871 I CameraService: CameraService started (pid=871)
08-19 09:51:50.882 871 871 I CameraService: CameraService process starting
08-19 09:51:50.890 871 871 W BatteryNotifier: batterystats service unavailable!
08-19 09:51:50.891 871 871 W BatteryNotifier: batterystats service unavailable!
08-19 09:51:50.903 871 871 I CameraProviderManager: Connecting to new camera provider: legacy/0, isRemote? 1
08-19 09:51:50.905 871 871 I CameraProviderManager: Camera provider legacy/0 ready with 0 camera devices
08-19 09:51:50.906 164 164 W hwservicemanager: getTransport: Cannot find entry android.hardware.camera.provider@2.4::ICameraProvider/external/0 in either framework or device manifest.
08-19 09:51:50.908 871 903 W CameraProviderManager: addProviderLocked: Camera provider HAL with name 'legacy/0' already registered
08-19 09:51:50.909 871 871 I : Waiting for activity service
08-19 09:51:51.041 872 872 I mediaserver: ServiceManager: 0xa759b1c0
08-19 09:51:51.043 872 872 W BatteryNotifier: batterystats service unavailable!
08-19 09:51:51.167 874 874 D v_gal : Failed to open device: No such file or directory, Try again...
08-19 09:51:51.658 869 869 D Zygote : begin preload
08-19 09:51:51.658 869 869 I Zygote : Installing ICU cache reference pinning...
08-19 09:51:51.658 869 869 I Zygote : Preloading ICU data...
08-19 09:51:51.684 869 869 D Zygote32Timing: BeginIcuCachePinning took to complete: 26ms
08-19 09:51:51.684 869 869 I Zygote : Preloading classes...
08-19 09:51:51.735 869 869 I Zygote : ...preloaded 0 classes in 50ms.
08-19 09:51:51.735 869 869 I zygote : VMRuntime.preloadDexCaches starting
08-19 09:51:51.895 869 869 I zygote : VMRuntime.preloadDexCaches strings total=291066 before=12059 after=12059
08-19 09:51:51.895 869 869 I zygote : VMRuntime.preloadDexCaches types total=31352 before=7825 after=7826
08-19 09:51:51.896 869 869 I zygote : VMRuntime.preloadDexCaches fields total=140909 before=9172 after=9172
08-19 09:51:51.896 869 869 I zygote : VMRuntime.preloadDexCaches methods total=247820 before=12783 after=12783
08-19 09:51:51.896 869 869 I zygote : VMRuntime.preloadDexCaches finished
08-19 09:51:51.896 869 869 D Zygote32Timing: PreloadClasses took to complete: 212ms
08-19 09:51:52.167 874 874 D v_gal : Failed to open device: No such file or directory, Try again...
08-19 09:51:52.215 869 869 I Zygote : Preloading resources...
08-19 09:51:52.242 869 869 W Resources: Preloaded drawable resource #0x1080265 (android:drawable/dialog_background_material) that varies with configuration!!
08-19 09:51:52.303 869 869 I Zygote : ...preloaded 64 resources in 88ms.
08-19 09:51:52.320 869 869 I Zygote : ...preloaded 41 resources in 17ms.
08-19 09:51:52.320 869 869 D Zygote32Timing: PreloadResources took to complete: 423ms
08-19 09:51:52.357 869 869 D libEGL : loaded /vendor/lib/egl/libEGL_VIVANTE.so
08-19 09:51:52.377 869 869 D libEGL : loaded /vendor/lib/egl/libGLESv1_CM_VIVANTE.so
08-19 09:51:52.624 869 869 D libEGL : loaded /vendor/lib/egl/libGLESv2_VIVANTE.so
08-19 09:51:52.822 869 869 I Zygote : Preloading shared libraries...
08-19 09:51:52.830 869 869 I Zygote : Uninstalled ICU cache reference pinning...
08-19 09:51:52.832 869 869 I Zygote : Installed AndroidKeyStoreProvider in 2ms.
08-19 09:51:52.887 869 869 I Zygote : Warmed up JCA providers in 55ms.
08-19 09:51:52.887 869 869 D Zygote : end preload
08-19 09:51:52.887 869 869 D Zygote32Timing: ZygotePreload took to complete: 1229ms
08-19 09:51:53.144 869 869 I zygote : Explicit concurrent copying GC freed 36281(3MB) AllocSpace objects, 24(412KB) LOS objects, 24% free, 5MB/6MB, paused 9.668ms total 256.370ms
08-19 09:51:53.168 874 874 D v_gal : Failed to open device: No such file or directory, Try again...
08-19 09:51:53.274 869 869 I zygote : Explicit concurrent copying GC freed 5476(1374KB) AllocSpace objects, 114(2MB) LOS objects, 24% free, 2MB/3MB, paused 9.650ms total 118.019ms
08-19 09:51:53.275 869 869 D Zygote32Timing: PostZygoteInitGC took to complete: 388ms
08-19 09:51:53.275 869 869 D Zygote32Timing: ZygoteInit took to complete: 1617ms
08-19 09:51:53.490 869 910 I zygote : Thread[9,tid=910,Native,Thread*=0xa4603000,peer=0x12ec0428,"Thread-1"] recursive attempt to load library "/system/lib/libmedia_jni.so"
08-19 09:51:53.501 869 910 D MtpDeviceJNI: register_android_mtp_MtpDevice
08-19 09:51:53.503 869 910 I zygote : Thread[9,tid=910,Native,Thread*=0xa4603000,peer=0x12ec0428,"Thread-1"] recursive attempt to load library "/system/lib/libmedia_jni.so"
08-19 09:51:53.504 869 910 I zygote : Thread[9,tid=910,Native,Thread*=0xa4603000,peer=0x12ec0428,"Thread-1"] recursive attempt to load library "/system/lib/libmedia_jni.so"
08-19 09:51:53.512 869 909 I zygote : Background concurrent copying GC freed 2022(479KB) AllocSpace objects, 25(600KB) LOS objects, 24% free, 2011KB/2MB, paused 20.479ms total 148.798ms
08-19 09:51:53.925 869 909 I zygote : Background concurrent copying GC freed 7852(403KB) AllocSpace objects, 2(56KB) LOS objects, 25% free, 2MB/3MB, paused 246us total 210.535ms
08-19 09:51:54.168 874 874 D v_gal : Failed to open device: No such file or directory, Try again...
08-19 09:51:54.169 874 874 D v_gal : _OpenDevice(1228): FATAL: Failed to open device, errno=No such file or directory.
08-19 09:51:54.790 1 1 I init : type=1400 audit(0.0:59): avc: denied { dac_read_search } for capability=2 scontext=u:r:init:s0 tcontext=u:r:init:s0 tclass=capability permissive=1
08-19 09:51:54.822 869 869 I Zygote : System server process 917 has been created
08-19 09:51:54.843 869 869 I Zygote : Accepting command socket connections
08-19 09:51:54.865 917 917 I Zygote : seccomp disabled by setenforce 0
08-19 09:51:54.974 870 870 I FastMixerState: sMaxFastTracks = 8
08-19 09:51:54.977 870 870 V MediaUtils: physMem: 510205952
08-19 09:51:54.978 870 870 V MediaUtils: requested limit: 102041180
08-19 09:51:54.978 870 870 V MediaUtils: actual limit: 102041180
08-19 09:51:54.978 870 870 V MediaUtils: original limits: 4294967295/4294967295
08-19 09:51:54.978 870 870 V MediaUtils: new limits: 102041180/4294967295
08-19 09:51:54.980 870 870 I audioserver: ServiceManager: 0xa821b100
08-19 09:51:54.981 870 870 W BatteryNotifier: batterystats service unavailable!
08-19 09:51:54.994 164 164 W hwservicemanager: getTransport: Cannot find entry android.hardware.audio@4.0::IDevicesFactory/msd in either framework or device manifest.
08-19 09:51:54.999 870 870 I AudioFlinger: Using default 3000 mSec as standby time.
08-19 09:51:55.002 870 870 E APM::Serializer: deserialize: Could not parse /odm/etc/audio_policy_configuration.xml document.
08-19 09:51:55.038 876 923 D vndksupport: Loading /vendor/lib/hw/audio.primary.imx6.so from current namespace instead of sphal namespace.
08-19 09:51:55.045 876 923 I audio_hw_primary: Total 0 cards match
08-19 09:51:55.045 876 923 E audio_hw_primary: no supported sound card found, aborting.
08-19 09:51:55.045 876 923 E DevicesFactoryHAL: loadAudioInterface couldn't open audio hw device in audio.primary (Invalid argument)
08-19 09:51:55.046 870 870 E AudioFlinger: loadHwModule() error -19 loading module primary
08-19 09:51:55.046 870 870 W APM_AudioPolicyManager: could not open HW module primary
08-19 09:51:55.064 870 870 I bt_a2dp_hw: adev_open: adev_open in A2dp_hw module
08-19 09:51:55.065 870 870 I AudioFlinger: loadHwModule() Loaded a2dp audio interface, handle 10
08-19 09:51:55.065 876 923 D vndksupport: Loading /vendor/lib/hw/audio.usb.default.so from current namespace instead of sphal namespace.
08-19 09:51:55.070 870 870 I AudioFlinger: loadHwModule() Loaded usb audio interface, handle 18
08-19 09:51:55.071 876 923 D vndksupport: Loading /vendor/lib/hw/audio.r_submix.default.so from current namespace instead of sphal namespace.
08-19 09:51:55.073 876 923 I r_submix: adev_open(name=audio_hw_if)
08-19 09:51:55.075 876 923 I r_submix: adev_init_check()
08-19 09:51:55.076 876 923 W DeviceHAL: Error from HAL Device in function set_master_mute: Function not implemented
08-19 09:51:55.076 870 870 I AudioFlinger: loadHwModule() Loaded r_submix audio interface, handle 26
08-19 09:51:55.077 876 923 D r_submix: adev_open_input_stream(addr=0)
08-19 09:51:55.077 876 923 D r_submix: submix_audio_device_create_pipe_l(addr=0, idx=9)
08-19 09:51:55.077 876 923 D r_submix: now using address 0 for route 9
08-19 09:51:55.082 870 932 I AudioFlinger: AudioFlinger's thread 0xa7b27080 tid=932 ready to run
08-19 09:51:55.082 870 870 W APM_AudioPolicyManager: Output device 00000002 unreachable
08-19 09:51:55.083 870 870 W APM_AudioPolicyManager: Input device 80000004 unreachable
08-19 09:51:55.083 870 870 E APM_AudioPolicyManager: Default device 00000002 is unreachable
08-19 09:51:55.083 870 870 E APM_AudioPolicyManager: Failed to open primary output
08-19 09:51:55.084 870 870 I : Waiting for activity service
08-19 09:51:55.085 876 923 D r_submix: adev_close_input_stream()
08-19 09:51:55.085 876 923 D r_submix: submix_audio_device_release_pipe_l(idx=9) addr=0
08-19 09:51:55.086 876 923 D r_submix: submix_audio_device_destroy_pipe_l(): pipe destroyed
08-19 09:51:54.820 869 869 I main : type=1400 audit(0.0:60): avc: denied { dac_read_search } for capability=2 scontext=u:r:zygote:s0 tcontext=u:r:zygote:s0 tclass=capability permissive=1
08-19 09:51:55.230 163 163 I ServiceManager: service 'media.audio_flinger' died
08-19 09:51:55.231 876 923 I r_submix: adev_close()
08-19 09:51:55.239 163 163 I ServiceManager: service 'media.player' died
08-19 09:51:55.240 163 163 I ServiceManager: service 'media.resource_manager' died
08-19 09:51:54.840 917 917 I main : type=1400 audit(0.0:61): avc: denied { setattr } for name="0" dev="sda1" ino=5 scontext=u:r:zygote:s0 tcontext=u:object_r:vfat:s0 tclass=dir permissive=1
08-19 09:51:55.252 163 163 I ServiceManager: service 'netd' died
08-19 09:51:55.301 163 163 I ServiceManager: service 'wificond' died
08-19 09:51:56.302 934 934 D AndroidRuntime: >>>>>> START com.android.internal.os.ZygoteInit uid 0 <<<<<<
08-19 09:51:56.324 934 934 I zygote : option[0]=-Xzygote
08-19 09:51:56.324 934 934 I zygote : option[1]=-Xusetombstonedtraces
08-19 09:51:56.324 934 934 I zygote : option[2]=exit
08-19 09:51:56.324 934 934 I zygote : option[3]=vfprintf
08-19 09:51:56.324 934 934 I zygote : option[4]=sensitiveThread
08-19 09:51:56.324 934 934 I zygote : option[5]=-verbose:gc
08-19 09:51:56.324 934 934 I zygote : option[6]=-Xms8m
08-19 09:51:56.324 934 934 I zygote : option[7]=-Xmx384m
08-19 09:51:56.324 934 934 I zygote : option[8]=-XX:HeapGrowthLimit=128m
08-19 09:51:56.324 934 934 I zygote : option[9]=-XX:HeapMinFree=512k
08-19 09:51:56.324 934 934 I zygote : option[10]=-XX:HeapMaxFree=8m
08-19 09:51:56.325 934 934 I zygote : option[11]=-XX:HeapTargetUtilization=0.75
08-19 09:51:56.325 934 934 I zygote : option[12]=-Xusejit:true
08-19 09:51:56.325 934 934 I zygote : option[13]=-Xjitsaveprofilinginfo
08-19 09:51:56.325 934 934 I zygote : option[14]=-XX:LowMemoryMode
08-19 09:51:56.325 934 934 I zygote : option[15]=-XjdwpOptions:suspend=n,server=y
08-19 09:51:56.325 934 934 I zygote : option[16]=-XjdwpProvider:default
08-19 09:51:56.325 934 934 I zygote : option[17]=-Xlockprofthreshold:500
08-19 09:51:56.325 934 934 I zygote : option[18]=-Ximage-compiler-option
08-19 09:51:56.325 934 934 I zygote : option[19]=--runtime-arg
08-19 09:51:56.325 934 934 I zygote : option[20]=-Ximage-compiler-option
08-19 09:51:56.325 934 934 I zygote : option[21]=-Xms64m
08-19 09:51:56.325 934 934 I zygote : option[22]=-Ximage-compiler-option
08-19 09:51:56.325 934 934 I zygote : option[23]=--runtime-arg
08-19 09:51:56.325 934 934 I zygote : option[24]=-Ximage-compiler-option
08-19 09:51:56.325 934 934 I zygote : option[25]=-Xmx64m
08-19 09:51:56.325 934 934 I zygote : option[26]=-Ximage-compiler-option
08-19 09:51:56.326 934 934 I zygote : option[27]=--profile-file=/system/etc/boot-image.prof
08-19 09:51:56.326 934 934 I zygote : option[28]=-Ximage-compiler-option
08-19 09:51:56.326 934 934 I zygote : option[29]=--compiler-filter=speed-profile
08-19 09:51:56.326 934 934 I zygote : option[30]=-Xcompiler-option
08-19 09:51:56.326 934 934 I zygote : option[31]=--runtime-arg
08-19 09:51:56.326 934 934 I zygote : option[32]=-Xcompiler-option
08-19 09:51:56.326 934 934 I zygote : option[33]=-Xms64m
08-19 09:51:56.326 934 934 I zygote : option[34]=-Xcompiler-option
08-19 09:51:56.326 934 934 I zygote : option[35]=--runtime-arg
08-19 09:51:56.326 934 934 I zygote : option[36]=-Xcompiler-option
08-19 09:51:56.326 934 934 I zygote : option[37]=-Xmx512m
08-19 09:51:56.326 934 934 I zygote : option[38]=-Ximage-compiler-option
08-19 09:51:56.326 934 934 I zygote : option[39]=--instruction-set-variant=cortex-a9
08-19 09:51:56.326 934 934 I zygote : option[40]=-Xcompiler-option
08-19 09:51:56.326 934 934 I zygote : option[41]=--instruction-set-variant=cortex-a9
08-19 09:51:56.326 934 934 I zygote : option[42]=-Ximage-compiler-option
08-19 09:51:56.326 934 934 I zygote : option[43]=--instruction-set-features=default
08-19 09:51:56.327 934 934 I zygote : option[44]=-Xcompiler-option
08-19 09:51:56.327 934 934 I zygote : option[45]=--instruction-set-features=default
08-19 09:51:56.327 934 934 I zygote : option[46]=-Duser.locale=en-US
08-19 09:51:56.327 934 934 I zygote : option[47]=--cpu-abilist=armeabi-v7a,armeabi
08-19 09:51:56.327 934 934 I zygote : option[48]=-Xfingerprint:Android/sabresd_6dq/sabresd_6dq:9/2.2.0-ga-rc3/tws08171723:userdebug/dev-keys
08-19 09:51:56.343 934 934 W zygote : Could not reserve sentinel fault page
08-19 09:51:56.360 934 934 I zygote : VerifyImage: /system/bin/patchoat --input-image-location=/system/framework/boot.art --output-image-directory=/data/dalvik-cache/arm --instruction-set=arm --verify
08-19 09:51:56.479 942 942 W patchoat: Could not reserve sentinel fault page
08-19 09:51:57.487 934 934 D Zygote : begin preload
08-19 09:51:57.487 934 934 I Zygote : Installing ICU cache reference pinning...
08-19 09:51:57.487 934 934 I Zygote : Preloading ICU data...
08-19 09:51:57.513 934 934 D Zygote32Timing: BeginIcuCachePinning took to complete: 25ms
08-19 09:51:57.513 934 934 I Zygote : Preloading classes...
08-19 09:51:57.563 934 934 I Zygote : ...preloaded 0 classes in 50ms.
08-19 09:51:57.563 934 934 I zygote : VMRuntime.preloadDexCaches starting
08-19 09:51:57.752 934 934 I zygote : VMRuntime.preloadDexCaches strings total=291066 before=12059 after=12059
08-19 09:51:57.753 934 934 I zygote : VMRuntime.preloadDexCaches types total=31352 before=7825 after=7826
08-19 09:51:57.753 934 934 I zygote : VMRuntime.preloadDexCaches fields total=140909 before=9172 after=9172
08-19 09:51:57.753 934 934 I zygote : VMRuntime.preloadDexCaches methods total=247820 before=12783 after=12783
08-19 09:51:57.753 934 934 I zygote : VMRuntime.preloadDexCaches finished
08-19 09:51:57.753 934 934 D Zygote32Timing: PreloadClasses took to complete: 240ms
08-19 09:51:58.066 934 934 I Zygote : Preloading resources...
08-19 09:51:58.093 934 934 W Resources: Preloaded drawable resource #0x1080265 (android:drawable/dialog_background_material) that varies with configuration!!
08-19 09:51:58.153 934 934 I Zygote : ...preloaded 64 resources in 88ms.
08-19 09:51:58.170 934 934 I Zygote : ...preloaded 41 resources in 16ms.
08-19 09:51:58.170 934 934 D Zygote32Timing: PreloadResources took to complete: 410ms
08-19 09:51:58.206 934 934 D libEGL : loaded /vendor/lib/egl/libEGL_VIVANTE.so
08-19 09:51:58.227 934 934 D libEGL : loaded /vendor/lib/egl/libGLESv1_CM_VIVANTE.so
08-19 09:51:58.513 934 934 D libEGL : loaded /vendor/lib/egl/libGLESv2_VIVANTE.so
08-19 09:51:58.716 934 934 I Zygote : Preloading shared libraries...
08-19 09:51:58.724 934 934 I Zygote : Uninstalled ICU cache reference pinning...
08-19 09:51:58.726 934 934 I Zygote : Installed AndroidKeyStoreProvider in 2ms.
08-19 09:51:58.769 934 934 I Zygote : Warmed up JCA providers in 44ms.
08-19 09:51:58.770 934 934 D Zygote : end preload
08-19 09:51:58.770 934 934 D Zygote32Timing: ZygotePreload took to complete: 1283ms
08-19 09:51:59.056 934 934 I zygote : Explicit concurrent copying GC freed 36810(3MB) AllocSpace objects, 24(412KB) LOS objects, 24% free, 5MB/7MB, paused 428us total 286.105ms
08-19 09:51:59.159 934 934 I zygote : Explicit concurrent copying GC freed 3931(1280KB) AllocSpace objects, 127(2MB) LOS objects, 24% free, 1993KB/2MB, paused 269us total 90.798ms
08-19 09:51:59.160 934 934 D Zygote32Timing: PostZygoteInitGC took to complete: 390ms
08-19 09:51:59.160 934 934 D Zygote32Timing: ZygoteInit took to complete: 1673ms
08-19 09:51:59.429 934 947 I zygote : Thread[9,tid=947,Native,Thread*=0xad183000,peer=0x12e80768,"Thread-1"] recursive attempt to load library "/system/lib/libmedia_jni.so"
08-19 09:51:59.430 934 947 D MtpDeviceJNI: register_android_mtp_MtpDevice
08-19 09:51:59.431 934 946 I zygote : Background concurrent copying GC freed 1887(409KB) AllocSpace objects, 11(264KB) LOS objects, 25% free, 2MB/2MB, paused 121us total 152.178ms
08-19 09:51:59.451 934 947 I zygote : Thread[9,tid=947,Native,Thread*=0xad183000,peer=0x12e80768,"Thread-1"] recursive attempt to load library "/system/lib/libmedia_jni.so"
08-19 09:51:59.452 934 947 I zygote : Thread[9,tid=947,Native,Thread*=0xad183000,peer=0x12e80768,"Thread-1"] recursive attempt to load library "/system/lib/libmedia_jni.so"
08-19 09:51:59.917 934 946 I zygote : Background concurrent copying GC freed 7158(451KB) AllocSpace objects, 3(84KB) LOS objects, 25% free, 2MB/3MB, paused 124us total 151.546ms
08-19 09:52:00.271 940 940 I wificond: wificond is starting up...
08-19 09:52:01.137 938 938 I Netd : Netd 1.0 starting
08-19 09:52:01.138 938 938 D TetherController: Setting IP forward enable = 0
08-19 09:52:01.152 934 934 I Zygote : System server process 955 has been created
08-19 09:52:01.155 934 934 I Zygote : Accepting command socket connections
08-19 09:52:01.160 955 955 I Zygote : seccomp disabled by setenforce 0
08-19 09:52:01.492 955 955 I system_server: The ClassLoaderContext is a special shared library.
08-19 09:52:01.572 934 959 I zygote : Background concurrent copying GC freed 2(30KB) AllocSpace objects, 0(0B) LOS objects, 36% free, 897KB/1409KB, paused 209us total 368.926ms
08-19 09:52:01.574 938 938 I Netd : Creating child chains: 336.4ms
08-19 09:52:01.574 938 938 I Netd : Setting up OEM hooks: 0.2ms
08-19 09:52:01.611 955 955 I system_server: Waiting for a blocking GC AddRemoveAppImageSpace
08-19 09:52:01.623 938 938 I Netd : Setting up FirewallController hooks: 49.1ms
08-19 09:52:01.627 941 941 D vndksupport: Loading /vendor/lib/hw/android.hardware.audio@4.0-impl.so from current namespace instead of sphal namespace.
08-19 09:52:01.642 938 938 I Netd : Setting up TetherController hooks: 18.3ms
08-19 09:52:01.653 938 938 I Netd : Setting up BandwidthController hooks: 11.1ms
08-19 09:52:01.653 938 938 I Netd : Setting up IdletimerController hooks: 0.1ms
08-19 09:52:01.653 938 938 I Netd : initializing traffic control: 0.0ms
08-19 09:52:01.675 955 967 I system_server: Background concurrent copying GC freed 2(46KB) AllocSpace objects, 0(0B) LOS objects, 35% free, 914KB/1426KB, paused 198us total 353.422ms
08-19 09:52:01.675 955 955 I system_server: WaitForGcToComplete blocked AddRemoveAppImageSpace on HeapTrim for 63.454ms
08-19 09:52:01.680 955 955 I system_server: The ClassLoaderContext is a special shared library.
08-19 09:52:01.703 955 955 I chatty : uid=1000 system_server identical 1 line
08-19 09:52:01.707 955 955 I system_server: The ClassLoaderContext is a special shared library.
08-19 09:52:01.724 938 938 I Netd : Disabling bandwidth control: 71.2ms
08-19 09:52:01.731 941 941 I ServiceManagement: Removing namespace from process name android.hardware.audio@2.0-service to audio@2.0-service.
08-19 09:52:01.733 938 938 E Netd : cannot find interface dummy0
08-19 09:52:01.733 938 938 I Netd : Initializing RouteController: 9.4ms
08-19 09:52:01.734 938 938 D XfrmController: Sending Netlink XFRM Message: XFRM_MSG_FLUSHSA
08-19 09:52:01.734 938 938 D XfrmController: Sending Netlink XFRM Message: XFRM_MSG_FLUSHPOLICY
08-19 09:52:01.734 938 938 I Netd : Initializing XfrmController: 0.8ms
08-19 09:52:01.741 938 938 E Netd : Unable to create netlink socket: Protocol not supported
08-19 09:52:01.741 938 938 W Netd : Unable to open qlog quota socket, check if xt_quota2 can send via UeventHandler
08-19 09:52:01.742 938 938 D MDnsDS : MDnsSdListener::Hander starting up
08-19 09:52:01.744 938 938 I Netd : Registering NetdNativeService: 1.5ms
08-19 09:52:01.745 938 938 I Netd : Starting CommandListener: 0.3ms
08-19 09:52:01.748 941 941 I audiohalservice: Registration complete for android.hardware.audio@4.0::IDevicesFactory/default.
08-19 09:52:01.750 938 978 D MDnsDS : MDnsSdListener starting to monitor
08-19 09:52:01.750 938 978 D MDnsDS : Going to poll with pollCount 1
08-19 09:52:01.755 941 941 D vndksupport: Loading /vendor/lib/hw/android.hardware.audio.effect@4.0-impl.so from current namespace instead of sphal namespace.
08-19 09:52:01.761 938 938 I Netd : Registering NetdHwService: 15.9ms
08-19 09:52:01.761 938 938 I Netd : Netd started in 624ms
08-19 09:52:01.807 955 955 I SystemServer: InitBeforeStartServices
08-19 09:52:01.808 955 955 I SystemServer: Entered the Android system server!
08-19 09:52:01.891 941 941 I audiohalservice: Registration complete for android.hardware.audio.effect@4.0::IEffectsFactory/default.
08-19 09:52:01.892 164 164 W hwservicemanager: getTransport: Cannot find entry android.hardware.soundtrigger@2.1::ISoundTriggerHw/default in either framework or device manifest.
08-19 09:52:01.893 941 941 E audiohalservice: Could not get passthrough implementation for android.hardware.soundtrigger@2.1::ISoundTriggerHw/default.
08-19 09:52:01.894 164 164 W hwservicemanager: getTransport: Cannot find entry android.hardware.soundtrigger@2.0::ISoundTriggerHw/default in either framework or device manifest.
08-19 09:52:01.895 941 941 E audiohalservice: Could not get passthrough implementation for android.hardware.soundtrigger@2.0::ISoundTriggerHw/default.
08-19 09:52:01.895 941 941 W audiohalservice: Could not register soundtrigger API 2.0 nor 2.1
08-19 09:52:01.896 164 164 W hwservicemanager: getTransport: Cannot find entry android.hardware.bluetooth.a2dp@1.0::IBluetoothAudioOffload/default in either framework or device manifest.
08-19 09:52:01.897 941 941 E audiohalservice: Could not get passthrough implementation for android.hardware.bluetooth.a2dp@1.0::IBluetoothAudioOffload/default.
08-19 09:52:01.897 941 941 W audiohalservice: Could not register Bluetooth audio offload 1.0
08-19 09:52:02.073 939 939 I ConfigStore: android::hardware::configstore::V1_0::ISurfaceFlingerConfigs::startGraphicsAllocatorService retrieved: 0
08-19 09:52:02.074 939 939 I SurfaceFlinger: Using HWComposer service: 'default'
08-19 09:52:02.074 939 939 I SurfaceFlinger: SurfaceFlinger is starting
08-19 09:52:02.091 939 939 I ConfigStore: android::hardware::configstore::V1_0::ISurfaceFlingerConfigs::vsyncEventPhaseOffsetNs retrieved: 1000000 (default)
08-19 09:52:02.092 939 939 I ConfigStore: android::hardware::configstore::V1_0::ISurfaceFlingerConfigs::vsyncSfEventPhaseOffsetNs retrieved: 1000000 (default)
08-19 09:52:02.094 939 939 I ConfigStore: android::hardware::configstore::V1_0::ISurfaceFlingerConfigs::hasSyncFramework retrieved: 1
08-19 09:52:02.094 939 939 I ConfigStore: android::hardware::configstore::V1_0::ISurfaceFlingerConfigs::presentTimeOffsetFromVSyncNs retrieved: 0
08-19 09:52:02.095 939 939 I ConfigStore: android::hardware::configstore::V1_0::ISurfaceFlingerConfigs::useHwcForRGBtoYUV retrieved: 0
08-19 09:52:02.096 939 939 I ConfigStore: android::hardware::configstore::V1_0::ISurfaceFlingerConfigs::maxVirtualDisplaySize retrieved: 0 (default)
08-19 09:52:02.097 939 939 I ConfigStore: android::hardware::configstore::V1_0::ISurfaceFlingerConfigs::useVrFlinger retrieved: 0 (default)
08-19 09:52:02.101 939 939 I ConfigStore: android::hardware::configstore::V1_0::ISurfaceFlingerConfigs::maxFrameBufferAcquiredBuffers retrieved: 3
08-19 09:52:02.101 939 939 I ConfigStore: android::hardware::configstore::V1_0::ISurfaceFlingerConfigs::hasWideColorDisplay retrieved: 0
08-19 09:52:02.132 939 939 I ConfigStore: android::hardware::configstore::V1_1::ISurfaceFlingerConfigs::primaryDisplayOrientation retrieved: ORIENTATION_0 (default)
08-19 09:52:02.133 939 939 I SurfaceFlinger: Enabling HWC virtual displays
08-19 09:52:02.133 939 939 I SurfaceFlinger: Disabling Triple Buffering
08-19 09:52:02.133 939 939 I SurfaceFlinger: Treble testing override: 'false'
08-19 09:52:02.133 939 939 I SurfaceFlinger: SurfaceFlinger's main thread ready to run. Initializing graphics H/W...
08-19 09:52:02.133 939 939 I SurfaceFlinger: Phase offest NS: 1000000
08-19 09:52:02.160 939 939 D libEGL : loaded /vendor/lib/egl/libEGL_VIVANTE.so
08-19 09:52:02.177 939 939 D libEGL : loaded /vendor/lib/egl/libGLESv1_CM_VIVANTE.so
08-19 09:52:02.466 939 939 D libEGL : loaded /vendor/lib/egl/libGLESv2_VIVANTE.so
08-19 09:52:03.114 955 955 E UsbAlsaJackDetectorJNI: Can't register UsbAlsaJackDetector native methods
08-19 09:52:03.164 955 955 D SystemServerTiming: InitBeforeStartServices took to complete: 1358ms
08-19 09:52:03.165 955 955 I SystemServer: StartServices
08-19 09:52:03.165 955 955 I SystemServer: Reading configuration...
08-19 09:52:03.165 955 955 I SystemServer: ReadingSystemConfig
08-19 09:52:03.166 955 955 D SystemServerTiming: ReadingSystemConfig took to complete: 1ms
08-19 09:52:03.166 955 955 I SystemServer: StartInstaller
08-19 09:52:03.166 955 955 I SystemServiceManager: Starting com.android.server.pm.Installer
08-19 09:52:03.201 955 992 D SystemServerInitThreadPool: Started executing ReadingSystemConfig
08-19 09:52:03.212 221 249 D installd: Found quota mount /dev/block/by-name/userdata at /data
08-19 09:52:03.214 955 955 D SystemServerTiming: StartInstaller took to complete: 48ms
08-19 09:52:03.214 955 955 I SystemServer: DeviceIdentifiersPolicyService
08-19 09:52:03.214 955 955 I SystemServiceManager: Starting com.android.server.os.DeviceIdentifiersPolicyService
08-19 09:52:03.216 955 955 D SystemServerTiming: DeviceIdentifiersPolicyService took to complete: 2ms
08-19 09:52:03.216 955 955 I SystemServer: StartActivityManager
08-19 09:52:03.216 955 955 I SystemServiceManager: Starting com.android.server.am.ActivityManagerService$Lifecycle
08-19 09:52:03.243 955 955 I ActivityManager: Memory class: 128
08-19 09:52:03.332 955 955 D BatteryStatsImpl: Reading daily items from /data/system/batterystats-daily.xml
08-19 09:52:03.357 955 998 E BluetoothAdapter: Bluetooth binder is null
08-19 09:52:03.361 936 936 I cameraserver: ServiceManager: 0xa631b100
08-19 09:52:03.362 936 936 I CameraService: CameraService started (pid=936)
08-19 09:52:03.362 936 936 I CameraService: CameraService process starting
08-19 09:52:03.381 955 998 E BatteryExternalStatsWorker: no controller energy info supplied for telephony
08-19 09:52:03.382 955 998 E KernelUidCpuFreqTimeReader: Failed to read /proc/uid_time_in_state: java.io.FileNotFoundException: /proc/uid_time_in_state (No such file or directory)
08-19 09:52:03.402 955 992 D SystemServerInitThreadPool: Finished executing ReadingSystemConfig
08-19 09:52:03.403 936 936 W BatteryNotifier: batterystats service unavailable!
08-19 09:52:03.404 936 936 W BatteryNotifier: batterystats service unavailable!
08-19 09:52:03.414 936 936 I CameraProviderManager: Connecting to new camera provider: legacy/0, isRemote? 1
08-19 09:52:03.415 936 936 I CameraProviderManager: Camera provider legacy/0 ready with 0 camera devices
08-19 09:52:03.416 164 164 W hwservicemanager: getTransport: Cannot find entry android.hardware.camera.provider@2.4::ICameraProvider/external/0 in either framework or device manifest.
08-19 09:52:03.417 936 999 W CameraProviderManager: addProviderLocked: Camera provider HAL with name 'legacy/0' already registered
08-19 09:52:03.418 936 936 I : Waiting for activity service
08-19 09:52:03.444 955 998 W KernelCpuProcReader: File not exist: /proc/uid_cpupower/concurrent_active_time
08-19 09:52:03.445 955 998 W KernelCpuProcReader: File not exist: /proc/uid_cpupower/concurrent_policy_time
08-19 09:52:03.446 955 998 E KernelCpuSpeedReader: Failed to read cpu-freq: /sys/devices/system/cpu/cpu0/cpufreq/stats/time_in_state (No such file or directory)
08-19 09:52:03.483 955 998 I PowerManagerService-JNI: Loaded power HAL 1.0 service
08-19 09:52:03.485 955 998 E KernelUidCpuFreqTimeReader: Failed to read /proc/uid_time_in_state: java.io.FileNotFoundException: /proc/uid_time_in_state (No such file or directory)
08-19 09:52:03.522 937 937 I mediaserver: ServiceManager: 0xae99b1c0
08-19 09:52:03.530 937 937 W BatteryNotifier: batterystats service unavailable!
08-19 09:52:03.649 955 967 I system_server: Background concurrent copying GC freed 870(215KB) AllocSpace objects, 8(160KB) LOS objects, 21% free, 1893KB/2MB, paused 151us total 387.833ms
08-19 09:52:03.696 939 939 D v_gal : Failed to open device: No such file or directory, Try again...
08-19 09:52:03.811 955 955 I AppOps : No existing app ops /data/system/appops.xml; starting empty
08-19 09:52:03.831 955 955 I IntentFirewall: Read new rules (A:0 B:0 S:0)
08-19 09:52:03.858 955 955 D AppOps : AppOpsService published
08-19 09:52:03.861 955 955 D SystemServerTiming: StartActivityManager took to complete: 646ms
08-19 09:52:03.861 955 955 I SystemServer: StartPowerManager
08-19 09:52:03.862 955 955 I SystemServiceManager: Starting com.android.server.power.PowerManagerService
08-19 09:52:03.885 955 955 D SystemServerTiming: StartPowerManager took to complete: 24ms
08-19 09:52:03.885 955 955 I SystemServer: InitPowerManagement
08-19 09:52:03.888 955 955 D SystemServerTiming: InitPowerManagement took to complete: 2ms
08-19 09:52:03.888 955 955 I SystemServer: StartRecoverySystemService
08-19 09:52:03.888 955 955 I SystemServiceManager: Starting com.android.server.RecoverySystemService
08-19 09:52:03.891 955 955 D SystemServerTiming: StartRecoverySystemService took to complete: 2ms
08-19 09:52:03.895 955 955 W RescueParty: Noticed 1 events for UID 0 in last 118 sec
08-19 09:52:03.895 955 955 I SystemServer: StartLightsService
08-19 09:52:03.895 955 955 I SystemServiceManager: Starting com.android.server.lights.LightsService
08-19 09:52:03.896 955 955 D SystemServerTiming: StartLightsService took to complete: 0ms
08-19 09:52:03.896 955 955 I SystemServer: StartSidekickService
08-19 09:52:03.897 955 955 D SystemServerTiming: StartSidekickService took to complete: 0ms
08-19 09:52:03.897 955 955 I SystemServer: StartDisplayManager
08-19 09:52:03.897 955 955 I SystemServiceManager: Starting com.android.server.display.DisplayManagerService
08-19 09:52:03.924 955 955 D SystemServerTiming: StartDisplayManager took to complete: 28ms
08-19 09:52:03.925 955 955 I SystemServer: WaitForDisplay
08-19 09:52:03.925 955 955 I SystemServiceManager: Starting phase 100
08-19 09:52:04.091 955 967 I system_server: Background concurrent copying GC freed 1977(396KB) AllocSpace objects, 21(452KB) LOS objects, 25% free, 1478KB/1990KB, paused 154us total 263.640ms
08-19 09:52:04.160 935 935 I FastMixerState: sMaxFastTracks = 8
08-19 09:52:04.164 935 935 V MediaUtils: physMem: 510205952
08-19 09:52:04.164 935 935 V MediaUtils: requested limit: 102041180
08-19 09:52:04.164 935 935 V MediaUtils: actual limit: 102041180
08-19 09:52:04.164 935 935 V MediaUtils: original limits: 4294967295/4294967295
08-19 09:52:04.164 935 935 V MediaUtils: new limits: 102041180/4294967295
08-19 09:52:04.166 935 935 I audioserver: ServiceManager: 0xa511b100
08-19 09:52:04.168 955 986 W ContextImpl: Missing ActivityManager; assuming 1041 does not hold android.permission.UPDATE_DEVICE_STATS
08-19 09:52:04.176 164 164 W hwservicemanager: getTransport: Cannot find entry android.hardware.audio@4.0::IDevicesFactory/msd in either framework or device manifest.
08-19 09:52:04.182 935 935 I AudioFlinger: Using default 3000 mSec as standby time.
08-19 09:52:04.185 935 935 E APM::Serializer: deserialize: Could not parse /odm/etc/audio_policy_configuration.xml document.
08-19 09:52:04.211 941 1010 D vndksupport: Loading /vendor/lib/hw/audio.primary.imx6.so from current namespace instead of sphal namespace.
08-19 09:52:04.216 941 1010 I audio_hw_primary: Total 0 cards match
08-19 09:52:04.216 941 1010 E audio_hw_primary: no supported sound card found, aborting.
08-19 09:52:04.216 941 1010 E DevicesFactoryHAL: loadAudioInterface couldn't open audio hw device in audio.primary (Invalid argument)
08-19 09:52:04.217 935 935 E AudioFlinger: loadHwModule() error -19 loading module primary
08-19 09:52:04.217 935 935 W APM_AudioPolicyManager: could not open HW module primary
08-19 09:52:04.231 935 935 I bt_a2dp_hw: adev_open: adev_open in A2dp_hw module
08-19 09:52:04.232 935 935 I AudioFlinger: loadHwModule() Loaded a2dp audio interface, handle 10
08-19 09:52:04.232 941 1010 D vndksupport: Loading /vendor/lib/hw/audio.usb.default.so from current namespace instead of sphal namespace.
08-19 09:52:04.238 935 935 I AudioFlinger: loadHwModule() Loaded usb audio interface, handle 18
08-19 09:52:04.238 941 1010 D vndksupport: Loading /vendor/lib/hw/audio.r_submix.default.so from current namespace instead of sphal namespace.
08-19 09:52:04.241 941 1010 I r_submix: adev_open(name=audio_hw_if)
08-19 09:52:04.242 941 1010 I r_submix: adev_init_check()
08-19 09:52:04.242 941 1010 W DeviceHAL: Error from HAL Device in function set_master_mute: Function not implemented
08-19 09:52:04.242 935 935 I AudioFlinger: loadHwModule() Loaded r_submix audio interface, handle 26
08-19 09:52:04.243 941 1010 D r_submix: adev_open_input_stream(addr=0)
08-19 09:52:04.243 941 1010 D r_submix: submix_audio_device_create_pipe_l(addr=0, idx=9)
08-19 09:52:04.243 941 1010 D r_submix: now using address 0 for route 9
08-19 09:52:04.246 935 1019 I AudioFlinger: AudioFlinger's thread 0xa4aae640 tid=1019 ready to run
08-19 09:52:04.247 935 935 W APM_AudioPolicyManager: Output device 00000002 unreachable
08-19 09:52:04.247 935 935 W APM_AudioPolicyManager: Input device 80000004 unreachable
08-19 09:52:04.247 935 935 E APM_AudioPolicyManager: Default device 00000002 is unreachable
08-19 09:52:04.247 935 935 E APM_AudioPolicyManager: Failed to open primary output
08-19 09:52:04.248 935 935 I : Waiting for activity service
08-19 09:52:04.249 941 1010 D r_submix: adev_close_input_stream()
08-19 09:52:04.249 941 1010 D r_submix: submix_audio_device_release_pipe_l(idx=9) addr=0
08-19 09:52:04.249 941 1010 D r_submix: submix_audio_device_destroy_pipe_l(): pipe destroyed
08-19 09:52:04.697 939 939 D v_gal : Failed to open device: No such file or directory, Try again...
08-19 09:52:04.825 955 1006 I ServiceManager: Waiting for service SurfaceFlinger...
08-19 09:52:05.697 939 939 D v_gal : Failed to open device: No such file or directory, Try again...
08-19 09:52:05.827 955 1006 I ServiceManager: Waiting for service SurfaceFlinger...
08-19 09:52:06.697 939 939 D v_gal : Failed to open device: No such file or directory, Try again...
08-19 09:52:06.698 939 939 D v_gal : _OpenDevice(1228): FATAL: Failed to open device, errno=No such file or directory.
08-19 09:52:06.853 163 163 I ServiceManager: service 'batterystats' died
08-19 09:52:06.853 163 163 I ServiceManager: service 'appops' died
08-19 09:52:06.853 163 163 I ServiceManager: service 'power' died
08-19 09:52:06.853 163 163 I ServiceManager: service 'recovery' died
08-19 09:52:06.853 163 163 I ServiceManager: service 'display' died
08-19 09:52:06.853 163 163 I ServiceManager: service 'device_identifiers' died
08-19 09:52:06.720 1 1 I init : type=1400 audit(0.0:62): avc: denied { dac_read_search } for capability=2 scontext=u:r:init:s0 tcontext=u:r:init:s0 tclass=capability permissive=1
08-19 09:52:06.944 163 163 I ServiceManager: service 'media.audio_flinger' died
08-19 09:52:06.945 941 1010 I r_submix: adev_close()
08-19 09:52:06.976 163 163 I ServiceManager: service 'media.player' died
08-19 09:52:06.977 163 163 I ServiceManager: service 'media.resource_manager' died
08-19 09:52:06.991 163 163 I ServiceManager: service 'netd' died
08-19 09:52:07.042 163 163 I ServiceManager: service 'wificond' died
08-19 09:52:08.114 1021 1021 D AndroidRuntime: >>>>>> START com.android.internal.os.ZygoteInit uid 0 <<<<<<
08-19 09:52:08.136 1021 1021 I zygote : option[0]=-Xzygote
08-19 09:52:08.136 1021 1021 I zygote : option[1]=-Xusetombstonedtraces
08-19 09:52:08.136 1021 1021 I zygote : option[2]=exit
08-19 09:52:08.136 1021 1021 I zygote : option[3]=vfprintf
08-19 09:52:08.136 1021 1021 I zygote : option[4]=sensitiveThread
08-19 09:52:08.136 1021 1021 I zygote : option[5]=-verbose:gc
08-19 09:52:08.136 1021 1021 I zygote : option[6]=-Xms8m
08-19 09:52:08.136 1021 1021 I zygote : option[7]=-Xmx384m
08-19 09:52:08.136 1021 1021 I zygote : option[8]=-XX:HeapGrowthLimit=128m
08-19 09:52:08.136 1021 1021 I zygote : option[9]=-XX:HeapMinFree=512k
08-19 09:52:08.137 1021 1021 I zygote : option[10]=-XX:HeapMaxFree=8m
08-19 09:52:08.137 1021 1021 I zygote : option[11]=-XX:HeapTargetUtilization=0.75
08-19 09:52:08.137 1021 1021 I zygote : option[12]=-Xusejit:true
08-19 09:52:08.137 1021 1021 I zygote : option[13]=-Xjitsaveprofilinginfo
08-19 09:52:08.137 1021 1021 I zygote : option[14]=-XX:LowMemoryMode
08-19 09:52:08.137 1021 1021 I zygote : option[15]=-XjdwpOptions:suspend=n,server=y
08-19 09:52:08.137 1021 1021 I zygote : option[16]=-XjdwpProvider:default
08-19 09:52:08.137 1021 1021 I zygote : option[17]=-Xlockprofthreshold:500
08-19 09:52:08.137 1021 1021 I zygote : option[18]=-Ximage-compiler-option
08-19 09:52:08.137 1021 1021 I zygote : option[19]=--runtime-arg
08-19 09:52:08.137 1021 1021 I zygote : option[20]=-Ximage-compiler-option
08-19 09:52:08.137 1021 1021 I zygote : option[21]=-Xms64m
08-19 09:52:08.137 1021 1021 I zygote : option[22]=-Ximage-compiler-option
08-19 09:52:08.137 1021 1021 I zygote : option[23]=--runtime-arg
08-19 09:52:08.137 1021 1021 I zygote : option[24]=-Ximage-compiler-option
08-19 09:52:08.137 1021 1021 I zygote : option[25]=-Xmx64m
08-19 09:52:08.137 1021 1021 I zygote : option[26]=-Ximage-compiler-option
08-19 09:52:08.138 1021 1021 I zygote : option[27]=--profile-file=/system/etc/boot-image.prof
08-19 09:52:08.138 1021 1021 I zygote : option[28]=-Ximage-compiler-option
08-19 09:52:08.138 1021 1021 I zygote : option[29]=--compiler-filter=speed-profile
08-19 09:52:08.138 1021 1021 I zygote : option[30]=-Xcompiler-option
08-19 09:52:08.138 1021 1021 I zygote : option[31]=--runtime-arg
08-19 09:52:08.138 1021 1021 I zygote : option[32]=-Xcompiler-option
08-19 09:52:08.138 1021 1021 I zygote : option[33]=-Xms64m
08-19 09:52:08.138 1021 1021 I zygote : option[34]=-Xcompiler-option
08-19 09:52:08.138 1021 1021 I zygote : option[35]=--runtime-arg
08-19 09:52:08.138 1021 1021 I zygote : option[36]=-Xcompiler-option
08-19 09:52:08.138 1021 1021 I zygote : option[37]=-Xmx512m
08-19 09:52:08.138 1021 1021 I zygote : option[38]=-Ximage-compiler-option
08-19 09:52:08.138 1021 1021 I zygote : option[39]=--instruction-set-variant=cortex-a9
08-19 09:52:08.138 1021 1021 I zygote : option[40]=-Xcompiler-option
08-19 09:52:08.138 1021 1021 I zygote : option[41]=--instruction-set-variant=cortex-a9
08-19 09:52:08.138 1021 1021 I zygote : option[42]=-Ximage-compiler-option
08-19 09:52:08.138 1021 1021 I zygote : option[43]=--instruction-set-features=default
08-19 09:52:08.139 1021 1021 I zygote : option[44]=-Xcompiler-option
08-19 09:52:08.139 1021 1021 I zygote : option[45]=--instruction-set-features=default
08-19 09:52:08.139 1021 1021 I zygote : option[46]=-Duser.locale=en-US
08-19 09:52:08.139 1021 1021 I zygote : option[47]=--cpu-abilist=armeabi-v7a,armeabi
08-19 09:52:08.139 1021 1021 I zygote : option[48]=-Xfingerprint:Android/sabresd_6dq/sabresd_6dq:9/2.2.0-ga-rc3/tws08171723:userdebug/dev-keys
08-19 09:52:08.148 1021 1021 W zygote : Could not reserve sentinel fault page
08-19 09:52:08.161 1021 1021 I zygote : VerifyImage: /system/bin/patchoat --input-image-location=/system/framework/boot.art --output-image-directory=/data/dalvik-cache/arm --instruction-set=arm --verify
08-19 09:52:08.250 1029 1029 W patchoat: Could not reserve sentinel fault page