--------- beginning of /dev/log/system
I/Vold ( 1103): Vold 2.1 (the revenge) firing up
D/Vold ( 1103): Volume sdcard state changing -1 (Initializing) -> 0 (No-Media)
D/Vold ( 1103): Volume usb state changing -1 (Initializing) -> 0 (No-Media)
D/Vold ( 1103): Volume usb state changing -1 (Initializing) -> 0 (No-Media)
D/Vold ( 1103): Volume usb state changing -1 (Initializing) -> 0 (No-Media)
D/Vold ( 1103): Volume sdcard state changing 0 (No-Media) -> 2 (Pending)
D/Vold ( 1103): Volume sdcard state changing 2 (Pending) -> 1 (Idle-Unmounted)
I/SystemServer( 1341): Entered the Android system server!
I/SystemServer( 1341): Entropy Mixer
W/EntropyMixer( 1341): unable to load initial entropy (first boot?)
W/EntropyMixer( 1341): java.io.FileNotFoundException: /data/system/entropy.dat: open failed: ENOENT (No such file or directory)
W/EntropyMixer( 1341): at libcore.io.IoBridge.open(IoBridge.java:416)
W/EntropyMixer( 1341): at java.io.FileInputStream.(FileInputStream.java:78)
W/EntropyMixer( 1341): at java.io.FileInputStream.(FileInputStream.java:105)
W/EntropyMixer( 1341): at com.android.server.RandomBlock.fromFile(RandomBlock.java:45)
W/EntropyMixer( 1341): at com.android.server.EntropyMixer.loadInitialEntropy(EntropyMixer.java:99)
W/EntropyMixer( 1341): at com.android.server.EntropyMixer.(EntropyMixer.java:86)
W/EntropyMixer( 1341): at com.android.server.EntropyMixer.(EntropyMixer.java:76)
W/EntropyMixer( 1341): at com.android.server.ServerThread.run(SystemServer.java:152)
W/EntropyMixer( 1341): Caused by: libcore.io.ErrnoException: open failed: ENOENT (No such file or directory)
W/EntropyMixer( 1341): at libcore.io.Posix.open(Native Method)
W/EntropyMixer( 1341): at libcore.io.BlockGuardOs.open(BlockGuardOs.java:110)
W/EntropyMixer( 1341): at libcore.io.IoBridge.open(IoBridge.java:400)
W/EntropyMixer( 1341): ... 7 more
I/SystemServer( 1341): Power Manager
I/SystemServer( 1341): Activity Manager
I/ActivityManager( 1341): Memory class: 48
I/ActivityManager( 1341): Enabled StrictMode logging for AThread's Looper
I/SystemServer( 1341): Telephony Registry
I/SystemServer( 1341): Scheduling Policy
I/SystemServer( 1341): Package Manager
I/PackageManager( 1341): No settings file; creating initial state
W/PackageManager( 1341): Running ENG build: no pre-dexopt!
I/Installer( 1341): connecting...
W/PackageManager( 1341): Package com.android.gallery3d desires unavailable shared library com.google.android.media.effects; ignoring! --------- beginning of /dev/log/main
D/dalvikvm( 1341): WAIT_FOR_CONCURRENT_GC blocked 17ms
D/dalvikvm( 1341): GC_CONCURRENT freed 447K, 41% free 6168K/10311K, paused 12ms+4ms, total 61ms
D/dalvikvm( 1341): WAIT_FOR_CONCURRENT_GC blocked 26ms
D/dalvikvm( 1341): GC_CONCURRENT freed 216K, 38% free 6464K/10311K, paused 12ms+6ms, total 60ms
D/dalvikvm( 1341): WAIT_FOR_CONCURRENT_GC blocked 5ms
I/PackageManager( 1341): /system/app/MagicSmokeWallpapers.apk changed; collecting certs
I/PackageManager( 1341): /system/app/SoundRecorder.apk changed; collecting certs
D/dalvikvm( 1341): GC_CONCURRENT freed 359K, 36% free 6616K/10311K, paused 21ms+7ms, total 75ms
D/dalvikvm( 1341): WAIT_FOR_CONCURRENT_GC blocked 10ms
I/PackageManager( 1341): /system/app/Phone.apk changed; collecting certs
D/dalvikvm( 1341): GC_CONCURRENT freed 859K, 40% free 6269K/10311K, paused 13ms+4ms, total 57ms
D/dalvikvm( 1341): WAIT_FOR_CONCURRENT_GC blocked 11ms
I/PackageManager( 1341): /system/app/OpenWnn.apk changed; collecting certs
D/dalvikvm( 1341): GC_CONCURRENT freed 340K, 38% free 6440K/10311K, paused 12ms+5ms, total 51ms
D/dalvikvm( 1341): WAIT_FOR_CONCURRENT_GC blocked 35ms
D/dalvikvm( 1341): GC_CONCURRENT freed 563K, 39% free 6389K/10311K, paused 12ms+4ms, total 76ms
D/dalvikvm( 1341): WAIT_FOR_CONCURRENT_GC blocked 11ms
D/dalvikvm( 1341): GC_CONCURRENT freed 229K, 36% free 6672K/10311K, paused 12ms+4ms, total 79ms
D/dalvikvm( 1341): WAIT_FOR_CONCURRENT_GC blocked 12ms
I/PackageManager( 1341): /system/app/LiveWallpapers.apk changed; collecting certs
I/PackageManager( 1341): /system/app/MediaProvider.apk changed; collecting certs
D/dalvikvm( 1341): GC_CONCURRENT freed 325K, 34% free 6843K/10311K, paused 12ms+22ms, total 85ms
D/dalvikvm( 1341): WAIT_FOR_CONCURRENT_GC blocked 3ms
I/PackageManager( 1341): /system/app/BackupRestoreConfirmation.apk changed; collecting certs
I/PackageManager( 1341): /system/app/Provision.apk changed; collecting certs
I/PackageManager( 1341): /system/app/PhaseBeam.apk changed; collecting certs
I/PackageManager( 1341): /system/app/Calculator.apk changed; collecting certs
D/dalvikvm( 1341): GC_CONCURRENT freed 1138K, 40% free 6216K/10311K, paused 13ms+4ms, total 83ms
D/dalvikvm( 1341): WAIT_FOR_CONCURRENT_GC blocked 13ms
I/PackageManager( 1341): /system/app/PackageInstaller.apk changed; collecting certs
I/PackageManager( 1341): /system/app/InputDevices.apk changed; collecting certs
D/dalvikvm( 1341): GC_CONCURRENT freed 502K, 40% free 6226K/10311K, paused 13ms+4ms, total 58ms
D/dalvikvm( 1341): WAIT_FOR_CONCURRENT_GC blocked 19ms
I/PackageManager( 1341): /system/app/Bluetooth.apk changed; collecting certs
W/PackageParser( 1341): No actions in intent filter at /system/app/Bluetooth.apk Binary XML file line #159
I/PackageManager( 1341): /system/app/LiveWallpapersPicker.apk changed; collecting certs
I/PackageManager( 1341): /system/app/ContactsProvider.apk changed; collecting certs
D/dalvikvm( 1341): GC_CONCURRENT freed 486K, 40% free 6247K/10311K, paused 14ms+18ms, total 93ms
D/dalvikvm( 1341): WAIT_FOR_CONCURRENT_GC blocked 16ms
I/PackageManager( 1341): /system/app/Exchange2.apk changed; collecting certs
I/PackageManager( 1341): /system/app/Launcher2.apk changed; collecting certs
D/dalvikvm( 1341): GC_CONCURRENT freed 435K, 39% free 6310K/10311K, paused 12ms+3ms, total 40ms
D/dalvikvm( 1341): WAIT_FOR_CONCURRENT_GC blocked 23ms
D/dalvikvm( 1341): GC_CONCURRENT freed 321K, 38% free 6455K/10311K, paused 12ms+3ms, total 91ms
I/PackageManager( 1341): /system/app/SystemUI.apk changed; collecting certs
D/dalvikvm( 1341): GC_CONCURRENT freed 303K, 36% free 6651K/10311K, paused 18ms+5ms, total 45ms
D/dalvikvm( 1341): WAIT_FOR_CONCURRENT_GC blocked 22ms
D/dalvikvm( 1341): GC_CONCURRENT freed 629K, 37% free 6533K/10311K, paused 12ms+2ms, total 53ms
D/dalvikvm( 1341): WAIT_FOR_CONCURRENT_GC blocked 19ms
I/PackageManager( 1341): /system/app/MusicFX.apk changed; collecting certs
I/PackageManager( 1341): /system/app/KeyChain.apk changed; collecting certs
D/dalvikvm( 1341): GC_CONCURRENT freed 306K, 35% free 6738K/10311K, paused 12ms+7ms, total 72ms
D/dalvikvm( 1341): WAIT_FOR_CONCURRENT_GC blocked 9ms
I/PackageManager( 1341): /system/app/Browser.apk changed; collecting certs
D/dalvikvm( 1341): GC_CONCURRENT freed 820K, 38% free 6430K/10311K, paused 12ms+3ms, total 68ms
D/dalvikvm( 1341): WAIT_FOR_CONCURRENT_GC blocked 21ms
D/dalvikvm( 1341): GC_CONCURRENT freed 351K, 38% free 6474K/10311K, paused 12ms+6ms, total 80ms
I/PackageManager( 1341): /system/app/Calendar.apk changed; collecting certs
D/dalvikvm( 1341): GC_CONCURRENT freed 583K, 38% free 6400K/10311K, paused 14ms+7ms, total 76ms
D/dalvikvm( 1341): WAIT_FOR_CONCURRENT_GC blocked 4ms
I/PackageManager( 1341): /system/app/Email.apk changed; collecting certs
D/dalvikvm( 1341): GC_CONCURRENT freed 320K, 37% free 6590K/10311K, paused 12ms+5ms, total 46ms
D/dalvikvm( 1341): WAIT_FOR_CONCURRENT_GC blocked 21ms
D/dalvikvm( 1341): GC_CONCURRENT freed 554K, 37% free 6548K/10311K, paused 13ms+3ms, total 73ms
D/dalvikvm( 1341): WAIT_FOR_CONCURRENT_GC blocked 13ms
I/PackageManager( 1341): /system/app/PinyinIME.apk changed; collecting certs
D/dalvikvm( 1341): GC_CONCURRENT freed 328K, 35% free 6731K/10311K, paused 12ms+9ms, total 60ms
D/dalvikvm( 1341): WAIT_FOR_CONCURRENT_GC blocked 15ms
I/PackageManager( 1341): /system/app/ApplicationsProvider.apk changed; collecting certs
I/PackageManager( 1341): /system/app/DefaultContainerService.apk changed; collecting certs
I/PackageManager( 1341): /system/app/Contacts.apk changed; collecting certs
W/PackageParser( 1341): No actions in intent filter at /system/app/Contacts.apk Binary XML file line #533
D/dalvikvm( 1341): GC_CONCURRENT freed 681K, 37% free 6561K/10311K, paused 12ms+5ms, total 75ms
D/dalvikvm( 1341): WAIT_FOR_CONCURRENT_GC blocked 28ms
D/dalvikvm( 1341): GC_CONCURRENT freed 506K, 37% free 6560K/10311K, paused 12ms+13ms, total 55ms
D/dalvikvm( 1341): WAIT_FOR_CONCURRENT_GC blocked 37ms
D/dalvikvm( 1341): GC_CONCURRENT freed 316K, 35% free 6755K/10311K, paused 12ms+3ms, total 62ms
D/dalvikvm( 1341): WAIT_FOR_CONCURRENT_GC blocked 15ms
I/PackageManager( 1341): /system/app/Music.apk changed; collecting certs
D/dalvikvm( 1341): GC_CONCURRENT freed 313K, 33% free 6954K/10311K, paused 17ms+7ms, total 60ms
D/dalvikvm( 1341): WAIT_FOR_CONCURRENT_GC blocked 26ms
I/PackageManager( 1341): /system/app/TelephonyProvider.apk changed; collecting certs
I/PackageManager( 1341): /system/app/WiFi_Direct.apk changed; collecting certs
D/dalvikvm( 1341): GC_CONCURRENT freed 883K, 37% free 6582K/10311K, paused 12ms+5ms, total 76ms
D/dalvikvm( 1341): WAIT_FOR_CONCURRENT_GC blocked 17ms
I/PackageManager( 1341): /system/app/VpnDialogs.apk changed; collecting certs
I/PackageManager( 1341): /system/app/DeskClock.apk changed; collecting certs
D/dalvikvm( 1341): GC_CONCURRENT freed 524K, 37% free 6570K/10311K, paused 12ms+5ms, total 75ms
D/dalvikvm( 1341): WAIT_FOR_CONCURRENT_GC blocked 25ms
I/PackageManager( 1341): /system/app/DownloadProviderUi.apk changed; collecting certs
D/PackageManager( 1341): No files in app dir /vendor/app
I/PackageManager( 1341): Time to scan packages: 8.919 seconds
I/PackageManager( 1341): Platform changed from 0 to 16; regranting permissions for internal storage
W/PackageManager( 1341): Unknown permission com.google.android.googleapps.permission.GOOGLE_AUTH.mail in package com.android.contacts
W/PackageManager( 1341): Unknown permission android.permission.ADD_SYSTEM_SERVICE in package com.android.phone
W/PackageManager( 1341): Unknown permission com.google.android.googleapps.permission.GOOGLE_AUTH in package com.android.providers.calendar
W/PackageManager( 1341): Unknown permission com.google.android.googleapps.permission.GOOGLE_AUTH.cl in package com.android.providers.calendar
W/PackageManager( 1341): Unknown permission com.google.android.googleapps.permission.GOOGLE_AUTH.mail in package com.android.calendar
W/PackageManager( 1341): Not granting permission android.permission.SEND_DOWNLOAD_COMPLETED_INTENTS to package com.android.browser (protectionLevel=2 flags=0x9be45)
W/PackageManager( 1341): Unknown permission com.google.android.googleapps.permission.GOOGLE_AUTH in package com.android.providers.contacts
W/PackageManager( 1341): Unknown permission com.google.android.googleapps.permission.GOOGLE_AUTH.cp in package com.android.providers.contacts
W/PackageManager( 1341): Unknown permission com.google.android.googleapps.permission.GOOGLE_AUTH in package com.android.settings
W/PackageManager( 1341): Unknown permission com.google.android.googleapps.permission.ACCESS_GOOGLE_PASSWORD in package com.android.development
W/PackageManager( 1341): Unknown permission com.google.android.googleapps.permission.GOOGLE_AUTH in package com.android.development
W/PackageManager( 1341): Unknown permission com.google.android.googleapps.permission.GOOGLE_AUTH.ALL_SERVICES in package com.android.development
W/PackageManager( 1341): Unknown permission com.google.android.googleapps.permission.GOOGLE_AUTH.YouTubeUser in package com.android.development
W/PackageManager( 1341): Not granting permission android.permission.DEVICE_POWER to package com.android.deskclock (protectionLevel=2 flags=0x8be45)
D/dalvikvm( 1341): GC_CONCURRENT freed 479K, 37% free 6575K/10311K, paused 12ms+23ms, total 105ms
D/dalvikvm( 1341): WAIT_FOR_CONCURRENT_GC blocked 0ms
D/dalvikvm( 1341): GC_EXPLICIT freed 291K, 39% free 6309K/10311K, paused 2ms+2ms, total 51ms
I/SystemServer( 1341): Account Manager
D/PackageManager( 1341): generateServicesMap(android.accounts.AccountAuthenticator): 2 services:
D/PackageManager( 1341): New service added: ServiceInfo: AuthenticatorDescription {type=com.android.email}, ComponentInfo{com.android.email/com.android.email.service.PopImapAuthenticatorService}, uid 10036
D/PackageManager( 1341): New service added: ServiceInfo: AuthenticatorDescription {type=com.android.exchange}, ComponentInfo{com.android.email/com.android.email.service.EasAuthenticatorService}, uid 10036
I/PackageManager( 1341): Running dexopt on: com.android.providers.settings
I/SystemServer( 1341): Content Manager
I/SystemServer( 1341): System Content Providers
D/dalvikvm( 1381): DexOpt: load 9ms, verify+opt 54ms, 364164 bytes
I/ActivityThread( 1341): Pub settings: com.android.providers.settings.SettingsProvider
E/SQLiteLog( 1341): (1) no such table: secure
D/SettingsProvider( 1341): Generated and saved new ANDROID_ID [a05de703026f90f8]
I/SyncManager( 1341): No initial accounts
I/SyncManager( 1341): No initial status
I/SyncManager( 1341): No initial pending operations
I/SyncManager( 1341): No initial statistics
D/PackageManager( 1341): generateServicesMap(android.content.SyncAdapter): 4 services:
D/PackageManager( 1341): New service added: ServiceInfo: SyncAdapterType {name=com.android.email.provider, type=com.android.exchange, userVisible=true, supportsUploading=false, isAlwaysSyncable=false, allowParallelSyncs=false, settingsActivity=null}, ComponentInfo{com.android.exchange/com.android.exchange.EmailSyncAdapterService}, uid 10030
D/PackageManager( 1341): New service added: ServiceInfo: SyncAdapterType {name=com.android.contacts, type=com.android.exchange, userVisible=true, supportsUploading=true, isAlwaysSyncable=false, allowParallelSyncs=false, settingsActivity=null}, ComponentInfo{com.android.exchange/com.android.exchange.ContactsSyncAdapterService}, uid 10030
D/PackageManager( 1341): New service added: ServiceInfo: SyncAdapterType {name=com.android.calendar, type=com.android.exchange, userVisible=true, supportsUploading=true, isAlwaysSyncable=false, allowParallelSyncs=false, settingsActivity=null}, ComponentInfo{com.android.exchange/com.android.exchange.CalendarSyncAdapterService}, uid 10030
D/PackageManager( 1341): New service added: ServiceInfo: SyncAdapterType {name=com.android.email.provider, type=com.android.email, userVisible=true, supportsUploading=false, isAlwaysSyncable=false, allowParallelSyncs=false, settingsActivity=null}, ComponentInfo{com.android.email/com.android.email.service.PopImapSyncAdapterService}, uid 10036
D/SettingsProvider( 1341): cache for settings table 'secure' rows=29; fullycached=true
D/SettingsProvider( 1341): cache for settings table 'system' rows=46; fullycached=true
I/SystemServer( 1341): Lights Service
I/SystemServer( 1341): Battery Service
I/SystemServer( 1341): Vibrator Service
I/libsuspend( 1341): Selected early suspend
D/dalvikvm( 1341): GC_CONCURRENT freed 265K, 37% free 6556K/10311K, paused 20ms+8ms, total 84ms
D/dalvikvm( 1341): WAIT_FOR_CONCURRENT_GC blocked 4ms
D/dalvikvm( 1341): WAIT_FOR_CONCURRENT_GC blocked 4ms
D/dalvikvm( 1341): WAIT_FOR_CONCURRENT_GC blocked 9ms
I/SystemServer( 1341): Alarm Manager
I/SystemServer( 1341): Init Watchdog
I/SystemServer( 1341): Window Manager
I/InputManager( 1341): Initializing input manager
W/StatusBarManager( 1341): warning: no STATUS_BAR_SERVICE
D/PermissionCache( 1107): checking android.permission.ACCESS_SURFACE_FLINGER for uid=1000 => granted (518 us)
I/InputManager( 1341): Starting input manager
I/SystemServer( 1341): Bluetooth Service
I/WindowManager( 1341): Enabled StrictMode logging for WMThread's Looper
I/WindowManager( 1341): Enabled StrictMode for PolicyThread's Looper
E/EventHub( 1341): could not get driver version for /dev/input/mice, Not a typewriter
D/EventHub( 1341): No input device configuration file found for device 'gpio-keys'.
I/EventHub( 1341): New device: id=1, fd=90, path='/dev/input/event0', name='gpio-keys', classes=0x1, configuration='', keyLayout='/system/usr/keylayout/Generic.kl', keyCharacterMap='/system/usr/keychars/Generic.kcm', builtinKeyboard=false, usingSuspendBlockIoctl=false, usingClockIoctl=false
D/EventHub( 1341): No input device configuration file found for device 'twl4030_pwrbutton'.
I/EventHub( 1341): New device: id=2, fd=91, path='/dev/input/event1', name='twl4030_pwrbutton', classes=0x1, configuration='', keyLayout='/system/usr/keylayout/Generic.kl', keyCharacterMap='/system/usr/keychars/Generic.kcm', builtinKeyboard=false, usingSuspendBlockIoctl=false, usingClockIoctl=false
I/InputReader( 1341): Device added: id=-1, name='Virtual', sources=0x00000301
I/InputReader( 1341): Device added: id=2, name='twl4030_pwrbutton', sources=0x00000101
I/InputReader( 1341): Device added: id=1, name='gpio-keys', sources=0x00000101
I/BluetoothProfileState( 1341): Message:Entering Stable State
I/BluetoothProfileState( 1341): Message:Entering Stable State
I/BluetoothProfileState( 1341): Message:Entering Stable State
D/BluetoothAdapterStateMachine( 1341): PowerOff process message: 5
I/SystemServer( 1341): Input Method Service
I/bluedroid( 1341): Starting hciattach daemon
W/AudioWatchdog( 1110): Insufficient CPU for load: expected=50.0 actual=119.7 ms; underruns=1 logs=1
E/uim-sysfs( 1104): uim: Inside st_uart_config
E/uim-sysfs( 1104): uim:install set to 1
E/uim-sysfs( 1104): uim: Inside set_baud_rate
E/uim-sysfs( 1104): uim: set_baud_rate() done
E/uim-sysfs( 1104): uim: Inside read_firmware_version
E/uim-sysfs( 1104): uim: Inside read_hci_event
E/uim-sysfs( 1104): uim: read_hci_event
E/WVMExtractor( 1110): Failed to open libwvm.so
W/ResourceType( 1341): Failure getting entry for 0x7f060000 (t=5 e=0) in package 0 (error -75)
E/uim-sysfs( 1104): uim: 4
E/uim-sysfs( 1104): uim: e
E/uim-sysfs( 1104): uim: c
E/uim-sysfs( 1104): uim: 1
E/uim-sysfs( 1104): uim: 1
E/uim-sysfs( 1104): uim: 10
E/uim-sysfs( 1104): uim: 0
E/uim-sysfs( 1104): uim: 4
E/uim-sysfs( 1104): uim: 0
E/uim-sysfs( 1104): uim: 0
E/uim-sysfs( 1104): uim: 4
E/uim-sysfs( 1104): uim: d
E/uim-sysfs( 1104): uim: 0
E/uim-sysfs( 1104): uim: 1f
E/uim-sysfs( 1104): uim: 1d
E/uim-sysfs( 1104): uim: Setting speed to 3000000
W/InputMethodManagerService( 1341): No IME selected. Choose the most applicable IME.
I/InputMethodManagerService( 1341): No default found, using com.android.inputmethod.latin/.LatinIME
E/uim-sysfs( 1104): uim: Inside read_command_complete
E/uim-sysfs( 1104): uim: Command complete started
E/uim-sysfs( 1104): uim: Inside read_hci_event
E/uim-sysfs( 1104): uim: read_hci_event
I/InputReader( 1341): Reconfiguring input devices. changes=0x00000004
I/SystemServer( 1341): Accessibility Manager
I/ActivityManager( 1341): Config changed: {1.0 0mcc0mnc en_US sw640dp w853dp h614dp lrg land ?uimode ?night -touch -keyb/h/h -nav/h s.2}
E/uim-sysfs( 1104): uim: Command complete done
E/uim-sysfs( 1104): uim: Speed changed to 3000000
E/uim-sysfs( 1104): uim: Inside set_custom_baud_rate
E/uim-sysfs( 1104): uim: Changing baud rate to 3000000, flow control to 1
E/uim-sysfs( 1104): uim: set_custom_baud_rate() done
E/uim-sysfs( 1104): uim: Installed N_TI_WL Line displine
I/SystemServer( 1341): Mount Service
D/MountService( 1341): got storage path: null description: SD card primary: true removable: true emulated: false mtpReserve: 0 allowMassStorage: false maxFileSize: 0
E/MountService( 1341): path or description is null in readStorageList
D/MountService( 1341): got storage path: /mnt/usb-disk1 description: USB storage primary: false removable: true emulated: false mtpReserve: 0 allowMassStorage: false maxFileSize: 0
D/MountService( 1341): got storage path: /mnt/usb-disk2 description: USB storage primary: false removable: true emulated: false mtpReserve: 0 allowMassStorage: false maxFileSize: 0
D/MountService( 1341): got storage path: /mnt/usb-disk3 description: USB storage primary: false removable: true emulated: false mtpReserve: 0 allowMassStorage: false maxFileSize: 0
I/SystemServer( 1341): LockSettingsService
I/SystemServer( 1341): Device Policy
I/SystemServer( 1341): Status Bar
E/WVMExtractor( 1110): Failed to open libwvm.so
I/SystemServer( 1341): Clipboard Service
I/SystemServer( 1341): NetworkManagement Service
D/dalvikvm( 1341): GREF has increased to 201
I/SystemServer( 1341): Text Service Manager Service
D/VoldCmdListener( 1103): volume list
D/MountService( 1341): volume state changed for /storage/sdcard0 (null -> unmounted)
D/MountService( 1341): volume state changed for /mnt/usb-disk1 (null -> removed)
D/MountService( 1341): volume state changed for /mnt/usb-disk2 (null -> removed)
D/MountService( 1341): volume state changed for /mnt/usb-disk3 (null -> removed)
I/SystemServer( 1341): NetworkStats Service
W/MountService( 1341): getSecureContainerList() called when storage not mounted
D/VoldCmdListener( 1103): asec list
I/SystemServer( 1341): NetworkPolicy Service
I/PackageManager( 1341): No secure containers on sdcard
I/PackageManager( 1341): Platform changed from 0 to 16; regranting permissions for external storage
W/PackageManager( 1341): Unknown permission com.google.android.googleapps.permission.GOOGLE_AUTH.mail in package com.android.contacts
W/PackageManager( 1341): Unknown permission android.permission.ADD_SYSTEM_SERVICE in package com.android.phone
W/PackageManager( 1341): Unknown permission com.google.android.googleapps.permission.GOOGLE_AUTH in package com.android.providers.calendar
W/PackageManager( 1341): Unknown permission com.google.android.googleapps.permission.GOOGLE_AUTH.cl in package com.android.providers.calendar
I/SystemServer( 1341): Wi-Fi P2pService
W/PackageManager( 1341): Unknown permission com.google.android.googleapps.permission.GOOGLE_AUTH.mail in package com.android.calendar
W/PackageManager( 1341): Not granting permission android.permission.SEND_DOWNLOAD_COMPLETED_INTENTS to package com.android.browser (protectionLevel=2 flags=0x9be45)
W/PackageManager( 1341): Unknown permission com.google.android.googleapps.permission.GOOGLE_AUTH in package com.android.providers.contacts
W/PackageManager( 1341): Unknown permission com.google.android.googleapps.permission.GOOGLE_AUTH.cp in package com.android.providers.contacts
W/PackageManager( 1341): Unknown permission com.google.android.googleapps.permission.GOOGLE_AUTH in package com.android.settings
W/PackageManager( 1341): Unknown permission com.google.android.googleapps.permission.ACCESS_GOOGLE_PASSWORD in package com.android.development
W/PackageManager( 1341): Unknown permission com.google.android.googleapps.permission.GOOGLE_AUTH in package com.android.development
W/PackageManager( 1341): Unknown permission com.google.android.googleapps.permission.GOOGLE_AUTH.ALL_SERVICES in package com.android.development
W/PackageManager( 1341): Unknown permission com.google.android.googleapps.permission.GOOGLE_AUTH.YouTubeUser in package com.android.development
W/PackageManager( 1341): Not granting permission android.permission.DEVICE_POWER to package com.android.deskclock (protectionLevel=2 flags=0x8be45)
D/dalvikvm( 1341): GC_CONCURRENT freed 355K, 35% free 6712K/10311K, paused 41ms+6ms, total 106ms
D/dalvikvm( 1341): WAIT_FOR_CONCURRENT_GC blocked 17ms
I/SystemServer( 1341): Wi-Fi Service
E/CommandListener( 1105): Failed to open /proc/sys/net/ipv6/conf/wlan0/disable_ipv6: No such file or directory
E/WifiStateMachine( 1341): Failed to disable IPv6: java.lang.IllegalStateException: command '1 interface ipv6 wlan0 disable' failed with '400 1 Failed to change IPv6 state (No such file or directory)'
I/SystemServer( 1341): Ethernet Service
I/SystemServer( 1341): Connectivity Service
I/ethernet( 1341): interface usb0:2 found
D/ConnectivityService( 1341): ConnectivityService starting up
E/ConnectivityService( 1341): Ignoring protectedNetwork 10
E/ConnectivityService( 1341): Ignoring protectedNetwork 11
E/ConnectivityService( 1341): Ignoring protectedNetwork 12
V/EthernetStateTracker( 1341): Starts...
I/ethernet( 1341): interface ip6tnl0:4 found
E/ethernet( 1341): android_net_ethernet_initEthernetNative exited with success
I/ethernet( 1341): User ask for device name on 0, list:5BBF5FC8, total:2
I/ethernet( 1341): User ask for device name on 1, list:5BBF5FC8, total:2
V/EthernetStateTracker( 1341): Successed
V/EthernetStateTracker( 1341): start to monitor the ethernet devices
I/EthernetManager( 1341): Init Ethernet Manager, service: com.android.server.EthernetService@416ad620
V/EthernetService( 1341): device 0 name ip6tnl0
V/EthernetService( 1341): device 1 name usb0
E/EthernetService( 1341): EthernetManager.ETHERNET_STATE_ENABLED
I/WifiService( 1341): WifiService starting up with Wi-Fi disabled
D/WifiWatchdogStateMachine( 1341): Disabling poor network avoidance for wi-fi only device
I/ethernet( 1341): User ask for device name on 0, list:5BBF5FC8, total:2
I/ethernet( 1341): User ask for device name on 1, list:5BBF5FC8, total:2
D/NetUtils( 1341): android_net_utils_resetConnections in env=0x5c3c4048 clazz=0xe1900001 iface=ip6tnl0 mask=0x3
I/EthernetService( 1341): Ethernet dev enabled 2
V/EthernetService( 1341): device 0 name ip6tnl0
V/EthernetService( 1341): device 1 name usb0
V/EthernetStateMachine( 1341): start to monitor the ethernet devices
E/EthernetStateMachine( 1341): startMonitoring resetInterface()
I/EthernetStateMachine( 1341): reset device ip6tnl0
I/bluedroid( 1341): bt_enable: ret: 0, errno: 0
I/bluedroid( 1341): Starting bluetoothd deamon
E/BluetoothEventLoop.cpp( 1341): get_adapter_path: D-Bus error: org.freedesktop.DBus.Error.ServiceUnknown (The name org.bluez was not provided by any .service files)
E/BluetoothEventLoop.cpp( 1341): get_adapter_path: D-Bus error: org.freedesktop.DBus.Error.ServiceUnknown (The name org.bluez was not provided by any .service files)
E/BluetoothEventLoop.cpp( 1341): get_adapter_path: D-Bus error: org.freedesktop.DBus.Error.ServiceUnknown (The name org.bluez was not provided by any .service files)
E/BluetoothEventLoop.cpp( 1341): get_adapter_path: D-Bus error: org.freedesktop.DBus.Error.ServiceUnknown (The name org.bluez was not provided by any .service files)
E/BluetoothEventLoop.cpp( 1341): get_adapter_path: D-Bus error: org.freedesktop.DBus.Error.ServiceUnknown (The name org.bluez was not provided by any .service files)
E/BluetoothEventLoop.cpp( 1341): get_adapter_path: D-Bus error: org.freedesktop.DBus.Error.ServiceUnknown (The name org.bluez was not provided by any .service files)
E/BluetoothEventLoop.cpp( 1341): get_adapter_path: D-Bus error: org.bluez.Error.NoSuchAdapter (No such adapter)
E/BluetoothEventLoop.cpp( 1341): failure setting up Event Loop!
E/uim-sysfs( 1104): uim: Inside st_uart_config
E/uim-sysfs( 1104): uim: Un-Installed N_TI_WL Line displine
E/uim-sysfs( 1104): uim:cleanup
D/BluetoothEventLoop( 1341): Property Changed: Pairable : false
D/BluetoothEventLoop( 1341): Property Changed: Powered : false
D/BluetoothEventLoop( 1341): Property Changed: UUIDs : 5
E/BluetoothService.cpp( 1341): setBluetoothTetheringNative true
D/BluetoothAdapterStateMachine( 1341): WarmUp process message: 54
D/BluetoothEventLoop( 1341): Property Changed: UUIDs : 6
D/BluetoothEventLoop( 1341): Property Changed: UUIDs : 7
D/BluetoothEventLoop( 1341): Property Changed: UUIDs : 8
D/BluetoothAdapterStateMachine( 1341): WarmUp process message: 51
W/EthernetStateMachine( 1341): Could not stop DHCP
I/EthernetStateMachine( 1341): trigger dhcp for device ip6tnl0
I/SystemServer( 1341): Network Service Discovery Service
D/EthernetStateMachine( 1341): DhcpHandler: DHCP request started
D/NsdService( 1341): Network service discovery enabled true
I/SystemServer( 1341): Throttle Service
I/SystemServer( 1341): UpdateLock Service
D/PackageManager( 1341): generateServicesMap(android.accounts.AccountAuthenticator): 2 services unchanged
I/SystemServer( 1341): Notification Manager
I/SystemServer( 1341): Device Storage Monitor
I/SystemServer( 1341): Location Manager
I/SystemServer( 1341): Country Detector
I/SystemServer( 1341): Search Service
I/SystemServer( 1341): DropBox Service
I/SystemServer( 1341): Wallpaper Service
W/WallpaperService( 1341): failed parsing /data/system/users/0/wallpaper_info.xml java.io.FileNotFoundException: /data/system/users/0/wallpaper_info.xml: open failed: ENOENT (No such file or directory)
I/SystemServer( 1341): Audio Service
D/dalvikvm( 1341): GC_CONCURRENT freed 294K, 33% free 6912K/10311K, paused 13ms+4ms, total 108ms
I/SystemServer( 1341): Dock Observer
W/DockObserver( 1341): This kernel does not have dock station support
I/SystemServer( 1341): Wired Accessory Observer
W/WiredAccessoryObserver( 1341): This kernel does not have wired headset support
W/WiredAccessoryObserver( 1341): This kernel does not have usb audio support
W/WiredAccessoryObserver( 1341): This kernel does not have HDMI audio support
I/SystemServer( 1341): USB Service
E/LegacyUsbDeviceManager( 1341): waitForState() FAILED
E/LegacyUsbDeviceManager( 1341): Failed to switch persistent USB config to
I/SystemServer( 1341): Serial Service
I/SystemServer( 1341): UI Mode Manager Service
I/SystemServer( 1341): Backup Service
V/BackupManagerService( 1341): Initializing package tracking
V/BackupManagerService( 1341): No ancestral data
V/BackupManagerService( 1341): addPackageParticipantsLocked: all
I/BackupManagerService( 1341): New app android never backed up; scheduling
D/BackupManagerService( 1341): Now staging backup of android
I/BackupManagerService( 1341): New app com.android.browser never backed up; scheduling
D/BackupManagerService( 1341): Now staging backup of com.android.browser
I/BackupManagerService( 1341): New app com.android.calendar never backed up; scheduling
D/BackupManagerService( 1341): Now staging backup of com.android.calendar
I/BackupManagerService( 1341): New app com.android.inputmethod.latin never backed up; scheduling
D/BackupManagerService( 1341): Now staging backup of com.android.inputmethod.latin
I/BackupManagerService( 1341): New app com.android.providers.settings never backed up; scheduling
D/BackupManagerService( 1341): Now staging backup of com.android.providers.settings
I/BackupManagerService( 1341): New app com.android.providers.userdictionary never backed up; scheduling
D/BackupManagerService( 1341): Now staging backup of com.android.providers.userdictionary
I/BackupManagerService( 1341): New app com.android.sharedstoragebackup never backed up; scheduling
D/BackupManagerService( 1341): Now staging backup of com.android.sharedstoragebackup
V/BackupManagerService( 1341): Registering transport android/com.android.internal.backup.LocalTransport = com.android.internal.backup.LocalTransport@416120a8
V/BackupManagerService( 1341): Starting with transport android/com.android.internal.backup.LocalTransport
V/BackupManagerService( 1341): Google transport not present
I/BackupManagerService( 1341): Backup enabled => false
I/BackupManagerService( 1341): Opting out of backup
I/SystemServer( 1341): AppWidget Service
I/SystemServer( 1341): Recognition Service
I/SystemServer( 1341): DiskStats Service
I/SystemServer( 1341): SamplingProfiler Service
I/SystemServer( 1341): NetworkTimeUpdateService
I/SystemServer( 1341): CommonTimeManagementService
I/WindowManager( 1341): SAFE MODE not enabled
D/dalvikvm( 1341): JIT started for system_server
I/SystemServer( 1341): CertBlacklister
E/SQLiteLog( 1341): (1) no such table: locksettings
D/PowerManagerService( 1341): system ready!
I/LockSettingsService( 1341): Migrated lock settings to new location
I/ActivityManager( 1341): Sending system update to: ComponentInfo{com.android.providers.calendar/com.android.providers.calendar.CalendarUpgradeReceiver}
I/Zygote ( 1341): Process: zygote socket opened
I/ActivityManager( 1341): Sending system update to: ComponentInfo{com.android.providers.media/com.android.providers.media.MediaUpgradeReceiver}
I/ActivityManager( 1341): Sending system update to: ComponentInfo{com.android.providers.contacts/com.android.providers.contacts.ContactsUpgradeReceiver}
I/SystemServer( 1341): Enabled StrictMode for system server main thread.
I/ActivityManager( 1341): Start proc com.android.providers.calendar for broadcast com.android.providers.calendar/.CalendarUpgradeReceiver: pid=1451 uid=10006 gids={3003, 1015, 1023, 1028}
I/PackageManager( 1341): Running dexopt on: com.android.providers.calendar
I/ActivityManager( 1341): Launching preboot mode app: ProcessRecord{41961798 1451:com.android.providers.calendar/u0a6}
D/dalvikvm( 1463): DexOpt: load 110ms, verify+opt 757ms, 1646212 bytes
I/ActivityManager( 1341): Start proc android.process.media for broadcast com.android.providers.media/.MediaUpgradeReceiver: pid=1474 uid=10015 gids={1015, 1023, 1024, 1028, 2001, 3003, 3007}
I/PackageManager( 1341): Running dexopt on: com.android.providers.media
I/ActivityManager( 1341): Launching preboot mode app: ProcessRecord{41891d98 1474:android.process.media/u0a15}
D/dalvikvm( 1341): GC_CONCURRENT freed 361K, 32% free 7031K/10311K, paused 3ms+27ms, total 108ms
D/dalvikvm( 1488): DexOpt: load 11ms, verify+opt 143ms, 481108 bytes
I/ActivityManager( 1341): Start proc android.process.acore for broadcast com.android.providers.contacts/.ContactsUpgradeReceiver: pid=1490 uid=10004 gids={3003, 1015, 1023, 1028}
I/PackageManager( 1341): Running dexopt on: com.android.providers.contacts
I/ActivityManager( 1341): Launching preboot mode app: ProcessRecord{419c0a28 1490:android.process.acore/u0a4}
D/dalvikvm( 1503): DexOpt: load 113ms, verify+opt 951ms, 1758756 bytes
D/dalvikvm( 1490): GC_CONCURRENT freed 397K, 13% free 5407K/6151K, paused 12ms+2ms, total 52ms
D/dalvikvm( 1490): WAIT_FOR_CONCURRENT_GC blocked 11ms
I/ContactsDatabaseHelper( 1490): Bootstrapping database version: 704
D/dalvikvm( 1490): GC_CONCURRENT freed 354K, 12% free 5483K/6215K, paused 12ms+19ms, total 67ms
I/ContactsProviderV1( 1490): Bootstrapping database legacy support
I/ActivityManager( 1341): Writing new set of last done pre-boot receivers...
I/ActivityManager( 1341): Removing system update proc: ProcessRecord{41961798 1451:com.android.providers.calendar/u0a6}
I/ActivityManager( 1341): Killing proc 1451:com.android.providers.calendar/u0a6: system update done
I/ActivityManager( 1341): Removing system update proc: ProcessRecord{41891d98 1474:android.process.media/u0a15}
I/ActivityManager( 1341): Killing proc 1474:android.process.media/u0a15: system update done
I/ActivityManager( 1341): Removing system update proc: ProcessRecord{419c0a28 1490:android.process.acore/u0a4}
I/ActivityManager( 1341): Killing proc 1490:android.process.acore/u0a4: system update done
W/ActivityManager( 1341): Can't find mystery application for StrictMode from pid=1490 uid=10004: android.os.BinderProxy@418416c8
I/ActivityManager( 1341): System now ready
I/SystemServer( 1341): Making services ready
D/SystemServer( 1341): Starting service: Intent { cmp=com.android.systemui/.SystemUIService }
I/ActivityManager( 1341): Start proc com.android.systemui for service com.android.systemui/.SystemUIService: pid=1507 uid=10032 gids={1028, 1015, 1023, 3002, 3001}
D/NetworkManagementService( 1341): not enabling bandwidth control
W/NetworkStats( 1341): bandwidth controls disabled, unable to track stats
W/NetworkPolicy( 1341): bandwidth controls disabled, unable to enforce policy
I/ActivityManager( 1341): Config changed: {1.0 0mcc0mnc en_US sw640dp w853dp h614dp lrg land -touch -keyb/h/h -nav/h s.3}
E/LegacyUsbDeviceManager( 1341): No known USB function in updateUsbNotification
W/RecognitionManagerService( 1341): no available voice recognition services found
I/PackageManager( 1341): Running dexopt on: com.android.systemui
W/AppWidgetServiceImpl( 1341): Failed to read state: java.io.FileNotFoundException: /data/system/users/0/appwidgets.xml: open failed: ENOENT (No such file or directory)
D/dalvikvm( 1522): DexOpt: load 117ms, verify+opt 311ms, 1217420 bytes
W/InputMethodManagerService( 1341): Ignoring setImeWindowStatus of uid 1000 token: null
W/ResourceType( 1341): Failure getting entry for 0x7f060000 (t=5 e=0) in package 0 (error -75)
W/ResourceType( 1341): Failure getting entry for 0x7f060000 (t=5 e=0) in package 0 (error -75)
W/InputMethodManagerService( 1341): Found no subtypes in a system IME: com.android.inputmethod.pinyin
W/InputMethodManagerService( 1341): Reset the default IME as "Resource" is ready here.
W/ResourceType( 1341): Failure getting entry for 0x7f060000 (t=5 e=0) in package 0 (error -75)
W/ResourceType( 1341): Failure getting entry for 0x7f060000 (t=5 e=0) in package 0 (error -75)
W/InputMethodManagerService( 1341): Found no subtypes in a system IME: com.android.inputmethod.pinyin
I/InputMethodManagerService( 1341): Selected default: com.android.inputmethod.latin/.LatinIME
I/ActivityManager( 1341): Config changed: {1.0 0mcc0mnc en_US sw640dp w853dp h614dp lrg land -touch -keyb/v/h -nav/h s.4}
D/SystemUIService( 1507): loading: class com.android.systemui.statusbar.phone.PhoneStatusBar
D/SystemUIService( 1507): running: com.android.systemui.statusbar.phone.PhoneStatusBar@415a7098
I/ActivityManager( 1341): Start proc com.android.inputmethod.latin for service com.android.inputmethod.latin/.LatinIME: pid=1524 uid=10005 gids={1028}
D/dalvikvm( 1341): GC_CONCURRENT freed 396K, 31% free 7133K/10311K, paused 24ms+30ms, total 198ms
W/InputMethodManagerService( 1341): Illegal subtype state: old subtype = null, new subtype = android.view.inputmethod.InputMethodSubtype@c9194f98
I/LocationManagerService( 1341): whitelist: []
I/LocationManagerService( 1341): blacklist: []
I/StatusBarManagerService( 1341): registerStatusBar bar=com.android.internal.statusbar.IStatusBar$Stub$Proxy@4198be60
E/ThrottleService( 1341): Error reading data file
I/PackageManager( 1341): Running dexopt on: com.android.inputmethod.latin
I/CommonTimeManagementService( 1341): No common time service detected on this platform. Common time services will be unavailable.
E/ThrottleService( 1341): problem during onPollAlarm: java.lang.IllegalStateException: problem parsing stats: java.io.FileNotFoundException: /proc/net/xt_qtaguid/iface_stat_all: open failed: ENOENT (No such file or directory)
D/dalvikvm( 1507): GC_CONCURRENT freed 173K, 10% free 5539K/6087K, paused 19ms+32ms, total 81ms
D/dalvikvm( 1542): DexOpt: load 103ms, verify+opt 527ms, 1290220 bytes
I/InputReader( 1341): Reconfiguring input devices. changes=0x00000020
I/InputReader( 1341): Reconfiguring input devices. changes=0x00000010
I/ActivityManager( 1341): Start proc com.android.phone for added application com.android.phone: pid=1556 uid=1001 gids={3002, 3001, 3003, 1015, 1023, 1028}
I/ActivityManager( 1341): START {act=android.intent.action.MAIN cat=[android.intent.category.HOME] flg=0x10000000 cmp=com.android.settings/.CryptKeeper u=0} from pid 0
I/ActivityManager( 1341): Start proc com.android.settings for activity com.android.settings/.CryptKeeper: pid=1567 uid=1000 gids={1015, 1023, 3002, 3001, 3003, 1028}
I/ActivityManager( 1341): Start proc android.process.media for broadcast com.android.providers.media/.UsbReceiver: pid=1580 uid=10015 gids={1015, 1023, 1024, 1028, 2001, 3003, 3007}
I/PackageManager( 1341): Running dexopt on: com.android.providers.telephony
D/dalvikvm( 1524): GC_CONCURRENT freed 181K, 9% free 5556K/6087K, paused 20ms+27ms, total 107ms
D/dalvikvm( 1588): DexOpt: load 56ms, verify+opt 145ms, 573764 bytes
I/PackageManager( 1341): Running dexopt on: com.android.phone
D/dalvikvm( 1341): GC_CONCURRENT freed 411K, 32% free 7107K/10311K, paused 3ms+18ms, total 87ms
D/dalvikvm( 1599): DexOpt: load 64ms, verify+opt 452ms, 1139972 bytes
I/PackageManager( 1341): Running dexopt on: com.android.settings
E/ThrottleService( 1341): problem during onPollAlarm: java.lang.IllegalStateException: problem parsing stats: java.io.FileNotFoundException: /proc/net/xt_qtaguid/iface_stat_all: open failed: ENOENT (No such file or directory)
W/SocketClient( 1105): write error (Broken pipe)
E/EthernetStateMachine( 1341): DhcpHandler: DHCP request failed: Timed out waiting for dhcpcd to start
I/ActivityThread( 1556): Pub mms: com.android.providers.telephony.MmsProvider
I/ActivityThread( 1556): Pub sms: com.android.providers.telephony.SmsProvider
I/ActivityThread( 1556): Pub telephony: com.android.providers.telephony.TelephonyProvider
W/TelephonyProvider( 1556): onCreate: confFile=/system/etc/apns-conf.xml oldCheckSum=-1
I/ActivityThread( 1556): Pub icc: com.android.phone.IccProvider
I/ActivityThread( 1556): Pub mms-sms: com.android.providers.telephony.MmsSmsProvider
I/LocationManagerService( 1341): request passive (pid 1341) 0 0
D/dalvikvm( 1600): DexOpt: load 213ms, verify+opt 1397ms, 3009628 bytes
I/PackageManager( 1341): Running dexopt on: com.android.providers.downloads
D/dalvikvm( 1614): DexOpt: load 82ms, verify+opt 586ms, 1307172 bytes
I/PackageManager( 1341): Running dexopt on: com.android.providers.drm
D/dalvikvm( 1615): DexOpt: load 5ms, verify+opt 7ms, 144956 bytes
I/ActivityManager( 1341): START {act=android.intent.action.MAIN cat=[android.intent.category.HOME] flg=0x10000000 cmp=com.android.provision/.DefaultActivity u=0} from pid 0
I/ActivityThread( 1580): Pub media: com.android.providers.media.MediaProvider
W/InputAttributes( 1524): No editor info for this field. Bug?
D/dalvikvm( 1108): WAIT_FOR_CONCURRENT_GC blocked 0ms
I/ActivityManager( 1341): Start proc com.android.provision for activity com.android.provision/.DefaultActivity: pid=1617 uid=10024 gids={1028}
E/BinaryDictionaryGetter( 1524): Could not find a dictionary pack
E/ActivityThread( 1524): Failed to find provider info for com.android.inputmethod.latin.dictionarypack
I/PackageManager( 1341): Running dexopt on: com.android.provision
W/ResourceType( 1341): Failure getting entry for 0x7f060000 (t=5 e=0) in package 0 (error -75)
W/ResourceType( 1341): Failure getting entry for 0x7f060000 (t=5 e=0) in package 0 (error -75)
W/InputMethodManagerService( 1341): Found no subtypes in a system IME: com.android.inputmethod.pinyin
I/ActivityThread( 1580): Pub downloads: com.android.providers.downloads.DownloadProvider
D/CAT ( 1556): CatService: Running CAT service. STK app installed:false
D/CAT ( 1556): CatService: NEW sInstance
D/dalvikvm( 1108): GC_EXPLICIT freed 35K, 11% free 5295K/5891K, paused 2ms+2ms, total 246ms
D/dalvikvm( 1108): WAIT_FOR_CONCURRENT_GC blocked 0ms
D/dalvikvm( 1108): GC_EXPLICIT freed <1K, 11% free 5295K/5891K, paused 1ms+18ms, total 87ms
D/dalvikvm( 1633): DexOpt: load 31ms, verify+opt 2ms, 125420 bytes
D/dalvikvm( 1108): WAIT_FOR_CONCURRENT_GC blocked 0ms
D/dalvikvm( 1108): GC_EXPLICIT freed <1K, 11% free 5295K/5891K, paused 2ms+2ms, total 79ms
I/ActivityManager( 1341): Start proc android.process.acore for content provider com.android.providers.userdictionary/.UserDictionaryProvider: pid=1640 uid=10004 gids={3003, 1015, 1023, 1028}
D/PhoneStatusBar( 1507): disable: < expand icons alerts ticker system_info back home recent clock > I/ActivityThread( 1580): Pub drm: com.android.providers.drm.DrmProvider
I/DownloadManager( 1580): in removeSpuriousFiles
D/dalvikvm( 1341): GREF has increased to 301
I/ActivityManager( 1341): Start proc com.android.smspush for service com.android.smspush/.WapPushManager: pid=1652 uid=10017 gids={1028}
I/PackageManager( 1341): Running dexopt on: com.android.providers.applications
D/StorageNotification( 1507): Startup with UMS connection false (media state unmounted)
I/StorageNotification( 1507): UMS connection changed to false (media state unmounted)
W/BackupManagerService( 1341): dataChanged but no participant pkg='com.android.providers.settings' uid=10024
I/DownloadManager( 1580): Upgrading downloads database from version 0 to version 108, which will destroy all old data
D/dalvikvm( 1341): GC_CONCURRENT freed 402K, 31% free 7217K/10311K, paused 32ms+5ms, total 292ms
D/dalvikvm( 1341): WAIT_FOR_CONCURRENT_GC blocked 64ms
D/dalvikvm( 1341): WAIT_FOR_CONCURRENT_GC blocked 49ms
D/dalvikvm( 1341): WAIT_FOR_CONCURRENT_GC blocked 36ms
D/SystemUIService( 1507): loading: class com.android.systemui.power.PowerUI
D/SystemUIService( 1507): running: com.android.systemui.power.PowerUI@415fb6e8
D/dalvikvm( 1664): DexOpt: load 28ms, verify+opt 98ms, 347628 bytes
I/PackageManager( 1341): Running dexopt on: com.android.providers.userdictionary
D/dalvikvm( 1672): DexOpt: load 6ms, verify+opt 10ms, 159972 bytes
I/PackageManager( 1341): Running dexopt on: com.android.smspush
I/ActivityThread( 1640): Pub com.android.voicemail: com.android.providers.contacts.VoicemailContentProvider
I/ActivityThread( 1640): Pub applications: com.android.providers.applications.ApplicationsProvider
D/dalvikvm( 1673): DexOpt: load 43ms, verify+opt 94ms, 516036 bytes
D/SystemUIService( 1507): loading: class com.android.systemui.media.RingtonePlayer
D/SystemUIService( 1507): running: com.android.systemui.media.RingtonePlayer@415fc398
I/ActivityThread( 1640): Pub contacts;com.android.contacts: com.android.providers.contacts.ContactsProvider2
I/ActivityManager( 1341): START {act=android.intent.action.MAIN cat=[android.intent.category.HOME] flg=0x10000000 cmp=com.android.launcher/com.android.launcher2.Launcher u=0} from pid 0
I/ActivityManager( 1341): Start proc com.android.launcher for activity com.android.launcher/com.android.launcher2.Launcher: pid=1677 uid=10031 gids={1028}
D/CallManager( 1556): registerPhone(GSM Handler (com.android.internal.telephony.PhoneProxy) {415b3728})
I/ActivityThread( 1640): Pub call_log: com.android.providers.contacts.CallLogProvider
I/ActivityThread( 1640): Pub user_dictionary: com.android.providers.userdictionary.UserDictionaryProvider
I/PackageManager( 1341): Running dexopt on: com.android.launcher
D/dalvikvm( 1556): GC_CONCURRENT freed 151K, 9% free 5572K/6087K, paused 29ms+2ms, total 212ms
I/Choreographer( 1507): Skipped 536 frames! The application may be doing too much work on its main thread.
I/ContactsDatabaseHelper( 1640): Bootstrapping database version: 704
D/dalvikvm( 1640): GC_CONCURRENT freed 184K, 10% free 5554K/6151K, paused 13ms+78ms, total 143ms
D/dalvikvm( 1696): DexOpt: load 216ms, verify+opt 781ms, 1383556 bytes
W/ActivityManager( 1341): Unable to start service Intent { act=com.android.ussd.IExtendedNetworkService }: not found
D/dalvikvm( 1341): WAIT_FOR_CONCURRENT_GC blocked 0ms
I/ActivityThread( 1677): Pub com.android.launcher2.settings: com.android.launcher2.LauncherProvider
D/dalvikvm( 1507): GC_CONCURRENT freed 103K, 8% free 5842K/6343K, paused 19ms+3ms, total 132ms
D/dalvikvm( 1341): GC_EXPLICIT freed 325K, 30% free 7241K/10311K, paused 3ms+11ms, total 183ms
D/DebugService( 1556): DebugService DebugService:
D/TelephonyDebugService( 1556): TelephonyDebugService()
D/Bluetooth HSHFP( 1556): Starting BluetoothHeadsetService
W/CallNotifier( 1556): Got onMwiChanged() on non-voice-capable device! Ignoring...
D/WifiService( 1341): New client listening to asynchronous messages
D/dalvikvm( 1507): GC_FOR_ALLOC freed 44K, 8% free 5872K/6343K, paused 60ms, total 63ms
I/dalvikvm-heap( 1507): Grow heap (frag case) to 13.885MB for 8192016-byte allocation
D/dalvikvm( 1677): GC_CONCURRENT freed 224K, 10% free 5575K/6151K, paused 17ms+32ms, total 102ms
D/dalvikvm( 1507): GC_CONCURRENT freed 1K, 4% free 13871K/14407K, paused 28ms+2ms, total 103ms
D/dalvikvm( 1677): GC_FOR_ALLOC freed 126K, 9% free 5708K/6215K, paused 50ms, total 51ms
I/dalvikvm-heap( 1677): Grow heap (frag case) to 6.526MB for 640016-byte allocation
I/Choreographer( 1507): Skipped 173 frames! The application may be doing too much work on its main thread.
D/dalvikvm( 1677): GC_FOR_ALLOC freed 11K, 8% free 6322K/6855K, paused 101ms, total 101ms
D/dalvikvm( 1677): GC_CONCURRENT freed <1K, 8% free 6321K/6855K, paused 2ms+32ms, total 117ms
W/Resources( 1677): Converting to int: TypedValue{t=0x3/d=0x12 "4" a=-1}
W/Resources( 1677): Converting to int: TypedValue{t=0x3/d=0xf "1" a=-1}
I/SearchManagerService( 1341): Building list of searchable activities
W/Resources( 1677): Converting to int: TypedValue{t=0x3/d=0x15 "2" a=-1}
W/Resources( 1677): Converting to int: TypedValue{t=0x3/d=0x15 "2" a=-1}
W/Launcher.LauncherProvider( 1677): Unable to add favorite: com.android.camera/com.android.camera.Camera
W/Launcher.LauncherProvider( 1677): android.content.pm.PackageManager$NameNotFoundException: ComponentInfo{com.android.camera/com.android.camera.Camera}
W/Launcher.LauncherProvider( 1677): at android.app.ApplicationPackageManager.getActivityInfo(ApplicationPackageManager.java:225)
W/Launcher.LauncherProvider( 1677): at com.android.launcher2.LauncherProvider$DatabaseHelper.addAppShortcut(LauncherProvider.java:924)
W/Launcher.LauncherProvider( 1677): at com.android.launcher2.LauncherProvider$DatabaseHelper.loadFavorites(LauncherProvider.java:828)
W/Launcher.LauncherProvider( 1677): at com.android.launcher2.LauncherProvider$DatabaseHelper.access$000(LauncherProvider.java:218)
W/Launcher.LauncherProvider( 1677): at com.android.launcher2.LauncherProvider.loadDefaultFavoritesIfNecessary(LauncherProvider.java:213)
W/Launcher.LauncherProvider( 1677): at com.android.launcher2.LauncherModel$LoaderTask.loadWorkspace(LauncherModel.java:1108)
W/Launcher.LauncherProvider( 1677): at com.android.launcher2.LauncherModel$LoaderTask.loadAndBindWorkspace(LauncherModel.java:852)
W/Launcher.LauncherProvider( 1677): at com.android.launcher2.LauncherModel$LoaderTask.run(LauncherModel.java:956)
W/Launcher.LauncherProvider( 1677): at android.os.Handler.handleCallback(Handler.java:615)
W/Launcher.LauncherProvider( 1677): at android.os.Handler.dispatchMessage(Handler.java:92)
W/Launcher.LauncherProvider( 1677): at android.os.Looper.loop(Looper.java:137)
W/Launcher.LauncherProvider( 1677): at android.os.HandlerThread.run(HandlerThread.java:60)
D/dalvikvm( 1567): GC_CONCURRENT freed 237K, 11% free 5478K/6087K, paused 12ms+4ms, total 134ms
D/dalvikvm( 1677): GC_CONCURRENT freed 687K, 16% free 6091K/7239K, paused 13ms+20ms, total 80ms
D/dalvikvm( 1341): GC_CONCURRENT freed 427K, 29% free 7326K/10311K, paused 57ms+4ms, total 171ms
D/dalvikvm( 1341): WAIT_FOR_CONCURRENT_GC blocked 86ms
D/dalvikvm( 1341): WAIT_FOR_CONCURRENT_GC blocked 87ms
