D/dalvikvm( 1341): WAIT_FOR_CONCURRENT_GC blocked 89ms
D/dalvikvm( 1341): WAIT_FOR_CONCURRENT_GC blocked 84ms
D/dalvikvm( 1341): WAIT_FOR_CONCURRENT_GC blocked 70ms
W/Launcher.LauncherProvider( 1677): Unable to add favorite: com.android.contacts/com.android.contacts.activities.DialtactsActivity
W/Launcher.LauncherProvider( 1677): android.content.pm.PackageManager$NameNotFoundException: ComponentInfo{com.android.contacts/com.android.contacts.activities.DialtactsActivity}
W/Launcher.LauncherProvider( 1677): at android.app.ApplicationPackageManager.getActivityInfo(ApplicationPackageManager.java:225)
W/Launcher.LauncherProvider( 1677): at com.android.launcher2.LauncherProvider$DatabaseHelper.addAppShortcut(LauncherProvider.java:924)
W/Launcher.LauncherProvider( 1677): at com.android.launcher2.LauncherProvider$DatabaseHelper.loadFavorites(LauncherProvider.java:828)
W/Launcher.LauncherProvider( 1677): at com.android.launcher2.LauncherProvider$DatabaseHelper.access$000(LauncherProvider.java:218)
W/Launcher.LauncherProvider( 1677): at com.android.launcher2.LauncherProvider.loadDefaultFavoritesIfNecessary(LauncherProvider.java:213)
W/Launcher.LauncherProvider( 1677): at com.android.launcher2.LauncherModel$LoaderTask.loadWorkspace(LauncherModel.java:1108)
W/Launcher.LauncherProvider( 1677): at com.android.launcher2.LauncherModel$LoaderTask.loadAndBindWorkspace(LauncherModel.java:852)
W/Launcher.LauncherProvider( 1677): at com.android.launcher2.LauncherModel$LoaderTask.run(LauncherModel.java:956)
W/Launcher.LauncherProvider( 1677): at android.os.Handler.handleCallback(Handler.java:615)
W/Launcher.LauncherProvider( 1677): at android.os.Handler.dispatchMessage(Handler.java:92)
W/Launcher.LauncherProvider( 1677): at android.os.Looper.loop(Looper.java:137)
W/Launcher.LauncherProvider( 1677): at android.os.HandlerThread.run(HandlerThread.java:60)
D/LocalBluetoothProfileManager( 1567): LocalBluetoothProfileManager construction complete
W/Launcher.LauncherProvider( 1677): Unable to add favorite: com.android.mms/com.android.mms.ui.ConversationList
W/Launcher.LauncherProvider( 1677): android.content.pm.PackageManager$NameNotFoundException: ComponentInfo{com.android.mms/com.android.mms.ui.ConversationList}
W/Launcher.LauncherProvider( 1677): at android.app.ApplicationPackageManager.getActivityInfo(ApplicationPackageManager.java:225)
W/Launcher.LauncherProvider( 1677): at com.android.launcher2.LauncherProvider$DatabaseHelper.addAppShortcut(LauncherProvider.java:924)
W/Launcher.LauncherProvider( 1677): at com.android.launcher2.LauncherProvider$DatabaseHelper.loadFavorites(LauncherProvider.java:828)
W/Launcher.LauncherProvider( 1677): at com.android.launcher2.LauncherProvider$DatabaseHelper.access$000(LauncherProvider.java:218)
W/Launcher.LauncherProvider( 1677): at com.android.launcher2.LauncherProvider.loadDefaultFavoritesIfNecessary(LauncherProvider.java:213)
W/Launcher.LauncherProvider( 1677): at com.android.launcher2.LauncherModel$LoaderTask.loadWorkspace(LauncherModel.java:1108)
W/Launcher.LauncherProvider( 1677): at com.android.launcher2.LauncherModel$LoaderTask.loadAndBindWorkspace(LauncherModel.java:852)
W/Launcher.LauncherProvider( 1677): at com.android.launcher2.LauncherModel$LoaderTask.run(LauncherModel.java:956)
W/Launcher.LauncherProvider( 1677): at android.os.Handler.handleCallback(Handler.java:615)
W/Launcher.LauncherProvider( 1677): at android.os.Handler.dispatchMessage(Handler.java:92)
W/Launcher.LauncherProvider( 1677): at android.os.Looper.loop(Looper.java:137)
W/Launcher.LauncherProvider( 1677): at android.os.HandlerThread.run(HandlerThread.java:60)
I/ActivityManager( 1341): Start proc com.android.deskclock for broadcast com.android.deskclock/com.android.alarmclock.AnalogAppWidgetProvider: pid=1710 uid=10042 gids={1028}
D/dalvikvm( 1341): GREF has increased to 401
I/PackageManager( 1341): Running dexopt on: com.android.deskclock
D/dalvikvm( 1677): GC_FOR_ALLOC freed 231K, 15% free 6174K/7239K, paused 39ms, total 51ms
I/dalvikvm-heap( 1677): Grow heap (frag case) to 7.496MB for 1180176-byte allocation
D/dalvikvm( 1677): GC_CONCURRENT freed 8K, 14% free 7318K/8455K, paused 12ms+24ms, total 61ms
D/dalvikvm( 1677): WAIT_FOR_CONCURRENT_GC blocked 49ms
D/dalvikvm( 1677): GC_FOR_ALLOC freed 0K, 14% free 7318K/8455K, paused 30ms, total 30ms
I/dalvikvm-heap( 1677): Grow heap (frag case) to 8.614MB for 1180176-byte allocation
D/dalvikvm( 1677): GC_CONCURRENT freed 0K, 13% free 8471K/9671K, paused 12ms+2ms, total 63ms
D/dalvikvm( 1677): WAIT_FOR_CONCURRENT_GC blocked 51ms
D/dalvikvm( 1507): GC_FOR_ALLOC freed 9605K, 64% free 5870K/16071K, paused 82ms, total 113ms
I/dalvikvm-heap( 1507): Grow heap (frag case) to 13.883MB for 8192016-byte allocation
D/dalvikvm( 1507): GC_CONCURRENT freed 53K, 15% free 13816K/16071K, paused 27ms+8ms, total 103ms
D/dalvikvm( 1507): GC_FOR_ALLOC freed 0K, 15% free 13817K/16071K, paused 48ms, total 48ms
I/dalvikvm-heap( 1507): Grow heap (frag case) to 16.175MB for 2457616-byte allocation
D/dalvikvm( 1507): GC_CONCURRENT freed 0K, 13% free 16217K/18503K, paused 12ms+3ms, total 49ms
D/dalvikvm( 1507): WAIT_FOR_CONCURRENT_GC blocked 34ms
D/dalvikvm( 1723): DexOpt: load 161ms, verify+opt 762ms, 939652 bytes
I/ActivityManager( 1341): Displayed com.android.launcher/com.android.launcher2.Launcher: +5s301ms (total +12s571ms)
I/Choreographer( 1341): Skipped 48 frames! The application may be doing too much work on its main thread.
D/dalvikvm( 1677): GREF has increased to 201
I/Choreographer( 1677): Skipped 38 frames! The application may be doing too much work on its main thread.
I/ActivityThread( 1710): Pub com.android.deskclock: com.android.deskclock.AlarmProvider
W/ActivityManager( 1341): Permission denied: checkComponentPermission() owningUid=1000
W/BroadcastQueue( 1341): Permission Denial: broadcasting Intent { act=android.appwidget.action.APPWIDGET_UPDATE_OPTIONS flg=0x10 cmp=com.android.settings/.widget.SettingsAppWidgetProvider (has extras) } from android (pid=1677, uid=10031) is not exported from uid 1000 due to receiver com.android.settings/com.android.settings.widget.SettingsAppWidgetProvider
D/PowerManagerService( 1341): bootCompleted
V/DevicePolicyManagerService( 1341): Sending password expiration notifications for action android.intent.action.BOOT_COMPLETED
D/VoldCmdListener( 1103): volume mount /storage/sdcard0
I/Vold ( 1103): /dev/block/vold/179:1 being considered for volume sdcard
D/Vold ( 1103): Volume sdcard state changing 1 (Idle-Unmounted) -> 3 (Checking)
D/MountService( 1341): volume state changed for /storage/sdcard0 (unmounted -> checking)
I/StorageNotification( 1507): Media {/storage/sdcard0} state changed from {unmounted} -> {checking}
D/PhoneStatusBar( 1507): addNotification score=0
I/SurfaceFlinger( 1107): Boot is finished (61820 ms)
D/MountService( 1341): sendStorageIntent Intent { act=android.intent.action.MEDIA_CHECKING dat=file:///storage/sdcard0 (has extras) }
E/WVMExtractor( 1110): Failed to open libwvm.so
I//system/bin/fsck_msdos( 1103): ** /dev/block/vold/179:1
I//system/bin/fsck_msdos( 1103): ** Phase 1 - Read FAT (compare skipped)
I//system/bin/fsck_msdos( 1103): Attempting to allocate 7584 KB for FAT
V/WiredAccessoryObserver( 1341): init()
I/RecoverySystem( 1341): No recovery log file
I/ARMAssembler( 1107): generated scanline__00000077:03010102_00000001_00000000 [ 27 ipp] (46 ins) at [0x419e8290:0x419e8348] in 183106 ns
I/ARMAssembler( 1107): generated scanline__00000077:03515102_00000001_00000000 [ 53 ipp] (72 ins) at [0x419e8350:0x419e8470] in 122070 ns
E/WVMExtractor( 1110): Failed to open libwvm.so
I/ActivityManager( 1341): Start proc com.android.gallery3d for broadcast com.android.gallery3d/com.android.camera.DisableCameraReceiver: pid=1738 uid=10001 gids={1006, 3003, 1015, 1023, 1028}
D/dalvikvm( 1677): GC_CONCURRENT freed 1719K, 22% free 7751K/9863K, paused 13ms+48ms, total 337ms
I/PackageManager( 1341): Running dexopt on: com.android.gallery3d
E/WVMExtractor( 1110): Failed to open libwvm.so
E/WVMExtractor( 1110): Failed to open libwvm.so
E/WVMExtractor( 1110): Failed to open libwvm.so
I//system/bin/fsck_msdos( 1103): ** Phase 2 - Check Cluster Chains
I//system/bin/fsck_msdos( 1103): ** Phase 3 - Checking Directories
I//system/bin/fsck_msdos( 1103): ** Phase 4 - Checking for Lost Files
D/dalvikvm( 1640): GC_CONCURRENT freed 340K, 12% free 5665K/6407K, paused 12ms+38ms, total 124ms
I//system/bin/fsck_msdos( 1103): 24 files, 3567548 free (1940463 clusters)
I/Vold ( 1103): Filesystem check completed OK
I/Vold ( 1103): Device /dev/block/vold/179:1, target /storage/sdcard0 mounted @ /mnt/secure/staging
D/Vold ( 1103): Volume sdcard state changing 3 (Checking) -> 4 (Mounted)
D/MountService( 1341): volume state changed for /storage/sdcard0 (checking -> mounted)
D/MountService( 1341): sendStorageIntent Intent { act=android.intent.action.MEDIA_MOUNTED dat=file:///storage/sdcard0 (has extras) }
E/VoldConnector( 1341): NDC Command {3 volume mount /storage/sdcard0} took too long (1949ms)
D/Launcher.Model( 1677): going to save icon bitmap for info=ShortcutInfo(title=Settingsintent=Intent { act=android.intent.action.MAIN cat=[android.intent.category.LAUNCHER] flg=0x10200000 cmp=com.android.settings/.Settings }id=6 type=0 container=-100 screen=3 cellX=2 cellY=3 spanX=1 spanY=1 isGesture=false dropPos=null)
D/Launcher.Model( 1677): going to save icon bitmap for info=ShortcutInfo(title=Galleryintent=Intent { act=android.intent.action.MAIN cat=[android.intent.category.LAUNCHER] flg=0x10200000 cmp=com.android.gallery3d/.app.Gallery }id=4 type=0 container=-100 screen=3 cellX=1 cellY=3 spanX=1 spanY=1 isGesture=false dropPos=null)
D/Launcher.Model( 1677): going to save icon bitmap for info=ShortcutInfo(title=Browserintent=Intent { act=android.intent.action.MAIN cat=[android.intent.category.LAUNCHER] flg=0x10200000 cmp=com.android.browser/.BrowserActivity }id=10 type=0 container=-101 screen=5 cellX=5 cellY=0 spanX=1 spanY=1 isGesture=false dropPos=null)
D/Launcher.Model( 1677): going to save icon bitmap for info=ShortcutInfo(title=Peopleintent=Intent { act=android.intent.action.MAIN cat=[android.intent.category.LAUNCHER] flg=0x10200000 cmp=com.android.contacts/.activities.PeopleActivity }id=8 type=0 container=-101 screen=2 cellX=2 cellY=0 spanX=1 spanY=1 isGesture=false dropPos=null)
D/dalvikvm( 1752): DexOpt: load 328ms, verify+opt 1170ms, 1918116 bytes
I/ContactsProviderV1( 1640): Bootstrapping database legacy support
I/InputReader( 1341): Reconfiguring input devices. changes=0x00000010
D/PackageManager( 1341): generateServicesMap(android.accounts.AccountAuthenticator): 2 services unchanged
I/Choreographer( 1507): Skipped 150 frames! The application may be doing too much work on its main thread.
I/InputReader( 1341): Reconfiguring input devices. changes=0x00000010
D/PackageManager( 1341): generateServicesMap(android.content.SyncAdapter): 4 services unchanged
I/StorageNotification( 1507): Media {/storage/sdcard0} state changed from {checking} -> {mounted}
D/PackageManager( 1341): generateServicesMap(android.accounts.AccountAuthenticator): 2 services unchanged
D/PackageManager( 1341): generateServicesMap(android.content.SyncAdapter): 4 services unchanged
I/ActivityThread( 1738): Pub com.android.gallery3d.provider: com.android.gallery3d.provider.GalleryProvider
D/dalvikvm( 1341): GC_CONCURRENT freed 464K, 29% free 7361K/10311K, paused 35ms+67ms, total 370ms
D/dalvikvm( 1341): WAIT_FOR_CONCURRENT_GC blocked 280ms
D/****CameraHAL( 1110): cameraHal BACK 0
D/****CameraHAL( 1110): cameraHal 0
I/DisableCameraReceiver( 1738): back camera found: 0
I/ActivityManager( 1341): Start proc com.android.providers.calendar for broadcast com.android.providers.calendar/.CalendarReceiver: pid=1768 uid=10006 gids={3003, 1015, 1023, 1028}
I/ActivityThread( 1768): Pub com.android.calendar: com.android.providers.calendar.CalendarProvider2
I/CalendarDatabaseHelper( 1768): Bootstrapping database
I/ActivityManager( 1341): Start proc com.android.exchange for broadcast com.android.exchange/.service.ExchangeBroadcastReceiver: pid=1786 uid=10030 gids={3003, 1015, 1023, 1028}
I/PackageManager( 1341): Running dexopt on: com.android.exchange
I/CalendarProvider2( 1768): Sending notification intent: Intent { act=android.intent.action.PROVIDER_CHANGED dat=content://com.android.calendar }
W/ContentResolver( 1768): Failed to get type for: content://com.android.calendar (Unknown URL content://com.android.calendar)
D/dalvikvm( 1799): DexOpt: load 130ms, verify+opt 1908ms, 2050852 bytes
I/ActivityThread( 1786): Pub com.android.exchange.directory.provider: com.android.exchange.provider.ExchangeDirectoryProvider
I/ActivityManager( 1341): Start proc com.android.email for broadcast com.android.email/.service.EmailBroadcastReceiver: pid=1801 uid=10036 gids={3003, 1015, 1023, 1028}
D/ExchangeService( 1786): !!! EAS ExchangeService, onStartCommand, startingUp = false, running = false
I/PackageManager( 1341): Running dexopt on: com.android.email
I/MediaProvider( 1580): Upgrading media database from version 0 to 509, which will destroy all old data
D/dalvikvm( 1341): GC_CONCURRENT freed 401K, 29% free 7366K/10311K, paused 2ms+4ms, total 91ms
D/dalvikvm( 1580): GC_CONCURRENT freed 199K, 10% free 5475K/6023K, paused 134ms+10ms, total 166ms
D/dalvikvm( 1816): DexOpt: load 201ms, verify+opt 1288ms, 2625756 bytes
I/ActivityThread( 1801): Pub com.android.email.provider;com.android.email.notifier: com.android.email.provider.EmailProvider
I/ActivityThread( 1801): Pub com.android.email.attachmentprovider: com.android.email.provider.AttachmentProvider
D/ExchangeService( 1786): Received deviceId from Email app: android946684878247
D/ExchangeService( 1786): Reconciling accounts...
D/ExchangeService( 1786): !!! EAS ExchangeService, onStartCommand, startingUp = true, running = false
D/Eas Debug( 1786): Logging:
I/Email ( 1801): Onetime initialization: 1
I/Email ( 1801): Onetime initialization: 2
D/Eas Debug( 1786): Logging:
D/dalvikvm( 1640): GC_CONCURRENT freed 379K, 12% free 5710K/6471K, paused 2ms+18ms, total 52ms
W/BackupManagerService( 1341): dataChanged but no participant pkg='com.android.providers.settings' uid=10042
V/AlarmClock( 1710): AlarmInitReceiver finished
D/MediaScannerReceiver( 1580): action: android.intent.action.MEDIA_MOUNTED path: /storage/sdcard0
I/ActivityManager( 1341): Start proc com.android.quicksearchbox for broadcast com.android.quicksearchbox/.CorporaUpdateReceiver: pid=1842 uid=10012 gids={3003, 1028}
I/PackageManager( 1341): Running dexopt on: com.android.quicksearchbox
D/EmailProvider( 1801): Creating EmailProvider database
E/SQLiteLog( 1580): (1) no such table: files
E/WVMExtractor( 1110): Failed to open libwvm.so
E/WVMExtractor( 1110): Failed to open libwvm.so
D/EmailProvider( 1801): Creating EmailProviderBody database
E/WVMExtractor( 1110): Failed to open libwvm.so
D/EmailProvider( 1801): Creating EmailProvider database
E/WVMExtractor( 1110): Failed to open libwvm.so
D/dalvikvm( 1801): GC_CONCURRENT freed 212K, 10% free 5523K/6087K, paused 3ms+1ms, total 37ms
E/WVMExtractor( 1110): Failed to open libwvm.so
E/WVMExtractor( 1110): Failed to open libwvm.so
E/WVMExtractor( 1110): Failed to open libwvm.so
D/dalvikvm( 1855): DexOpt: load 181ms, verify+opt 811ms, 1900884 bytes
I/ContactDirectoryManager( 1640): deleted 0 stale rows which don't have any relevant directory
E/WVMExtractor( 1110): Failed to open libwvm.so
I/ActivityThread( 1842): Pub com.android.quicksearchbox.google: com.android.quicksearchbox.google.GoogleSuggestionProvider
I/ContactDirectoryManager( 1640): Discovered 0 contact directories in 2189ms
I/ActivityThread( 1842): Pub com.android.quicksearchbox.shortcuts: com.android.quicksearchbox.ShortcutsProvider
I/ActivityManager( 1341): Start proc com.android.calendar for broadcast com.android.calendar/.alerts.AlertReceiver: pid=1859 uid=10035 gids={3003, 1028}
D/EmailProvider( 1801): fromDatabase accounts: 0
D/EmailProvider( 1801): ending toDatabase transaction; copyCount = 0
I/PackageManager( 1341): Running dexopt on: com.android.calendar
I/ContactsDatabaseHelper( 1640): Switching to locale en_US
D/EmailProvider( 1801): ending fromDatabase transaction; copyCount = 0
E/WVMExtractor( 1110): Failed to open libwvm.so
I/Email ( 1801): Onetime initialization: completed.
E/WVMExtractor( 1110): Failed to open libwvm.so
E/WVMExtractor( 1110): Failed to open libwvm.so
E/WVMExtractor( 1110): Failed to open libwvm.so
E/WVMExtractor( 1110): Failed to open libwvm.so
D/dalvikvm( 1872): DexOpt: load 230ms, verify+opt 547ms, 1219844 bytes
D/PackageManager( 1341): generateServicesMap(android.accounts.AccountAuthenticator): 2 services unchanged
I/InputReader( 1341): Reconfiguring input devices. changes=0x00000010
I/InputReader( 1341): Reconfiguring input devices. changes=0x00000010
D/PackageManager( 1341): generateServicesMap(android.content.SyncAdapter): 4 services unchanged
D/ExchangeService( 1786): !!! EAS ExchangeService, onStartCommand, startingUp = true, running = false
D/dalvikvm( 1677): GC_CONCURRENT freed 581K, 21% free 7881K/9863K, paused 14ms+11ms, total 63ms
D/dalvikvm( 1341): GC_CONCURRENT freed 482K, 29% free 7405K/10311K, paused 41ms+9ms, total 159ms
D/dalvikvm( 1341): WAIT_FOR_CONCURRENT_GC blocked 81ms
D/dalvikvm( 1341): WAIT_FOR_CONCURRENT_GC blocked 82ms
D/dalvikvm( 1341): WAIT_FOR_CONCURRENT_GC blocked 68ms
D/dalvikvm( 1341): WAIT_FOR_CONCURRENT_GC blocked 69ms
D/dalvikvm( 1341): WAIT_FOR_CONCURRENT_GC blocked 58ms
D/PackageManager( 1341): generateServicesMap(android.accounts.AccountAuthenticator): 2 services unchanged
D/PackageManager( 1341): generateServicesMap(android.content.SyncAdapter): 4 services unchanged
I/ActivityThread( 1859): Pub com.android.calendar.CalendarRecentSuggestionsProvider: com.android.calendar.CalendarRecentSuggestionsProvider
D/AlertReceiver( 1859): onReceive: a=android.intent.action.PROVIDER_CHANGED Intent { act=android.intent.action.PROVIDER_CHANGED dat=content://com.android.calendar flg=0x10 cmp=com.android.calendar/.alerts.AlertReceiver }
D/dalvikvm( 1341): WAIT_FOR_CONCURRENT_GC blocked 0ms
D/dalvikvm( 1341): GC_EXPLICIT freed 243K, 29% free 7364K/10311K, paused 17ms+19ms, total 107ms
D/AlertService( 1859): 0 Action = android.intent.action.PROVIDER_CHANGED
D/AlertService( 1859): Beginning updateAlertNotification
D/dalvikvm( 1738): GC_CONCURRENT freed 281K, 11% free 5496K/6151K, paused 21ms+10ms, total 71ms
D/AlertService( 1859): No fired or scheduled alerts
E/WVMExtractor( 1110): Failed to open libwvm.so
I/ContactsDatabaseHelper( 1640): Locale change completed in 2333ms
I/ContactsDatabaseHelper( 1640): Switching to locale en_US
E/WVMExtractor( 1110): Failed to open libwvm.so
E/WVMExtractor( 1110): Failed to open libwvm.so
E/WVMExtractor( 1110): Failed to open libwvm.so
D/dalvikvm( 1640): GC_CONCURRENT freed 400K, 13% free 5735K/6535K, paused 12ms+36ms, total 83ms
E/WVMExtractor( 1110): Failed to open libwvm.so
E/WVMExtractor( 1110): Failed to open libwvm.so
E/WVMExtractor( 1110): Failed to open libwvm.so
E/WVMExtractor( 1110): Failed to open libwvm.so
E/WVMExtractor( 1110): Failed to open libwvm.so
I/ContactsDatabaseHelper( 1640): Locale change completed in 574ms
I/ContactsProvider( 1640): Upgrading aggregation algorithm
E/WVMExtractor( 1110): Failed to open libwvm.so
I/ContactAggregator( 1640): Marked all visible contacts for aggregation: 0 raw contacts, 2 ms
I/ContactsProvider( 1640): Aggregation algorithm upgraded for 0 raw contacts in 17ms
E/WVMExtractor( 1110): Failed to open libwvm.so
I/ContactsFTS( 1640): Rebuild contact search index in 34ms, 0 contacts
E/WVMExtractor( 1110): Failed to open libwvm.so
E/WVMExtractor( 1110): Failed to open libwvm.so
E/WVMExtractor( 1110): Failed to open libwvm.so
E/WVMExtractor( 1110): Failed to open libwvm.so
E/WVMExtractor( 1110): Failed to open libwvm.so
E/WVMExtractor( 1110): Failed to open libwvm.so
D/dalvikvm( 1580): null clazz in OP_INSTANCE_OF, single-stepping
E/WVMExtractor( 1110): Failed to open libwvm.so
E/WVMExtractor( 1110): Failed to open libwvm.so
E/WVMExtractor( 1110): Failed to open libwvm.so
E/WVMExtractor( 1110): Failed to open libwvm.so
E/WVMExtractor( 1110): Failed to open libwvm.so
E/WVMExtractor( 1110): Failed to open libwvm.so
E/WVMExtractor( 1110): Failed to open libwvm.so
E/WVMExtractor( 1110): Failed to open libwvm.so
E/WVMExtractor( 1110): Failed to open libwvm.so
E/WVMExtractor( 1110): Failed to open libwvm.so
E/WVMExtractor( 1110): Failed to open libwvm.so
E/WVMExtractor( 1110): Failed to open libwvm.so
E/WVMExtractor( 1110): Failed to open libwvm.so
E/WVMExtractor( 1110): Failed to open libwvm.so
E/WVMExtractor( 1110): Failed to open libwvm.so
D/dalvikvm( 1580): GC_CONCURRENT freed 240K, 11% free 5631K/6279K, paused 2ms+2ms, total 20ms
E/WVMExtractor( 1110): Failed to open libwvm.so
E/WVMExtractor( 1110): Failed to open libwvm.so
E/WVMExtractor( 1110): Failed to open libwvm.so
E/WVMExtractor( 1110): Failed to open libwvm.so
E/WVMExtractor( 1110): Failed to open libwvm.so
E/WVMExtractor( 1110): Failed to open libwvm.so
E/WVMExtractor( 1110): Failed to open libwvm.so
E/WVMExtractor( 1110): Failed to open libwvm.so
D/dalvikvm( 1341): GREF has increased to 501
E/WVMExtractor( 1110): Failed to open libwvm.so
E/WVMExtractor( 1110): Failed to open libwvm.so
E/WVMExtractor( 1110): Failed to open libwvm.so
E/WVMExtractor( 1110): Failed to open libwvm.so
E/WVMExtractor( 1110): Failed to open libwvm.so
E/WVMExtractor( 1110): Failed to open libwvm.so
E/WVMExtractor( 1110): Failed to open libwvm.so
E/WVMExtractor( 1110): Failed to open libwvm.so
E/WVMExtractor( 1110): Failed to open libwvm.so
E/WVMExtractor( 1110): Failed to open libwvm.so
E/WVMExtractor( 1110): Failed to open libwvm.so
E/WVMExtractor( 1110): Failed to open libwvm.so
E/WVMExtractor( 1110): Failed to open libwvm.so
E/WVMExtractor( 1110): Failed to open libwvm.so
E/WVMExtractor( 1110): Failed to open libwvm.so
E/WVMExtractor( 1110): Failed to open libwvm.so
E/WVMExtractor( 1110): Failed to open libwvm.so
E/WVMExtractor( 1110): Failed to open libwvm.so
E/WVMExtractor( 1110): Failed to open libwvm.so
E/WVMExtractor( 1110): Failed to open libwvm.so
E/MetadataRetrieverClient( 1110): failed to extract an album art
W/BackupManagerService( 1341): dataChanged but no participant pkg='com.android.providers.settings' uid=10015
E/WVMExtractor( 1110): Failed to open libwvm.so
E/WVMExtractor( 1110): Failed to open libwvm.so
E/WVMExtractor( 1110): Failed to open libwvm.so
E/WVMExtractor( 1110): Failed to open libwvm.so
E/WVMExtractor( 1110): Failed to open libwvm.so
E/WVMExtractor( 1110): Failed to open libwvm.so
E/WVMExtractor( 1110): Failed to open libwvm.so
E/WVMExtractor( 1110): Failed to open libwvm.so
E/WVMExtractor( 1110): Failed to open libwvm.so
D/dalvikvm( 1580): GREF has increased to 201
E/WVMExtractor( 1110): Failed to open libwvm.so
E/WVMExtractor( 1110): Failed to open libwvm.so
E/WVMExtractor( 1110): Failed to open libwvm.so
E/WVMExtractor( 1110): Failed to open libwvm.so
E/WVMExtractor( 1110): Failed to open libwvm.so
E/WVMExtractor( 1110): Failed to open libwvm.so
E/WVMExtractor( 1110): Failed to open libwvm.so
E/WVMExtractor( 1110): Failed to open libwvm.so
E/WVMExtractor( 1110): Failed to open libwvm.so
E/WVMExtractor( 1110): Failed to open libwvm.so
E/WVMExtractor( 1110): Failed to open libwvm.so
E/WVMExtractor( 1110): Failed to open libwvm.so
E/WVMExtractor( 1110): Failed to open libwvm.so
E/WVMExtractor( 1110): Failed to open libwvm.so
E/WVMExtractor( 1110): Failed to open libwvm.so
E/WVMExtractor( 1110): Failed to open libwvm.so
E/WVMExtractor( 1110): Failed to open libwvm.so
E/WVMExtractor( 1110): Failed to open libwvm.so
E/WVMExtractor( 1110): Failed to open libwvm.so
E/WVMExtractor( 1110): Failed to open libwvm.so
E/WVMExtractor( 1110): Failed to open libwvm.so
E/WVMExtractor( 1110): Failed to open libwvm.so
E/WVMExtractor( 1110): Failed to open libwvm.so
E/WVMExtractor( 1110): Failed to open libwvm.so
D/dalvikvm( 1580): GC_CONCURRENT freed 332K, 12% free 5732K/6471K, paused 1ms+2ms, total 21ms
E/WVMExtractor( 1110): Failed to open libwvm.so
D/dalvikvm( 1341): WAIT_FOR_CONCURRENT_GC blocked 0ms
D/dalvikvm( 1341): GC_EXPLICIT freed 218K, 29% free 7369K/10311K, paused 3ms+5ms, total 55ms
E/WVMExtractor( 1110): Failed to open libwvm.so
E/WVMExtractor( 1110): Failed to open libwvm.so
E/WVMExtractor( 1110): Failed to open libwvm.so
E/WVMExtractor( 1110): Failed to open libwvm.so
E/WVMExtractor( 1110): Failed to open libwvm.so
E/WVMExtractor( 1110): Failed to open libwvm.so
E/WVMExtractor( 1110): Failed to open libwvm.so
E/WVMExtractor( 1110): Failed to open libwvm.so
E/WVMExtractor( 1110): Failed to open libwvm.so
E/WVMExtractor( 1110): Failed to open libwvm.so
E/WVMExtractor( 1110): Failed to open libwvm.so
E/WVMExtractor( 1110): Failed to open libwvm.so
E/WVMExtractor( 1110): Failed to open libwvm.so
E/WVMExtractor( 1110): Failed to open libwvm.so
E/WVMExtractor( 1110): Failed to open libwvm.so
E/WVMExtractor( 1110): Failed to open libwvm.so
E/WVMExtractor( 1110): Failed to open libwvm.so
E/WVMExtractor( 1110): Failed to open libwvm.so
E/WVMExtractor( 1110): Failed to open libwvm.so
E/WVMExtractor( 1110): Failed to open libwvm.so
E/WVMExtractor( 1110): Failed to open libwvm.so
E/WVMExtractor( 1110): Failed to open libwvm.so
E/WVMExtractor( 1110): Failed to open libwvm.so
E/WVMExtractor( 1110): Failed to open libwvm.so
E/WVMExtractor( 1110): Failed to open libwvm.so
E/WVMExtractor( 1110): Failed to open libwvm.so
E/WVMExtractor( 1110): Failed to open libwvm.so
E/WVMExtractor( 1110): Failed to open libwvm.so
E/WVMExtractor( 1110): Failed to open libwvm.so
E/WVMExtractor( 1110): Failed to open libwvm.so
E/WVMExtractor( 1110): Failed to open libwvm.so
E/WVMExtractor( 1110): Failed to open libwvm.so
E/WVMExtractor( 1110): Failed to open libwvm.so
E/WVMExtractor( 1110): Failed to open libwvm.so
E/WVMExtractor( 1110): Failed to open libwvm.so
E/WVMExtractor( 1110): Failed to open libwvm.so
E/WVMExtractor( 1110): Failed to open libwvm.so
E/WVMExtractor( 1110): Failed to open libwvm.so
E/WVMExtractor( 1110): Failed to open libwvm.so
E/WVMExtractor( 1110): Failed to open libwvm.so
W/BackupManagerService( 1341): dataChanged but no participant pkg='com.android.providers.settings' uid=10015
E/MetadataRetrieverClient( 1110): failed to extract an album art
E/WVMExtractor( 1110): Failed to open libwvm.so
E/WVMExtractor( 1110): Failed to open libwvm.so
E/WVMExtractor( 1110): Failed to open libwvm.so
E/WVMExtractor( 1110): Failed to open libwvm.so
E/WVMExtractor( 1110): Failed to open libwvm.so
E/WVMExtractor( 1110): Failed to open libwvm.so
E/WVMExtractor( 1110): Failed to open libwvm.so
E/WVMExtractor( 1110): Failed to open libwvm.so
E/WVMExtractor( 1110): Failed to open libwvm.so
E/WVMExtractor( 1110): Failed to open libwvm.so
E/WVMExtractor( 1110): Failed to open libwvm.so
E/WVMExtractor( 1110): Failed to open libwvm.so
E/WVMExtractor( 1110): Failed to open libwvm.so
E/WVMExtractor( 1110): Failed to open libwvm.so
E/WVMExtractor( 1110): Failed to open libwvm.so
E/WVMExtractor( 1110): Failed to open libwvm.so
E/WVMExtractor( 1110): Failed to open libwvm.so
D/dalvikvm( 1580): WAIT_FOR_CONCURRENT_GC blocked 0ms
D/dalvikvm( 1580): GC_EXPLICIT freed 326K, 11% free 5791K/6471K, paused 3ms+3ms, total 31ms
E/WVMExtractor( 1110): Failed to open libwvm.so
E/WVMExtractor( 1110): Failed to open libwvm.so
E/WVMExtractor( 1110): Failed to open libwvm.so
E/WVMExtractor( 1110): Failed to open libwvm.so
E/WVMExtractor( 1110): Failed to open libwvm.so
E/WVMExtractor( 1110): Failed to open libwvm.so
E/WVMExtractor( 1110): Failed to open libwvm.so
E/WVMExtractor( 1110): Failed to open libwvm.so
E/WVMExtractor( 1110): Failed to open libwvm.so
E/WVMExtractor( 1110): Failed to open libwvm.so
E/WVMExtractor( 1110): Failed to open libwvm.so
E/WVMExtractor( 1110): Failed to open libwvm.so
E/WVMExtractor( 1110): Failed to open libwvm.so
E/WVMExtractor( 1110): Failed to open libwvm.so
E/WVMExtractor( 1110): Failed to open libwvm.so
E/WVMExtractor( 1110): Failed to open libwvm.so
E/WVMExtractor( 1110): Failed to open libwvm.so
E/WVMExtractor( 1110): Failed to open libwvm.so
E/WVMExtractor( 1110): Failed to open libwvm.so
E/WVMExtractor( 1110): Failed to open libwvm.so
E/WVMExtractor( 1110): Failed to open libwvm.so
E/WVMExtractor( 1110): Failed to open libwvm.so
E/WVMExtractor( 1110): Failed to open libwvm.so
E/WVMExtractor( 1110): Failed to open libwvm.so
E/WVMExtractor( 1110): Failed to open libwvm.so
E/WVMExtractor( 1110): Failed to open libwvm.so
E/WVMExtractor( 1110): Failed to open libwvm.so
E/WVMExtractor( 1110): Failed to open libwvm.so
E/WVMExtractor( 1110): Failed to open libwvm.so
E/WVMExtractor( 1110): Failed to open libwvm.so
E/WVMExtractor( 1110): Failed to open libwvm.so
E/WVMExtractor( 1110): Failed to open libwvm.so
E/WVMExtractor( 1110): Failed to open libwvm.so
E/WVMExtractor( 1110): Failed to open libwvm.so
E/WVMExtractor( 1110): Failed to open libwvm.so
E/WVMExtractor( 1110): Failed to open libwvm.so
E/MetadataRetrieverClient( 1110): failed to extract an album art
W/BackupManagerService( 1341): dataChanged but no participant pkg='com.android.providers.settings' uid=10015
E/WVMExtractor( 1110): Failed to open libwvm.so
E/WVMExtractor( 1110): Failed to open libwvm.so
E/WVMExtractor( 1110): Failed to open libwvm.so
E/WVMExtractor( 1110): Failed to open libwvm.so
E/WVMExtractor( 1110): Failed to open libwvm.so
E/WVMExtractor( 1110): Failed to open libwvm.so
E/WVMExtractor( 1110): Failed to open libwvm.so
E/WVMExtractor( 1110): Failed to open libwvm.so
E/MetadataRetrieverClient( 1110): failed to extract an album art
D/dalvikvm( 1580): GC_CONCURRENT freed 353K, 12% free 5836K/6599K, paused 2ms+3ms, total 22ms
E/WVMExtractor( 1110): Failed to open libwvm.so
E/MetadataRetrieverClient( 1110): failed to extract an album art
D/dalvikvm( 1580): GC_CONCURRENT freed 471K, 13% free 5803K/6663K, paused 12ms+13ms, total 51ms
D/dalvikvm( 1580): GC_CONCURRENT freed 470K, 14% free 5794K/6663K, paused 1ms+2ms, total 21ms
E/WVMExtractor( 1110): Failed to open libwvm.so
E/MetadataRetrieverClient( 1110): failed to extract an album art
D/dalvikvm( 1580): GC_CONCURRENT freed 389K, 13% free 5813K/6663K, paused 12ms+13ms, total 50ms
W/MediaProvider( 1580): no database for scanned volume external
D/dalvikvm( 1580): GC_CONCURRENT freed 671K, 17% free 5578K/6663K, paused 2ms+2ms, total 23ms
I/MediaProvider( 1580): Upgrading media database from version 0 to 509, which will destroy all old data
E/SQLiteLog( 1580): (1) no such table: album_info
D/dalvikvm( 1341): WAIT_FOR_CONCURRENT_GC blocked 0ms
D/dalvikvm( 1341): GC_EXPLICIT freed 180K, 29% free 7342K/10311K, paused 3ms+4ms, total 54ms
W/MediaScanner( 1580): Error opening directory '/mnt/usb-disk1/', skipping: Permission denied.
W/MediaScanner( 1580): Error opening directory '/mnt/usb-disk2/', skipping: Permission denied.
W/MediaScanner( 1580): Error opening directory '/mnt/usb-disk3/', skipping: Permission denied.
V/MediaScanner( 1580): pruneDeadThumbnailFiles... android.database.sqlite.SQLiteCursor@41615f00
V/MediaScanner( 1580): /pruneDeadThumbnailFiles... android.database.sqlite.SQLiteCursor@41615f00
W/SocketClient( 1105): write error (Broken pipe)
E/ThrottleService( 1341): problem during onPollAlarm: java.lang.IllegalStateException: problem parsing stats: java.io.FileNotFoundException: /proc/net/xt_qtaguid/iface_stat_all: open failed: ENOENT (No such file or directory)
W/SocketClient( 1105): write error (Broken pipe)
D/AndroidRuntime( 1898):
D/AndroidRuntime( 1898): >>>>>> AndroidRuntime START com.android.internal.os.RuntimeInit <<<<<<
D/AndroidRuntime( 1898): CheckJNI is ON
D/dalvikvm( 1898): Trying to load lib libjavacore.so 0x0
D/dalvikvm( 1898): Added shared lib libjavacore.so 0x0
D/dalvikvm( 1898): Trying to load lib libnativehelper.so 0x0
D/dalvikvm( 1898): Added shared lib libnativehelper.so 0x0
D/dalvikvm( 1898): DexOpt: --- BEGIN 'InjectAgent.jar' (bootstrap=0) ---
D/dalvikvm( 1900): DexOpt: load 4ms, verify+opt 6ms, 140404 bytes
D/dalvikvm( 1898): DexOpt: --- END 'InjectAgent.jar' (success) ---
D/dalvikvm( 1898): DEX prep '/data/local/tmp/InjectAgent.jar': unzip in 0ms, rewrite 44ms
I/ethernet( 1898): Loading ethernet jni class
D/AndroidRuntime( 1898): Calling main entry net.srcz.android.screencast.client.Main
D/dalvikvm( 1677): GC_FOR_ALLOC freed 175K, 21% free 7845K/9863K, paused 48ms, total 52ms
I/dalvikvm-heap( 1677): Grow heap (frag case) to 9.128MB for 1180176-byte allocation
D/dalvikvm( 1677): GC_CONCURRENT freed 3K, 19% free 8994K/11079K, paused 13ms+16ms, total 117ms
D/dalvikvm( 1677): WAIT_FOR_CONCURRENT_GC blocked 104ms
I/AudioMixer( 1110): found effect "Multichannel Downmix To Stereo" from The Android Open Source Project
D/dalvikvm( 1677): GC_FOR_ALLOC freed 1154K, 30% free 7846K/11079K, paused 46ms, total 47ms
I/dalvikvm-heap( 1677): Grow heap (frag case) to 9.128MB for 1180176-byte allocation
D/dalvikvm( 1677): GC_CONCURRENT freed <1K, 19% free 8998K/11079K, paused 13ms+16ms, total 102ms
D/dalvikvm( 1677): WAIT_FOR_CONCURRENT_GC blocked 90ms
D/dalvikvm( 1677): GC_FOR_ALLOC freed 2761K, 36% free 7195K/11079K, paused 102ms, total 106ms
I/dalvikvm-heap( 1677): Grow heap (frag case) to 8.283MB for 959416-byte allocation
D/dalvikvm( 1677): GC_CONCURRENT freed 3K, 27% free 8129K/11079K, paused 12ms+3ms, total 32ms
D/dalvikvm( 1677): WAIT_FOR_CONCURRENT_GC blocked 17ms
D/dalvikvm( 1677): GC_FOR_ALLOC freed 5K, 21% free 8760K/11079K, paused 90ms, total 90ms
D/dalvikvm( 1677): GC_FOR_ALLOC freed 1020K, 21% free 8754K/11079K, paused 70ms, total 73ms
D/dalvikvm( 1677): GC_FOR_ALLOC freed 6K, 18% free 9153K/11079K, paused 147ms, total 147ms
I/dalvikvm-heap( 1677): Grow heap (frag case) to 10.507MB for 1286224-byte allocation
D/dalvikvm( 1677): GC_FOR_ALLOC freed 0K, 16% free 10410K/12359K, paused 77ms, total 77ms
D/dalvikvm( 1677): GC_FOR_ALLOC freed 0K, 16% free 10410K/12359K, paused 61ms, total 61ms
I/dalvikvm-heap( 1677): Grow heap (frag case) to 11.632MB for 1180176-byte allocation
D/dalvikvm( 1677): GC_FOR_ALLOC freed 0K, 15% free 11562K/13575K, paused 111ms, total 111ms
D/dalvikvm( 1677): GC_CONCURRENT freed 29K, 10% free 12320K/13575K, paused 39ms+173ms, total 324ms
D/dalvikvm( 1677): WAIT_FOR_CONCURRENT_GC blocked 287ms
D/dalvikvm( 1677): GC_FOR_ALLOC freed 1932K, 24% free 10388K/13575K, paused 137ms, total 139ms
D/dalvikvm( 1677): GC_CONCURRENT freed 227K, 13% free 11833K/13575K, paused 18ms+4ms, total 67ms
D/dalvikvm( 1677): WAIT_FOR_CONCURRENT_GC blocked 49ms
D/dalvikvm( 1677): WAIT_FOR_CONCURRENT_GC blocked 46ms
D/dalvikvm( 1677): WAIT_FOR_CONCURRENT_GC blocked 41ms
I/Choreographer( 1677): Skipped 133 frames! The application may be doing too much work on its main thread.
D/dalvikvm( 1677): GC_FOR_ALLOC freed 2240K, 24% free 10886K/14215K, paused 178ms, total 180ms
D/dalvikvm( 1677): GC_FOR_ALLOC freed 878K, 21% free 11275K/14215K, paused 123ms, total 125ms
I/dalvikvm-heap( 1677): Grow heap (frag case) to 12.579MB for 1286224-byte allocation
D/dalvikvm( 1677): GC_FOR_ALLOC freed 3K, 20% free 12527K/15495K, paused 154ms, total 154ms
D/dalvikvm( 1677): GC_CONCURRENT freed 3248K, 28% free 11247K/15495K, paused 13ms+15ms, total 69ms
D/dalvikvm( 1677): WAIT_FOR_CONCURRENT_GC blocked 14ms
W/SocketClient( 1105): write error (Broken pipe)
D/dalvikvm( 1677): GC_FOR_ALLOC freed 2073K, 32% free 10631K/15495K, paused 55ms, total 69ms
I/ActivityManager( 1341): START {act=android.intent.action.MAIN cat=[android.intent.category.LAUNCHER] flg=0x10200000 cmp=com.android.gallery3d/com.android.camera.CameraLauncher u=0} from pid 1677
D/PermissionCache( 1107): checking android.permission.READ_FRAME_BUFFER for uid=1000 => granted (4364 us)
W/WindowManager( 1341): Failure taking screenshot for (184x138) to layer 21005
D/****CameraHAL( 1110): cameraHal BACK 0
D/****CameraHAL( 1110): cameraHal 0
V/CameraHolder( 1738): open camera 0
D/****CameraHAL( 1110): cameraHal BACK 0
D/****CameraHAL( 1110): cameraHal 0
I/CameraService( 1110): Opening camera 0
I/****CameraHAL( 1110): camera_device open
E/CameraHardware( 1110): version >= KERNEL_VERSION(2,6,37)
D/V4L2Camera( 1110): pads for entity 1=
I/ARMAssembler( 1107): generated scanline__00000077:03515102_00009001_00000000 [132 ipp] (154 ins) at [0x419e8478:0x419e86e0] in 183105 ns
D/V4L2Camera( 1110): (0 INPUT)
D/V4L2Camera( 1110): (1 OUTPUT)
D/V4L2Camera( 1110): [1:1]===>[5:0]
D/V4L2Camera( 1110): INACTIVE
D/V4L2Camera( 1110): pads for entity 2=
D/V4L2Camera( 1110): (0 OUTPUT)
D/V4L2Camera( 1110): [2:0]===>[1:0]
D/V4L2Camera( 1110): INACTIVE
D/V4L2Camera( 1110): pads for entity 3=
D/V4L2Camera( 1110): (0 INPUT)
D/V4L2Camera( 1110): (1 OUTPUT)
D/V4L2Camera( 1110): [3:1]===>[4:0]
D/V4L2Camera( 1110): INACTIVE
D/V4L2Camera( 1110): [3:1]===>[5:0]
D/V4L2Camera( 1110): INACTIVE
D/V4L2Camera( 1110): pads for entity 4=
D/V4L2Camera( 1110): (0 INPUT)
D/V4L2Camera( 1110): pads for entity 5=
D/V4L2Camera( 1110): (0 INPUT)
D/V4L2Camera( 1110): (1 OUTPUT)
D/V4L2Camera( 1110): (2 OUTPUT)
D/V4L2Camera( 1110): [5:1]===>[6:0]
D/V4L2Camera( 1110): INACTIVE
D/V4L2Camera( 1110): [5:2]===>[7:0]
D/V4L2Camera( 1110): INACTIVE
D/V4L2Camera( 1110): [5:1]===>[10:0]
D/V4L2Camera( 1110): INACTIVE
D/V4L2Camera( 1110): [5:2]===>[13:0]
D/V4L2Camera( 1110): ACTIVE
D/V4L2Camera( 1110): [5:2]===>[14:0]
D/V4L2Camera( 1110): ACTIVE
D/V4L2Camera( 1110): [5:2]===>[15:0]
D/V4L2Camera( 1110): ACTIVE
D/V4L2Camera( 1110): pads for entity 6=
D/V4L2Camera( 1110): (0 INPUT)
D/V4L2Camera( 1110): pads for entity 7=
D/V4L2Camera( 1110): (0 INPUT)
D/V4L2Camera( 1110): (1 OUTPUT)
D/V4L2Camera( 1110): [7:1]===>[9:0]
D/V4L2Camera( 1110): INACTIVE
D/V4L2Camera( 1110): [7:1]===>[10:0]
D/V4L2Camera( 1110): INACTIVE
D/V4L2Camera( 1110): pads for entity 8=
D/V4L2Camera( 1110): (0 OUTPUT)
D/V4L2Camera( 1110): [8:0]===>[7:0]
D/V4L2Camera( 1110): INACTIVE
D/V4L2Camera( 1110): pads for entity 9=
D/V4L2Camera( 1110): (0 INPUT)
D/V4L2Camera( 1110): pads for entity 10=
D/V4L2Camera( 1110): (0 INPUT)
D/V4L2Camera( 1110): (1 OUTPUT)
D/V4L2Camera( 1110): [10:1]===>[12:0]
D/V4L2Camera( 1110): INACTIVE
D/V4L2Camera( 1110): pads for entity 11=
D/V4L2Camera( 1110): (0 OUTPUT)
D/V4L2Camera( 1110): [11:0]===>[10:0]
D/V4L2Camera( 1110): INACTIVE
D/V4L2Camera( 1110): pads for entity 12=
D/V4L2Camera( 1110): (0 INPUT)
D/V4L2Camera( 1110): pads for entity 13=
D/V4L2Camera( 1110): (0 INPUT)
D/V4L2Camera( 1110): pads for entity 14=
D/V4L2Camera( 1110): (0 INPUT)
D/V4L2Camera( 1110): pads for entity 15=
D/V4L2Camera( 1110): (0 INPUT)
D/V4L2Camera( 1110): pads for entity 16=
D/V4L2Camera( 1110): (0 OUTPUT)
D/V4L2Camera( 1110): [16:0]===>[5:0]
D/V4L2Camera( 1110): INACTIVE
D/dalvikvm( 1341): GC_CONCURRENT freed 313K, 28% free 7429K/10311K, paused 39ms+162ms, total 661ms
D/dalvikvm( 1738): GC_FOR_ALLOC freed 149K, 10% free 5583K/6151K, paused 61ms, total 85ms
I/dalvikvm-heap( 1738): Grow heap (frag case) to 6.585MB for 830224-byte allocation
D/dalvikvm( 1738): GC_CONCURRENT freed 2K, 9% free 6391K/6983K, paused 23ms+12ms, total 160ms
D/dalvikvm( 1738): WAIT_FOR_CONCURRENT_GC blocked 138ms
D/dalvikvm( 1738): GC_FOR_ALLOC freed 0K, 9% free 6391K/6983K, paused 116ms, total 116ms
I/dalvikvm-heap( 1738): Grow heap (frag case) to 7.028MB for 467008-byte allocation
D/dalvikvm( 1738): GC_CONCURRENT freed 0K, 9% free 6847K/7495K, paused 21ms+22ms, total 157ms
D/dalvikvm( 1738): WAIT_FOR_CONCURRENT_GC blocked 136ms
D/dalvikvm( 1738): GC_FOR_ALLOC freed 832K, 20% free 6055K/7495K, paused 75ms, total 91ms
D/dalvikvm( 1738): GC_CONCURRENT freed 1K, 13% free 6560K/7495K, paused 36ms+2ms, total 164ms
D/dalvikvm( 1738): WAIT_FOR_CONCURRENT_GC blocked 108ms
D/dalvikvm( 1738): GC_FOR_ALLOC freed 323K, 17% free 6236K/7495K, paused 115ms, total 117ms
D/dalvikvm( 1738): GC_CONCURRENT freed <1K, 10% free 6747K/7495K, paused 17ms+9ms, total 154ms
D/dalvikvm( 1738): WAIT_FOR_CONCURRENT_GC blocked 99ms
D/dalvikvm( 1738): GC_FOR_ALLOC freed 333K, 15% free 6431K/7495K, paused 63ms, total 91ms
D/dalvikvm( 1738): GC_FOR_ALLOC freed <1K, 10% free 6754K/7495K, paused 158ms, total 158ms
I/dalvikvm-heap( 1738): Grow heap (frag case) to 7.115MB for 186432-byte allocation
D/dalvikvm( 1738): GC_FOR_ALLOC freed 0K, 10% free 6936K/7687K, paused 119ms, total 119ms
D/dalvikvm( 1738): GC_FOR_ALLOC freed 323K, 14% free 6613K/7687K, paused 79ms, total 80ms
D/dalvikvm( 1738): GC_FOR_ALLOC freed <1K, 10% free 6937K/7687K, paused 46ms, total 46ms
V/StateManager( 1738): startState class com.android.gallery3d.app.PhotoPage
V/NFC ( 1738): this device does not have NFC support
D/OrientationManager( 1738): lock orientation to landscape
D/dalvikvm( 1738): GC_CONCURRENT freed 509K, 11% free 7019K/7879K, paused 19ms+38ms, total 186ms
D/dalvikvm( 1738): WAIT_FOR_CONCURRENT_GC blocked 7ms
W/OrientationEventListener( 1738): Cannot detect sensors. Not enabled
I/Thumbnail( 1738): Fail to load bitmap. java.io.FileNotFoundException: /data/data/com.android.gallery3d/files/last_thumb: open failed: ENOENT (No such file or directory)
E/WVMExtractor( 1110): Failed to open libwvm.so
W/OrientationEventListener( 1738): Cannot detect sensors. Not enabled
D/CameraStorage( 1738): External storage state=mounted
I/Choreographer( 1738): Skipped 170 frames! The application may be doing too much work on its main thread.
D/ActivityBase( 1738): set CameraRelativeFrame as Rect(0, 73 - 445, 407)
D/PhotoView( 1738): compensation = 0, CameraRelativeFrame = Rect(0, 73 - 445, 407), mCameraRect = Rect(0, 73 - 445, 407)
D/libEGL ( 1738): loaded /system/lib/egl/libGLES_android.so
I/GalleryEGLConfigChooser( 1738): Config chosen: R5 G6 B5 A0 D0 S0 ID0 CAVEAT12368
I/GLRootView( 1738): onSurfaceChanged: 640x480, gl10: com.google.android.gles_jni.GLImpl@415e6a10
I/GLRootView( 1738): layout content pane 640x480 (compensation 0)
D/PhotoView( 1738): compensation = 0, CameraRelativeFrame = Rect(0, 73 - 445, 407), mCameraRect = Rect(0, 73 - 445, 407)
D/dalvikvm( 1738): GC_FOR_ALLOC freed 249K, 12% free 7010K/7879K, paused 70ms, total 85ms
I/dalvikvm-heap( 1738): Grow heap (frag case) to 7.456MB for 281896-byte allocation
D/dalvikvm( 1738): GC_FOR_ALLOC freed 3K, 12% free 7282K/8199K, paused 188ms, total 188ms
D/dalvikvm( 1738): GC_FOR_ALLOC freed 304K, 13% free 7172K/8199K, paused 102ms, total 103ms
D/dalvikvm( 1738): GC_FOR_ALLOC freed <1K, 10% free 7447K/8199K, paused 95ms, total 95ms
I/ActivityManager( 1341): Displayed com.android.gallery3d/com.android.camera.CameraLauncher: +7s578ms
D/dalvikvm( 1738): GC_FOR_ALLOC freed 300K, 13% free 7341K/8391K, paused 104ms, total 105ms
I/ARMAssembler( 1107): generated scanline__00000077:03515102_00001001_00000000 [ 71 ipp] (91 ins) at [0x419e86e8:0x419e8854] in 152588 ns
D/dalvikvm( 1738): GC_FOR_ALLOC freed <1K, 10% free 7616K/8391K, paused 81ms, total 81ms
D/dalvikvm( 1738): GC_FOR_ALLOC freed 300K, 13% free 7510K/8583K, paused 79ms, total 96ms
I/ARMAssembler( 1107): generated scanline__00000077:03010102_00000004_00000000 [ 35 ipp] (54 ins) at [0x419e8858:0x419e8930] in 122071 ns
D/CameraHardware( 1110): Set Parameter...!!
D/CameraHardware( 1110): PreviewFormat yuv422sp
D/CameraHardware( 1110): PictureFormat jpeg
D/CameraHardware( 1110): preview width:320,height:240
D/CameraHardware( 1110): picture width:320,height:240
D/CameraHardware( 1110): FRAMERATE 15
D/CameraHardware( 1110): Picture Size by CamHAL 320 x 240
D/CameraHardware( 1110): Preview Resolution by CamHAL 320 x 240
D/CameraHardware( 1110): enableMsgType:3085
I/AwesomePlayer( 1110): setDataSource_l('/system/media/audio/ui/camera_click.ogg')
E/WVMExtractor( 1110): Failed to open libwvm.so
I/AwesomePlayer( 1110): setDataSource_l('/system/media/audio/ui/VideoRecord.ogg')
E/WVMExtractor( 1110): Failed to open libwvm.so
D/CameraHardware( 1110): Set Parameter...!!
D/CameraHardware( 1110): PreviewFormat yuv422sp
D/CameraHardware( 1110): PictureFormat jpeg
D/CameraHardware( 1110): preview width:320,height:240
D/CameraHardware( 1110): picture width:320,height:240
D/CameraHardware( 1110): FRAMERATE 15
D/CameraHardware( 1110): Picture Size by CamHAL 320 x 240
D/CameraHardware( 1110): Preview Resolution by CamHAL 320 x 240
D/CameraHardware( 1110): Set Parameter...!!
D/CameraHardware( 1110): PreviewFormat yuv422sp
D/CameraHardware( 1110): PictureFormat jpeg
D/CameraHardware( 1110): preview width:320,height:240
D/CameraHardware( 1110): picture width:320,height:240
D/CameraHardware( 1110): FRAMERATE 15
D/CameraHardware( 1110): Picture Size by CamHAL 320 x 240
D/CameraHardware( 1110): Preview Resolution by CamHAL 320 x 240
D/CameraHardware( 1110): Set Parameter...!!
D/CameraHardware( 1110): PreviewFormat yuv422sp
D/CameraHardware( 1110): PictureFormat jpeg
D/CameraHardware( 1110): preview width:320,height:240
D/CameraHardware( 1110): picture width:320,height:240
D/CameraHardware( 1110): FRAMERATE 15
D/CameraHardware( 1110): Picture Size by CamHAL 320 x 240
D/CameraHardware( 1110): Preview Resolution by CamHAL 320 x 240
D/CameraHardware( 1110): Set Parameter...!!
D/CameraHardware( 1110): PreviewFormat yuv422sp
D/CameraHardware( 1110): PictureFormat jpeg
D/CameraHardware( 1110): preview width:640,height:480
D/CameraHardware( 1110): picture width:640,height:480
D/CameraHardware( 1110): FRAMERATE 15
D/CameraHardware( 1110): Picture Size by CamHAL 640 x 480
D/CameraHardware( 1110): Preview Resolution by CamHAL 640 x 480
D/CameraHardware( 1110): Set Parameter...!!
D/CameraHardware( 1110): PreviewFormat yuv422sp
D/CameraHardware( 1110): PictureFormat jpeg
D/CameraHardware( 1110): preview width:640,height:480
D/CameraHardware( 1110): picture width:640,height:480
D/CameraHardware( 1110): FRAMERATE 15
D/CameraHardware( 1110): Picture Size by CamHAL 640 x 480
D/CameraHardware( 1110): Preview Resolution by CamHAL 640 x 480
V/camera ( 1738): Preview size is 640x480
D/CameraHardware( 1110): Set Parameter...!!
D/CameraHardware( 1110): PreviewFormat yuv422sp
D/CameraHardware( 1110): PictureFormat jpeg
D/CameraHardware( 1110): preview width:640,height:480
D/CameraHardware( 1110): picture width:640,height:480
D/CameraHardware( 1110): FRAMERATE 15
D/CameraHardware( 1110): Picture Size by CamHAL 640 x 480
D/CameraHardware( 1110): Preview Resolution by CamHAL 640 x 480
D/****CameraHAL( 1110): cameraHal BACK 0
D/****CameraHAL( 1110): cameraHal 0
D/****CameraHAL( 1110): cameraHal BACK 0
D/****CameraHAL( 1110): cameraHal 0
V/camera ( 1738): Preview size is 640x480
D/CameraHardware( 1110): Set Parameter...!!
D/CameraHardware( 1110): PreviewFormat yuv422sp
D/CameraHardware( 1110): PictureFormat jpeg
D/CameraHardware( 1110): preview width:640,height:480
D/CameraHardware( 1110): picture width:640,height:480
D/CameraHardware( 1110): FRAMERATE 15
D/CameraHardware( 1110): Picture Size by CamHAL 640 x 480
D/CameraHardware( 1110): Preview Resolution by CamHAL 640 x 480
W/****CameraHAL( 1110): ----Preview not Enabled----
V/camera ( 1738): startPreview
W/****CameraHAL( 1110): ----Preview not Enabled----
D/****CameraHAL( 1110): Exiting the function
D/CameraHardware( 1110): startPreview width:640,height:480
D/V4L2Camera( 1110): CameraConfigure PreviewFormat: w=640 h=480
E/V4L2Camera( 1110): StartStreaming: Unable to start capture: Broken pipe
E/CameraHardware( 1110): Camera StartStreaming fail: Broken pipe
D/dalvikvm( 1738): GC_CONCURRENT freed 555K, 11% free 7713K/8647K, paused 23ms+19ms, total 168ms
W/SocketClient( 1105): write error (Broken pipe)
D/dalvikvm( 1341): GC_CONCURRENT freed 466K, 28% free 7499K/10311K, paused 19ms+5ms, total 157ms
D/dalvikvm( 1341): WAIT_FOR_CONCURRENT_GC blocked 36ms
D/dalvikvm( 1341): GC_CONCURRENT freed 447K, 27% free 7606K/10311K, paused 20ms+24ms, total 282ms
D/dalvikvm( 1341): WAIT_FOR_CONCURRENT_GC blocked 70ms