01-01 00:00:32.190 2041 2224 I ActivityManager: Start proc 2502:com.android.deskclock/u0a26 for broadcast com.android.deskclock/com.android.alarmclock.AnalogAppWidgetProvider
01-01 00:00:32.266 2041 2193 W SchedPolicy: add_tid_to_cgroup failed to write '2502' (Permission denied); fd=27
01-01 00:00:32.266 2041 2193 W ActivityManager: Failed setting process group of 2502 to 0
01-01 00:00:32.266 2041 2193 W System.err: java.lang.IllegalArgumentException
01-01 00:00:32.267 2041 2193 W System.err: at android.os.Process.setProcessGroup(Native Method)
01-01 00:00:32.267 2041 2193 W System.err: at com.android.server.am.ActivityManagerService.applyOomAdjLocked(ActivityManagerService.java:18763)
01-01 00:00:32.267 2041 2193 W System.err: at com.android.server.am.ActivityManagerService.updateOomAdjLocked(ActivityManagerService.java:19247)
01-01 00:00:32.267 2041 2193 W System.err: at com.android.server.am.BroadcastQueue.processCurBroadcastLocked(BroadcastQueue.java:262)
01-01 00:00:32.267 2041 2193 W System.err: at com.android.server.am.BroadcastQueue.sendPendingBroadcastsLocked(BroadcastQueue.java:297)
01-01 00:00:32.267 2041 2193 W System.err: at com.android.server.am.ActivityManagerService.sendPendingBroadcastsLocked(ActivityManagerService.java:16259)
01-01 00:00:32.267 2041 2193 W System.err: at com.android.server.am.ActivityManagerService.attachApplicationLocked(ActivityManagerService.java:6205)
01-01 00:00:32.267 2041 2193 W System.err: at com.android.server.am.ActivityManagerService.attachApplication(ActivityManagerService.java:6246)
01-01 00:00:32.267 2041 2193 W System.err: at android.app.ActivityManagerNative.onTransact(ActivityManagerNative.java:507)
01-01 00:00:32.267 2041 2193 W System.err: at com.android.server.am.ActivityManagerService.onTransact(ActivityManagerService.java:2493)
01-01 00:00:32.267 2041 2193 W System.err: at android.os.Binder.execTransact(Binder.java:453)
01-01 00:00:32.269 2041 2224 W SchedPolicy: add_tid_to_cgroup failed to write '2170' (Permission denied); fd=26
01-01 00:00:32.269 2041 2224 W ActivityManager: Failed setting process group of 2170 to -1
01-01 00:00:32.269 2041 2224 W System.err: java.lang.IllegalArgumentException
01-01 00:00:32.269 2041 2224 W System.err: at android.os.Process.setProcessGroup(Native Method)
01-01 00:00:32.270 2041 2224 W System.err: at com.android.server.am.ActivityManagerService.applyOomAdjLocked(ActivityManagerService.java:18763)
01-01 00:00:32.270 2041 2224 W System.err: at com.android.server.am.ActivityManagerService.updateOomAdjLocked(ActivityManagerService.java:19028)
01-01 00:00:32.270 2041 2224 W System.err: at com.android.server.am.ActivityManagerService.updateOomAdjLocked(ActivityManagerService.java:19106)
01-01 00:00:32.270 2041 2224 W System.err: at com.android.server.am.ActivityManagerService.getContentProviderImpl(ActivityManagerService.java:9572)
01-01 00:00:32.270 2041 2224 W System.err: at com.android.server.am.ActivityManagerService.getContentProvider(ActivityManagerService.java:9828)
01-01 00:00:32.270 2041 2224 W System.err: at android.app.ActivityManagerNative.onTransact(ActivityManagerNative.java:828)
01-01 00:00:32.270 2041 2224 W System.err: at com.android.server.am.ActivityManagerService.onTransact(ActivityManagerService.java:2493)
01-01 00:00:32.270 2041 2224 W System.err: at android.os.Binder.execTransact(Binder.java:453)
01-01 00:00:32.299 2502 2502 W System : ClassLoader referenced unknown path: /system/app/DeskClock/lib/arm64
01-01 00:00:32.307 2170 2507 V MediaScanner: pruneDeadThumbnailFiles... android.database.sqlite.SQLiteCursor@6e1739f
01-01 00:00:32.313 2041 2193 I ActivityManager: Start proc 2521:com.android.smspush/u0a42 for service com.android.smspush/.WapPushManager
01-01 00:00:32.330 2041 2191 W SchedPolicy: add_tid_to_cgroup failed to write '2477' (Permission denied); fd=27
01-01 00:00:32.330 2041 2191 W ActivityManager: Failed setting process group of 2477 to 0
01-01 00:00:32.331 2041 2191 W System.err: java.lang.IllegalArgumentException
01-01 00:00:32.331 2041 2191 W System.err: at android.os.Process.setProcessGroup(Native Method)
01-01 00:00:32.331 2041 2191 W System.err: at com.android.server.am.ActivityManagerService.applyOomAdjLocked(ActivityManagerService.java:18763)
01-01 00:00:32.331 2041 2191 W System.err: at com.android.server.am.ActivityManagerService.updateOomAdjLocked(ActivityManagerService.java:19028)
01-01 00:00:32.331 2041 2191 W System.err: at com.android.server.am.ActivityManagerService.updateOomAdjLocked(ActivityManagerService.java:19106)
01-01 00:00:32.331 2041 2191 W System.err: at com.android.server.am.ActiveServices.serviceDoneExecutingLocked(ActiveServices.java:2015)
01-01 00:00:32.331 2041 2191 W System.err: at com.android.server.am.ActiveServices.serviceDoneExecutingLocked(ActiveServices.java:1963)
01-01 00:00:32.331 2041 2191 W System.err: at com.android.server.am.ActivityManagerService.serviceDoneExecuting(ActivityManagerService.java:16086)
01-01 00:00:32.331 2041 2191 W System.err: at android.app.ActivityManagerNative.onTransact(ActivityManagerNative.java:1028)
01-01 00:00:32.332 2041 2191 W System.err: at com.android.server.am.ActivityManagerService.onTransact(ActivityManagerService.java:2493)
01-01 00:00:32.332 2041 2191 W System.err: at android.os.Binder.execTransact(Binder.java:453)
01-01 00:00:32.332 2041 2053 W SchedPolicy: add_tid_to_cgroup failed to write '2170' (Permission denied); fd=27
01-01 00:00:32.333 2041 2053 W ActivityManager: Failed setting process group of 2170 to 0
01-01 00:00:32.333 2041 2053 W System.err: java.lang.IllegalArgumentException
01-01 00:00:32.333 2041 2053 W System.err: at android.os.Process.setProcessGroup(Native Method)
01-01 00:00:32.333 2041 2053 W System.err: at com.android.server.am.ActivityManagerService.applyOomAdjLocked(ActivityManagerService.java:18763)
01-01 00:00:32.333 2041 2053 W System.err: at com.android.server.am.ActivityManagerService.updateOomAdjLocked(ActivityManagerService.java:19247)
01-01 00:00:32.333 2041 2053 W System.err: at com.android.server.am.ActivityManagerService.removeContentProvider(ActivityManagerService.java:9866)
01-01 00:00:32.334 2041 2053 W System.err: at android.app.ActivityManagerNative.onTransact(ActivityManagerNative.java:897)
01-01 00:00:32.334 2041 2053 W System.err: at com.android.server.am.ActivityManagerService.onTransact(ActivityManagerService.java:2493)
01-01 00:00:32.334 2041 2053 W System.err: at android.os.Binder.execTransact(Binder.java:453)
01-01 00:00:32.350 2170 2507 V MediaScanner: /pruneDeadThumbnailFiles... android.database.sqlite.SQLiteCursor@6e1739f
01-01 00:00:32.361 2409 2539 D OpenGLRenderer: Use EGL_SWAP_BEHAVIOR_PRESERVED: true
01-01 00:00:32.381 2409 2409 E DisplayEventDispatcher: dispatcher 0x7fa0c644e0 ~ Vsync pulse: timestamp=26466, id=0, count=36
01-01 00:00:32.381 2399 2542 E DcSwitchStateMachine-0: DctController is not ready
01-01 00:00:32.385 2041 2087 E ConnectivityService: Failed to find Messenger in unregisterNetworkFactory
01-01 00:00:32.386 2521 2521 W System : ClassLoader referenced unknown path: /system/app/WAPPushManager/lib/arm64
01-01 00:00:32.387 2041 2087 D ConnectivityService: Got NetworkFactory Messenger for Telephony
01-01 00:00:32.412 2409 2539 I OpenGLRenderer: Initialized EGL, version 1.4
01-01 00:00:32.414 2041 2060 E DisplayEventDispatcher: dispatcher 0x7fad04a1e0 ~ Vsync pulse: timestamp=26499, id=0, count=38
01-01 00:00:32.417 2409 2409 E DisplayEventDispatcher: dispatcher 0x7fa0c644e0 ~ Vsync pulse: timestamp=26483, id=0, count=37
01-01 00:00:32.451 2409 2409 E DisplayEventDispatcher: dispatcher 0x7fa0c644e0 ~ Vsync pulse: timestamp=26516, id=0, count=39
01-01 00:00:32.454 2399 2399 D CarrierConfigLoader: CarrierConfigLoader has started
01-01 00:00:32.456 2041 2060 I ActivityManager: Displayed com.android.launcher/com.android.launcher2.Launcher: +898ms
01-01 00:00:32.456 2374 2472 I LatinIME:LogUtils: Dictionary info: dictionary = userunigram.en_US ; version = 32 ; date = ?
01-01 00:00:32.458 2041 2059 D BluetoothManagerService: Added callback: android.bluetooth.IBluetoothManagerCallback$Stub$Proxy@9cba148:true
01-01 00:00:32.464 2041 2060 E DisplayEventDispatcher: dispatcher 0x7fad04a1e0 ~ Vsync pulse: timestamp=26549, id=0, count=41
01-01 00:00:32.473 2409 2409 W System : ClassLoader referenced unknown path:
01-01 00:00:32.473 2409 2409 W System : ClassLoader referenced unknown path: /system/app/DeskClock/lib/arm64
01-01 00:00:32.475 2366 2433 I ContactDirectoryManager: deleted 0 stale rows which don't have any relevant directory
01-01 00:00:32.481 2041 2060 E DisplayEventDispatcher: dispatcher 0x7fad04a1e0 ~ Vsync pulse: timestamp=26566, id=0, count=42
01-01 00:00:32.490 2041 2224 I ActivityManager: Start proc 2549:com.android.settings/1000 for broadcast com.android.settings/.sim.SimSelectNotification
01-01 00:00:32.492 2366 2433 I ContactDirectoryManager: Discovered 0 contact directories in 140ms
01-01 00:00:32.496 2374 2472 I LatinIME:LogUtils: Dictionary info: dictionary = UserHistoryDictionary.en_US ; version = 32 ; date = ?
01-01 00:00:32.527 2399 2399 I Telephony: TtyManager: updateUiTtyMode -1 -> 0
01-01 00:00:32.550 2374 2472 I LatinIME:LogUtils: Dictionary info: dictionary = main:en ; version = 54 ; date = 1414726273
01-01 00:00:32.567 2409 2409 E DisplayEventDispatcher: dispatcher 0x7fa0c644e0 ~ Vsync pulse: timestamp=26649, id=0, count=44
01-01 00:00:32.583 2409 2409 E DisplayEventDispatcher: dispatcher 0x7fa0c644e0 ~ Vsync pulse: timestamp=26666, id=0, count=45
01-01 00:00:32.609 2549 2549 W System : ClassLoader referenced unknown path: /system/priv-app/Settings/lib/arm64
01-01 00:00:32.613 2399 2399 D TelephonyDebugService: TelephonyDebugService()
01-01 00:00:32.614 2549 2549 W linker : Unable to find entries starting with "lib/arm64-v8a/" in "/system/priv-app/Settings/Settings.apk"
01-01 00:00:32.616 2549 2549 W linker : Unable to find entries starting with "lib/arm64-v8a/" in "/system/priv-app/Settings/Settings.apk"
01-01 00:00:32.626 2399 2399 D CarrierConfigLoader: mHandler: 12 phoneId: 0
01-01 00:00:32.642 2399 2399 E PhoneInterfaceManager: [PhoneIntfMgr] getIccId: No UICC
01-01 00:00:32.657 2041 2053 W Telecom : : registerPhoneAccount not allowed on non-voice capable device.
01-01 00:00:32.659 2399 2399 I Telephony: AccountEntry: Registered phoneAccount: [[ ] PhoneAccount: ComponentInfo{com.android.phone/com.android.services.telephony.TelephonyConnectionService}, [e0184adedf913b076626646d3f52c3b49c39ad6d], UserHandle{0} Capabilities: 54 Schemes: tel voicemail ] with handle: ComponentInfo{com.android.phone/com.android.services.telephony.TelephonyConnectionService}, [e0184adedf913b076626646d3f52c3b49c39ad6d], UserHandle{0}
01-01 00:00:32.664 2399 2399 I Telephony: PstnIncomingCallNotifier: Registering: Handler (com.android.internal.telephony.gsm.GSMPhone) {568a626}
01-01 00:00:32.672 2041 2528 W Telecom : : No account found for the calling user
01-01 00:00:32.749 1653 1744 I SurfaceFlinger: Boot is finished (18919 ms)
01-01 00:00:32.764 2041 2060 E DisplayEventDispatcher: dispatcher 0x7fad04a1e0 ~ Vsync pulse: timestamp=26849, id=0, count=47
01-01 00:00:32.781 2041 2060 E DisplayEventDispatcher: dispatcher 0x7fad04a1e0 ~ Vsync pulse: timestamp=26866, id=0, count=48
01-01 00:00:32.792 2225 2225 I Choreographer: Skipped 39 frames! The application may be doing too much work on its main thread.
01-01 00:00:32.806 2225 2225 W PathParser: Points are too far apart 4.030360828967057
01-01 00:00:32.806 2225 2225 W PathParser: Points are too far apart 4.030360538880159
01-01 00:00:32.814 2225 2225 E DisplayEventDispatcher: dispatcher 0x7faae722e0 ~ Vsync pulse: timestamp=26883, id=0, count=49
01-01 00:00:32.838 2041 2528 W SchedPolicy: add_tid_to_cgroup failed to write '2366' (Permission denied); fd=27
01-01 00:00:32.838 2041 2528 W ActivityManager: Failed setting process group of 2366 to 0
01-01 00:00:32.838 2041 2528 W System.err: java.lang.IllegalArgumentException
01-01 00:00:32.838 2041 2528 W System.err: at android.os.Process.setProcessGroup(Native Method)
01-01 00:00:32.839 2041 2528 W System.err: at com.android.server.am.ActivityManagerService.applyOomAdjLocked(ActivityManagerService.java:18763)
01-01 00:00:32.839 2041 2528 W System.err: at com.android.server.am.ActivityManagerService.updateOomAdjLocked(ActivityManagerService.java:19247)
01-01 00:00:32.839 2041 2528 W System.err: at com.android.server.am.ActivityManagerService.removeContentProvider(ActivityManagerService.java:9866)
01-01 00:00:32.839 2041 2528 W System.err: at android.app.ActivityManagerNative.onTransact(ActivityManagerNative.java:897)
01-01 00:00:32.839 2041 2528 W System.err: at com.android.server.am.ActivityManagerService.onTransact(ActivityManagerService.java:2493)
01-01 00:00:32.839 2041 2528 W System.err: at android.os.Binder.execTransact(Binder.java:453)
01-01 00:00:32.840 2225 2225 D PhoneStatusBar: disable: < expand* icons alerts system_info back* home* recent* clock search* quick_settings
> 01-01 00:00:32.848 2041 2060 I SystemServiceManager: Starting phase 1000
01-01 00:00:32.851 1663 2120 I art : Starting a blocking GC HeapTrim
01-01 00:00:32.857 2225 2225 W KeyguardUpdateMonitor: invalid subId in handleSimStateChange()
01-01 00:00:32.860 2225 2225 W KeyguardUpdateMonitor: invalid subId in handleServiceStateChange()
01-01 00:00:32.862 2041 2060 I ActivityManager: Start proc 2568:com.android.bluetooth/1002 for on-hold
01-01 00:00:32.864 2225 2225 E DisplayEventDispatcher: dispatcher 0x7faae722e0 ~ Vsync pulse: timestamp=26949, id=0, count=52
01-01 00:00:32.870 2041 2060 E DisplayEventDispatcher: dispatcher 0x7fad04a1e0 ~ Vsync pulse: timestamp=26933, id=0, count=51
01-01 00:00:32.880 2225 2225 E DisplayEventDispatcher: dispatcher 0x7faae722e0 ~ Vsync pulse: timestamp=26966, id=0, count=53
01-01 00:00:32.881 2041 2085 D WIFI : Registering NetworkFactory
01-01 00:00:32.881 2041 2087 D ConnectivityService: Got NetworkFactory Messenger for WIFI
01-01 00:00:32.881 2041 2085 D WIFI_UT : Registering NetworkFactory
01-01 00:00:32.882 2041 2087 D ConnectivityService: Got NetworkFactory Messenger for WIFI_UT
01-01 00:00:32.882 2041 2085 D WIFI : got request NetworkRequest [ id=1, legacyType=-1, [ Capabilities: INTERNET&NOT_RESTRICTED&TRUSTED&NOT_VPN] ] with score 0
01-01 00:00:32.882 2041 2085 D WIFI_UT : got request NetworkRequest [ id=1, legacyType=-1, [ Capabilities: INTERNET&NOT_RESTRICTED&TRUSTED&NOT_VPN] ] with score 0
01-01 00:00:32.882 2041 2575 I RecoverySystem: No recovery log file
01-01 00:00:32.891 2041 2575 I BootReceiver: Copying audit failures to DropBox
01-01 00:00:32.891 2041 2575 I BootReceiver: Checking for fsck errors
01-01 00:00:32.894 2041 2041 I ActivityManager: Start proc 2577:com.android.providers.calendar/u0a1 for broadcast com.android.providers.calendar/.CalendarReceiver
01-01 00:00:32.896 2041 2575 W SchedPolicy: add_tid_to_cgroup failed to write '2170' (Permission denied); fd=26
01-01 00:00:32.896 2041 2575 W ActivityManager: Failed setting process group of 2170 to -1
01-01 00:00:32.896 2041 2575 W System.err: java.lang.IllegalArgumentException
01-01 00:00:32.896 2041 2575 W System.err: at android.os.Process.setProcessGroup(Native Method)
01-01 00:00:32.897 2041 2575 W System.err: at com.android.server.am.ActivityManagerService.applyOomAdjLocked(ActivityManagerService.java:18763)
01-01 00:00:32.897 2041 2575 W System.err: at com.android.server.am.ActivityManagerService.updateOomAdjLocked(ActivityManagerService.java:19028)
01-01 00:00:32.897 2041 2575 W System.err: at com.android.server.am.ActivityManagerService.updateOomAdjLocked(ActivityManagerService.java:19106)
01-01 00:00:32.897 2041 2575 W System.err: at com.android.server.am.ActivityManagerService.getContentProviderImpl(ActivityManagerService.java:9572)
01-01 00:00:32.897 2041 2575 W System.err: at com.android.server.am.ActivityManagerService.getContentProvider(ActivityManagerService.java:9828)
01-01 00:00:32.897 2041 2575 W System.err: at android.app.ActivityThread.acquireProvider(ActivityThread.java:4849)
01-01 00:00:32.897 2041 2575 W System.err: at android.app.ContextImpl$ApplicationContentResolver.acquireProvider(ContextImpl.java:1999)
01-01 00:00:32.897 2225 2225 E DisplayEventDispatcher: dispatcher 0x7faae722e0 ~ Vsync pulse: timestamp=26983, id=0, count=54
01-01 00:00:32.897 2041 2575 W System.err: at android.content.ContentResolver.acquireProvider(ContentResolver.java:1423)
01-01 00:00:32.897 2041 2575 W System.err: at android.content.ContentResolver.delete(ContentResolver.java:1323)
01-01 00:00:32.897 2041 2575 W System.err: at android.provider.Downloads.removeAllDownloadsByPackage(Downloads.java:805)
01-01 00:00:32.897 2041 2575 W System.err: at com.android.server.BootReceiver.removeOldUpdatePackages(BootReceiver.java:93)
01-01 00:00:32.898 2041 2575 W System.err: at com.android.server.BootReceiver.-wrap2(BootReceiver.java)
01-01 00:00:32.898 2041 2575 W System.err: at com.android.server.BootReceiver$1.run(BootReceiver.java:82)
01-01 00:00:32.906 2041 2041 W SchedPolicy: add_tid_to_cgroup failed to write '2170' (Permission denied); fd=27
01-01 00:00:32.906 2041 2041 W ActivityManager: Failed setting process group of 2170 to 0
01-01 00:00:32.907 2041 2041 W System.err: java.lang.IllegalArgumentException
01-01 00:00:32.907 2041 2041 W System.err: at android.os.Process.setProcessGroup(Native Method)
01-01 00:00:32.907 2041 2041 W System.err: at com.android.server.am.ActivityManagerService.applyOomAdjLocked(ActivityManagerService.java:18763)
01-01 00:00:32.907 2041 2041 W System.err: at com.android.server.am.ActivityManagerService.updateOomAdjLocked(ActivityManagerService.java:19247)
01-01 00:00:32.907 2041 2041 W System.err: at com.android.server.am.ActivityManagerService.removeContentProvider(ActivityManagerService.java:9866)
01-01 00:00:32.907 2041 2041 W System.err: at android.app.ActivityThread.completeRemoveProvider(ActivityThread.java:5088)
01-01 00:00:32.907 2041 2041 W System.err: at android.app.ActivityThread$H.handleMessage(ActivityThread.java:1476)
01-01 00:00:32.907 2041 2041 W System.err: at android.os.Handler.dispatchMessage(Handler.java:102)
01-01 00:00:32.907 2041 2041 W System.err: at android.os.Looper.loop(Looper.java:148)
01-01 00:00:32.908 2041 2041 W System.err: at com.android.server.SystemServer.run(SystemServer.java:292)
01-01 00:00:32.908 2041 2041 W System.err: at com.android.server.SystemServer.main(SystemServer.java:169)
01-01 00:00:32.908 2041 2041 W System.err: at java.lang.reflect.Method.invoke(Native Method)
01-01 00:00:32.908 2041 2041 W System.err: at com.android.internal.os.ZygoteInit$MethodAndArgsCaller.run(ZygoteInit.java:786)
01-01 00:00:32.908 2041 2041 W System.err: at com.android.internal.os.ZygoteInit.main(ZygoteInit.java:676)
01-01 00:00:32.914 2225 2225 E DisplayEventDispatcher: dispatcher 0x7faae722e0 ~ Vsync pulse: timestamp=26999, id=0, count=55
01-01 00:00:32.921 2041 2053 W SchedPolicy: add_tid_to_cgroup failed to write '2577' (Permission denied); fd=27
01-01 00:00:32.921 2041 2053 W ActivityManager: Failed setting process group of 2577 to 0
01-01 00:00:32.921 2041 2053 W System.err: java.lang.IllegalArgumentException
01-01 00:00:32.922 2041 2053 W System.err: at android.os.Process.setProcessGroup(Native Method)
01-01 00:00:32.922 2041 2053 W System.err: at com.android.server.am.ActivityManagerService.applyOomAdjLocked(ActivityManagerService.java:18763)
01-01 00:00:32.922 2041 2053 W System.err: at com.android.server.am.ActivityManagerService.updateOomAdjLocked(ActivityManagerService.java:19247)
01-01 00:00:32.922 2041 2053 W System.err: at com.android.server.am.BroadcastQueue.processCurBroadcastLocked(BroadcastQueue.java:262)
01-01 00:00:32.922 2041 2053 W System.err: at com.android.server.am.BroadcastQueue.sendPendingBroadcastsLocked(BroadcastQueue.java:297)
01-01 00:00:32.922 2041 2053 W System.err: at com.android.server.am.ActivityManagerService.sendPendingBroadcastsLocked(ActivityManagerService.java:16259)
01-01 00:00:32.922 2041 2053 W System.err: at com.android.server.am.ActivityManagerService.attachApplicationLocked(ActivityManagerService.java:6205)
01-01 00:00:32.922 2041 2053 W System.err: at com.android.server.am.ActivityManagerService.attachApplication(ActivityManagerService.java:6246)
01-01 00:00:32.922 2041 2053 W System.err: at android.app.ActivityManagerNative.onTransact(ActivityManagerNative.java:507)
01-01 00:00:32.923 2041 2053 W System.err: at com.android.server.am.ActivityManagerService.onTransact(ActivityManagerService.java:2493)
01-01 00:00:32.923 2041 2053 W System.err: at android.os.Binder.execTransact(Binder.java:453)
01-01 00:00:32.931 2225 2225 E DisplayEventDispatcher: dispatcher 0x7faae722e0 ~ Vsync pulse: timestamp=27016, id=0, count=56
01-01 00:00:32.947 2225 2225 E DisplayEventDispatcher: dispatcher 0x7faae722e0 ~ Vsync pulse: timestamp=27033, id=0, count=57
01-01 00:00:32.948 2577 2577 W System : ClassLoader referenced unknown path: /system/priv-app/CalendarProvider/lib/arm64
01-01 00:00:32.964 2225 2225 E DisplayEventDispatcher: dispatcher 0x7faae722e0 ~ Vsync pulse: timestamp=27049, id=0, count=58
01-01 00:00:32.981 2225 2225 E DisplayEventDispatcher: dispatcher 0x7faae722e0 ~ Vsync pulse: timestamp=27066, id=0, count=59
01-01 00:00:32.998 2225 2225 E DisplayEventDispatcher: dispatcher 0x7faae722e0 ~ Vsync pulse: timestamp=27083, id=0, count=60
01-01 00:00:33.014 2225 2225 E DisplayEventDispatcher: dispatcher 0x7faae722e0 ~ Vsync pulse: timestamp=27099, id=0, count=61
01-01 00:00:33.031 2225 2225 E DisplayEventDispatcher: dispatcher 0x7faae722e0 ~ Vsync pulse: timestamp=27116, id=0, count=62
01-01 00:00:33.044 2577 2577 I CalendarProvider2: Created com.android.providers.calendar.CalendarAlarmManager@bc4ccbc(com.android.providers.calendar.CalendarProvider2@e94a445)
01-01 00:00:33.047 2568 2568 W linker : Unable to find entries starting with "lib/armeabi-v7a/" in "/system/app/Bluetooth/Bluetooth.apk"
01-01 00:00:33.048 2225 2225 E DisplayEventDispatcher: dispatcher 0x7faae722e0 ~ Vsync pulse: timestamp=27133, id=0, count=63
01-01 00:00:33.049 2568 2568 W linker : Unable to find entries starting with "lib/armeabi-v7a/" in "/system/app/Bluetooth/Bluetooth.apk"
01-01 00:00:33.064 2225 2225 E DisplayEventDispatcher: dispatcher 0x7faae722e0 ~ Vsync pulse: timestamp=27149, id=0, count=64
01-01 00:00:33.080 2225 2225 E DisplayEventDispatcher: dispatcher 0x7faae722e0 ~ Vsync pulse: timestamp=27166, id=0, count=65
01-01 00:00:33.084 2409 2409 E DisplayEventDispatcher: dispatcher 0x7fa0c644e0 ~ Vsync pulse: timestamp=27166, id=0, count=65
01-01 00:00:33.086 2041 2463 I ActivityManager: Start proc 2603:com.android.managedprovisioning/u0a8 for broadcast com.android.managedprovisioning/.BootReminder
01-01 00:00:33.087 2409 2539 W OpenGLRenderer: Incorrectly called buildLayer on View: ShortcutAndWidgetContainer, destroying layer...
01-01 00:00:33.097 2225 2225 E DisplayEventDispatcher: dispatcher 0x7faae722e0 ~ Vsync pulse: timestamp=27183, id=0, count=66
01-01 00:00:33.114 2225 2225 E DisplayEventDispatcher: dispatcher 0x7faae722e0 ~ Vsync pulse: timestamp=27199, id=0, count=67
01-01 00:00:33.131 2225 2225 E DisplayEventDispatcher: dispatcher 0x7faae722e0 ~ Vsync pulse: timestamp=27216, id=0, count=68
01-01 00:00:33.142 2041 2191 W SchedPolicy: add_tid_to_cgroup failed to write '2603' (Permission denied); fd=27
01-01 00:00:33.142 2041 2191 W ActivityManager: Failed setting process group of 2603 to 0
01-01 00:00:33.142 2041 2191 W System.err: java.lang.IllegalArgumentException
01-01 00:00:33.143 2041 2191 W System.err: at android.os.Process.setProcessGroup(Native Method)
01-01 00:00:33.143 2041 2191 W System.err: at com.android.server.am.ActivityManagerService.applyOomAdjLocked(ActivityManagerService.java:18763)
01-01 00:00:33.143 2041 2191 W System.err: at com.android.server.am.ActivityManagerService.updateOomAdjLocked(ActivityManagerService.java:19247)
01-01 00:00:33.143 2041 2191 W System.err: at com.android.server.am.BroadcastQueue.processCurBroadcastLocked(BroadcastQueue.java:262)
01-01 00:00:33.143 2041 2191 W System.err: at com.android.server.am.BroadcastQueue.sendPendingBroadcastsLocked(BroadcastQueue.java:297)
01-01 00:00:33.143 2041 2191 W System.err: at com.android.server.am.ActivityManagerService.sendPendingBroadcastsLocked(ActivityManagerService.java:16259)
01-01 00:00:33.143 2041 2191 W System.err: at com.android.server.am.ActivityManagerService.attachApplicationLocked(ActivityManagerService.java:6205)
01-01 00:00:33.143 2041 2191 W System.err: at com.android.server.am.ActivityManagerService.attachApplication(ActivityManagerService.java:6246)
01-01 00:00:33.143 2041 2191 W System.err: at android.app.ActivityManagerNative.onTransact(ActivityManagerNative.java:507)
01-01 00:00:33.143 2041 2191 W System.err: at com.android.server.am.ActivityManagerService.onTransact(ActivityManagerService.java:2493)
01-01 00:00:33.143 2041 2191 W System.err: at android.os.Binder.execTransact(Binder.java:453)
01-01 00:00:33.147 2225 2225 E DisplayEventDispatcher: dispatcher 0x7faae722e0 ~ Vsync pulse: timestamp=27233, id=0, count=69
01-01 00:00:33.164 2225 2225 E DisplayEventDispatcher: dispatcher 0x7faae722e0 ~ Vsync pulse: timestamp=27249, id=0, count=70
01-01 00:00:33.170 2603 2603 W System : ClassLoader referenced unknown path: /system/priv-app/ManagedProvisioning/lib/arm64
01-01 00:00:33.181 2225 2225 E DisplayEventDispatcher: dispatcher 0x7faae722e0 ~ Vsync pulse: timestamp=27266, id=0, count=71
01-01 00:00:33.197 2225 2225 E DisplayEventDispatcher: dispatcher 0x7faae722e0 ~ Vsync pulse: timestamp=27283, id=0, count=72
01-01 00:00:33.214 2225 2225 E DisplayEventDispatcher: dispatcher 0x7faae722e0 ~ Vsync pulse: timestamp=27299, id=0, count=73
01-01 00:00:33.231 2225 2225 E DisplayEventDispatcher: dispatcher 0x7faae722e0 ~ Vsync pulse: timestamp=27316, id=0, count=74
01-01 00:00:33.231 2568 2568 D AdapterServiceConfig: Adding HeadsetService
01-01 00:00:33.232 2568 2568 D AdapterServiceConfig: Adding A2dpService
01-01 00:00:33.232 2568 2568 D AdapterServiceConfig: Adding HidService
01-01 00:00:33.232 2568 2568 D AdapterServiceConfig: Adding HealthService
01-01 00:00:33.233 2568 2568 D AdapterServiceConfig: Adding PanService
01-01 00:00:33.233 2568 2568 D AdapterServiceConfig: Adding GattService
01-01 00:00:33.233 2568 2568 D AdapterServiceConfig: Adding BluetoothMapService
01-01 00:00:33.248 2225 2225 E DisplayEventDispatcher: dispatcher 0x7faae722e0 ~ Vsync pulse: timestamp=27333, id=0, count=75
01-01 00:00:33.264 2225 2225 E DisplayEventDispatcher: dispatcher 0x7faae722e0 ~ Vsync pulse: timestamp=27349, id=0, count=76
01-01 00:00:33.281 2225 2225 E DisplayEventDispatcher: dispatcher 0x7faae722e0 ~ Vsync pulse: timestamp=27366, id=0, count=77
01-01 00:00:33.298 2225 2225 E DisplayEventDispatcher: dispatcher 0x7faae722e0 ~ Vsync pulse: timestamp=27383, id=0, count=78
01-01 00:00:33.314 2225 2225 E DisplayEventDispatcher: dispatcher 0x7faae722e0 ~ Vsync pulse: timestamp=27399, id=0, count=79
01-01 00:00:33.331 2225 2225 E DisplayEventDispatcher: dispatcher 0x7faae722e0 ~ Vsync pulse: timestamp=27416, id=0, count=80
01-01 00:00:33.346 2041 2191 I ActivityManager: Start proc 2620:com.android.onetimeinitializer/u0a10 for broadcast com.android.onetimeinitializer/.OneTimeInitializerReceiver
01-01 00:00:33.347 2225 2225 E DisplayEventDispatcher: dispatcher 0x7faae722e0 ~ Vsync pulse: timestamp=27433, id=0, count=81
01-01 00:00:33.364 2225 2225 E DisplayEventDispatcher: dispatcher 0x7faae722e0 ~ Vsync pulse: timestamp=27449, id=0, count=82
01-01 00:00:33.381 2225 2225 E DisplayEventDispatcher: dispatcher 0x7faae722e0 ~ Vsync pulse: timestamp=27466, id=0, count=83
01-01 00:00:33.398 2225 2225 E DisplayEventDispatcher: dispatcher 0x7faae722e0 ~ Vsync pulse: timestamp=27483, id=0, count=84
01-01 00:00:33.414 2225 2225 E DisplayEventDispatcher: dispatcher 0x7faae722e0 ~ Vsync pulse: timestamp=27499, id=0, count=85
01-01 00:00:33.426 2041 2191 W SchedPolicy: add_tid_to_cgroup failed to write '2620' (Permission denied); fd=27
01-01 00:00:33.427 2041 2191 W ActivityManager: Failed setting process group of 2620 to 0
01-01 00:00:33.427 2041 2191 W System.err: java.lang.IllegalArgumentException
01-01 00:00:33.428 2041 2191 W System.err: at android.os.Process.setProcessGroup(Native Method)
01-01 00:00:33.428 2041 2191 W System.err: at com.android.server.am.ActivityManagerService.applyOomAdjLocked(ActivityManagerService.java:18763)
01-01 00:00:33.428 2041 2191 W System.err: at com.android.server.am.ActivityManagerService.updateOomAdjLocked(ActivityManagerService.java:19247)
01-01 00:00:33.429 2041 2191 W System.err: at com.android.server.am.BroadcastQueue.processCurBroadcastLocked(BroadcastQueue.java:262)
01-01 00:00:33.429 2041 2191 W System.err: at com.android.server.am.BroadcastQueue.sendPendingBroadcastsLocked(BroadcastQueue.java:297)
01-01 00:00:33.429 2041 2191 W System.err: at com.android.server.am.ActivityManagerService.sendPendingBroadcastsLocked(ActivityManagerService.java:16259)
01-01 00:00:33.429 2041 2191 W System.err: at com.android.server.am.ActivityManagerService.attachApplicationLocked(ActivityManagerService.java:6205)
01-01 00:00:33.429 2041 2191 W System.err: at com.android.server.am.ActivityManagerService.attachApplication(ActivityManagerService.java:6246)
01-01 00:00:33.430 2041 2191 W System.err: at android.app.ActivityManagerNative.onTransact(ActivityManagerNative.java:507)
01-01 00:00:33.430 2041 2191 W System.err: at com.android.server.am.ActivityManagerService.onTransact(ActivityManagerService.java:2493)
01-01 00:00:33.430 2041 2191 W System.err: at android.os.Binder.execTransact(Binder.java:453)
01-01 00:00:33.431 2225 2225 E DisplayEventDispatcher: dispatcher 0x7faae722e0 ~ Vsync pulse: timestamp=27516, id=0, count=86
01-01 00:00:33.431 2041 2059 D BluetoothManagerService: Added callback: android.bluetooth.IBluetoothManagerCallback$Stub$Proxy@5a2c825:true
01-01 00:00:33.432 2568 2568 D BluetoothAdapterState: make() - Creating AdapterState
01-01 00:00:33.448 2225 2225 E DisplayEventDispatcher: dispatcher 0x7faae722e0 ~ Vsync pulse: timestamp=27533, id=0, count=87
01-01 00:00:33.452 2568 2568 I bt_btif : int init(bt_callbacks_t *)
01-01 00:00:33.453 2568 2633 I BluetoothAdapterState: Entering OffState
01-01 00:00:33.453 2568 2634 W bt_osi_thread: run_thread: thread id 2634, thread name stack_manager started
01-01 00:00:33.455 2568 2634 I bt_stack_manager: void event_init_stack(void *) is initializing the stack
01-01 00:00:33.456 2568 2634 I bt_core_module: module_init Initializing module "osi_module"
01-01 00:00:33.456 2568 2634 I bt_core_module: module_init Initialized module "osi_module"
01-01 00:00:33.456 2568 2634 I bt_core_module: module_init Initializing module "bt_utils_module"
01-01 00:00:33.456 2568 2634 I bt_core_module: module_init Initialized module "bt_utils_module"
01-01 00:00:33.457 2568 2634 I bt_core_module: module_init Initializing module "btif_config_module"
01-01 00:00:33.460 2568 2637 W bt_osi_thread: run_thread: thread id 2637, thread name alarm_default_ca started
01-01 00:00:33.461 2568 2638 W bt_osi_thread: run_thread: thread id 2638, thread name alarm_dispatcher started
01-01 00:00:33.462 2568 2634 I bt_core_module: module_init Initialized module "btif_config_module"
01-01 00:00:33.462 2568 2634 I bt_core_module: module_init Initializing module "interop_module"
01-01 00:00:33.462 2568 2634 I bt_core_module: module_init Initialized module "interop_module"
01-01 00:00:33.463 2568 2634 I bt_core_module: module_init Initializing module "stack_config_module"
01-01 00:00:33.463 2568 2634 I bt_stack_config: init attempt to load stack conf from /etc/bluetooth/bt_stack.conf
01-01 00:00:33.464 2225 2225 E DisplayEventDispatcher: dispatcher 0x7faae722e0 ~ Vsync pulse: timestamp=27549, id=0, count=88
01-01 00:00:33.466 2568 2634 I bt_core_module: module_init Initialized module "stack_config_module"
01-01 00:00:33.467 2568 2639 W bt_osi_thread: run_thread: thread id 2639, thread name bt_jni_workqueue started
01-01 00:00:33.468 2568 2634 I bt_stack_manager: void event_init_stack(void *) finished
01-01 00:00:33.468 2568 2568 I bt_osi_wakelock: wakelock_set_os_callouts set to non-native
01-01 00:00:33.468 2568 2568 I bt_btif : get_profile_interface socket
01-01 00:00:33.470 2568 2568 W bt_btif : bt_status_t do_in_jni_thread(const base::Closure &): Dropped message, message_loop not initialized yet!
01-01 00:00:33.470 2568 2568 W bt_btif : bt_status_t do_in_jni_thread(const base::Closure &): Dropped message, message_loop not initialized yet!
01-01 00:00:33.476 2620 2620 W System : ClassLoader referenced unknown path: /system/priv-app/OneTimeInitializer/lib/arm64
01-01 00:00:33.479 2568 2568 I bt_btif : get_profile_interface sdp
01-01 00:00:33.485 2620 2620 V OneTimeInitializerRece: OneTimeInitializerReceiver.onReceive
01-01 00:00:33.517 2041 2528 I ActivityManager: Start proc 2642:com.android.calendar/u0a22 for broadcast com.android.calendar/.alerts.AlertReceiver
01-01 00:00:33.520 2568 2597 I bt_btif : config_hci_snoop_log
01-01 00:00:33.598 2041 2192 W SchedPolicy: add_tid_to_cgroup failed to write '2642' (Permission denied); fd=27
01-01 00:00:33.599 2041 2192 W ActivityManager: Failed setting process group of 2642 to 0
01-01 00:00:33.599 2041 2192 W System.err: java.lang.IllegalArgumentException
01-01 00:00:33.600 2041 2192 W System.err: at android.os.Process.setProcessGroup(Native Method)
01-01 00:00:33.600 2041 2192 W System.err: at com.android.server.am.ActivityManagerService.applyOomAdjLocked(ActivityManagerService.java:18763)
01-01 00:00:33.600 2041 2192 W System.err: at com.android.server.am.ActivityManagerService.updateOomAdjLocked(ActivityManagerService.java:19247)
01-01 00:00:33.600 2041 2192 W System.err: at com.android.server.am.BroadcastQueue.processCurBroadcastLocked(BroadcastQueue.java:262)
01-01 00:00:33.601 2041 2192 W System.err: at com.android.server.am.BroadcastQueue.sendPendingBroadcastsLocked(BroadcastQueue.java:297)
01-01 00:00:33.601 2041 2192 W System.err: at com.android.server.am.ActivityManagerService.sendPendingBroadcastsLocked(ActivityManagerService.java:16259)
01-01 00:00:33.601 2041 2192 W System.err: at com.android.server.am.ActivityManagerService.attachApplicationLocked(ActivityManagerService.java:6205)
01-01 00:00:33.601 2041 2192 W System.err: at com.android.server.am.ActivityManagerService.attachApplication(ActivityManagerService.java:6246)
01-01 00:00:33.601 2041 2192 W System.err: at android.app.ActivityManagerNative.onTransact(ActivityManagerNative.java:507)
01-01 00:00:33.602 2041 2192 W System.err: at com.android.server.am.ActivityManagerService.onTransact(ActivityManagerService.java:2493)
01-01 00:00:33.602 2041 2192 W System.err: at android.os.Binder.execTransact(Binder.java:453)
01-01 00:00:33.649 2642 2642 W System : ClassLoader referenced unknown path: /system/app/Calendar/lib/arm64
01-01 00:00:33.737 2642 2642 D ExtensionsFactory: No custom extensions.
01-01 00:00:33.742 2642 2642 D AlertReceiver: onReceive: a=android.intent.action.BOOT_COMPLETED Intent { act=android.intent.action.BOOT_COMPLETED flg=0x8000010 cmp=com.android.calendar/.alerts.AlertReceiver (has extras) }
01-01 00:00:33.751 2502 2502 I AlarmClock: AlarmInitReceiver android.intent.action.BOOT_COMPLETED
01-01 00:00:33.757 2642 2659 D AlertService: 0 Action = android.intent.action.BOOT_COMPLETED
01-01 00:00:33.763 2642 2659 D AlertService: Scheduling next alarm with AlarmScheduler. sEventReminderReceived: null
01-01 00:00:33.938 2642 2659 D AlarmScheduler: No events found starting within 1 week.
01-01 00:00:33.947 2170 2619 W MediaScanner: Error opening directory '/oem/media/', skipping: No such file or directory.
01-01 00:00:33.958 2502 2502 D AlarmClock/Events: [Stopwatch] [Reset] [Reboot]
01-01 00:00:33.990 2502 2670 V AlarmClock: AlarmInitReceiver finished
01-01 00:00:34.004 2041 2192 I ActivityManager: Start proc 2673:com.android.email/u0a28 for broadcast com.android.email/.service.EmailBroadcastReceiver
01-01 00:00:34.027 2170 2619 V MediaScanner: pruneDeadThumbnailFiles... android.database.sqlite.SQLiteCursor@6919223
01-01 00:00:34.028 2170 2619 V MediaScanner: /pruneDeadThumbnailFiles... android.database.sqlite.SQLiteCursor@6919223
01-01 00:00:34.058 2041 2053 W SchedPolicy: add_tid_to_cgroup failed to write '2673' (Permission denied); fd=27
01-01 00:00:34.059 2041 2053 W ActivityManager: Failed setting process group of 2673 to 0
01-01 00:00:34.059 2041 2053 W System.err: java.lang.IllegalArgumentException
01-01 00:00:34.059 2041 2053 W System.err: at android.os.Process.setProcessGroup(Native Method)
01-01 00:00:34.059 2041 2053 W System.err: at com.android.server.am.ActivityManagerService.applyOomAdjLocked(ActivityManagerService.java:18763)
01-01 00:00:34.059 2041 2053 W System.err: at com.android.server.am.ActivityManagerService.updateOomAdjLocked(ActivityManagerService.java:19247)
01-01 00:00:34.059 2041 2053 W System.err: at com.android.server.am.BroadcastQueue.processCurBroadcastLocked(BroadcastQueue.java:262)
01-01 00:00:34.059 2041 2053 W System.err: at com.android.server.am.BroadcastQueue.sendPendingBroadcastsLocked(BroadcastQueue.java:297)
01-01 00:00:34.060 2041 2053 W System.err: at com.android.server.am.ActivityManagerService.sendPendingBroadcastsLocked(ActivityManagerService.java:16259)
01-01 00:00:34.060 2041 2053 W System.err: at com.android.server.am.ActivityManagerService.attachApplicationLocked(ActivityManagerService.java:6205)
01-01 00:00:34.060 2041 2053 W System.err: at com.android.server.am.ActivityManagerService.attachApplication(ActivityManagerService.java:6246)
01-01 00:00:34.060 2041 2053 W System.err: at android.app.ActivityManagerNative.onTransact(ActivityManagerNative.java:507)
01-01 00:00:34.060 2041 2053 W System.err: at com.android.server.am.ActivityManagerService.onTransact(ActivityManagerService.java:2493)
01-01 00:00:34.060 2041 2053 W System.err: at android.os.Binder.execTransact(Binder.java:453)
01-01 00:00:34.066 2577 2577 I CalendarProvider2: Sending notification intent: Intent { act=android.intent.action.PROVIDER_CHANGED dat=content://com.android.calendar flg=0x20000000 }
01-01 00:00:34.066 2577 2577 W ContentResolver: Failed to get type for: content://com.android.calendar (Unknown URL content://com.android.calendar)
01-01 00:00:34.086 2673 2673 W System : ClassLoader referenced unknown path: /system/app/Email/lib/arm64
01-01 00:00:34.319 2041 2192 W ActivityManager: Unable to start service Intent { act=com.android.email.EXCHANGE_INTENT pkg=com.android.exchange } U=0: not found
01-01 00:00:34.337 2673 2687 D ActivityThread: Loading provider com.android.email.provider;com.android.email.notifier: com.android.email.provider.EmailProvider
01-01 00:00:34.339 2041 2528 W ActivityManager: Unable to start service Intent { act=com.android.email.EXCHANGE_INTENT pkg=com.android.exchange } U=0: not found
01-01 00:00:34.345 2673 2689 D ActivityThread: Loading provider com.android.email.provider;com.android.email.notifier: com.android.email.provider.EmailProvider
01-01 00:00:34.347 2041 2053 W ActivityManager: Unable to start service Intent { act=com.android.email.EXCHANGE_INTENT pkg=com.android.exchange } U=0: not found
01-01 00:00:34.349 2673 2688 D ActivityThread: Loading provider com.android.email.provider;com.android.email.notifier: com.android.email.provider.EmailProvider
01-01 00:00:34.351 2041 2224 W ActivityManager: Unable to start service Intent { act=com.android.email.EXCHANGE_INTENT pkg=com.android.exchange } U=0: not found
01-01 00:00:34.353 2673 2692 D ActivityThread: Loading provider com.android.email.provider;com.android.email.notifier: com.android.email.provider.EmailProvider
01-01 00:00:34.355 2041 2052 W ActivityManager: Unable to start service Intent { act=com.android.email.EXCHANGE_INTENT pkg=com.android.exchange } U=0: not found
01-01 00:00:34.402 2374 2374 I SystemBroadcastReceiver: Boot has been completed
01-01 00:00:34.402 2374 2374 I SystemBroadcastReceiver: toggleAppIcon() : FLAG_SYSTEM = true
01-01 00:00:34.407 1667 1786 E APM::AudioPolicyEngine: getDeviceForStrategy() speaker device not found for STRATEGY_SONIFICATION
01-01 00:00:34.407 1667 1786 E APM::AudioPolicyEngine: getDeviceForStrategy() speaker device not found for STRATEGY_SONIFICATION
01-01 00:00:34.407 1667 1786 E APM::AudioPolicyEngine: getDeviceForStrategy() speaker device not found for STRATEGY_SONIFICATION
01-01 00:00:34.407 1667 1786 E APM::AudioPolicyEngine: getDeviceForStrategy() speaker device not found for STRATEGY_SONIFICATION
01-01 00:00:34.407 1667 1786 E APM::AudioPolicyEngine: getDeviceForStrategy() no device found for STRATEGY_TRANSMITTED_THROUGH_SPEAKER
01-01 00:00:34.408 1667 2093 E APM::AudioPolicyEngine: getDeviceForStrategy() speaker device not found for STRATEGY_SONIFICATION
01-01 00:00:34.408 1667 2093 E APM::AudioPolicyEngine: getDeviceForStrategy() speaker device not found for STRATEGY_SONIFICATION
01-01 00:00:34.408 1667 2093 E APM::AudioPolicyEngine: getDeviceForStrategy() speaker device not found for STRATEGY_SONIFICATION
01-01 00:00:34.408 1667 2093 E APM::AudioPolicyEngine: getDeviceForStrategy() speaker device not found for STRATEGY_SONIFICATION
01-01 00:00:34.408 1667 2093 E APM::AudioPolicyEngine: getDeviceForStrategy() no device found for STRATEGY_TRANSMITTED_THROUGH_SPEAKER
01-01 00:00:34.410 2642 2642 D AlertReceiver: onReceive: a=android.intent.action.PROVIDER_CHANGED Intent { act=android.intent.action.PROVIDER_CHANGED dat=content://com.android.calendar flg=0x20000010 cmp=com.android.calendar/.alerts.AlertReceiver }
01-01 00:00:34.415 2642 2700 D AlertService: 0 Action = android.intent.action.PROVIDER_CHANGED
01-01 00:00:34.416 2041 2224 W ActivityManager: Unable to start service Intent { cmp=com.android.email/.service.AttachmentService } U=0: not found
01-01 00:00:34.416 2041 2191 W ActivityManager: Unable to start service Intent { cmp=com.android.email/.service.AttachmentService } U=0: not found
01-01 00:00:34.417 2041 2053 W ActivityManager: Unable to start service Intent { cmp=com.android.email/.service.AttachmentService } U=0: not found
01-01 00:00:34.417 2041 2191 W ActivityManager: Unable to start service Intent { cmp=com.android.email/.service.AttachmentService } U=0: not found
01-01 00:00:34.418 2041 2463 W ActivityManager: Unable to start service Intent { cmp=com.android.email/.service.AttachmentService } U=0: not found
01-01 00:00:34.419 2041 2528 W ActivityManager: Unable to start service Intent { act=com.android.email.EXCHANGE_INTENT pkg=com.android.exchange } U=0: not found
01-01 00:00:34.426 2673 2701 I Email : Observing account changes for notifications
01-01 00:00:34.430 2041 2191 W ActivityManager: Unable to start service Intent { act=com.android.email.EXCHANGE_INTENT pkg=com.android.exchange } U=0: not found
01-01 00:00:34.441 2041 2193 W ActivityManager: Unable to start service Intent { act=com.android.email.EXCHANGE_INTENT pkg=com.android.exchange } U=0: not found
01-01 00:00:34.452 2041 2191 W ActivityManager: Unable to start service Intent { act=com.android.email.EXCHANGE_INTENT pkg=com.android.exchange } U=0: not found
01-01 00:00:34.463 2041 2191 W ActivityManager: Unable to start service Intent { act=com.android.email.EXCHANGE_INTENT pkg=com.android.exchange } U=0: not found
01-01 00:00:34.465 2041 2053 W ActivityManager: Unable to start service Intent { act=com.android.email.EXCHANGE_INTENT pkg=com.android.exchange } U=0: not found
01-01 00:00:34.469 2673 2673 E ActivityThread: Service com.android.email.service.EmailBroadcastProcessorService has leaked ServiceConnection com.android.emailcommon.service.ServiceProxy$ProxyConnection@be0b8ab that was originally bound here
01-01 00:00:34.469 2673 2673 E ActivityThread: android.app.ServiceConnectionLeaked: Service com.android.email.service.EmailBroadcastProcessorService has leaked ServiceConnection com.android.emailcommon.service.ServiceProxy$ProxyConnection@be0b8ab that was originally bound here
01-01 00:00:34.469 2673 2673 E ActivityThread: at android.app.LoadedApk$ServiceDispatcher.(LoadedApk.java:1112)
01-01 00:00:34.469 2673 2673 E ActivityThread: at android.app.LoadedApk.getServiceDispatcher(LoadedApk.java:1006)
01-01 00:00:34.469 2673 2673 E ActivityThread: at android.app.ContextImpl.bindServiceCommon(ContextImpl.java:1303)
01-01 00:00:34.469 2673 2673 E ActivityThread: at android.app.ContextImpl.bindService(ContextImpl.java:1286)
01-01 00:00:34.469 2673 2673 E ActivityThread: at android.content.ContextWrapper.bindService(ContextWrapper.java:604)
01-01 00:00:34.469 2673 2673 E ActivityThread: at com.android.emailcommon.service.ServiceProxy.setTask(ServiceProxy.java:181)
01-01 00:00:34.469 2673 2673 E ActivityThread: at com.android.emailcommon.service.ServiceProxy.test(ServiceProxy.java:224)
01-01 00:00:34.469 2673 2673 E ActivityThread: at com.android.email.service.EmailServiceUtils.isServiceAvailable(EmailServiceUtils.java:160)
01-01 00:00:34.469 2673 2673 E ActivityThread: at com.android.email.provider.AccountReconciler.reconcileAccountsInternal(AccountReconciler.java:171)
01-01 00:00:34.469 2673 2673 E ActivityThread: at com.android.email.provider.AccountReconciler.reconcileAccounts(AccountReconciler.java:115)
01-01 00:00:34.469 2673 2673 E ActivityThread: at com.android.email.service.EmailBroadcastProcessorService.reconcileAndStartServices(EmailBroadcastProcessorService.java:305)
01-01 00:00:34.469 2673 2673 E ActivityThread: at com.android.email.service.EmailBroadcastProcessorService.onBootCompleted(EmailBroadcastProcessorService.java:295)
01-01 00:00:34.469 2673 2673 E ActivityThread: at com.android.email.service.EmailBroadcastProcessorService.onHandleIntent(EmailBroadcastProcessorService.java:130)
01-01 00:00:34.469 2673 2673 E ActivityThread: at android.app.IntentService$ServiceHandler.handleMessage(IntentService.java:66)
01-01 00:00:34.469 2673 2673 E ActivityThread: at android.os.Handler.dispatchMessage(Handler.java:102)
01-01 00:00:34.469 2673 2673 E ActivityThread: at android.os.Looper.loop(Looper.java:148)
01-01 00:00:34.469 2673 2673 E ActivityThread: at android.os.HandlerThread.run(HandlerThread.java:61)
01-01 00:00:34.469 2041 2193 W ActivityManager: Unbind failed: could not find connection for android.os.BinderProxy@3c889aa
01-01 00:00:34.472 2041 2053 W ActivityManager: Unable to start service Intent { act=com.android.email.EXCHANGE_INTENT pkg=com.android.exchange } U=0: not found
01-01 00:00:35.035 2041 2059 W BluetoothManagerService: Maximum name/address remote retrieval retry exceeded
01-01 00:00:35.050 2041 2059 W SchedPolicy: add_tid_to_cgroup failed to write '2568' (Permission denied); fd=27
01-01 00:00:35.051 2041 2059 W ActivityManager: Failed setting process group of 2568 to 0
01-01 00:00:35.051 2041 2059 W System.err: java.lang.IllegalArgumentException
01-01 00:00:35.051 2041 2059 W System.err: at android.os.Process.setProcessGroup(Native Method)
01-01 00:00:35.051 2041 2059 W System.err: at com.android.server.am.ActivityManagerService.applyOomAdjLocked(ActivityManagerService.java:18763)
01-01 00:00:35.052 2041 2059 W System.err: at com.android.server.am.ActivityManagerService.updateOomAdjLocked(ActivityManagerService.java:19028)
01-01 00:00:35.052 2041 2059 W System.err: at com.android.server.am.ActivityManagerService.updateOomAdjLocked(ActivityManagerService.java:19106)
01-01 00:00:35.052 2041 2059 W System.err: at com.android.server.am.ActiveServices.removeConnectionLocked(ActiveServices.java:1869)
01-01 00:00:35.052 2041 2059 W System.err: at com.android.server.am.ActiveServices.unbindServiceLocked(ActiveServices.java:926)
01-01 00:00:35.052 2041 2059 W System.err: at com.android.server.am.ActivityManagerService.unbindService(ActivityManagerService.java:16051)
01-01 00:00:35.052 2041 2059 W System.err: at android.app.ContextImpl.unbindService(ContextImpl.java:1340)
01-01 00:00:35.052 2041 2059 W System.err: at com.android.server.BluetoothManagerService.unbindAndFinish(BluetoothManagerService.java:691)
01-01 00:00:35.052 2041 2059 W System.err: at com.android.server.BluetoothManagerService$BluetoothHandler.handleMessage(BluetoothManagerService.java:1201)
01-01 00:00:35.053 2041 2059 W System.err: at android.os.Handler.dispatchMessage(Handler.java:102)
01-01 00:00:35.053 2041 2059 W System.err: at android.os.Looper.loop(Looper.java:148)
01-01 00:00:35.053 2041 2059 W System.err: at android.os.HandlerThread.run(HandlerThread.java:61)
01-01 00:00:35.053 2041 2059 W System.err: at com.android.server.ServiceThread.run(ServiceThread.java:46)
01-01 00:00:35.061 2568 2568 W BluetoothSdpJni: Cleaning up Bluetooth SDP Interface...
01-01 00:00:35.061 2568 2568 W BluetoothSdpJni: Cleaning up Bluetooth SDP object
01-01 00:00:35.061 2568 2634 I bt_stack_manager: void event_clean_up_stack(void *) is cleaning up the stack
01-01 00:00:35.065 2568 2634 E BluetoothServiceJni: Callback env check fail: env: 0x0, callback: 0xede057e0
01-01 00:00:35.065 2568 2634 E BluetoothServiceJni: Callback: 'callback_thread_event' is not called on the correct thread
01-01 00:00:35.066 2568 2639 W bt_osi_thread: run_thread: thread id 2639, thread name bt_jni_workqueue exited
01-01 00:00:35.067 2568 2634 I bt_core_module: module_clean_up Cleaning up module "stack_config_module"
01-01 00:00:35.067 2568 2634 I bt_core_module: module_clean_up Cleanup of module "stack_config_module" completed
01-01 00:00:35.068 2568 2634 I bt_core_module: module_clean_up Cleaning up module "interop_module"
01-01 00:00:35.068 2568 2634 I bt_core_module: module_clean_up Cleanup of module "interop_module" completed
01-01 00:00:35.068 2568 2634 I bt_core_module: module_clean_up Cleaning up module "btif_config_module"
01-01 00:00:35.105 2568 2634 I bt_core_module: module_clean_up Cleanup of module "btif_config_module" completed
01-01 00:00:35.105 2568 2634 I bt_core_module: module_clean_up Cleaning up module "bt_utils_module"
