01-01 00:00:28.310 2041 2041 I SystemServiceManager: Starting com.android.server.ethernet.EthernetService
01-01 00:00:28.311 2041 2041 I EthernetServiceImpl: Creating EthernetConfigStore
01-01 00:00:28.314 2041 2041 E IpConfigStore: Error parsing configuration: java.io.FileNotFoundException: /data/misc/ethernet/ipconfig.txt (No such file or directory)
01-01 00:00:28.314 2041 2041 W EthernetConfigStore: No Ethernet configuration found. Using default.
01-01 00:00:28.315 2041 2041 I EthernetServiceImpl: Read stored IP configuration: IP assignment: DHCP
01-01 00:00:28.315 2041 2041 I EthernetServiceImpl: Proxy settings: NONE
01-01 00:00:28.316 2041 2041 I EthernetService: Registering service ethernet
01-01 00:00:28.319 2041 2041 I SystemServer: StartConnectivityService
01-01 00:00:28.329 2041 2041 D ConnectivityService: ConnectivityService starting up
01-01 00:00:28.339 2041 2041 D ConnectivityService: wifiOnly=false
01-01 00:00:28.341 2041 2041 E ConnectivityService: Ignoring protectedNetwork 10
01-01 00:00:28.341 2041 2041 E ConnectivityService: Ignoring protectedNetwork 11
01-01 00:00:28.342 2041 2041 E ConnectivityService: Ignoring protectedNetwork 12
01-01 00:00:28.342 2041 2041 E ConnectivityService: Ignoring protectedNetwork 14
01-01 00:00:28.342 2041 2041 E ConnectivityService: Ignoring protectedNetwork 15
01-01 00:00:28.363 2041 2041 I SystemServer: StartNsdService
01-01 00:00:28.371 2041 2041 D NsdService: Network service discovery enabled true
01-01 00:00:28.376 2041 2041 I SystemServer: StartUpdateLockService
01-01 00:00:28.383 2041 2041 I SystemServiceManager: Starting com.android.server.notification.NotificationManagerService
01-01 00:00:28.452 2041 2041 I SystemServiceManager: Starting com.android.server.storage.DeviceStorageMonitorService
01-01 00:00:28.465 2041 2041 I SystemServer: StartLocationManagerService
01-01 00:00:28.488 2041 2085 D WifiApConfigStore: 2G band allowed channels are:1,6,11
01-01 00:00:28.493 2041 2041 I SystemServer: StartCountryDetectorService
01-01 00:00:28.496 2041 2041 I SystemServer: StartSearchManagerService
01-01 00:00:28.505 2041 2041 I SystemServer: StartDropBoxManagerService
01-01 00:00:28.511 2041 2041 I SystemServer: StartWallpaperManagerService
01-01 00:00:28.531 2041 2051 I art : Background sticky concurrent mark sweep GC freed 2830(308KB) AllocSpace objects, 1(20KB) LOS objects, 10% free, 3MB/3MB, paused 7.901ms total 53.987ms
01-01 00:00:28.535 2041 2041 I SystemServer: StartAudioService
01-01 00:00:28.565 1667 1786 D PermissionCache: checking android.permission.MODIFY_AUDIO_SETTINGS for uid=1000 => granted (2427 us)
01-01 00:00:28.566 1667 1786 E APM::AudioPolicyEngine: getDeviceForStrategy() speaker device not found for STRATEGY_SONIFICATION
01-01 00:00:28.566 2041 2041 W TelecomManager: Telecom Service not found.
01-01 00:00:28.566 1667 1786 E APM::AudioPolicyEngine: getDeviceForStrategy() speaker device not found for STRATEGY_SONIFICATION
01-01 00:00:28.566 1667 1786 E APM::AudioPolicyEngine: getDeviceForStrategy() speaker device not found for STRATEGY_SONIFICATION
01-01 00:00:28.566 1667 1786 E APM::AudioPolicyEngine: getDeviceForStrategy() speaker device not found for STRATEGY_SONIFICATION
01-01 00:00:28.566 1667 1786 E APM::AudioPolicyEngine: getDeviceForStrategy() no device found for STRATEGY_TRANSMITTED_THROUGH_SPEAKER
01-01 00:00:28.568 1667 1667 E APM::AudioPolicyEngine: getDeviceForStrategy() speaker device not found for STRATEGY_SONIFICATION
01-01 00:00:28.569 1667 1667 E APM::AudioPolicyEngine: getDeviceForStrategy() speaker device not found for STRATEGY_SONIFICATION
01-01 00:00:28.569 1667 1667 E APM::AudioPolicyEngine: getDeviceForStrategy() speaker device not found for STRATEGY_SONIFICATION
01-01 00:00:28.569 1667 1667 E APM::AudioPolicyEngine: getDeviceForStrategy() speaker device not found for STRATEGY_SONIFICATION
01-01 00:00:28.569 1667 1667 E APM::AudioPolicyEngine: getDeviceForStrategy() no device found for STRATEGY_TRANSMITTED_THROUGH_SPEAKER
01-01 00:00:28.618 2041 2041 I SystemServiceManager: Starting com.android.server.DockObserver
01-01 00:00:28.620 2041 2041 W DockObserver: This kernel does not have dock station support
01-01 00:00:28.624 2041 2041 I SystemServer: StartWiredAccessoryManager
01-01 00:00:28.626 2041 2041 W WiredAccessoryManager: This kernel does not have wired headset support
01-01 00:00:28.627 2041 2041 W WiredAccessoryManager: This kernel does not have usb audio support
01-01 00:00:28.627 2041 2041 W WiredAccessoryManager: This kernel does not have HDMI audio support
01-01 00:00:28.628 2041 2041 I SystemServiceManager: Starting com.android.server.usb.UsbService$Lifecycle
01-01 00:00:28.651 2041 2041 E AlsaCardRecord: Failed to parse line 0 of /proc/asound/cards: ---
01-01 00:00:28.655 2041 2041 E UsbDeviceManager: failed to write to /sys/class/android_usb/android0/f_rndis/ethaddr
01-01 00:00:28.681 2041 2041 I SystemServer: StartSerialService
01-01 00:00:28.685 2041 2041 I SystemServiceManager: Starting com.android.server.twilight.TwilightService
01-01 00:00:28.696 2041 2041 I SystemServiceManager: Starting com.android.server.job.JobSchedulerService
01-01 00:00:28.715 2041 2041 I SystemServiceManager: Starting com.android.server.backup.BackupManagerService$Lifecycle
01-01 00:00:28.728 2041 2041 I SystemServiceManager: Starting com.android.server.appwidget.AppWidgetService
01-01 00:00:28.750 2041 2041 I SystemServer: Gesture Launcher Service
01-01 00:00:28.750 2041 2041 I SystemServiceManager: Starting com.android.server.GestureLauncherService
01-01 00:00:28.752 2041 2041 I SystemServer: StartDiskStatsService
01-01 00:00:28.752 2041 2051 I art : Background partial concurrent mark sweep GC freed 3557(297KB) AllocSpace objects, 3(60KB) LOS objects, 33% free, 3MB/5MB, paused 5.053ms total 93.340ms
01-01 00:00:28.755 2041 2041 I SystemServer: StartSamplingProfilerService
01-01 00:00:28.774 2041 2041 I SystemServer: StartNetworkTimeUpdateService
01-01 00:00:28.776 2041 2041 I SystemServer: StartCommonTimeManagementService
01-01 00:00:28.780 2041 2041 I SystemServer: CertBlacklister
01-01 00:00:28.783 2041 2041 I SystemServiceManager: Starting com.android.server.dreams.DreamManagerService
01-01 00:00:28.787 2041 2041 I SystemServer: StartAssetAtlasService
01-01 00:00:28.796 2041 2041 I SystemServiceManager: Starting com.android.server.restrictions.RestrictionsManagerService
01-01 00:00:28.799 2041 2095 D AssetAtlas: Loaded configuration: SliceMinArea (1088x2048) flags=0x2 count=6
01-01 00:00:28.800 2041 2041 I SystemServiceManager: Starting com.android.server.media.MediaSessionService
01-01 00:00:28.815 2041 2041 I SystemServer: StartMediaRouterService
01-01 00:00:28.820 2041 2041 I SystemServiceManager: Starting com.android.server.trust.TrustManagerService
01-01 00:00:28.833 2041 2041 I SystemServiceManager: Starting com.android.server.fingerprint.FingerprintService
01-01 00:00:28.844 2041 2041 W FingerprintService: fingerprint service not available
01-01 00:00:28.844 2041 2041 V FingerprintService: Fingerprint HAL id: 0
01-01 00:00:28.845 2041 2041 I SystemServer: StartBackgroundDexOptService
01-01 00:00:28.851 2041 2041 I SystemServiceManager: Starting com.android.server.pm.LauncherAppsService
01-01 00:00:28.863 2041 2041 I SystemServiceManager: Starting com.android.server.media.projection.MediaProjectionManagerService
01-01 00:00:28.864 2041 2051 I art : Background sticky concurrent mark sweep GC freed 570(77KB) AllocSpace objects, 1(20KB) LOS objects, 0% free, 12MB/12MB, paused 8.359ms total 44.193ms
01-01 00:00:28.883 2041 2095 D AssetAtlas: Rendered atlas in 50.23ms (3.10+47.13ms)
01-01 00:00:28.893 2041 2041 I WindowManager: SAFE MODE not enabled
01-01 00:00:28.894 2041 2041 I SystemServiceManager: Starting com.android.server.MmsServiceBroker
01-01 00:00:28.906 2041 2041 W VibratorService: Tried to stop vibrating but there is no vibrator device.
01-01 00:00:28.974 2041 2041 E LockSettingsStorage: Cannot read file java.io.FileNotFoundException: /data/system/gatekeeper.password.key: open failed: ENOENT (No such file or directory)
01-01 00:00:28.975 2041 2041 E LockSettingsStorage: Cannot read file java.io.FileNotFoundException: /data/system/password.key: open failed: ENOENT (No such file or directory)
01-01 00:00:28.977 2041 2041 E LockSettingsStorage: Cannot read file java.io.FileNotFoundException: /data/system/gatekeeper.pattern.key: open failed: ENOENT (No such file or directory)
01-01 00:00:28.979 2041 2041 E LockSettingsStorage: Cannot read file java.io.FileNotFoundException: /data/system/gatekeeper.gesture.key: open failed: ENOENT (No such file or directory)
01-01 00:00:28.981 2041 2041 E LockSettingsStorage: Cannot read file java.io.FileNotFoundException: /data/system/gesture.key: open failed: ENOENT (No such file or directory)
01-01 00:00:28.982 2041 2041 I SystemServiceManager: Starting phase 480
01-01 00:00:28.982 2041 2041 I SystemServiceManager: Starting phase 500
01-01 00:00:28.994 2041 2041 D BluetoothService: onBootPhase: PHASE_SYSTEM_SERVICES_READY
01-01 00:00:29.004 2041 2041 I WifiService: WifiService starting up with Wi-Fi disabled
01-01 00:00:29.021 2041 2086 D WifiService: New client listening to asynchronous messages
01-01 00:00:29.025 2041 2041 I WifiScanningService: Registering wifiscanner
01-01 00:00:29.033 2041 2041 I RttService: Registering rttmanager
01-01 00:00:29.038 2041 2041 I EthernetServiceImpl: Starting Ethernet service
01-01 00:00:29.050 2041 2041 D Ethernet: Registering NetworkFactory
01-01 00:00:29.051 2041 2087 D ConnectivityService: Got NetworkFactory Messenger for Ethernet
01-01 00:00:29.052 2041 2104 D Ethernet: got request NetworkRequest [ id=1, legacyType=-1, [ Capabilities: INTERNET&NOT_RESTRICTED&TRUSTED&NOT_VPN] ] with score 0
01-01 00:00:29.079 2041 2041 I SELinux : SELinux: Loaded file_contexts contexts from /file_contexts.bin.
01-01 00:00:29.089 2041 2041 V BackupManagerService: No ancestral data
01-01 00:00:29.146 2041 2041 V KeyValueBackupJob: Scheduling k/v pass in 246 minutes
01-01 00:00:29.172 2041 2041 V BackupManagerService: Starting with transport android/com.android.internal.backup.LocalTransport
01-01 00:00:29.172 2041 2041 V BackupManagerService: Found transports: 1
01-01 00:00:29.177 2041 2041 I BackupManagerService: Found stale backup journal, scheduling
01-01 00:00:29.249 2041 2060 E DisplayEventDispatcher: dispatcher 0x7fad04a1e0 ~ Vsync pulse: timestamp=23333, id=0, count=5
01-01 00:00:29.253 2041 2062 W KeyguardServiceDelegate: onScreenTurningOn(): no keyguard service!
01-01 00:00:29.254 2041 2041 I ActivityManager: System now ready
01-01 00:00:29.258 2041 2041 I SystemServer: Making services ready
01-01 00:00:29.258 2041 2041 I SystemServiceManager: Starting phase 550
01-01 00:00:29.263 2041 2078 D MountService: Thinking about reset, mSystemReady=true, mDaemonConnected=true
01-01 00:00:29.263 2041 2078 D VoldConnector: SND -> {3 volume reset}
01-01 00:00:29.264 2041 2060 E DisplayEventDispatcher: dispatcher 0x7fad04a1e0 ~ Vsync pulse: timestamp=23349, id=0, count=6
01-01 00:00:29.264 2041 2055 I ActivityManager: Force stopping com.android.providers.media appid=10005 user=-1: vold reset
01-01 00:00:29.265 2041 2079 D VoldConnector: RCV <- {651 emulated 7}
01-01 00:00:29.265 2041 2079 D VoldConnector: RCV <- {659 emulated}
01-01 00:00:29.266 2041 2079 D VoldConnector: RCV <- {650 emulated 2 "" ""}
01-01 00:00:29.266 2041 2079 D VoldConnector: RCV <- {651 emulated 0}
01-01 00:00:29.267 2041 2079 D VoldConnector: RCV <- {200 3 Command succeeded}
01-01 00:00:29.268 2041 2078 D VoldConnector: SND -> {4 volume user_added 0 0}
01-01 00:00:29.268 2041 2079 D VoldConnector: RCV <- {200 4 Command succeeded}
01-01 00:00:29.269 2041 2041 W MountService: No primary storage defined yet; hacking together a stub
01-01 00:00:29.272 2041 2041 I SystemServer: WebViewFactory preparation
01-01 00:00:29.272 2041 2057 V MountService: Found primary storage at VolumeInfo{emulated}:
01-01 00:00:29.272 2041 2057 V MountService: type=EMULATED diskId=null partGuid=null mountFlags=0 mountUserId=-1 state=UNMOUNTED
01-01 00:00:29.272 2041 2057 V MountService: fsType=null fsUuid=null fsLabel=null
01-01 00:00:29.272 2041 2057 V MountService: path=null internalPath=null
01-01 00:00:29.272 2041 2078 D VoldConnector: SND -> {5 volume mount emulated 3 -1}
01-01 00:00:29.273 2041 2079 D VoldConnector: RCV <- {651 emulated 1}
01-01 00:00:29.274 2041 2079 D VoldConnector: RCV <- {656 emulated /data/media}
01-01 00:00:29.275 2041 2079 D VoldConnector: RCV <- {655 emulated /storage/emulated}
01-01 00:00:29.277 1646 1739 V vold : Waiting for FUSE to spin up...
01-01 00:00:29.289 2041 2041 I Zygote : Process: zygote socket opened, supported ABIS: arm64-v8a
01-01 00:00:29.300 2041 2041 I Zygote : Process: zygote socket opened, supported ABIS: armeabi-v7a,armeabi
01-01 00:00:29.305 1663 1663 I art : Starting a blocking GC Background
01-01 00:00:29.328 2041 2079 D VoldConnector: RCV <- {651 emulated 2}
01-01 00:00:29.329 2041 2079 D VoldConnector: RCV <- {200 5 Command succeeded}
01-01 00:00:29.426 2041 2041 I ActivityManager: Start proc 2116:WebViewLoader-armeabi-v7a/1037 [android.webkit.WebViewFactory$RelroFileCreator] for
01-01 00:00:29.441 2041 2041 I ActivityManager: Start proc 2121:WebViewLoader-arm64-v8a/1037 [android.webkit.WebViewFactory$RelroFileCreator] for
01-01 00:00:29.458 2121 2121 V WebViewFactory: RelroFileCreator (64bit = true), 32-bit lib: /system/app/webview/webview.apk!/lib/armeabi-v7a/libwebviewchromium.so, 64-bit lib: /system/app/webview/webview.apk!/lib/arm64-v8a/libwebviewchromium.so
01-01 00:00:29.463 2041 2041 I ActivityManager: Start proc 2140:com.android.systemui/u0a15 for service com.android.systemui/.SystemUIService
01-01 00:00:29.464 2041 2041 D NetworkManagement: enabling bandwidth control
01-01 00:00:29.472 2116 2116 V WebViewFactory: RelroFileCreator (64bit = false), 32-bit lib: /system/app/webview/webview.apk!/lib/armeabi-v7a/libwebviewchromium.so, 64-bit lib: /system/app/webview/webview.apk!/lib/arm64-v8a/libwebviewchromium.so
01-01 00:00:29.482 2041 2055 I ActivityManager: Start proc 2156:com.android.externalstorage/u0a6 for broadcast com.android.externalstorage/.MountReceiver
01-01 00:00:29.502 2041 2055 I ActivityManager: Start proc 2170:android.process.media/u0a5 for broadcast com.android.providers.media/.MtpReceiver
01-01 00:00:29.603 2041 2078 W art : Long monitor contention with owner ActivityManager (2055) at void com.android.server.am.BroadcastQueue.processNextBroadcast(boolean)(BroadcastQueue.java:640) waiters=1 in int com.android.server.am.ActivityManagerService.broadcastIntent(android.app.IApplicationThread, android.content.Intent, java.lang.String, android.content.IIntentReceiver, int, java.lang.String, android.os.Bundle, java.lang.String[], int, android.os.Bundle, boolean, boolean, int) for 116ms
01-01 00:00:29.698 2041 2053 W SchedPolicy: add_tid_to_cgroup failed to write '2156' (Permission denied); fd=27
01-01 00:00:29.698 2041 2053 W ActivityManager: Failed setting process group of 2156 to 0
01-01 00:00:29.699 2041 2053 W System.err: java.lang.IllegalArgumentException
01-01 00:00:29.699 2041 2053 W System.err: at android.os.Process.setProcessGroup(Native Method)
01-01 00:00:29.699 2041 2053 W System.err: at com.android.server.am.ActivityManagerService.applyOomAdjLocked(ActivityManagerService.java:18763)
01-01 00:00:29.699 2041 2053 W System.err: at com.android.server.am.ActivityManagerService.updateOomAdjLocked(ActivityManagerService.java:19247)
01-01 00:00:29.700 2041 2053 W System.err: at com.android.server.am.BroadcastQueue.processCurBroadcastLocked(BroadcastQueue.java:262)
01-01 00:00:29.700 2041 2053 W System.err: at com.android.server.am.BroadcastQueue.sendPendingBroadcastsLocked(BroadcastQueue.java:297)
01-01 00:00:29.700 2041 2053 W System.err: at com.android.server.am.ActivityManagerService.sendPendingBroadcastsLocked(ActivityManagerService.java:16259)
01-01 00:00:29.700 2041 2053 W System.err: at com.android.server.am.ActivityManagerService.attachApplicationLocked(ActivityManagerService.java:6205)
01-01 00:00:29.700 2041 2053 W System.err: at com.android.server.am.ActivityManagerService.attachApplication(ActivityManagerService.java:6246)
01-01 00:00:29.700 2041 2053 W System.err: at android.app.ActivityManagerNative.onTransact(ActivityManagerNative.java:507)
01-01 00:00:29.700 2041 2053 W System.err: at com.android.server.am.ActivityManagerService.onTransact(ActivityManagerService.java:2493)
01-01 00:00:29.700 2041 2053 W System.err: at android.os.Binder.execTransact(Binder.java:453)
01-01 00:00:29.716 2170 2170 W : Zip: didn't find signature at start of lfh, offset=26621124
01-01 00:00:29.716 2140 2140 W : Zip: didn't find signature at start of lfh, offset=26621124
01-01 00:00:29.752 2170 2170 W System : ClassLoader referenced unknown path: /system/priv-app/MediaProvider/lib/arm64
01-01 00:00:29.753 2140 2140 W System : ClassLoader referenced unknown path: /system/priv-app/SystemUI/lib/arm64
01-01 00:00:29.758 2156 2156 W System : ClassLoader referenced unknown path: /system/priv-app/ExternalStorageProvider/lib/arm64
01-01 00:00:29.771 2156 2156 D ExternalStorage: After updating volumes, found 1 active roots
01-01 00:00:29.776 2156 2156 D ExternalStorage: After updating volumes, found 1 active roots
01-01 00:00:29.780 2156 2156 D ExternalStorage: After updating volumes, found 1 active roots
01-01 00:00:29.790 2170 2170 W System : ClassLoader referenced unknown path: /system/priv-app/DownloadProvider/lib/arm64
01-01 00:00:29.790 2116 2116 I art : System.exit called, status: 0
01-01 00:00:29.791 2116 2116 I AndroidRuntime: VM exiting with result code 0, cleanup skipped.
01-01 00:00:29.834 2121 2121 I art : System.exit called, status: 0
01-01 00:00:29.835 2121 2121 I AndroidRuntime: VM exiting with result code 0, cleanup skipped.
01-01 00:00:29.883 2140 2140 W ResourceType: Invalid package identifier when getting bag for resource number 0x01030128
01-01 00:00:29.883 2140 2140 E ResourceType: Style contains key with bad package: 0x0101042a
01-01 00:00:29.883 2140 2140 E ResourceType: Style contains key with bad package: 0x01010433
01-01 00:00:29.886 2140 2140 V SystemUIService: Starting SystemUI services.
01-01 00:00:30.014 2041 2191 W SchedPolicy: add_tid_to_cgroup failed to write '2170' (Permission denied); fd=27
01-01 00:00:30.015 2041 2191 W ActivityManager: Failed setting process group of 2170 to 0
01-01 00:00:30.015 2041 2191 W System.err: java.lang.IllegalArgumentException
01-01 00:00:30.015 2041 2191 W System.err: at android.os.Process.setProcessGroup(Native Method)
01-01 00:00:30.015 2041 2191 W System.err: at com.android.server.am.ActivityManagerService.applyOomAdjLocked(ActivityManagerService.java:18763)
01-01 00:00:30.015 2041 2191 W System.err: at com.android.server.am.ActivityManagerService.updateOomAdjLocked(ActivityManagerService.java:19028)
01-01 00:00:30.015 2041 2191 W System.err: at com.android.server.am.ActivityManagerService.updateOomAdjLocked(ActivityManagerService.java:19106)
01-01 00:00:30.016 2041 2191 W System.err: at com.android.server.am.ActiveServices.serviceDoneExecutingLocked(ActiveServices.java:2015)
01-01 00:00:30.016 2041 2191 W System.err: at com.android.server.am.ActiveServices.serviceDoneExecutingLocked(ActiveServices.java:1963)
01-01 00:00:30.016 2041 2191 W System.err: at com.android.server.am.ActivityManagerService.serviceDoneExecuting(ActivityManagerService.java:16086)
01-01 00:00:30.016 2041 2191 W System.err: at android.app.ActivityManagerNative.onTransact(ActivityManagerNative.java:1028)
01-01 00:00:30.016 2041 2191 W System.err: at com.android.server.am.ActivityManagerService.onTransact(ActivityManagerService.java:2493)
01-01 00:00:30.016 2041 2191 W System.err: at android.os.Binder.execTransact(Binder.java:453)
01-01 00:00:30.036 2140 2140 W ResourceType: No known package when getting value for resource number 0x010e0005
01-01 00:00:30.037 2140 2140 D AndroidRuntime: Shutting down VM --------- beginning of crash
01-01 00:00:30.038 2140 2140 E AndroidRuntime: FATAL EXCEPTION: main
01-01 00:00:30.038 2140 2140 E AndroidRuntime: Process: com.android.systemui, PID: 2140
01-01 00:00:30.038 2140 2140 E AndroidRuntime: java.lang.RuntimeException: Unable to create service com.android.systemui.SystemUIService: android.content.res.Resources$NotFoundException: Resource ID #0x10e0005
01-01 00:00:30.038 2140 2140 E AndroidRuntime: at android.app.ActivityThread.handleCreateService(ActivityThread.java:2868)
01-01 00:00:30.038 2140 2140 E AndroidRuntime: at android.app.ActivityThread.-wrap4(ActivityThread.java)
01-01 00:00:30.038 2140 2140 E AndroidRuntime: at android.app.ActivityThread$H.handleMessage(ActivityThread.java:1408)
01-01 00:00:30.038 2140 2140 E AndroidRuntime: at android.os.Handler.dispatchMessage(Handler.java:102)
01-01 00:00:30.038 2140 2140 E AndroidRuntime: at android.os.Looper.loop(Looper.java:148)
01-01 00:00:30.038 2140 2140 E AndroidRuntime: at android.app.ActivityThread.main(ActivityThread.java:5488)
01-01 00:00:30.038 2140 2140 E AndroidRuntime: at java.lang.reflect.Method.invoke(Native Method)
01-01 00:00:30.038 2140 2140 E AndroidRuntime: at com.android.internal.os.ZygoteInit$MethodAndArgsCaller.run(ZygoteInit.java:786)
01-01 00:00:30.038 2140 2140 E AndroidRuntime: at com.android.internal.os.ZygoteInit.main(ZygoteInit.java:676)
01-01 00:00:30.038 2140 2140 E AndroidRuntime: Caused by: android.content.res.Resources$NotFoundException: Resource ID #0x10e0005
01-01 00:00:30.038 2140 2140 E AndroidRuntime: at android.content.res.Resources.getValue(Resources.java:1339)
01-01 00:00:30.038 2140 2140 E AndroidRuntime: at android.content.res.Resources.getInteger(Resources.java:1093)
01-01 00:00:30.038 2140 2140 E AndroidRuntime: at com.android.systemui.keyguard.KeyguardViewMediator.setupLocked(KeyguardViewMediator.java:605)
01-01 00:00:30.038 2140 2140 E AndroidRuntime: at com.android.systemui.keyguard.KeyguardViewMediator.start(KeyguardViewMediator.java:616)
01-01 00:00:30.038 2140 2140 E AndroidRuntime: at com.android.systemui.SystemUIApplication.startServicesIfNeeded(SystemUIApplication.java:126)
01-01 00:00:30.038 2140 2140 E AndroidRuntime: at com.android.systemui.SystemUIService.onCreate(SystemUIService.java:31)
01-01 00:00:30.038 2140 2140 E AndroidRuntime: at android.app.ActivityThread.handleCreateService(ActivityThread.java:2858)
01-01 00:00:30.038 2140 2140 E AndroidRuntime: ... 8 more
01-01 00:00:30.045 2140 2140 I Process : Sending signal. PID: 2140 SIG: 9
01-01 00:00:30.047 2041 2056 V KeyguardServiceDelegate: *** Keyguard started
01-01 00:00:30.048 2041 2056 W KeyguardServiceDelegate: onScreenTurningOn(): no keyguard service!
01-01 00:00:30.071 2041 2041 E NetdConnector: NDC Command {2 bandwidth enable} took too long (606ms)
01-01 00:00:30.102 2041 2193 I ActivityManager: Process com.android.systemui (pid 2140) has died
01-01 00:00:30.102 2041 2193 W ActivityManager: Scheduling restart of crashed service com.android.systemui/.keyguard.KeyguardService in 0ms
01-01 00:00:30.103 2041 2193 W ActivityManager: Scheduling restart of crashed service com.android.systemui/.SystemUIService in 0ms
01-01 00:00:30.103 2041 2193 W ActivityManager: Re-adding persistent process ProcessRecord{aa4e06c 2140:com.android.systemui/u0a15}
01-01 00:00:30.120 2041 2193 I ActivityManager: Start proc 2225:com.android.systemui/u0a15 for restart com.android.systemui
01-01 00:00:30.139 1668 2037 I iptables: iptables: No chain/target/match by that name.
01-01 00:00:30.140 1668 2037 I iptables: iptables terminated by exit(1)
01-01 00:00:30.141 1668 2037 E Netd : exec() res=0, status=256 for /system/bin/iptables -w -F st_penalty_log
01-01 00:00:30.162 1668 2037 I ip6tables: ip6tables: No chain/target/match by that name.
01-01 00:00:30.163 1668 2037 I ip6tables: ip6tables terminated by exit(1)
01-01 00:00:30.163 1668 2037 E Netd : exec() res=0, status=256 for /system/bin/ip6tables -w -F st_penalty_log
01-01 00:00:30.183 1668 2037 I iptables: iptables: No chain/target/match by that name.
01-01 00:00:30.184 1668 2037 I iptables: iptables terminated by exit(1)
01-01 00:00:30.184 1668 2037 E Netd : exec() res=0, status=256 for /system/bin/iptables -w -F st_penalty_reject
01-01 00:00:30.199 2225 2225 W System : ClassLoader referenced unknown path: /system/priv-app/SystemUI/lib/arm64
01-01 00:00:30.203 1668 2037 I ip6tables: ip6tables: No chain/target/match by that name.
01-01 00:00:30.203 1668 2037 I ip6tables: ip6tables terminated by exit(1)
01-01 00:00:30.204 1668 2037 E Netd : exec() res=0, status=256 for /system/bin/ip6tables -w -F st_penalty_reject
01-01 00:00:30.213 2225 2225 V SystemUIService: Starting SystemUI services.
01-01 00:00:30.223 1668 2037 I iptables: iptables: No chain/target/match by that name.
01-01 00:00:30.224 1668 2037 I iptables: iptables terminated by exit(1)
01-01 00:00:30.225 1668 2037 E Netd : exec() res=0, status=256 for /system/bin/iptables -w -F st_clear_caught
01-01 00:00:30.245 1668 2037 I ip6tables: ip6tables: No chain/target/match by that name.
01-01 00:00:30.246 1668 2037 I ip6tables: ip6tables terminated by exit(1)
01-01 00:00:30.246 1668 2037 E Netd : exec() res=0, status=256 for /system/bin/ip6tables -w -F st_clear_caught
01-01 00:00:30.264 1668 2037 I iptables: iptables: No chain/target/match by that name.
01-01 00:00:30.266 1668 2037 I iptables: iptables terminated by exit(1)
01-01 00:00:30.266 1668 2037 E Netd : exec() res=0, status=256 for /system/bin/iptables -w -F st_clear_detect
01-01 00:00:30.285 1668 2037 I ip6tables: ip6tables: No chain/target/match by that name.
01-01 00:00:30.286 1668 2037 I ip6tables: ip6tables terminated by exit(1)
01-01 00:00:30.286 1668 2037 E Netd : exec() res=0, status=256 for /system/bin/ip6tables -w -F st_clear_detect
01-01 00:00:30.297 2225 2248 E WVMExtractor: Failed to open libwvm.so: dlopen failed: library "libwvm.so" not found
01-01 00:00:30.306 1668 2037 I iptables: iptables: No chain/target/match by that name.
01-01 00:00:30.308 1668 2037 I iptables: iptables terminated by exit(1)
01-01 00:00:30.308 1668 2037 E Netd : exec() res=0, status=256 for /system/bin/iptables -w -X st_penalty_log
01-01 00:00:30.328 1668 2037 I ip6tables: ip6tables: No chain/target/match by that name.
01-01 00:00:30.330 1668 2037 I ip6tables: ip6tables terminated by exit(1)
01-01 00:00:30.330 1668 2037 E Netd : exec() res=0, status=256 for /system/bin/ip6tables -w -X st_penalty_log
01-01 00:00:30.351 1668 2037 I iptables: iptables: No chain/target/match by that name.
01-01 00:00:30.353 1668 2037 I iptables: iptables terminated by exit(1)
01-01 00:00:30.353 1668 2037 E Netd : exec() res=0, status=256 for /system/bin/iptables -w -X st_penalty_reject
01-01 00:00:30.373 1668 2037 I ip6tables: ip6tables: No chain/target/match by that name.
01-01 00:00:30.374 1668 2037 I ip6tables: ip6tables terminated by exit(1)
01-01 00:00:30.374 1668 2037 E Netd : exec() res=0, status=256 for /system/bin/ip6tables -w -X st_penalty_reject
01-01 00:00:30.377 1667 1667 E OMXNodeInstance: getExtensionIndex(9:google.mpeg4.decoder, OMX.google.android.index.configureVideoTunnelMode) ERROR: UnsupportedIndex(0x8000101a)
01-01 00:00:30.377 1667 1667 W OMXNodeInstance: [9:google.mpeg4.decoder] component does not support metadata mode; using fallback
01-01 00:00:30.381 1667 1667 E OMXNodeInstance: getExtensionIndex(a:google.h263.decoder, OMX.google.android.index.configureVideoTunnelMode) ERROR: UnsupportedIndex(0x8000101a)
01-01 00:00:30.382 1667 1667 W OMXNodeInstance: [a:google.h263.decoder] component does not support metadata mode; using fallback
01-01 00:00:30.394 1668 2037 I iptables: iptables: No chain/target/match by that name.
01-01 00:00:30.395 1668 2037 I iptables: iptables terminated by exit(1)
01-01 00:00:30.395 1667 1667 W ACodec : [OMX.google.h264.decoder] stopping checking profiles after 32: 2/8000
01-01 00:00:30.395 1667 1667 E OMXNodeInstance: getExtensionIndex(b:google.h264.decoder, OMX.google.android.index.configureVideoTunnelMode) ERROR: UnsupportedIndex(0x8000101a)
01-01 00:00:30.395 1668 2037 E Netd : exec() res=0, status=256 for /system/bin/iptables -w -X st_clear_caught
01-01 00:00:30.396 1667 1667 W OMXNodeInstance: [b:google.h264.decoder] component does not support metadata mode; using fallback
01-01 00:00:30.408 1667 1667 E OMXNodeInstance: getExtensionIndex(c:google.vp8.decoder, OMX.google.android.index.configureVideoTunnelMode) ERROR: UnsupportedIndex(0x8000101a)
01-01 00:00:30.408 1667 1667 W OMXNodeInstance: [c:google.vp8.decoder] component does not support metadata mode; using fallback
01-01 00:00:30.413 1667 1667 E OMXNodeInstance: getExtensionIndex(d:google.vp9.decoder, OMX.google.android.index.configureVideoTunnelMode) ERROR: UnsupportedIndex(0x8000101a)
01-01 00:00:30.413 1667 1667 W OMXNodeInstance: [d:google.vp9.decoder] component does not support metadata mode; using fallback
01-01 00:00:30.415 1668 2037 I ip6tables: ip6tables: No chain/target/match by that name.
01-01 00:00:30.416 1668 2037 I ip6tables: ip6tables terminated by exit(1)
01-01 00:00:30.417 1668 2037 E Netd : exec() res=0, status=256 for /system/bin/ip6tables -w -X st_clear_caught
01-01 00:00:30.438 1668 2037 I iptables: iptables: No chain/target/match by that name.
01-01 00:00:30.439 1668 2037 I iptables: iptables terminated by exit(1)
01-01 00:00:30.439 1668 2037 E Netd : exec() res=0, status=256 for /system/bin/iptables -w -X st_clear_detect
01-01 00:00:30.458 1668 2037 I ip6tables: ip6tables: No chain/target/match by that name.
01-01 00:00:30.460 1668 2037 I ip6tables: ip6tables terminated by exit(1)
01-01 00:00:30.460 1668 2037 E Netd : exec() res=0, status=256 for /system/bin/ip6tables -w -X st_clear_detect
01-01 00:00:30.460 1667 1667 I SoftMPEG4Encoder: Construct SoftMPEG4Encoder
01-01 00:00:30.460 1667 1667 W ACodec : do not know color format 0x7f000789 = 2130708361
01-01 00:00:30.474 1667 1667 W ACodec : do not know color format 0x7f000789 = 2130708361
01-01 00:00:30.478 1667 1667 I SoftMPEG4Encoder: Construct SoftMPEG4Encoder
01-01 00:00:30.479 1667 1667 W ACodec : do not know color format 0x7f000789 = 2130708361
01-01 00:00:30.504 2225 2225 I vol.Events: writeEvent collection_started
01-01 00:00:30.506 1667 1667 W ACodec : do not know color format 0x7f000789 = 2130708361
01-01 00:00:30.508 1667 1667 W MediaCodecList: unable to open media codecs configuration xml file: /etc/media_codecs_performance.xml
01-01 00:00:30.509 1667 1667 W MediaCodecList: unable to open media codecs configuration xml file: /data/misc/media/media_codecs_profiling_results.xml
01-01 00:00:30.512 2225 2250 I OMXClient: Using client-side OMX mux.
01-01 00:00:30.515 2225 2306 I vol.Events: writeEvent external_ringer_mode_changed normal
01-01 00:00:30.516 2225 2306 I vol.Events: writeEvent internal_ringer_mode_changed normal
01-01 00:00:30.573 2225 2313 I OMXClient: Using client-side OMX mux.
01-01 00:00:30.641 2225 2306 I vol.Events: writeEvent level_changed STREAM_ALARM 6
01-01 00:00:30.643 2225 2306 I vol.Events: writeEvent level_changed STREAM_BLUETOOTH_SCO 7
01-01 00:00:30.643 2225 2320 I OMXClient: Using client-side OMX mux.
01-01 00:00:30.652 2225 2306 I vol.Events: writeEvent level_changed STREAM_MUSIC 11
01-01 00:00:30.656 2225 2237 I art : Background sticky concurrent mark sweep GC freed 9164(907KB) AllocSpace objects, 2(40KB) LOS objects, 55% free, 1057KB/2MB, paused 5.859ms total 41.325ms
01-01 00:00:30.657 2225 2306 I vol.Events: writeEvent level_changed STREAM_RING 5
01-01 00:00:30.659 2225 2306 I vol.Events: writeEvent level_changed STREAM_SYSTEM 5
01-01 00:00:30.663 2225 2306 I vol.Events: writeEvent level_changed STREAM_VOICE_CALL 4
01-01 00:00:30.671 2225 2225 D StorageNotification: Notifying about private volume: VolumeInfo{private}:
01-01 00:00:30.671 2225 2225 D StorageNotification: type=PRIVATE diskId=null partGuid=null mountFlags=0 mountUserId=-1 state=MOUNTED
01-01 00:00:30.671 2225 2225 D StorageNotification: fsType=null fsUuid=null fsLabel=null
01-01 00:00:30.671 2225 2225 D StorageNotification: path=/data internalPath=null
01-01 00:00:30.752 2041 2191 I StatusBarManagerService: registerStatusBar bar=com.android.internal.statusbar.IStatusBar$Stub$Proxy@7f2d7e2
01-01 00:00:30.987 2041 2086 D WifiService: New client listening to asynchronous messages
01-01 00:00:31.049 2041 2056 W WindowManager: Keyguard drawn timeout. Setting mKeyguardDrawComplete
01-01 00:00:31.064 2041 2060 E DisplayEventDispatcher: dispatcher 0x7fad04a1e0 ~ Vsync pulse: timestamp=25149, id=0, count=8
01-01 00:00:31.162 2041 2041 E NetdConnector: NDC Command {3 strict enable} took too long (1089ms)
01-01 00:00:31.281 2041 2059 D BluetoothManagerService: Added callback: android.bluetooth.IBluetoothManagerCallback$Stub$Proxy@c8207fd:true
01-01 00:00:31.306 2225 2225 D LocalBluetoothProfileManager: Adding local MAP profile
01-01 00:00:31.309 2225 2225 D BluetoothMap: Create BluetoothMap proxy object
01-01 00:00:31.320 2225 2225 D LocalBluetoothProfileManager: LocalBluetoothProfileManager construction complete
01-01 00:00:31.333 2041 2192 D ConnectivityService: listenForNetwork for Listen from uid/pid:10015/2225 for NetworkRequest [ id=3, legacyType=-1, [] ]
01-01 00:00:31.353 2225 2225 I CameraManagerGlobal: Connecting to camera service
01-01 00:00:31.359 1667 2093 E cutils-trace: Error opening trace file: Permission denied (13)
01-01 00:00:31.359 1667 2093 E CameraService: getCameraVendorTagDescriptor: camera hardware module doesn't exist
01-01 00:00:31.360 2225 2225 E CameraMetadata-JNI: CameraMetadata_setupGlobalVendorTagDescriptor: Failed to setup vendor tag descriptors, received error No such device (-19)
01-01 00:00:31.361 2225 2225 W CameraManagerGlobal: Failed to set up vendor tags: The camera device is removable and has been disconnected from the Android device, or the camera service has shut down the connection due to a higher-priority access request for the camera device.
01-01 00:00:31.384 2041 2041 D PermissionMonitor: Monitoring
01-01 00:00:31.393 2041 2041 D PermissionMonitor: Users: 1, Apps: 48
01-01 00:00:31.403 2041 2041 I SystemServiceManager: Starting phase 600
01-01 00:00:31.404 2041 2059 D BluetoothManagerService: Added callback: android.bluetooth.BluetoothAdapter$1@fde66f3:true
01-01 00:00:31.409 2041 2041 I BackupManagerService: Backup enabled => false
01-01 00:00:31.410 1667 1786 I AudioFlinger: systemReady
01-01 00:00:31.423 2041 2362 E WVMExtractor: Failed to open libwvm.so: dlopen failed: library "libwvm.so" not found
01-01 00:00:31.423 2041 2041 E InputMethodManagerService: Ignoring updateSystemUiLocked due to an invalid token. uid:1000 token:null
01-01 00:00:31.445 2041 2365 I OMXClient: Using client-side OMX mux.
01-01 00:00:31.450 2041 2224 I ActivityManager: Start proc 2366:android.process.acore/u0a3 for content provider com.android.providers.contacts/.ContactsProvider2
01-01 00:00:31.456 2225 2373 D OpenGLRenderer: Use EGL_SWAP_BEHAVIOR_PRESERVED: true
01-01 00:00:31.456 2225 2373 D OpenGLRenderer: profile bars disabled
01-01 00:00:31.457 2225 2373 D OpenGLRenderer: ambientRatio = 1.50
01-01 00:00:31.470 2041 2041 I ActivityManager: Start proc 2374:com.android.inputmethod.latin/u0a32 for service com.android.inputmethod.latin/.LatinIME
01-01 00:00:31.470 2041 2041 V InputMethodManagerService: Adding window token: android.os.Binder@aafb5e6
01-01 00:00:31.480 2041 2041 W LocationManagerService: no network location provider found
01-01 00:00:31.489 2041 2041 E LocationManagerService: no geocoder provider found
01-01 00:00:31.490 2041 2041 E FlpHardwareProvider: Error hw_get_module 'flp': -2
01-01 00:00:31.491 2041 2041 E LocationManagerService: FLP HAL not supported
01-01 00:00:31.495 2041 2041 E LocationManagerService: Unable to bind FLP Geofence proxy.
01-01 00:00:31.496 2041 2041 E ActivityRecognitionHardware: Error hw_get_module: -2
01-01 00:00:31.496 2041 2041 E LocationManagerService: Hardware Activity-Recognition not supported.
01-01 00:00:31.499 2041 2041 E ActivityRecognitionProxy: ServiceWatcher could not start.
01-01 00:00:31.499 2041 2041 E LocationManagerService: Unable to bind ActivityRecognitionProxy.
01-01 00:00:31.508 2041 2041 I CommonTimeManagementService: No common time service detected on this platform. Common time services will be unavailable.
01-01 00:00:31.509 2041 2395 I OMXClient: Using client-side OMX mux.
01-01 00:00:31.518 2041 2041 I MmsServiceBroker: Delay connecting to MmsService until an API is called
01-01 00:00:31.520 2041 2041 D MountService: onStartUser 0
01-01 00:00:31.520 2041 2077 I InputReader: Reconfiguring input devices. changes=0x00000020
01-01 00:00:31.521 2041 2077 I InputReader: Reconfiguring input devices. changes=0x00000010
01-01 00:00:31.525 2041 2041 D VoldConnector: SND -> {6 volume user_started 0}
01-01 00:00:31.527 1646 1739 D vold : Linking /storage/emulated/0 to /mnt/user/0/primary
01-01 00:00:31.528 2041 2079 D VoldConnector: RCV <- {200 6 Command succeeded}
01-01 00:00:31.530 2041 2078 D MountService: Volume emulated broadcasting mounted to UserHandle{0}
01-01 00:00:31.538 2225 2225 D PhoneStatusBar: disable: < expand icons alerts system_info back home recent clock search quick_settings
> 01-01 00:00:31.543 2366 2366 W System : ClassLoader referenced unknown path: /system/priv-app/ContactsProvider/lib/arm64
01-01 00:00:31.547 2041 2041 I ActivityManager: Start proc 2399:com.android.phone/1001 for added application com.android.phone
01-01 00:00:31.548 2041 2041 I ActivityManager: START u0 {act=android.intent.action.MAIN cat=[android.intent.category.HOME] flg=0x10000000 cmp=com.android.launcher/com.android.launcher2.Launcher} from uid 0 on display 0
01-01 00:00:31.559 2374 2374 W linker : Unable to find entries starting with "lib/arm64-v8a/" in "/system/app/LatinIME/LatinIME.apk"
01-01 00:00:31.563 2374 2374 W linker : Unable to find entries starting with "lib/arm64-v8a/" in "/system/app/LatinIME/LatinIME.apk"
01-01 00:00:31.577 2041 2041 I ActivityManager: Start proc 2409:com.android.launcher/u0a7 for activity com.android.launcher/com.android.launcher2.Launcher
01-01 00:00:31.580 2041 2060 E DisplayEventDispatcher: dispatcher 0x7fad04a1e0 ~ Vsync pulse: timestamp=25666, id=0, count=12
01-01 00:00:31.587 2041 2041 I SystemServer: Enabled StrictMode for system server main thread.
01-01 00:00:31.587 2041 2041 E DisplayEventDispatcher: dispatcher 0x7faaf61c80 ~ Vsync pulse: timestamp=23316, id=0, count=4
01-01 00:00:31.593 2041 2041 D RttService: SCAN_AVAILABLE : 1
01-01 00:00:31.595 2041 2103 D RttService: DefaultState got{ when=0 what=160513 target=com.android.internal.util.StateMachine$SmHandler }
01-01 00:00:31.597 2041 2060 E DisplayEventDispatcher: dispatcher 0x7fad04a1e0 ~ Vsync pulse: timestamp=25683, id=0, count=13
01-01 00:00:31.603 2041 2425 I OMXClient: Using client-side OMX mux.
01-01 00:00:31.621 2041 2041 I Choreographer: Skipped 143 frames! The application may be doing too much work on its main thread.
01-01 00:00:31.635 2041 2060 E DisplayEventDispatcher: dispatcher 0x7fad04a1e0 ~ Vsync pulse: timestamp=25716, id=0, count=15
01-01 00:00:31.642 2399 2399 W System : ClassLoader referenced unknown path: /system/priv-app/TeleService/lib/arm64
01-01 00:00:31.643 2041 2041 W System : ClassLoader referenced unknown path: /system/priv-app/Telecom/lib/arm64
01-01 00:00:31.646 2041 2041 W linker : Unable to find entries starting with "lib/arm64-v8a/" in "/system/priv-app/Telecom/Telecom.apk"
01-01 00:00:31.647 2041 2060 E DisplayEventDispatcher: dispatcher 0x7fad04a1e0 ~ Vsync pulse: timestamp=25733, id=0, count=16
01-01 00:00:31.661 2409 2409 W System : ClassLoader referenced unknown path: /system/priv-app/Launcher2/lib/arm64
01-01 00:00:31.662 2225 2225 D PhoneStatusBar: heads up is enabled
01-01 00:00:31.664 2041 2041 E DisplayEventDispatcher: dispatcher 0x7faaf61c80 ~ Vsync pulse: timestamp=25733, id=0, count=16
01-01 00:00:31.671 2225 2225 E DisplayEventDispatcher: dispatcher 0x7faae722e0 ~ Vsync pulse: timestamp=25349, id=0, count=10
01-01 00:00:31.691 2225 2225 D ViewRootImpl: changeCanvasOpacity: opaque=true
01-01 00:00:31.737 2399 2399 W System : ClassLoader referenced unknown path: /system/priv-app/TelephonyProvider/lib/arm64
01-01 00:00:31.742 2366 2366 W System : ClassLoader referenced unknown path: /system/app/UserDictionaryProvider/lib/arm64
01-01 00:00:31.754 2041 2435 I OMXClient: Using client-side OMX mux.
01-01 00:00:31.789 2225 2373 I OpenGLRenderer: Initialized EGL, version 1.4
01-01 00:00:31.797 2041 2060 E DisplayEventDispatcher: dispatcher 0x7fad04a1e0 ~ Vsync pulse: timestamp=25883, id=0, count=20
01-01 00:00:31.807 2041 2041 I Telecom : Class: TelecomSystem.INSTANCE being set
01-01 00:00:31.808 2041 2041 W ContextImpl: Calling a method in the system process without a qualified user: android.app.ContextImpl.startService:1221 android.content.ContextWrapper.startService:581 com.android.server.telecom.components.TelecomService.initializeTelecomSystem:107 com.android.server.telecom.components.TelecomService.onBind:46 android.app.ActivityThread.handleBindService:2885
01-01 00:00:31.814 2041 2060 E DisplayEventDispatcher: dispatcher 0x7fad04a1e0 ~ Vsync pulse: timestamp=25899, id=0, count=21
01-01 00:00:31.819 2374 2374 I LatinIME: Hardware accelerated drawing: true
01-01 00:00:31.819 2225 2225 E DisplayEventDispatcher: dispatcher 0x7faae722e0 ~ Vsync pulse: timestamp=25783, id=0, count=18
01-01 00:00:31.820 2041 2086 D WifiService: New client listening to asynchronous messages
01-01 00:00:31.827 2399 2399 D TelephonyProvider: dbh.onOpen: ok, queried table=siminfo
01-01 00:00:31.827 2041 2041 D TrustManagerService: Removing dead TrustListener.
01-01 00:00:31.829 2041 2041 V KeyguardServiceDelegate: *** Keyguard connected (yay!)
01-01 00:00:31.829 2399 2399 D TelephonyProvider: dbh.onOpen: ok, queried table=carriers
01-01 00:00:31.843 2041 2450 I OMXClient: Using client-side OMX mux.
01-01 00:00:31.847 2041 2041 W System : ClassLoader referenced unknown path: /system/priv-app/FusedLocation/lib/arm64
01-01 00:00:31.849 2041 2041 W linker : Unable to find entries starting with "lib/arm64-v8a/" in "/system/priv-app/FusedLocation/FusedLocation.apk"
01-01 00:00:31.861 2041 2041 V WiredAccessoryManager: init()
01-01 00:00:31.873 1653 1744 D PermissionCache: checking android.permission.HARDWARE_TEST for uid=1000 => granted (1365 us)
01-01 00:00:31.880 2041 2060 E DisplayEventDispatcher: dispatcher 0x7fad04a1e0 ~ Vsync pulse: timestamp=25966, id=0, count=23
01-01 00:00:31.893 2041 2041 W VibratorService: Tried to stop vibrating but there is no vibrator device.
01-01 00:00:31.937 2041 2456 I OMXClient: Using client-side OMX mux.
01-01 00:00:31.975 2225 2225 D PhoneStatusBar: disable: < EXPAND* icons alerts system_info BACK* HOME* RECENT* clock SEARCH* quick_settings
> 01-01 00:00:31.980 2374 2374 W InputAttributes: No editor info for this field. Bug?
01-01 00:00:31.995 2041 2059 E BluetoothManagerService: MESSAGE_TIMEOUT_BIND
01-01 00:00:32.015 2041 2041 V BackupManagerService: Connected to transport ComponentInfo{android/com.android.internal.backup.LocalTransportService}
01-01 00:00:32.016 1667 2093 E APM::AudioPolicyEngine: getDeviceForStrategy() speaker device not found for STRATEGY_SONIFICATION
01-01 00:00:32.016 2041 2041 V BackupManagerService: Registering transport android/com.android.internal.backup.LocalTransportService::android/com.android.internal.backup.LocalTransport = android.app.backup.BackupTransport$TransportImpl@5d491e3
01-01 00:00:32.016 1667 2093 E APM::AudioPolicyEngine: getDeviceForStrategy() speaker device not found for STRATEGY_SONIFICATION
01-01 00:00:32.016 1667 2093 E APM::AudioPolicyEngine: getDeviceForStrategy() speaker device not found for STRATEGY_SONIFICATION
01-01 00:00:32.016 1667 2093 E APM::AudioPolicyEngine: getDeviceForStrategy() speaker device not found for STRATEGY_SONIFICATION
01-01 00:00:32.016 1667 2093 E APM::AudioPolicyEngine: getDeviceForStrategy() no device found for STRATEGY_TRANSMITTED_THROUGH_SPEAKER
01-01 00:00:32.017 1667 2454 E APM::AudioPolicyEngine: getDeviceForStrategy() speaker device not found for STRATEGY_SONIFICATION
01-01 00:00:32.017 1667 2454 E APM::AudioPolicyEngine: getDeviceForStrategy() speaker device not found for STRATEGY_SONIFICATION
01-01 00:00:32.017 1667 2454 E APM::AudioPolicyEngine: getDeviceForStrategy() speaker device not found for STRATEGY_SONIFICATION
01-01 00:00:32.017 1667 2454 E APM::AudioPolicyEngine: getDeviceForStrategy() speaker device not found for STRATEGY_SONIFICATION
01-01 00:00:32.017 1667 2454 E APM::AudioPolicyEngine: getDeviceForStrategy() no device found for STRATEGY_TRANSMITTED_THROUGH_SPEAKER
01-01 00:00:32.030 1667 1667 E APM::AudioPolicyEngine: getDeviceForStrategy() speaker device not found for STRATEGY_SONIFICATION
01-01 00:00:32.031 1667 1667 E APM::AudioPolicyEngine: getDeviceForStrategy() speaker device not found for STRATEGY_SONIFICATION
01-01 00:00:32.031 1667 1667 E APM::AudioPolicyEngine: getDeviceForStrategy() speaker device not found for STRATEGY_SONIFICATION
01-01 00:00:32.031 1667 1667 E APM::AudioPolicyEngine: getDeviceForStrategy() speaker device not found for STRATEGY_SONIFICATION
01-01 00:00:32.031 1667 1667 E APM::AudioPolicyEngine: getDeviceForStrategy() no device found for STRATEGY_TRANSMITTED_THROUGH_SPEAKER
01-01 00:00:32.034 2374 2472 I LatinIME:LogUtils: Dictionary info: dictionary = contacts.en_US ; version = 32 ; date = ?
01-01 00:00:32.047 2041 2060 E DisplayEventDispatcher: dispatcher 0x7fad04a1e0 ~ Vsync pulse: timestamp=26133, id=0, count=27
01-01 00:00:32.056 2041 2055 I ActivityManager: Start proc 2477:com.android.music/u0a34 for broadcast com.android.music/.MediaButtonIntentReceiver
01-01 00:00:32.057 2041 2041 E DisplayEventDispatcher: dispatcher 0x7faaf61c80 ~ Vsync pulse: timestamp=26133, id=0, count=27
01-01 00:00:32.065 2041 2060 E DisplayEventDispatcher: dispatcher 0x7fad04a1e0 ~ Vsync pulse: timestamp=26149, id=0, count=28
01-01 00:00:32.068 2041 2051 I art : Background sticky concurrent mark sweep GC freed 17091(1630KB) AllocSpace objects, 4(72KB) LOS objects, 27% free, 5MB/6MB, paused 6.317ms total 49.452ms
01-01 00:00:32.081 2041 2060 E DisplayEventDispatcher: dispatcher 0x7fad04a1e0 ~ Vsync pulse: timestamp=26166, id=0, count=29
01-01 00:00:32.084 2225 2225 E DisplayEventDispatcher: dispatcher 0x7faae722e0 ~ Vsync pulse: timestamp=26099, id=0, count=25
01-01 00:00:32.090 2041 2191 W SchedPolicy: add_tid_to_cgroup failed to write '2374' (Permission denied); fd=27
01-01 00:00:32.090 2041 2191 W ActivityManager: Failed setting process group of 2374 to 0
01-01 00:00:32.090 2041 2191 W System.err: java.lang.IllegalArgumentException
01-01 00:00:32.091 2041 2191 W System.err: at android.os.Process.setProcessGroup(Native Method)
01-01 00:00:32.091 2041 2191 W System.err: at com.android.server.am.ActivityManagerService.applyOomAdjLocked(ActivityManagerService.java:18763)
01-01 00:00:32.091 2041 2191 W System.err: at com.android.server.am.ActivityManagerService.updateOomAdjLocked(ActivityManagerService.java:19028)
01-01 00:00:32.091 2041 2191 W System.err: at com.android.server.am.ActivityManagerService.updateOomAdjLocked(ActivityManagerService.java:19106)
01-01 00:00:32.091 2041 2191 W System.err: at com.android.server.am.ActiveServices.serviceDoneExecutingLocked(ActiveServices.java:2015)
01-01 00:00:32.092 2041 2191 W System.err: at com.android.server.am.ActiveServices.publishServiceLocked(ActiveServices.java:905)
01-01 00:00:32.092 2041 2191 W System.err: at com.android.server.am.ActivityManagerService.publishService(ActivityManagerService.java:16065)
01-01 00:00:32.092 2041 2191 W System.err: at android.app.ActivityManagerNative.onTransact(ActivityManagerNative.java:1007)
01-01 00:00:32.092 2041 2191 W System.err: at com.android.server.am.ActivityManagerService.onTransact(ActivityManagerService.java:2493)
01-01 00:00:32.092 2041 2191 W System.err: at android.os.Binder.execTransact(Binder.java:453)
01-01 00:00:32.096 2041 2052 V KeyguardServiceDelegate: **** SHOWN CALLED ****
01-01 00:00:32.097 2041 2060 E DisplayEventDispatcher: dispatcher 0x7fad04a1e0 ~ Vsync pulse: timestamp=26183, id=0, count=30
01-01 00:00:32.105 2041 2105 V KeyValueBackupJob: Scheduling k/v pass in 243 minutes
01-01 00:00:32.114 2041 2060 E DisplayEventDispatcher: dispatcher 0x7fad04a1e0 ~ Vsync pulse: timestamp=26199, id=0, count=31
01-01 00:00:32.122 2041 2041 D LockSettings: Removing dead StrongAuthTracker.
01-01 00:00:32.123 2041 2041 I FusedLocation: engine started (com.android.location.fused)
01-01 00:00:32.133 2041 2041 E DisplayEventDispatcher: dispatcher 0x7faaf61c80 ~ Vsync pulse: timestamp=26216, id=0, count=32
01-01 00:00:32.145 2366 2433 I ContactLocale: AddressBook Labels [en-US]: […, A, B, C, D, E, F, G, H, I, J, K, L, M, N, O, P, Q, R, S, T, U, V, W, X, Y, Z, Α, Β, Γ, Δ, Ε, Ζ, Η, Θ, Ι, Κ, Λ, Μ, Ν, Ξ, Ο, Π, Ρ, Σ, Τ, Υ, Φ, Χ, Ψ, Ω, …, А, Б, В, Г, Д, Ђ, Е, Є, Ж, З, И, І, Й, Ј, К, Л, Љ, М, Н, Њ, О, П, Р, С, Т, Ћ, У, Ф, Х, Ц, Ч, Џ, Ш, Щ, Ю, Я, …, א, ב, ג, ד, ה, ו, ז, ח, ט, י, כ, ל, מ, נ, ס, ע, פ, צ, ק, ר, ש, ת, …, ا, ب, ت, ث, ج, ح, خ, د, ذ, ر, ز, س, ش, ص, ض, ط, ظ, ع, غ, ف, ق, ك, ل, م, ن, ه, و, ي, …, ก, ข, ฃ, ค, ฅ, ฆ, ง, จ, ฉ, ช, ซ, ฌ, ญ, ฎ, ฏ, ฐ, ฑ, ฒ, ณ, ด, ต, ถ, ท, ธ, น, บ, ป, ผ, ฝ, พ, ฟ, ภ, ม, ย, ร, ฤ, ล, ฦ, ว, ศ, ษ, ส, ห, ฬ, อ, ฮ, …, ㄱ, ㄴ, ㄷ, ㄹ, ㅁ, ㅂ, ㅅ, ㅇ, ㅈ, ㅊ, ㅋ, ㅌ, ㅍ, ㅎ, …, あ, か, さ, た, な, は, ま, や, ら, わ, #, …]
01-01 00:00:32.148 2041 2060 E DisplayEventDispatcher: dispatcher 0x7fad04a1e0 ~ Vsync pulse: timestamp=26233, id=0, count=33
01-01 00:00:32.160 2170 2170 D MediaScannerReceiver: action: android.intent.action.MEDIA_MOUNTED path: /storage/emulated/0
01-01 00:00:32.164 2041 2060 E DisplayEventDispatcher: dispatcher 0x7fad04a1e0 ~ Vsync pulse: timestamp=26249, id=0, count=34
01-01 00:00:32.170 2225 2225 E DisplayEventDispatcher: dispatcher 0x7faae722e0 ~ Vsync pulse: timestamp=26216, id=0, count=32
01-01 00:00:32.175 2477 2477 W System : ClassLoader referenced unknown path: /system/app/Music/lib/arm64
