01-01 00:00:35.105 2568 2634 I bt_core_module: module_clean_up Cleanup of module "bt_utils_module" completed
01-01 00:00:35.106 2568 2634 I bt_core_module: module_clean_up Cleaning up module "osi_module"
01-01 00:00:35.106 2568 2638 D bt_osi_alarm: callback_dispatch Callback thread exited
01-01 00:00:35.106 2568 2638 W bt_osi_thread: run_thread: thread id 2638, thread name alarm_dispatcher exited
01-01 00:00:35.107 2568 2637 W bt_osi_thread: run_thread: thread id 2637, thread name alarm_default_ca exited
01-01 00:00:35.108 2568 2634 I bt_core_module: module_clean_up Cleanup of module "osi_module" completed
01-01 00:00:35.108 2568 2634 I bt_stack_manager: void event_clean_up_stack(void *) finished
01-01 00:00:35.108 2568 2568 I BluetoothServiceJni: cleanupNative: return from cleanup
01-01 00:00:35.110 2568 2568 I art : System.exit called, status: 0
01-01 00:00:35.110 2568 2568 I AndroidRuntime: VM exiting with result code 0, cleanup skipped.
01-01 00:00:35.143 2041 2192 I ActivityManager: Process com.android.bluetooth (pid 2568) has died
01-01 00:00:39.419 2642 2700 I GlobalDismissManager: no sender configured
01-01 00:00:39.420 2642 2700 D AlertService: Beginning updateAlertNotification
01-01 00:00:39.467 2642 2700 D AlertService: No fired or scheduled alerts
01-01 00:00:39.503 2642 2700 D AlertService: Scheduling next alarm with AlarmScheduler. sEventReminderReceived: null
01-01 00:00:39.544 2642 2700 D AlarmScheduler: No events found starting within 1 week.
01-01 00:00:40.866 2041 2062 E DisplayEventDispatcher: dispatcher 0x7fad04a300 ~ Vsync pulse: timestamp=34949, id=0, count=90
01-01 00:00:40.883 2041 2062 E DisplayEventDispatcher: dispatcher 0x7fad04a300 ~ Vsync pulse: timestamp=34966, id=0, count=91
01-01 00:00:40.899 2041 2062 E DisplayEventDispatcher: dispatcher 0x7fad04a300 ~ Vsync pulse: timestamp=34983, id=0, count=92
01-01 00:00:40.915 2041 2062 E DisplayEventDispatcher: dispatcher 0x7fad04a300 ~ Vsync pulse: timestamp=34999, id=0, count=93
01-01 00:00:40.932 2041 2062 E DisplayEventDispatcher: dispatcher 0x7fad04a300 ~ Vsync pulse: timestamp=35016, id=0, count=94
01-01 00:00:40.949 2041 2062 E DisplayEventDispatcher: dispatcher 0x7fad04a300 ~ Vsync pulse: timestamp=35033, id=0, count=95
01-01 00:00:40.965 2041 2062 E DisplayEventDispatcher: dispatcher 0x7fad04a300 ~ Vsync pulse: timestamp=35049, id=0, count=96
01-01 00:00:40.982 2041 2062 E DisplayEventDispatcher: dispatcher 0x7fad04a300 ~ Vsync pulse: timestamp=35066, id=0, count=97
01-01 00:00:40.999 2041 2062 E DisplayEventDispatcher: dispatcher 0x7fad04a300 ~ Vsync pulse: timestamp=35083, id=0, count=98
01-01 00:00:41.015 2041 2062 E DisplayEventDispatcher: dispatcher 0x7fad04a300 ~ Vsync pulse: timestamp=35099, id=0, count=99
01-01 00:00:41.032 2041 2062 E DisplayEventDispatcher: dispatcher 0x7fad04a300 ~ Vsync pulse: timestamp=35116, id=0, count=100
01-01 00:00:41.049 2041 2062 E DisplayEventDispatcher: dispatcher 0x7fad04a300 ~ Vsync pulse: timestamp=35133, id=0, count=101
01-01 00:00:41.066 2041 2062 E DisplayEventDispatcher: dispatcher 0x7fad04a300 ~ Vsync pulse: timestamp=35149, id=0, count=102
01-01 00:00:41.082 2041 2062 E DisplayEventDispatcher: dispatcher 0x7fad04a300 ~ Vsync pulse: timestamp=35166, id=0, count=103
01-01 00:00:41.099 2041 2062 E DisplayEventDispatcher: dispatcher 0x7fad04a300 ~ Vsync pulse: timestamp=35183, id=0, count=104
01-01 00:00:41.116 2041 2062 E DisplayEventDispatcher: dispatcher 0x7fad04a300 ~ Vsync pulse: timestamp=35199, id=0, count=105
01-01 00:00:41.132 2041 2062 E DisplayEventDispatcher: dispatcher 0x7fad04a300 ~ Vsync pulse: timestamp=35216, id=0, count=106
01-01 00:00:41.149 2041 2062 E DisplayEventDispatcher: dispatcher 0x7fad04a300 ~ Vsync pulse: timestamp=35233, id=0, count=107
01-01 00:00:41.166 2041 2062 E DisplayEventDispatcher: dispatcher 0x7fad04a300 ~ Vsync pulse: timestamp=35249, id=0, count=108
01-01 00:00:41.182 2041 2062 E DisplayEventDispatcher: dispatcher 0x7fad04a300 ~ Vsync pulse: timestamp=35266, id=0, count=109
01-01 00:00:41.198 2041 2062 E DisplayEventDispatcher: dispatcher 0x7fad04a300 ~ Vsync pulse: timestamp=35283, id=0, count=110
01-01 00:00:41.215 2041 2062 E DisplayEventDispatcher: dispatcher 0x7fad04a300 ~ Vsync pulse: timestamp=35299, id=0, count=111
01-01 00:00:41.232 2041 2062 E DisplayEventDispatcher: dispatcher 0x7fad04a300 ~ Vsync pulse: timestamp=35316, id=0, count=112
01-01 00:00:41.248 2041 2062 E DisplayEventDispatcher: dispatcher 0x7fad04a300 ~ Vsync pulse: timestamp=35333, id=0, count=113
01-01 00:00:41.265 2041 2062 E DisplayEventDispatcher: dispatcher 0x7fad04a300 ~ Vsync pulse: timestamp=35349, id=0, count=114
01-01 00:00:41.282 2041 2062 E DisplayEventDispatcher: dispatcher 0x7fad04a300 ~ Vsync pulse: timestamp=35366, id=0, count=115
01-01 00:00:41.298 2041 2062 E DisplayEventDispatcher: dispatcher 0x7fad04a300 ~ Vsync pulse: timestamp=35383, id=0, count=116
01-01 00:00:41.315 2041 2062 E DisplayEventDispatcher: dispatcher 0x7fad04a300 ~ Vsync pulse: timestamp=35399, id=0, count=117
01-01 00:00:48.774 2041 2055 I ActivityManager: Waited long enough for: ServiceRecord{8684ab4 u0 com.android.calendar/.alerts.InitAlarmsService}
01-01 00:01:00.049 2225 2225 E DisplayEventDispatcher: dispatcher 0x7faae722e0 ~ Vsync pulse: timestamp=54133, id=0, count=119
01-01 00:01:00.082 2225 2225 E DisplayEventDispatcher: dispatcher 0x7faae722e0 ~ Vsync pulse: timestamp=54166, id=0, count=121
01-01 00:01:00.099 2225 2225 E DisplayEventDispatcher: dispatcher 0x7faae722e0 ~ Vsync pulse: timestamp=54183, id=0, count=122
01-01 00:01:00.115 2409 2409 E DisplayEventDispatcher: dispatcher 0x7fa0c644e0 ~ Vsync pulse: timestamp=54199, id=0, count=123
01-01 00:01:03.768 2642 2662 D InitAlarmsService: Clearing and rescheduling alarms.
01-01 00:01:32.384 2041 2053 I MediaFocusControl: AudioFocus abandonAudioFocus() from android.media.AudioManager@46ff8a8com.android.music.MediaPlaybackService$3@b603fc1
01-01 00:01:32.428 2041 2055 I ActivityManager: Start proc 2713:com.android.musicfx/u0a9 for broadcast com.android.musicfx/.ControlPanelReceiver
01-01 00:01:32.558 2041 2052 W SchedPolicy: add_tid_to_cgroup failed to write '2713' (Permission denied); fd=27
01-01 00:01:32.560 2041 2052 W ActivityManager: Failed setting process group of 2713 to 0
01-01 00:01:32.560 2041 2052 W System.err: java.lang.IllegalArgumentException
01-01 00:01:32.561 2041 2052 W System.err: at android.os.Process.setProcessGroup(Native Method)
01-01 00:01:32.562 2041 2052 W System.err: at com.android.server.am.ActivityManagerService.applyOomAdjLocked(ActivityManagerService.java:18763)
01-01 00:01:32.562 2041 2052 W System.err: at com.android.server.am.ActivityManagerService.updateOomAdjLocked(ActivityManagerService.java:19247)
01-01 00:01:32.563 2041 2052 W System.err: at com.android.server.am.BroadcastQueue.processCurBroadcastLocked(BroadcastQueue.java:262)
01-01 00:01:32.563 2041 2052 W System.err: at com.android.server.am.BroadcastQueue.sendPendingBroadcastsLocked(BroadcastQueue.java:297)
01-01 00:01:32.563 2041 2052 W System.err: at com.android.server.am.ActivityManagerService.sendPendingBroadcastsLocked(ActivityManagerService.java:16259)
01-01 00:01:32.564 2041 2052 W System.err: at com.android.server.am.ActivityManagerService.attachApplicationLocked(ActivityManagerService.java:6205)
01-01 00:01:32.564 2041 2052 W System.err: at com.android.server.am.ActivityManagerService.attachApplication(ActivityManagerService.java:6246)
01-01 00:01:32.565 2041 2052 W System.err: at android.app.ActivityManagerNative.onTransact(ActivityManagerNative.java:507)
01-01 00:01:32.565 2041 2052 W System.err: at com.android.server.am.ActivityManagerService.onTransact(ActivityManagerService.java:2493)
01-01 00:01:32.565 2041 2052 W System.err: at android.os.Binder.execTransact(Binder.java:453)
01-01 00:01:32.649 2713 2713 W System : ClassLoader referenced unknown path: /system/priv-app/MusicFX/lib/arm64
01-01 00:01:32.672 2713 2713 V MusicFXControlPanelReceiver: onReceive
01-01 00:01:32.673 2713 2713 V MusicFXControlPanelReceiver: Action: android.media.action.CLOSE_AUDIO_EFFECT_CONTROL_SESSION
01-01 00:01:32.673 2713 2713 V MusicFXControlPanelReceiver: Package name: com.android.music
01-01 00:01:32.674 2713 2713 V MusicFXControlPanelReceiver: Audio session: 5
01-01 00:01:32.677 2713 2713 V MusicFXControlPanelEffect: closeSession(android.app.ReceiverRestrictedContext@9d2c790, com.android.music, 5)
01-01 00:02:00.048 2225 2225 E DisplayEventDispatcher: dispatcher 0x7faae722e0 ~ Vsync pulse: timestamp=114133, id=0, count=125
01-01 00:02:00.082 2225 2225 E DisplayEventDispatcher: dispatcher 0x7faae722e0 ~ Vsync pulse: timestamp=114166, id=0, count=127
01-01 00:02:00.099 2225 2225 E DisplayEventDispatcher: dispatcher 0x7faae722e0 ~ Vsync pulse: timestamp=114183, id=0, count=128
01-01 00:02:00.115 2409 2409 E DisplayEventDispatcher: dispatcher 0x7fa0c644e0 ~ Vsync pulse: timestamp=114199, id=0, count=129
01-01 00:03:00.048 2225 2225 E DisplayEventDispatcher: dispatcher 0x7faae722e0 ~ Vsync pulse: timestamp=174133, id=0, count=131
01-01 00:03:00.082 2225 2225 E DisplayEventDispatcher: dispatcher 0x7faae722e0 ~ Vsync pulse: timestamp=174166, id=0, count=133
01-01 00:03:00.098 2225 2225 E DisplayEventDispatcher: dispatcher 0x7faae722e0 ~ Vsync pulse: timestamp=174183, id=0, count=134
01-01 00:03:00.115 2409 2409 E DisplayEventDispatcher: dispatcher 0x7fa0c644e0 ~ Vsync pulse: timestamp=174199, id=0, count=135
01-01 00:04:00.049 2225 2225 E DisplayEventDispatcher: dispatcher 0x7faae722e0 ~ Vsync pulse: timestamp=234133, id=0, count=137
01-01 00:04:00.082 2225 2225 E DisplayEventDispatcher: dispatcher 0x7faae722e0 ~ Vsync pulse: timestamp=234166, id=0, count=139
01-01 00:04:00.099 2225 2225 E DisplayEventDispatcher: dispatcher 0x7faae722e0 ~ Vsync pulse: timestamp=234183, id=0, count=140
01-01 00:04:00.116 2409 2409 E DisplayEventDispatcher: dispatcher 0x7fa0c644e0 ~ Vsync pulse: timestamp=234199, id=0, count=141
01-01 00:05:00.049 2225 2225 E DisplayEventDispatcher: dispatcher 0x7faae722e0 ~ Vsync pulse: timestamp=294133, id=0, count=143
01-01 00:05:00.082 2225 2225 E DisplayEventDispatcher: dispatcher 0x7faae722e0 ~ Vsync pulse: timestamp=294166, id=0, count=145
01-01 00:05:00.099 2225 2225 E DisplayEventDispatcher: dispatcher 0x7faae722e0 ~ Vsync pulse: timestamp=294183, id=0, count=146
01-01 00:05:00.115 2409 2409 E DisplayEventDispatcher: dispatcher 0x7fa0c644e0 ~ Vsync pulse: timestamp=294199, id=0, count=147
01-01 00:06:00.048 2225 2225 E DisplayEventDispatcher: dispatcher 0x7faae722e0 ~ Vsync pulse: timestamp=354133, id=0, count=149
01-01 00:06:00.083 2225 2225 E DisplayEventDispatcher: dispatcher 0x7faae722e0 ~ Vsync pulse: timestamp=354166, id=0, count=151
01-01 00:06:00.099 2225 2225 E DisplayEventDispatcher: dispatcher 0x7faae722e0 ~ Vsync pulse: timestamp=354183, id=0, count=152
01-01 00:06:00.116 2409 2409 E DisplayEventDispatcher: dispatcher 0x7fa0c644e0 ~ Vsync pulse: timestamp=354199, id=0, count=153