01-01 00:00:21.266 1663 1663 W Resources: Preloaded drawable resource #0x10802d5 (android:drawable/fastscroll_track_holo_light) that varies with configuration!!
01-01 00:00:21.266 1663 1663 W Resources: Preloaded drawable resource #0x10802d8 (android:drawable/fastscroll_track_pressed_holo_light) that varies with configuration!!
01-01 00:00:21.266 1662 1662 W Resources: Preloaded drawable resource #0x10802d8 (android:drawable/fastscroll_track_pressed_holo_light) that varies with configuration!!
01-01 00:00:21.267 1663 1663 W Resources: Preloaded drawable resource #0x10802d3 (android:drawable/fastscroll_track_default_holo_light) that varies with configuration!!
01-01 00:00:21.267 1662 1662 W Resources: Preloaded drawable resource #0x10802d3 (android:drawable/fastscroll_track_default_holo_light) that varies with configuration!!
01-01 00:00:21.268 1662 1662 W Resources: Preloaded drawable resource #0x10802a9 (android:drawable/editbox_dropdown_background_dark) that varies with configuration!!
01-01 00:00:21.268 1663 1663 W Resources: Preloaded drawable resource #0x10802a9 (android:drawable/editbox_dropdown_background_dark) that varies with configuration!!
01-01 00:00:21.269 1662 1662 W Resources: Preloaded drawable resource #0x1080726 (android:drawable/textfield_search_selected_holo_dark) that varies with configuration!!
01-01 00:00:21.269 1663 1663 W Resources: Preloaded drawable resource #0x1080726 (android:drawable/textfield_search_selected_holo_dark) that varies with configuration!!
01-01 00:00:21.270 1663 1663 W Resources: Preloaded drawable resource #0x1080718 (android:drawable/textfield_search_default_holo_dark) that varies with configuration!!
01-01 00:00:21.270 1662 1662 W Resources: Preloaded drawable resource #0x1080718 (android:drawable/textfield_search_default_holo_dark) that varies with configuration!!
01-01 00:00:21.270 1663 1663 W Resources: Preloaded drawable resource #0x1080728 (android:drawable/textfield_searchview_holo_dark) that varies with configuration!!
01-01 00:00:21.270 1662 1662 W Resources: Preloaded drawable resource #0x1080728 (android:drawable/textfield_searchview_holo_dark) that varies with configuration!!
01-01 00:00:21.271 1663 1663 W Resources: Preloaded drawable resource #0x1080723 (android:drawable/textfield_search_right_selected_holo_dark) that varies with configuration!!
01-01 00:00:21.271 1662 1662 W Resources: Preloaded drawable resource #0x1080723 (android:drawable/textfield_search_right_selected_holo_dark) that varies with configuration!!
01-01 00:00:21.272 1663 1663 W Resources: Preloaded drawable resource #0x1080721 (android:drawable/textfield_search_right_default_holo_dark) that varies with configuration!!
01-01 00:00:21.272 1662 1662 W Resources: Preloaded drawable resource #0x1080721 (android:drawable/textfield_search_right_default_holo_dark) that varies with configuration!!
01-01 00:00:21.272 1663 1663 W Resources: Preloaded drawable resource #0x108072a (android:drawable/textfield_searchview_right_holo_dark) that varies with configuration!!
01-01 00:00:21.272 1662 1662 W Resources: Preloaded drawable resource #0x108072a (android:drawable/textfield_searchview_right_holo_dark) that varies with configuration!!
01-01 00:00:21.273 1663 1663 W Resources: Preloaded drawable resource #0x1080727 (android:drawable/textfield_search_selected_holo_light) that varies with configuration!!
01-01 00:00:21.273 1662 1662 W Resources: Preloaded drawable resource #0x1080727 (android:drawable/textfield_search_selected_holo_light) that varies with configuration!!
01-01 00:00:21.274 1663 1663 W Resources: Preloaded drawable resource #0x1080719 (android:drawable/textfield_search_default_holo_light) that varies with configuration!!
01-01 00:00:21.274 1662 1662 W Resources: Preloaded drawable resource #0x1080719 (android:drawable/textfield_search_default_holo_light) that varies with configuration!!
01-01 00:00:21.274 1663 1663 W Resources: Preloaded drawable resource #0x1080729 (android:drawable/textfield_searchview_holo_light) that varies with configuration!!
01-01 00:00:21.274 1662 1662 W Resources: Preloaded drawable resource #0x1080729 (android:drawable/textfield_searchview_holo_light) that varies with configuration!!
01-01 00:00:21.275 1663 1663 W Resources: Preloaded drawable resource #0x1080724 (android:drawable/textfield_search_right_selected_holo_light) that varies with configuration!!
01-01 00:00:21.276 1662 1662 W Resources: Preloaded drawable resource #0x1080724 (android:drawable/textfield_search_right_selected_holo_light) that varies with configuration!!
01-01 00:00:21.276 1662 1662 W Resources: Preloaded drawable resource #0x1080722 (android:drawable/textfield_search_right_default_holo_light) that varies with configuration!!
01-01 00:00:21.276 1663 1663 W Resources: Preloaded drawable resource #0x1080722 (android:drawable/textfield_search_right_default_holo_light) that varies with configuration!!
01-01 00:00:21.277 1663 1663 W Resources: Preloaded drawable resource #0x108072b (android:drawable/textfield_searchview_right_holo_light) that varies with configuration!!
01-01 00:00:21.277 1662 1662 W Resources: Preloaded drawable resource #0x108072b (android:drawable/textfield_searchview_right_holo_light) that varies with configuration!!
01-01 00:00:21.277 1663 1663 W Resources: Preloaded drawable resource #0x1080726 (android:drawable/textfield_search_selected_holo_dark) that varies with configuration!!
01-01 00:00:21.277 1662 1662 W Resources: Preloaded drawable resource #0x1080726 (android:drawable/textfield_search_selected_holo_dark) that varies with configuration!!
01-01 00:00:21.278 1663 1663 W Resources: Preloaded drawable resource #0x1080718 (android:drawable/textfield_search_default_holo_dark) that varies with configuration!!
01-01 00:00:21.278 1662 1662 W Resources: Preloaded drawable resource #0x1080718 (android:drawable/textfield_search_default_holo_dark) that varies with configuration!!
01-01 00:00:21.278 1662 1662 W Resources: Preloaded drawable resource #0x1080723 (android:drawable/textfield_search_right_selected_holo_dark) that varies with configuration!!
01-01 00:00:21.278 1663 1663 W Resources: Preloaded drawable resource #0x1080723 (android:drawable/textfield_search_right_selected_holo_dark) that varies with configuration!!
01-01 00:00:21.279 1663 1663 W Resources: Preloaded drawable resource #0x1080721 (android:drawable/textfield_search_right_default_holo_dark) that varies with configuration!!
01-01 00:00:21.279 1662 1662 W Resources: Preloaded drawable resource #0x1080721 (android:drawable/textfield_search_right_default_holo_dark) that varies with configuration!!
01-01 00:00:21.280 1663 1663 W Resources: Preloaded drawable resource #0x1080727 (android:drawable/textfield_search_selected_holo_light) that varies with configuration!!
01-01 00:00:21.280 1662 1662 W Resources: Preloaded drawable resource #0x1080727 (android:drawable/textfield_search_selected_holo_light) that varies with configuration!!
01-01 00:00:21.280 1663 1663 W Resources: Preloaded drawable resource #0x1080719 (android:drawable/textfield_search_default_holo_light) that varies with configuration!!
01-01 00:00:21.280 1662 1662 W Resources: Preloaded drawable resource #0x1080719 (android:drawable/textfield_search_default_holo_light) that varies with configuration!!
01-01 00:00:21.281 1663 1663 W Resources: Preloaded drawable resource #0x1080724 (android:drawable/textfield_search_right_selected_holo_light) that varies with configuration!!
01-01 00:00:21.281 1662 1662 W Resources: Preloaded drawable resource #0x1080724 (android:drawable/textfield_search_right_selected_holo_light) that varies with configuration!!
01-01 00:00:21.281 1663 1663 W Resources: Preloaded drawable resource #0x1080722 (android:drawable/textfield_search_right_default_holo_light) that varies with configuration!!
01-01 00:00:21.281 1662 1662 W Resources: Preloaded drawable resource #0x1080722 (android:drawable/textfield_search_right_default_holo_light) that varies with configuration!!
01-01 00:00:21.284 1663 1663 W Resources: Preloaded drawable resource #0x10806e3 (android:drawable/tab_unselected_holo) that varies with configuration!!
01-01 00:00:21.284 1662 1662 W Resources: Preloaded drawable resource #0x10806e3 (android:drawable/tab_unselected_holo) that varies with configuration!!
01-01 00:00:21.285 1663 1663 W Resources: Preloaded drawable resource #0x10806de (android:drawable/tab_selected_holo) that varies with configuration!!
01-01 00:00:21.285 1662 1662 W Resources: Preloaded drawable resource #0x10806de (android:drawable/tab_selected_holo) that varies with configuration!!
01-01 00:00:21.285 1663 1663 W Resources: Preloaded drawable resource #0x10806e2 (android:drawable/tab_unselected_focused_holo) that varies with configuration!!
01-01 00:00:21.285 1662 1662 W Resources: Preloaded drawable resource #0x10806e2 (android:drawable/tab_unselected_focused_holo) that varies with configuration!!
01-01 00:00:21.286 1663 1663 W Resources: Preloaded drawable resource #0x10806dd (android:drawable/tab_selected_focused_holo) that varies with configuration!!
01-01 00:00:21.286 1662 1662 W Resources: Preloaded drawable resource #0x10806dd (android:drawable/tab_selected_focused_holo) that varies with configuration!!
01-01 00:00:21.287 1662 1662 W Resources: Preloaded drawable resource #0x10806e4 (android:drawable/tab_unselected_pressed_holo) that varies with configuration!!
01-01 00:00:21.287 1663 1663 W Resources: Preloaded drawable resource #0x10806e4 (android:drawable/tab_unselected_pressed_holo) that varies with configuration!!
01-01 00:00:21.287 1662 1662 W Resources: Preloaded drawable resource #0x10806df (android:drawable/tab_selected_pressed_holo) that varies with configuration!!
01-01 00:00:21.287 1663 1663 W Resources: Preloaded drawable resource #0x10806df (android:drawable/tab_selected_pressed_holo) that varies with configuration!!
01-01 00:00:21.288 1662 1662 W Resources: Preloaded drawable resource #0x10806e4 (android:drawable/tab_unselected_pressed_holo) that varies with configuration!!
01-01 00:00:21.288 1663 1663 W Resources: Preloaded drawable resource #0x10806e4 (android:drawable/tab_unselected_pressed_holo) that varies with configuration!!
01-01 00:00:21.289 1663 1663 W Resources: Preloaded drawable resource #0x10806df (android:drawable/tab_selected_pressed_holo) that varies with configuration!!
01-01 00:00:21.289 1662 1662 W Resources: Preloaded drawable resource #0x10806df (android:drawable/tab_selected_pressed_holo) that varies with configuration!!
01-01 00:00:21.289 1663 1663 W Resources: Preloaded drawable resource #0x10806d0 (android:drawable/tab_indicator_holo) that varies with configuration!!
01-01 00:00:21.289 1662 1662 W Resources: Preloaded drawable resource #0x10806d0 (android:drawable/tab_indicator_holo) that varies with configuration!!
01-01 00:00:21.290 1662 1662 W Resources: Preloaded drawable resource #0x10806e3 (android:drawable/tab_unselected_holo) that varies with configuration!!
01-01 00:00:21.290 1663 1663 W Resources: Preloaded drawable resource #0x10806e3 (android:drawable/tab_unselected_holo) that varies with configuration!!
01-01 00:00:21.290 1663 1663 W Resources: Preloaded drawable resource #0x10806de (android:drawable/tab_selected_holo) that varies with configuration!!
01-01 00:00:21.290 1662 1662 W Resources: Preloaded drawable resource #0x10806de (android:drawable/tab_selected_holo) that varies with configuration!!
01-01 00:00:21.291 1663 1663 W Resources: Preloaded drawable resource #0x10806e2 (android:drawable/tab_unselected_focused_holo) that varies with configuration!!
01-01 00:00:21.291 1662 1662 W Resources: Preloaded drawable resource #0x10806e2 (android:drawable/tab_unselected_focused_holo) that varies with configuration!!
01-01 00:00:21.291 1663 1663 W Resources: Preloaded drawable resource #0x10806dd (android:drawable/tab_selected_focused_holo) that varies with configuration!!
01-01 00:00:21.292 1662 1662 W Resources: Preloaded drawable resource #0x10806dd (android:drawable/tab_selected_focused_holo) that varies with configuration!!
01-01 00:00:21.292 1663 1663 W Resources: Preloaded drawable resource #0x10806e4 (android:drawable/tab_unselected_pressed_holo) that varies with configuration!!
01-01 00:00:21.292 1662 1662 W Resources: Preloaded drawable resource #0x10806e4 (android:drawable/tab_unselected_pressed_holo) that varies with configuration!!
01-01 00:00:21.293 1663 1663 W Resources: Preloaded drawable resource #0x10806df (android:drawable/tab_selected_pressed_holo) that varies with configuration!!
01-01 00:00:21.293 1662 1662 W Resources: Preloaded drawable resource #0x10806df (android:drawable/tab_selected_pressed_holo) that varies with configuration!!
01-01 00:00:21.294 1663 1663 W Resources: Preloaded drawable resource #0x1080590 (android:drawable/quickcontact_badge_overlay_pressed_dark) that varies with configuration!!
01-01 00:00:21.294 1662 1662 W Resources: Preloaded drawable resource #0x1080590 (android:drawable/quickcontact_badge_overlay_pressed_dark) that varies with configuration!!
01-01 00:00:21.295 1663 1663 W Resources: Preloaded drawable resource #0x1080587 (android:drawable/quickcontact_badge_overlay_focused_dark) that varies with configuration!!
01-01 00:00:21.295 1662 1662 W Resources: Preloaded drawable resource #0x1080587 (android:drawable/quickcontact_badge_overlay_focused_dark) that varies with configuration!!
01-01 00:00:21.296 1663 1663 W Resources: Preloaded drawable resource #0x108058c (android:drawable/quickcontact_badge_overlay_normal_dark) that varies with configuration!!
01-01 00:00:21.297 1663 1663 W Resources: Preloaded drawable resource #0x1080586 (android:drawable/quickcontact_badge_overlay_dark) that varies with configuration!!
01-01 00:00:21.297 1662 1662 W Resources: Preloaded drawable resource #0x108058c (android:drawable/quickcontact_badge_overlay_normal_dark) that varies with configuration!!
01-01 00:00:21.297 1662 1662 W Resources: Preloaded drawable resource #0x1080586 (android:drawable/quickcontact_badge_overlay_dark) that varies with configuration!!
01-01 00:00:21.298 1663 1663 W Resources: Preloaded drawable resource #0x108058c (android:drawable/quickcontact_badge_overlay_normal_dark) that varies with configuration!!
01-01 00:00:21.298 1662 1662 W Resources: Preloaded drawable resource #0x108058c (android:drawable/quickcontact_badge_overlay_normal_dark) that varies with configuration!!
01-01 00:00:21.298 1663 1663 W Resources: Preloaded drawable resource #0x1080590 (android:drawable/quickcontact_badge_overlay_pressed_dark) that varies with configuration!!
01-01 00:00:21.299 1662 1662 W Resources: Preloaded drawable resource #0x1080590 (android:drawable/quickcontact_badge_overlay_pressed_dark) that varies with configuration!!
01-01 00:00:21.300 1663 1663 W Resources: Preloaded drawable resource #0x1080592 (android:drawable/quickcontact_badge_overlay_pressed_light) that varies with configuration!!
01-01 00:00:21.300 1662 1662 W Resources: Preloaded drawable resource #0x1080592 (android:drawable/quickcontact_badge_overlay_pressed_light) that varies with configuration!!
01-01 00:00:21.301 1662 1662 W Resources: Preloaded drawable resource #0x1080589 (android:drawable/quickcontact_badge_overlay_focused_light) that varies with configuration!!
01-01 00:00:21.301 1663 1663 W Resources: Preloaded drawable resource #0x1080589 (android:drawable/quickcontact_badge_overlay_focused_light) that varies with configuration!!
01-01 00:00:21.302 1663 1663 W Resources: Preloaded drawable resource #0x108058e (android:drawable/quickcontact_badge_overlay_normal_light) that varies with configuration!!
01-01 00:00:21.302 1662 1662 W Resources: Preloaded drawable resource #0x108058e (android:drawable/quickcontact_badge_overlay_normal_light) that varies with configuration!!
01-01 00:00:21.303 1662 1662 W Resources: Preloaded drawable resource #0x108058b (android:drawable/quickcontact_badge_overlay_light) that varies with configuration!!
01-01 00:00:21.303 1663 1663 W Resources: Preloaded drawable resource #0x108058b (android:drawable/quickcontact_badge_overlay_light) that varies with configuration!!
01-01 00:00:21.303 1663 1663 W Resources: Preloaded drawable resource #0x108058e (android:drawable/quickcontact_badge_overlay_normal_light) that varies with configuration!!
01-01 00:00:21.303 1662 1662 W Resources: Preloaded drawable resource #0x108058e (android:drawable/quickcontact_badge_overlay_normal_light) that varies with configuration!!
01-01 00:00:21.304 1663 1663 W Resources: Preloaded drawable resource #0x1080592 (android:drawable/quickcontact_badge_overlay_pressed_light) that varies with configuration!!
01-01 00:00:21.304 1662 1662 W Resources: Preloaded drawable resource #0x1080592 (android:drawable/quickcontact_badge_overlay_pressed_light) that varies with configuration!!
01-01 00:00:21.306 1662 1662 W Resources: Preloaded drawable resource #0x10800b5 (android:drawable/ab_share_pack_material) that varies with configuration!!
01-01 00:00:21.306 1663 1663 W Resources: Preloaded drawable resource #0x10800b5 (android:drawable/ab_share_pack_material) that varies with configuration!!
01-01 00:00:21.317 1663 1663 W Resources: Preloaded drawable resource #0x10800ba (android:drawable/ab_solid_shadow_material) that varies with configuration!!
01-01 00:00:21.320 1662 1662 W Resources: Preloaded drawable resource #0x10800ba (android:drawable/ab_solid_shadow_material) that varies with configuration!!
01-01 00:00:21.355 1662 1662 W Resources: Preloaded drawable resource #0x1080181 (android:drawable/btn_radio_material_anim) that varies with configuration!!
01-01 00:00:21.356 1663 1663 W Resources: Preloaded drawable resource #0x1080181 (android:drawable/btn_radio_material_anim) that varies with configuration!!
01-01 00:00:21.356 1662 1662 W Resources: Preloaded drawable resource #0x10801f5 (android:drawable/btn_star_material) that varies with configuration!!
01-01 00:00:21.358 1663 1663 W Resources: Preloaded drawable resource #0x10801f5 (android:drawable/btn_star_material) that varies with configuration!!
01-01 00:00:21.358 1662 1662 W Resources: Preloaded drawable resource #0x1080250 (android:drawable/cab_background_bottom_material) that varies with configuration!!
01-01 00:00:21.359 1662 1662 W Resources: Preloaded drawable resource #0x1080254 (android:drawable/cab_background_top_material) that varies with configuration!!
01-01 00:00:21.361 1662 1662 W Resources: Preloaded drawable resource #0x10802a6 (android:drawable/edit_text_material) that varies with configuration!!
01-01 00:00:21.361 1663 1663 W Resources: Preloaded drawable resource #0x1080250 (android:drawable/cab_background_bottom_material) that varies with configuration!!
01-01 00:00:21.363 1662 1662 W Resources: Preloaded drawable resource #0x10802c2 (android:drawable/expander_group_material) that varies with configuration!!
01-01 00:00:21.363 1663 1663 W Resources: Preloaded drawable resource #0x1080254 (android:drawable/cab_background_top_material) that varies with configuration!!
01-01 00:00:21.367 1663 1663 W Resources: Preloaded drawable resource #0x10802a6 (android:drawable/edit_text_material) that varies with configuration!!
01-01 00:00:21.370 1663 1663 W Resources: Preloaded drawable resource #0x10802c2 (android:drawable/expander_group_material) that varies with configuration!!
01-01 00:00:21.372 1662 1662 W Resources: Preloaded drawable resource #0x1080329 (android:drawable/ic_commit_search_api_material) that varies with configuration!!
01-01 00:00:21.373 1662 1662 W Resources: Preloaded drawable resource #0x1080343 (android:drawable/ic_find_next_material) that varies with configuration!!
01-01 00:00:21.374 1662 1662 W Resources: Preloaded drawable resource #0x1080347 (android:drawable/ic_find_previous_material) that varies with configuration!!
01-01 00:00:21.377 1662 1662 W Resources: Preloaded drawable resource #0x1080395 (android:drawable/ic_media_route_connecting_material) that varies with configuration!!
01-01 00:00:21.377 1663 1663 W Resources: Preloaded drawable resource #0x1080329 (android:drawable/ic_commit_search_api_material) that varies with configuration!!
01-01 00:00:21.379 1663 1663 W Resources: Preloaded drawable resource #0x1080343 (android:drawable/ic_find_next_material) that varies with configuration!!
01-01 00:00:21.379 1662 1662 W Resources: Preloaded drawable resource #0x1080395 (android:drawable/ic_media_route_connecting_material) that varies with configuration!!
01-01 00:00:21.380 1663 1663 W Resources: Preloaded drawable resource #0x1080347 (android:drawable/ic_find_previous_material) that varies with configuration!!
01-01 00:00:21.380 1662 1662 W Resources: Preloaded drawable resource #0x108039b (android:drawable/ic_media_route_material) that varies with configuration!!
01-01 00:00:21.383 1662 1662 W Resources: Preloaded drawable resource #0x10803c7 (android:drawable/ic_menu_find_material) that varies with configuration!!
01-01 00:00:21.384 1663 1663 W Resources: Preloaded drawable resource #0x1080395 (android:drawable/ic_media_route_connecting_material) that varies with configuration!!
01-01 00:00:21.385 1662 1662 W Resources: Preloaded drawable resource #0x10803e4 (android:drawable/ic_menu_search_material) that varies with configuration!!
01-01 00:00:21.387 1663 1663 W Resources: Preloaded drawable resource #0x1080395 (android:drawable/ic_media_route_connecting_material) that varies with configuration!!
01-01 00:00:21.389 1663 1663 W Resources: Preloaded drawable resource #0x108039b (android:drawable/ic_media_route_material) that varies with configuration!!
01-01 00:00:21.391 1662 1662 W Resources: Preloaded drawable resource #0x108049b (android:drawable/list_section_divider_material) that varies with configuration!!
01-01 00:00:21.392 1663 1663 W Resources: Preloaded drawable resource #0x10803c7 (android:drawable/ic_menu_find_material) that varies with configuration!!
01-01 00:00:21.395 1663 1663 W Resources: Preloaded drawable resource #0x10803e4 (android:drawable/ic_menu_search_material) that varies with configuration!!
01-01 00:00:21.399 1662 1662 W Resources: Preloaded drawable resource #0x10805bf (android:drawable/ratingbar_material) that varies with configuration!!
01-01 00:00:21.401 1662 1662 W Resources: Preloaded drawable resource #0x10805c3 (android:drawable/ratingbar_small_material) that varies with configuration!!
01-01 00:00:21.403 1662 1662 W Resources: Preloaded drawable resource #0x10805be (android:drawable/ratingbar_indicator_material) that varies with configuration!!
01-01 00:00:21.403 1663 1663 W Resources: Preloaded drawable resource #0x108049b (android:drawable/list_section_divider_material) that varies with configuration!!
01-01 00:00:21.410 1662 1662 W Resources: Preloaded drawable resource #0x10802a6 (android:drawable/edit_text_material) that varies with configuration!!
01-01 00:00:21.410 1662 1662 W Resources: Preloaded drawable resource #0x1080633 (android:drawable/spinner_textfield_background_material) that varies with configuration!!
01-01 00:00:21.413 1663 1663 W Resources: Preloaded drawable resource #0x10805bf (android:drawable/ratingbar_material) that varies with configuration!!
01-01 00:00:21.415 1663 1663 W Resources: Preloaded drawable resource #0x10805c3 (android:drawable/ratingbar_small_material) that varies with configuration!!
01-01 00:00:21.418 1663 1663 W Resources: Preloaded drawable resource #0x10805be (android:drawable/ratingbar_indicator_material) that varies with configuration!!
01-01 00:00:21.424 1662 1662 W Resources: Preloaded drawable resource #0x10806a3 (android:drawable/switch_thumb_material_anim) that varies with configuration!!
01-01 00:00:21.425 1663 1663 W Resources: Preloaded drawable resource #0x10802a6 (android:drawable/edit_text_material) that varies with configuration!!
01-01 00:00:21.426 1663 1663 W Resources: Preloaded drawable resource #0x1080633 (android:drawable/spinner_textfield_background_material) that varies with configuration!!
01-01 00:00:21.428 1662 1662 W Resources: Preloaded drawable resource #0x108071f (android:drawable/textfield_search_material) that varies with configuration!!
01-01 00:00:21.429 1662 1662 W Resources: Preloaded drawable resource #0x10806ed (android:drawable/text_select_handle_left_material) that varies with configuration!!
01-01 00:00:21.429 1662 1662 W Resources: Preloaded drawable resource #0x10806f0 (android:drawable/text_select_handle_middle_material) that varies with configuration!!
01-01 00:00:21.430 1662 1662 W Resources: Preloaded drawable resource #0x10806f3 (android:drawable/text_select_handle_right_material) that varies with configuration!!
01-01 00:00:21.431 1662 1662 I Zygote : ...preloaded 342 resources in 704ms.
01-01 00:00:21.439 1662 1662 I Zygote : ...preloaded 41 resources in 8ms.
01-01 00:00:21.445 1662 1662 D libEGL : loaded /vendor/lib64/egl/libGLES_mali.so
01-01 00:00:21.445 1663 1663 W Resources: Preloaded drawable resource #0x10806a3 (android:drawable/switch_thumb_material_anim) that varies with configuration!!
01-01 00:00:21.445 1662 1662 I MaliBase: Mali libraries:
01-01 00:00:21.445 1662 1662 I MaliBase: Compiled: Feb 4 2016, time: 15:24:42.
01-01 00:00:21.445 1662 1662 I MaliBase: Driver revision: 0bc4a1ac7ab6
01-01 00:00:21.452 1663 1663 W Resources: Preloaded drawable resource #0x108071f (android:drawable/textfield_search_material) that varies with configuration!!
01-01 00:00:21.453 1663 1663 W Resources: Preloaded drawable resource #0x10806ed (android:drawable/text_select_handle_left_material) that varies with configuration!!
01-01 00:00:21.455 1663 1663 W Resources: Preloaded drawable resource #0x10806f0 (android:drawable/text_select_handle_middle_material) that varies with configuration!!
01-01 00:00:21.456 1663 1663 W Resources: Preloaded drawable resource #0x10806f3 (android:drawable/text_select_handle_right_material) that varies with configuration!!
01-01 00:00:21.457 1663 1663 I Zygote : ...preloaded 342 resources in 734ms.
01-01 00:00:21.467 1663 1663 I Zygote : ...preloaded 41 resources in 10ms.
01-01 00:00:21.484 1663 1663 D libEGL : loaded /vendor/lib/egl/libGLES_mali.so
01-01 00:00:21.494 1663 1663 I MaliBase: Mali libraries:
01-01 00:00:21.494 1663 1663 I MaliBase: Compiled: Feb 4 2016, time: 15:24:38.
01-01 00:00:21.495 1663 1663 I MaliBase: Driver revision: 0bc4a1ac7ab6
01-01 00:00:21.498 1662 1662 I Zygote : Preloading shared libraries...
01-01 00:00:21.551 1662 1662 I Zygote : Warmed up JCA providers in 28ms.
01-01 00:00:21.551 1662 1662 D Zygote : end preload
01-01 00:00:21.551 1662 1662 I art : Starting a blocking GC Explicit
01-01 00:00:21.583 1663 1663 I Zygote : Preloading shared libraries...
01-01 00:00:21.602 1662 1662 I art : Explicit concurrent mark sweep GC freed 67498(8MB) AllocSpace objects, 143(2MB) LOS objects, 40% free, 2MB/3MB, paused 322us total 50.161ms
01-01 00:00:21.617 1662 1662 I art : Starting a blocking GC Explicit
01-01 00:00:21.637 1663 1663 I Zygote : Warmed up JCA providers in 33ms.
01-01 00:00:21.638 1663 1663 D Zygote : end preload
01-01 00:00:21.638 1663 1663 I art : Starting a blocking GC Explicit
01-01 00:00:21.639 1662 1662 I art : Explicit concurrent mark sweep GC freed 8001(1105KB) AllocSpace objects, 0(0B) LOS objects, 43% free, 1347KB/2MB, paused 221us total 21.518ms
01-01 00:00:21.659 1662 1944 I art : Starting a blocking GC HeapTrim
01-01 00:00:21.664 1662 1662 I art : Starting a blocking GC Background
01-01 00:00:21.705 1663 1663 I art : Explicit concurrent mark sweep GC freed 67381(7MB) AllocSpace objects, 143(2MB) LOS objects, 39% free, 2MB/3MB, paused 530us total 67.061ms
01-01 00:00:21.720 1663 1663 I art : Starting a blocking GC Explicit
01-01 00:00:21.750 1662 1662 I Zygote : System server process 2041 has been created
01-01 00:00:21.751 1663 1663 I art : Explicit concurrent mark sweep GC freed 8001(1100KB) AllocSpace objects, 0(0B) LOS objects, 45% free, 1210KB/2MB, paused 482us total 29.940ms
01-01 00:00:21.756 1662 1662 I Zygote : Accepting command socket connections
01-01 00:00:21.747 2041 2041 I main : type=1400 audit(0.0:15): avc: denied { sys_nice } for capability=23 scontext=u:r:zygote:s0 tcontext=u:r:zygote:s0 tclass=capability permissive=1
01-01 00:00:21.774 1663 1663 I Zygote : Accepting command socket connections
01-01 00:00:21.800 2041 2041 I Zygote : Process: zygote socket opened, supported ABIS: armeabi-v7a,armeabi
01-01 00:00:21.801 2041 2041 I InstallerConnection: connecting...
01-01 00:00:21.802 1665 1665 I installd: new connection
01-01 00:00:21.844 2041 2041 I InstallerConnection: disconnecting...
01-01 00:00:21.844 1665 1665 E installd: eof
01-01 00:00:21.844 1665 1665 E installd: failed to read size
01-01 00:00:21.844 1665 1665 I installd: closing connection
01-01 00:00:21.955 2041 2041 W SystemServer: System clock is before 1970; setting to 1970.
01-01 00:00:21.960 2041 2041 I SystemServer: Entered the Android system server!
01-01 00:00:22.226 2041 2041 I SystemServiceManager: Starting com.android.server.pm.Installer
01-01 00:00:22.235 2041 2041 I Installer: Waiting for installd to be ready.
01-01 00:00:22.235 2041 2041 I InstallerConnection: connecting...
01-01 00:00:22.236 1665 1665 I installd: new connection
01-01 00:00:22.237 2041 2041 I SystemServiceManager: Starting com.android.server.am.ActivityManagerService$Lifecycle
01-01 00:00:22.318 2041 2041 I ActivityManager: Memory class: 192
01-01 00:00:22.330 2041 2055 I ServiceThread: Enabled StrictMode logging for ActivityManager looper.
01-01 00:00:22.338 2041 2056 I ServiceThread: Enabled StrictMode logging for android.ui looper.
01-01 00:00:22.406 2041 2041 D BatteryStatsImpl: Reading daily items from /data/system/batterystats-daily.xml
01-01 00:00:22.440 2041 2041 I AppOps : No existing app ops /data/system/appops.xml; starting empty
01-01 00:00:22.624 2041 2041 I IntentFirewall: Read new rules (A:0 B:0 S:0)
01-01 00:00:22.639 2041 2060 I ServiceThread: Enabled StrictMode logging for android.display looper.
01-01 00:00:22.662 2041 2041 D AppOps : AppOpsService published
01-01 00:00:22.663 2041 2041 I SystemServiceManager: Starting com.android.server.power.PowerManagerService
01-01 00:00:22.668 2041 2062 I ServiceThread: Enabled StrictMode logging for PowerManagerService looper.
01-01 00:00:22.678 2041 2041 W libsuspend: Error writing 'on' to /sys/power/state: Invalid argument
01-01 00:00:22.679 2041 2041 I libsuspend: Selected wakeup count
01-01 00:00:22.699 2041 2041 I SystemServiceManager: Starting com.android.server.lights.LightsService
01-01 00:00:22.709 2041 2041 I SystemServiceManager: Starting com.android.server.display.DisplayManagerService
01-01 00:00:22.728 2041 2041 I SystemServiceManager: Starting phase 100
01-01 00:00:22.741 2041 2060 I DisplayManagerService: Display device added: DisplayDeviceInfo{"Built-in Screen": uniqueId="local:0", 1024 x 768, modeId 1, defaultModeId 1, supportedModes [{id=1, width=1024, height=768, fps=60.000004}], colorTransformId 1, defaultColorTransformId 1, supportedColorTransforms [{id=1, colorTransform=0}], density 160, 159.5681 x 159.89508 dpi, appVsyncOff 0, presDeadline 17666666, touch INTERNAL, rotation 0, type BUILT_IN, state UNKNOWN, FLAG_DEFAULT_DISPLAY, FLAG_ROTATES_WITH_CONTENT, FLAG_SECURE, FLAG_SUPPORTS_PROTECTED_BUFFERS}
01-01 00:00:22.746 1653 1653 D SurfaceFlinger: Set power mode=2, type=0 flinger=0x7fb720dc00
01-01 00:00:22.746 1653 1653 D SurfaceFlinger: Screen type=0 is already mode=2
01-01 00:00:22.747 2041 2041 I SystemServer: StartPackageManagerService
01-01 00:00:22.747 2041 2060 I DisplayManagerService: Display device changed state: "Built-in Screen", ON
01-01 00:00:22.848 2041 2041 W SystemConfig: No directory /system/etc/sysconfig, skipping
01-01 00:00:22.979 2041 2041 D SELinuxMMAC: Using policy file /system/etc/security/mac_permissions.xml
01-01 00:00:23.162 2041 2041 E art : DexFile_getDexOptNeeded file '/system/framework/org.apache.http.legacy.jar' does not exist
01-01 00:00:23.163 2041 2041 W PackageManager: Library not found: /system/framework/org.apache.http.legacy.jar
01-01 00:00:23.219 2041 2041 E art : DexFile_getDexOptNeeded file '/system/framework/org.apache.http.legacy.jar' does not exist
01-01 00:00:23.220 2041 2041 W PackageManager: Library not found: /system/framework/org.apache.http.legacy.jar
01-01 00:00:23.763 2041 2041 D PackageManager: No files in app dir /vendor/overlay
01-01 00:00:23.773 2041 2041 W PackageManager: Failed to parse /system/framework/arm: Missing base APK in /system/framework/arm
01-01 00:00:23.774 2041 2041 W PackageManager: Failed to parse /system/framework/arm64: Missing base APK in /system/framework/arm64
01-01 00:00:23.898 2041 2041 W PackageManager: Failed to parse /system/framework/oat: Missing base APK in /system/framework/oat
01-01 00:00:24.028 2041 2041 W PackageParser: No actions in intent filter at /system/priv-app/Contacts/Contacts.apk Binary XML file line #387
01-01 00:00:24.162 2041 2041 W PackageManager: Permission android.permission.DOWNLOAD_WITHOUT_NOTIFICATION from package com.android.providers.downloads in an unknown group android.permission-group.NETWORK
01-01 00:00:24.275 2041 2041 W PackageManager: Permission com.android.launcher.permission.PRELOAD_WORKSPACE from package com.android.launcher in an unknown group android.permission-group.SYSTEM_TOOLS
01-01 00:00:24.275 2041 2041 W PackageManager: Permission com.android.launcher.permission.INSTALL_SHORTCUT from package com.android.launcher in an unknown group android.permission-group.SYSTEM_TOOLS
01-01 00:00:24.275 2041 2041 W PackageManager: Permission com.android.launcher.permission.UNINSTALL_SHORTCUT from package com.android.launcher in an unknown group android.permission-group.SYSTEM_TOOLS
01-01 00:00:24.275 2041 2041 W PackageManager: Permission com.android.launcher.permission.READ_SETTINGS from package com.android.launcher in an unknown group android.permission-group.SYSTEM_TOOLS
01-01 00:00:24.275 2041 2041 W PackageManager: Permission com.android.launcher.permission.WRITE_SETTINGS from package com.android.launcher in an unknown group android.permission-group.SYSTEM_TOOLS
01-01 00:00:24.707 2041 2041 W PackageParser: Ignoring duplicate uses-permissions/uses-permissions-sdk-m: android.permission.USE_CREDENTIALS in package: com.android.settings at: Binary XML file line #55
01-01 00:00:24.708 2041 2041 W PackageParser: Ignoring duplicate uses-permissions/uses-permissions-sdk-m: android.permission.READ_SYNC_SETTINGS in package: com.android.settings at: Binary XML file line #60
01-01 00:00:24.708 2041 2041 W PackageParser: Ignoring duplicate uses-permissions/uses-permissions-sdk-m: android.permission.WRITE_SYNC_SETTINGS in package: com.android.settings at: Binary XML file line #61
01-01 00:00:24.947 2041 2041 W PackageParser: Ignoring duplicate uses-permissions/uses-permissions-sdk-m: android.permission.INSTALL_GRANT_RUNTIME_PERMISSIONS in package: com.android.shell at: Binary XML file line #101
01-01 00:00:25.088 2041 2041 W PackageParser: Ignoring duplicate uses-permissions/uses-permissions-sdk-m: android.permission.CONFIGURE_WIFI_DISPLAY in package: com.android.systemui at: Binary XML file line #120
01-01 00:00:25.422 2041 2041 W PackageParser: Ignoring duplicate uses-permissions/uses-permissions-sdk-m: android.permission.READ_CONTACTS in package: com.android.bluetooth at: Binary XML file line #59
01-01 00:00:25.425 2041 2041 W PackageParser: No actions in intent filter at /system/app/Bluetooth/Bluetooth.apk Binary XML file line #218
01-01 00:00:25.932 2041 2041 W PackageParser: Ignoring duplicate uses-permissions/uses-permissions-sdk-m: android.permission.WRITE_CONTACTS in package: com.android.email at: Binary XML file line #40
01-01 00:00:26.075 2041 2041 W PackageParser: Unknown element under : permission at /system/app/Gallery2/Gallery2.apk Binary XML file line #244
01-01 00:00:26.075 2041 2041 W PackageParser: Unknown element under : permission at /system/app/Gallery2/Gallery2.apk Binary XML file line #247
01-01 00:00:26.829 2041 2041 D PackageManager: No files in app dir /vendor/priv-app
01-01 00:00:26.830 2041 2041 D PackageManager: No files in app dir /system/vendor/app
01-01 00:00:26.830 2041 2041 D PackageManager: No files in app dir /oem/app
01-01 00:00:26.841 2041 2041 D PackageManager: No files in app dir /data/app
01-01 00:00:26.841 2041 2041 D PackageManager: No files in app dir /data/app-private
01-01 00:00:26.842 2041 2041 W PackageManager: Package com.android.gallery3d desires unavailable shared library com.google.android.media.effects; ignoring!
01-01 00:00:26.842 2041 2041 W PackageManager: Package com.android.gallery3d desires unavailable shared library com.google.android.media.effects; ignoring!
01-01 00:00:26.842 2041 2041 I PackageManager: Adjusting ABI for : com.android.server.telecom to arm64-v8a
01-01 00:00:26.844 2041 2041 I PackageManager: Adjusting ABI for : com.android.providers.settings to arm64-v8a
01-01 00:00:26.844 2041 2041 I PackageManager: Adjusting ABI for : com.android.settings to arm64-v8a
01-01 00:00:26.845 2041 2041 I PackageManager: Adjusting ABI for : com.android.keychain to arm64-v8a
01-01 00:00:26.846 2041 2041 I PackageManager: Adjusting ABI for : com.android.inputdevices to arm64-v8a
01-01 00:00:26.847 2041 2041 I PackageManager: Adjusting ABI for : com.android.location.fused to arm64-v8a
01-01 00:00:26.850 2041 2041 I PackageManager: Time to scan packages: 3.745 seconds
01-01 00:00:26.851 2041 2041 W PackageManager: Unknown permission com.google.android.googleapps.permission.GOOGLE_AUTH in package com.android.providers.calendar
01-01 00:00:26.851 2041 2041 W PackageManager: Unknown permission com.google.android.googleapps.permission.GOOGLE_AUTH.cl in package com.android.providers.calendar
01-01 00:00:26.852 2041 2041 W PackageManager: Not granting permission android.permission.GLOBAL_SEARCH to package com.android.quicksearchbox (protectionLevel=18 flags=0x3808be45)
01-01 00:00:26.853 2041 2041 W PackageManager: Not granting permission android.permission.BIND_WALLPAPER to package com.android.camera2 (protectionLevel=18 flags=0x3058bc45)
01-01 00:00:26.853 2041 2041 W PackageManager: Unknown permission com.google.android.googleapps.permission.GOOGLE_AUTH.mail in package com.android.calendar
01-01 00:00:26.854 2041 2041 W PackageManager: Unknown permission com.google.android.permission.INSTALL_WEARABLE_PACKAGES in package com.android.packageinstaller
01-01 00:00:26.854 2041 2041 W PackageManager: Not granting permission android.permission.DELETE_PACKAGES to package com.svox.pico (protectionLevel=18 flags=0x3808be45)
01-01 00:00:26.855 2041 2041 W PackageManager: Unknown permission android.permission.RUN_INSTRUMENTATION in package org.chromium.webview_shell
01-01 00:00:26.855 2041 2041 W PackageManager: Unknown permission com.google.android.gallery3d.permission.PICASA_STORE in package com.android.dreams.phototable
01-01 00:00:26.855 2041 2041 W PackageManager: Unknown permission com.google.android.googleapps.permission.GOOGLE_AUTH in package com.android.settings
01-01 00:00:26.858 2041 2041 W PackageManager: Unknown permission com.google.android.gallery3d.permission.GALLERY_PROVIDER in package com.android.bluetooth
01-01 00:00:26.980 2041 2041 I art : Starting a blocking GC Explicit
01-01 00:00:27.068 2041 2041 I art : Explicit concurrent mark sweep GC freed 1055(113KB) AllocSpace objects, 2(40KB) LOS objects, 33% free, 2001KB/2MB, paused 950us total 87.966ms
01-01 00:00:27.073 2041 2041 I SystemServer: StartUserManagerService
01-01 00:00:27.102 1651 1651 I lowmemorykiller: ActivityManager connected
01-01 00:00:27.122 2041 2041 D SensorService: nuSensorService starting...
01-01 00:00:27.123 2041 2041 E SensorService: couldn't load sensors module (No such file or directory)
01-01 00:00:27.125 2041 2041 I SystemServiceManager: Starting com.android.server.BatteryService
01-01 00:00:27.131 1650 1650 I healthd : type=1400 audit(0.0:16): avc: denied { dac_override } for capability=1 scontext=u:r:healthd:s0 tcontext=u:r:healthd:s0 tclass=capability permissive=1
01-01 00:00:27.169 2041 2041 I SystemServiceManager: Starting com.android.server.usage.UsageStatsService
01-01 00:00:27.248 2041 2041 I UsageStatsService: User[0] Rollover scheduled @ 1970-01-02 00:00:00(86400000)
01-01 00:00:27.254 2041 2041 I SystemServiceManager: Starting com.android.server.webkit.WebViewUpdateService
01-01 00:00:27.264 2041 2041 I SystemServer: Reading configuration...
01-01 00:00:27.265 2041 2041 I SystemServer: StartSchedulingPolicyService
01-01 00:00:27.267 2041 2041 I SystemServiceManager: Starting com.android.server.telecom.TelecomLoaderService
01-01 00:00:27.268 2041 2041 I SystemServer: StartTelephonyRegistry
01-01 00:00:27.283 2041 2041 I SystemServer: StartEntropyMixer
01-01 00:00:27.287 2041 2041 I EntropyMixer: Writing entropy...
01-01 00:00:27.299 2041 2041 I SystemServer: Camera Service
01-01 00:00:27.300 2041 2041 I SystemServiceManager: Starting com.android.server.camera.CameraService
01-01 00:00:27.310 2041 2070 I ServiceThread: Enabled StrictMode logging for CameraService_proxy looper.
01-01 00:00:27.312 2041 2041 I SystemServer: StartAccountManagerService
01-01 00:00:27.324 2041 2041 I SystemServer: StartContentService
01-01 00:00:27.333 2041 2041 I SystemServer: InstallSystemProviders
01-01 00:00:27.356 2041 2041 W System : ClassLoader referenced unknown path: /system/priv-app/SettingsProvider/lib/arm64
01-01 00:00:27.358 2041 2041 W linker : Unable to find entries starting with "lib/arm64-v8a/" in "/system/priv-app/SettingsProvider/SettingsProvider.apk"
01-01 00:00:27.408 2041 2041 I SystemServer: StartVibratorService
01-01 00:00:27.414 2041 2041 E : Vibrator device does not exist. Cannot start vibrator
01-01 00:00:27.414 2041 2041 W VibratorService: Tried to stop vibrating but there is no vibrator device.
01-01 00:00:27.418 2041 2041 I SystemServer: StartConsumerIrService
01-01 00:00:27.418 2041 2041 E ConsumerIrService: Can't open consumer IR HW Module, error: -2
01-01 00:00:27.420 2041 2041 I SystemServiceManager: Starting com.android.server.AlarmManagerService
01-01 00:00:27.436 2041 2041 I SystemServer: InitWatchdog
01-01 00:00:27.437 2041 2041 I SystemServer: StartInputManagerService
01-01 00:00:27.440 2041 2041 I InputManager: Initializing input manager, mUseDevInputEventForAudioJack=false
01-01 00:00:27.446 2041 2041 I SystemServer: StartWindowManagerService
01-01 00:00:27.506 2041 2060 I WindowManager: No existing display settings /data/system/display_settings.xml; starting empty
01-01 00:00:27.590 2041 2041 I InputManager: Starting input manager
01-01 00:00:27.594 2041 2077 D EventHub: No input device configuration file found for device 'HISI 65xx PowerOn Key'.
01-01 00:00:27.594 2041 2041 I SystemServiceManager: Starting com.android.server.BluetoothService
01-01 00:00:27.604 2041 2077 W EventHub: Unable to disable kernel key repeat for /dev/input/event0: Function not implemented
01-01 00:00:27.604 2041 2077 I EventHub: New device: id=1, fd=84, path='/dev/input/event0', name='HISI 65xx PowerOn Key', classes=0x1, configuration='', keyLayout='/system/usr/keylayout/Generic.kl', keyCharacterMap='/system/usr/keychars/Generic.kcm', builtinKeyboard=false, wakeMechanism=EPOLLWAKEUP, usingClockIoctl=true
01-01 00:00:27.604 2041 2077 E EventHub: could not get driver version for /dev/input/mice, Not a typewriter
01-01 00:00:27.612 2041 2041 D BluetoothService: onStart: publishing BluetoothManagerService
01-01 00:00:27.613 2041 2041 I SystemServer: StartInputMethodManagerService
01-01 00:00:27.634 2041 2077 I InputReader: Device added: id=-1, name='Virtual', sources=0x00000301
01-01 00:00:27.640 2041 2077 I InputReader: Device added: id=1, name='HISI 65xx PowerOn Key', sources=0x00000101
01-01 00:00:27.643 2041 2051 I art : Background partial concurrent mark sweep GC freed 3124(295KB) AllocSpace objects, 2(40KB) LOS objects, 33% free, 2MB/3MB, paused 7.224ms total 51.176ms
01-01 00:00:27.697 2041 2041 I SystemServer: StartAccessibilityManagerService
01-01 00:00:27.714 2041 2041 I ActivityManager: Config changes=1df8 {1.0 ?mcc?mnc en_US ldltr sw768dp w1024dp h768dp 160dpi xlrg land ?uimode ?night -touch -keyb/v/h -nav/h s.2}
01-01 00:00:27.719 2041 2077 I InputReader: Reconfiguring input devices. changes=0x00000004
01-01 00:00:27.734 2041 2041 I ActivityManager: Config changes=400 {1.0 ?mcc?mnc en_US ldltr sw768dp w1024dp h696dp 160dpi xlrg land ?uimode ?night -touch -keyb/v/h -nav/h s.3}
01-01 00:00:27.737 2041 2041 I SystemServiceManager: Starting com.android.server.MountService$Lifecycle
01-01 00:00:27.748 2041 2060 E DisplayEventDispatcher: dispatcher 0x7fad04a1e0 ~ Vsync pulse: timestamp=21833, id=0, count=1
01-01 00:00:27.757 2041 2078 D MountService: Thinking about reset, mSystemReady=false, mDaemonConnected=true
01-01 00:00:27.757 2041 2078 D MountService: Thinking about reset, mSystemReady=false, mDaemonConnected=true
01-01 00:00:27.757 2041 2078 D CryptdConnector: SND -> {1 cryptfs getfield SystemLocale}
01-01 00:00:27.759 2041 2041 I SystemServiceManager: Starting com.android.server.UiModeManagerService
01-01 00:00:27.759 1646 1740 I Ext4Crypt: ext4 crypto complete called on /data
01-01 00:00:27.759 1646 1740 I Ext4Crypt: No master key, so not ext4enc
01-01 00:00:27.760 2041 2080 D CryptdConnector: RCV <- {200 1 -1}
01-01 00:00:27.762 2041 2041 I ActivityManager: Config changes=200 {1.0 ?mcc?mnc en_US ldltr sw768dp w1024dp h696dp 160dpi xlrg land -touch -keyb/v/h -nav/h s.4}
01-01 00:00:27.764 2041 2060 E DisplayEventDispatcher: dispatcher 0x7fad04a1e0 ~ Vsync pulse: timestamp=21849, id=0, count=2
01-01 00:00:27.764 2041 2078 W MountService: No primary storage mounted!
01-01 00:00:27.765 2041 2078 D VoldConnector: SND -> {1 asec list}
01-01 00:00:27.766 2041 2041 I SystemServer: StartLockSettingsService
01-01 00:00:27.767 2041 2079 D VoldConnector: RCV <- {200 1 asec operation succeeded}
01-01 00:00:27.768 2041 2078 I PackageManager: No secure containers found
01-01 00:00:27.768 2041 2078 W PackageManager: Unknown permission com.google.android.googleapps.permission.GOOGLE_AUTH in package com.android.providers.calendar
01-01 00:00:27.768 2041 2078 W PackageManager: Unknown permission com.google.android.googleapps.permission.GOOGLE_AUTH.cl in package com.android.providers.calendar
01-01 00:00:27.769 2041 2078 W PackageManager: Not granting permission android.permission.GLOBAL_SEARCH to package com.android.quicksearchbox (protectionLevel=18 flags=0x3808be45)
01-01 00:00:27.769 2041 2078 W PackageManager: Not granting permission android.permission.BIND_WALLPAPER to package com.android.camera2 (protectionLevel=18 flags=0x3058bc45)
01-01 00:00:27.769 2041 2078 W PackageManager: Unknown permission com.google.android.googleapps.permission.GOOGLE_AUTH.mail in package com.android.calendar
01-01 00:00:27.770 2041 2078 W PackageManager: Unknown permission com.google.android.permission.INSTALL_WEARABLE_PACKAGES in package com.android.packageinstaller
01-01 00:00:27.770 2041 2078 W PackageManager: Not granting permission android.permission.DELETE_PACKAGES to package com.svox.pico (protectionLevel=18 flags=0x3808be45)
01-01 00:00:27.770 2041 2078 W PackageManager: Unknown permission android.permission.RUN_INSTRUMENTATION in package org.chromium.webview_shell
01-01 00:00:27.771 2041 2078 W PackageManager: Unknown permission com.google.android.gallery3d.permission.PICASA_STORE in package com.android.dreams.phototable
01-01 00:00:27.771 2041 2078 W PackageManager: Unknown permission com.google.android.googleapps.permission.GOOGLE_AUTH in package com.android.settings
01-01 00:00:27.772 2041 2041 I SystemServiceManager: Starting com.android.server.DeviceIdleController
01-01 00:00:27.773 2041 2078 W PackageManager: Unknown permission com.google.android.gallery3d.permission.GALLERY_PROVIDER in package com.android.bluetooth
01-01 00:00:27.843 2041 2078 W MountService: No primary storage defined yet; hacking together a stub
01-01 00:00:27.845 2041 2078 W MountService: No primary storage defined yet; hacking together a stub
01-01 00:00:27.847 2041 2078 W MountService: No primary storage mounted!
01-01 00:00:27.847 2041 2078 D VoldConnector: SND -> {2 asec list}
01-01 00:00:27.848 2041 2079 D VoldConnector: RCV <- {200 2 asec operation succeeded}
01-01 00:00:27.854 2041 2041 I SystemServiceManager: Starting com.android.server.devicepolicy.DevicePolicyManagerService$Lifecycle
01-01 00:00:27.871 2041 2041 I SystemServer: StartStatusBarManagerService
01-01 00:00:27.879 2041 2041 I SystemServer: StartClipboardService
01-01 00:00:27.884 2041 2041 I SystemServer: StartNetworkManagementService
01-01 00:00:27.898 2041 2041 I SystemServer: StartTextServicesManagerService
01-01 00:00:27.905 2041 2041 I SystemServer: StartNetworkScoreService
01-01 00:00:27.911 2041 2041 I SystemServer: StartNetworkStatsService
01-01 00:00:27.925 2041 2041 I SystemServer: StartNetworkPolicyManagerService
01-01 00:00:28.013 2041 2041 I SystemServiceManager: Starting com.android.server.wifi.p2p.WifiP2pService
01-01 00:00:28.100 2041 2041 I WifiP2pService: Registering wifip2p
01-01 00:00:28.104 2041 2041 I SystemServiceManager: Starting com.android.server.wifi.WifiService
01-01 00:00:28.248 2041 2041 D HS20 : Passpoint is disabled
01-01 00:00:28.284 2041 2041 D WifiController: isAirplaneModeOn = false, isWifiEnabled = false, isScanningAvailable = false
01-01 00:00:28.289 2041 2041 I WifiService: Registering wifi
01-01 00:00:28.294 2041 2041 I SystemServiceManager: Starting com.android.server.wifi.WifiScanningService
01-01 00:00:28.299 2041 2041 I WifiScanningService: Creating wifiscanner
01-01 00:00:28.300 2041 2041 I WifiScanningService: Starting wifiscanner
01-01 00:00:28.304 2041 2041 I SystemServiceManager: Starting com.android.server.wifi.RttService
01-01 00:00:28.305 2041 2041 I RttService: Creating rttmanager
01-01 00:00:28.306 2041 2041 I RttService: Starting rttmanager
