05-05 21:58:00.914 591 591 I MtkCam/ppl_context: [dump]
05-05 21:58:00.914 591 591 I MtkCam/ppl_context: [dump]
05-05 21:58:00.914 591 591 I MtkCam/ppl_context: [dump] mInSelect(0)
05-05 21:58:00.914 591 591 I MtkCam/ppl_context: [dump]
05-05 21:58:00.914 591 591 I MtkCam/ppl_context: [dump] mConfigInitFrameCount=0
05-05 21:58:00.914 591 591 I MtkCam/ppl_context: [dump] mFrameCountQueued=0
05-05 21:58:00.914 591 591 I MtkCam/ppl_context: [dump] RequestNo:[-1,-1] (being) queued!
05-05 21:58:00.914 591 591 I MtkCam/ppl_context: [dump] RequestNo<=-1 (being) flushed! No flush
05-05 21:58:00.915 591 591 I mtkcam-dev3_legacy: [1-session::tryRunCommandLocked] Run command onConfigureStreamsLocked -
05-05 21:58:00.915 591 591 I SehCamDevSession@4.0-impl: [CAMKPI] camera3->configure_streams : X
05-05 21:58:00.915 591 21368 I Hal3Av3 : [createInstance] sensorIdx(1) FDNode
05-05 21:58:00.915 591 21368 I Hal3Av3 : [init] Still 3 users
05-05 21:58:00.915 681 9356 D Camera3-Device: configureStreams : stream[0] : format = 0x22, data_space = 0x0, max_buffers = 11, physical_camera_id =
05-05 21:58:00.915 591 21368 I Hal3Av3 : [init] Done m_rConfigInfo.i4SubsampleCount(1), User.count(4), User init(FDNode)
05-05 21:58:00.915 591 21367 E cam_capibitiliy: cam_capibitiliy[GetCapibility]ERR( 140):some query cmd(0x20000) is not supported. valid cmd(0x7100327f)
05-05 21:58:00.915 591 21367 E cam_capi: cam_capi[GetCapibility]ERR( 287):user:NormalPipe query fail(module:0)
05-05 21:58:00.915 591 21367 E NormalPipe: [query] some query op fail
05-05 21:58:00.915 591 21367 E NormalPipe: (query){#279:vendor/mediatek/proprietary/hardware/mtkcam/drv/src/isp/mt6768/iopipe/CamIO/NormalPipeModule.cpp}
05-05 21:58:00.915 681 9356 D Camera3-Device: CameraPerf: Connect Streams E
05-05 21:58:00.915 681 9356 I Camera3-Status: addComponent: Adding new component 2 - streamId = 0, format = 34, width = 176, height = 144, option = 0
05-05 21:58:00.915 681 9356 D Surface : Surface::connect(this=0xf2d24800,api=4)
05-05 21:58:00.915 591 21368 D AppFDFT_SW: Face Detection Version: 2006501, [83]s102s103 [87]s107s108
05-05 21:58:00.915 591 21368 D AppFDFT_SW: Secure Face Detection Version: 1919401, [83]s102s103 [87]s107s108
05-05 21:58:00.915 591 21367 I MtkCam/P1NodeImp: [check_config] [Cam::1] Cam::1 Param[N:m0,p1,c0,q0,t0,b0,a0,i0,r0,w1,v10001000_B:p1,b0,t1,h0,u0,e1,l1,r0,f0,d0,q0,c0,f0,v0,s0,LL0,SSC0,SE0,ST0,SB0x0,OI1] S(6,30,1,0,x2,2112x1584) R(0x2201-2640-4181760,1-1-1,1-0x3) D(b0,t1,h0) E(e1,l1,r0,u0,d0,q0,c0,f0,s0) M(m0x0,p0x1,c0x0,q0,t0,b1,a1,u1,d1,r0,i0,v10001000) Dm(1) Rc(0x75f2e3b400) Sh(0x0) SenCfg(0,0,0) Pool(IMG0x0,RRZ0x0,LCS0x0,RSS0x0,YUV0x0,CRZ10x0,CRZ20x0) MetaInAPP_0:0x80000000 MetaInHAL_1:0x100000012 MetaOutAPP_2:0x10000001c MetaOutHAL_3:0x100000015 ImgOutIMG_4:0x100000001(2112x1584)[0x2201] ImgOutRRZ_6:0x100000002(528x400)[0x2205] ImgOutLCS_7:0x100000003(384x384)[0x2401] Meta(APP:1=1,HAL:0=0) RR(25) AA(0,0-2112x1584) TS(1)
05-05 21:58:00.915 591 21368 D AppFDFT_SW: Facial Landmark Detection Version: 878 / 856 (Front/Profile)
05-05 21:58:00.915 591 21367 I MtkCam/HwUtils/ResourceConcurrency: [obtain] [mP1NodeConcurrency][Client-0] client-requested , state(1)
05-05 21:58:00.915 591 21367 I MtkCam/HwUtils/ResourceConcurrency: [acquire] [mP1NodeConcurrency][Client-0] acquire resource directly
05-05 21:58:00.915 591 21368 D FD_CORE : [AppFDFT_SW] g_maxExtra: 3
05-05 21:58:00.915 591 21369 I MtkCam/P2/StreamingNode: [init] P2S cam 1: init lock +
05-05 21:58:00.915 591 21369 I MtkCam/P2/StreamingNode: [init] P2S cam 1: init lock -
05-05 21:58:00.915 591 21369 I MtkCam/P2/DispatchProcessor: [onInit]Enable Basic/Streaming (0/1)
05-05 21:58:00.916 591 21369 I MtkCam/StreamingPipe/PipeUsage: [StreamingFeaturePipeUsage]create usage : sPure(0)
05-05 21:58:00.916 591 21367 I VHDRHal : [Init]mSensorIdx(1), VhdrHalMode(0) init
05-05 21:58:00.916 591 21367 I VHDRHal : [GetSensorStaticInfo]Sensor Static Info, previewW,H = 2592,1944
05-05 21:58:00.916 591 21367 I LMVHal : [CreateInstance]user(MtkCam/P1NodeConnectLMV),sensorId(1)
05-05 21:58:00.916 591 21367 I LMVDrv : [GetInstance]aSensorIdx(1)
05-05 21:58:00.916 591 21367 I Hal3Av3 : [createInstance] sensorIdx(1) P1Node
05-05 21:58:00.917 591 21367 I Hal3Av3 : [init] Still 4 users
05-05 21:58:00.917 591 21367 I Hal3Av3 : [init] Done m_rConfigInfo.i4SubsampleCount(1), User.count(5), User init(P1Node)
05-05 21:58:00.917 591 21370 I MtkCam/P1NodeUtility: [wait] [Cam::1] StageCtrl waiting(0)
05-05 21:58:00.917 591 21367 I Hal3ARaw: [send3ACtrl()] E3ACtrl_GetInitExpoSetting: u4SensorMode(6) u4AETargetMode(0) u4Eposuretime(40005) u4AfeGain(8552) u4Eposuretime_se(0) u4AfeGain_se(0) u4Eposuretime_me(0) u4AfeGain_me(0) u4Eposuretime_vse(0) u4AfeGain_vse(0)
05-05 21:58:00.917 591 21367 I LCSHal : [Init]mSensorIdx(1) init
05-05 21:58:00.917 591 21369 I MtkCam/StreamingPipe/Pipe: [StreamingFeaturePipe]create pipe(0x75fbbddc80): SensorIndex=1 sensorNum(1) dualMode(0),UsageMode=2 EisMode=0x0 3DNRMode=67 DSDN(mode/m,d)=(0/1,2) tsq=0 StreamingSize=528x400 Out(max/phy/large/fd/video)=(1/0/0/640x480/0x0), secType=0
05-05 21:58:00.917 591 21369 I MtkCam/StreamingPipe/Pipe: [prepareGeneralPipe]create & init DIPStream ++
05-05 21:58:00.917 591 21367 D HW_INTEG: [190310] Config sensor index = 1, mux = 0
05-05 21:58:00.917 591 21369 I DIPStream: [createInstance]createInstance DIPStream_NormalStream
05-05 21:58:00.917 591 21367 D HW_INTEG: [190310] Integration = (1, 0)
05-05 21:58:00.917 591 21367 D SeninfDrvImp: [configInputForCSI]sensor index = 1, psensorDynamicInfo->TgInfo = 1; mSeninfMuxUsed[SENINF_MUX1] =1, mSeninfMuxUsed[SENINF_MUX2] = -1
05-05 21:58:00.917 591 21367 D SeninfDrvImp: [setSeninfCSI2]mipi_type 0 CSI2_IP 2
05-05 21:58:00.917 591 21367 D SeninfDrvImp: [Efuse]CSI1 ANA08_CSI1A(0x10100e0e) ANA0C_CSI1A(0xe0e) ANA08_CSI1B(0xd0d0f0f) ANA0C_CSI1B(0x0)
05-05 21:58:00.918 591 21367 D SeninfDrvImp: [setSeninfCSI2]CSI1 offset calibration end MIPI_RX_ANA48_CSI1A 0x138, MIPI_RX_ANA48_CSI1B 0x238
05-05 21:58:00.918 591 21367 D SeninfDrvImp: [setSeninfCSI2]CSI2-1 TermDelay:0 SettleDelay:85(cnt:21) TermDelay:0 Vsync:1 LaneNum:4 NCSI2_EN:1 HeadOrder:1 ISP_clk:0 dpcm:0 skew:0
05-05 21:58:00.918 591 21367 D SeninfDrvImp: [configInputForCSI]clklevelcnt:3, traget_clk:228, mipi pixel rate 399100000
05-05 21:58:00.918 591 21367 D SeninfDrvImp: [updateIspClk]target_clk 228, new_dfs 228, original_dfs 228, sensorIdx 1
05-05 21:58:00.918 681 9356 D Camera3-OutputStream: configureConsumerQueueLocked: Consumer wants 2 buffers, HAL wants 11
05-05 21:58:00.919 681 9356 D Surface : Surface::setBufferCount(this=0xf2d24800,bufferCount=16)
05-05 21:58:00.920 681 9356 D Camera3-Device: CameraPerf: Connect Streams X
05-05 21:58:00.921 681 9356 D Camera3-Device: Set real time priority for request queue thread (tid 21358)
05-05 21:58:00.921 681 9356 D Camera3-Device: CameraPerf: configureStreamsLocked: Camera 1: Stream configuration complete
05-05 21:58:00.921 591 21369 I MtkCam/StreamingPipe/Pipe: [prepareGeneralPipe]create & init DIPStream --
05-05 21:58:00.922 1030 1061 D CameraLightSensor_Service: capture session start
05-05 21:58:00.922 591 21369 I MtkCam/StreamingPipe/TPI_MGR_Plugin: [createSession]+ sensor(#1:main=1) mask=[0x0000400c00301020] size(raw:528x400 app:176x144) margin(1.000)
05-05 21:58:00.922 591 21369 I MtkCam/ppl_plugin: [PipelinePlugin] Join: ctor(0x760819d2d8), openId:1, openId2:-1, hash:0xffffffffffff0001
05-05 21:58:00.922 591 21369 I MtkCam/ppl_plugin: [getInstance] Join: create plugin(0x760819d2d8), hash(1):0xffffffffffff0001, uniqueKey:-1, openId:1, openId2:-1, mInstances size:1
05-05 21:58:00.922 591 21369 I MtkCam/TPI_S_ASYNC: [S_ASYNC_Plugin] create S_ASYNC plugin
05-05 21:58:00.922 591 21369 I MtkCam/TPI_S_META: [S_META_Plugin] create S_META plugin
05-05 21:58:00.922 591 21369 I MtkCam/TPI_S_Disp: [S_DISP_Plugin] create S_DISP plugin
05-05 21:58:00.922 591 21369 I MtkCam/TPI_S_EISQ: [S_EISQ_Plugin] create S_EISQ plugin
05-05 21:58:00.922 591 21369 I MtkCam/TPI_S_FB: [S_FB_Plugin] create S_FB plugin
05-05 21:58:00.922 591 21369 I MtkCam/TPI_S_Green: [S_GREEN_Plugin] create S_GREEN plugin
05-05 21:58:00.922 591 21369 W StereoSettingProvider: [getStereoSensorIndex] WRN( 207):Cannot get sensor index by logical device ID 0, return 0, 2
05-05 21:58:00.922 591 21369 D MtkCam/Plugin_S_DUAL: [S_DUAL_Plugin] S_DUAL_Plugin +
05-05 21:58:00.922 591 21369 W StereoSettingProvider: [getStereoSensorIndex] WRN( 207):Cannot get sensor index by logical device ID 0, return 0, 2
05-05 21:58:00.922 591 21369 I MtkCam/Plugin_S_DUAL: [S_DUAL_Plugin] TPI create S_DUAL plugin: Tolerence:700000000, DpBit:0x0 DumpBuffer:0
05-05 21:58:00.922 591 21369 D MtkCam/Plugin_S_DUAL: [S_DUAL_Plugin] mActiveCropSift 0 375 4000 2250
05-05 21:58:00.922 591 21369 D MtkCam/Plugin_S_DUAL: [S_DUAL_Plugin] S_DUAL_Plugin -
05-05 21:58:00.922 1030 1061 D CameraLightSensor_Service: capture session finish
05-05 21:58:00.922 591 21369 D MtkCam/Plugin_S_DUAL: [set] set openID1:1 openID2:-1
05-05 21:58:00.922 1030 1061 D CameraLightSensor_Service: capture session finish - spot metering
05-05 21:58:00.922 591 21369 W StereoSettingProvider: [getStereoSensorIndex] WRN( 207):Cannot get sensor index by logical device ID 0, return 0, 2
05-05 21:58:00.922 591 21369 D MtkCam/Plugin_S_FOVA: [set] set openID1:1 openID2:-1
05-05 21:58:00.922 591 21369 I MtkCam/StreamingPipe/TPI_MGR_Plugin: [createPluginSession]negotiate[ID:1]+ [0x0000000000100000][MTK ASYNC ASD] match=1 isDualPlugin=0
05-05 21:58:00.922 591 21369 I MtkCam/StreamingPipe/TPI_MGR_Plugin: [createPluginSession]negotiate[ID:1]- name=[MTK ASYNC ASD] match=1 run=0
05-05 21:58:00.922 591 21369 I MtkCam/StreamingPipe/TPI_MGR_Plugin: [createPluginSession]negotiate[ID:2]+ [0x0000000000100000][MTK META only] match=1 isDualPlugin=0
05-05 21:58:00.922 1030 1061 D CameraLightSensor_Service: open preview start
05-05 21:58:00.922 591 21369 I MtkCam/StreamingPipe/TPI_MGR_Plugin: [createPluginSession]negotiate[ID:2]- name=[MTK META only] match=1 run=0
05-05 21:58:00.922 591 21369 I MtkCam/StreamingPipe/TPI_MGR_Plugin: [createPluginSession]negotiate[ID:3]+ [0x0000000000000020][MTK DISP] match=1 isDualPlugin=0
05-05 21:58:00.922 591 21369 I MtkCam/StreamingPipe/TPI_MGR_Plugin: [createPluginSession]negotiate[ID:3]- name=[MTK DISP] match=1 run=0
05-05 21:58:00.922 591 21369 I MtkCam/StreamingPipe/TPI_MGR_Plugin: [createPluginSession]negotiate[ID:4]+ [0x0000000000001000][MTK EISQ] match=1 isDualPlugin=0
05-05 21:58:00.922 591 21369 I MtkCam/TPI_S_EISQ: [getConfigSetting] max out size(176x144)
05-05 21:58:00.922 591 21369 I MtkCam/StreamingPipe/TPI_MGR_Plugin: [createPluginSession]negotiate[ID:4]- name=[MTK EISQ] match=1 run=0
05-05 21:58:00.922 591 21369 I MtkCam/StreamingPipe/TPI_MGR_Plugin: [createPluginSession]negotiate[ID:5]+ [0x0000000000000020][MTK FB] match=1 isDualPlugin=0
05-05 21:58:00.922 591 21369 I MtkCam/TPI_S_FB: [getConfigSetting] max out size(176x144)
05-05 21:58:00.922 591 21369 I MtkCam/StreamingPipe/TPI_MGR_Plugin: [createPluginSession]negotiate[ID:5]- name=[MTK FB] match=1 run=0
05-05 21:58:00.922 591 21369 I MtkCam/StreamingPipe/TPI_MGR_Plugin: [createPluginSession]negotiate[ID:6]+ [0x0000000000000020][MTK GREEN] match=1 isDualPlugin=0
05-05 21:58:00.922 591 21369 I MtkCam/StreamingPipe/TPI_MGR_Plugin: [createPluginSession]negotiate[ID:6]- name=[MTK GREEN] match=1 run=0
05-05 21:58:00.922 591 21369 I MtkCam/StreamingPipe/TPI_MGR_Plugin: [createPluginSession]negotiate[ID:7]+ [0x0000000000008000][MTK TK_3rdPartyPlugin] match=0 isDualPlugin=1
05-05 21:58:00.922 591 21369 I MtkCam/StreamingPipe/TPI_MGR_Plugin: [createPluginSession]negotiate[ID:7]- name=[MTK TK_3rdPartyPlugin] match=0 run=0
05-05 21:58:00.922 591 21369 I MtkCam/StreamingPipe/TPI_MGR_Plugin: [createPluginSession]negotiate[ID:8]+ [0x0000000000004000][MTK DUAL 3rdPartyPlugin] match=0 isDualPlugin=1
05-05 21:58:00.922 591 21369 I MtkCam/StreamingPipe/TPI_MGR_Plugin: [createPluginSession]negotiate[ID:8]- name=[MTK DUAL 3rdPartyPlugin] match=0 run=0
05-05 21:58:00.922 591 21369 I MtkCam/StreamingPipe/TPI_MGR_Plugin: [createPluginSession]negotiate[ID:9]+ [0x0000000000200000][MTK TK_3RD_FOVA_Plugin] match=1 isDualPlugin=0
05-05 21:58:00.922 591 21369 I MtkCam/Plugin_S_FOVA: [negotiate] Dual Feature Mode is (0)
05-05 21:58:00.922 591 21369 I MtkCam/StreamingPipe/TPI_MGR_Plugin: [createPluginSession]negotiate[ID:9]- name=[MTK TK_3RD_FOVA_Plugin] match=1 run=0
05-05 21:58:00.922 591 21369 I MtkCam/StreamingPipe/TPI_MGR_Plugin: [createSession]- ret=1
05-05 21:58:00.922 591 21369 I MtkCam/StreamingPipe/EISQControl: [init]useQ=0 tsQ=0 pSize=1 qSize=0
05-05 21:58:00.922 591 21369 I MtkCam/StreamingPipe/Pipe: [onInit]+
05-05 21:58:00.922 591 21369 I Hal3Av3 : [createInstance] sensorIdx(1) P2CamContext
05-05 21:58:00.923 591 21369 I Hal3Av3 : [init] Still 5 users
05-05 21:58:00.923 591 21369 I Hal3Av3 : [init] Done m_rConfigInfo.i4SubsampleCount(1), User.count(6), User init(P2CamContext)
05-05 21:58:00.923 591 21369 I MtkCam/StreamingPipe/Pipe: [onInit]-
05-05 21:58:00.923 591 21369 I MtkCam/StreamingPipe/Node: [enableDumpMask]fpipe.p2a current dumpMask(0xffff) prop(vendor.debug.mask.fpipe.p2a)
05-05 21:58:00.923 591 21369 I MtkCam/StreamingPipe/Node: [enableDumpMask]fpipe.p2amdp current dumpMask(0x0) prop(vendor.debug.mask.fpipe.p2amdp)
05-05 21:58:00.923 681 9356 D CameraDeviceClient: isCameraBlockedByHMT, default impl
05-05 21:58:00.923 591 21369 I Hal3Av3 : [createInstance] sensorIdx(1) p2_streaming
05-05 21:58:00.923 591 21369 I Hal3Av3 : [init] Still 6 users
05-05 21:58:00.923 591 21369 I Hal3Av3 : [init] Done m_rConfigInfo.i4SubsampleCount(1), User.count(7), User init(p2_streaming)
05-05 21:58:00.923 681 9356 D Camera3-Device: setStreamingRequestList: Enter: calling submitRequestsHelper: repeating = true
05-05 21:58:00.923 681 9356 D Camera3-Device: submitRequestsHelper: mInterfaceLock.lock()
05-05 21:58:00.923 681 9356 I Camera3-Status: markComponent: Component 1 is now active - RequestThread
05-05 21:58:00.924 1198 3839 W SensorService: sensor 00000004 already enabled in connection 0x73eb31eec0 (ignoring)
05-05 21:58:00.924 591 21369 I MtkCam/P2/P2DumpPlugin: [P2DumpPlugin]mode/start/count(0/0/0) mask: in/out(0x0/0x0)
05-05 21:58:00.924 1198 3839 D SensorService: Calling batch handle==4 flags=0 rate=10000000 timeout== 0
05-05 21:58:00.924 591 21369 I MtkCam/P2/StreamingProcessor: [needReConfig] P2S cam 1: re-config=0, EISMode(0=>0), EISFactor(100=>100), Size(528x400=>528x400)
05-05 21:58:00.924 580 656 I Sensors : sensorBatch: handle=4 period=10000000 timeout=0
05-05 21:58:00.924 591 21388 I MtkCam/P2/CaptureProcessor: [onInit] P2C cam 1: (0x760f038c70) uniqueKey:162800904
05-05 21:58:00.924 591 21388 I MtkCam/P2/CaptureProcessor: [onInit] P2C cam 1: create captureFeaturePipe, isDualCam:0, sensor count:1
05-05 21:58:00.924 591 21388 I MtkCam/P2/CaptureProcessor: [onInit] P2C cam 1: supportSceneroiFeatures:0x1024620fd dualMode:0
05-05 21:58:00.924 591 21388 I MtkCam/CapturePipe/RAWNode: [RAWNode](0x760f1bcd00) ctor
05-05 21:58:00.924 591 21388 I MtkCam/CapturePipe/MultiFrameNode: [MultiFrameNode](0x760f1bdc00) ctor
05-05 21:58:00.925 1198 3839 E SensorService: BigData:Pakage) 4 already enabled.
05-05 21:58:00.925 591 21367 D SeninfDrvImp: [calibrateSensor]pixel_rate from driver 399100000, threshold 1500000000, h 1584, w 2112, fps 300,pdaf mode 0
05-05 21:58:00.925 591 21367 D SeninfDrvImp: [calibrateSensor]mipi_pixel_rate 997750000 CSI_DESKEW_THRESHOLD 1500000000
05-05 21:58:00.925 591 21367 I Drv/HWsync: Drv/HWsync[sendCommand] mSensorIdxList.size(1)
05-05 21:58:00.925 591 21388 I MtkCam/CapturePipe/YUVNode: [YUVNode](0x760f1be100) ctor
05-05 21:58:00.925 591 21367 I Drv/HWsync: Drv/HWsync[calCurrentFps] idx(0) pclk(98150000),period(1700,2313), fps(249)
05-05 21:58:00.925 591 21367 I Drv/HWsync: Drv/HWsync[sendCommand] dev(0x2),scen(6) cFps(249), userFps(300), frmTimeDelay(2), hwsync_idx(0)
05-05 21:58:00.925 591 21388 I MtkCam/P2/CaptureProcessor: [operator()] P2C cam 1: init and set callback to CapturePipe 1
05-05 21:58:00.925 681 9356 D Camera3-Device: submitRequestsHelper: mInterfaceLock.unlock(), lastFrameNumber = 18446744073709551615
05-05 21:58:00.925 591 21388 D AppFDFT_SW: Face Detection Version: 2006501, [83]s102s103 [87]s107s108
05-05 21:58:00.925 591 21388 D AppFDFT_SW: Secure Face Detection Version: 1919401, [83]s102s103 [87]s107s108
05-05 21:58:00.925 591 21388 D AppFDFT_SW: Facial Landmark Detection Version: 878 / 856 (Front/Profile)
05-05 21:58:00.925 591 21388 D FD_CORE : [AppFDFT_SW] g_maxExtra: 3
05-05 21:58:00.925 681 21358 I Camera3-Status: markComponent: Component 2 is now active - streamId = 0, format = 34, width = 176, height = 144, option = 0
05-05 21:58:00.925 591 21388 I MtkCam/CapturePipe/RAWNode: [onInit](0x760f1bcd00) uniqueKey:162800904, sensorIndex:1, sensorIndex2:-1
05-05 21:58:00.926 591 21388 I MtkCam/CapturePipe/MultiFrameNode: [onInit](0x760f1bdc00) uniqueKey:162800904, sensorIndex:1, sensorIndex2:-1
05-05 21:58:00.926 681 21358 I Camera3-Status: markComponent: Component 0 is now active - InFlightStatus
05-05 21:58:00.926 591 21388 I MtkCam/CapturePipe/YUVNode: [onInit](0x760f1be100)(9) uniqueKey:162800904, sensorIndex:1, sensorIndex2:-1
05-05 21:58:00.926 591 591 I SehCamDevSession@4.0-impl: [CAMKPI] camera3->process_capture_request : E
05-05 21:58:00.926 591 591 D ULog : R AppRequest:0 M[CameraDevice:187001] + :mtkcam-dev3_legacy #519150
05-05 21:58:00.926 591 591 D mtkcam-AppStreamMgr: [capture intent: 1] + ULog#519151
05-05 21:58:00.926 591 591 D mtkcam-AppStreamMgr: [capture intent: 1] - ULog#519152
05-05 21:58:00.927 591 21384 I Hal3Av3 : [createInstance] sensorIdx(1) P2ANode
05-05 21:58:00.927 591 591 I mtkcam-PipelineModelSession: [submitRequest] <4Cell/1> requestNo:0 { repeating:0 control.aeTargetFpsRange:5,30 control.captureIntent:1 control.enableZsl:0 control.mode:1 control.sceneMode:1 control.videoStabilizationMode:0 edge.mode:1 }
05-05 21:58:00.927 591 21384 I Hal3Av3 : [init] Still 7 users
05-05 21:58:00.927 591 21384 I Hal3Av3 : [init] Done m_rConfigInfo.i4SubsampleCount(1), User.count(8), User init(P2ANode)
05-05 21:58:00.927 591 591 I mtkcam-FeatureSettingPolicy: [evaluateRequest] keep the first request config as default config
05-05 21:58:00.927 591 21367 E ifunc_cam: [vendor/mediatek/proprietary/hardware/mtkcam/drv/src/isp/mt6768/imageio/drv/cam/isp_function_cam.cpp, _config, line0442] ERROR: [0x0]:this->cam_top_ctl.bVBN:0
05-05 21:58:00.927 591 21367 E ifunc_cam: (_config){#442:vendor/mediatek/proprietary/hardware/mtkcam/drv/src/isp/mt6768/imageio/drv/cam/isp_function_cam.cpp}
05-05 21:58:00.928 591 21367 I chatty : uid=1047(cameraserver) provider@3.0-se identical 1 line
05-05 21:58:00.928 591 21367 E ifunc_cam: [vendor/mediatek/proprietary/hardware/mtkcam/drv/src/isp/mt6768/imageio/drv/cam/isp_function_cam.cpp, _config, line0442] ERROR: [0x0]:this->cam_top_ctl.bVBN:0
05-05 21:58:00.928 591 21367 E ifunc_cam: (_config){#442:vendor/mediatek/proprietary/hardware/mtkcam/drv/src/isp/mt6768/imageio/drv/cam/isp_function_cam.cpp}
05-05 21:58:00.928 591 591 I MtkCam/ppl_context: [waitUntilConfigDone] sendFrame: wait for pipeline config done
05-05 21:58:00.928 591 21367 I Hal3Av3 : [notifyP1PwrOn]+ notifyP1PwrOn
05-05 21:58:00.928 591 21367 I Hal3ARaw: [notifyP1PwrOn] notifyP1PwrOn
05-05 21:58:00.928 591 21367 I CcuMgr : [createInstance] CcuMgr User Cnt: 1
05-05 21:58:00.928 591 21367 I CcuMgr : [ccuInit] +
05-05 21:58:00.929 591 21367 I CcuMgr : [ccuInit] -
05-05 21:58:00.929 591 21367 D CcuMgr : [ccuBoot] +:
05-05 21:58:00.930 591 21367 D CcuDrv : CcuDrv[init] CCU_HW_BASE: 1a0b1000
05-05 21:58:00.930 591 21367 D CcuDrv : CcuDrv[init] mmap CCU_A done:0x761b75b000
05-05 21:58:00.930 591 21367 D CcuDrv : CcuDrv[init] mmap CCU_CAMSYS done:0x761b75a000
05-05 21:58:00.930 591 21367 D CcuDrv : CcuDrv[init] mmap CCU_PMEM done:0x761afc6000
05-05 21:58:00.930 591 21367 D CcuDrv : CcuDrv[init] mmap CCU_DMEM done:0x761b6af000
05-05 21:58:00.930 591 21367 D ccuaee : [CcuAeeMgrDlInit] aed dl open libaedv.so
05-05 21:58:00.931 591 21367 D ccuaee : [CcuAeeMgrDlInit] aed dl handle: 0xe59ea2afcd419835
05-05 21:58:00.931 591 21367 D ccuaee : [CcuAeeMgrDlInit] AeeSystemException func ptr: 0x76144593d0
05-05 21:58:00.931 591 21367 D CcuDrv : CcuDrv[setCcuPower] setCcuPower: setpower(1) cmd done.
05-05 21:58:00.931 591 21367 D CcuDrv : CcuDrv[init] +:loadCCUBin
05-05 21:58:00.931 546 546 E audit : type=1400 audit(1620232080.926:361177): avc: denied { read } for pid=591 comm="provider@3.0-se" name="dsms" dev="dm-4" ino=781 scontext=u:r:hal_camera_default:s0 tcontext=u:object_r:dsms_exec:s0 tclass=file permissive=0 SEPF_SM-A315F_10_0025 audit_filtered
05-05 21:58:00.931 546 546 E audit : type=1300 audit(1620232080.926:361177): arch=c00000b7 syscall=56 success=yes exit=158 a0=ffffff9c a1=760d08e62d a2=0 a3=0 items=0 ppid=1 pid=591 auid=4294967295 uid=1047 gid=1005 euid=1047 suid=1047 fsuid=1047 egid=1005 sgid=1005 fsgid=1005 tty=(none) ses=4294967295 comm="provider@3.0-se" exe="/vendor/bin/hw/vendor.samsung.hardware.camera.provider@3.0-service_64" subj=u:r:hal_camera_default:s0 key=(null)
05-05 21:58:00.931 546 546 E audit : type=1327 audit(1620232080.926:361177): proctitle="/vendor/bin/hw/vendor.samsung.hardware.camera.provider@3.0-service_64"
05-05 21:58:00.933 546 546 E audit : type=1400 audit(1620232080.930:361178): avc: denied { read } for pid=591 comm="provider@3.0-se" name="dsms" dev="dm-4" ino=781 scontext=u:r:hal_camera_default:s0 tcontext=u:object_r:dsms_exec:s0 tclass=file permissive=0 SEPF_SM-A315F_10_0025 audit_filtered
05-05 21:58:00.934 591 21367 D CcuDrv : CcuDrv[init] -:loadCCUBin
05-05 21:58:00.934 591 21367 D CcuDrv : CcuDrv[init] +:_USER_PRINTF_CCU_LOG_ create thread
05-05 21:58:00.934 591 21367 D CcuDrv : CcuDrv[createThread] ApTaskWorkerThreadLoop start
05-05 21:58:00.934 591 21367 D CcuDrv : CcuDrv[createThread] ApTaskWorkerThreadLoop duration 1.000000
05-05 21:58:00.934 591 21367 D CcuDrv : CcuDrv[init] -:_USER_PRINTF_CCU_LOG_ create thread
05-05 21:58:00.934 591 21367 D CcuDrv : CcuDrv[init] +:setCcuRun
05-05 21:58:00.934 591 21367 D CcuDrv : CcuDrv[init] -:setCcuRun
05-05 21:58:00.934 591 21367 D CcuMgr : [ccuBoot] -:
05-05 21:58:00.934 591 21367 I Hal3ARaw: [notifyP1PwrOn] m_pICcuMgr->ccuBoot() and m_pICcuMgr->ccuInit() success return true
05-05 21:58:00.934 591 21367 I Hal3Av3 : [notifyP1PwrOn]-
05-05 21:58:00.934 591 21367 I Hal3ARaw: [setSensorMode] mode(6)
05-05 21:58:00.934 591 21367 I aaa_common_custom.cpp: [cust_setSECFastAECMode] SEC.date.0325, gIsFastAECMode(0->0), sensor_mode = 6, changed by sensor idx(1)
05-05 21:58:00.934 591 21367 I Hal3Av3 : [setSensorMode] mi4SensorMode = 6
05-05 21:58:00.934 591 21367 I LMVTuning: [LMVTuning][Cam::1]LMV(1/0x75f2d52a60@0x75f2c3af00),SGG2(1@0x75f2d52d80)
05-05 21:58:00.934 591 21367 I Hal3Av3 : [createInstance] sensorIdx(1) VHDRHal
05-05 21:58:00.934 591 21367 I Hal3Av3 : [init] Still 8 users
05-05 21:58:00.934 591 21367 I Hal3Av3 : [init] Done m_rConfigInfo.i4SubsampleCount(1), User.count(9), User init(VHDRHal)
05-05 21:58:00.934 591 21367 I VHDRHal : [ConfigVHdr]setAETargetMode 0
05-05 21:58:00.935 591 21367 I MtkCam/P1NodeUtility: [done] [Cam::1] StageCtrl signal(0)
05-05 21:58:00.935 591 21367 I Hal3Av3 : [config]+ SEC date.0216, i4SubsampleCount(1) RequestCount(1)
05-05 21:58:00.935 591 21370 I MtkCam/P1NodeUtility: [wait] [Cam::1] StageCtrl wait(0) OK
05-05 21:58:00.935 591 21367 I Hal3Av3 : [config] lockConfigSend3ACtrl done
05-05 21:58:00.935 591 21367 I Hal3Av3 : [getStaticMeta] Done - get Static Meta SensorIdx(1), OpenId(1)
05-05 21:58:00.935 591 21367 D Hal3Av3 : [setupStaticInfo] +
05-05 21:58:00.935 591 21367 D Hal3Av3 : [buildSceneModeOverride] +
05-05 21:58:00.935 591 21367 D Hal3Av3 : [buildSceneModeOverride] -
05-05 21:58:00.935 591 21367 D Hal3Av3 : [setupStaticInfo] -
05-05 21:58:00.935 591 21367 I aaa_common_custom.cpp: [cust_setSECCfgInfo] date.0120, idx(1), bIsSECApplication(0->0), jpegW(0->0), jpegH(0->0)
05-05 21:58:00.935 591 21367 I Hal3Av3 : [parseConfig] Config Params: HDR mode 0, IspProf 0, MinFps 5000, MaxFps 30000, CamSv 0
05-05 21:58:00.935 591 21370 W MtkCam/ImgBuf: [IonHeap::onCreate] IonHeap@ Bad stride at 0-th plane: heapStridesInBytes(992) -> (529.066650)(pixels) -> StridesInBytes(991)
05-05 21:58:00.936 591 21367 I FlashMgrM: setManualSensitivity(): ISO(0)
05-05 21:58:00.936 591 21367 I FlickerHal: setFlickerMode(): mode change(3->0).
05-05 21:58:00.936 591 21367 I Hal3ARaw: [setSensorMode] mode(6)
05-05 21:58:00.936 591 21367 I aaa_common_custom.cpp: [cust_setSECFastAECMode] SEC.date.0325, gIsFastAECMode(0->0), sensor_mode = 6, changed by sensor idx(1)
05-05 21:58:00.937 591 21367 I Hal3AFlowCtrl: [updateTGInfo] m_i4SensorDev = 2, sensorDevId = 1, senInfo.TgInfo = 1
05-05 21:58:00.937 591 21367 I Hal3ARaw: [config]+ sensorDev(2), Mode(6)
05-05 21:58:00.937 591 21401 W nvbuf_util.cpp: [getInstance:398] getInstance, bInit(1)
05-05 21:58:00.937 591 21401 W nvbuf_util.cpp: [getBufAndReadNoLock:685] ramId(3), sensorDev(2), p(0x0), bForceRead(0) +
05-05 21:58:00.937 591 21399 W aaa_hal_sttCtrl: [isAFOEnable] disable AF
05-05 21:58:00.937 591 21401 I AfAlgoC : [initAF] version .4 20092004 20115007 8225007 9335003 8042003, param 18041618
05-05 21:58:00.938 591 21367 D SHADING_TRANS_UTIL: [compute_spline] STEP_OK
05-05 21:58:00.938 591 21401 E af_mgr_v3: WAR-ROI : [X]866 [Y]602 [W]380 [H]380 -> [X]866 [Y]602 [W]380 [H]380, [XNUM] 18->0, [YNUM] 18->0 (ConfigHWReg){#5910:vendor/mediatek/proprietary/hardware/mtkcam/aaa/source/isp_40/./af_mgr/af_mgr.cpp}
05-05 21:58:00.939 591 21367 D SHADING_TRANS_UTIL: [compute_spline] STEP_OK
05-05 21:58:00.939 591 21399 I afo_buf_mgr: [AFOBufMgrImp] IsCCUSupport(0)
05-05 21:58:00.939 591 21399 W afo_buf_mgr: [AFOBufMgrImp] disable AF
05-05 21:58:00.939 591 21399 I afo_buf_mgr: [AFOBufMgrImp] SensorDev(2) -
05-05 21:58:00.939 591 21399 I FLKOBufMgr: FLKOBufMgr(): Expo type = FLK_SENSOR_TYPE_NORMAL
05-05 21:58:00.940 591 21367 D SHADING_TRANS_UTIL: [compute_spline] STEP_OK
05-05 21:58:00.941 591 21367 D SHADING_TRANS_UTIL: [compute_spline] STEP_OK
05-05 21:58:00.941 591 21367 D AppTsf : [TsfExit] TsfExit ; ShadingVersion: 2019.0807.0919
05-05 21:58:00.941 591 21367 D utilMetCtrl: MET TAG is Disabled
05-05 21:58:00.942 591 21367 D tsf_core: [TsfCoreSetEnvInfo] 7365001 5393001 7365001 6161001 7103001 7437001 5393001
05-05 21:58:00.942 591 21367 D AppTsf : [TsfReset] TsfReset ; ShadingVersion: 2019.0807.0919
05-05 21:58:00.942 591 21367 E Hal3ARaw: SENSOR_MODE_FastAEC custom, m_i4SensorDev(2), m_u4PreSensorMode(6)
05-05 21:58:00.942 591 21367 W nvbuf_util.cpp: [getInstance:398] getInstance, bInit(1)
05-05 21:58:00.942 591 21367 W nvbuf_util.cpp: [getBufAndReadNoLock:685] ramId(1), sensorDev(2), p(0x761bfea600), bForceRead(0) +
05-05 21:58:00.942 591 21367 W nvbuf_util.cpp: [getInstance:398] getInstance, bInit(1)
05-05 21:58:00.942 591 21367 W nvbuf_util.cpp: [getBufAndReadNoLock:685] ramId(12), sensorDev(2), p(0x760b16b0c0), bForceRead(0) +
05-05 21:58:00.942 591 21367 I FlashMgrM: setBitMode(): mode(1).
05-05 21:58:00.942 591 21367 I StrobeDrvFlashlight: setCharger(): ready(1).
05-05 21:58:00.942 591 21367 I StrobeDrvFlashlight: setCharger(): time(3058592177).
05-05 21:58:00.942 591 21367 I FlashHal: setInCharge(): sensorDev(2), inCharge(1).
05-05 21:58:00.942 591 21367 I FlashMgrM: setInCharge(): sensorDev(2), inCharge(1).
05-05 21:58:00.942 591 21367 I FlickerPlatformAdapter: setWindowInfo(): sensorDev(2) sensorId(1) tg(1) tgImg(1056,1584) configImg(1053,1559) offset(0,20) win(350,518) dma(9324)
05-05 21:58:00.942 591 21367 I FlickerHal: setWindowInfo():flkHwInfo(1)
05-05 21:58:00.942 591 21367 I aaa_common_custom.cpp: [cust_initSpecialLongExpOnOff] g_bIsSpecialLongExpOn(0) AEEffectiveFrame(0)
05-05 21:58:00.942 591 21367 I Hal3ARaw: [config]- setAAOMode(1), AAWH(1056x1584), AFWH(2112x1584), enable_flk=1, BatchCount(1)
05-05 21:58:00.942 591 21367 I Hal3ARaw: [send3ACtrl()] m_bCCUEn:0
05-05 21:58:00.942 591 21367 I Hal3AFlowCtrl: [config()] m_bTgIntAEEn:0, TG_INT_AE_RATIO:0.600000
05-05 21:58:00.942 591 21367 I Hal3Av3 : [config]- mMapMat size(1)
05-05 21:58:00.943 591 21367 I LCSHal : [GetSensorInfo]Sensor Static Info, previewW,H = 2592,1944,
05-05 21:58:00.943 591 21367 I Hal3Av3 : [createInstance] sensorIdx(1) LCSHal
05-05 21:58:00.943 591 21367 I Hal3Av3 : [init] Still 9 users
05-05 21:58:00.943 591 21367 I Hal3Av3 : [init] Done m_rConfigInfo.i4SubsampleCount(1), User.count(10), User init(LCSHal)
05-05 21:58:00.943 591 21367 I Hal3Av3 : [createInstance] sensorIdx(1) LCSDrv
05-05 21:58:00.943 591 21367 I Hal3Av3 : [init] Still 10 users
05-05 21:58:00.943 591 21367 I Hal3Av3 : [init] Done m_rConfigInfo.i4SubsampleCount(1), User.count(11), User init(LCSDrv)
05-05 21:58:00.943 591 21367 I Hal3Av3 : [start]+ sensorDev(2), sensorIdx(1), mpHal3aObj(0x760f0a9200), Clear mpResultPoolObj(0x760f074c00)
05-05 21:58:00.945 591 21367 I Hal3AFlowCtrl_thread: [sendCommand] wait ECmd_CameraPreviewStart
05-05 21:58:00.945 591 21355 I Hal3AFlowCtrl: [postCommand] Clear ResultPool
05-05 21:58:00.945 591 21355 W aaa_hal_sttCtrl: [startStt] SensorDev = 2, m_i4SttPortEnable = 15
05-05 21:58:00.947 591 21355 I Hal3ARaw: [start] +
05-05 21:58:00.947 591 21355 I FlickerHal: start(): begin. m_sensorDev(2)
05-05 21:58:00.947 591 21355 I FlickerHal: attach(): isAttach(1), count(1/1). m_sensorDev(2)
05-05 21:58:00.948 591 21355 I FlickerHal: init_algo(): sensorDev(2) sensorIdx(1) sensorMode(6) sensorType(0) initFreq(50) ratio(1) clkFreq(98150000) pixelsInLine(1700) imgH(1559) winH(518) winW(350) mUsers(1) period(1 ms)
05-05 21:58:00.948 591 21355 I FlashMgrM: getFlashMode(): mode(2).
05-05 21:58:00.948 591 21355 I Hal3ARaw: [start] Non Torch ae setStrobeMode
05-05 21:58:00.948 591 21355 I Hal3ARaw: [start] -
05-05 21:58:00.948 591 21355 I Hal3AFlowCtrl: [postCommand] Non-ECmd_Update, m_rParam.u4AeMode(1), m_rParam.i8ExposureTime(0), iValidateOpt(1)
05-05 21:58:00.948 591 21355 W TaskMgr : [sendEvent] TaskEvent:PreivewStart
05-05 21:58:00.948 591 21355 W TaskMgr : [sendEvent] Create Task(0), overridePriority(-1)
05-05 21:58:00.948 591 21355 I Hal3AFlowCtrl_thread: [onThreadLoop] SEC date.0216, post cmd(0)
05-05 21:58:00.948 591 21355 I Hal3AFlowCtrl_thread: [getCommand] mCmdQCond.wait +
05-05 21:58:00.948 591 21367 I Hal3Av3 : [start]- 2 Dummy Update Sent, sensorDev(2)
05-05 21:58:00.948 591 21355 I Hal3AFlowCtrl: [postCommand] Validate is None, m_rParam.u4AeMode(1), m_rParam.i8ExposureTime(0), iValidateOpt(0)
05-05 21:58:00.948 591 21367 I MtkCam/P1NodeUtility: [wait] [Cam::1] StageCtrl wait(1) OK
05-05 21:58:00.949 591 21367 W Hal3Av3 : [send3ACtrl] pMetaResult is NULL
05-05 21:58:00.950 591 21367 I MtkCam/P1NodeImp: [hardwareOps_start] [Cam::1] End - Cam::1 Sensor(2112x1584)(27435557ns) Raw(1,0x3)-Proc(2112x1584)-Pure(2112x1584) Bin(2112x1584) BinEn=0 TG(0:0) DTwin(1@1)=0 LSM(0) QLV(2) Ratio(25) SensorCfg(T:0 i:1 2112x1584 s:6 b:0 c:1, h:0 f:30 t:0 d:0) ConfigPort[4]:(0xf) InitParam[R:0 B:10 D:1 Nd:0 Ul:0 Pb:1 Rc:x0 Dt:0 Iq:2 F(DataPattern:x0 OffBin:x1 SensorNum:x0 RAW:x10 DropCompensate 1)]AE(Ep:40005 Afe:8552 Ep_se:0 Afe_se:0 Ep_me:0 Afe_me:0 Ep_vse:0 Afe_vse:0)
05-05 21:58:00.950 591 591 I MtkCam/ppl_context: [waitUntilConfigDone] sendFrame: pipeline config done - err:0
05-05 21:58:00.951 591 591 I Hal3ARaw: [220751263] Dev(2) i4FrameNum(0) MasterIdx = 0, SlaveIdx = 0, m_bIsSkipSync3A(0) rNewParam(0,0,0)(0,0)
05-05 21:58:00.951 591 591 I aaa_common_custom.cpp: [cust_ChangeTableByCond]Sensor_idx = 1 ,SHOOTING_MODE = 30,SceneMode = 1, fpsRange=[5-30], HalFps=[5000-30000]
05-05 21:58:00.951 591 591 I aaa_common_custom.cpp: [cust_ChangeSceneBy3rdpartyApp]VT_MODE = 0 ,MinFps = 5000,MaxFps = 30000,SceneMode = 1
05-05 21:58:00.951 591 591 E ae_mgr : Unsupport AE Metering Mode: 5
05-05 21:58:00.951 591 591 E ae_mgr : (setAEMeteringMode){#1410:vendor/mediatek/proprietary/hardware/mtkcam/aaa/source/isp_40/ae_mgr/ae_mgr.cpp}
05-05 21:58:00.954 591 591 I aaa_common_custom.cpp: [Scenario4AE]Sensor_idx = 6 ,SHOOTING_MODE = 30
05-05 21:58:00.954 591 591 I FlashMgrM: setManualExposureTime(): manualExp(0).
05-05 21:58:00.954 591 591 I FlashMgrM: setManualSensitivity(): ISO(100)
05-05 21:58:00.954 591 591 I FlashHal: setSubFlashCustomization(): enable(1).
05-05 21:58:00.954 591 591 I FlashHal: setTorchLevel(): level(1).
05-05 21:58:00.954 591 591 I StrobeDrvFlashlight: setDuty(): duty(4).
05-05 21:58:00.954 591 591 I FlickerHal: setFlickerMode(): mode change(0->3).
05-05 21:58:00.954 591 591 I SehCamDevSession@4.0-impl: [CAMKPI] camera3->process_capture_request : X
05-05 21:58:00.956 591 591 D ULog : R AppRequest:1 M[CameraDevice:187001] + :mtkcam-dev3_legacy #519153
05-05 21:58:00.959 591 591 D ULog : R AppRequest:2 M[CameraDevice:187001] + :mtkcam-dev3_legacy #519154
05-05 21:58:00.969 591 21355 I Hal3AFlowCtrl: [postCommand] Validate is None, m_rParam.u4AeMode(1), m_rParam.i8ExposureTime(0), iValidateOpt(0)
05-05 21:58:00.997 591 21404 I FlickerHal: update(): skip, not enough frame(1).
05-05 21:58:01.009 591 21355 E aao_buf_mgr: [updateInfo] pAEResult is NULL, set mi4EvComp as default value
05-05 21:58:01.009 591 21355 E aao_buf_mgr: (updateInfo){#597:vendor/mediatek/proprietary/hardware/mtkcam/aaa/source/isp_40/buf_mgr/AAOBufMgr.cpp}
05-05 21:58:01.009 591 21355 E aao_buf_mgr: [updateInfo] Failed to get FLASHResult for MagicNum(1)
05-05 21:58:01.009 591 21355 E aao_buf_mgr: (updateInfo){#606:vendor/mediatek/proprietary/hardware/mtkcam/aaa/source/isp_40/buf_mgr/AAOBufMgr.cpp}
05-05 21:58:01.009 591 21355 W ResultPool: [getAllResult]- Index is illegal value(-1)
05-05 21:58:01.010 591 21355 D isp_tuning_custom: [evaluate_Shading_Ratio] In case SENSOR_MODE_FOV_68. eSensorMode is 6
05-05 21:58:01.010 591 21355 D isp_tuning_custom: [Front FOV68 RA tuning][ratioMapping_frontFOV68]Sensor name: 8225
05-05 21:58:01.011 591 21355 D isp_tuning_custom: [ver0326][FOV68 RA tuning][ratioMapping_frontFOV68]RA value: 20. Iso: 519.
05-05 21:58:01.011 591 21355 D AppTsf : [TsfReset] TsfReset ; ShadingVersion: 2019.0807.0919
05-05 21:58:01.012 591 21361 I ResultPool: [convertToMetadata4AF] SEC, date.0313, check MTK_CONTROL_AF_REGIONS, array = [0, 0, 0, 0, 0], ret2(0), u1AfMode(4), ret1(1)
05-05 21:58:01.037 591 21404 I FlickerHal: update(): skip, not enough frame(2).
05-05 21:58:01.049 591 21355 I Hal3AFlowCtrl_thread: [onThreadLoop] First command from P1
05-05 21:58:01.050 591 21355 I Hal3ARaw: [220751263] Dev(2) i4FrameNum(-1) MasterIdx = 0, SlaveIdx = 0, m_bIsSkipSync3A(0) rNewParam(0,0,0)(0,0)
05-05 21:58:01.050 591 21355 I aaa_common_custom.cpp: [cust_ChangeTableByCond]Sensor_idx = 1 ,SHOOTING_MODE = 30,SceneMode = 1, fpsRange=[5-30], HalFps=[5000-30000]
05-05 21:58:01.050 591 21355 I aaa_common_custom.cpp: [cust_ChangeSceneBy3rdpartyApp]VT_MODE = 0 ,MinFps = 5000,MaxFps = 30000,SceneMode = 1
05-05 21:58:01.050 591 21355 E aao_buf_mgr: [updateInfo] pAEResult is NULL, set mi4EvComp as default value
05-05 21:58:01.050 591 21355 E aao_buf_mgr: (updateInfo){#597:vendor/mediatek/proprietary/hardware/mtkcam/aaa/source/isp_40/buf_mgr/AAOBufMgr.cpp}
05-05 21:58:01.050 591 21355 E aao_buf_mgr: [updateInfo] Failed to get FLASHResult for MagicNum(1)
05-05 21:58:01.050 591 21355 E aao_buf_mgr: (updateInfo){#606:vendor/mediatek/proprietary/hardware/mtkcam/aaa/source/isp_40/buf_mgr/AAOBufMgr.cpp}
05-05 21:58:01.050 591 21355 W ResultPool: [getAllResult]- Index is illegal value(-1)
05-05 21:58:01.051 591 21355 D isp_tuning_custom: [evaluate_Shading_Ratio] In case SENSOR_MODE_FOV_68. eSensorMode is 6
05-05 21:58:01.051 591 21355 D isp_tuning_custom: [Front FOV68 RA tuning][ratioMapping_frontFOV68]Sensor name: 8225
05-05 21:58:01.051 591 21355 D isp_tuning_custom: [ver0326][FOV68 RA tuning][ratioMapping_frontFOV68]RA value: 20. Iso: 522.
05-05 21:58:01.052 591 21361 I ResultPool: [convertToMetadata4AF] SEC, date.0313, check MTK_CONTROL_AF_REGIONS, array = [0, 0, 0, 0, 0], ret2(0), u1AfMode(4), ret1(1)
05-05 21:58:01.053 591 591 D ULog : R AppRequest:3 M[CameraDevice:187001] + :mtkcam-dev3_legacy #519155
05-05 21:58:01.070 1198 7565 E WifiVendorHal: getWifiLinkLayerStats_1_3_Internal(l.934) failed {.code = ERROR_NOT_SUPPORTED, .description = }
05-05 21:58:01.080 7710 7710 D SecStatusBarWifiView: updateState: WifiIconState(resId=2131232730, visible=true, activityId=2131232751)
05-05 21:58:01.081 7710 7764 D Tile.WifiTile: handleUpdateState isTransient=false transientEnabling =false cb.isTransient=false state.state = 2 mStateBeforeClick.value =false enabled =true
05-05 21:58:01.089 591 21355 I Hal3ARaw: [220751263] Dev(2) i4FrameNum(-1) MasterIdx = 0, SlaveIdx = 0, m_bIsSkipSync3A(0) rNewParam(0,0,0)(0,0)
05-05 21:58:01.090 591 21355 I aaa_common_custom.cpp: [cust_ChangeTableByCond]Sensor_idx = 1 ,SHOOTING_MODE = 30,SceneMode = 1, fpsRange=[5-30], HalFps=[5000-30000]
05-05 21:58:01.090 591 21355 I aaa_common_custom.cpp: [cust_ChangeSceneBy3rdpartyApp]VT_MODE = 0 ,MinFps = 5000,MaxFps = 30000,SceneMode = 1
05-05 21:58:01.090 591 21355 E aao_buf_mgr: [updateInfo] pAEResult is NULL, set mi4EvComp as default value
05-05 21:58:01.090 591 21355 E aao_buf_mgr: (updateInfo){#597:vendor/mediatek/proprietary/hardware/mtkcam/aaa/source/isp_40/buf_mgr/AAOBufMgr.cpp}
05-05 21:58:01.090 591 21355 E aao_buf_mgr: [updateInfo] Failed to get FLASHResult for MagicNum(1)
05-05 21:58:01.090 591 21355 E aao_buf_mgr: (updateInfo){#606:vendor/mediatek/proprietary/hardware/mtkcam/aaa/source/isp_40/buf_mgr/AAOBufMgr.cpp}
05-05 21:58:01.090 591 21355 W ResultPool: [getAllResult]- Index is illegal value(-1)
05-05 21:58:01.092 591 21355 D isp_tuning_custom: [evaluate_Shading_Ratio] In case SENSOR_MODE_FOV_68. eSensorMode is 6
05-05 21:58:01.092 591 21355 D isp_tuning_custom: [Front FOV68 RA tuning][ratioMapping_frontFOV68]Sensor name: 8225
05-05 21:58:01.092 591 21355 D isp_tuning_custom: [ver0326][FOV68 RA tuning][ratioMapping_frontFOV68]RA value: 20. Iso: 526.
05-05 21:58:01.092 591 591 D ULog : R AppRequest:4 M[CameraDevice:187001] + :mtkcam-dev3_legacy #519156
05-05 21:58:01.092 591 21361 I ResultPool: [convertToMetadata4AF] SEC, date.0313, check MTK_CONTROL_AF_REGIONS, array = [0, 0, 0, 0, 0], ret2(0), u1AfMode(4), ret1(1)
05-05 21:58:01.096 616 2238 I BufferQueueProducer: [StatusBar$_7710#0](this:0x71656f4800,id:7,api:0,p:-1,c:616) queueBuffer: fps=2.38 dur=1677.94 max=1055.00 min=5.98
05-05 21:58:01.103 574 574 I hwcomposer: [HWCDisplay] [Display_0 (type:1)] fps:2.390054,dur:1673.60,max:1036.32,min:16.93
05-05 21:58:01.111 1198 1027 D MotionRecognitionService: values = 50.0
05-05 21:58:01.111 1198 1027 D MotionRecognitionService: onReceive lux: 50.0 action:
05-05 21:58:01.111 1198 1027 D MotionRecognitionService: Inject brightness form Cam 50.0
05-05 21:58:01.111 1198 1027 D MotionRecognitionService: Inject calibrated lux
05-05 21:58:01.112 580 656 I Sensors : AutoBrightnessSensor::inject_sensor_data: cam_lux 50
05-05 21:58:01.118 681 899 I CameraService: updateProxyDeviceState: notifyCameraState for Camera ID 1, newState 1, facing 1, clientName com.samsung.adaptivebrightnessgo, apiLevel 2
05-05 21:58:01.119 9371 11469 I CameraManagerGlobal: Camera 1 facing CAMERA_FACING_FRONT state now CAMERA_STATE_ACTIVE for client com.samsung.adaptivebrightnessgo API Level 2
05-05 21:58:01.119 1030 4685 I CameraManagerGlobal: Camera 1 facing CAMERA_FACING_FRONT state now CAMERA_STATE_ACTIVE for client com.samsung.adaptivebrightnessgo API Level 2
05-05 21:58:01.119 7710 28497 I CameraManagerGlobal: Camera 1 facing CAMERA_FACING_FRONT state now CAMERA_STATE_ACTIVE for client com.samsung.adaptivebrightnessgo API Level 2
05-05 21:58:01.119 591 21384 W MtkCam/StreamingPipe/P2A_3DNR: [prepare3DNR]3dnr->do3dnrFlow failed
05-05 21:58:01.124 681 899 D Camera3-OutputStream: returnBufferCheckedLocked: First frame for stream 0, width 176, height 144, format 34
05-05 21:58:01.124 591 21375 I FDVT_Drv: FDVT_Init, HW FD Open CLK
05-05 21:58:01.125 591 21352 D ULog : R AppRequest:0 M[CameraDevice:187001] - :mtkcam-AppStreamMgr #519157
05-05 21:58:01.125 591 21351 I SehCamDevSession@4.0-impl: [CAMKPI] camera3->process_capture_result : E
05-05 21:58:01.126 591 21351 I SehCamDevSession@4.0-impl: [CAMKPI] camera3->process_capture_result : X
05-05 21:58:01.127 591 21375 D AppFDFT_SW: isSecureFD is 0
05-05 21:58:01.127 591 21375 D utilMetCtrl: MET TAG is Disabled
05-05 21:58:01.127 591 21375 D AppFDFT_SW: [AppFDFT_SW] MajorFaceDecision: 1 (->1) SortTrigger: 0
05-05 21:58:01.127 591 21375 D AppFDFT_SW: [AppFDFT_SW]OTds: 2, OTtype: 1
05-05 21:58:01.127 591 21375 D AppFDFT_SW: [AppFDFT_SW]fd model value is 2
05-05 21:58:01.127 1030 1061 D CameraLightSensor_Service: open preview end
05-05 21:58:01.127 591 21375 D FD_CORE : [ERROR] Fd model only support 0/1 !!!
05-05 21:58:01.127 591 21375 D FD_CORE : model set to 0
05-05 21:58:01.127 591 21375 D AppFDFT_SW: SetSmoothingPara 1
05-05 21:58:01.127 591 21375 D AppFDFT_SW: [AppFDFT_SW]SmoothMode: 0, RoundXYPercent: 4, RoundSZPercent: 2
05-05 21:58:01.127 591 21375 D AppFDFT_SW: SetSmoothingPara 2
05-05 21:58:01.127 591 21375 D AppFDFT_SW: [AppFDFT_SW]SmoothMode: 0, RoundXYPercent: 4, RoundSZPercent: 2
05-05 21:58:01.127 591 21375 D AppFDFT_SW: [AppFDFT_SW]ModelVersion: 102, NewFaceReliabilityThreshold: 1800, NewFaceFrameCountSpec: 2
05-05 21:58:01.127 591 21375 D AppFDFT_SW: [AppFDFT_SW]FRAME_COUNT_TH: 3, MAX_TRACK_COUNT: 10, SilentModeFDSkipNum: 0, HistUpdateSkipNum: 1
05-05 21:58:01.127 591 21375 I MtkCam/fdNodeImp: [RunFaceDetection] check FD frame timestamp : 3058592324505000
05-05 21:58:01.127 591 21375 I MtkCam/fdNodeImp: [RunFaceDetection] check FD count : 0, duration : 0
05-05 21:58:01.129 591 21355 I Hal3ARaw: [220751263] Dev(2) i4FrameNum(-1) MasterIdx = 0, SlaveIdx = 0, m_bIsSkipSync3A(0) rNewParam(0,0,0)(0,0)
05-05 21:58:01.129 591 21355 I aaa_common_custom.cpp: [cust_ChangeTableByCond]Sensor_idx = 1 ,SHOOTING_MODE = 30,SceneMode = 1, fpsRange=[5-30], HalFps=[5000-30000]
05-05 21:58:01.129 591 21355 I aaa_common_custom.cpp: [cust_ChangeSceneBy3rdpartyApp]VT_MODE = 0 ,MinFps = 5000,MaxFps = 30000,SceneMode = 1
05-05 21:58:01.130 591 21355 D isp_tuning_custom: [evaluate_Shading_Ratio] In case SENSOR_MODE_FOV_68. eSensorMode is 6
05-05 21:58:01.130 591 21355 D isp_tuning_custom: [Front FOV68 RA tuning][ratioMapping_frontFOV68]Sensor name: 8225
05-05 21:58:01.130 591 21355 D isp_tuning_custom: [ver0326][FOV68 RA tuning][ratioMapping_frontFOV68]RA value: 20. Iso: 526.
05-05 21:58:01.131 591 21361 I ResultPool: [convertToMetadata4AF] SEC, date.0313, check MTK_CONTROL_AF_REGIONS, array = [0, 0, 0, 0, 0], ret2(0), u1AfMode(4), ret1(1)
05-05 21:58:01.132 591 591 D ULog : R AppRequest:5 M[CameraDevice:187001] + :mtkcam-dev3_legacy #519158
05-05 21:58:01.153 591 21375 I FDVT_Drv: Final: HW_NUM:0, Filter_NUM:0, SKIP_NUM:0
05-05 21:58:01.163 591 21352 D ULog : R AppRequest:1 M[CameraDevice:187001] - :mtkcam-AppStreamMgr #519159
05-05 21:58:01.163 1030 4685 I BufferQueueProducer: [SurfaceTexture-0-1030-20085](this:0x747df7c000,id:20085,api:0,p:-1,c:1030) queueBuffer: slot 0 is dropped, handle=0x7472fdc5c0
05-05 21:58:01.164 1030 1061 D CameraLightSensor_Service: open preview end
05-05 21:58:01.170 591 21355 I Hal3ARaw: [220751263] Dev(2) i4FrameNum(-1) MasterIdx = 0, SlaveIdx = 0, m_bIsSkipSync3A(0) rNewParam(0,0,0)(0,0)
05-05 21:58:01.170 591 21355 I aaa_common_custom.cpp: [cust_ChangeTableByCond]Sensor_idx = 1 ,SHOOTING_MODE = 30,SceneMode = 1, fpsRange=[5-30], HalFps=[5000-30000]
05-05 21:58:01.170 591 21355 I aaa_common_custom.cpp: [cust_ChangeSceneBy3rdpartyApp]VT_MODE = 0 ,MinFps = 5000,MaxFps = 30000,SceneMode = 1
05-05 21:58:01.171 591 591 D ULog : R AppRequest:6 M[CameraDevice:187001] + :mtkcam-dev3_legacy #519160
05-05 21:58:01.171 591 21355 D isp_tuning_custom: [evaluate_Shading_Ratio] In case SENSOR_MODE_FOV_68. eSensorMode is 6
05-05 21:58:01.172 591 21355 D isp_tuning_custom: [Front FOV68 RA tuning][ratioMapping_frontFOV68]Sensor name: 8225
05-05 21:58:01.172 591 21355 D isp_tuning_custom: [ver0326][FOV68 RA tuning][ratioMapping_frontFOV68]RA value: 20. Iso: 532.
05-05 21:58:01.172 591 21361 I ResultPool: [convertToMetadata4AF] SEC, date.0313, check MTK_CONTROL_AF_REGIONS, array = [0, 0, 0, 0, 0], ret2(0), u1AfMode(4), ret1(1)
05-05 21:58:01.202 591 21352 D ULog : R AppRequest:2 M[CameraDevice:187001] - :mtkcam-AppStreamMgr #519161
05-05 21:58:01.202 1030 4685 I BufferQueueProducer: [SurfaceTexture-0-1030-20085](this:0x747df7c000,id:20085,api:0,p:-1,c:1030) queueBuffer: slot 1 is dropped, handle=0x7473674b40
05-05 21:58:01.204 1030 1061 D CameraLightSensor_Service: open preview end
05-05 21:58:01.204 1030 1061 D CameraLightSensor_Service: wrong aEState value =1
05-05 21:58:01.210 591 21355 I Hal3ARaw: [220751263] Dev(2) i4FrameNum(-1) MasterIdx = 0, SlaveIdx = 0, m_bIsSkipSync3A(0) rNewParam(0,0,0)(0,0)
05-05 21:58:01.210 591 21355 I aaa_common_custom.cpp: [cust_ChangeTableByCond]Sensor_idx = 1 ,SHOOTING_MODE = 30,SceneMode = 1, fpsRange=[5-30], HalFps=[5000-30000]
05-05 21:58:01.210 591 21355 I aaa_common_custom.cpp: [cust_ChangeSceneBy3rdpartyApp]VT_MODE = 0 ,MinFps = 5000,MaxFps = 30000,SceneMode = 1
05-05 21:58:01.210 591 21355 D isp_tuning_custom: [evaluate_Shading_Ratio] In case SENSOR_MODE_FOV_68. eSensorMode is 6
05-05 21:58:01.211 591 21355 D isp_tuning_custom: [Front FOV68 RA tuning][ratioMapping_frontFOV68]Sensor name: 8225
05-05 21:58:01.211 591 21355 D isp_tuning_custom: [ver0326][FOV68 RA tuning][ratioMapping_frontFOV68]RA value: 20. Iso: 536.
05-05 21:58:01.211 591 591 D ULog : R AppRequest:7 M[CameraDevice:187001] + :mtkcam-dev3_legacy #519162
05-05 21:58:01.211 591 21361 I ResultPool: [convertToMetadata4AF] SEC, date.0313, check MTK_CONTROL_AF_REGIONS, array = [0, 0, 0, 0, 0], ret2(0), u1AfMode(4), ret1(1)
05-05 21:58:01.225 591 21375 I FDVT_Drv: Final: HW_NUM:0, Filter_NUM:0, SKIP_NUM:0
05-05 21:58:01.242 591 21352 D ULog : R AppRequest:3 M[CameraDevice:187001] - :mtkcam-AppStreamMgr #519163
05-05 21:58:01.242 1030 4685 I BufferQueueProducer: [SurfaceTexture-0-1030-20085](this:0x747df7c000,id:20085,api:0,p:-1,c:1030) queueBuffer: slot 2 is dropped, handle=0x7473675a40
05-05 21:58:01.244 1030 1061 D CameraLightSensor_Service: open preview end
05-05 21:58:01.244 1030 1061 D CameraLightSensor_Service: wrong aEState value =1
05-05 21:58:01.250 591 21355 I Hal3ARaw: [220751263] Dev(2) i4FrameNum(-1) MasterIdx = 0, SlaveIdx = 0, m_bIsSkipSync3A(0) rNewParam(0,0,0)(0,0)
05-05 21:58:01.250 591 21355 I aaa_common_custom.cpp: [cust_ChangeTableByCond]Sensor_idx = 1 ,SHOOTING_MODE = 30,SceneMode = 1, fpsRange=[5-30], HalFps=[5000-30000]
05-05 21:58:01.250 591 21355 I aaa_common_custom.cpp: [cust_ChangeSceneBy3rdpartyApp]VT_MODE = 0 ,MinFps = 5000,MaxFps = 30000,SceneMode = 1
05-05 21:58:01.251 591 21355 D isp_tuning_custom: [evaluate_Shading_Ratio] In case SENSOR_MODE_FOV_68. eSensorMode is 6
05-05 21:58:01.251 591 21355 D isp_tuning_custom: [Front FOV68 RA tuning][ratioMapping_frontFOV68]Sensor name: 8225
05-05 21:58:01.251 591 21355 D isp_tuning_custom: [ver0326][FOV68 RA tuning][ratioMapping_frontFOV68]RA value: 20. Iso: 536.
05-05 21:58:01.251 591 591 D ULog : R AppRequest:8 M[CameraDevice:187001] + :mtkcam-dev3_legacy #519164
05-05 21:58:01.251 591 21361 I ResultPool: [convertToMetadata4AF] SEC, date.0313, check MTK_CONTROL_AF_REGIONS, array = [0, 0, 0, 0, 0], ret2(0), u1AfMode(4), ret1(1)
05-05 21:58:01.282 591 21352 D ULog : R AppRequest:4 M[CameraDevice:187001] - :mtkcam-AppStreamMgr #519165
05-05 21:58:01.283 1030 4685 I BufferQueueProducer: [SurfaceTexture-0-1030-20085](this:0x747df7c000,id:20085,api:0,p:-1,c:1030) queueBuffer: slot 3 is dropped, handle=0x7473676440
05-05 21:58:01.284 1030 1061 D CameraLightSensor_Service: open preview end
05-05 21:58:01.284 1030 1061 D CameraLightSensor_Service: wrong aEState value =1
05-05 21:58:01.290 591 21355 I Hal3ARaw: [220751263] Dev(2) i4FrameNum(-1) MasterIdx = 0, SlaveIdx = 0, m_bIsSkipSync3A(0) rNewParam(0,0,0)(0,0)
05-05 21:58:01.290 591 21355 I aaa_common_custom.cpp: [cust_ChangeTableByCond]Sensor_idx = 1 ,SHOOTING_MODE = 30,SceneMode = 1, fpsRange=[5-30], HalFps=[5000-30000]
05-05 21:58:01.290 591 21355 I aaa_common_custom.cpp: [cust_ChangeSceneBy3rdpartyApp]VT_MODE = 0 ,MinFps = 5000,MaxFps = 30000,SceneMode = 1
05-05 21:58:01.291 591 21355 D isp_tuning_custom: [evaluate_Shading_Ratio] In case SENSOR_MODE_FOV_68. eSensorMode is 6
05-05 21:58:01.291 591 21355 D isp_tuning_custom: [Front FOV68 RA tuning][ratioMapping_frontFOV68]Sensor name: 8225
05-05 21:58:01.291 591 21355 D isp_tuning_custom: [ver0326][FOV68 RA tuning][ratioMapping_frontFOV68]RA value: 20. Iso: 536.
05-05 21:58:01.291 591 591 D ULog : R AppRequest:9 M[CameraDevice:187001] + :mtkcam-dev3_legacy #519166
05-05 21:58:01.292 591 21361 I ResultPool: [convertToMetadata4AF] SEC, date.0313, check MTK_CONTROL_AF_REGIONS, array = [0, 0, 0, 0, 0], ret2(0), u1AfMode(4), ret1(1)
05-05 21:58:01.308 591 21375 I FDVT_Drv: Final: HW_NUM:0, Filter_NUM:0, SKIP_NUM:0
05-05 21:58:01.311 1198 1027 D MotionRecognitionService: values = 50.0
05-05 21:58:01.311 1198 1027 D MotionRecognitionService: onReceive lux: 50.0 action:
05-05 21:58:01.311 1198 1027 D MotionRecognitionService: Inject brightness form Cam 50.0
05-05 21:58:01.311 1198 1027 D MotionRecognitionService: Inject calibrated lux
05-05 21:58:01.312 580 656 I Sensors : AutoBrightnessSensor::inject_sensor_data: cam_lux 50
05-05 21:58:01.322 1030 4685 I BufferQueueProducer: [SurfaceTexture-0-1030-20085](this:0x747df7c000,id:20085,api:0,p:-1,c:1030) queueBuffer: slot 4 is dropped, handle=0x7473676e40
05-05 21:58:01.322 591 21352 D ULog : R AppRequest:5 M[CameraDevice:187001] - :mtkcam-AppStreamMgr #519167
05-05 21:58:01.324 1030 1061 D CameraLightSensor_Service: open preview end
05-05 21:58:01.324 1030 1061 D CameraLightSensor_Service: wrong aEState value =1
