05-05 21:58:17.298 20505 20505 W om.yeti.browse: Accessing hidden method Lsun/misc/Unsafe;->putObject(Ljava/lang/Object;JLjava/lang/Object;)V (greylist, linking, allowed)
05-05 21:58:17.299 20505 20505 W om.yeti.browse: Accessing hidden method Lsun/misc/Unsafe;->putLong(Ljava/lang/Object;JJ)V (greylist, linking, allowed)
05-05 21:58:17.302 20505 20505 W om.yeti.browse: Accessing hidden method Lsun/misc/Unsafe;->allocateInstance(Ljava/lang/Class;)Ljava/lang/Object; (greylist, linking, allowed)
05-05 21:58:17.304 20505 20505 W om.yeti.browse: Accessing hidden method Llibcore/io/Memory;->peekLong(JZ)J (greylist, reflection, allowed)
05-05 21:58:17.304 20505 20505 W om.yeti.browse: Accessing hidden method Llibcore/io/Memory;->pokeLong(JJZ)V (greylist, reflection, allowed)
05-05 21:58:17.304 20505 20505 W om.yeti.browse: Accessing hidden method Llibcore/io/Memory;->pokeInt(JIZ)V (greylist, reflection, allowed)
05-05 21:58:17.304 20505 20505 W om.yeti.browse: Accessing hidden method Llibcore/io/Memory;->peekInt(JZ)I (greylist, reflection, allowed)
05-05 21:58:17.304 20505 20505 W om.yeti.browse: Accessing hidden method Llibcore/io/Memory;->pokeByte(JB)V (greylist, reflection, allowed)
05-05 21:58:17.305 20505 20505 W om.yeti.browse: Accessing hidden method Llibcore/io/Memory;->peekByte(J)B (greylist, reflection, allowed)
05-05 21:58:17.305 20505 20505 W om.yeti.browse: Accessing hidden method Llibcore/io/Memory;->pokeByteArray(J[BII)V (greylist, reflection, allowed)
05-05 21:58:17.305 20505 20505 W om.yeti.browse: Accessing hidden method Llibcore/io/Memory;->peekByteArray(J[BII)V (greylist, reflection, allowed)
05-05 21:58:17.305 20505 20505 W om.yeti.browse: Accessing hidden method Lsun/misc/Unsafe;->arrayBaseOffset(Ljava/lang/Class;)I (greylist,core-platform-api, linking, allowed)
05-05 21:58:17.305 20505 20505 W om.yeti.browse: Accessing hidden method Lsun/misc/Unsafe;->arrayIndexScale(Ljava/lang/Class;)I (greylist, linking, allowed)
05-05 21:58:17.305 20505 20505 W om.yeti.browse: Accessing hidden method Lsun/misc/Unsafe;->getLong(Ljava/lang/Object;J)J (greylist,core-platform-api, reflection, allowed)
05-05 21:58:17.306 20505 20505 W om.yeti.browse: Accessing hidden field Ljava/nio/Buffer;->address:J (greylist, reflection, allowed)
05-05 21:58:17.306 20505 20505 W om.yeti.browse: Accessing hidden method Lsun/misc/Unsafe;->getInt(Ljava/lang/Object;J)I (greylist, reflection, allowed)
05-05 21:58:17.306 20505 20505 W om.yeti.browse: Accessing hidden method Lsun/misc/Unsafe;->putInt(Ljava/lang/Object;JI)V (greylist, reflection, allowed)
05-05 21:58:17.306 20505 20505 W om.yeti.browse: Accessing hidden method Lsun/misc/Unsafe;->getLong(Ljava/lang/Object;J)J (greylist,core-platform-api, reflection, allowed)
05-05 21:58:17.306 20505 20505 W om.yeti.browse: Accessing hidden method Lsun/misc/Unsafe;->putLong(Ljava/lang/Object;JJ)V (greylist, reflection, allowed)
05-05 21:58:17.306 20505 20505 W om.yeti.browse: Accessing hidden method Lsun/misc/Unsafe;->getObject(Ljava/lang/Object;J)Ljava/lang/Object; (greylist, reflection, allowed)
05-05 21:58:17.306 20505 20505 W om.yeti.browse: Accessing hidden method Lsun/misc/Unsafe;->putObject(Ljava/lang/Object;JLjava/lang/Object;)V (greylist, reflection, allowed)
05-05 21:58:17.308 1198 1245 I WindowManager: Reparenting to original parent: Surface(name=AppWindowToken{bc99e09 token=Token{9964310 ActivityRecord{adfcbd3 u0 com.yeti.browser/org.chromium.chrome.WelcomeScreenWithFragments t3232}}})/@0x53cb6ed, destroyLeash=true, surface=Surface(name=6db2446 com.yeti.browser/org.chromium.chrome.WelcomeScreenWithFragments)/@0xedde268
05-05 21:58:17.310 20505 20505 W om.yeti.browse: Accessing hidden method Lsun/misc/Unsafe;->getInt(Ljava/lang/Object;J)I (greylist, linking, allowed)
05-05 21:58:17.312 20505 20505 W om.yeti.browse: Accessing hidden method Lsun/misc/Unsafe;->getLong(Ljava/lang/Object;J)J (greylist,core-platform-api, linking, allowed)
05-05 21:58:17.312 20505 20505 W om.yeti.browse: Accessing hidden method Lsun/misc/Unsafe;->getObject(Ljava/lang/Object;J)Ljava/lang/Object; (greylist, linking, allowed)
05-05 21:58:17.315 20505 20505 W om.yeti.browse: Accessing hidden method Lsun/misc/Unsafe;->getLong(Ljava/lang/Object;J)J (greylist,core-platform-api, linking, allowed)
05-05 21:58:17.326 616 2238 I Layer : id=171002 removeFromCurrentState Surface(name=6db2446 com.yeti.browser/org.chromium.chrome.WelcomeScreenWithFragments)/@0xedde268 - animation-leash#0 (81)
05-05 21:58:17.327 1198 1027 D MotionRecognitionService: values = 50.0
05-05 21:58:17.327 1198 1027 D MotionRecognitionService: onReceive lux: 50.0 action:
05-05 21:58:17.327 1198 1027 D MotionRecognitionService: Inject brightness form Cam 50.0
05-05 21:58:17.327 1198 1027 D MotionRecognitionService: Inject calibrated lux
05-05 21:58:17.327 616 2238 I SurfaceFlinger: id=171002 Removed Surface(name=6db2446 com.yeti.browser/org.chromium.chrome.WelcomeScreenWithFragments)/@0xedde268 - animation-leash#0 (81)
05-05 21:58:17.328 580 580 I Sensors : AutoBrightnessSensor::inject_sensor_data: cam_lux 50
05-05 21:58:17.342 616 616 I Layer : id=171002[1] Destroyed Surface(name=6db2446 com.yeti.browser/org.chromium.chrome.WelcomeScreenWithFragments)/@0xedde268 - animation-leash#0
05-05 21:58:17.354 20505 20505 D cr_SmsProviderGms: [SmsProviderGms.java:69] Creating SmsProviderGms
05-05 21:58:17.362 20505 20505 I cr_SmsProviderGms: construction successfull org.chromium.content.browser.sms.SmsVerificationReceiver@8cbe355, org.chromium.content.browser.sms.SmsUserConsentReceiver@6d1e16a
05-05 21:58:17.417 20505 20505 D ConnectivityManager: requestNetwork; CallingUid : 10746, CallingPid : 20505
05-05 21:58:17.419 1198 7845 D ConnectivityService: requestNetwork for uid/pid:10746/20505 NetworkRequest [ TRACK_DEFAULT id=34067, [ Capabilities: INTERNET&NOT_RESTRICTED&TRUSTED Uid: 10746] ]
05-05 21:58:17.419 1198 7576 D ConnectivityService: rematching NetworkAgentInfo [WIFI () - 639]
05-05 21:58:17.419 1198 7576 D ConnectivityService: network has: [ Transports: WIFI Capabilities: NOT_METERED&INTERNET&NOT_RESTRICTED&TRUSTED&NOT_VPN&VALIDATED&NOT_ROAMING&FOREGROUND&NOT_CONGESTED&NOT_SUSPENDED LinkUpBandwidth>=1048576Kbps LinkDnBandwidth>=1048576Kbps Specifier: SignalStrength: -63 SSID: "CRAZY WOLF"]
05-05 21:58:17.420 1198 7576 D ConnectivityService: checking if request is satisfied: NetworkRequest [ TRACK_DEFAULT id=34067, [ Capabilities: INTERNET&NOT_RESTRICTED&TRUSTED Uid: 10746] ]
05-05 21:58:17.420 1198 7576 D ConnectivityService: currentScore = 0, newScore = 60
05-05 21:58:17.420 1198 7576 D ConnectivityService: rematch for NetworkAgentInfo [WIFI () - 639]
05-05 21:58:17.420 1198 7576 D ConnectivityService: accepting network in place of null
05-05 21:58:17.420 1198 7576 D ConnectivityService: sending new Min Network Score(60): NetworkRequest [ TRACK_DEFAULT id=34067, [ Capabilities: INTERNET&NOT_RESTRICTED&TRUSTED Uid: 10746] ]
05-05 21:58:17.420 1198 7565 D UntrustedWifiNetworkFactory: got request NetworkRequest [ TRACK_DEFAULT id=34067, [ Capabilities: INTERNET&NOT_RESTRICTED&TRUSTED Uid: 10746] ] with score 60 and serial -1
05-05 21:58:17.420 1198 7646 D Ethernet: got request NetworkRequest [ TRACK_DEFAULT id=34067, [ Capabilities: INTERNET&NOT_RESTRICTED&TRUSTED Uid: 10746] ] with score 60 and serial -1
05-05 21:58:17.420 1198 7646 D Ethernet: my score=110, my filter=[]
05-05 21:58:17.420 1198 7565 D UntrustedWifiNetworkFactory: my score=2147483647, my filter=[ Transports: WIFI Capabilities: NOT_METERED&INTERNET&NOT_RESTRICTED&TRUSTED&NOT_VPN&NOT_ROAMING&NOT_CONGESTED LinkUpBandwidth>=1048576Kbps LinkDnBandwidth>=1048576Kbps Specifier: ]
05-05 21:58:17.420 1198 7646 D Ethernet: evalRequest
05-05 21:58:17.420 1198 7565 D UntrustedWifiNetworkFactory: evalRequest
05-05 21:58:17.420 1198 7646 D Ethernet: n.requests = false
05-05 21:58:17.420 1198 7565 D UntrustedWifiNetworkFactory: n.requests = false
05-05 21:58:17.420 1198 7646 D Ethernet: n.score = 60
05-05 21:58:17.420 1198 7565 D UntrustedWifiNetworkFactory: n.score = 60
05-05 21:58:17.420 1198 7646 D Ethernet: mScore = 110
05-05 21:58:17.420 1198 7565 D UntrustedWifiNetworkFactory: mScore = 2147483647
05-05 21:58:17.420 1198 7646 D Ethernet: n.factorySerialNumber = -1
05-05 21:58:17.420 1198 7565 D UntrustedWifiNetworkFactory: n.factorySerialNumber = -1
05-05 21:58:17.420 1198 7646 D Ethernet: mSerialNumber = 1
05-05 21:58:17.420 1198 7565 D UntrustedWifiNetworkFactory: mSerialNumber = 6
05-05 21:58:17.420 1198 7646 D Ethernet: done
05-05 21:58:17.420 1198 7565 D UntrustedWifiNetworkFactory: needNetworkFor
05-05 21:58:17.420 20505 20505 D ConnectivityManager: requestNetwork; CallingUid : 10746, CallingPid : 20505
05-05 21:58:17.420 1198 7565 D WifiNetworkFactory: got request NetworkRequest [ TRACK_DEFAULT id=34067, [ Capabilities: INTERNET&NOT_RESTRICTED&TRUSTED Uid: 10746] ] with score 60 and serial -1
05-05 21:58:17.421 1198 7565 D WifiNetworkFactory: my score=60, my filter=[ Transports: WIFI Capabilities: NOT_METERED&INTERNET&NOT_RESTRICTED&TRUSTED&NOT_VPN&NOT_ROAMING&NOT_CONGESTED LinkUpBandwidth>=1048576Kbps LinkDnBandwidth>=1048576Kbps Specifier: ]
05-05 21:58:17.421 1198 7565 D WifiNetworkFactory: evalRequest
05-05 21:58:17.421 1198 7565 D WifiNetworkFactory: n.requests = false
05-05 21:58:17.421 1198 7565 D WifiNetworkFactory: n.score = 60
05-05 21:58:17.421 1198 7565 D WifiNetworkFactory: mScore = 60
05-05 21:58:17.421 1198 7565 D WifiNetworkFactory: n.factorySerialNumber = -1
05-05 21:58:17.421 1198 7565 D WifiNetworkFactory: mSerialNumber = 5
05-05 21:58:17.421 1198 7565 D WifiNetworkFactory: needNetworkFor
05-05 21:58:17.421 8087 8087 D PhoneSwitcherNetworkRequstListener: got request NetworkRequest [ TRACK_DEFAULT id=34067, [ Capabilities: INTERNET&NOT_RESTRICTED&TRUSTED Uid: 10746] ] with score 60 and serial -1
05-05 21:58:17.421 1198 7576 D ConnectivityService: Network NetworkAgentInfo [WIFI () - 639] was already satisfying request 34062. No change.
05-05 21:58:17.421 8087 8087 D PhoneSwitcherNetworkRequstListener: my score=101, my filter=[ Transports: CELLULAR Capabilities: MMS&SUPL&DUN&FOTA&IMS&CBS&IA&RCS&XCAP&EIMS&INTERNET&NOT_RESTRICTED&TRUSTED&NOT_VPN&MCX&FOC&ENT1 Specifier: ]
05-05 21:58:17.421 1198 7576 D ConnectivityService: Network NetworkAgentInfo [WIFI () - 639] was already satisfying request 34050. No change.
05-05 21:58:17.421 8087 8087 D PhoneSwitcherNetworkRequstListener: evalRequest
05-05 21:58:17.421 8087 8087 D PhoneSwitcherNetworkRequstListener: n.requests = false
05-05 21:58:17.421 1198 7576 D ConnectivityService: Network NetworkAgentInfo [WIFI () - 639] was already satisfying request 33554. No change.
05-05 21:58:17.421 8087 8087 D PhoneSwitcherNetworkRequstListener: n.score = 60
05-05 21:58:17.421 8087 8087 D PhoneSwitcherNetworkRequstListener: mScore = 101
05-05 21:58:17.421 1198 7576 D ConnectivityService: Network NetworkAgentInfo [WIFI () - 639] was already satisfying request 33552. No change.
05-05 21:58:17.421 8087 8087 D PhoneSwitcherNetworkRequstListener: n.factorySerialNumber = -1
05-05 21:58:17.421 8087 8087 D PhoneSwitcherNetworkRequstListener: mSerialNumber = 2
05-05 21:58:17.421 1198 7576 D ConnectivityService: Network NetworkAgentInfo [WIFI () - 639] was already satisfying request 32963. No change.
05-05 21:58:17.421 8087 8087 D PhoneSwitcherNetworkRequstListener: needNetworkFor
05-05 21:58:17.421 1198 7576 D ConnectivityService: Network NetworkAgentInfo [WIFI () - 639] was already satisfying request 34063. No change.
05-05 21:58:17.421 1198 7576 D ConnectivityService: Network NetworkAgentInfo [WIFI () - 639] was already satisfying request 13. No change.
05-05 21:58:17.421 1198 7576 D ConnectivityService: Network NetworkAgentInfo [WIFI () - 639] was already satisfying request 30558. No change.
05-05 21:58:17.421 1198 7576 D ConnectivityService: Network NetworkAgentInfo [WIFI () - 639] was already satisfying request 1. No change.
05-05 21:58:17.421 1198 7576 D ConnectivityService: Network NetworkAgentInfo [WIFI () - 639] was already satisfying request 18. No change.
05-05 21:58:17.421 1198 7576 D ConnectivityService: Network NetworkAgentInfo [WIFI () - 639] was already satisfying request 34048. No change.
05-05 21:58:17.421 1198 7845 D ConnectivityService: listenForNetwork for uid/pid:10746/20505 NetworkRequest [ LISTEN id=34068, [ Capabilities: INTERNET&NOT_RESTRICTED&TRUSTED Uid: 10746] ]
05-05 21:58:17.421 1198 7576 D ConnectivityService: Network NetworkAgentInfo [WIFI () - 639] was already satisfying request 8. No change.
05-05 21:58:17.421 1198 7576 D ConnectivityService: Network NetworkAgentInfo [WIFI () - 639] was already satisfying request 33867. No change.
05-05 21:58:17.422 1198 7576 D ConnectivityService: Network NetworkAgentInfo [WIFI () - 639] was already satisfying request 34042. No change.
05-05 21:58:17.422 1198 7576 D ConnectivityService: Network NetworkAgentInfo [WIFI () - 639] was already satisfying request 30. No change.
05-05 21:58:17.422 1198 7576 D ConnectivityService: Network NetworkAgentInfo [WIFI () - 639] was already satisfying request 32961. No change.
05-05 21:58:17.422 1198 7576 D ConnectivityService: Network NetworkAgentInfo [WIFI () - 639] was already satisfying request 15. No change.
05-05 21:58:17.422 1198 7576 D ConnectivityService: sending notification CALLBACK_AVAILABLE for NetworkRequest [ TRACK_DEFAULT id=34067, [ Capabilities: INTERNET&NOT_RESTRICTED&TRUSTED Uid: 10746] ]
05-05 21:58:17.423 1198 7576 D ConnectivityService: rematching NetworkAgentInfo [WIFI () - 639]
05-05 21:58:17.423 1198 7576 D ConnectivityService: network has: [ Transports: WIFI Capabilities: NOT_METERED&INTERNET&NOT_RESTRICTED&TRUSTED&NOT_VPN&VALIDATED&NOT_ROAMING&FOREGROUND&NOT_CONGESTED&NOT_SUSPENDED LinkUpBandwidth>=1048576Kbps LinkDnBandwidth>=1048576Kbps Specifier: SignalStrength: -63 SSID: "CRAZY WOLF"]
05-05 21:58:17.423 1198 7576 D ConnectivityService: Network NetworkAgentInfo [WIFI () - 639] was already satisfying request 34067. No change.
05-05 21:58:17.423 1198 7576 D ConnectivityService: Network NetworkAgentInfo [WIFI () - 639] was already satisfying request 34062. No change.
05-05 21:58:17.423 1198 7576 D ConnectivityService: Network NetworkAgentInfo [WIFI () - 639] was already satisfying request 34050. No change.
05-05 21:58:17.423 1198 7576 D ConnectivityService: Network NetworkAgentInfo [WIFI () - 639] was already satisfying request 33554. No change.
05-05 21:58:17.423 1198 7576 D ConnectivityService: Network NetworkAgentInfo [WIFI () - 639] was already satisfying request 33552. No change.
05-05 21:58:17.423 1198 7576 D ConnectivityService: Network NetworkAgentInfo [WIFI () - 639] was already satisfying request 32963. No change.
05-05 21:58:17.423 1198 7576 D ConnectivityService: Network NetworkAgentInfo [WIFI () - 639] was already satisfying request 34063. No change.
05-05 21:58:17.423 1198 7576 D ConnectivityService: Network NetworkAgentInfo [WIFI () - 639] was already satisfying request 13. No change.
05-05 21:58:17.423 1198 7576 D ConnectivityService: Network NetworkAgentInfo [WIFI () - 639] was already satisfying request 30558. No change.
05-05 21:58:17.423 1198 7576 D ConnectivityService: Network NetworkAgentInfo [WIFI () - 639] was already satisfying request 1. No change.
05-05 21:58:17.423 1198 7576 D ConnectivityService: Network NetworkAgentInfo [WIFI () - 639] was already satisfying request 18. No change.
05-05 21:58:17.423 1198 7576 D ConnectivityService: Network NetworkAgentInfo [WIFI () - 639] was already satisfying request 34048. No change.
05-05 21:58:17.423 1198 7576 D ConnectivityService: Network NetworkAgentInfo [WIFI () - 639] was already satisfying request 8. No change.
05-05 21:58:17.423 1198 7576 D ConnectivityService: Network NetworkAgentInfo [WIFI () - 639] was already satisfying request 33867. No change.
05-05 21:58:17.423 1198 7576 D ConnectivityService: Network NetworkAgentInfo [WIFI () - 639] was already satisfying request 34042. No change.
05-05 21:58:17.423 1198 7576 D ConnectivityService: Network NetworkAgentInfo [WIFI () - 639] was already satisfying request 30. No change.
05-05 21:58:17.423 1198 7576 D ConnectivityService: Network NetworkAgentInfo [WIFI () - 639] was already satisfying request 32961. No change.
05-05 21:58:17.423 1198 7576 D ConnectivityService: Network NetworkAgentInfo [WIFI () - 639] was already satisfying request 15. No change.
05-05 21:58:17.424 1198 7576 D ConnectivityService: sending notification CALLBACK_AVAILABLE for NetworkRequest [ LISTEN id=34068, [ Capabilities: INTERNET&NOT_RESTRICTED&TRUSTED Uid: 10746] ]
05-05 21:58:17.495 1198 2223 I GED : ged_boost_gpu_freq, level 100, eOrigin 2, final_idx 24, oppidx_max 24, oppidx_min 0
05-05 21:58:17.497 20505 20505 D cr_LibraryLoader: [LibraryLoader.java:354] Forcing system linker, relocations will not be shared. This negatively impacts memory usage.
05-05 21:58:17.521 20505 20505 D ConnectivityManager: requestNetwork; CallingUid : 10746, CallingPid : 20505
05-05 21:58:17.523 1198 7845 D ConnectivityService: requestNetwork for uid/pid:10746/20505 NetworkRequest [ TRACK_DEFAULT id=34069, [ Capabilities: INTERNET&NOT_RESTRICTED&TRUSTED Uid: 10746] ]
05-05 21:58:17.524 1198 7576 D ConnectivityService: rematching NetworkAgentInfo [WIFI () - 639]
05-05 21:58:17.524 1198 7576 D ConnectivityService: network has: [ Transports: WIFI Capabilities: NOT_METERED&INTERNET&NOT_RESTRICTED&TRUSTED&NOT_VPN&VALIDATED&NOT_ROAMING&FOREGROUND&NOT_CONGESTED&NOT_SUSPENDED LinkUpBandwidth>=1048576Kbps LinkDnBandwidth>=1048576Kbps Specifier: SignalStrength: -63 SSID: "CRAZY WOLF"]
05-05 21:58:17.524 1198 7576 D ConnectivityService: Network NetworkAgentInfo [WIFI () - 639] was already satisfying request 34067. No change.
05-05 21:58:17.524 1198 7576 D ConnectivityService: Network NetworkAgentInfo [WIFI () - 639] was already satisfying request 34062. No change.
05-05 21:58:17.524 1198 7576 D ConnectivityService: Network NetworkAgentInfo [WIFI () - 639] was already satisfying request 34050. No change.
05-05 21:58:17.524 1198 7576 D ConnectivityService: Network NetworkAgentInfo [WIFI () - 639] was already satisfying request 33554. No change.
05-05 21:58:17.524 1198 7576 D ConnectivityService: Network NetworkAgentInfo [WIFI () - 639] was already satisfying request 33552. No change.
05-05 21:58:17.524 1198 7576 D ConnectivityService: Network NetworkAgentInfo [WIFI () - 639] was already satisfying request 32963. No change.
05-05 21:58:17.524 1198 7576 D ConnectivityService: Network NetworkAgentInfo [WIFI () - 639] was already satisfying request 34063. No change.
05-05 21:58:17.524 1198 7576 D ConnectivityService: Network NetworkAgentInfo [WIFI () - 639] was already satisfying request 13. No change.
05-05 21:58:17.524 1198 7576 D ConnectivityService: Network NetworkAgentInfo [WIFI () - 639] was already satisfying request 30558. No change.
05-05 21:58:17.524 1198 7576 D ConnectivityService: Network NetworkAgentInfo [WIFI () - 639] was already satisfying request 1. No change.
05-05 21:58:17.524 1198 7576 D ConnectivityService: Network NetworkAgentInfo [WIFI () - 639] was already satisfying request 18. No change.
05-05 21:58:17.524 1198 7576 D ConnectivityService: checking if request is satisfied: NetworkRequest [ TRACK_DEFAULT id=34069, [ Capabilities: INTERNET&NOT_RESTRICTED&TRUSTED Uid: 10746] ]
05-05 21:58:17.524 1198 7576 D ConnectivityService: currentScore = 0, newScore = 60
05-05 21:58:17.524 1198 7576 D ConnectivityService: rematch for NetworkAgentInfo [WIFI () - 639]
05-05 21:58:17.524 1198 7576 D ConnectivityService: accepting network in place of null
05-05 21:58:17.524 1198 7576 D ConnectivityService: sending new Min Network Score(60): NetworkRequest [ TRACK_DEFAULT id=34069, [ Capabilities: INTERNET&NOT_RESTRICTED&TRUSTED Uid: 10746] ]
05-05 21:58:17.524 1198 7565 D UntrustedWifiNetworkFactory: got request NetworkRequest [ TRACK_DEFAULT id=34069, [ Capabilities: INTERNET&NOT_RESTRICTED&TRUSTED Uid: 10746] ] with score 60 and serial -1
05-05 21:58:17.524 1198 7646 D Ethernet: got request NetworkRequest [ TRACK_DEFAULT id=34069, [ Capabilities: INTERNET&NOT_RESTRICTED&TRUSTED Uid: 10746] ] with score 60 and serial -1
05-05 21:58:17.524 1198 7646 D Ethernet: my score=110, my filter=[]
05-05 21:58:17.524 1198 7565 D UntrustedWifiNetworkFactory: my score=2147483647, my filter=[ Transports: WIFI Capabilities: NOT_METERED&INTERNET&NOT_RESTRICTED&TRUSTED&NOT_VPN&NOT_ROAMING&NOT_CONGESTED LinkUpBandwidth>=1048576Kbps LinkDnBandwidth>=1048576Kbps Specifier: ]
05-05 21:58:17.524 1198 7565 D UntrustedWifiNetworkFactory: evalRequest
05-05 21:58:17.524 1198 7646 D Ethernet: evalRequest
05-05 21:58:17.524 1198 7576 D ConnectivityService: Network NetworkAgentInfo [WIFI () - 639] was already satisfying request 34048. No change.
05-05 21:58:17.524 1198 7565 D UntrustedWifiNetworkFactory: n.requests = false
05-05 21:58:17.524 1198 7646 D Ethernet: n.requests = false
05-05 21:58:17.524 1198 7576 D ConnectivityService: Network NetworkAgentInfo [WIFI () - 639] was already satisfying request 8. No change.
05-05 21:58:17.524 1198 7565 D UntrustedWifiNetworkFactory: n.score = 60
05-05 21:58:17.524 1198 7576 D ConnectivityService: Network NetworkAgentInfo [WIFI () - 639] was already satisfying request 33867. No change.
05-05 21:58:17.524 1198 7646 D Ethernet: n.score = 60
05-05 21:58:17.524 1198 7565 D UntrustedWifiNetworkFactory: mScore = 2147483647
05-05 21:58:17.524 1198 7576 D ConnectivityService: Network NetworkAgentInfo [WIFI () - 639] was already satisfying request 34042. No change.
05-05 21:58:17.524 1198 7646 D Ethernet: mScore = 110
05-05 21:58:17.524 1198 7565 D UntrustedWifiNetworkFactory: n.factorySerialNumber = -1
05-05 21:58:17.524 1198 7576 D ConnectivityService: Network NetworkAgentInfo [WIFI () - 639] was already satisfying request 30. No change.
05-05 21:58:17.524 1198 7646 D Ethernet: n.factorySerialNumber = -1
05-05 21:58:17.524 1198 7565 D UntrustedWifiNetworkFactory: mSerialNumber = 6
05-05 21:58:17.524 1198 7576 D ConnectivityService: Network NetworkAgentInfo [WIFI () - 639] was already satisfying request 32961. No change.
05-05 21:58:17.524 1198 7646 D Ethernet: mSerialNumber = 1
05-05 21:58:17.525 1198 7576 D ConnectivityService: Network NetworkAgentInfo [WIFI () - 639] was already satisfying request 15. No change.
05-05 21:58:17.525 1198 7646 D Ethernet: done
05-05 21:58:17.525 1198 7565 D UntrustedWifiNetworkFactory: needNetworkFor
05-05 21:58:17.525 1198 7565 D WifiNetworkFactory: got request NetworkRequest [ TRACK_DEFAULT id=34069, [ Capabilities: INTERNET&NOT_RESTRICTED&TRUSTED Uid: 10746] ] with score 60 and serial -1
05-05 21:58:17.525 1198 7565 D WifiNetworkFactory: my score=60, my filter=[ Transports: WIFI Capabilities: NOT_METERED&INTERNET&NOT_RESTRICTED&TRUSTED&NOT_VPN&NOT_ROAMING&NOT_CONGESTED LinkUpBandwidth>=1048576Kbps LinkDnBandwidth>=1048576Kbps Specifier: ]
05-05 21:58:17.525 1198 7565 D WifiNetworkFactory: evalRequest
05-05 21:58:17.525 1198 7565 D WifiNetworkFactory: n.requests = false
05-05 21:58:17.525 1198 7565 D WifiNetworkFactory: n.score = 60
05-05 21:58:17.525 1198 7565 D WifiNetworkFactory: mScore = 60
05-05 21:58:17.525 1198 7565 D WifiNetworkFactory: n.factorySerialNumber = -1
05-05 21:58:17.525 1198 7565 D WifiNetworkFactory: mSerialNumber = 5
05-05 21:58:17.525 1198 7576 D ConnectivityService: sending notification CALLBACK_AVAILABLE for NetworkRequest [ TRACK_DEFAULT id=34069, [ Capabilities: INTERNET&NOT_RESTRICTED&TRUSTED Uid: 10746] ]
05-05 21:58:17.525 1198 7565 D WifiNetworkFactory: needNetworkFor
05-05 21:58:17.525 8087 8087 D PhoneSwitcherNetworkRequstListener: got request NetworkRequest [ TRACK_DEFAULT id=34069, [ Capabilities: INTERNET&NOT_RESTRICTED&TRUSTED Uid: 10746] ] with score 60 and serial -1
05-05 21:58:17.525 8087 8087 D PhoneSwitcherNetworkRequstListener: my score=101, my filter=[ Transports: CELLULAR Capabilities: MMS&SUPL&DUN&FOTA&IMS&CBS&IA&RCS&XCAP&EIMS&INTERNET&NOT_RESTRICTED&TRUSTED&NOT_VPN&MCX&FOC&ENT1 Specifier: ]
05-05 21:58:17.525 8087 8087 D PhoneSwitcherNetworkRequstListener: evalRequest
05-05 21:58:17.525 8087 8087 D PhoneSwitcherNetworkRequstListener: n.requests = false
05-05 21:58:17.525 8087 8087 D PhoneSwitcherNetworkRequstListener: n.score = 60
05-05 21:58:17.525 8087 8087 D PhoneSwitcherNetworkRequstListener: mScore = 101
05-05 21:58:17.525 8087 8087 D PhoneSwitcherNetworkRequstListener: n.factorySerialNumber = -1
05-05 21:58:17.525 8087 8087 D PhoneSwitcherNetworkRequstListener: mSerialNumber = 2
05-05 21:58:17.525 8087 8087 D PhoneSwitcherNetworkRequstListener: needNetworkFor
05-05 21:58:17.527 20505 20505 D ConnectivityManager: requestNetwork; CallingUid : 10746, CallingPid : 20505
05-05 21:58:17.527 1198 1027 D MotionRecognitionService: values = 50.0
05-05 21:58:17.527 1198 1027 D MotionRecognitionService: onReceive lux: 50.0 action:
05-05 21:58:17.527 1198 1027 D MotionRecognitionService: Inject brightness form Cam 50.0
05-05 21:58:17.527 1198 1027 D MotionRecognitionService: Inject calibrated lux
05-05 21:58:17.528 580 580 I Sensors : AutoBrightnessSensor::inject_sensor_data: cam_lux 50
05-05 21:58:17.529 1198 10623 D ConnectivityService: listenForNetwork for uid/pid:10746/20505 NetworkRequest [ LISTEN id=34070, [ Capabilities: INTERNET&NOT_RESTRICTED&TRUSTED Uid: 10746] ]
05-05 21:58:17.529 1198 7576 D ConnectivityService: rematching NetworkAgentInfo [WIFI () - 639]
05-05 21:58:17.530 1198 7576 D ConnectivityService: network has: [ Transports: WIFI Capabilities: NOT_METERED&INTERNET&NOT_RESTRICTED&TRUSTED&NOT_VPN&VALIDATED&NOT_ROAMING&FOREGROUND&NOT_CONGESTED&NOT_SUSPENDED LinkUpBandwidth>=1048576Kbps LinkDnBandwidth>=1048576Kbps Specifier: SignalStrength: -63 SSID: "CRAZY WOLF"]
05-05 21:58:17.530 1198 7576 D ConnectivityService: Network NetworkAgentInfo [WIFI () - 639] was already satisfying request 34067. No change.
05-05 21:58:17.530 1198 7576 D ConnectivityService: Network NetworkAgentInfo [WIFI () - 639] was already satisfying request 34062. No change.
05-05 21:58:17.530 1198 7576 D ConnectivityService: Network NetworkAgentInfo [WIFI () - 639] was already satisfying request 34050. No change.
05-05 21:58:17.530 1198 7576 D ConnectivityService: Network NetworkAgentInfo [WIFI () - 639] was already satisfying request 33554. No change.
05-05 21:58:17.530 1198 7576 D ConnectivityService: Network NetworkAgentInfo [WIFI () - 639] was already satisfying request 33552. No change.
05-05 21:58:17.530 1198 7576 D ConnectivityService: Network NetworkAgentInfo [WIFI () - 639] was already satisfying request 32963. No change.
05-05 21:58:17.530 1198 7576 D ConnectivityService: Network NetworkAgentInfo [WIFI () - 639] was already satisfying request 34063. No change.
05-05 21:58:17.530 1198 7576 D ConnectivityService: Network NetworkAgentInfo [WIFI () - 639] was already satisfying request 13. No change.
05-05 21:58:17.530 1198 7576 D ConnectivityService: Network NetworkAgentInfo [WIFI () - 639] was already satisfying request 30558. No change.
05-05 21:58:17.530 1198 7576 D ConnectivityService: Network NetworkAgentInfo [WIFI () - 639] was already satisfying request 1. No change.
05-05 21:58:17.530 1198 7576 D ConnectivityService: Network NetworkAgentInfo [WIFI () - 639] was already satisfying request 18. No change.
05-05 21:58:17.530 1198 7576 D ConnectivityService: Network NetworkAgentInfo [WIFI () - 639] was already satisfying request 34069. No change.
05-05 21:58:17.530 1198 7576 D ConnectivityService: Network NetworkAgentInfo [WIFI () - 639] was already satisfying request 34048. No change.
05-05 21:58:17.530 1198 7576 D ConnectivityService: Network NetworkAgentInfo [WIFI () - 639] was already satisfying request 8. No change.
05-05 21:58:17.530 1198 7576 D ConnectivityService: Network NetworkAgentInfo [WIFI () - 639] was already satisfying request 33867. No change.
05-05 21:58:17.530 1198 7576 D ConnectivityService: Network NetworkAgentInfo [WIFI () - 639] was already satisfying request 34042. No change.
05-05 21:58:17.530 1198 7576 D ConnectivityService: Network NetworkAgentInfo [WIFI () - 639] was already satisfying request 30. No change.
05-05 21:58:17.530 1198 7576 D ConnectivityService: Network NetworkAgentInfo [WIFI () - 639] was already satisfying request 32961. No change.
05-05 21:58:17.530 1198 7576 D ConnectivityService: Network NetworkAgentInfo [WIFI () - 639] was already satisfying request 15. No change.
05-05 21:58:17.531 1198 7576 D ConnectivityService: sending notification CALLBACK_AVAILABLE for NetworkRequest [ LISTEN id=34070, [ Capabilities: INTERNET&NOT_RESTRICTED&TRUSTED Uid: 10746] ]
05-05 21:58:17.546 1198 10623 D SyncManager: userId - 0 auto - false
05-05 21:58:17.560 1198 7845 I GenerationRegistry: mBackingStore.isClosed() : false
05-05 21:58:17.611 1198 1198 I PowerHalWrapper: perfLockRel
05-05 21:58:17.612 1198 1198 I mtkperf_client: perf_lock_rel, hdl:0, tid:1198
05-05 21:58:17.612 1198 1198 I PowerHalWrapper: perfLockRel
05-05 21:58:17.612 1198 1198 I mtkperf_client: perf_lock_rel, hdl:160773, tid:1198
05-05 21:58:17.612 1198 1198 I PowerHalWrapper: perfLockRel
05-05 21:58:17.613 1198 1198 I mtkperf_client: perf_lock_rel, hdl:160774, tid:1198
05-05 21:58:17.613 588 615 I mtkpower@1.0-impl: perfLockRelease hdl:0 reserved:1198
05-05 21:58:17.614 588 614 I powerd : [powerd_req] POWER_MSG_PERF_LOCK_REL: hdl:0
05-05 21:58:17.614 1198 1198 I PowerHalWrapper: perfLockRel
05-05 21:58:17.614 1198 1198 I mtkperf_client: perf_lock_rel, hdl:160779, tid:1198
05-05 21:58:17.615 1198 1198 D CustomFrequencyManagerService: releaseDVFSLockLocked : Getting Lock type frm List : DVFS_MIN_LIMIT frequency : 1354000 uid : 1000 pid : 1198 tag : AMS_RESUME_TAIL@CPU_MIN@24
05-05 21:58:17.617 588 615 I mtkpower@1.0-impl: perfLockRelease hdl:160773 reserved:1198
05-05 21:58:17.618 588 614 I powerd : [powerd_req] POWER_MSG_PERF_LOCK_REL: hdl:160773
05-05 21:58:17.618 588 614 E libPowerHal: perfLockRel handle:160773
05-05 21:58:17.619 588 615 I mtkpower@1.0-impl: perfLockRelease hdl:160774 reserved:1198
05-05 21:58:17.620 588 614 I powerd : [powerd_req] POWER_MSG_PERF_LOCK_REL: hdl:160774
05-05 21:58:17.620 588 614 E libPowerHal: perfLockRel handle:160774
05-05 21:58:17.620 588 614 I libPowerHal: 180: set gpu level: 24
05-05 21:58:17.620 588 614 I libPowerHal: 180: set gpu level max: 0
05-05 21:58:17.621 588 615 I mtkpower@1.0-impl: perfLockRelease hdl:160779 reserved:1198
05-05 21:58:17.621 588 614 I powerd : [powerd_req] POWER_MSG_PERF_LOCK_REL: hdl:160779
05-05 21:58:17.621 588 614 E libPowerHal: perfLockRel handle:160779
05-05 21:58:17.622 588 614 I libPowerHal: [perfScnUpdate] (less) /proc/mcdi/state set +prefix:enable 1;
05-05 21:58:17.632 558 8630 I netd : firewallSetUidRule(2, 10100, 1) <0.05ms>
05-05 21:58:17.645 20505 20505 I ViewRootImpl@4e00b16[FirstRunActivity]: MSG_WINDOW_FOCUS_CHANGED 1 1
05-05 21:58:17.645 20505 20505 D InputMethodManager: prepareNavigationBarInfo() DecorView@43f43fd[FirstRunActivity]
05-05 21:58:17.645 20505 20505 D InputMethodManager: getNavigationBarColor() -1
05-05 21:58:17.648 20505 20505 D InputMethodManager: prepareNavigationBarInfo() DecorView@43f43fd[FirstRunActivity]
05-05 21:58:17.648 20505 20505 D InputMethodManager: getNavigationBarColor() -1
05-05 21:58:17.648 20505 20505 V InputMethodManager: Starting input: tba=com.yeti.browser ic=null mNaviBarColor -1 mIsGetNaviBarColorSuccess true , NavVisible : true , NavTrans : false
05-05 21:58:17.648 20505 20505 D InputMethodManager: startInputInner - Id : 0
05-05 21:58:17.648 20505 20505 I InputMethodManager: startInputInner - mService.startInputOrWindowGainedFocus
05-05 21:58:17.649 20505 21631 D NetworkSecurityConfig: Using Network Security Config from resource network_security_config debugBuild: true
05-05 21:58:17.649 1198 10623 D InputMethodManagerService: mSecureKeypadEnabled = false
05-05 21:58:17.649 1198 10623 V InputMethodManagerService: startInputOrWindowGainedFocusInternalLocked: reason=WINDOW_FOCUS_GAIN client=android.os.BinderProxy@899da7a inputContext=null missingMethods= attribute=android.view.inputmethod.EditorInfo@9dd57b1 startInputFlags=FIRST_WINDOW_FOCUS_GAIN|INITIAL_CONNECTION softInputMode=STATE_HIDDEN|ADJUST_PAN|IS_FORWARD_NAVIGATION windowFlags=#81810100 unverifiedTargetSdkVersion=30
05-05 21:58:17.649 1198 10623 V InputMethodManagerService: IME PreRendering MASTER flag: false, LowRam: false
05-05 21:58:17.649 1198 10623 V InputMethodManagerService: Window asks to hide input going forward
05-05 21:58:17.649 1198 10623 V InputMethodManagerService: hideCurrentInputLocked : shouldHideSoftInput is false
05-05 21:58:17.649 1198 10623 D InputMethodManagerService: mDesktopModeManager null!
05-05 21:58:17.649 1198 10623 V InputMethodManagerService: getDisplayIdOfInputMethodWindowToBeAdded : 0
05-05 21:58:17.650 1198 10623 D InputMethodManagerService: checkDisplayOfStartInputAndUpdateKeyboard display Id 0last 0
05-05 21:58:17.650 1198 10623 D InputTransport: Input channel constructed: 'ClientS', fd=710
05-05 21:58:17.650 1198 10623 D InputTransport: Input channel destroyed: 'ClientS', fd=710
05-05 21:58:17.650 20505 20505 D InputTransport: Input channel destroyed: 'ClientS', fd=83
05-05 21:58:17.651 20505 20505 I ViewRootImpl@4e00b16[FirstRunActivity]: MSG_RESIZED: frame=(0,0,1080,2400) ci=(0,79,0,126) vi=(0,79,0,126) or=1
05-05 21:58:17.651 20505 20505 I Choreographer: Skipped 43 frames! The application may be doing too much work on its main thread.
05-05 21:58:17.652 28994 28994 I HONEYBOARD: HoneyBoardService onFinishInput
05-05 21:58:17.653 28994 28994 I HONEYBOARD: a IC have been unbinded, InputConnectionWrapper{idHash=#29acfe6 mMissingMethods=}
05-05 21:58:17.653 28994 28994 I HONEYBOARD: HoneyBoardService [PF_CL][onFinishInput] 594154 ns
05-05 21:58:17.653 28994 28994 D InputMethodService: checkDisplayOfStartInputAndUpdateKeyboard display Id 0last 0
05-05 21:58:17.653 28994 28994 I HONEYBOARD: HoneyBoardService [IMI] onStartInput - caller pid : 20505 , caller uid : 10746
05-05 21:58:17.653 28994 28994 I HONEYBOARD: i updateConfigs
05-05 21:58:17.654 28994 28994 I HONEYBOARD: i isEnabledNightMode : false
05-05 21:58:17.654 28994 28994 I HONEYBOARD: a IC have been binded, InputConnectionWrapper{idHash=#29acfe6 mMissingMethods=}
05-05 21:58:17.654 28994 28994 I HONEYBOARD: h [EditorInputType]setPrivateImeOptionsToTable privateImeOptions ( null )
05-05 21:58:17.654 28994 28994 I HONEYBOARD: b incognitoMode : false
05-05 21:58:17.655 28994 28994 I HONEYBOARD: a needOff = true , isJpnConvertState : false, isForceOff = true
05-05 21:58:17.655 28994 28994 I HONEYBOARD: h getDefaultInputRange : UNKNOWN
05-05 21:58:17.655 28994 28994 I HONEYBOARD: a currentState : 0
05-05 21:58:17.657 28994 28994 I HONEYBOARD: a [UpdatePolicy] [post] a: 0 cl: 65537 kit: [0/0] vt: 0 ir: 1
05-05 21:58:17.660 28994 28994 I HONEYBOARD: HoneyBoardService [PF_OP][onStartInput] 6508923 ns
05-05 21:58:17.668 20505 20505 D ScrollView: initGoToTop
05-05 21:58:17.672 20505 20505 E ResourcesCompat: Failed to find font-family tag
05-05 21:58:17.703 1198 9710 W BackupManagerService: dataChanged but no participant pkg='com.yeti.browser' uid=10746
05-05 21:58:17.718 20505 20505 D ScrollView: onsize change changed
05-05 21:58:17.727 1198 1027 D MotionRecognitionService: values = 50.0
05-05 21:58:17.728 1198 1027 D MotionRecognitionService: onReceive lux: 50.0 action:
05-05 21:58:17.728 1198 1027 D MotionRecognitionService: Inject brightness form Cam 50.0
05-05 21:58:17.728 1198 1027 D MotionRecognitionService: Inject calibrated lux
05-05 21:58:17.728 580 656 I Sensors : AutoBrightnessSensor::inject_sensor_data: cam_lux 50
05-05 21:58:17.739 20505 20505 D ScrollView: initGoToTop
05-05 21:58:17.760 20505 20505 E ResourcesCompat: Failed to find font-family tag
05-05 21:58:17.792 588 614 I libPowerHal: perfUserScnDisable - handle:160778
05-05 21:58:17.793 588 614 I libPowerHal: 50: cpu_ctrl set freq: -1 -1 -1 -1
05-05 21:58:17.810 20505 20505 D ScrollView: onsize change changed
05-05 21:58:17.833 20505 20505 I ViewRootImpl@e421f10[WelcomeScreenWithFragments]: stopped(true) old=false
05-05 21:58:17.928 1198 1027 D MotionRecognitionService: values = 50.0
05-05 21:58:17.928 1198 1027 D MotionRecognitionService: onReceive lux: 50.0 action:
05-05 21:58:17.928 1198 1027 D MotionRecognitionService: Inject brightness form Cam 50.0
05-05 21:58:17.928 1198 1027 D MotionRecognitionService: Inject calibrated lux
05-05 21:58:17.929 580 656 I Sensors : AutoBrightnessSensor::inject_sensor_data: cam_lux 50
05-05 21:58:17.704 1198 9710 W BackupManagerService: dataChanged but no participant pkg='com.yeti.browser' uid=10746
05-05 21:58:17.938 1198 1212 D CustomFrequencyManagerService: FrequencyrequestList.getNextSchedTuneBoostRequest, index: 0
05-05 21:58:17.938 1198 1212 I PowerHalWrapper: phwperfLockAcq
05-05 21:58:17.938 1198 1212 I mtkperf_client: [perf_lock_acq] hdl:160750, dur:0, num:2
05-05 21:58:17.938 1198 1212 I mtkperf_client: perf_lock_acq, hdl:160750, dur:0, tid:1212
05-05 21:58:17.938 588 615 I mtkpower@1.0-impl: perfLockAcquire hdl:160750, duration:0, reserved:1212
05-05 21:58:17.939 588 614 I powerd : [powerd_req] POWER_MSG_PERF_LOCK_ACQ: hdl:160750, duration:0
05-05 21:58:17.939 588 614 I libPowerHal: perf_lock_acq find match handle - handle:160750 idx:178
05-05 21:58:17.939 588 614 I libPowerHal: perfLockAcq hdl:160750 pid:1198 duration:0 pid_exist:1 => new_hdl:160750
05-05 21:58:17.939 588 614 I libPowerHal: [perfScnUpdate] scn:178, update
05-05 21:58:17.940 588 614 E RilUtility: notify_rild_opt_info socket error
05-05 21:58:17.940 588 614 I powerd : [powerd_req] POWER_MSG_PERF_LOCK_ACQ: return hdl:160750
05-05 21:58:17.940 1198 1212 I mtkperf_client: ret_hdl:160750
05-05 21:58:17.953 616 2237 I BufferQueueProducer: [com.yeti.browser/org.chromium.chrome.browser.firstrun.FirstRunActivity$_20505#0](this:0x71670ef800,id:37054,api:0,p:-1,c:616) queueBuffer: fps=1.86 dur=1075.74 max=856.19 min=219.55
05-05 21:58:17.969 574 1240 I hwcomposer: [HWCDisplay] [Display_0 (type:1)] fps:36.154350,dur:1521.26,max:608.18,min:8.80
05-05 21:58:17.975 20505 21444 D Surface : Surface::disconnect(this=0x750e92f000,api=1)
05-05 21:58:17.976 616 2237 I BufferQueueProducer: [com.yeti.browser/org.chromium.chrome.WelcomeScreenWithFragments$_20505#0](this:0x7165788800,id:37052,api:0,p:-1,c:616) disconnect(P): api 1
05-05 21:58:17.976 20505 20505 I ViewRootImpl@e421f10[WelcomeScreenWithFragments]: dispatchDetachedFromWindow
05-05 21:58:17.977 1198 1212 D InputTransport: Input channel destroyed: '6db2446', fd=699
05-05 21:58:17.978 1198 1212 I WindowManager: Destroying surface Surface(name=com.yeti.browser/org.chromium.chrome.WelcomeScreenWithFragments$_20505)/@0xce08326 called by com.android.server.wm.WindowStateAnimator.destroySurface:1834 com.android.server.wm.WindowStateAnimator.destroySurfaceLocked:733 com.android.server.wm.WindowState.removeImmediately:2402 com.android.server.wm.WindowState.removeIfPossible:2546 com.android.server.wm.WindowState.removeIfPossible:2425 com.android.server.wm.WindowManagerService.removeWindow:2081 com.android.server.wm.Session.remove:184 android.view.IWindowSession$Stub.onTransact:666
05-05 21:58:17.979 616 2237 I Layer : id=170982 removeFromCurrentState com.yeti.browser/org.chromium.chrome.WelcomeScreenWithFragments$_20505#0 (80)
05-05 21:58:17.979 616 2237 I SurfaceFlinger: id=170982 Removed com.yeti.browser/org.chromium.chrome.WelcomeScreenWithFragments$_20505#0 (80)
05-05 21:58:17.982 616 2237 I Layer : id=170981 removeFromCurrentState 6db2446 com.yeti.browser/org.chromium.chrome.WelcomeScreenWithFragments#0 (80)
05-05 21:58:17.984 616 2237 I SurfaceFlinger: id=170981 Removed 6db2446 com.yeti.browser/org.chromium.chrome.WelcomeScreenWithFragments#0 (80)
05-05 21:58:17.984 20505 20505 D InputTransport: Input channel destroyed: '6db2446', fd=71
05-05 21:58:17.986 1198 1212 D InputTransport: Input channel destroyed: 'Letterb', fd=451
05-05 21:58:17.986 1198 1212 D InputTransport: Input channel destroyed: 'Letterb', fd=605
05-05 21:58:17.987 616 2237 I Layer : id=170985 removeFromCurrentState Letterbox - top#0 (80)
05-05 21:58:17.987 1198 1212 D InputTransport: Input channel destroyed: 'Letterb', fd=648
05-05 21:58:17.987 1198 1212 D InputTransport: Input channel destroyed: 'Letterb', fd=686
05-05 21:58:17.987 1198 1212 D InputTransport: Input channel destroyed: 'Letterb', fd=700
05-05 21:58:17.987 1198 1212 D InputTransport: Input channel destroyed: 'Letterb', fd=705
05-05 21:58:17.987 1198 1212 D InputTransport: Input channel destroyed: 'Letterb', fd=697
05-05 21:58:17.987 1198 1212 D InputTransport: Input channel destroyed: 'Letterb', fd=706
05-05 21:58:17.988 616 1140 I SurfaceFlinger: id=170985 Removed Letterbox - top#0 (80)
05-05 21:58:17.992 616 2238 I Layer : id=170973 removeFromCurrentState AppWindowToken{bc99e09 token=Token{9964310 ActivityRecord{adfcbd3 u0 com.yeti.browser/org.chromium.chrome.WelcomeScreenWithFragments t3232}}}#0 (80)
05-05 21:58:17.992 616 2238 I Layer : id=170971 removeFromCurrentState Task=3232#0 (80)
05-05 21:58:17.993 616 2237 I Layer : id=170970 removeFromCurrentState animation background stackId=3411#0 (80)
05-05 21:58:17.994 616 2237 I SurfaceFlinger: id=170970 Removed animation background stackId=3411#0 (80)
05-05 21:58:17.994 616 616 I Layer : id=170970[1] Destroyed animation background stackId=3411#0
05-05 21:58:17.996 616 616 I Layer : id=170982[1] Destroyed com.yeti.browser/org.chromium.chrome.WelcomeScreenWithFragments$_20505#0
05-05 21:58:17.997 616 616 I Layer : id=170985[1] Destroyed Letterbox - top#0
05-05 21:58:17.997 616 616 I Layer : id=170981[1] Destroyed 6db2446 com.yeti.browser/org.chromium.chrome.WelcomeScreenWithFragments#0
05-05 21:58:17.998 616 2237 I Layer : id=170969 removeFromCurrentState Stack=3411#0 (76)
05-05 21:58:18.018 20505 21629 D cr_AccountService: [AccountTrackerService.java:147] Getting id/email mapping
05-05 21:58:18.027 616 2237 I BufferQueue: [com.yeti.browser/org.chromium.chrome.WelcomeScreenWithFragments$_20505#0](this:0x7165788800,id:37052,api:0,p:-1,c:-1) ~BufferQueueCore
05-05 21:58:18.053 588 615 I power@1.3-impl: powerHintInternal hint:8, data:0
05-05 21:58:18.129 1198 1027 D MotionRecognitionService: values = 50.0
05-05 21:58:18.129 1198 1027 D MotionRecognitionService: onReceive lux: 50.0 action:
05-05 21:58:18.129 1198 1027 D MotionRecognitionService: Inject brightness form Cam 50.0
05-05 21:58:18.129 1198 1027 D MotionRecognitionService: Inject calibrated lux
05-05 21:58:18.130 580 656 I Sensors : AutoBrightnessSensor::inject_sensor_data: cam_lux 50
05-05 21:58:18.330 1198 1027 D MotionRecognitionService: values = 50.0
05-05 21:58:18.330 1198 1027 D MotionRecognitionService: onReceive lux: 50.0 action:
05-05 21:58:18.330 1198 1027 D MotionRecognitionService: Inject brightness form Cam 50.0
05-05 21:58:18.330 1198 1027 D MotionRecognitionService: Inject calibrated lux
05-05 21:58:18.331 580 656 I Sensors : AutoBrightnessSensor::inject_sensor_data: cam_lux 50
05-05 21:58:18.531 1198 1027 D MotionRecognitionService: values = 50.0
05-05 21:58:18.532 1198 1027 D MotionRecognitionService: onReceive lux: 50.0 action:
05-05 21:58:18.532 1198 1027 D MotionRecognitionService: Inject brightness form Cam 50.0
05-05 21:58:18.532 1198 1027 D MotionRecognitionService: Inject calibrated lux
05-05 21:58:18.533 580 656 I Sensors : AutoBrightnessSensor::inject_sensor_data: cam_lux 50
05-05 21:58:18.733 1198 1027 D MotionRecognitionService: values = 50.0
05-05 21:58:18.733 1198 1027 D MotionRecognitionService: onReceive lux: 50.0 action:
05-05 21:58:18.733 1198 1027 D MotionRecognitionService: Inject brightness form Cam 50.0
05-05 21:58:18.733 1198 1027 D MotionRecognitionService: Inject calibrated lux
05-05 21:58:18.734 580 656 I Sensors : AutoBrightnessSensor::inject_sensor_data: cam_lux 50
05-05 21:58:18.934 1198 1027 D MotionRecognitionService: values = 50.0
05-05 21:58:18.934 1198 1027 D MotionRecognitionService: onReceive lux: 50.0 action:
05-05 21:58:18.934 1198 1027 D MotionRecognitionService: Inject brightness form Cam 50.0
05-05 21:58:18.934 1198 1027 D MotionRecognitionService: Inject calibrated lux
05-05 21:58:18.936 580 656 I Sensors : AutoBrightnessSensor::inject_sensor_data: cam_lux 50
05-05 21:58:19.135 1198 1027 D MotionRecognitionService: values = 50.0
05-05 21:58:19.135 1198 1027 D MotionRecognitionService: onReceive lux: 50.0 action:
05-05 21:58:19.135 1198 1027 D MotionRecognitionService: Inject brightness form Cam 50.0
05-05 21:58:19.135 1198 1027 D MotionRecognitionService: Inject calibrated lux
05-05 21:58:19.137 580 656 I Sensors : AutoBrightnessSensor::inject_sensor_data: cam_lux 50
05-05 21:58:19.173 1198 7565 E WifiVendorHal: getWifiLinkLayerStats_1_3_Internal(l.934) failed {.code = ERROR_NOT_SUPPORTED, .description = }
05-05 21:58:19.181 21614 21614 D cr_LibraryLoader: [LibraryLoader.java:685] Loading with the System linker.
05-05 21:58:19.218 21614 21614 D cr_LibraryLoader: [LibraryLoader.java:691] Time to load native libraries: 37 ms
05-05 21:58:19.218 1198 1251 I AppZygote: Application preload done.
05-05 21:58:19.218 1198 1251 I ZygoteProcess: usapPoolEnabled = true
05-05 21:58:19.218 21614 21614 I AppZygoteInit: Application preload done
05-05 21:58:19.219 21614 21614 W ZygoteServer: Attempting to enable a USAP pool for a Zygote that doesn't support it.
05-05 21:58:19.248 21614 21614 D Zygote : Forked child process 21649
05-05 21:58:19.251 1198 1251 I ActivityManager: Start proc 21649:com.yeti.browser:sandboxed_process0:org.chromium.content.app.SandboxedProcessService0:0/u0ai100 for {com.yeti.browser/org.chromium.content.app.SandboxedProcessService0:0}
05-05 21:58:19.253 21649 21649 E Zygote : accessInfo : 1
05-05 21:58:19.262 21649 21649 I ocessService0:: Late-enabling -Xcheck:jni
05-05 21:58:19.274 559 559 D Zygote : Forked child process 21654
05-05 21:58:19.279 1198 1251 I ActivityManager: Start proc 21654:com.yeti.browser:privileged_process0/u0a746 for service {com.yeti.browser/org.chromium.content.app.PrivilegedProcessService0}
05-05 21:58:19.281 21654 21654 E Zygote : isWhitelistProcess - Process is Whitelisted
05-05 21:58:19.282 21654 21654 E Zygote : accessInfo : 1
05-05 21:58:19.292 21654 21654 I ileged_process: Late-enabling -Xcheck:jni
05-05 21:58:19.294 21649 21649 E ocessService0:: Unknown bits set in runtime_flags: 0x8000
05-05 21:58:19.309 21649 21649 D ActivityThread: setConscryptValidator
05-05 21:58:19.310 21649 21649 D ActivityThread: setConscryptValidator - put
05-05 21:58:19.314 1198 9710 I ActivityManager: DSS OFF for com.yeti.browser
05-05 21:58:19.319 29739 29739 I ADB_SERVICES: service_to_fd shell:stat -c %u /proc/21649 | xargs -n 1 cmd package list packages --uid
05-05 21:58:19.323 21654 21654 E ileged_process: Unknown bits set in runtime_flags: 0x8000
05-05 21:58:19.335 1198 1027 D MotionRecognitionService: values = 50.0
05-05 21:58:19.335 1198 1027 D MotionRecognitionService: onReceive lux: 50.0 action:
05-05 21:58:19.335 1198 1027 D MotionRecognitionService: Inject brightness form Cam 50.0
05-05 21:58:19.335 1198 1027 D MotionRecognitionService: Inject calibrated lux
05-05 21:58:19.336 580 656 I Sensors : AutoBrightnessSensor::inject_sensor_data: cam_lux 50
05-05 21:58:19.342 21654 21654 D ActivityThread: setConscryptValidator
05-05 21:58:19.342 21654 21654 D ActivityThread: setConscryptValidator - put
05-05 21:58:19.350 29739 29739 I ADB_SERVICES: service_to_fd shell:stat -c %u /proc/21654 | xargs -n 1 cmd package list packages --uid
05-05 21:58:19.370 21649 21649 D cr_LibraryLoader: [LibraryLoader.java:354] Forcing system linker, relocations will not be shared. This negatively impacts memory usage.
05-05 21:58:19.370 21649 21649 D cr_LibraryLoader: [LibraryLoader.java:325] Configuration: useChromiumLinker() = false, mUseModernLinker = false
05-05 21:58:19.384 21649 21696 W ContextImpl: Failed to ensure /data/user/0/com.yeti.browser/shared_prefs: mkdir failed: EACCES (Permission denied)
05-05 21:58:19.385 21649 21696 W SystemServiceRegistry: No service published for: user
05-05 21:58:19.387 21649 21649 I cr_ChildProcessService: Creating new ChildProcessService pid=21649
05-05 21:58:19.389 21649 21696 E FA : Exception reading flag from SharedPreferences.
05-05 21:58:19.389 21649 21696 E FA : java.lang.NullPointerException: Attempt to invoke virtual method 'boolean android.os.UserManager.isUserUnlockingOrUnlocked(int)' on a null object reference
05-05 21:58:19.389 21649 21696 E FA : at android.app.ContextImpl.getSharedPreferences(ContextImpl.java:485)
05-05 21:58:19.389 21649 21696 E FA : at android.app.ContextImpl.getSharedPreferences(ContextImpl.java:462)
05-05 21:58:19.389 21649 21696 E FA : at android.content.ContextWrapper.getSharedPreferences(ContextWrapper.java:184)
05-05 21:58:19.389 21649 21696 E FA : at com.google.android.gms.internal.measurement.zzbr.zzO(Unknown Source:58)
05-05 21:58:19.389 21649 21696 E FA : at com.google.android.gms.internal.measurement.zzak.zza(com.google.android.gms:play-services-measurement-sdk-api@@18.0.2:2)
05-05 21:58:19.389 21649 21696 E FA : at com.google.android.gms.internal.measurement.zzbg.run(com.google.android.gms:play-services-measurement-sdk-api@@18.0.2:2)
05-05 21:58:19.389 21649 21696 E FA : at java.util.concurrent.ThreadPoolExecutor.runWorker(ThreadPoolExecutor.java:1167)
05-05 21:58:19.389 21649 21696 E FA : at java.util.concurrent.ThreadPoolExecutor$Worker.run(ThreadPoolExecutor.java:641)
05-05 21:58:19.389 21649 21696 E FA : at java.lang.Thread.run(Thread.java:919)
05-05 21:58:19.395 21649 21649 D cr_LibraryLoader: [LibraryLoader.java:354] Forcing system linker, relocations will not be shared. This negatively impacts memory usage.
05-05 21:58:19.395 21649 21649 D cr_LibraryLoader: [LibraryLoader.java:354] Forcing system linker, relocations will not be shared. This negatively impacts memory usage.
05-05 21:58:19.471 21649 21696 I ocessService0:: The ClassLoaderContext is a special shared library.
