05-05 21:58:28.929 588 615 I legacy_power@2.1-impl: @Deprecated scnUnreg hdl:160791
05-05 21:58:28.930 588 615 I legacy_power@2.1-impl: @Deprecated scnDisable hdl:160792
05-05 21:58:28.930 588 614 I libPowerHal: perfUserScnDisable - handle:160792
05-05 21:58:28.930 1198 9213 W ActivityManager: Slow operation: 136ms so far, now at attachApplicationLocked: immediately before bindApplication
05-05 21:58:28.931 588 615 I legacy_power@2.1-impl: @Deprecated scnUnreg hdl:160792
05-05 21:58:28.931 1198 9213 W ActivityManager: Slow operation: 137ms so far, now at attachApplicationLocked: immediately after bindApplication
05-05 21:58:28.931 1198 9213 W ActivityManager: Slow operation: 137ms so far, now at attachApplicationLocked: after updateLruProcessLocked
05-05 21:58:28.932 681 9356 D Camera3-Device: CameraPerf: close X
05-05 21:58:28.937 681 9356 D Surface : Surface::disconnect(this=0xf2d24800,api=4)
05-05 21:58:28.947 1198 9213 W ActivityManager: Slow operation: 153ms so far, now at attachApplicationLocked: after mServices.attachApplicationLocked
05-05 21:58:28.951 1030 1061 I BufferQueueProducer: [SurfaceTexture-0-1030-20089](this:0x747df52000,id:20089,api:0,p:-1,c:1030) disconnect(P): api 4
05-05 21:58:28.953 29739 22209 I ADB_SERVICES: post waitpid (pid=22168) status=0000
05-05 21:58:28.954 1198 7845 W system_server: Long monitor contention with owner Binder:1198_11 (9336) at void com.android.server.am.ActivityManagerService.attachApplication(android.app.IApplicationThread, long)(ActivityManagerService.java:6477) waiters=6 in void com.android.server.am.ActivityManagerService.addPackageDependency(java.lang.String) for 231ms
05-05 21:58:28.954 21937 22070 I chromium: [INFO:child_process_service.cc(69)] ChildProcessService: Exiting child process.
05-05 21:58:28.959 1198 1027 D MotionRecognitionService: values = 50.0
05-05 21:58:28.959 1198 1027 D MotionRecognitionService: onReceive lux: 50.0 action:
05-05 21:58:28.959 1198 1027 D MotionRecognitionService: Inject brightness form Cam 50.0
05-05 21:58:28.959 1198 1027 D MotionRecognitionService: Inject calibrated lux
05-05 21:58:28.961 22073 22211 I ocessService0:: The ClassLoaderContext is a special shared library.
05-05 21:58:28.963 580 656 I Sensors : AutoBrightnessSensor::inject_sensor_data: cam_lux 50
05-05 21:58:28.966 1198 7667 I ActivityManager: Process com.yeti.browser:sandboxed_process0:org.chromium.content.app.SandboxedProcessService0:6 (pid 21961) has died: vis BTOP(447,2271)
05-05 21:58:28.967 1198 1252 I libprocessgroup: Successfully killed process cgroup uid 90106 pid 21961 in 0ms
05-05 21:58:28.968 1198 7667 W ActivityManager: Scheduling restart of crashed service com.yeti.browser/org.chromium.content.app.SandboxedProcessService0:6 in 1000ms
05-05 21:58:28.969 1198 1255 D BatteryExternalStatsWorker: update stats
05-05 21:58:28.969 1198 1255 D BatteryExternalStatsWorker: WifiActivityEnergyInfo was updated
05-05 21:58:28.969 1198 1255 D BatteryExternalStatsWorker: BluetoothActivityEnergyInfo was updated
05-05 21:58:28.969 1198 1255 D BatteryExternalStatsWorker: ModemActivityEnergyInfo was updated
05-05 21:58:28.970 21998 22134 I ocessService0:: The ClassLoaderContext is a special shared library.
05-05 21:58:28.977 1198 1206 I system_server: Background concurrent copying GC freed 377407(21MB) AllocSpace objects, 128(2768KB) LOS objects, 23% free, 77MB/101MB, paused 1.403ms total 571.976ms
05-05 21:58:28.980 616 712 I SurfaceFlinger: id=170937 Removed Task=3231#0 (81)
05-05 21:58:28.983 22122 22122 D cr_LibraryLoader: [LibraryLoader.java:354] Forcing system linker, relocations will not be shared. This negatively impacts memory usage.
05-05 21:58:28.983 681 9356 I CameraLatencyHistogram: Stream 0 dequeueBuffer latency histogram (8) samples:
05-05 21:58:28.983 616 712 I SurfaceFlinger: id=170971 Removed Task=3232#0 (81)
05-05 21:58:28.983 681 9356 I CameraLatencyHistogram: 5 10 15 20 25 30 35 40 45 inf (max ms)
05-05 21:58:28.983 681 9356 I CameraLatencyHistogram: 87.50 12.50 0.00 0.00 0.00 0.00 0.00 0.00 0.00 0.00 (%)
05-05 21:58:28.983 681 9356 I CameraLatencyHistogram: Stream 0 enqueueBuffer latency histogram (3) samples:
05-05 21:58:28.983 681 9356 I CameraLatencyHistogram: 5 10 15 20 25 30 35 40 45 inf (max ms)
05-05 21:58:28.983 681 9356 I CameraLatencyHistogram: 100.00 0.00 0.00 0.00 0.00 0.00 0.00 0.00 0.00 0.00 (%)
05-05 21:58:28.983 681 9356 I Camera3-Device: disconnectImpl: X
05-05 21:58:28.984 616 712 I SurfaceFlinger: id=170973 Removed AppWindowToken{bc99e09 token=Token{9964310 ActivityRecord{adfcbd3 u0 com.yeti.browser/org.chromium.chrome.WelcomeScreenWithFragments t3232}}}#0 (81)
05-05 21:58:28.984 681 9356 D Camera3-Device: disconnectImpl: mInterfaceLock.unlock()
05-05 21:58:28.984 22122 22122 D cr_LibraryLoader: [LibraryLoader.java:325] Configuration: useChromiumLinker() = false, mUseModernLinker = false
05-05 21:58:28.984 616 712 I SurfaceFlinger: id=170935 Removed Stack=3410#0 (81)
05-05 21:58:28.984 681 9356 I Camera3-Device: disconnectImpl: E
05-05 21:58:28.989 681 9356 D Camera3-Device: disconnectImpl: mInterfaceLock.lock()
05-05 21:58:28.989 681 9356 D Camera3-Device: disconnectImpl: mInterfaceLock.unlock()
05-05 21:58:28.990 681 9356 D CameraService: BasicClient::disconnect E
05-05 21:58:28.990 22073 22211 I ocessService0:: The ClassLoaderContext is a special shared library.
05-05 21:58:28.993 616 616 I Layer : id=170971[1] Destroyed Task=3232#0
05-05 21:58:28.993 616 616 I Layer : id=170935[1] Destroyed Stack=3410#0
05-05 21:58:28.993 616 616 I Layer : id=170937[1] Destroyed Task=3231#0
05-05 21:58:28.994 616 616 I Layer : id=170973[1] Destroyed AppWindowToken{bc99e09 token=Token{9964310 ActivityRecord{adfcbd3 u0 com.yeti.browser/org.chromium.chrome.WelcomeScreenWithFragments t3232}}}#0
05-05 21:58:28.994 21998 22134 I ocessService0:: The ClassLoaderContext is a special shared library.
05-05 21:58:28.996 21998 22163 I chromium: [INFO:child_process_service.cc(69)] ChildProcessService: Exiting child process.
05-05 21:58:29.004 616 712 I SurfaceFlinger: id=170969 Removed Stack=3411#0 (77)
05-05 21:58:29.005 21886 21994 I chromium: [INFO:child_process_service.cc(69)] ChildProcessService: Exiting child process.
05-05 21:58:29.008 22073 22211 I ocessService0:: The ClassLoaderContext is a special shared library.
05-05 21:58:29.010 7710 7710 D SystemUIService: onTrimMemory : 15
05-05 21:58:29.010 7710 7710 D SystemUIService: Starting getMemoryInfo in MemoryInfoReporter thread.
05-05 21:58:29.010 616 616 I Layer : id=170969[1] Destroyed Stack=3411#0
05-05 21:58:29.017 7710 22285 D SystemUIService: - Memory Information -
05-05 21:58:29.028 1198 1255 D BatteryExternalStatsWorker: done updateExternalStatsLocked
05-05 21:58:29.029 1198 9242 I ActivityManager: Process com.yeti.browser:sandboxed_process0:org.chromium.content.app.SandboxedProcessService0:4 (pid 21903) has died: vis BTOP(469,2271)
05-05 21:58:29.030 1198 9242 W ActivityManager: Scheduling restart of crashed service com.yeti.browser/org.chromium.content.app.SandboxedProcessService0:4 in 10938ms
05-05 21:58:29.031 1198 1252 I libprocessgroup: Successfully killed process cgroup uid 90104 pid 21903 in 0ms
05-05 21:58:29.030 681 9356 I CameraService: finishCameraOps: Finish camera ops, package name = com.samsung.adaptivebrightnessgo, client UID = 5021
05-05 21:58:29.034 29739 29739 I ADB_SERVICES: for fd 44, revents = 2011
05-05 21:58:29.034 29739 29739 I ADB_SERVICES: for fd 43, revents = 2011
05-05 21:58:29.034 29739 29739 I ADB_SERVICES: for fd 44, revents = 2011
05-05 21:58:29.037 681 9356 I CameraService: this is a adaptive brightness service.
05-05 21:58:29.038 1198 1255 D BatteryExternalStatsWorker: update stats
05-05 21:58:29.038 1198 1255 D BatteryExternalStatsWorker: WifiActivityEnergyInfo was updated
05-05 21:58:29.038 1198 1255 D BatteryExternalStatsWorker: BluetoothActivityEnergyInfo was updated
05-05 21:58:29.038 1198 1255 D BatteryExternalStatsWorker: ModemActivityEnergyInfo was updated
05-05 21:58:29.040 681 9356 I CameraService: Drop updateStatus callbak for package com.samsung.adaptivebrightnessgo(pid 1030)
05-05 21:58:29.040 681 9356 I CameraService: updateProxyDeviceState: notifyCameraState for Camera ID 1, newState 3, facing 1, clientName com.samsung.adaptivebrightnessgo, apiLevel 2
05-05 21:58:29.041 1030 12342 I CameraManagerGlobal: Camera 1 facing CAMERA_FACING_FRONT state now CAMERA_STATE_CLOSED for client com.samsung.adaptivebrightnessgo API Level 2
05-05 21:58:29.041 7710 2917 I CameraManagerGlobal: Camera 1 facing CAMERA_FACING_FRONT state now CAMERA_STATE_CLOSED for client com.samsung.adaptivebrightnessgo API Level 2
05-05 21:58:29.041 9371 9597 I CameraManagerGlobal: Camera 1 facing CAMERA_FACING_FRONT state now CAMERA_STATE_CLOSED for client com.samsung.adaptivebrightnessgo API Level 2
05-05 21:58:29.041 20505 21444 D OpenGLRenderer: mPreviousPosition == bounds[l=0.00 t=79.00 r=1080.00 b=2274.00]
05-05 21:58:29.041 21614 21614 I Zygote : Process 21937 exited cleanly (0)
05-05 21:58:29.044 20505 20505 W chromium: [WARNING:compositor_view.cc(341)] Child process died (type=6) pid=21937)
05-05 21:58:29.044 22073 22073 D cr_LibraryLoader: [LibraryLoader.java:354] Forcing system linker, relocations will not be shared. This negatively impacts memory usage.
05-05 21:58:29.045 22097 22243 I ocessService0:: The ClassLoaderContext is a special shared library.
05-05 21:58:29.045 22073 22073 D cr_LibraryLoader: [LibraryLoader.java:354] Forcing system linker, relocations will not be shared. This negatively impacts memory usage.
05-05 21:58:29.046 22097 22097 D cr_LibraryLoader: [LibraryLoader.java:354] Forcing system linker, relocations will not be shared. This negatively impacts memory usage.
05-05 21:58:29.046 681 2150 I CameraService: UidPolicy: No processes running for a uid=90106 disabled=0
05-05 21:58:29.047 681 2150 I CameraService: UidPolicy: No processes running for a uid=90104 disabled=0
05-05 21:58:29.047 22122 22286 W ContextImpl: Failed to ensure /data/user/0/com.yeti.browser/shared_prefs: mkdir failed: EACCES (Permission denied)
05-05 21:58:29.047 22097 22097 D cr_LibraryLoader: [LibraryLoader.java:354] Forcing system linker, relocations will not be shared. This negatively impacts memory usage.
05-05 21:58:29.049 22122 22286 W SystemServiceRegistry: No service published for: user
05-05 21:58:29.053 22122 22286 E FA : Exception reading flag from SharedPreferences.
05-05 21:58:29.053 22122 22286 E FA : java.lang.NullPointerException: Attempt to invoke virtual method 'boolean android.os.UserManager.isUserUnlockingOrUnlocked(int)' on a null object reference
05-05 21:58:29.053 22122 22286 E FA : at android.app.ContextImpl.getSharedPreferences(ContextImpl.java:485)
05-05 21:58:29.053 22122 22286 E FA : at android.app.ContextImpl.getSharedPreferences(ContextImpl.java:462)
05-05 21:58:29.053 22122 22286 E FA : at android.content.ContextWrapper.getSharedPreferences(ContextWrapper.java:184)
05-05 21:58:29.053 22122 22286 E FA : at com.google.android.gms.internal.measurement.zzbr.zzO(Unknown Source:58)
05-05 21:58:29.053 22122 22286 E FA : at com.google.android.gms.internal.measurement.zzak.zza(com.google.android.gms:play-services-measurement-sdk-api@@18.0.2:2)
05-05 21:58:29.053 22122 22286 E FA : at com.google.android.gms.internal.measurement.zzbg.run(com.google.android.gms:play-services-measurement-sdk-api@@18.0.2:2)
05-05 21:58:29.053 22122 22286 E FA : at java.util.concurrent.ThreadPoolExecutor.runWorker(ThreadPoolExecutor.java:1167)
05-05 21:58:29.053 22122 22286 E FA : at java.util.concurrent.ThreadPoolExecutor$Worker.run(ThreadPoolExecutor.java:641)
05-05 21:58:29.053 22122 22286 E FA : at java.lang.Thread.run(Thread.java:919)
05-05 21:58:29.053 1198 1255 D BatteryExternalStatsWorker: done updateExternalStatsLocked
05-05 21:58:29.054 22122 22122 I cr_ChildProcessService: Creating new ChildProcessService pid=22122
05-05 21:58:29.054 1198 9213 I ActivityManager: Process com.yeti.browser:sandboxed_process0:org.chromium.content.app.SandboxedProcessService0:5 (pid 21937) has died: vis BTOP(472,2272)
05-05 21:58:29.055 1198 1252 I libprocessgroup: Successfully killed process cgroup uid 90105 pid 21937 in 0ms
05-05 21:58:29.055 1198 9213 W ActivityManager: Scheduling restart of crashed service com.yeti.browser/org.chromium.content.app.SandboxedProcessService0:5 in 20913ms
05-05 21:58:29.057 1198 1255 D BatteryExternalStatsWorker: update stats
05-05 21:58:29.058 1198 1255 D BatteryExternalStatsWorker: WifiActivityEnergyInfo was updated
05-05 21:58:29.058 1198 1255 D BatteryExternalStatsWorker: BluetoothActivityEnergyInfo was updated
05-05 21:58:29.058 1198 1255 D BatteryExternalStatsWorker: ModemActivityEnergyInfo was updated
05-05 21:58:29.062 1198 1242 W Looper : Slow dispatch took 351ms android.ui h=com.android.server.am.ActivityManagerService$UiHandler c=null m=53
05-05 21:58:29.064 681 9356 I CameraService: this is a adaptive brightness service.
05-05 21:58:29.064 681 9356 I CameraFlashlight: deviceClosed: device 1 is closed, need to skip = 1
05-05 21:58:29.064 681 9356 I CameraFlashlight: Skip deviceClosed
05-05 21:58:29.064 681 9356 I CameraService: disconnect: Disconnected client for camera 1 for PID 1030
05-05 21:58:29.064 681 9356 D CameraService: BasicClient::disconnect X
05-05 21:58:29.065 1198 1255 D BatteryExternalStatsWorker: done updateExternalStatsLocked
05-05 21:58:29.068 1030 1061 D CameraLightSensor_Service: Camera released, time taken= 1058 cameraLock= true
05-05 21:58:29.068 1030 4685 W ivebrightnessg: Long monitor contention with owner CameraServiceThread (1061) at void android.hardware.camera2.impl.CameraDeviceImpl.close()(CameraDeviceImpl.java:1207) waiters=0 in void android.hardware.camera2.impl.CameraDeviceImpl$CameraDeviceCallbacks.onDeviceIdle() for 224ms
05-05 21:58:29.072 1198 9213 I ActivityManager: Process com.yeti.browser:sandboxed_process0:org.chromium.content.app.SandboxedProcessService0:7 (pid 21998) has died: vis BTOP(474,2272)
05-05 21:58:29.072 20505 20505 W chromium: [WARNING:compositor_view.cc(341)] Child process died (type=6) pid=21998)
05-05 21:58:29.073 681 9356 I CameraService: UidPolicy: No processes running for a uid=90105 disabled=0
05-05 21:58:29.074 1198 9213 W ActivityManager: Scheduling restart of crashed service com.yeti.browser/org.chromium.content.app.SandboxedProcessService0:7 in 30895ms
05-05 21:58:29.074 22097 22243 I ocessService0:: The ClassLoaderContext is a special shared library.
05-05 21:58:29.074 1198 1255 D BatteryExternalStatsWorker: update stats
05-05 21:58:29.075 1198 1255 D BatteryExternalStatsWorker: WifiActivityEnergyInfo was updated
05-05 21:58:29.075 1198 1255 D BatteryExternalStatsWorker: BluetoothActivityEnergyInfo was updated
05-05 21:58:29.075 1198 1255 D BatteryExternalStatsWorker: ModemActivityEnergyInfo was updated
05-05 21:58:29.075 29739 29739 I ADB_SERVICES: for fd 42, revents = 2011
05-05 21:58:29.077 22122 22122 D cr_LibraryLoader: [LibraryLoader.java:354] Forcing system linker, relocations will not be shared. This negatively impacts memory usage.
05-05 21:58:29.077 1198 1252 I libprocessgroup: Successfully killed process cgroup uid 90107 pid 21998 in 0ms
05-05 21:58:29.078 22122 22122 D cr_LibraryLoader: [LibraryLoader.java:354] Forcing system linker, relocations will not be shared. This negatively impacts memory usage.
05-05 21:58:29.080 29739 29739 I ADB_SERVICES: for fd 46, revents = 2011
05-05 21:58:29.081 21614 21614 I Zygote : Process 21998 exited cleanly (0)
05-05 21:58:29.083 1198 1255 D BatteryExternalStatsWorker: done updateExternalStatsLocked
05-05 21:58:29.086 22097 22243 I ocessService0:: The ClassLoaderContext is a special shared library.
05-05 21:58:29.089 681 8335 I CameraService: UidPolicy: No processes running for a uid=90107 disabled=0
05-05 21:58:29.093 20505 21612 D cr_ChildProcLauncher: [ChildProcessLauncher.java:274] stopping child connection: pid=21961
05-05 21:58:29.094 20505 21612 D cr_ChildProcLauncher: [ChildProcessLauncher.java:274] stopping child connection: pid=21903
05-05 21:58:29.096 22122 22286 I cessService0:1: The ClassLoaderContext is a special shared library.
05-05 21:58:29.097 22073 22211 E DynamiteLoaderImpl: Error retrieving remote feature version:
05-05 21:58:29.097 22073 22211 E DynamiteLoaderImpl: java.lang.SecurityException: Isolated process not allowed to call getContentProvider
05-05 21:58:29.097 22073 22211 E DynamiteLoaderImpl: at android.os.Parcel.createException(Parcel.java:2088)
05-05 21:58:29.097 22073 22211 E DynamiteLoaderImpl: at android.os.Parcel.readException(Parcel.java:2056)
05-05 21:58:29.097 22073 22211 E DynamiteLoaderImpl: at android.os.Parcel.readException(Parcel.java:2004)
05-05 21:58:29.097 22073 22211 E DynamiteLoaderImpl: at android.app.IActivityManager$Stub$Proxy.getContentProvider(IActivityManager.java:6031)
05-05 21:58:29.097 22073 22211 E DynamiteLoaderImpl: at android.app.ActivityThread.acquireProvider(ActivityThread.java:7342)
05-05 21:58:29.097 22073 22211 E DynamiteLoaderImpl: at android.app.ContextImpl$ApplicationContentResolver.acquireUnstableProvider(ContextImpl.java:2895)
05-05 21:58:29.097 22073 22211 E DynamiteLoaderImpl: at android.content.ContentResolver.acquireUnstableProvider(ContentResolver.java:2124)
05-05 21:58:29.097 22073 22211 E DynamiteLoaderImpl: at android.content.ContentResolver.query(ContentResolver.java:935)
05-05 21:58:29.097 22073 22211 E DynamiteLoaderImpl: at android.content.ContentResolver.query(ContentResolver.java:887)
05-05 21:58:29.097 22073 22211 E DynamiteLoaderImpl: at android.content.ContentResolver.query(ContentResolver.java:843)
05-05 21:58:29.097 22073 22211 E DynamiteLoaderImpl: at yfl.e(:com.google.android.gms@211515037@21.15.15 (120400-371058782):0)
05-05 21:58:29.097 22073 22211 E DynamiteLoaderImpl: at com.google.android.gms.chimera.container.DynamiteLoaderImpl.queryForDynamiteModule(:com.google.android.gms@211515037@21.15.15 (120400-371058782):0)
05-05 21:58:29.097 22073 22211 E DynamiteLoaderImpl: at com.google.android.gms.chimera.container.DynamiteLoaderImpl.queryForDynamiteModuleNoCrashUtils(:com.google.android.gms@211515037@21.15.15 (120400-371058782):3)
05-05 21:58:29.097 22073 22211 E DynamiteLoaderImpl: at yfn.eb(:com.google.android.gms@211515037@21.15.15 (120400-371058782):11)
05-05 21:58:29.097 22073 22211 E DynamiteLoaderImpl: at czy.onTransact(:com.google.android.gms@211515037@21.15.15 (120400-371058782):11)
05-05 21:58:29.097 22073 22211 E DynamiteLoaderImpl: at android.os.Binder.transact(Binder.java:949)
05-05 21:58:29.097 22073 22211 E DynamiteLoaderImpl: at com.google.android.gms.internal.common.zza.zzB(com.google.android.gms:play-services-basement@@17.6.0:2)
05-05 21:58:29.097 22073 22211 E DynamiteLoaderImpl: at com.google.android.gms.dynamite.zzo.zzj(com.google.android.gms:play-services-basement@@17.6.0:6)
05-05 21:58:29.097 22073 22211 E DynamiteLoaderImpl: at com.google.android.gms.dynamite.DynamiteModule.zza(com.google.android.gms:play-services-basement@@17.6.0:29)
05-05 21:58:29.097 22073 22211 E DynamiteLoaderImpl: at com.google.android.gms.dynamite.zzc.zza(com.google.android.gms:play-services-basement@@17.6.0:1)
05-05 21:58:29.097 22073 22211 E DynamiteLoaderImpl: at com.google.android.gms.dynamite.zzi.zza(com.google.android.gms:play-services-basement@@17.6.0:3)
05-05 21:58:29.097 22073 22211 E DynamiteLoaderImpl: at com.google.android.gms.dynamite.DynamiteModule.load(com.google.android.gms:play-services-basement@@17.6.0:5)
05-05 21:58:29.097 22073 22211 E DynamiteLoaderImpl: at com.google.android.gms.internal.measurement.zzbr.zzc(com.google.android.gms:play-services-measurement-sdk-api@@18.0.2:3)
05-05 21:58:29.097 22073 22211 E DynamiteLoaderImpl: at com.google.android.gms.internal.measurement.zzak.zza(com.google.android.gms:play-services-measurement-sdk-api@@18.0.2:4)
05-05 21:58:29.097 22073 22211 E DynamiteLoaderImpl: at com.google.android.gms.internal.measurement.zzbg.run(com.google.android.gms:play-services-measurement-sdk-api@@18.0.2:2)
05-05 21:58:29.097 22073 22211 E DynamiteLoaderImpl: at java.util.concurrent.ThreadPoolExecutor.runWorker(ThreadPoolExecutor.java:1167)
05-05 21:58:29.097 22073 22211 E DynamiteLoaderImpl: at java.util.concurrent.ThreadPoolExecutor$Worker.run(ThreadPoolExecutor.java:641)
05-05 21:58:29.097 22073 22211 E DynamiteLoaderImpl: at java.lang.Thread.run(Thread.java:919)
05-05 21:58:29.097 22073 22211 W DynamiteModule: Failed to retrieve remote module version.
05-05 21:58:29.097 22073 22211 I DynamiteModule: Considering local module com.google.android.gms.measurement.dynamite:46 and remote module com.google.android.gms.measurement.dynamite:0
05-05 21:58:29.098 22073 22211 I DynamiteModule: Selected local version of com.google.android.gms.measurement.dynamite
05-05 21:58:29.105 22173 22173 D cr_LibraryLoader: [LibraryLoader.java:354] Forcing system linker, relocations will not be shared. This negatively impacts memory usage.
05-05 21:58:29.106 22173 22173 D cr_LibraryLoader: [LibraryLoader.java:325] Configuration: useChromiumLinker() = false, mUseModernLinker = false
05-05 21:58:29.109 22122 22286 I cessService0:1: The ClassLoaderContext is a special shared library.
05-05 21:58:29.114 22073 22211 E DynamiteLoaderImpl: Error retrieving remote feature version:
05-05 21:58:29.114 22073 22211 E DynamiteLoaderImpl: java.lang.SecurityException: Isolated process not allowed to call getContentProvider
05-05 21:58:29.114 22073 22211 E DynamiteLoaderImpl: at android.os.Parcel.createException(Parcel.java:2088)
05-05 21:58:29.114 22073 22211 E DynamiteLoaderImpl: at android.os.Parcel.readException(Parcel.java:2056)
05-05 21:58:29.114 22073 22211 E DynamiteLoaderImpl: at android.os.Parcel.readException(Parcel.java:2004)
05-05 21:58:29.114 22073 22211 E DynamiteLoaderImpl: at android.app.IActivityManager$Stub$Proxy.getContentProvider(IActivityManager.java:6031)
05-05 21:58:29.114 22073 22211 E DynamiteLoaderImpl: at android.app.ActivityThread.acquireProvider(ActivityThread.java:7342)
05-05 21:58:29.114 22073 22211 E DynamiteLoaderImpl: at android.app.ContextImpl$ApplicationContentResolver.acquireUnstableProvider(ContextImpl.java:2895)
05-05 21:58:29.114 22073 22211 E DynamiteLoaderImpl: at android.content.ContentResolver.acquireUnstableProvider(ContentResolver.java:2124)
05-05 21:58:29.114 22073 22211 E DynamiteLoaderImpl: at android.content.ContentResolver.query(ContentResolver.java:935)
05-05 21:58:29.114 22073 22211 E DynamiteLoaderImpl: at android.content.ContentResolver.query(ContentResolver.java:887)
05-05 21:58:29.114 22073 22211 E DynamiteLoaderImpl: at android.content.ContentResolver.query(ContentResolver.java:843)
05-05 21:58:29.114 22073 22211 E DynamiteLoaderImpl: at yfl.e(:com.google.android.gms@211515037@21.15.15 (120400-371058782):0)
05-05 21:58:29.114 22073 22211 E DynamiteLoaderImpl: at com.google.android.gms.chimera.container.DynamiteLoaderImpl.queryForDynamiteModule(:com.google.android.gms@211515037@21.15.15 (120400-371058782):0)
05-05 21:58:29.114 22073 22211 E DynamiteLoaderImpl: at com.google.android.gms.chimera.container.DynamiteLoaderImpl.queryForDynamiteModuleNoCrashUtils(:com.google.android.gms@211515037@21.15.15 (120400-371058782):3)
05-05 21:58:29.114 22073 22211 E DynamiteLoaderImpl: at yfn.eb(:com.google.android.gms@211515037@21.15.15 (120400-371058782):11)
05-05 21:58:29.114 22073 22211 E DynamiteLoaderImpl: at czy.onTransact(:com.google.android.gms@211515037@21.15.15 (120400-371058782):11)
05-05 21:58:29.114 22073 22211 E DynamiteLoaderImpl: at android.os.Binder.transact(Binder.java:949)
05-05 21:58:29.114 22073 22211 E DynamiteLoaderImpl: at com.google.android.gms.internal.common.zza.zzB(com.google.android.gms:play-services-basement@@17.6.0:2)
05-05 21:58:29.114 22073 22211 E DynamiteLoaderImpl: at com.google.android.gms.dynamite.zzo.zzj(com.google.android.gms:play-services-basement@@17.6.0:6)
05-05 21:58:29.114 22073 22211 E DynamiteLoaderImpl: at com.google.android.gms.dynamite.DynamiteModule.zza(com.google.android.gms:play-services-basement@@17.6.0:29)
05-05 21:58:29.114 22073 22211 E DynamiteLoaderImpl: at com.google.android.gms.dynamite.DynamiteModule.getRemoteVersion(com.google.android.gms:play-services-basement@@17.6.0:1)
05-05 21:58:29.114 22073 22211 E DynamiteLoaderImpl: at com.google.android.gms.internal.measurement.zzak.zza(com.google.android.gms:play-services-measurement-sdk-api@@18.0.2:8)
05-05 21:58:29.114 22073 22211 E DynamiteLoaderImpl: at com.google.android.gms.internal.measurement.zzbg.run(com.google.android.gms:play-services-measurement-sdk-api@@18.0.2:2)
05-05 21:58:29.114 22073 22211 E DynamiteLoaderImpl: at java.util.concurrent.ThreadPoolExecutor.runWorker(ThreadPoolExecutor.java:1167)
05-05 21:58:29.114 22073 22211 E DynamiteLoaderImpl: at java.util.concurrent.ThreadPoolExecutor$Worker.run(ThreadPoolExecutor.java:641)
05-05 21:58:29.114 22073 22211 E DynamiteLoaderImpl: at java.lang.Thread.run(Thread.java:919)
05-05 21:58:29.115 22073 22211 W DynamiteModule: Failed to retrieve remote module version.
05-05 21:58:29.118 29739 29739 I ADB_SERVICES: for fd 38, revents = 2011
05-05 21:58:29.118 20505 20505 W chromium: [WARNING:compositor_view.cc(341)] Child process died (type=6) pid=21886)
05-05 21:58:29.119 29739 29739 I ADB_SERVICES: for fd 39, revents = 2011
05-05 21:58:29.119 21614 21614 I Zygote : Process 21886 exited cleanly (0)
05-05 21:58:29.119 29739 29739 I ADB_SERVICES: for fd 39, revents = 2011
05-05 21:58:29.122 22122 22286 I cessService0:1: The ClassLoaderContext is a special shared library.
05-05 21:58:29.123 1198 1211 I ActivityManager: Process com.yeti.browser:sandboxed_process0:org.chromium.content.app.SandboxedProcessService0:3 (pid 21886) has died: vis BTOP(478,2272)
05-05 21:58:29.123 1198 1252 I libprocessgroup: Successfully killed process cgroup uid 90103 pid 21886 in 0ms
05-05 21:58:29.123 1198 1211 W ActivityManager: Scheduling restart of crashed service com.yeti.browser/org.chromium.content.app.SandboxedProcessService0:3 in 1000ms
05-05 21:58:29.126 1198 1255 D BatteryExternalStatsWorker: update stats
05-05 21:58:29.126 1198 1255 D BatteryExternalStatsWorker: WifiActivityEnergyInfo was updated
05-05 21:58:29.126 1198 1255 D BatteryExternalStatsWorker: BluetoothActivityEnergyInfo was updated
05-05 21:58:29.126 1198 1255 D BatteryExternalStatsWorker: ModemActivityEnergyInfo was updated
05-05 21:58:29.130 1198 1255 D BatteryExternalStatsWorker: done updateExternalStatsLocked
05-05 21:58:29.131 681 8335 I CameraService: UidPolicy: No processes running for a uid=90103 disabled=0
05-05 21:58:29.138 22097 22243 E DynamiteLoaderImpl: Error retrieving remote feature version:
05-05 21:58:29.138 22097 22243 E DynamiteLoaderImpl: java.lang.SecurityException: Isolated process not allowed to call getContentProvider
05-05 21:58:29.138 22097 22243 E DynamiteLoaderImpl: at android.os.Parcel.createException(Parcel.java:2088)
05-05 21:58:29.138 22097 22243 E DynamiteLoaderImpl: at android.os.Parcel.readException(Parcel.java:2056)
05-05 21:58:29.138 22097 22243 E DynamiteLoaderImpl: at android.os.Parcel.readException(Parcel.java:2004)
05-05 21:58:29.138 22097 22243 E DynamiteLoaderImpl: at android.app.IActivityManager$Stub$Proxy.getContentProvider(IActivityManager.java:6031)
05-05 21:58:29.138 22097 22243 E DynamiteLoaderImpl: at android.app.ActivityThread.acquireProvider(ActivityThread.java:7342)
05-05 21:58:29.138 22097 22243 E DynamiteLoaderImpl: at android.app.ContextImpl$ApplicationContentResolver.acquireUnstableProvider(ContextImpl.java:2895)
05-05 21:58:29.138 22097 22243 E DynamiteLoaderImpl: at android.content.ContentResolver.acquireUnstableProvider(ContentResolver.java:2124)
05-05 21:58:29.138 22097 22243 E DynamiteLoaderImpl: at android.content.ContentResolver.query(ContentResolver.java:935)
05-05 21:58:29.138 22097 22243 E DynamiteLoaderImpl: at android.content.ContentResolver.query(ContentResolver.java:887)
05-05 21:58:29.138 22097 22243 E DynamiteLoaderImpl: at android.content.ContentResolver.query(ContentResolver.java:843)
05-05 21:58:29.138 22097 22243 E DynamiteLoaderImpl: at yfl.e(:com.google.android.gms@211515037@21.15.15 (120400-371058782):0)
05-05 21:58:29.138 22097 22243 E DynamiteLoaderImpl: at com.google.android.gms.chimera.container.DynamiteLoaderImpl.queryForDynamiteModule(:com.google.android.gms@211515037@21.15.15 (120400-371058782):0)
05-05 21:58:29.138 22097 22243 E DynamiteLoaderImpl: at com.google.android.gms.chimera.container.DynamiteLoaderImpl.queryForDynamiteModuleNoCrashUtils(:com.google.android.gms@211515037@21.15.15 (120400-371058782):3)
05-05 21:58:29.138 22097 22243 E DynamiteLoaderImpl: at yfn.eb(:com.google.android.gms@211515037@21.15.15 (120400-371058782):11)
05-05 21:58:29.138 22097 22243 E DynamiteLoaderImpl: at czy.onTransact(:com.google.android.gms@211515037@21.15.15 (120400-371058782):11)
05-05 21:58:29.138 22097 22243 E DynamiteLoaderImpl: at android.os.Binder.transact(Binder.java:949)
05-05 21:58:29.138 22097 22243 E DynamiteLoaderImpl: at com.google.android.gms.internal.common.zza.zzB(com.google.android.gms:play-services-basement@@17.6.0:2)
05-05 21:58:29.138 22097 22243 E DynamiteLoaderImpl: at com.google.android.gms.dynamite.zzo.zzj(com.google.android.gms:play-services-basement@@17.6.0:6)
05-05 21:58:29.138 22097 22243 E DynamiteLoaderImpl: at com.google.android.gms.dynamite.DynamiteModule.zza(com.google.android.gms:play-services-basement@@17.6.0:29)
05-05 21:58:29.138 22097 22243 E DynamiteLoaderImpl: at com.google.android.gms.dynamite.zzc.zza(com.google.android.gms:play-services-basement@@17.6.0:1)
05-05 21:58:29.138 22097 22243 E DynamiteLoaderImpl: at com.google.android.gms.dynamite.zzi.zza(com.google.android.gms:play-services-basement@@17.6.0:3)
05-05 21:58:29.138 22097 22243 E DynamiteLoaderImpl: at com.google.android.gms.dynamite.DynamiteModule.load(com.google.android.gms:play-services-basement@@17.6.0:5)
05-05 21:58:29.138 22097 22243 E DynamiteLoaderImpl: at com.google.android.gms.internal.measurement.zzbr.zzc(com.google.android.gms:play-services-measurement-sdk-api@@18.0.2:3)
05-05 21:58:29.138 22097 22243 E DynamiteLoaderImpl: at com.google.android.gms.internal.measurement.zzak.zza(com.google.android.gms:play-services-measurement-sdk-api@@18.0.2:4)
05-05 21:58:29.138 22097 22243 E DynamiteLoaderImpl: at com.google.android.gms.internal.measurement.zzbg.run(com.google.android.gms:play-services-measurement-sdk-api@@18.0.2:2)
05-05 21:58:29.138 22097 22243 E DynamiteLoaderImpl: at java.util.concurrent.ThreadPoolExecutor.runWorker(ThreadPoolExecutor.java:1167)
05-05 21:58:29.138 22097 22243 E DynamiteLoaderImpl: at java.util.concurrent.ThreadPoolExecutor$Worker.run(ThreadPoolExecutor.java:641)
05-05 21:58:29.138 22097 22243 E DynamiteLoaderImpl: at java.lang.Thread.run(Thread.java:919)
05-05 21:58:29.138 22097 22243 W DynamiteModule: Failed to retrieve remote module version.
05-05 21:58:29.138 22097 22243 I DynamiteModule: Considering local module com.google.android.gms.measurement.dynamite:46 and remote module com.google.android.gms.measurement.dynamite:0
05-05 21:58:29.138 22097 22243 I DynamiteModule: Selected local version of com.google.android.gms.measurement.dynamite
05-05 21:58:29.141 20505 21612 D cr_ChildProcLauncher: [ChildProcessLauncher.java:274] stopping child connection: pid=21937
05-05 21:58:29.146 22097 22243 E DynamiteLoaderImpl: Error retrieving remote feature version:
05-05 21:58:29.146 22097 22243 E DynamiteLoaderImpl: java.lang.SecurityException: Isolated process not allowed to call getContentProvider
05-05 21:58:29.146 22097 22243 E DynamiteLoaderImpl: at android.os.Parcel.createException(Parcel.java:2088)
05-05 21:58:29.146 22097 22243 E DynamiteLoaderImpl: at android.os.Parcel.readException(Parcel.java:2056)
05-05 21:58:29.146 22097 22243 E DynamiteLoaderImpl: at android.os.Parcel.readException(Parcel.java:2004)
05-05 21:58:29.146 22097 22243 E DynamiteLoaderImpl: at android.app.IActivityManager$Stub$Proxy.getContentProvider(IActivityManager.java:6031)
05-05 21:58:29.146 22097 22243 E DynamiteLoaderImpl: at android.app.ActivityThread.acquireProvider(ActivityThread.java:7342)
05-05 21:58:29.146 22097 22243 E DynamiteLoaderImpl: at android.app.ContextImpl$ApplicationContentResolver.acquireUnstableProvider(ContextImpl.java:2895)
05-05 21:58:29.146 22097 22243 E DynamiteLoaderImpl: at android.content.ContentResolver.acquireUnstableProvider(ContentResolver.java:2124)
05-05 21:58:29.146 22097 22243 E DynamiteLoaderImpl: at android.content.ContentResolver.query(ContentResolver.java:935)
05-05 21:58:29.146 22097 22243 E DynamiteLoaderImpl: at android.content.ContentResolver.query(ContentResolver.java:887)
05-05 21:58:29.146 22097 22243 E DynamiteLoaderImpl: at android.content.ContentResolver.query(ContentResolver.java:843)
05-05 21:58:29.146 22097 22243 E DynamiteLoaderImpl: at yfl.e(:com.google.android.gms@211515037@21.15.15 (120400-371058782):0)
05-05 21:58:29.146 22097 22243 E DynamiteLoaderImpl: at com.google.android.gms.chimera.container.DynamiteLoaderImpl.queryForDynamiteModule(:com.google.android.gms@211515037@21.15.15 (120400-371058782):0)
05-05 21:58:29.146 22097 22243 E DynamiteLoaderImpl: at com.google.android.gms.chimera.container.DynamiteLoaderImpl.queryForDynamiteModuleNoCrashUtils(:com.google.android.gms@211515037@21.15.15 (120400-371058782):3)
05-05 21:58:29.146 22097 22243 E DynamiteLoaderImpl: at yfn.eb(:com.google.android.gms@211515037@21.15.15 (120400-371058782):11)
05-05 21:58:29.146 22097 22243 E DynamiteLoaderImpl: at czy.onTransact(:com.google.android.gms@211515037@21.15.15 (120400-371058782):11)
05-05 21:58:29.146 22097 22243 E DynamiteLoaderImpl: at android.os.Binder.transact(Binder.java:949)
05-05 21:58:29.146 22097 22243 E DynamiteLoaderImpl: at com.google.android.gms.internal.common.zza.zzB(com.google.android.gms:play-services-basement@@17.6.0:2)
05-05 21:58:29.146 22097 22243 E DynamiteLoaderImpl: at com.google.android.gms.dynamite.zzo.zzj(com.google.android.gms:play-services-basement@@17.6.0:6)
05-05 21:58:29.146 22097 22243 E DynamiteLoaderImpl: at com.google.android.gms.dynamite.DynamiteModule.zza(com.google.android.gms:play-services-basement@@17.6.0:29)
05-05 21:58:29.146 22097 22243 E DynamiteLoaderImpl: at com.google.android.gms.dynamite.DynamiteModule.getRemoteVersion(com.google.android.gms:play-services-basement@@17.6.0:1)
05-05 21:58:29.146 22097 22243 E DynamiteLoaderImpl: at com.google.android.gms.internal.measurement.zzak.zza(com.google.android.gms:play-services-measurement-sdk-api@@18.0.2:8)
05-05 21:58:29.146 22097 22243 E DynamiteLoaderImpl: at com.google.android.gms.internal.measurement.zzbg.run(com.google.android.gms:play-services-measurement-sdk-api@@18.0.2:2)
05-05 21:58:29.146 22097 22243 E DynamiteLoaderImpl: at java.util.concurrent.ThreadPoolExecutor.runWorker(ThreadPoolExecutor.java:1167)
05-05 21:58:29.146 22097 22243 E DynamiteLoaderImpl: at java.util.concurrent.ThreadPoolExecutor$Worker.run(ThreadPoolExecutor.java:641)
05-05 21:58:29.146 22097 22243 E DynamiteLoaderImpl: at java.lang.Thread.run(Thread.java:919)
05-05 21:58:29.146 22097 22243 W DynamiteModule: Failed to retrieve remote module version.
05-05 21:58:29.149 22173 22289 W ContextImpl: Failed to ensure /data/user/0/com.yeti.browser/shared_prefs: mkdir failed: EACCES (Permission denied)
05-05 21:58:29.153 22073 22099 D cr_LibraryLoader: [LibraryLoader.java:354] Forcing system linker, relocations will not be shared. This negatively impacts memory usage.
05-05 21:58:29.154 22173 22173 I cr_ChildProcessService: Creating new ChildProcessService pid=22173
05-05 21:58:29.156 22173 22289 W SystemServiceRegistry: No service published for: user
05-05 21:58:29.157 22173 22289 E FA : Exception reading flag from SharedPreferences.
05-05 21:58:29.157 22173 22289 E FA : java.lang.NullPointerException: Attempt to invoke virtual method 'boolean android.os.UserManager.isUserUnlockingOrUnlocked(int)' on a null object reference
05-05 21:58:29.157 22173 22289 E FA : at android.app.ContextImpl.getSharedPreferences(ContextImpl.java:485)
05-05 21:58:29.157 22173 22289 E FA : at android.app.ContextImpl.getSharedPreferences(ContextImpl.java:462)
05-05 21:58:29.157 22173 22289 E FA : at android.content.ContextWrapper.getSharedPreferences(ContextWrapper.java:184)
05-05 21:58:29.157 22173 22289 E FA : at com.google.android.gms.internal.measurement.zzbr.zzO(Unknown Source:58)
05-05 21:58:29.157 22173 22289 E FA : at com.google.android.gms.internal.measurement.zzak.zza(com.google.android.gms:play-services-measurement-sdk-api@@18.0.2:2)
05-05 21:58:29.157 22173 22289 E FA : at com.google.android.gms.internal.measurement.zzbg.run(com.google.android.gms:play-services-measurement-sdk-api@@18.0.2:2)
05-05 21:58:29.157 22173 22289 E FA : at java.util.concurrent.ThreadPoolExecutor.runWorker(ThreadPoolExecutor.java:1167)
05-05 21:58:29.157 22173 22289 E FA : at java.util.concurrent.ThreadPoolExecutor$Worker.run(ThreadPoolExecutor.java:641)
05-05 21:58:29.157 22173 22289 E FA : at java.lang.Thread.run(Thread.java:919)
05-05 21:58:29.158 612 612 I lmkd : 0(delay),50(swap), 0(freelimit) memory pressure events were skipped after a kill!
05-05 21:58:29.160 1198 1027 D MotionRecognitionService: values = 50.0
05-05 21:58:29.160 1198 1027 D MotionRecognitionService: onReceive lux: 50.0 action:
05-05 21:58:29.160 1198 1027 D MotionRecognitionService: Inject brightness form Cam 50.0
05-05 21:58:29.160 1198 1027 D MotionRecognitionService: Inject calibrated lux
05-05 21:58:29.160 22097 22135 D cr_LibraryLoader: [LibraryLoader.java:354] Forcing system linker, relocations will not be shared. This negatively impacts memory usage.
05-05 21:58:29.161 580 580 I Sensors : AutoBrightnessSensor::inject_sensor_data: cam_lux 50
05-05 21:58:29.163 20505 21612 D cr_ChildProcLauncher: [ChildProcessLauncher.java:274] stopping child connection: pid=21998
05-05 21:58:29.164 20505 21612 D cr_ChildProcLauncher: [ChildProcessLauncher.java:274] stopping child connection: pid=21886
05-05 21:58:29.164 7710 22285 E memtrack: Couldn't load memtrack module
05-05 21:58:29.164 7710 22285 W android.os.Debug: failed to get memory consumption info: -1
05-05 21:58:29.164 7710 22285 D SystemUIService: summary.java-heap : 19444
05-05 21:58:29.164 7710 22285 D SystemUIService: summary.native-heap : 33808
05-05 21:58:29.164 7710 22285 D SystemUIService: summary.code : 13448
05-05 21:58:29.164 7710 22285 D SystemUIService: summary.stack : 36
05-05 21:58:29.164 7710 22285 D SystemUIService: summary.graphics : 0
05-05 21:58:29.164 7710 22285 D SystemUIService: summary.private-other : 8360
05-05 21:58:29.164 7710 22285 D SystemUIService: summary.system : 62591
05-05 21:58:29.164 7710 22285 D SystemUIService: summary.total-pss : 137687
05-05 21:58:29.164 7710 22285 D SystemUIService: summary.total-swap : 61732
05-05 21:58:29.164 7710 22285 D SystemUIService: - View count -
05-05 21:58:29.166 20505 21612 D cr_ChildProcLauncher: [ChildProcessLauncher.java:231] on connect callback, pid=22073
05-05 21:58:29.170 22122 22242 D cr_LibraryLoader: [LibraryLoader.java:354] Forcing system linker, relocations will not be shared. This negatively impacts memory usage.
05-05 21:58:29.173 20505 21612 D cr_ChildProcLauncher: [ChildProcessLauncher.java:231] on connect callback, pid=22097
05-05 21:58:29.175 20505 21612 D cr_ChildProcLauncher: [ChildProcessLauncher.java:231] on connect callback, pid=22122
05-05 21:58:29.183 20505 21612 D cr_ChildProcLauncher: [ChildProcessLauncher.java:231] on connect callback, pid=22173
05-05 21:58:29.184 1198 1249 W ProcessCpuTracker: Failed to stat(/proc/21886): android.system.ErrnoException: stat failed: ENOENT (No such file or directory)
05-05 21:58:29.184 1198 1249 W ProcessCpuTracker: Skipping unknown process pid 21886
05-05 21:58:29.185 1198 1249 W ProcessCpuTracker: Failed to stat(/proc/21937): android.system.ErrnoException: stat failed: ENOENT (No such file or directory)
05-05 21:58:29.186 22173 22173 D cr_LibraryLoader: [LibraryLoader.java:354] Forcing system linker, relocations will not be shared. This negatively impacts memory usage.
05-05 21:58:29.187 22173 22173 D cr_LibraryLoader: [LibraryLoader.java:354] Forcing system linker, relocations will not be shared. This negatively impacts memory usage.
05-05 21:58:29.187 22173 22284 D cr_LibraryLoader: [LibraryLoader.java:354] Forcing system linker, relocations will not be shared. This negatively impacts memory usage.
05-05 21:58:29.187 1198 1249 W ProcessCpuTracker: Skipping unknown process pid 21937
05-05 21:58:29.188 1198 1249 W ProcessCpuTracker: Failed to stat(/proc/21998): android.system.ErrnoException: stat failed: ENOENT (No such file or directory)
05-05 21:58:29.188 1198 1249 W ProcessCpuTracker: Skipping unknown process pid 21998
05-05 21:58:29.188 22122 22286 E DynamiteLoaderImpl: Error retrieving remote feature version:
05-05 21:58:29.188 22122 22286 E DynamiteLoaderImpl: java.lang.SecurityException: Isolated process not allowed to call getContentProvider
05-05 21:58:29.188 22122 22286 E DynamiteLoaderImpl: at android.os.Parcel.createException(Parcel.java:2088)
05-05 21:58:29.188 22122 22286 E DynamiteLoaderImpl: at android.os.Parcel.readException(Parcel.java:2056)
05-05 21:58:29.188 22122 22286 E DynamiteLoaderImpl: at android.os.Parcel.readException(Parcel.java:2004)
05-05 21:58:29.188 22122 22286 E DynamiteLoaderImpl: at android.app.IActivityManager$Stub$Proxy.getContentProvider(IActivityManager.java:6031)
05-05 21:58:29.188 22122 22286 E DynamiteLoaderImpl: at android.app.ActivityThread.acquireProvider(ActivityThread.java:7342)
05-05 21:58:29.188 22122 22286 E DynamiteLoaderImpl: at android.app.ContextImpl$ApplicationContentResolver.acquireUnstableProvider(ContextImpl.java:2895)
05-05 21:58:29.188 22122 22286 E DynamiteLoaderImpl: at android.content.ContentResolver.acquireUnstableProvider(ContentResolver.java:2124)
05-05 21:58:29.188 22122 22286 E DynamiteLoaderImpl: at android.content.ContentResolver.query(ContentResolver.java:935)
05-05 21:58:29.188 22122 22286 E DynamiteLoaderImpl: at android.content.ContentResolver.query(ContentResolver.java:887)
05-05 21:58:29.188 22122 22286 E DynamiteLoaderImpl: at android.content.ContentResolver.query(ContentResolver.java:843)
05-05 21:58:29.188 22122 22286 E DynamiteLoaderImpl: at yfl.e(:com.google.android.gms@211515037@21.15.15 (120400-371058782):0)
05-05 21:58:29.188 22122 22286 E DynamiteLoaderImpl: at com.google.android.gms.chimera.container.DynamiteLoaderImpl.queryForDynamiteModule(:com.google.android.gms@211515037@21.15.15 (120400-371058782):0)
05-05 21:58:29.188 22122 22286 E DynamiteLoaderImpl: at com.google.android.gms.chimera.container.DynamiteLoaderImpl.queryForDynamiteModuleNoCrashUtils(:com.google.android.gms@211515037@21.15.15 (120400-371058782):3)
05-05 21:58:29.188 22122 22286 E DynamiteLoaderImpl: at yfn.eb(:com.google.android.gms@211515037@21.15.15 (120400-371058782):11)
05-05 21:58:29.188 22122 22286 E DynamiteLoaderImpl: at czy.onTransact(:com.google.android.gms@211515037@21.15.15 (120400-371058782):11)
05-05 21:58:29.188 22122 22286 E DynamiteLoaderImpl: at android.os.Binder.transact(Binder.java:949)
05-05 21:58:29.188 22122 22286 E DynamiteLoaderImpl: at com.google.android.gms.internal.common.zza.zzB(com.google.android.gms:play-services-basement@@17.6.0:2)
05-05 21:58:29.188 22122 22286 E DynamiteLoaderImpl: at com.google.android.gms.dynamite.zzo.zzj(com.google.android.gms:play-services-basement@@17.6.0:6)
05-05 21:58:29.188 22122 22286 E DynamiteLoaderImpl: at com.google.android.gms.dynamite.DynamiteModule.zza(com.google.android.gms:play-services-basement@@17.6.0:29)
05-05 21:58:29.188 22122 22286 E DynamiteLoaderImpl: at com.google.android.gms.dynamite.zzc.zza(com.google.android.gms:play-services-basement@@17.6.0:1)
05-05 21:58:29.188 22122 22286 E DynamiteLoaderImpl: at com.google.android.gms.dynamite.zzi.zza(com.google.android.gms:play-services-basement@@17.6.0:3)
05-05 21:58:29.188 22122 22286 E DynamiteLoaderImpl: at com.google.android.gms.dynamite.DynamiteModule.load(com.google.android.gms:play-services-basement@@17.6.0:5)
05-05 21:58:29.188 22122 22286 E DynamiteLoaderImpl: at com.google.android.gms.internal.measurement.zzbr.zzc(com.google.android.gms:play-services-measurement-sdk-api@@18.0.2:3)
05-05 21:58:29.188 22122 22286 E DynamiteLoaderImpl: at com.google.android.gms.internal.measurement.zzak.zza(com.google.android.gms:play-services-measurement-sdk-api@@18.0.2:4)
05-05 21:58:29.188 22122 22286 E DynamiteLoaderImpl: at com.google.android.gms.internal.measurement.zzbg.run(com.google.android.gms:play-services-measurement-sdk-api@@18.0.2:2)
05-05 21:58:29.188 22122 22286 E DynamiteLoaderImpl: at java.util.concurrent.ThreadPoolExecutor.runWorker(ThreadPoolExecutor.java:1167)
05-05 21:58:29.188 22122 22286 E DynamiteLoaderImpl: at java.util.concurrent.ThreadPoolExecutor$Worker.run(ThreadPoolExecutor.java:641)
05-05 21:58:29.188 22122 22286 E DynamiteLoaderImpl: at java.lang.Thread.run(Thread.java:919)
05-05 21:58:29.189 22122 22286 W DynamiteModule: Failed to retrieve remote module version.
05-05 21:58:29.190 22122 22286 I DynamiteModule: Considering local module com.google.android.gms.measurement.dynamite:46 and remote module com.google.android.gms.measurement.dynamite:0
05-05 21:58:29.190 22122 22286 I DynamiteModule: Selected local version of com.google.android.gms.measurement.dynamite
05-05 21:58:29.201 22173 22289 I cessService0:1: The ClassLoaderContext is a special shared library.
05-05 21:58:29.208 22122 22286 E DynamiteLoaderImpl: Error retrieving remote feature version:
05-05 21:58:29.208 22122 22286 E DynamiteLoaderImpl: java.lang.SecurityException: Isolated process not allowed to call getContentProvider
05-05 21:58:29.208 22122 22286 E DynamiteLoaderImpl: at android.os.Parcel.createException(Parcel.java:2088)
05-05 21:58:29.208 22122 22286 E DynamiteLoaderImpl: at android.os.Parcel.readException(Parcel.java:2056)
05-05 21:58:29.208 22122 22286 E DynamiteLoaderImpl: at android.os.Parcel.readException(Parcel.java:2004)
05-05 21:58:29.208 22122 22286 E DynamiteLoaderImpl: at android.app.IActivityManager$Stub$Proxy.getContentProvider(IActivityManager.java:6031)
05-05 21:58:29.208 22122 22286 E DynamiteLoaderImpl: at android.app.ActivityThread.acquireProvider(ActivityThread.java:7342)
05-05 21:58:29.208 22122 22286 E DynamiteLoaderImpl: at android.app.ContextImpl$ApplicationContentResolver.acquireUnstableProvider(ContextImpl.java:2895)
05-05 21:58:29.208 22122 22286 E DynamiteLoaderImpl: at android.content.ContentResolver.acquireUnstableProvider(ContentResolver.java:2124)
05-05 21:58:29.208 22122 22286 E DynamiteLoaderImpl: at android.content.ContentResolver.query(ContentResolver.java:935)
05-05 21:58:29.208 22122 22286 E DynamiteLoaderImpl: at android.content.ContentResolver.query(ContentResolver.java:887)
05-05 21:58:29.208 22122 22286 E DynamiteLoaderImpl: at android.content.ContentResolver.query(ContentResolver.java:843)
05-05 21:58:29.208 22122 22286 E DynamiteLoaderImpl: at yfl.e(:com.google.android.gms@211515037@21.15.15 (120400-371058782):0)
05-05 21:58:29.208 22122 22286 E DynamiteLoaderImpl: at com.google.android.gms.chimera.container.DynamiteLoaderImpl.queryForDynamiteModule(:com.google.android.gms@211515037@21.15.15 (120400-371058782):0)
05-05 21:58:29.208 22122 22286 E DynamiteLoaderImpl: at com.google.android.gms.chimera.container.DynamiteLoaderImpl.queryForDynamiteModuleNoCrashUtils(:com.google.android.gms@211515037@21.15.15 (120400-371058782):3)
05-05 21:58:29.208 22122 22286 E DynamiteLoaderImpl: at yfn.eb(:com.google.android.gms@211515037@21.15.15 (120400-371058782):11)
05-05 21:58:29.208 22122 22286 E DynamiteLoaderImpl: at czy.onTransact(:com.google.android.gms@211515037@21.15.15 (120400-371058782):11)
05-05 21:58:29.208 22122 22286 E DynamiteLoaderImpl: at android.os.Binder.transact(Binder.java:949)
05-05 21:58:29.208 22122 22286 E DynamiteLoaderImpl: at com.google.android.gms.internal.common.zza.zzB(com.google.android.gms:play-services-basement@@17.6.0:2)
05-05 21:58:29.208 22122 22286 E DynamiteLoaderImpl: at com.google.android.gms.dynamite.zzo.zzj(com.google.android.gms:play-services-basement@@17.6.0:6)
05-05 21:58:29.208 22122 22286 E DynamiteLoaderImpl: at com.google.android.gms.dynamite.DynamiteModule.zza(com.google.android.gms:play-services-basement@@17.6.0:29)
05-05 21:58:29.208 22122 22286 E DynamiteLoaderImpl: at com.google.android.gms.dynamite.DynamiteModule.getRemoteVersion(com.google.android.gms:play-services-basement@@17.6.0:1)
05-05 21:58:29.208 22122 22286 E DynamiteLoaderImpl: at com.google.android.gms.internal.measurement.zzak.zza(com.google.android.gms:play-services-measurement-sdk-api@@18.0.2:8)
05-05 21:58:29.208 22122 22286 E DynamiteLoaderImpl: at com.google.android.gms.internal.measurement.zzbg.run(com.google.android.gms:play-services-measurement-sdk-api@@18.0.2:2)
05-05 21:58:29.208 22122 22286 E DynamiteLoaderImpl: at java.util.concurrent.ThreadPoolExecutor.runWorker(ThreadPoolExecutor.java:1167)
05-05 21:58:29.208 22122 22286 E DynamiteLoaderImpl: at java.util.concurrent.ThreadPoolExecutor$Worker.run(ThreadPoolExecutor.java:641)
05-05 21:58:29.208 22122 22286 E DynamiteLoaderImpl: at java.lang.Thread.run(Thread.java:919)
05-05 21:58:29.208 22122 22286 W DynamiteModule: Failed to retrieve remote module version.
05-05 21:58:29.208 7710 22285 D SystemUIService: View=1378
05-05 21:58:29.214 22173 22289 I cessService0:1: The ClassLoaderContext is a special shared library.
05-05 21:58:29.226 7710 22285 D SystemUIService: ViewRootImpl=7
05-05 21:58:29.242 7710 22285 D SystemUIService: Bitmap=157
05-05 21:58:29.225 22173 22289 I cessService0:1: The ClassLoaderContext is a special shared library.
05-05 21:58:29.249 22097 22244 I cr_LibraryLoader: Loaded native library version number "91.0.4467.0"
05-05 21:58:29.251 22097 22244 I cr_CachingUmaRecorder: Flushed 1 samples from 1 histograms.
