05-05 21:58:29.253 22073 22291 E FA : Task exception on worker thread: java.lang.NullPointerException: Attempt to invoke virtual method 'boolean android.os.UserManager.isUserUnlockingOrUnlocked(int)' on a null object reference: com.google.android.gms.measurement.internal.zzex.zzay(com.google.android.gms:play-services-measurement-impl@@18.0.2:2)
05-05 21:58:29.254 22073 22291 E FA : Persisted config not initialized. Not logging error/warn
05-05 21:58:29.256 22073 22224 I cr_LibraryLoader: Loaded native library version number "91.0.4467.0"
05-05 21:58:29.258 22073 22224 I cr_CachingUmaRecorder: Flushed 1 samples from 1 histograms.
05-05 21:58:29.261 22173 22290 I cr_LibraryLoader: Loaded native library version number "91.0.4467.0"
05-05 21:58:29.262 22173 22290 I cr_CachingUmaRecorder: Flushed 1 samples from 1 histograms.
05-05 21:58:29.264 22097 22292 E FA : Task exception on worker thread: java.lang.NullPointerException: Attempt to invoke virtual method 'boolean android.os.UserManager.isUserUnlockingOrUnlocked(int)' on a null object reference: com.google.android.gms.measurement.internal.zzex.zzay(com.google.android.gms:play-services-measurement-impl@@18.0.2:2)
05-05 21:58:29.264 22097 22292 E FA : Persisted config not initialized. Not logging error/warn
05-05 21:58:29.269 22122 22287 I cr_LibraryLoader: Loaded native library version number "91.0.4467.0"
05-05 21:58:29.270 22122 22287 I cr_CachingUmaRecorder: Flushed 1 samples from 1 histograms.
05-05 21:58:29.281 22097 22244 W SystemServiceRegistry: No service published for: uimode
05-05 21:58:29.286 22073 22224 W SystemServiceRegistry: No service published for: uimode
05-05 21:58:29.291 22173 22290 W SystemServiceRegistry: No service published for: uimode
05-05 21:58:29.291 22173 22289 E DynamiteLoaderImpl: Error retrieving remote feature version:
05-05 21:58:29.291 22173 22289 E DynamiteLoaderImpl: java.lang.SecurityException: Isolated process not allowed to call getContentProvider
05-05 21:58:29.291 22173 22289 E DynamiteLoaderImpl: at android.os.Parcel.createException(Parcel.java:2088)
05-05 21:58:29.291 22173 22289 E DynamiteLoaderImpl: at android.os.Parcel.readException(Parcel.java:2056)
05-05 21:58:29.291 22173 22289 E DynamiteLoaderImpl: at android.os.Parcel.readException(Parcel.java:2004)
05-05 21:58:29.291 22173 22289 E DynamiteLoaderImpl: at android.app.IActivityManager$Stub$Proxy.getContentProvider(IActivityManager.java:6031)
05-05 21:58:29.291 22173 22289 E DynamiteLoaderImpl: at android.app.ActivityThread.acquireProvider(ActivityThread.java:7342)
05-05 21:58:29.291 22173 22289 E DynamiteLoaderImpl: at android.app.ContextImpl$ApplicationContentResolver.acquireUnstableProvider(ContextImpl.java:2895)
05-05 21:58:29.291 22173 22289 E DynamiteLoaderImpl: at android.content.ContentResolver.acquireUnstableProvider(ContentResolver.java:2124)
05-05 21:58:29.291 22173 22289 E DynamiteLoaderImpl: at android.content.ContentResolver.query(ContentResolver.java:935)
05-05 21:58:29.291 22173 22289 E DynamiteLoaderImpl: at android.content.ContentResolver.query(ContentResolver.java:887)
05-05 21:58:29.291 22173 22289 E DynamiteLoaderImpl: at android.content.ContentResolver.query(ContentResolver.java:843)
05-05 21:58:29.291 22173 22289 E DynamiteLoaderImpl: at yfl.e(:com.google.android.gms@211515037@21.15.15 (120400-371058782):0)
05-05 21:58:29.291 22173 22289 E DynamiteLoaderImpl: at com.google.android.gms.chimera.container.DynamiteLoaderImpl.queryForDynamiteModule(:com.google.android.gms@211515037@21.15.15 (120400-371058782):0)
05-05 21:58:29.291 22173 22289 E DynamiteLoaderImpl: at com.google.android.gms.chimera.container.DynamiteLoaderImpl.queryForDynamiteModuleNoCrashUtils(:com.google.android.gms@211515037@21.15.15 (120400-371058782):3)
05-05 21:58:29.291 22173 22289 E DynamiteLoaderImpl: at yfn.eb(:com.google.android.gms@211515037@21.15.15 (120400-371058782):11)
05-05 21:58:29.291 22173 22289 E DynamiteLoaderImpl: at czy.onTransact(:com.google.android.gms@211515037@21.15.15 (120400-371058782):11)
05-05 21:58:29.291 22173 22289 E DynamiteLoaderImpl: at android.os.Binder.transact(Binder.java:949)
05-05 21:58:29.291 22173 22289 E DynamiteLoaderImpl: at com.google.android.gms.internal.common.zza.zzB(com.google.android.gms:play-services-basement@@17.6.0:2)
05-05 21:58:29.291 22173 22289 E DynamiteLoaderImpl: at com.google.android.gms.dynamite.zzo.zzj(com.google.android.gms:play-services-basement@@17.6.0:6)
05-05 21:58:29.291 22173 22289 E DynamiteLoaderImpl: at com.google.android.gms.dynamite.DynamiteModule.zza(com.google.android.gms:play-services-basement@@17.6.0:29)
05-05 21:58:29.291 22173 22289 E DynamiteLoaderImpl: at com.google.android.gms.dynamite.zzc.zza(com.google.android.gms:play-services-basement@@17.6.0:1)
05-05 21:58:29.291 22173 22289 E DynamiteLoaderImpl: at com.google.android.gms.dynamite.zzi.zza(com.google.android.gms:play-services-basement@@17.6.0:3)
05-05 21:58:29.291 22173 22289 E DynamiteLoaderImpl: at com.google.android.gms.dynamite.DynamiteModule.load(com.google.android.gms:play-services-basement@@17.6.0:5)
05-05 21:58:29.291 22173 22289 E DynamiteLoaderImpl: at com.google.android.gms.internal.measurement.zzbr.zzc(com.google.android.gms:play-services-measurement-sdk-api@@18.0.2:3)
05-05 21:58:29.291 22173 22289 E DynamiteLoaderImpl: at com.google.android.gms.internal.measurement.zzak.zza(com.google.android.gms:play-services-measurement-sdk-api@@18.0.2:4)
05-05 21:58:29.291 22173 22289 E DynamiteLoaderImpl: at com.google.android.gms.internal.measurement.zzbg.run(com.google.android.gms:play-services-measurement-sdk-api@@18.0.2:2)
05-05 21:58:29.291 22173 22289 E DynamiteLoaderImpl: at java.util.concurrent.ThreadPoolExecutor.runWorker(ThreadPoolExecutor.java:1167)
05-05 21:58:29.291 22173 22289 E DynamiteLoaderImpl: at java.util.concurrent.ThreadPoolExecutor$Worker.run(ThreadPoolExecutor.java:641)
05-05 21:58:29.291 22173 22289 E DynamiteLoaderImpl: at java.lang.Thread.run(Thread.java:919)
05-05 21:58:29.291 22173 22289 E DynamiteLoaderImpl: Caused by: android.os.RemoteException: Remote stack trace:
05-05 21:58:29.291 22173 22289 E DynamiteLoaderImpl: at com.android.server.am.ActivityManagerService.enforceNotIsolatedCaller(ActivityManagerService.java:3892)
05-05 21:58:29.291 22173 22289 E DynamiteLoaderImpl: at com.android.server.am.ActivityManagerService.getContentProvider(ActivityManagerService.java:9044)
05-05 21:58:29.291 22173 22289 E DynamiteLoaderImpl: at android.app.IActivityManager$Stub.onTransact(IActivityManager.java:2546)
05-05 21:58:29.291 22173 22289 E DynamiteLoaderImpl: at com.android.server.am.ActivityManagerService.onTransact(ActivityManagerService.java:3427)
05-05 21:58:29.291 22173 22289 E DynamiteLoaderImpl: at android.os.Binder.execTransactInternal(Binder.java:1056)
05-05 21:58:29.291 22173 22289 E DynamiteLoaderImpl:
05-05 21:58:29.291 22173 22289 W DynamiteModule: Failed to retrieve remote module version.
05-05 21:58:29.292 22173 22289 I DynamiteModule: Considering local module com.google.android.gms.measurement.dynamite:46 and remote module com.google.android.gms.measurement.dynamite:0
05-05 21:58:29.292 22173 22289 I DynamiteModule: Selected local version of com.google.android.gms.measurement.dynamite
05-05 21:58:29.298 22122 22287 W SystemServiceRegistry: No service published for: uimode
05-05 21:58:29.308 22097 22244 I chromium: [INFO:child_process_service.cc(69)] ChildProcessService: Exiting child process.
05-05 21:58:29.316 22173 22289 E DynamiteLoaderImpl: Error retrieving remote feature version:
05-05 21:58:29.316 22173 22289 E DynamiteLoaderImpl: java.lang.SecurityException: Isolated process not allowed to call getContentProvider
05-05 21:58:29.316 22173 22289 E DynamiteLoaderImpl: at android.os.Parcel.createException(Parcel.java:2088)
05-05 21:58:29.316 22173 22289 E DynamiteLoaderImpl: at android.os.Parcel.readException(Parcel.java:2056)
05-05 21:58:29.316 22173 22289 E DynamiteLoaderImpl: at android.os.Parcel.readException(Parcel.java:2004)
05-05 21:58:29.316 22173 22289 E DynamiteLoaderImpl: at android.app.IActivityManager$Stub$Proxy.getContentProvider(IActivityManager.java:6031)
05-05 21:58:29.316 22173 22289 E DynamiteLoaderImpl: at android.app.ActivityThread.acquireProvider(ActivityThread.java:7342)
05-05 21:58:29.316 22173 22289 E DynamiteLoaderImpl: at android.app.ContextImpl$ApplicationContentResolver.acquireUnstableProvider(ContextImpl.java:2895)
05-05 21:58:29.316 22173 22289 E DynamiteLoaderImpl: at android.content.ContentResolver.acquireUnstableProvider(ContentResolver.java:2124)
05-05 21:58:29.316 22173 22289 E DynamiteLoaderImpl: at android.content.ContentResolver.query(ContentResolver.java:935)
05-05 21:58:29.316 22173 22289 E DynamiteLoaderImpl: at android.content.ContentResolver.query(ContentResolver.java:887)
05-05 21:58:29.316 22173 22289 E DynamiteLoaderImpl: at android.content.ContentResolver.query(ContentResolver.java:843)
05-05 21:58:29.316 22173 22289 E DynamiteLoaderImpl: at yfl.e(:com.google.android.gms@211515037@21.15.15 (120400-371058782):0)
05-05 21:58:29.316 22173 22289 E DynamiteLoaderImpl: at com.google.android.gms.chimera.container.DynamiteLoaderImpl.queryForDynamiteModule(:com.google.android.gms@211515037@21.15.15 (120400-371058782):0)
05-05 21:58:29.316 22173 22289 E DynamiteLoaderImpl: at com.google.android.gms.chimera.container.DynamiteLoaderImpl.queryForDynamiteModuleNoCrashUtils(:com.google.android.gms@211515037@21.15.15 (120400-371058782):3)
05-05 21:58:29.316 22173 22289 E DynamiteLoaderImpl: at yfn.eb(:com.google.android.gms@211515037@21.15.15 (120400-371058782):11)
05-05 21:58:29.316 22173 22289 E DynamiteLoaderImpl: at czy.onTransact(:com.google.android.gms@211515037@21.15.15 (120400-371058782):11)
05-05 21:58:29.316 22173 22289 E DynamiteLoaderImpl: at android.os.Binder.transact(Binder.java:949)
05-05 21:58:29.316 22173 22289 E DynamiteLoaderImpl: at com.google.android.gms.internal.common.zza.zzB(com.google.android.gms:play-services-basement@@17.6.0:2)
05-05 21:58:29.316 22173 22289 E DynamiteLoaderImpl: at com.google.android.gms.dynamite.zzo.zzj(com.google.android.gms:play-services-basement@@17.6.0:6)
05-05 21:58:29.316 22173 22289 E DynamiteLoaderImpl: at com.google.android.gms.dynamite.DynamiteModule.zza(com.google.android.gms:play-services-basement@@17.6.0:29)
05-05 21:58:29.316 22173 22289 E DynamiteLoaderImpl: at com.google.android.gms.dynamite.DynamiteModule.getRemoteVersion(com.google.android.gms:play-services-basement@@17.6.0:1)
05-05 21:58:29.316 22173 22289 E DynamiteLoaderImpl: at com.google.android.gms.internal.measurement.zzak.zza(com.google.android.gms:play-services-measurement-sdk-api@@18.0.2:8)
05-05 21:58:29.316 22173 22289 E DynamiteLoaderImpl: at com.google.android.gms.internal.measurement.zzbg.run(com.google.android.gms:play-services-measurement-sdk-api@@18.0.2:2)
05-05 21:58:29.316 22173 22289 E DynamiteLoaderImpl: at java.util.concurrent.ThreadPoolExecutor.runWorker(ThreadPoolExecutor.java:1167)
05-05 21:58:29.316 22173 22289 E DynamiteLoaderImpl: at java.util.concurrent.ThreadPoolExecutor$Worker.run(ThreadPoolExecutor.java:641)
05-05 21:58:29.316 22173 22289 E DynamiteLoaderImpl: at java.lang.Thread.run(Thread.java:919)
05-05 21:58:29.317 22173 22289 W DynamiteModule: Failed to retrieve remote module version.
05-05 21:58:29.318 22073 22224 I chromium: [INFO:child_process_service.cc(69)] ChildProcessService: Exiting child process.
05-05 21:58:29.319 22122 22287 I chromium: [INFO:child_process_service.cc(69)] ChildProcessService: Exiting child process.
05-05 21:58:29.320 1198 8013 I ActivityManager: Killing 22097:com.yeti.browser:sandboxed_process0:org.chromium.content.app.SandboxedProcessService0:9/u0a746i-8891 (adj 0): isolated not needed
05-05 21:58:29.320 1198 1252 I libprocessgroup: Successfully killed process cgroup uid 90109 pid 22097 in 0ms
05-05 21:58:29.321 22173 22290 I chromium: [INFO:child_process_service.cc(69)] ChildProcessService: Exiting child process.
05-05 21:58:29.329 1198 1211 I ActivityManager: Killing 22073:com.yeti.browser:sandboxed_process0:org.chromium.content.app.SandboxedProcessService0:8/u0a746i-8892 (adj 0): isolated not needed
05-05 21:58:29.330 1198 1252 I libprocessgroup: Successfully killed process cgroup uid 90108 pid 22073 in 0ms
05-05 21:58:29.345 1198 8013 I ActivityManager: Killing 22122:com.yeti.browser:sandboxed_process0:org.chromium.content.app.SandboxedProcessService0:10/u0a746i-8890 (adj 0): isolated not needed
05-05 21:58:29.345 1198 1252 I libprocessgroup: Successfully killed process cgroup uid 90110 pid 22122 in 0ms
05-05 21:58:29.355 29739 29739 I ADB_SERVICES: for fd 45, revents = 2011
05-05 21:58:29.355 29739 29739 I ADB_SERVICES: for fd 47, revents = 2011
05-05 21:58:29.355 29739 29739 I ADB_SERVICES: for fd 47, revents = 2011
05-05 21:58:29.355 20505 20505 W chromium: [WARNING:compositor_view.cc(341)] Child process died (type=6) pid=22097)
05-05 21:58:29.355 21614 21614 I Zygote : Process 22097 exited cleanly (0)
05-05 21:58:29.358 1198 8013 I ActivityManager: Killing 22173:com.yeti.browser:sandboxed_process0:org.chromium.content.app.SandboxedProcessService0:11/u0a746i-8889 (adj 0): isolated not needed
05-05 21:58:29.359 20505 21612 D cr_ChildProcLauncher: [ChildProcessLauncher.java:274] stopping child connection: pid=22097
05-05 21:58:29.360 1198 1027 D MotionRecognitionService: values = 50.0
05-05 21:58:29.360 1198 1027 D MotionRecognitionService: onReceive lux: 50.0 action:
05-05 21:58:29.360 1198 1027 D MotionRecognitionService: Inject brightness form Cam 50.0
05-05 21:58:29.360 1198 1027 D MotionRecognitionService: Inject calibrated lux
05-05 21:58:29.361 580 656 I Sensors : AutoBrightnessSensor::inject_sensor_data: cam_lux 50
05-05 21:58:29.363 1198 1255 D BatteryExternalStatsWorker: update stats
05-05 21:58:29.363 1198 1255 D BatteryExternalStatsWorker: WifiActivityEnergyInfo was updated
05-05 21:58:29.363 1198 1255 D BatteryExternalStatsWorker: BluetoothActivityEnergyInfo was updated
05-05 21:58:29.363 1198 1255 D BatteryExternalStatsWorker: ModemActivityEnergyInfo was updated
05-05 21:58:29.363 1198 1252 I libprocessgroup: Successfully killed process cgroup uid 90111 pid 22173 in 0ms
05-05 21:58:29.364 29739 29739 I ADB_SERVICES: for fd 49, revents = 2011
05-05 21:58:29.364 21614 21614 I Zygote : Process 22122 exited cleanly (0)
05-05 21:58:29.365 29739 29739 I ADB_SERVICES: for fd 50, revents = 2011
05-05 21:58:29.365 29739 29739 I ADB_SERVICES: for fd 50, revents = 2011
05-05 21:58:29.365 29739 29739 I ADB_SERVICES: for fd 53, revents = 2011
05-05 21:58:29.365 29739 29739 I ADB_SERVICES: for fd 53, revents = 2011
05-05 21:58:29.365 20505 20505 W chromium: [WARNING:compositor_view.cc(341)] Child process died (type=6) pid=22122)
05-05 21:58:29.366 20505 20505 W chromium: [WARNING:compositor_view.cc(341)] Child process died (type=6) pid=22173)
05-05 21:58:29.366 21614 22175 I Zygote : Process 22173 exited cleanly (0)
05-05 21:58:29.366 29739 29739 I ADB_SERVICES: for fd 52, revents = 2011
05-05 21:58:29.366 1198 1255 D BatteryExternalStatsWorker: done updateExternalStatsLocked
05-05 21:58:29.370 681 9356 I CameraService: UidPolicy: No processes running for a uid=90109 disabled=0
05-05 21:58:29.370 1198 1255 D BatteryExternalStatsWorker: update stats
05-05 21:58:29.370 1198 1255 D BatteryExternalStatsWorker: WifiActivityEnergyInfo was updated
05-05 21:58:29.371 1198 1255 D BatteryExternalStatsWorker: BluetoothActivityEnergyInfo was updated
05-05 21:58:29.371 1198 1255 D BatteryExternalStatsWorker: ModemActivityEnergyInfo was updated
05-05 21:58:29.372 20505 21612 D cr_ChildProcLauncher: [ChildProcessLauncher.java:274] stopping child connection: pid=22122
05-05 21:58:29.372 20505 21612 D cr_ChildProcLauncher: [ChildProcessLauncher.java:274] stopping child connection: pid=22173
05-05 21:58:29.374 681 9356 I CameraService: UidPolicy: No processes running for a uid=90110 disabled=0
05-05 21:58:29.377 1198 1255 D BatteryExternalStatsWorker: done updateExternalStatsLocked
05-05 21:58:29.378 1198 1255 D BatteryExternalStatsWorker: update stats
05-05 21:58:29.378 1198 1255 D BatteryExternalStatsWorker: WifiActivityEnergyInfo was updated
05-05 21:58:29.378 1198 1255 D BatteryExternalStatsWorker: BluetoothActivityEnergyInfo was updated
05-05 21:58:29.378 1198 1255 D BatteryExternalStatsWorker: ModemActivityEnergyInfo was updated
05-05 21:58:29.382 681 9356 I CameraService: UidPolicy: No processes running for a uid=90111 disabled=0
05-05 21:58:29.384 1198 1255 D BatteryExternalStatsWorker: done updateExternalStatsLocked
05-05 21:58:29.387 29739 29739 I ADB_SERVICES: for fd 37, revents = 2011
05-05 21:58:29.387 29739 29739 I ADB_SERVICES: for fd 37, revents = 2011
05-05 21:58:29.387 29739 29739 I ADB_SERVICES: for fd 36, revents = 2011
05-05 21:58:29.388 21614 21614 I Zygote : Process 22073 exited cleanly (0)
05-05 21:58:29.388 20505 21612 D cr_ChildProcLauncher: [ChildProcessLauncher.java:274] stopping child connection: pid=22073
05-05 21:58:29.389 1198 1255 D BatteryExternalStatsWorker: update stats
05-05 21:58:29.389 1198 1255 D BatteryExternalStatsWorker: WifiActivityEnergyInfo was updated
05-05 21:58:29.389 1198 1255 D BatteryExternalStatsWorker: BluetoothActivityEnergyInfo was updated
05-05 21:58:29.389 1198 1255 D BatteryExternalStatsWorker: ModemActivityEnergyInfo was updated
05-05 21:58:29.392 681 9356 I CameraService: UidPolicy: No processes running for a uid=90108 disabled=0
05-05 21:58:29.393 1198 1255 D BatteryExternalStatsWorker: done updateExternalStatsLocked
05-05 21:58:29.399 1198 8013 D ApplicationPolicy: isStatusBarNotificationAllowedAsUser: packageName = pan.alexander.tordnscrypt.stable,userId = 0
05-05 21:58:29.399 1198 8013 D API test: getContainerInfo: value is
05-05 21:58:29.400 1198 8013 D ApplicationPolicy: isStatusBarNotificationAllowedAsUser: packageName = pan.alexander.tordnscrypt.stable,userId = 0
05-05 21:58:29.400 1198 8013 D API test: getContainerInfo: value is
05-05 21:58:29.404 20505 21444 D OpenGLRenderer: mPreviousPosition == bounds[l=0.00 t=79.00 r=1080.00 b=2274.00]
05-05 21:58:29.406 20505 20505 W chromium: [WARNING:compositor_view.cc(341)] Child process died (type=6) pid=22073)
05-05 21:58:29.412 616 712 I BufferQueueProducer: [com.yeti.browser/org.chromium.chrome.browser.ChromeTabbedActivity$_20505#0](this:0x7165918000,id:37056,api:0,p:-1,c:616) queueBuffer: fps=1.48 dur=1351.43 max=995.09 min=356.35
05-05 21:58:29.427 20505 21444 D OpenGLRenderer: mPreviousPosition == bounds[l=0.00 t=79.00 r=1080.00 b=2274.00]
05-05 21:58:29.503 1198 1198 I EdgeLightingManager: isCallingUserSupported : callingUserId=0, mUserId=0, isDualAppId=false
05-05 21:58:29.503 1198 1198 I EdgeLightingManager: showForNotification : isInteractive=true, isHeadUp=false, color=0, sbn = StatusBarNotification(pkg=pan.alexander.tordnscrypt.stable user=UserHandle{0} id=101102 tag=null key=0|pan.alexander.tordnscrypt.stable|101102|null|10741: Notification(channel=InviZible pri=-2 contentView=null vibrate=null sound=null defaults=0x0 flags=0xa color=0x00000000 category=service vis=PRIVATE semFlags=0x0 semPriority=0 semMissedCount=0))
05-05 21:58:29.504 1198 1198 I EdgeLightingClientManager: isAvailableEdgeLighting: condition=1 mCondition=3 mIsConnected=false0
05-05 21:58:29.504 1198 1198 I EdgeLightingPolicyManager: isAcceptableApplication: pkg=pan.alexander.tordnscrypt.stable , range=256 , includeAllApp=false , userId=0 , infoRange=0 , infoCategory=0
05-05 21:58:29.504 1198 1198 W CoverManager: getCoverState : This device is not supported cover
05-05 21:58:29.504 1198 1198 I EdgeLightingPolicyManager: putNotification tickerText:false,titleText:true,text:true,sub:falsecn= + null
05-05 21:58:29.504 1198 1198 I EdgeLightingPolicyManager.NotificationGroup: Remove previous child data. 0|pan.alexander.tordnscrypt.stable|101102|null|10741
05-05 21:58:29.504 1198 1198 I EdgeLightingPolicyManager.NotificationGroup: group notification count : 30
05-05 21:58:29.504 1198 1198 I EdgeLightingManager: showForNotificationScreenOn Alert once notification. sbn: StatusBarNotification(pkg=pan.alexander.tordnscrypt.stable user=UserHandle{0} id=101102 tag=null key=0|pan.alexander.tordnscrypt.stable|101102|null|10741: Notification(channel=InviZible pri=-2 contentView=null vibrate=null sound=null defaults=0x0 flags=0xa color=0x00000000 category=service vis=PRIVATE semFlags=0x0 semPriority=0 semMissedCount=0))
05-05 21:58:29.506 7941 7941 D Launcher.NotificationListener: onNotificationPosted : pan.alexander.tordnscrypt.stable number : 0 listener : null
05-05 21:58:29.540 616 712 I BufferQueueProducer: [StatusBar$_7710#0](this:0x71656f4800,id:7,api:0,p:-1,c:616) queueBuffer: fps=0.79 dur=1272.29 max=1272.29 min=1272.29
05-05 21:58:29.555 7710 7710 D swipe : !isFreemformEnabled
05-05 21:58:29.561 1198 1027 D MotionRecognitionService: values = 50.0
05-05 21:58:29.561 1198 1027 D MotionRecognitionService: onReceive lux: 50.0 action:
05-05 21:58:29.561 1198 1027 D MotionRecognitionService: Inject brightness form Cam 50.0
05-05 21:58:29.561 1198 1027 D MotionRecognitionService: Inject calibrated lux
05-05 21:58:29.561 580 656 I Sensors : AutoBrightnessSensor::inject_sensor_data: cam_lux 50
05-05 21:58:29.598 1198 7576 D ConnectivityService: updateCapabilities: oldCap = [ Transports: WIFI Capabilities: NOT_METERED&INTERNET&NOT_RESTRICTED&TRUSTED&NOT_VPN&VALIDATED&NOT_ROAMING&FOREGROUND&NOT_CONGESTED&NOT_SUSPENDED LinkUpBandwidth>=1048576Kbps LinkDnBandwidth>=1048576Kbps Specifier: SignalStrength: -68 SSID: "CRAZY WOLF"], newCap = [ Transports: WIFI Capabilities: NOT_METERED&INTERNET&NOT_RESTRICTED&TRUSTED&NOT_VPN&NOT_ROAMING&NOT_CONGESTED LinkUpBandwidth>=1048576Kbps LinkDnBandwidth>=1048576Kbps Specifier: SignalStrength: -60 SSID: "CRAZY WOLF"]
05-05 21:58:29.599 1198 7576 D ConnectivityService: notifyType CALLBACK_CAP_CHANGED for NetworkAgentInfo [WIFI () - 639]
05-05 21:58:29.599 1198 7576 D ConnectivityService: sending notification for NetworkRequest [ REQUEST id=1, [ Capabilities: INTERNET&NOT_RESTRICTED&TRUSTED&NOT_VPN] ]
05-05 21:58:29.599 1198 7576 D ConnectivityService: sending notification for NetworkRequest [ LISTEN id=4, [ Capabilities: FOREGROUND] ]
05-05 21:58:29.599 1198 7576 D ConnectivityService: sending notification CALLBACK_CAP_CHANGED for NetworkRequest [ LISTEN id=4, [ Capabilities: FOREGROUND] ]
05-05 21:58:29.599 1198 7576 D ConnectivityService: sending notification for NetworkRequest [ LISTEN id=5, [ Capabilities: NOT_RESTRICTED&TRUSTED&NOT_VPN&FOREGROUND Uid: 1000] ]
05-05 21:58:29.600 1198 7576 D ConnectivityService: sending notification CALLBACK_CAP_CHANGED for NetworkRequest [ LISTEN id=5, [ Capabilities: NOT_RESTRICTED&TRUSTED&NOT_VPN&FOREGROUND Uid: 1000] ]
05-05 21:58:29.600 1198 7576 D ConnectivityService: sending notification for NetworkRequest [ LISTEN id=6, [ Transports: WIFI Capabilities: NOT_RESTRICTED&TRUSTED&NOT_VPN&FOREGROUND Uid: 1000] ]
05-05 21:58:29.600 1198 7576 D ConnectivityService: sending notification CALLBACK_CAP_CHANGED for NetworkRequest [ LISTEN id=6, [ Transports: WIFI Capabilities: NOT_RESTRICTED&TRUSTED&NOT_VPN&FOREGROUND Uid: 1000] ]
05-05 21:58:29.600 1198 7576 D ConnectivityService: sending notification for NetworkRequest [ LISTEN id=7, [ Transports: WIFI Capabilities: NOT_RESTRICTED&TRUSTED&NOT_VPN&FOREGROUND Uid: 1000] ]
05-05 21:58:29.600 1198 7576 D ConnectivityService: sending notification CALLBACK_CAP_CHANGED for NetworkRequest [ LISTEN id=7, [ Transports: WIFI Capabilities: NOT_RESTRICTED&TRUSTED&NOT_VPN&FOREGROUND Uid: 1000] ]
05-05 21:58:29.600 1198 7576 D ConnectivityService: sending notification for NetworkRequest [ REQUEST id=8, [ Capabilities: INTERNET&NOT_RESTRICTED&TRUSTED&NOT_VPN] ]
05-05 21:58:29.600 1198 7576 D ConnectivityService: sending notification CALLBACK_CAP_CHANGED for NetworkRequest [ REQUEST id=8, [ Capabilities: INTERNET&NOT_RESTRICTED&TRUSTED&NOT_VPN] ]
05-05 21:58:29.600 1198 7576 D ConnectivityService: sending notification for NetworkRequest [ LISTEN id=10, [ Capabilities: NOT_RESTRICTED&TRUSTED&NOT_VPN Uid: 1000] ]
05-05 21:58:29.600 1198 7576 D ConnectivityService: sending notification CALLBACK_CAP_CHANGED for NetworkRequest [ LISTEN id=10, [ Capabilities: NOT_RESTRICTED&TRUSTED&NOT_VPN Uid: 1000] ]
05-05 21:58:29.600 1198 7576 D ConnectivityService: sending notification for NetworkRequest [ LISTEN id=12, [ Transports: WIFI Capabilities: INTERNET&NOT_RESTRICTED&TRUSTED&NOT_VPN] ]
05-05 21:58:29.601 1198 7576 D ConnectivityService: sending notification CALLBACK_CAP_CHANGED for NetworkRequest [ LISTEN id=12, [ Transports: WIFI Capabilities: INTERNET&NOT_RESTRICTED&TRUSTED&NOT_VPN] ]
05-05 21:58:29.601 1198 7576 D ConnectivityService: sending notification for NetworkRequest [ TRACK_DEFAULT id=13, [ Capabilities: INTERNET&NOT_RESTRICTED&TRUSTED Uid: 1000] ]
05-05 21:58:29.601 1198 7576 D ConnectivityService: sending notification CALLBACK_CAP_CHANGED for NetworkRequest [ TRACK_DEFAULT id=13, [ Capabilities: INTERNET&NOT_RESTRICTED&TRUSTED Uid: 1000] ]
05-05 21:58:29.601 1198 7576 D ConnectivityService: sending notification for NetworkRequest [ LISTEN id=14, [ Capabilities: INTERNET&NOT_RESTRICTED&TRUSTED&VALIDATED Uid: 1000] ]
05-05 21:58:29.601 1198 7576 D ConnectivityService: sending notification CALLBACK_CAP_CHANGED for NetworkRequest [ LISTEN id=14, [ Capabilities: INTERNET&NOT_RESTRICTED&TRUSTED&VALIDATED Uid: 1000] ]
05-05 21:58:29.601 1198 7576 D ConnectivityService: sending notification for NetworkRequest [ TRACK_DEFAULT id=15, [ Capabilities: INTERNET&NOT_RESTRICTED&TRUSTED Uid: 1000] ]
05-05 21:58:29.601 1198 7576 D ConnectivityService: sending notification CALLBACK_CAP_CHANGED for NetworkRequest [ TRACK_DEFAULT id=15, [ Capabilities: INTERNET&NOT_RESTRICTED&TRUSTED Uid: 1000] ]
05-05 21:58:29.601 1198 7576 D ConnectivityService: sending notification for NetworkRequest [ LISTEN id=16, [ Transports: WIFI Capabilities: NOT_RESTRICTED&TRUSTED&NOT_VPN Uid: 1000] ]
05-05 21:58:29.601 1198 7576 D ConnectivityService: sending notification CALLBACK_CAP_CHANGED for NetworkRequest [ LISTEN id=16, [ Transports: WIFI Capabilities: NOT_RESTRICTED&TRUSTED&NOT_VPN Uid: 1000] ]
05-05 21:58:29.602 1198 7576 D ConnectivityService: sending notification for NetworkRequest [ LISTEN id=17, [ Transports: WIFI Capabilities: NOT_VPN] ]
05-05 21:58:29.602 1198 7576 D ConnectivityService: sending notification CALLBACK_CAP_CHANGED for NetworkRequest [ LISTEN id=17, [ Transports: WIFI Capabilities: NOT_VPN] ]
05-05 21:58:29.602 1198 7576 D ConnectivityService: sending notification for NetworkRequest [ TRACK_DEFAULT id=18, [ Capabilities: INTERNET&NOT_RESTRICTED&TRUSTED Uid: 10053] ]
05-05 21:58:29.602 1198 7576 D ConnectivityService: sending notification CALLBACK_CAP_CHANGED for NetworkRequest [ TRACK_DEFAULT id=18, [ Capabilities: INTERNET&NOT_RESTRICTED&TRUSTED Uid: 10053] ]
05-05 21:58:29.602 1198 7576 D ConnectivityService: sending notification for NetworkRequest [ LISTEN id=19, [ Transports: WIFI Capabilities: INTERNET&NOT_RESTRICTED&TRUSTED&NOT_VPN Uid: 1000] ]
05-05 21:58:29.602 1198 7576 D ConnectivityService: sending notification CALLBACK_CAP_CHANGED for NetworkRequest [ LISTEN id=19, [ Transports: WIFI Capabilities: INTERNET&NOT_RESTRICTED&TRUSTED&NOT_VPN Uid: 1000] ]
05-05 21:58:29.603 1198 7576 D ConnectivityService: sending notification for NetworkRequest [ LISTEN id=20, [] ]
05-05 21:58:29.603 7710 7710 D SecStatusBarWifiView: updateState: WifiIconState(resId=2131232730, visible=true, activityId=2131232736)
05-05 21:58:29.603 1198 7576 D ConnectivityService: sending notification CALLBACK_CAP_CHANGED for NetworkRequest [ LISTEN id=20, [] ]
05-05 21:58:29.604 1198 7576 D ConnectivityService: sending notification for NetworkRequest [ LISTEN id=21, [ Transports: WIFI Capabilities: INTERNET&TRUSTED&NOT_VPN Uid: 1001] ]
05-05 21:58:29.604 1198 7576 D ConnectivityService: sending notification CALLBACK_CAP_CHANGED for NetworkRequest [ LISTEN id=21, [ Transports: WIFI Capabilities: INTERNET&TRUSTED&NOT_VPN Uid: 1001] ]
05-05 21:58:29.604 1198 7576 D ConnectivityService: sending notification for NetworkRequest [ LISTEN id=22, [ Transports: WIFI Capabilities: INTERNET&TRUSTED&NOT_VPN Uid: 1001] ]
05-05 21:58:29.605 1198 7576 D ConnectivityService: sending notification CALLBACK_CAP_CHANGED for NetworkRequest [ LISTEN id=22, [ Transports: WIFI Capabilities: INTERNET&TRUSTED&NOT_VPN Uid: 1001] ]
05-05 21:58:29.605 1198 7576 D ConnectivityService: sending notification for NetworkRequest [ LISTEN id=29, [ Transports: WIFI Capabilities: INTERNET&NOT_RESTRICTED&TRUSTED&NOT_VPN Uid: 1000] ]
05-05 21:58:29.605 7710 7764 D Tile.WifiTile: handleUpdateState isTransient=false transientEnabling =false cb.isTransient=false state.state = 2 mStateBeforeClick.value =false enabled =true
05-05 21:58:29.605 1198 7576 D ConnectivityService: sending notification CALLBACK_CAP_CHANGED for NetworkRequest [ LISTEN id=29, [ Transports: WIFI Capabilities: INTERNET&NOT_RESTRICTED&TRUSTED&NOT_VPN Uid: 1000] ]
05-05 21:58:29.605 1198 7576 D ConnectivityService: sending notification for NetworkRequest [ TRACK_DEFAULT id=30, [ Capabilities: INTERNET&NOT_RESTRICTED&TRUSTED Uid: 1000] ]
05-05 21:58:29.605 1198 7576 D ConnectivityService: sending notification CALLBACK_CAP_CHANGED for NetworkRequest [ TRACK_DEFAULT id=30, [ Capabilities: INTERNET&NOT_RESTRICTED&TRUSTED Uid: 1000] ]
05-05 21:58:29.606 1198 7576 D ConnectivityService: sending notification for NetworkRequest [ LISTEN id=73, [ Transports: WIFI Capabilities: NOT_RESTRICTED&TRUSTED&NOT_VPN&FOREGROUND Uid: 5013] ]
05-05 21:58:29.606 1198 7576 D ConnectivityService: sending notification CALLBACK_CAP_CHANGED for NetworkRequest [ LISTEN id=73, [ Transports: WIFI Capabilities: NOT_RESTRICTED&TRUSTED&NOT_VPN&FOREGROUND Uid: 5013] ]
05-05 21:58:29.606 1198 7576 D ConnectivityService: sending notification for NetworkRequest [ LISTEN id=304, [ Transports: CELLULAR|WIFI|ETHERNET Capabilities: INTERNET&NOT_RESTRICTED&TRUSTED&NOT_VPN&FOREGROUND Uid: 10187] ]
05-05 21:58:29.606 1198 7576 D ConnectivityService: sending notification CALLBACK_CAP_CHANGED for NetworkRequest [ LISTEN id=304, [ Transports: CELLULAR|WIFI|ETHERNET Capabilities: INTERNET&NOT_RESTRICTED&TRUSTED&NOT_VPN&FOREGROUND Uid: 10187] ]
05-05 21:58:29.606 1198 7576 D ConnectivityService: sending notification for NetworkRequest [ TRACK_DEFAULT id=30558, [ Capabilities: INTERNET&NOT_RESTRICTED&TRUSTED Uid: 10192] ]
05-05 21:58:29.607 1198 7576 D ConnectivityService: sending notification CALLBACK_CAP_CHANGED for NetworkRequest [ TRACK_DEFAULT id=30558, [ Capabilities: INTERNET&NOT_RESTRICTED&TRUSTED Uid: 10192] ]
05-05 21:58:29.607 28994 29085 I HONEYBOARD: c onCapabilitiesChanged network : 639 current network state : -1
05-05 21:58:29.607 1198 7576 D ConnectivityService: sending notification for NetworkRequest [ LISTEN id=30559, [ Capabilities: INTERNET&NOT_RESTRICTED&TRUSTED&FOREGROUND Uid: 10192] ]
05-05 21:58:29.607 1198 7576 D ConnectivityService: sending notification CALLBACK_CAP_CHANGED for NetworkRequest [ LISTEN id=30559, [ Capabilities: INTERNET&NOT_RESTRICTED&TRUSTED&FOREGROUND Uid: 10192] ]
05-05 21:58:29.607 1198 7576 D ConnectivityService: sending notification for NetworkRequest [ LISTEN id=32960, [ Transports: WIFI Capabilities: NOT_RESTRICTED&TRUSTED&NOT_VPN Uid: 1000] ]
05-05 21:58:29.608 1198 7576 D ConnectivityService: sending notification CALLBACK_CAP_CHANGED for NetworkRequest [ LISTEN id=32960, [ Transports: WIFI Capabilities: NOT_RESTRICTED&TRUSTED&NOT_VPN Uid: 1000] ]
05-05 21:58:29.608 1198 7576 D ConnectivityService: sending notification for NetworkRequest [ REQUEST id=32961, [ Transports: WIFI Capabilities: NOT_RESTRICTED&TRUSTED&NOT_VPN Uid: 1000] ]
05-05 21:58:29.608 1198 7575 I WifiConnectivityMonitor.NetworkCallbackController: mNetworkCallback onCapabilitiesChanged: 639[ Transports: WIFI Capabilities: NOT_METERED&INTERNET&NOT_RESTRICTED&TRUSTED&NOT_VPN&VALIDATED&NOT_ROAMING&FOREGROUND&NOT_CONGESTED&NOT_SUSPENDED LinkUpBandwidth>=1048576Kbps LinkDnBandwidth>=1048576Kbps SignalStrength: -60 SSID: "CRAZY WOLF"]
05-05 21:58:29.608 1198 7576 D ConnectivityService: sending notification CALLBACK_CAP_CHANGED for NetworkRequest [ REQUEST id=32961, [ Transports: WIFI Capabilities: NOT_RESTRICTED&TRUSTED&NOT_VPN Uid: 1000] ]
05-05 21:58:29.608 1198 7576 D ConnectivityService: sending notification for NetworkRequest [ TRACK_DEFAULT id=32963, [ Capabilities: INTERNET&NOT_RESTRICTED&TRUSTED Uid: 1000] ]
05-05 21:58:29.608 1198 7576 D ConnectivityService: sending notification CALLBACK_CAP_CHANGED for NetworkRequest [ TRACK_DEFAULT id=32963, [ Capabilities: INTERNET&NOT_RESTRICTED&TRUSTED Uid: 1000] ]
05-05 21:58:29.608 1198 7576 D ConnectivityService: sending notification for NetworkRequest [ TRACK_DEFAULT id=33552, [ Capabilities: INTERNET&NOT_RESTRICTED&TRUSTED Uid: 10223] ]
05-05 21:58:29.608 1198 7576 D ConnectivityService: sending notification CALLBACK_CAP_CHANGED for NetworkRequest [ TRACK_DEFAULT id=33552, [ Capabilities: INTERNET&NOT_RESTRICTED&TRUSTED Uid: 10223] ]
05-05 21:58:29.608 1198 7576 D ConnectivityService: sending notification for NetworkRequest [ LISTEN id=33553, [ Capabilities: INTERNET&NOT_RESTRICTED&TRUSTED Uid: 10223] ]
05-05 21:58:29.609 1198 7576 D ConnectivityService: sending notification CALLBACK_CAP_CHANGED for NetworkRequest [ LISTEN id=33553, [ Capabilities: INTERNET&NOT_RESTRICTED&TRUSTED Uid: 10223] ]
05-05 21:58:29.609 1198 7576 D ConnectivityService: sending notification for NetworkRequest [ TRACK_DEFAULT id=33554, [ Capabilities: INTERNET&NOT_RESTRICTED&TRUSTED Uid: 10223] ]
05-05 21:58:29.609 1198 7576 D ConnectivityService: sending notification CALLBACK_CAP_CHANGED for NetworkRequest [ TRACK_DEFAULT id=33554, [ Capabilities: INTERNET&NOT_RESTRICTED&TRUSTED Uid: 10223] ]
05-05 21:58:29.609 1198 7576 D ConnectivityService: sending notification for NetworkRequest [ LISTEN id=33555, [ Capabilities: INTERNET&NOT_RESTRICTED&TRUSTED Uid: 10223] ]
05-05 21:58:29.609 1198 7576 D ConnectivityService: sending notification CALLBACK_CAP_CHANGED for NetworkRequest [ LISTEN id=33555, [ Capabilities: INTERNET&NOT_RESTRICTED&TRUSTED Uid: 10223] ]
05-05 21:58:29.610 1198 7576 D ConnectivityService: sending notification for NetworkRequest [ LISTEN id=33564, [ Capabilities: NOT_RESTRICTED Uid: 10223] ]
05-05 21:58:29.610 1198 7576 D ConnectivityService: sending notification CALLBACK_CAP_CHANGED for NetworkRequest [ LISTEN id=33564, [ Capabilities: NOT_RESTRICTED Uid: 10223] ]
05-05 21:58:29.610 1198 7576 D ConnectivityService: sending notification for NetworkRequest [ LISTEN id=33746, [ Capabilities: INTERNET&NOT_RESTRICTED&TRUSTED&NOT_VPN Uid: 10223] ]
05-05 21:58:29.610 1198 7576 D ConnectivityService: sending notification CALLBACK_CAP_CHANGED for NetworkRequest [ LISTEN id=33746, [ Capabilities: INTERNET&NOT_RESTRICTED&TRUSTED&NOT_VPN Uid: 10223] ]
05-05 21:58:29.610 1198 7576 D ConnectivityService: sending notification for NetworkRequest [ TRACK_DEFAULT id=33867, [ Capabilities: INTERNET&NOT_RESTRICTED&TRUSTED Uid: 10227] ]
05-05 21:58:29.610 1198 7576 D ConnectivityService: sending notification CALLBACK_CAP_CHANGED for NetworkRequest [ TRACK_DEFAULT id=33867, [ Capabilities: INTERNET&NOT_RESTRICTED&TRUSTED Uid: 10227] ]
05-05 21:58:29.611 1198 7576 D ConnectivityService: sending notification for NetworkRequest [ LISTEN id=33868, [ Capabilities: INTERNET&NOT_RESTRICTED&TRUSTED Uid: 10227] ]
05-05 21:58:29.611 1198 7576 D ConnectivityService: sending notification CALLBACK_CAP_CHANGED for NetworkRequest [ LISTEN id=33868, [ Capabilities: INTERNET&NOT_RESTRICTED&TRUSTED Uid: 10227] ]
05-05 21:58:29.611 1198 7576 D ConnectivityService: sending notification for NetworkRequest [ TRACK_DEFAULT id=34042, [ Capabilities: INTERNET&NOT_RESTRICTED&TRUSTED Uid: 10235] ]
05-05 21:58:29.611 1198 7576 D ConnectivityService: sending notification CALLBACK_CAP_CHANGED for NetworkRequest [ TRACK_DEFAULT id=34042, [ Capabilities: INTERNET&NOT_RESTRICTED&TRUSTED Uid: 10235] ]
05-05 21:58:29.611 1198 7576 D ConnectivityService: sending notification for NetworkRequest [ LISTEN id=34043, [ Capabilities: INTERNET&NOT_RESTRICTED&TRUSTED&FOREGROUND Uid: 10235] ]
05-05 21:58:29.611 1198 7576 D ConnectivityService: sending notification CALLBACK_CAP_CHANGED for NetworkRequest [ LISTEN id=34043, [ Capabilities: INTERNET&NOT_RESTRICTED&TRUSTED&FOREGROUND Uid: 10235] ]
05-05 21:58:29.611 1198 7576 D ConnectivityService: sending notification for NetworkRequest [ TRACK_DEFAULT id=34048, [ Capabilities: INTERNET&NOT_RESTRICTED&TRUSTED Uid: 10225] ]
05-05 21:58:29.611 1198 7576 D ConnectivityService: sending notification CALLBACK_CAP_CHANGED for NetworkRequest [ TRACK_DEFAULT id=34048, [ Capabilities: INTERNET&NOT_RESTRICTED&TRUSTED Uid: 10225] ]
05-05 21:58:29.612 1198 7576 D ConnectivityService: sending notification for NetworkRequest [ LISTEN id=34049, [ Capabilities: INTERNET&NOT_RESTRICTED&TRUSTED Uid: 10225] ]
05-05 21:58:29.612 1198 7576 D ConnectivityService: sending notification CALLBACK_CAP_CHANGED for NetworkRequest [ LISTEN id=34049, [ Capabilities: INTERNET&NOT_RESTRICTED&TRUSTED Uid: 10225] ]
05-05 21:58:29.612 1198 7576 D ConnectivityService: sending notification for NetworkRequest [ TRACK_DEFAULT id=34050, [ Capabilities: INTERNET&NOT_RESTRICTED&TRUSTED Uid: 10225] ]
05-05 21:58:29.612 1198 7576 D ConnectivityService: sending notification CALLBACK_CAP_CHANGED for NetworkRequest [ TRACK_DEFAULT id=34050, [ Capabilities: INTERNET&NOT_RESTRICTED&TRUSTED Uid: 10225] ]
05-05 21:58:29.612 1198 7576 D ConnectivityService: sending notification for NetworkRequest [ LISTEN id=34060, [ Capabilities: INTERNET&NOT_RESTRICTED&TRUSTED&NOT_VPN&FOREGROUND Uid: 10135] ]
05-05 21:58:29.613 1198 7576 D ConnectivityService: sending notification CALLBACK_CAP_CHANGED for NetworkRequest [ LISTEN id=34060, [ Capabilities: INTERNET&NOT_RESTRICTED&TRUSTED&NOT_VPN&FOREGROUND Uid: 10135] ]
05-05 21:58:29.613 1198 7576 D ConnectivityService: sending notification for NetworkRequest [ TRACK_DEFAULT id=34062, [ Capabilities: INTERNET&NOT_RESTRICTED&TRUSTED Uid: 10290] ]
05-05 21:58:29.613 1198 7576 D ConnectivityService: sending notification CALLBACK_CAP_CHANGED for NetworkRequest [ TRACK_DEFAULT id=34062, [ Capabilities: INTERNET&NOT_RESTRICTED&TRUSTED Uid: 10290] ]
05-05 21:58:29.613 1198 7576 D ConnectivityService: sending notification for NetworkRequest [ TRACK_DEFAULT id=34063, [ Capabilities: INTERNET&NOT_RESTRICTED&TRUSTED Uid: 10290] ]
05-05 21:58:29.613 1198 7576 D ConnectivityService: sending notification CALLBACK_CAP_CHANGED for NetworkRequest [ TRACK_DEFAULT id=34063, [ Capabilities: INTERNET&NOT_RESTRICTED&TRUSTED Uid: 10290] ]
05-05 21:58:29.613 1198 7576 D ConnectivityService: sending notification for NetworkRequest [ LISTEN id=34064, [ Capabilities: INTERNET&NOT_RESTRICTED&TRUSTED Uid: 10290] ]
05-05 21:58:29.614 1198 7576 D ConnectivityService: sending notification CALLBACK_CAP_CHANGED for NetworkRequest [ LISTEN id=34064, [ Capabilities: INTERNET&NOT_RESTRICTED&TRUSTED Uid: 10290] ]
05-05 21:58:29.614 1198 7576 D ConnectivityService: sending notification for NetworkRequest [ LISTEN id=34066, [ Transports: WIFI Capabilities: NOT_RESTRICTED&TRUSTED&NOT_VPN Uid: 10223] ]
05-05 21:58:29.614 1198 7576 D ConnectivityService: sending notification CALLBACK_CAP_CHANGED for NetworkRequest [ LISTEN id=34066, [ Transports: WIFI Capabilities: NOT_RESTRICTED&TRUSTED&NOT_VPN Uid: 10223] ]
05-05 21:58:29.614 1198 7576 D ConnectivityService: sending notification for NetworkRequest [ TRACK_DEFAULT id=34067, [ Capabilities: INTERNET&NOT_RESTRICTED&TRUSTED Uid: 10746] ]
05-05 21:58:29.614 1198 7576 D ConnectivityService: sending notification CALLBACK_CAP_CHANGED for NetworkRequest [ TRACK_DEFAULT id=34067, [ Capabilities: INTERNET&NOT_RESTRICTED&TRUSTED Uid: 10746] ]
05-05 21:58:29.614 1198 7576 D ConnectivityService: sending notification for NetworkRequest [ LISTEN id=34068, [ Capabilities: INTERNET&NOT_RESTRICTED&TRUSTED Uid: 10746] ]
05-05 21:58:29.614 1198 7576 D ConnectivityService: sending notification CALLBACK_CAP_CHANGED for NetworkRequest [ LISTEN id=34068, [ Capabilities: INTERNET&NOT_RESTRICTED&TRUSTED Uid: 10746] ]
05-05 21:58:29.614 1198 7576 D ConnectivityService: sending notification for NetworkRequest [ TRACK_DEFAULT id=34069, [ Capabilities: INTERNET&NOT_RESTRICTED&TRUSTED Uid: 10746] ]
05-05 21:58:29.615 1198 7576 D ConnectivityService: sending notification CALLBACK_CAP_CHANGED for NetworkRequest [ TRACK_DEFAULT id=34069, [ Capabilities: INTERNET&NOT_RESTRICTED&TRUSTED Uid: 10746] ]
05-05 21:58:29.615 1198 7576 D ConnectivityService: sending notification for NetworkRequest [ LISTEN id=34070, [ Capabilities: INTERNET&NOT_RESTRICTED&TRUSTED Uid: 10746] ]
05-05 21:58:29.615 1198 7576 D ConnectivityService: sending notification CALLBACK_CAP_CHANGED for NetworkRequest [ LISTEN id=34070, [ Capabilities: INTERNET&NOT_RESTRICTED&TRUSTED Uid: 10746] ]
05-05 21:58:29.615 1198 7576 D ConnectivityService: sending notification for NetworkRequest [ TRACK_DEFAULT id=34071, [ Capabilities: INTERNET&NOT_RESTRICTED&TRUSTED Uid: 10746] ]
05-05 21:58:29.615 1198 7576 D ConnectivityService: sending notification CALLBACK_CAP_CHANGED for NetworkRequest [ TRACK_DEFAULT id=34071, [ Capabilities: INTERNET&NOT_RESTRICTED&TRUSTED Uid: 10746] ]
05-05 21:58:29.616 1198 7576 D ConnectivityService: sending notification for NetworkRequest [ LISTEN id=34072, [ Capabilities: INTERNET&NOT_RESTRICTED&TRUSTED Uid: 10746] ]
05-05 21:58:29.616 1198 7576 D ConnectivityService: sending notification CALLBACK_CAP_CHANGED for NetworkRequest [ LISTEN id=34072, [ Capabilities: INTERNET&NOT_RESTRICTED&TRUSTED Uid: 10746] ]
05-05 21:58:29.626 546 546 E audit : type=1701 audit(1620232109.622:361331): auid=4294967295 uid=90100 gid=90100 ses=4294967295 subj=u:r:isolated_app:s0:c512,c768 pid=21649 comm="CrRendererMain" exe="/system/bin/app_process64" sig=5 res=1
05-05 21:58:29.650 29739 29739 I ADB_SERVICES: for fd 27, revents = 2011
05-05 21:58:29.650 29739 29739 I ADB_SERVICES: for fd 26, revents = 2011
05-05 21:58:29.651 21614 21614 I Zygote : Process 21649 exited due to signal 5 (Trap)
05-05 21:58:29.651 29739 29739 I ADB_SERVICES: for fd 27, revents = 2011
05-05 21:58:29.651 1198 7667 I ActivityManager: Process com.yeti.browser:sandboxed_process0:org.chromium.content.app.SandboxedProcessService0:0 (pid 21649) has died: fore BTOP(536,2275)
05-05 21:58:29.652 20505 21612 W cr_ChildProcessConn: onServiceDisconnected (crash or killed by oom): pid=21649 bindings:W S state:3 counts:0,0,0,2,
05-05 21:58:29.652 1198 7667 W ActivityManager: Scheduling restart of crashed service com.yeti.browser/org.chromium.content.app.SandboxedProcessService0:0 in 1000ms
05-05 21:58:29.652 1198 1252 I libprocessgroup: Successfully killed process cgroup uid 90100 pid 21649 in 0ms
05-05 21:58:29.653 1198 1255 D BatteryExternalStatsWorker: update stats
05-05 21:58:29.653 1198 1255 D BatteryExternalStatsWorker: WifiActivityEnergyInfo was updated
05-05 21:58:29.653 1198 1255 D BatteryExternalStatsWorker: BluetoothActivityEnergyInfo was updated
05-05 21:58:29.653 1198 1255 D BatteryExternalStatsWorker: ModemActivityEnergyInfo was updated
05-05 21:58:29.659 1198 1255 D BatteryExternalStatsWorker: done updateExternalStatsLocked
05-05 21:58:29.659 20505 20505 I cr_tabmodel: Appending tabs being restored to metadata lists, 0, startingNormalCount: 1, startingIncognitoCount: 0
05-05 21:58:29.659 20505 20505 I cr_tabmodel: Serializing tab lists; counts: 1, 0
05-05 21:58:29.665 681 8335 I CameraService: UidPolicy: No processes running for a uid=90100 disabled=0
05-05 21:58:29.670 20505 21612 D cr_ChildProcLauncher: [ChildProcessLauncher.java:274] stopping child connection: pid=21649
05-05 21:58:29.673 20505 20505 I cr_TabWebContentsObs: renderProcessGone() for tab id: 0, oom protected: true, already needs reload: false
05-05 21:58:29.694 616 712 I BufferQueueProducer: [SurfaceView - com.yeti.browser/org.chromium.chrome.browser.ChromeTabbedActivity@b198abd@0#0](this:0x71656c1000,id:37058,api:0,p:-1,c:616) queueBuffer: fps=1.16 dur=3442.66 max=2740.04 min=129.40
05-05 21:58:29.698 20505 20505 D ScrollView: initGoToTop
05-05 21:58:29.699 20505 21626 I cr_LogcatExtraction: Trying to extract logcat for minidump 8f841fa1-f68d-4a48-80cc-d94ed2717f72.dmp21649.
05-05 21:58:29.745 28994 28994 I HONEYBOARD: c onCapabilityChanged network = 639
05-05 21:58:29.746 28994 28994 I HONEYBOARD: c onCapabilityChanged resetStates
05-05 21:58:29.747 28994 28994 E HONEYBOARD: c activeNetwork is null
05-05 21:58:29.758 612 612 I lmkd : 0(delay),50(swap), 0(freelimit) memory pressure events were skipped after a kill!
05-05 21:58:29.762 1198 1027 D MotionRecognitionService: values = 50.0
05-05 21:58:29.762 1198 1027 D MotionRecognitionService: onReceive lux: 50.0 action:
05-05 21:58:29.762 1198 1027 D MotionRecognitionService: Inject brightness form Cam 50.0
05-05 21:58:29.762 1198 1027 D MotionRecognitionService: Inject calibrated lux
05-05 21:58:29.762 580 656 I Sensors : AutoBrightnessSensor::inject_sensor_data: cam_lux 50
05-05 21:58:29.781 1198 8013 V WindowManager: Relayout Window{f1d20a8 u0 com.yeti.browser/org.chromium.chrome.browser.ChromeTabbedActivity}: viewVisibility=0 req=1080x2400
05-05 21:58:29.783 1198 8013 V WindowManager: Relayout 20505: mAttrs={(0,0)(fillxfill) sim={state=always_hidden adjust=resize} ty=BASE_APPLICATION fmt=TRANSLUCENT wanim=0x1030305 sysuil=true
05-05 21:58:29.783 1198 8013 V WindowManager: fl=81810100
05-05 21:58:29.783 1198 8013 V WindowManager: pfl=20000
05-05 21:58:29.783 1198 8013 V WindowManager: vsysui=2010 naviIconColor=0}, display=0
05-05 21:58:29.785 20505 20505 I ViewRootImpl@87be214[ChromeTabbedActivity]: Relayout returned: old=(0,0,1080,2400) new=(0,0,1080,2400) req=(1080,2400)0 dur=5 res=0x1 s={true 498757996544} ch=false
05-05 21:58:29.786 20505 20505 D ScrollView: onsize change changed
05-05 21:58:29.787 574 574 I hwcomposer: [HWCDisplay] [Display_0 (type:1)] fps:10.292405,dur:1068.75,max:373.62,min:6.69
05-05 21:58:29.797 20505 21444 D OpenGLRenderer: mPreviousPosition == bounds[l=0.00 t=79.00 r=1080.00 b=2274.00]
05-05 21:58:29.799 20505 20505 D InputMethodManager: prepareNavigationBarInfo() DecorView@c560c01[ChromeTabbedActivity]
05-05 21:58:29.799 20505 20505 D InputMethodManager: getNavigationBarColor() -1
05-05 21:58:29.799 20505 20505 V InputMethodManager: Starting input: tba=com.yeti.browser ic=null mNaviBarColor -1 mIsGetNaviBarColorSuccess true , NavVisible : true , NavTrans : false
05-05 21:58:29.800 20505 20505 D InputMethodManager: startInputInner - Id : 0
05-05 21:58:29.800 20505 20505 I InputMethodManager: startInputInner - mService.startInputOrWindowGainedFocus
05-05 21:58:29.801 1198 8013 D InputMethodManagerService: mSecureKeypadEnabled = false
05-05 21:58:29.801 1198 8013 V InputMethodManagerService: startInputOrWindowGainedFocusInternalLocked: reason=CHECK_FOCUS client=android.os.BinderProxy@899da7a inputContext=null missingMethods= attribute=android.view.inputmethod.EditorInfo@154f542 startInputFlags=VIEW_HAS_FOCUS|INITIAL_CONNECTION softInputMode=STATE_ALWAYS_HIDDEN|ADJUST_RESIZE windowFlags=#81810100 unverifiedTargetSdkVersion=30
05-05 21:58:29.801 1198 8013 V InputMethodManagerService: IME PreRendering MASTER flag: false, LowRam: false
05-05 21:58:29.801 1198 8013 W InputMethodManagerService: Window already focused, ignoring focus gain of: com.android.internal.view.IInputMethodClient$Stub$Proxy@6f2b953 attribute=android.view.inputmethod.EditorInfo@154f542, token = android.os.BinderProxy@957c0cb
05-05 21:58:29.801 1198 8013 D InputMethodManagerService: mDesktopModeManager null!
05-05 21:58:29.801 1198 8013 V InputMethodManagerService: getDisplayIdOfInputMethodWindowToBeAdded : 0
05-05 21:58:29.801 1198 8013 D InputMethodManagerService: checkDisplayOfStartInputAndUpdateKeyboard display Id 0last 0
05-05 21:58:29.801 1198 8013 D InputTransport: Input channel constructed: 'ClientS', fd=477
05-05 21:58:29.801 1198 8013 D InputTransport: Input channel destroyed: 'ClientS', fd=477
05-05 21:58:29.802 20505 20505 D InputTransport: Input channel destroyed: 'ClientS', fd=238
05-05 21:58:29.802 28994 28994 I HONEYBOARD: HoneyBoardService onFinishInput
05-05 21:58:29.802 28994 28994 I HONEYBOARD: a IC have been unbinded, InputConnectionWrapper{idHash=#29acfe6 mMissingMethods=}
05-05 21:58:29.803 28994 28994 I HONEYBOARD: HoneyBoardService [PF_CL][onFinishInput] 502769 ns
05-05 21:58:29.803 28994 28994 D InputMethodService: checkDisplayOfStartInputAndUpdateKeyboard display Id 0last 0
05-05 21:58:29.803 28994 28994 I HONEYBOARD: HoneyBoardService [IMI] onStartInput - caller pid : 20505 , caller uid : 10746
05-05 21:58:29.803 28994 28994 I HONEYBOARD: i updateConfigs
05-05 21:58:29.803 28994 28994 I HONEYBOARD: i isEnabledNightMode : false
05-05 21:58:29.804 28994 28994 I HONEYBOARD: a IC have been binded, InputConnectionWrapper{idHash=#29acfe6 mMissingMethods=}
05-05 21:58:29.804 28994 28994 I HONEYBOARD: h [EditorInputType]setPrivateImeOptionsToTable privateImeOptions ( null )
05-05 21:58:29.804 28994 28994 I HONEYBOARD: b incognitoMode : false
05-05 21:58:29.804 28994 28994 I HONEYBOARD: a needOff = true , isJpnConvertState : false, isForceOff = true
05-05 21:58:29.805 28994 28994 I HONEYBOARD: h getDefaultInputRange : UNKNOWN
05-05 21:58:29.805 28994 28994 I HONEYBOARD: a currentState : 0
05-05 21:58:29.806 28994 28994 I HONEYBOARD: a [UpdatePolicy] [post] a: 0 cl: 65537 kit: [0/0] vt: 0 ir: 1
05-05 21:58:29.806 28994 28994 I HONEYBOARD: HoneyBoardService [PF_OP][onStartInput] 3415384 ns
05-05 21:58:29.808 20505 21444 D OpenGLRenderer: mPreviousPosition == bounds[l=0.00 t=79.00 r=1080.00 b=2274.00]
05-05 21:58:29.825 1198 1212 D MARsPolicyManager: updateResetTimeForBinderService pkgName = com.google.android.googlequicksearchbox, userId = 0
05-05 21:58:29.854 20505 21612 I cr_BindingManager: Moderate binding enabled: maxSize=-1
