05-05 21:57:45.033 17302 17349 D BeaconManager[10.0.41.0]: EasySetupManager.screenOnIntentReceived - start
05-05 21:57:45.033 17302 17349 D BeaconManager[10.0.41.0]: EasySetupManager.screenOnIntentReceived - end
05-05 21:57:45.033 8202 24456 E BtGatt.ContextMap: remove() - removed: 6
05-05 21:57:45.033 17302 17349 I BeaconManager[10.0.41.0]: BeaconManager.BeaconManagerWorkHandler - BroadcastReceiver onReceive end
05-05 21:57:45.041 17302 17314 W d.beaconmanage: Reducing the number of considered missed Gc histogram windows from 789 to 100
05-05 21:57:45.044 25847 25847 I CocktailBarUiController: ACTION_SCREEN_OFF
05-05 21:57:45.045 25847 25847 I AbstractCocktailPanelView: setPanelVisible: CocktailPortraitRemotePanelView2 will be hidden: 1
05-05 21:57:45.045 25847 25847 I CocktailBarPanelVisibilityManager: updateActivePanelView: vis=false screenOn=false onTransit=false -hide: 1 current Active: 1
05-05 21:57:45.050 25847 25847 I AbstractCocktailPanelView: notifyPanelVisibilityChanged: visibility not changed 2 id: 1
05-05 21:57:45.051 25847 25847 I Utils : isCurrentUser current = 0, ownerId = 0
05-05 21:57:45.051 25847 25847 I TrayVisibilityController: updateTrayVisible: State=4099 visible=2 mCurrentVisible=2 specificMode=10000
05-05 21:57:45.052 25847 25847 I TrayStateController: setUiState 2 : already 2
05-05 21:57:45.057 28994 28994 I HONEYBOARD: ScreenOnOffReceiver processScreenLock
05-05 21:57:45.076 8202 8574 E BtGatt.GattService: [GSIM LOG]: gsimLogHandler, msg: MESSAGE_SCAN_STOP, appName: android.uid.bcmgr, scannerId: 6, reportDelayMillis=0
05-05 21:57:45.081 26689 26756 I SystemBroadcastReceiver: [#CMH#] onReceive completed : 1
05-05 21:57:45.081 26689 26689 I PolicyManager: [#CMH#] onReceive action = EVENT_SCREEN_OFF
05-05 21:57:45.086 7710 7710 I AlwaysOnDisplayEx: showChargingInfo: false
05-05 21:57:45.097 7710 7710 I AODBatteryManager: updateBatteryData: ACTION_BATTERY_CHANGED
05-05 21:57:45.097 7710 7710 I AODBatteryManager: getChargeEstimateTime: not charging
05-05 21:57:45.097 7710 7710 I AODBatteryManager: saveBatteryData : AOD BatteryData [mBatteryLevel=100, mBatteryStatus=FULL, mBatteryPlugType=USB, mBatteryPlugged=true, mIsPowerSupplied=false, mRemainingChargeTime=0, mBatteryChargingType=0, mBatteryChargerType=NORMAL, mBatteryOnline=USB]
05-05 21:57:45.097 7710 7710 I ChargingInfoManager: updateChargingInfo: newState = AOD ChargingInfo [mState=ICON_AND_TEXT, mIsCharging=false, mIsFullyCharged=true], oldState = ICON_AND_TEXT
05-05 21:57:45.098 7710 7710 I CommonUtils: isOnlyEmergencyMode: false/false
05-05 21:57:45.098 7710 7710 I AODStateMachine: request : (IDLE) --> (CHARGING) : canTransition (true)
05-05 21:57:45.098 7710 7710 I AlwaysOnDisplayEx: onRequestDozeCharging
05-05 21:57:45.098 7710 7710 I AOD_WAKELOCK@WakeLockManager: acquireIfExists: tag - charging_info, timeout - 300, reason - onRequestDozeCharging, wakeLock = WakeLock{6371131 held=false, refCount=0}
05-05 21:57:45.100 1198 9710 D PowerManagerService: [api] acquire WakeLock DRAW_WAKE_LOCK 'charging_info' (uid=10053 pid=7710 pkg=com.android.systemui)
05-05 21:57:45.103 7710 7710 D DozeScreenState: setDozeScreenState(4, false)
05-05 21:57:45.106 1198 9336 D PowerManagerService: [api] acquire WakeLock DRAW_WAKE_LOCK 'DozeScreenState' (uid=10053 pid=7710 pkg=com.android.systemui)
05-05 21:57:45.106 26689 26701 W samsung.cmh:CM: Reducing the number of considered missed Gc histogram windows from 104 to 100
05-05 21:57:45.108 1198 9336 D PowerManagerService: [api] setDozeOverrideFromDreamManager: screenState: DOZE_SUSPEND mode: 0x10002 screenBrightness: -1 shouldWait: false
05-05 21:57:45.108 1198 9336 D PowerManagerService: mDisplayReady: false
05-05 21:57:45.108 1198 1262 D DisplayPowerController: animateScreenStateChange: target=3, targetInternal=3, dualScreenPolicy=-1
05-05 21:57:45.109 1198 1262 D DisplayPowerState: !@ ColorFade exit
05-05 21:57:45.109 1198 1255 D BatteryExternalStatsWorker: update stats
05-05 21:57:45.109 1198 1255 D BatteryExternalStatsWorker: WifiActivityEnergyInfo was updated
05-05 21:57:45.109 1198 1255 D BatteryExternalStatsWorker: BluetoothActivityEnergyInfo was updated
05-05 21:57:45.109 1198 1255 D BatteryExternalStatsWorker: ModemActivityEnergyInfo was updated
05-05 21:57:45.109 1198 1262 D PowerManagerService: [input device light] onColorFadeExit(true)
05-05 21:57:45.109 1198 9336 D PowerManagerService: [PWL] sb acquire: PowerManagerService.Display
05-05 21:57:45.110 616 696 I Layer : id=170964 removeFromCurrentState ColorFade#0 (80)
05-05 21:57:45.110 616 696 I SurfaceFlinger: id=170964 Removed ColorFade#0 (80)
05-05 21:57:45.111 7710 7710 I AOD_CONFIG@AODConfigurationController: [transitionTo] IDLE >> CHARGING
05-05 21:57:45.111 7710 7710 E AOD_CONFIG@AODConfigurationController: Skipping unregisterMonitor MONITOR_SEMCONTEXT - no registered monitor
05-05 21:57:45.111 7710 7710 E AOD_CONFIG@AODConfigurationController: Skipping unregisterMonitor MONITOR_BROADCAST_PSM - no registered monitor
05-05 21:57:45.111 7710 7710 E AOD_CONFIG@AODConfigurationController: Skipping unregisterMonitor MONITOR_BROADCAST_WALLPAPER - no registered monitor
05-05 21:57:45.111 7710 7710 E AOD_CONFIG@AODConfigurationController: Skipping unregisterMonitor MONITOR_FOLD_STATE - no registered monitor
05-05 21:57:45.111 7710 7710 E AOD_CONFIG@AODConfigurationController: Skipping unregisterMonitor MONITOR_BROADCAST_ROAMING - no registered monitor
05-05 21:57:45.111 7710 7710 D AODOverlayContainer: setVisibility 0
05-05 21:57:45.111 1198 1262 D DisplayPowerController: getFinalBrightness : Summary is 0 -> 0
05-05 21:57:45.111 1198 1262 D DisplayPowerController: Animating brightness: target=0, rate=0 (PSM:, AB limit:(-1 ~ -1) MB Limit:(-1 ~ 365), sf=1.0
05-05 21:57:45.111 1198 1262 V DisplayPowerController: Brightness [0] reason changing to: 'doze', previous reason: 'screen_off'.
05-05 21:57:45.111 7710 7710 I AODChargingInfoTimer: setAlarm: expiration = 05/05/2021 21:58
05-05 21:57:45.112 1198 7648 D DisplayManagerService: !@display_state internal: OFF -> DOZE
05-05 21:57:45.112 1198 7648 D LocalDisplayAdapter: !@ display_state: OFF -> DOZE (id:0)
05-05 21:57:45.112 1198 1244 I DisplayManagerService: Display device changed state: "Built-in Screen", DOZE
05-05 21:57:45.113 616 616 D SurfaceFlinger: Setting power mode 1 on display 0
05-05 21:57:45.113 574 574 I hwcomposer: [HWCDisplay] Display(0) SetPowerMode(1)
05-05 21:57:45.114 1198 2175 I CAE : handleMessage(CaPowerManager.java:193) - AP_SLEEP_Already_Delivered
05-05 21:57:45.114 1198 2175 I CAE : sendCmdToSensorHub(SensorHubCommManager.java:158) - -63, 71, 0, 1,
05-05 21:57:45.114 1198 1198 D GameManagerService: onDisplayChanged. displyId: 0, state: 3
05-05 21:57:45.115 1198 1255 D BatteryExternalStatsWorker: done updateExternalStatsLocked
05-05 21:57:45.116 1198 7670 D GameManagerService: onLooperPrepared(), msg: { when=-2ms what=10006 target=com.samsung.android.game.GameManagerService$FgCheckThread$1 }
05-05 21:57:45.117 1198 2176 D SensorService: setSContextDataLocked ints length 2 , byte length 4
05-05 21:57:45.117 1198 2176 D SensorService: 3 setSContextDataLocked 10047c1
05-05 21:57:45.117 1198 2176 I SensorService: [PROTOS] Screen state: 1
05-05 21:57:45.119 724 2208 E flp : flp_screen_monitor_thread: Screen on
05-05 21:57:45.120 1198 2175 I CAE : handleMessage(CaPowerManager.java:211) - SCREEN_ON
05-05 21:57:45.120 724 2208 E flp : flp_screen_monitor_thread: Wake Monitor Restart
05-05 21:57:45.120 724 2206 D MNLD : mnld_main_thread: flp2mnl_hdlr msg
05-05 21:57:45.120 724 2206 D MNLD : mnld_main_thread: n=2
05-05 21:57:45.120 724 2206 D MNLD : mnld_main_thread: gfc2mnl_hdlr msg
05-05 21:57:45.120 724 2206 D MNLD : main_event_hdlr: SCREEN2MAIN_EVENT_SCREEN = 1
05-05 21:57:45.122 1198 9336 D SamsungAlarmManager: setExact Listener (T:0/F:9/AC:false) 20210505T215845 - CU:10053/CP:7710
05-05 21:57:45.122 1198 9336 I SamsungAlarmManager: setLocked to kernel - T:2 / 20210505T215845, SetElapsed=5970637625, nowELAPSED=5970577636
05-05 21:57:45.122 1198 9336 I SamsungAlarmManager: setLocked to kernel - T:3 / 20210505T215800, SetElapsed=5970592514, nowELAPSED=5970577636
05-05 21:57:45.131 1198 7845 D SensorService: Calling batch handle==7 flags=0 rate=200000000 timeout== 0
05-05 21:57:45.132 580 580 I Sensors : sensorBatch: handle=5 period=200000000 timeout=0
05-05 21:57:45.134 17302 17350 I BeaconManager[10.0.41.0]: BleScanHelper.startBleScan - Start filter Scan(SCREEN_OFF)
05-05 21:57:45.134 580 580 I Sensors : sensorActivate: handle 5 enable 1
05-05 21:57:45.135 580 580 I Sensors : type : 5, enable : 1
05-05 21:57:45.135 17302 17350 D BeaconManager[10.0.41.0]: BleScanHelper.getMyScanPreferences - interval:3120, window:55
05-05 21:57:45.136 17302 17350 D BluetoothAdapter: STATE_BLE_ON
05-05 21:57:45.136 7710 7710 D SensorManager: registerListener :: 7, STK31610 Light, 200000, 0,
05-05 21:57:45.136 17302 17350 D BluetoothAdapter: appoCount is = 1 G/S = 5/4
05-05 21:57:45.138 17302 17350 D BluetoothAdapter: STATE_BLE_ON
05-05 21:57:45.138 7710 7710 I AODBatteryManager: updateBatteryData: ACTION_BATTERY_CHANGED
05-05 21:57:45.138 7710 7710 I AODBatteryManager: getChargeEstimateTime: not charging
05-05 21:57:45.138 17302 17350 D BluetoothAdapter: appoCount is = 1 G/S = 5/4
05-05 21:57:45.138 7710 7710 I AODBatteryManager: saveBatteryData : AOD BatteryData [mBatteryLevel=100, mBatteryStatus=FULL, mBatteryPlugType=USB, mBatteryPlugged=true, mIsPowerSupplied=false, mRemainingChargeTime=0, mBatteryChargingType=0, mBatteryChargerType=NORMAL, mBatteryOnline=USB]
05-05 21:57:45.138 17302 17350 D BluetoothLeScanner: Start Scan with callback
05-05 21:57:45.138 7710 7710 I ChargingInfoManager: updateChargingInfo: newState = AOD ChargingInfo [mState=ICON_AND_TEXT, mIsCharging=false, mIsFullyCharged=true], oldState = ICON_AND_TEXT
05-05 21:57:45.138 7710 7710 I AODBottomUIContainer: updateChargingInfoShowing = true
05-05 21:57:45.138 7710 7710 I AODBottomUIContainer: updateHomeKeyOnlyMode = false
05-05 21:57:45.140 7710 7710 I ResourceUtils: initDisplayValues LIVE_CLOCK_VERSION = -1 DisplayDeviceType = -1, sIsLandscape = false
05-05 21:57:45.141 8202 24456 D BtGatt.ContextMap: add() - appUid: 5006, appPid: 17302, appName: android.uid.bcmgr
05-05 21:57:45.141 8202 8584 I bt_stack: [INFO:gatt_api.cc(958)] GATT_Register cf0a4f3d-1676-424c-99d6-e517e44ae3cd
05-05 21:57:45.141 8202 8584 I bt_stack: [INFO:gatt_api.cc(995)] allocated gatt_if=6
05-05 21:57:45.142 8202 8370 D BtGatt.GattService: onScannerRegistered() - UUID=cf0a4f3d-1676-424c-99d6-e517e44ae3cd, scannerId=6, status=0
05-05 21:57:45.143 17302 30748 D BluetoothLeScanner: onScannerRegistered() - status=0 scannerId=6 mScannerId=0
05-05 21:57:45.145 8202 24456 D BluetoothAdapter: STATE_BLE_ON
05-05 21:57:45.145 8202 24456 D BluetoothAdapter: bleAppCnt is = 5
05-05 21:57:45.146 7710 7710 I AODBottomUIContainer: initChargingInfoPosition:
05-05 21:57:45.147 7710 7710 I ZigZagViewPositionControllerImpl[CHARGING_INFO]: initPosition: mRange = Rect(-12, 0 - 12, 60), mParams = ViewPositionParams {name = CHARGING_INFO, width = 32, height = 80, offset = Point(0, 0), interval = 10, gravity = 49, high = false}
05-05 21:57:45.147 7710 7710 I ZigZagViewPositionControllerImpl[CHARGING_INFO]: mStartX = -1, mStartY = -1
05-05 21:57:45.147 7710 7710 I ZigZagViewPositionControllerImpl[CHARGING_INFO]: left = 3, right = 0, top = 5, bottomt = 0
05-05 21:57:45.147 7710 7710 I ZigZagViewPositionControllerImpl[CHARGING_INFO]: updatePosition: mCurPoint = Point(3, 5), mRange = Rect(-12, 0 - 12, 60), count = 1, interval = 10
05-05 21:57:45.147 7710 7710 I AlwaysOnDisplayEx: setBottomArea:
05-05 21:57:45.147 7710 7710 D PluginAODManager: setBottomArea()
05-05 21:57:45.150 8202 8571 D BluetoothAdapter: STATE_BLE_ON
05-05 21:57:45.150 7710 7710 I AODBatteryManager: updateBatteryData: ACTION_BATTERY_CHANGED
05-05 21:57:45.150 7710 7710 I AODBatteryManager: getChargeEstimateTime: not charging
05-05 21:57:45.150 8202 8571 D BluetoothAdapter: appoCount is = 1 G/S = 5/4
05-05 21:57:45.150 7710 7710 I AODBatteryManager: saveBatteryData : AOD BatteryData [mBatteryLevel=100, mBatteryStatus=FULL, mBatteryPlugType=USB, mBatteryPlugged=true, mIsPowerSupplied=false, mRemainingChargeTime=0, mBatteryChargingType=0, mBatteryChargerType=NORMAL, mBatteryOnline=USB]
05-05 21:57:45.150 7710 7710 I ChargingInfoManager: updateChargingInfo: newState = AOD ChargingInfo [mState=ICON_AND_TEXT, mIsCharging=false, mIsFullyCharged=true], oldState = ICON_AND_TEXT
05-05 21:57:45.151 7941 7941 E ViewRootImpl@8838a1[LauncherActivity]: Surface is not valid.
05-05 21:57:45.153 8202 8574 E BtGatt.GattService: [GSIM LOG]: gsimLogHandler, msg: MESSAGE_SCAN_START, appName: android.uid.bcmgr, scannerId: 6, reportDelayMillis=0
05-05 21:57:45.154 8202 8571 D BluetoothAdapter: STATE_BLE_ON
05-05 21:57:45.155 7710 7710 I AODBatteryManager: updateBatteryData: ACTION_BATTERY_CHANGED
05-05 21:57:45.155 7710 7710 I AODBatteryManager: getChargeEstimateTime: not charging
05-05 21:57:45.155 7710 7710 I AODBatteryManager: saveBatteryData : AOD BatteryData [mBatteryLevel=100, mBatteryStatus=FULL, mBatteryPlugType=USB, mBatteryPlugged=true, mIsPowerSupplied=false, mRemainingChargeTime=0, mBatteryChargingType=0, mBatteryChargerType=NORMAL, mBatteryOnline=USB]
05-05 21:57:45.155 8202 8571 D BluetoothAdapter: appoCount is = 1 G/S = 5/4
05-05 21:57:45.155 7710 7710 I ChargingInfoManager: updateChargingInfo: newState = AOD ChargingInfo [mState=ICON_AND_TEXT, mIsCharging=false, mIsFullyCharged=true], oldState = ICON_AND_TEXT
05-05 21:57:45.156 8202 8571 D BluetoothAdapter: STATE_BLE_ON
05-05 21:57:45.156 8202 8571 D BluetoothAdapter: appoCount is = 1 G/S = 5/4
05-05 21:57:45.156 7710 7710 I AODBatteryManager: updateBatteryData: ACTION_BATTERY_CHANGED
05-05 21:57:45.156 7710 7710 I AODBatteryManager: getChargeEstimateTime: not charging
05-05 21:57:45.156 7710 7710 I AODBatteryManager: saveBatteryData : AOD BatteryData [mBatteryLevel=100, mBatteryStatus=FULL, mBatteryPlugType=USB, mBatteryPlugged=true, mIsPowerSupplied=false, mRemainingChargeTime=0, mBatteryChargingType=0, mBatteryChargerType=NORMAL, mBatteryOnline=USB]
05-05 21:57:45.158 580 653 I Sensors : LightSensor: lux = 27, time = 5970577671278409
05-05 21:57:45.159 7710 7710 I AOD_BRIGHTNESS@BrightnessManager: setSensorBrightness: 1
05-05 21:57:45.161 7710 7710 I AbsSettings: putStringInner: updated AODSettingsDBItem / aod_brightness_value=1
05-05 21:57:45.161 25997 25997 I [MCFServer]_CasterManager: onReceive - ACTION_ID_SCREEN_OFF
05-05 21:57:45.162 25997 25997 I [MCFServer]_SubscriberManager: onReceive - ACTION_ID_SCREEN_OFF
05-05 21:57:45.162 25997 25997 W AlarmManager: Unrecognized alarm listener c.a.a.b.f2.z@40dfa12
05-05 21:57:45.162 7710 7710 I AODUiController: onChargingLightSensorChanged lux : 27.0 appliedBrightness = -1 currentBrightness = 1
05-05 21:57:45.162 7710 7710 I AOD_BRIGHTNESS@BrightnessManager: mCurrentBrightness : HighNit[true], NitMode[10NIT], isForceState[0, ForceStateReason[{}, ], isAutoBrightness[true], mAppliedBrightness[-1]
05-05 21:57:45.162 616 696 I BufferQueueProducer: [ScreenDecorOverlay$_7710#0](this:0x7186498000,id:4,api:0,p:-1,c:616) queueBuffer: fps=0.06 dur=33525.36 max=32797.50 min=727.86
05-05 21:57:45.162 7710 7710 I AOD_BRIGHTNESS@AlwaysOnDisplayEx: updateDozeBrightness: doze [65538] last [null] change to [10NIT]
05-05 21:57:45.162 7710 7710 I AOD_WAKELOCK@WakeLockManager: acquireIfExists: tag - AOD_DRAW, timeout - 100, reason - set Doze Brightness updateDozeBrightness, wakeLock = WakeLock{d58094a held=false, refCount=0}
05-05 21:57:45.164 1198 7845 D PowerManagerService: [api] acquire WakeLock DRAW_WAKE_LOCK 'AOD_DRAW' (uid=10053 pid=7710 pkg=com.android.systemui)
05-05 21:57:45.165 8202 8571 D BtGatt.ScanManager: configureFilterParamter() : onFoundTimeout | onLostTimeout | onFoundCount | numOfTrackingEntries | scanFilterRssiThreshold | trackableScanFilterRssiThreshold | matchMode
05-05 21:57:45.165 8202 8571 D BtGatt.ScanManager: configureFilterParamter() : __________500__|________10000__|___________1__|___________________0__|___________________-128__|____________________________-128__|________1_
05-05 21:57:45.166 1198 7845 D PowerManagerService: [api] setDozeOverrideFromDreamManager: screenState: DOZE_SUSPEND mode: 0x10002 screenBrightness: 40 shouldWait: false
05-05 21:57:45.166 1198 9710 D SamsungAlarmManager: setExact Listener (T:2/F:9/AC:false) 20210505T215845 - CU:1000/CP:25997
05-05 21:57:45.166 1198 9710 I SamsungAlarmManager: setLocked to kernel - T:2 / 20210505T215845, SetElapsed=5970637625, nowELAPSED=5970577680
05-05 21:57:45.166 1198 9710 I SamsungAlarmManager: setLocked to kernel - T:3 / 20210505T215800, SetElapsed=5970592514, nowELAPSED=5970577680
05-05 21:57:45.166 1198 1262 D DisplayPowerController: animateScreenStateChange: target=3, targetInternal=3, dualScreenPolicy=-1
05-05 21:57:45.166 1198 1262 D DisplayPowerController: getFinalBrightness : Summary is 40 -> 40
05-05 21:57:45.166 1198 1262 D DisplayPowerController: Animating brightness: target=40, rate=0 (PSM:, AB limit:(-1 ~ -1) MB Limit:(-1 ~ 365), sf=1.0
05-05 21:57:45.166 7710 7710 D DisplayLifecycle: updateDisplay id = 0
05-05 21:57:45.167 1198 1262 D DisplayPowerController: animateScreenStateChange: target=3, targetInternal=3, dualScreenPolicy=-1
05-05 21:57:45.167 1198 1262 D DisplayPowerController: getFinalBrightness : Summary is 40 -> 40
05-05 21:57:45.167 1198 1262 D DisplayPowerController: Animating brightness: target=40, rate=0 (PSM:, AB limit:(-1 ~ -1) MB Limit:(-1 ~ 365), sf=1.0
05-05 21:57:45.171 616 696 I BufferQueueProducer: [ScreenDecorOverlayBottom$_7710#0](this:0x71656f3000,id:6,api:0,p:-1,c:616) queueBuffer: fps=0.06 dur=33527.99 max=32792.19 min=735.80
05-05 21:57:45.174 8202 8571 D BtGatt.ScanManager: configureFilterParamter() : onFoundTimeout | onLostTimeout | onFoundCount | numOfTrackingEntries | scanFilterRssiThreshold | trackableScanFilterRssiThreshold | matchMode
05-05 21:57:45.175 8202 8571 D BtGatt.ScanManager: configureFilterParamter() : __________500__|________10000__|___________1__|___________________0__|___________________-128__|____________________________-128__|________1_
05-05 21:57:45.175 1198 9713 D PowerManagerService: [api] acquire WakeLock DRAW_WAKE_LOCK 'Window:StatusBar' (uid=1000 pid=1198 pkg=android ws=WorkSource{10053 com.android.systemui})
05-05 21:57:45.179 7710 7710 D WallpaperService: updateSurface forceRelayout=false forceReport=false redrawNeeded=false myWidth=1080 myHeight=2400 fixedSize=true x = 0 y = 0 mWidth=1080 mHeight=2400 mIsSleepMode=false
05-05 21:57:45.179 7710 7710 I ImageWallpaper: onVisibilityChanged true
05-05 21:57:45.179 7710 7710 D WallpaperService: reportVisibility onVisibilityChanged visible: true
05-05 21:57:45.181 8202 8571 D BtGatt.ScanManager: configureFilterParamter() : onFoundTimeout | onLostTimeout | onFoundCount | numOfTrackingEntries | scanFilterRssiThreshold | trackableScanFilterRssiThreshold | matchMode
05-05 21:57:45.181 8202 8571 D BtGatt.ScanManager: configureFilterParamter() : __________500__|________10000__|___________1__|___________________0__|___________________-128__|____________________________-128__|________1_
05-05 21:57:45.183 1198 1206 I system_server: Background concurrent copying GC freed 470742(22MB) AllocSpace objects, 97(2252KB) LOS objects, 24% free, 75MB/99MB, paused 402us total 354.558ms
05-05 21:57:45.184 7710 7710 I AOD_LIVE_CLOCK@LiveClockController: updateDisplayState: DISPLAY_STATE_DOZE / sOccurredErrorFromDriver = false
05-05 21:57:45.184 7710 7710 I AOD_CONFIG@MODManager: onDisplayChanged : OFF -> DOZE
05-05 21:57:45.189 616 696 I SurfaceFlinger: id=170931 Removed Stack=3409#0 (80)
05-05 21:57:45.190 616 696 I SurfaceFlinger: id=170933 Removed Task=3230#0 (80)
05-05 21:57:45.190 1198 9710 D PowerManagerService: [api] acquire WakeLock DRAW_WAKE_LOCK 'Window:StatusBar' ACQ=-15ms (uid=1000 pid=1198 pkg=android ws=WorkSource{10053 com.android.systemui})
05-05 21:57:45.192 7710 15471 I OpenGLRenderer: doUpdatePositionAsync is called and callVoidMethod
05-05 21:57:45.197 1198 7845 D WindowManager: finishDrawingWindow: Window{a6c29df u0 StatusBar} mDrawState=HAS_DRAWN
05-05 21:57:45.197 7710 7710 I AODBatteryManager: updateBatteryData: ACTION_BATTERY_CHANGED
05-05 21:57:45.197 7710 7710 I AODBatteryManager: getChargeEstimateTime: not charging
05-05 21:57:45.198 7710 7710 I AODBatteryManager: saveBatteryData : AOD BatteryData [mBatteryLevel=100, mBatteryStatus=FULL, mBatteryPlugType=USB, mBatteryPlugged=true, mIsPowerSupplied=false, mRemainingChargeTime=0, mBatteryChargingType=0, mBatteryChargerType=NORMAL, mBatteryOnline=USB]
05-05 21:57:45.198 7710 7710 I ChargingInfoView: handleMessage: MSG_SHOW_CHARGING_INFO
05-05 21:57:45.198 7710 7710 I ChargingInfoView: updateContents: ICON_AND_TEXT
05-05 21:57:45.198 7710 7710 I AOD_WAKELOCK@WakeLockManager: acquireIfExists: tag - charging_info, timeout - 500, reason - Charging Info is showing, delay by 500, wakeLock = WakeLock{6371131 held=true, refCount=1}
05-05 21:57:45.198 7710 7710 I ChargingInfoManager: getDeviceChargingText: 0, 5, 100, 0
05-05 21:57:45.198 7710 7710 I AbsChargingInfoComponent: setVisibilityWithAnim: true
05-05 21:57:45.200 1198 1208 I BufferQueue: [SurfaceTexture-1-1198-3629](this:0x73f054d000,id:3670,api:0,p:-1,c:-1) ~BufferQueueCore
05-05 21:57:45.205 1198 1208 I BufferQueue: [SurfaceTexture-1-1198-3630](this:0x73f054e800,id:3671,api:0,p:-1,c:-1) ~BufferQueueCore
05-05 21:57:45.210 1198 9710 W AppOps : Noting op not finished: uid 10223 pkg com.google.android.gms code 79 time=1620232031751 duration=0
05-05 21:57:45.210 1198 9713 D PowerManagerService: [api] acquire WakeLock DRAW_WAKE_LOCK 'Window:StatusBar' ACQ=-35ms (uid=1000 pid=1198 pkg=android ws=WorkSource{10053 com.android.systemui})
05-05 21:57:45.211 1198 8195 D BluetoothAdapter: STATE_BLE_ON
05-05 21:57:45.211 1198 8195 I SemWifiApSmartBleScanner: Preconditions BLE is ON
05-05 21:57:45.215 1198 7845 W AppOps : Noting op not finished: uid 10223 pkg com.google.android.gms code 79 time=1620232065210 duration=0
05-05 21:57:45.216 1198 8195 D BluetoothAdapter: STATE_BLE_ON
05-05 21:57:45.216 1198 8195 D BluetoothAdapter: appoCount is = 1 G/S = 5/4
05-05 21:57:45.223 7710 15470 I OpenGLRenderer: doUpdatePositionAsync is called and callVoidMethod
05-05 21:57:45.224 1198 8195 E SemWifiApSmartBleScanner: mMhsD2dFilter:BluetoothLeScanFilter [mDeviceName=null, mDeviceAddress=null, mUuid=null, mUuidMask=null, mServiceSolicitationUuid=null, mServiceSolicitationUuidMask=null, mServiceDataUuid=null, mServiceData=null, mServiceDataMask=null, mManufacturerId=75, mManufacturerData=01 12 00 00 00 00 00 00 00 00 03 00 00 00 00 00 00 00 00 00 00 00 00 00, mManufacturerDataMask=00 FF 00 00 00 00 00 00 00 00 FF 00 00 00 00 00 00 00 00 00 00 00 00 00, mTransportBlock=null, mTransportBlockMask=null, mPassiveScan=false]
05-05 21:57:45.225 1198 8195 D BluetoothAdapter: STATE_BLE_ON
05-05 21:57:45.225 1198 8195 D BluetoothAdapter: appoCount is = 1 G/S = 5/4
05-05 21:57:45.226 1198 8195 D BluetoothAdapter: STATE_BLE_ON
05-05 21:57:45.226 1198 8195 D BluetoothAdapter: appoCount is = 1 G/S = 5/4
05-05 21:57:45.226 1198 8195 D BluetoothLeScanner: Start Scan with callback
05-05 21:57:45.227 8202 24456 D BtGatt.ContextMap: add() - appUid: 1000, appPid: 1198, appName: android.uid.system
05-05 21:57:45.227 8202 8584 I bt_stack: [INFO:gatt_api.cc(958)] GATT_Register bf52d021-490d-4449-a309-916a1539eb51
05-05 21:57:45.227 8202 8584 I bt_stack: [INFO:gatt_api.cc(995)] allocated gatt_if=9
05-05 21:57:45.227 8202 8370 D BtGatt.GattService: onScannerRegistered() - UUID=bf52d021-490d-4449-a309-916a1539eb51, scannerId=9, status=0
05-05 21:57:45.228 1198 9713 D BluetoothLeScanner: onScannerRegistered() - status=0 scannerId=9 mScannerId=0
05-05 21:57:45.229 8202 24456 D BluetoothAdapter: STATE_BLE_ON
05-05 21:57:45.229 8202 24456 D BluetoothAdapter: bleAppCnt is = 5
05-05 21:57:45.230 6988 7440 I NearbyDiscovery: FastPairHandler: Received action android.intent.action.SCREEN_OFF [CONTEXT service_id=49 ]
05-05 21:57:45.231 1198 8195 I SemWifiApSmartBleScanner: Started scanning
05-05 21:57:45.232 8202 8571 D BluetoothAdapter: STATE_BLE_ON
05-05 21:57:45.233 8202 8571 D BluetoothAdapter: appoCount is = 1 G/S = 5/4
05-05 21:57:45.234 6988 7440 D BluetoothAdapter: STATE_BLE_ON
05-05 21:57:45.237 6988 7440 D BluetoothAdapter: appoCount is = 1
05-05 21:57:45.239 8202 8574 E BtGatt.GattService: [GSIM LOG]: gsimLogHandler, msg: MESSAGE_SCAN_START, appName: android.uid.system, scannerId: 9, reportDelayMillis=0
05-05 21:57:45.239 6988 7440 I NearbyDiscovery: FastPairScanner2: isBleEnabled? bleEnabled:true, btEnabled:false, bleScanAvailable:true [CONTEXT service_id=49 ]
05-05 21:57:45.239 8202 8571 D BluetoothAdapter: STATE_BLE_ON
05-05 21:57:45.239 8202 8571 D BluetoothAdapter: appoCount is = 1 G/S = 5/4
05-05 21:57:45.239 6988 7440 D BluetoothAdapter: STATE_BLE_ON
05-05 21:57:45.240 6988 7440 D BluetoothAdapter: appoCount is = 1
05-05 21:57:45.240 8202 8571 D BluetoothAdapter: STATE_BLE_ON
05-05 21:57:45.240 8202 8571 D BluetoothAdapter: appoCount is = 1 G/S = 5/4
05-05 21:57:45.240 6988 7440 I NearbyDiscovery: FastPairScanner2: eventType=SCREEN_OFF, isScanning=true, isLocationEnabled=true, isBleEnabled=true, isBleScanAvailable=true [CONTEXT service_id=49 ]
05-05 21:57:45.241 6988 7440 I NearbyDiscovery: FastPairScanner2: Stopping scan [CONTEXT service_id=49 ]
05-05 21:57:45.242 6988 7440 D BluetoothAdapter: STATE_BLE_ON
05-05 21:57:45.244 6988 7440 D BluetoothAdapter: appoCount is = 1 G/S = 5/4
05-05 21:57:45.244 6988 7440 D BluetoothLeScanner: Stop Scan with callback
05-05 21:57:45.244 8202 8571 D BtGatt.ScanManager: configureFilterParamter() : onFoundTimeout | onLostTimeout | onFoundCount | numOfTrackingEntries | scanFilterRssiThreshold | trackableScanFilterRssiThreshold | matchMode
05-05 21:57:45.244 8202 8571 D BtGatt.ScanManager: configureFilterParamter() : __________500__|________10000__|___________1__|___________________0__|___________________-128__|____________________________-128__|________1_
05-05 21:57:45.249 8202 10631 D BtGatt.ContextMap: remove() - id: 7
05-05 21:57:45.249 8202 10631 E BtGatt.ContextMap: remove() - removed: 7
05-05 21:57:45.250 6988 7440 I NearbyDiscovery: FastPair: Baymax got intent android.intent.action.SCREEN_OFF [CONTEXT service_id=49 ]
05-05 21:57:45.257 8202 8574 E BtGatt.GattService: [GSIM LOG]: gsimLogHandler, msg: MESSAGE_SCAN_STOP, appName: com.google.uid.shared, scannerId: 7, reportDelayMillis=0
05-05 21:57:45.259 9934 9934 I Rubin : [2] LogSendCondition.isPassedSendInterval(LogSendCondition.java:43) : currentTimestamp : 1620232065258, lastSendTimestamp : 0, diff : 1620232065258, BATCH_INTERVAL : 86400000
05-05 21:57:45.259 9934 9934 I Rubin : [2] LogSendCondition.isPassedSendInterval(LogSendCondition.java:46) : isPassedSendInterval : TRUE
05-05 21:57:45.259 9934 9934 I Rubin : [2] LogSenderBatchJob$LogSenderBroadcastReceiver.onReceive(LogSenderBatchJob.java:128) : IS_SEND_CONDITION : false
05-05 21:57:45.263 9934 9989 I Rubin : [342390] DailyCollectionCondition.isPassedCollectInterval(DailyCollectionCondition.java:60) : currentTimestamp : 1620232065263, lastCollectTimestamp : 1620149881915, diff : 82183348, BATCH_INTERVAL : 86400000
05-05 21:57:45.264 9934 9989 I Rubin : [342390] DailyCollectionCondition.isPassedCollectInterval(DailyCollectionCondition.java:66) : isPassedSendInterval : FALSE
05-05 21:57:45.264 9934 9989 I Rubin : [342390] BatchUploadCollectionEventTrigger$TriggerBroadcastReceiver.lambda$onReceive$0$BatchUploadCollectionEventTrigger$TriggerBroadcastReceiver(BatchUploadCollectionEventTrigger.java:144) : IS_COLLECT_CONDITION : false
05-05 21:57:45.264 9934 9989 I Rubin : [342390] BluetoothScanCollectionCondition.isPassedCollectInterval(BluetoothScanCollectionCondition.java:46) : currentTimestamp : 1620232065264, lastCollectTimestamp : 0, diff : 1620232065264, BATCH_INTERVAL : 86400000
05-05 21:57:45.265 9934 9989 I Rubin : [342390] BluetoothScanCollectionCondition.isPassedCollectInterval(BluetoothScanCollectionCondition.java:49) : isPassedSendInterval : TRUE
05-05 21:57:45.266 1198 8041 D PowerManagerService: [api] release WakeLock DRAW_WAKE_LOCK 'AOD_DRAW' ACQ=-101ms (uid=10053 pid=7710 pkg=com.android.systemui)
05-05 21:57:45.268 9934 9989 I Rubin : [342390] BatchUploadCollectionEventTrigger$TriggerBroadcastReceiver.lambda$onReceive$0$BatchUploadCollectionEventTrigger$TriggerBroadcastReceiver(BatchUploadCollectionEventTrigger.java:150) : IS_BT_SCAN_COLLECT_CONDITION : false
05-05 21:57:45.268 6988 20909 I NearbySharing: Screen is locked [CONTEXT service_id=194 ]
05-05 21:57:45.269 6988 20909 I NearbySharing: Failed to stop scanning because weren't scanning. [CONTEXT service_id=194 ]
05-05 21:57:45.269 6988 20909 I NearbySharing: Stopping discovery because the screen is locked. [CONTEXT service_id=194 ]
05-05 21:57:45.269 6988 20909 I NearbySharing: Can't stop advertising FastInitiation. Not advertising. [CONTEXT service_id=194 ]
05-05 21:57:45.269 6988 20909 I NearbySharing: Stopping Fast Init advertisement because Bluetooth is off. [CONTEXT service_id=194 ]
05-05 21:57:45.269 6988 20909 I NearbySharing: Failed to stop advertising because we weren't advertising. [CONTEXT service_id=194 ]
05-05 21:57:45.269 6988 20909 I NearbySharing: Stopping advertising because the screen is locked. [CONTEXT service_id=194 ]
05-05 21:57:45.269 6988 20909 I NearbySharing: Stopping FastInitiation scanning because the screen is locked. [CONTEXT service_id=194 ]
05-05 21:57:45.270 6988 20909 D BluetoothAdapter: STATE_BLE_ON
05-05 21:57:45.270 6988 20909 D BluetoothAdapter: appoCount is = 1 G/S = 5/4
05-05 21:57:45.271 6988 20909 D BluetoothLeScanner: Stop Scan with callback
05-05 21:57:45.274 8202 10631 D BtGatt.ContextMap: remove() - id: 5
05-05 21:57:45.274 8202 10631 E BtGatt.ContextMap: remove() - removed: 5
05-05 21:57:45.282 6988 20909 I NearbySharing: Stopped scanning for FastInitiation [CONTEXT service_id=194 ]
05-05 21:57:45.282 6988 20909 I NearbySharing: Cancelling in use notification [CONTEXT service_id=194 ]
05-05 21:57:45.283 8202 8584 W bt_btm : btm_ble_disable_resolving_list() rl_state = 0x3, rl_mask = 0x2, to_resume = 1
05-05 21:57:45.283 28104 28237 I WorkerManager: Releasing worker: [trainingcache]/[770]/[com.google.android.apps.gsa.staticplugins.fedass.k.a]
05-05 21:57:45.283 8202 8584 W bt_btm : btm_ble_enable_resolving_list() rl_state = 0x1, rl_mask = 0x2
05-05 21:57:45.284 8202 8574 E BtGatt.GattService: [GSIM LOG]: gsimLogHandler, msg: MESSAGE_SCAN_STOP, appName: com.google.uid.shared, scannerId: 5, reportDelayMillis=0
05-05 21:57:45.284 28104 28237 I WorkerManager: Releasing worker: [trainingcache]/[770]/[com.google.android.apps.gsa.staticplugins.fedass.k.a]
05-05 21:57:45.286 6988 20909 I NearbySharing: Fast Initiation Scanning has stopped [CONTEXT service_id=194 ]
05-05 21:57:45.308 19550 19550 D FSvc|211603|AgentApp: mIsPowerConnected(ACTION_SCREEN_OFF) = false
05-05 21:57:45.308 19550 19550 D FSvc|211603|AgentApp: getMaxScreenTimeoutTime = 10000
05-05 21:57:45.308 19550 19550 D FSvc|211603|AgentApp: currentTimeMillis = 1620232065308
05-05 21:57:45.319 6988 6988 D BoundBrokerSvc: onRebind: Intent { act=com.google.android.gms.clearcut.bootcount.service.START cmp=com.google.android.gms/.chimera.PersistentBoundBrokerService }
05-05 21:57:45.323 7710 7728 I ndroid.systemu: Background concurrent copying GC freed 291407(14MB) AllocSpace objects, 0(0B) LOS objects, 50% free, 16MB/32MB, paused 2.469ms total 113.165ms
05-05 21:57:45.345 1198 9343 I WifiService: releaseMulticastLock uid=10223
05-05 21:57:45.347 10274 10274 I wpa_supplicant: wpa_driver_nl80211_driver_cmd: wlan0 recv cmd RXFILTER-STOP
05-05 21:57:45.348 10274 10274 I wpa_supplicant: wpa_driver_nl80211_driver_cmd: wlan0 recv cmd RXFILTER-REMOVE 2
05-05 21:57:45.353 7010 21236 D ConnectivityManager: unregisterNetworkCallback; CallingUid : 10223, CallingPid : 7010
05-05 21:57:45.355 1198 7576 D ConnectivityService: releasing NetworkRequest [ LISTEN id=34065, [ Transports: WIFI Capabilities: NOT_RESTRICTED&TRUSTED&NOT_VPN Uid: 10223] ] (release request)
05-05 21:57:45.358 10274 10274 I wpa_supplicant: wpa_driver_nl80211_driver_cmd: wlan0 recv cmd RXFILTER-START
05-05 21:57:45.360 1198 1198 D PowerManagerService: [PWL] sb release: PowerManagerService.Broadcasts
05-05 21:57:45.399 616 616 D SurfaceFlinger: Finished setting power mode 1 on display 0
05-05 21:57:45.400 1198 7648 D SurfaceControl: Excessive delay in setPowerMode()
05-05 21:57:45.400 1198 7648 D PowerManagerUtil: !@ display_state: DOZE: took 288 ms
05-05 21:57:45.401 1198 7648 D DisplayPowerController: setActualDisplayState: OFF -> DOZE
05-05 21:57:45.401 616 616 I Layer : id=170931[1] Destroyed Stack=3409#0
05-05 21:57:45.401 1198 7648 D BrightnessHandler: inject brightness = 40
05-05 21:57:45.401 616 616 I Layer : id=170933[1] Destroyed Task=3230#0
05-05 21:57:45.401 1198 1262 D DisplayPowerController: animateScreenStateChange: target=3, targetInternal=3, dualScreenPolicy=-1
05-05 21:57:45.401 1198 1262 D DisplayPowerController: getFinalBrightness : Summary is 40 -> 40
05-05 21:57:45.401 1198 1262 D DisplayPowerController: Animating brightness: target=40, rate=0 (PSM:, AB limit:(-1 ~ -1) MB Limit:(-1 ~ 365), sf=1.0
05-05 21:57:45.402 1198 1262 D DisplayPowerController: animateScreenStateChange: target=3, targetInternal=3, dualScreenPolicy=-1
05-05 21:57:45.402 1198 1262 D DisplayPowerController: getFinalBrightness : Summary is 40 -> 40
05-05 21:57:45.402 1198 1262 D DisplayPowerController: Animating brightness: target=40, rate=0 (PSM:, AB limit:(-1 ~ -1) MB Limit:(-1 ~ 365), sf=1.0
05-05 21:57:45.402 580 656 I Sensors : LightSensor::inject_sensor_data: brightness 40
05-05 21:57:45.402 1198 1262 D PowerManagerService: DisplayPowerCallbacks : onStateChanged()
05-05 21:57:45.403 616 616 I BufferQueue: [ColorFade#0](this:0x71656c1000,id:37047,api:0,p:-1,c:-1) ~BufferQueueCore
05-05 21:57:45.403 1198 7648 D BrightnessHandler: inject brightness = 40
05-05 21:57:45.403 616 616 I Layer : id=170964[1] Destroyed ColorFade#0
05-05 21:57:45.404 580 656 I Sensors : LightSensor::inject_sensor_data: brightness 40
05-05 21:57:45.405 1198 1262 D PowerManagerService: mDisplayReady: true
05-05 21:57:45.406 1198 1262 D PowerManagerService: [PWL] sb release: PowerManagerService.Display
05-05 21:57:45.407 724 2208 E flp : flp_screen_monitor_thread: Screen off
05-05 21:57:45.408 724 2206 D MNLD : mnld_main_thread: flp2mnl_hdlr msg
05-05 21:57:45.408 724 2206 D MNLD : mnld_main_thread: n=2
05-05 21:57:45.408 724 2206 D MNLD : mnld_main_thread: gfc2mnl_hdlr msg
05-05 21:57:45.408 724 2206 D MNLD : main_event_hdlr: SCREEN2MAIN_EVENT_SCREEN = 0
05-05 21:57:45.409 592 592 D SehLight: lcd : 40 +
05-05 21:57:45.410 592 592 D SehLight: lcd : 40 -
05-05 21:57:45.411 1198 1198 D PowerManagerService: [api] release WakeLock DRAW_WAKE_LOCK 'Window:StatusBar' ACQ=-236ms (uid=1000 pid=1198 pkg=android ws=WorkSource{10053 com.android.systemui})
05-05 21:57:45.412 574 574 I hwcomposer: [HWCDisplay] [Display_0 (type:1)] fps:13.525114,dur:1552.67,max:1175.96,min:11.27
05-05 21:57:45.414 616 616 I SurfaceFlinger: Display 0 HWC layers:
05-05 21:57:45.414 616 616 I SurfaceFlinger: type | handle | flag | format | source crop (l,t,r,b) | frame | name
05-05 21:57:45.414 616 616 I SurfaceFlinger: ------------+--------------+------+-----------+----------------------------+---------------------+------
05-05 21:57:45.414 616 616 I SurfaceFlinger: DEVICE | 0x71864a6b00 | 0002 | RGBA_8888 | 0.0 0.0 1080.0 2400.0 | 0 0 1080 2400 | com.android.systemui.ImageWallpaper$_7710#0
05-05 21:57:45.414 616 616 I SurfaceFlinger: DEVICE | 0x71656cea80 | 0000 | RGBA_8888 | 0.0 0.0 1080.0 2400.0 | 0 0 1080 2400 | com.sec.android.app.launcher/com.sec[...].activities.LauncherActivity$_7941#0
05-05 21:57:45.414 616 616 I SurfaceFlinger: DEVICE | 0x71656cdf40 | 0008 | RGBA_8888 | 0.0 0.0 1080.0 2400.0 | 0 0 1080 2400 | StatusBar$_7710#0
05-05 21:57:45.414 616 616 I SurfaceFlinger:
05-05 21:57:45.419 616 696 I BufferQueueProducer: [StatusBar$_7710#0](this:0x71656f4800,id:7,api:0,p:-1,c:616) queueBuffer: fps=4.50 dur=1110.30 max=433.14 min=40.75
05-05 21:57:45.446 1198 8041 D PowerManagerService: [api] acquire WakeLock DRAW_WAKE_LOCK 'Window:StatusBar' (uid=1000 pid=1198 pkg=android ws=WorkSource{10053 com.android.systemui})
05-05 21:57:45.463 1198 8041 D PowerManagerService: [api] acquire WakeLock DRAW_WAKE_LOCK 'Window:StatusBar' ACQ=-16ms (uid=1000 pid=1198 pkg=android ws=WorkSource{10053 com.android.systemui})
05-05 21:57:45.480 1198 8041 D PowerManagerService: [api] acquire WakeLock DRAW_WAKE_LOCK 'Window:StatusBar' ACQ=-33ms (uid=1000 pid=1198 pkg=android ws=WorkSource{10053 com.android.systemui})
05-05 21:57:45.496 1198 8041 D PowerManagerService: [api] acquire WakeLock DRAW_WAKE_LOCK 'Window:StatusBar' ACQ=-50ms (uid=1000 pid=1198 pkg=android ws=WorkSource{10053 com.android.systemui})
05-05 21:57:45.513 1198 8041 D PowerManagerService: [api] acquire WakeLock DRAW_WAKE_LOCK 'Window:StatusBar' ACQ=-67ms (uid=1000 pid=1198 pkg=android ws=WorkSource{10053 com.android.systemui})
05-05 21:57:45.530 1198 8041 D PowerManagerService: [api] acquire WakeLock DRAW_WAKE_LOCK 'Window:StatusBar' ACQ=-83ms (uid=1000 pid=1198 pkg=android ws=WorkSource{10053 com.android.systemui})
05-05 21:57:45.552 20858 20907 W CrashLoopRemedyLog: unable to delete remedy log, instaCrash: true
05-05 21:57:45.558 1198 9710 D PowerManagerService: [api] acquire WakeLock DRAW_WAKE_LOCK 'Window:StatusBar' ACQ=-112ms (uid=1000 pid=1198 pkg=android ws=WorkSource{10053 com.android.systemui})
05-05 21:57:45.591 1198 8041 D PowerManagerService: [api] acquire WakeLock DRAW_WAKE_LOCK 'Window:StatusBar' ACQ=-145ms (uid=1000 pid=1198 pkg=android ws=WorkSource{10053 com.android.systemui})
05-05 21:57:45.625 1198 8041 D PowerManagerService: [api] acquire WakeLock DRAW_WAKE_LOCK 'Window:StatusBar' ACQ=-178ms (uid=1000 pid=1198 pkg=android ws=WorkSource{10053 com.android.systemui})
05-05 21:57:45.658 1198 8041 D PowerManagerService: [api] acquire WakeLock DRAW_WAKE_LOCK 'Window:StatusBar' ACQ=-212ms (uid=1000 pid=1198 pkg=android ws=WorkSource{10053 com.android.systemui})
05-05 21:57:45.692 1198 8041 D PowerManagerService: [api] acquire WakeLock DRAW_WAKE_LOCK 'Window:StatusBar' ACQ=-245ms (uid=1000 pid=1198 pkg=android ws=WorkSource{10053 com.android.systemui})
05-05 21:57:45.725 1198 8041 D PowerManagerService: [api] release WakeLock DRAW_WAKE_LOCK 'charging_info' ACQ=-624ms (uid=10053 pid=7710 pkg=com.android.systemui)
05-05 21:57:45.753 8228 8228 I io_stats: !@ 179,0 r 24141047 569584465 w 12035218 392003924 d 452814 302849084 f 6307798 7850353 iot 16618596 15985811 th 51200 51200 43736 pt 35856 inp 0 0 3058576.986
05-05 21:57:45.893 1198 1198 D PowerManagerService: [api] release WakeLock DRAW_WAKE_LOCK 'Window:StatusBar' ACQ=-447ms (uid=1000 pid=1198 pkg=android ws=WorkSource{10053 com.android.systemui})
05-05 21:57:46.109 1198 8041 D PowerManagerService: [api] release WakeLock DRAW_WAKE_LOCK 'DozeScreenState' ACQ=-1s2ms (uid=10053 pid=7710 pkg=com.android.systemui)
05-05 21:57:46.110 1198 8041 D PowerManagerService: mDisplayReady: false
05-05 21:57:46.110 1198 1262 D DisplayPowerController: animateScreenStateChange: target=4, targetInternal=4, dualScreenPolicy=-1
05-05 21:57:46.111 1198 1262 D DisplayPowerController: getFinalBrightness : Summary is 40 -> 40
05-05 21:57:46.111 1198 1255 D BatteryExternalStatsWorker: update stats
05-05 21:57:46.111 1198 1262 D DisplayPowerController: Animating brightness: target=40, rate=0 (PSM:, AB limit:(-1 ~ -1) MB Limit:(-1 ~ 365), sf=1.0
05-05 21:57:46.111 1198 1255 D BatteryExternalStatsWorker: WifiActivityEnergyInfo was updated
05-05 21:57:46.111 1198 1262 D PowerManagerService: [PWL] sb acquire: PowerManagerService.Display
05-05 21:57:46.111 1198 1255 D BatteryExternalStatsWorker: BluetoothActivityEnergyInfo was updated
05-05 21:57:46.111 1198 1255 D BatteryExternalStatsWorker: ModemActivityEnergyInfo was updated
05-05 21:57:46.112 1198 7648 D DisplayManagerService: !@display_state internal: DOZE -> DOZE_SUSPEND
05-05 21:57:46.113 1198 7648 D LocalDisplayAdapter: !@ display_state: DOZE -> DOZE_SUSPEND (id:0)
05-05 21:57:46.113 1198 1244 I DisplayManagerService: Display device changed state: "Built-in Screen", DOZE_SUSPEND
05-05 21:57:46.114 616 616 D SurfaceFlinger: Setting power mode 3 on display 0
05-05 21:57:46.114 724 2208 E flp : flp_screen_monitor_thread: Screen on
05-05 21:57:46.114 574 1240 I hwcomposer: [HWCDisplay] Display(0) SetPowerMode(3)
05-05 21:57:46.114 724 2206 D MNLD : mnld_main_thread: flp2mnl_hdlr msg
05-05 21:57:46.115 724 2208 E flp : flp_screen_monitor_thread: Wake Monitor Restart
05-05 21:57:46.117 616 616 D SurfaceFlinger: Finished setting power mode 3 on display 0
05-05 21:57:46.120 724 2206 D MNLD : mnld_main_thread: n=2
05-05 21:57:46.120 724 2206 D MNLD : mnld_main_thread: gfc2mnl_hdlr msg
05-05 21:57:46.120 724 2206 D MNLD : main_event_hdlr: SCREEN2MAIN_EVENT_SCREEN = 1
05-05 21:57:46.121 1198 7648 D DisplayPowerController: setActualDisplayState: DOZE -> DOZE_SUSPEND
05-05 21:57:46.122 1198 1262 D DisplayPowerController: animateScreenStateChange: target=4, targetInternal=4, dualScreenPolicy=-1
05-05 21:57:46.122 1198 1262 D DisplayPowerController: getFinalBrightness : Summary is 40 -> 40
05-05 21:57:46.122 1198 1262 D DisplayPowerController: Animating brightness: target=40, rate=0 (PSM:, AB limit:(-1 ~ -1) MB Limit:(-1 ~ 365), sf=1.0
05-05 21:57:46.123 1198 1262 D DisplayPowerController: animateScreenStateChange: target=4, targetInternal=4, dualScreenPolicy=-1
05-05 21:57:46.123 1198 1262 D DisplayPowerController: getFinalBrightness : Summary is 40 -> 40
05-05 21:57:46.123 1198 1262 D DisplayPowerController: Animating brightness: target=40, rate=0 (PSM:, AB limit:(-1 ~ -1) MB Limit:(-1 ~ 365), sf=1.0
05-05 21:57:46.123 1198 1262 D PowerManagerService: DisplayPowerCallbacks : onStateChanged()
05-05 21:57:46.123 1198 1262 D PowerManagerService: mDisplayReady: true
05-05 21:57:46.123 1198 1262 D PowerManagerService: [PWL] sb release: PowerManagerService.Display
05-05 21:57:46.125 1198 2175 I CAE : handleMessage(CaPowerManager.java:193) - AP_SLEEP_Already_Delivered
05-05 21:57:46.126 1198 2175 I CAE : handleMessage(CaPowerManager.java:214) - SCREEN_ON_Already_Delivered
05-05 21:57:46.126 7710 7710 D DisplayLifecycle: updateDisplay id = 0
05-05 21:57:46.128 1198 1198 D GameManagerService: onDisplayChanged. displyId: 0, state: 4
05-05 21:57:46.128 1198 7670 D GameManagerService: onLooperPrepared(), msg: { when=0 what=10006 target=com.samsung.android.game.GameManagerService$FgCheckThread$1 }
05-05 21:57:46.133 724 2208 E flp : flp_screen_monitor_thread: Screen off
05-05 21:57:46.134 724 2206 D MNLD : mnld_main_thread: n=3
05-05 21:57:46.134 724 2206 D MNLD : mnld_main_thread: flp2mnl_hdlr msg
05-05 21:57:46.134 724 2206 D MNLD : mnld_main_thread: gfc2mnl_hdlr msg
05-05 21:57:46.134 724 2206 D MNLD : main_event_hdlr: SCREEN2MAIN_EVENT_SCREEN = 0
05-05 21:57:46.149 7710 7710 I AOD_LIVE_CLOCK@LiveClockController: updateDisplayState: DISPLAY_STATE_DOZE_SUSPEND / sOccurredErrorFromDriver = false
05-05 21:57:46.149 7710 7710 I AOD_CONFIG@MODManager: onDisplayChanged : DOZE -> DOZE_SUSPEND
05-05 21:57:46.150 574 1240 I hwcomposer: [JOB] ovl_0 is not enable, do not produce a job
05-05 21:57:46.152 574 574 E hwcomposer: [HWCDisplay] (0) job is null
05-05 21:57:46.167 1198 1255 D BatteryExternalStatsWorker: done updateExternalStatsLocked
05-05 21:57:46.184 574 574 I hwcomposer: [JOB] ovl_0 is not enable, do not produce a job
05-05 21:57:46.185 574 1240 E hwcomposer: [HWCDisplay] (0) job is null
05-05 21:57:46.438 580 653 I Sensors : LightSensor: lux = 28, time = 5970578951276489
05-05 21:57:46.518 580 653 I Sensors : LightSensor: lux = 27, time = 5970579031297181
05-05 21:57:46.614 7710 7710 D IntegrityVerifier: Verifying StatusBarWindowController : return = true
05-05 21:57:46.629 29739 21260 I ADB_SERVICES: post waitpid (pid=21259) status=0000
05-05 21:57:46.685 29739 21262 I ADB_SERVICES: post waitpid (pid=21261) status=0000
05-05 21:57:46.705 1198 8193 D SettingsProvider: isChangeAllowed() : name = wifi_client_smart_tethering_settings
05-05 21:57:46.706 1198 8193 D SemWifiApSmartClient: stopWifiApSmartClientAdvertize
05-05 21:57:47.193 1198 9721 D ApplicationPolicy: isStatusBarNotificationAllowedAsUser: packageName = pan.alexander.tordnscrypt.stable,userId = 0
05-05 21:57:47.193 1198 9721 D API test: getContainerInfo: value is
05-05 21:57:47.195 1198 9721 D ApplicationPolicy: isStatusBarNotificationAllowedAsUser: packageName = pan.alexander.tordnscrypt.stable,userId = 0
05-05 21:57:47.196 1198 9721 D API test: getContainerInfo: value is
05-05 21:57:47.301 1198 1198 I EdgeLightingManager: isCallingUserSupported : callingUserId=0, mUserId=0, isDualAppId=false
05-05 21:57:47.302 1198 1198 I EdgeLightingManager: showForNotification : isInteractive=false, isHeadUp=false, color=0, sbn = StatusBarNotification(pkg=pan.alexander.tordnscrypt.stable user=UserHandle{0} id=101102 tag=null key=0|pan.alexander.tordnscrypt.stable|101102|null|10741: Notification(channel=InviZible pri=-2 contentView=null vibrate=null sound=null defaults=0x0 flags=0xa color=0x00000000 category=service vis=PRIVATE semFlags=0x0 semPriority=0 semMissedCount=0))
05-05 21:57:47.302 1198 1198 I EdgeLightingClientManager: isAvailableEdgeLighting: condition=6 mCondition=3 mIsConnected=false0
05-05 21:57:47.302 1198 1198 W CoverManager: getCoverState : This device is not supported cover
05-05 21:57:47.303 1198 1198 I EdgeLightingPolicyManager: putNotification tickerText:false,titleText:true,text:true,sub:falsecn= + null
05-05 21:57:47.303 1198 1198 I EdgeLightingPolicyManager.NotificationGroup: Remove previous child data. 0|pan.alexander.tordnscrypt.stable|101102|null|10741
05-05 21:57:47.303 1198 1198 I EdgeLightingPolicyManager.NotificationGroup: group notification count : 30
05-05 21:57:47.303 1198 1198 I EdgeLightingPolicyManager: isAcceptableApplication: pkg=pan.alexander.tordnscrypt.stable , range=1 , includeAllApp=false , userId=0 , infoRange=0 , infoCategory=0
05-05 21:57:47.303 1198 1198 I EdgeLightingPolicyManager: isAcceptableApplication: getAcceptablePolicy false
05-05 21:57:47.303 1198 1198 I EdgeLightingManager: showForNotificationScreenOff : return false by isAcceptableApplication.
05-05 21:57:47.308 7941 7941 D Launcher.NotificationListener: onNotificationPosted : pan.alexander.tordnscrypt.stable number : 0 listener : null
05-05 21:57:47.326 7710 7710 D FaceWidgetContainer: setExpandState() isExpand = true, mLockscreenPageState = EXPAND, notificationCount = 0, mNotificationCount = 0
05-05 21:57:47.351 7710 15471 I OpenGLRenderer: doUpdatePositionAsync is called and callVoidMethod
05-05 21:57:47.361 7710 7710 I AODNotificationManager: updateVisibleNotifications: 1
05-05 21:57:47.362 616 696 I BufferQueueProducer: [StatusBar$_7710#0](this:0x71656f4800,id:7,api:0,p:-1,c:616) queueBuffer: fps=6.17 dur=1943.57 max=1629.11 min=9.89
05-05 21:57:47.376 7710 15470 I OpenGLRenderer: doUpdatePositionAsync is called and callVoidMethod
05-05 21:57:47.389 574 1240 I hwcomposer: [JOB] ovl_0 is not enable, do not produce a job
05-05 21:57:47.391 574 574 E hwcomposer: [HWCDisplay] (0) job is null
05-05 21:57:47.391 574 574 I hwcomposer: [HWCDisplay] [Display_0 (type:1)] fps:8.082814,dur:1979.51,max:1206.06,min:7.16
05-05 21:57:47.422 574 1240 I hwcomposer: [JOB] ovl_0 is not enable, do not produce a job
05-05 21:57:47.424 574 574 E hwcomposer: [HWCDisplay] (0) job is null
05-05 21:57:47.449 7710 7710 D swipe : !isFreemformEnabled
05-05 21:57:47.463 7710 15471 I OpenGLRenderer: doUpdatePositionAsync is called and callVoidMethod
05-05 21:57:47.489 574 1240 I hwcomposer: [JOB] ovl_0 is not enable, do not produce a job
05-05 21:57:47.491 574 574 E hwcomposer: [HWCDisplay] (0) job is null
05-05 21:57:47.492 29739 29739 W adbd : timeout expired while flushing socket, closing
05-05 21:57:47.494 29739 20011 I ADB_SERVICES: post waitpid (pid=20008) status=0001
05-05 21:57:47.523 574 574 I hwcomposer: [JOB] ovl_0 is not enable, do not produce a job
05-05 21:57:47.525 574 1240 E hwcomposer: [HWCDisplay] (0) job is null
05-05 21:57:47.612 7710 7710 D KeyguardSecIndicationPolicy: remove Item pos = DEFAULT , id = 28025,
05-05 21:57:47.613 7710 7710 D KeyguardSecIndicationPolicy: remove Item pos = DEFAULT , id = 28027,
05-05 21:57:47.613 7710 7710 D KeyguardSecIndicationPolicy: update top pos = DEFAULT, item = [id=28027|ty=BATTERY|pr=40|txt=Fully charged|ti=duration=3000|an=false] -> [id=28028|ty=BATTERY_RESTING|pr=20|txt=Fully charged|ti=duration=PERSISTENT|an=false]
05-05 21:57:47.613 7710 7710 D KeyguardSecIndicationController: onIndicationChanged() return - keyguard is not visible, pos = DEFAULT, item = [id=28028|ty=BATTERY_RESTING|pr=20|txt=Fully charged|ti=duration=PERSISTENT|an=false]
05-05 21:57:47.859 405 405 I hwservicemanager: getTransport: Cannot find entry vendor.mediatek.hardware.mtkradioex@1.0::IMtkRadioEx/mtkAssist1 in either framework or device manifest.
05-05 21:57:47.863 405 405 I hwservicemanager: getTransport: Cannot find entry vendor.mediatek.hardware.mtkradioex@1.0::IMtkRadioEx/mtkAssist2 in either framework or device manifest.
05-05 21:57:47.865 405 405 I hwservicemanager: getTransport: Cannot find entry vendor.mediatek.hardware.mtkradioex@1.0::IMtkRadioEx/mtkCap1 in either framework or device manifest.
05-05 21:57:47.868 405 405 I hwservicemanager: getTransport: Cannot find entry vendor.mediatek.hardware.mtkradioex@1.0::IMtkRadioEx/mtkCap2 in either framework or device manifest.
05-05 21:57:48.844 1198 1262 I PowerManagerService: [PWL] Off : 5s ago
05-05 21:57:50.217 1198 8013 D ApplicationPolicy: isStatusBarNotificationAllowedAsUser: packageName = pan.alexander.tordnscrypt.stable,userId = 0
