05-05 21:58:27.429 20505 21631 W om.yeti.browse: Long monitor contention with owner ThreadPoolForeg (21633) at org.chromium.net.AndroidCertVerifyResult org.chromium.net.X509Util.verifyServerCertificates(byte[][], java.lang.String, java.lang.String)(X509Util.java:541) waiters=1 in org.chromium.net.AndroidCertVerifyResult org.chromium.net.X509Util.verifyServerCertificates(byte[][], java.lang.String, java.lang.String) for 280ms
05-05 21:58:27.429 1198 7576 D ConnectivityService: sending notification CALLBACK_CAP_CHANGED for NetworkRequest [ TRACK_DEFAULT id=13, [ Capabilities: INTERNET&NOT_RESTRICTED&TRUSTED Uid: 1000] ]
05-05 21:58:27.430 1198 7576 D ConnectivityService: sending notification for NetworkRequest [ LISTEN id=14, [ Capabilities: INTERNET&NOT_RESTRICTED&TRUSTED&VALIDATED Uid: 1000] ]
05-05 21:58:27.430 1198 7576 D ConnectivityService: sending notification CALLBACK_CAP_CHANGED for NetworkRequest [ LISTEN id=14, [ Capabilities: INTERNET&NOT_RESTRICTED&TRUSTED&VALIDATED Uid: 1000] ]
05-05 21:58:27.430 1198 7576 D ConnectivityService: sending notification for NetworkRequest [ TRACK_DEFAULT id=15, [ Capabilities: INTERNET&NOT_RESTRICTED&TRUSTED Uid: 1000] ]
05-05 21:58:27.430 1198 7576 D ConnectivityService: sending notification CALLBACK_CAP_CHANGED for NetworkRequest [ TRACK_DEFAULT id=15, [ Capabilities: INTERNET&NOT_RESTRICTED&TRUSTED Uid: 1000] ]
05-05 21:58:27.430 1198 7576 D ConnectivityService: sending notification for NetworkRequest [ LISTEN id=16, [ Transports: WIFI Capabilities: NOT_RESTRICTED&TRUSTED&NOT_VPN Uid: 1000] ]
05-05 21:58:27.430 1198 7576 D ConnectivityService: sending notification CALLBACK_CAP_CHANGED for NetworkRequest [ LISTEN id=16, [ Transports: WIFI Capabilities: NOT_RESTRICTED&TRUSTED&NOT_VPN Uid: 1000] ]
05-05 21:58:27.430 1198 7576 D ConnectivityService: sending notification for NetworkRequest [ LISTEN id=17, [ Transports: WIFI Capabilities: NOT_VPN] ]
05-05 21:58:27.430 1198 1251 I ActivityManager: Start proc 21937:com.yeti.browser:sandboxed_process0:org.chromium.content.app.SandboxedProcessService0:5/u0ai105 for {com.yeti.browser/org.chromium.content.app.SandboxedProcessService0:5}
05-05 21:58:27.430 1198 7576 D ConnectivityService: sending notification CALLBACK_CAP_CHANGED for NetworkRequest [ LISTEN id=17, [ Transports: WIFI Capabilities: NOT_VPN] ]
05-05 21:58:27.431 1198 7576 D ConnectivityService: sending notification for NetworkRequest [ TRACK_DEFAULT id=18, [ Capabilities: INTERNET&NOT_RESTRICTED&TRUSTED Uid: 10053] ]
05-05 21:58:27.431 1198 7576 D ConnectivityService: sending notification CALLBACK_CAP_CHANGED for NetworkRequest [ TRACK_DEFAULT id=18, [ Capabilities: INTERNET&NOT_RESTRICTED&TRUSTED Uid: 10053] ]
05-05 21:58:27.433 21937 21937 I ocessService0:: Late-enabling -Xcheck:jni
05-05 21:58:27.433 1198 7576 D ConnectivityService: sending notification for NetworkRequest [ LISTEN id=19, [ Transports: WIFI Capabilities: INTERNET&NOT_RESTRICTED&TRUSTED&NOT_VPN Uid: 1000] ]
05-05 21:58:27.433 1198 7576 D ConnectivityService: sending notification CALLBACK_CAP_CHANGED for NetworkRequest [ LISTEN id=19, [ Transports: WIFI Capabilities: INTERNET&NOT_RESTRICTED&TRUSTED&NOT_VPN Uid: 1000] ]
05-05 21:58:27.434 1198 7576 D ConnectivityService: sending notification for NetworkRequest [ LISTEN id=20, [] ]
05-05 21:58:27.434 1198 7576 D ConnectivityService: sending notification CALLBACK_CAP_CHANGED for NetworkRequest [ LISTEN id=20, [] ]
05-05 21:58:27.435 1198 7576 D ConnectivityService: sending notification for NetworkRequest [ LISTEN id=21, [ Transports: WIFI Capabilities: INTERNET&TRUSTED&NOT_VPN Uid: 1001] ]
05-05 21:58:27.435 1198 7576 D ConnectivityService: sending notification CALLBACK_CAP_CHANGED for NetworkRequest [ LISTEN id=21, [ Transports: WIFI Capabilities: INTERNET&TRUSTED&NOT_VPN Uid: 1001] ]
05-05 21:58:27.435 1198 7576 D ConnectivityService: sending notification for NetworkRequest [ LISTEN id=22, [ Transports: WIFI Capabilities: INTERNET&TRUSTED&NOT_VPN Uid: 1001] ]
05-05 21:58:27.436 1198 7576 D ConnectivityService: sending notification CALLBACK_CAP_CHANGED for NetworkRequest [ LISTEN id=22, [ Transports: WIFI Capabilities: INTERNET&TRUSTED&NOT_VPN Uid: 1001] ]
05-05 21:58:27.436 1198 7576 D ConnectivityService: sending notification for NetworkRequest [ LISTEN id=29, [ Transports: WIFI Capabilities: INTERNET&NOT_RESTRICTED&TRUSTED&NOT_VPN Uid: 1000] ]
05-05 21:58:27.436 1198 7576 D ConnectivityService: sending notification CALLBACK_CAP_CHANGED for NetworkRequest [ LISTEN id=29, [ Transports: WIFI Capabilities: INTERNET&NOT_RESTRICTED&TRUSTED&NOT_VPN Uid: 1000] ]
05-05 21:58:27.436 1198 7576 D ConnectivityService: sending notification for NetworkRequest [ TRACK_DEFAULT id=30, [ Capabilities: INTERNET&NOT_RESTRICTED&TRUSTED Uid: 1000] ]
05-05 21:58:27.436 1198 7576 D ConnectivityService: sending notification CALLBACK_CAP_CHANGED for NetworkRequest [ TRACK_DEFAULT id=30, [ Capabilities: INTERNET&NOT_RESTRICTED&TRUSTED Uid: 1000] ]
05-05 21:58:27.437 1198 7576 D ConnectivityService: sending notification for NetworkRequest [ LISTEN id=73, [ Transports: WIFI Capabilities: NOT_RESTRICTED&TRUSTED&NOT_VPN&FOREGROUND Uid: 5013] ]
05-05 21:58:27.437 1198 7576 D ConnectivityService: sending notification CALLBACK_CAP_CHANGED for NetworkRequest [ LISTEN id=73, [ Transports: WIFI Capabilities: NOT_RESTRICTED&TRUSTED&NOT_VPN&FOREGROUND Uid: 5013] ]
05-05 21:58:27.437 1198 7576 D ConnectivityService: sending notification for NetworkRequest [ LISTEN id=304, [ Transports: CELLULAR|WIFI|ETHERNET Capabilities: INTERNET&NOT_RESTRICTED&TRUSTED&NOT_VPN&FOREGROUND Uid: 10187] ]
05-05 21:58:27.438 1198 7576 D ConnectivityService: sending notification CALLBACK_CAP_CHANGED for NetworkRequest [ LISTEN id=304, [ Transports: CELLULAR|WIFI|ETHERNET Capabilities: INTERNET&NOT_RESTRICTED&TRUSTED&NOT_VPN&FOREGROUND Uid: 10187] ]
05-05 21:58:27.438 1198 7576 D ConnectivityService: sending notification for NetworkRequest [ TRACK_DEFAULT id=30558, [ Capabilities: INTERNET&NOT_RESTRICTED&TRUSTED Uid: 10192] ]
05-05 21:58:27.438 1198 7576 D ConnectivityService: sending notification CALLBACK_CAP_CHANGED for NetworkRequest [ TRACK_DEFAULT id=30558, [ Capabilities: INTERNET&NOT_RESTRICTED&TRUSTED Uid: 10192] ]
05-05 21:58:27.438 1198 7576 D ConnectivityService: sending notification for NetworkRequest [ LISTEN id=30559, [ Capabilities: INTERNET&NOT_RESTRICTED&TRUSTED&FOREGROUND Uid: 10192] ]
05-05 21:58:27.439 1198 7576 D ConnectivityService: sending notification CALLBACK_CAP_CHANGED for NetworkRequest [ LISTEN id=30559, [ Capabilities: INTERNET&NOT_RESTRICTED&TRUSTED&FOREGROUND Uid: 10192] ]
05-05 21:58:27.438 28994 29085 I HONEYBOARD: c onCapabilitiesChanged network : 639 current network state : -1
05-05 21:58:27.439 1198 7576 D ConnectivityService: sending notification for NetworkRequest [ LISTEN id=32960, [ Transports: WIFI Capabilities: NOT_RESTRICTED&TRUSTED&NOT_VPN Uid: 1000] ]
05-05 21:58:27.439 1198 7576 D ConnectivityService: sending notification CALLBACK_CAP_CHANGED for NetworkRequest [ LISTEN id=32960, [ Transports: WIFI Capabilities: NOT_RESTRICTED&TRUSTED&NOT_VPN Uid: 1000] ]
05-05 21:58:27.439 1198 7576 D ConnectivityService: sending notification for NetworkRequest [ REQUEST id=32961, [ Transports: WIFI Capabilities: NOT_RESTRICTED&TRUSTED&NOT_VPN Uid: 1000] ]
05-05 21:58:27.439 1198 7576 D ConnectivityService: sending notification CALLBACK_CAP_CHANGED for NetworkRequest [ REQUEST id=32961, [ Transports: WIFI Capabilities: NOT_RESTRICTED&TRUSTED&NOT_VPN Uid: 1000] ]
05-05 21:58:27.439 1198 7576 D ConnectivityService: sending notification for NetworkRequest [ TRACK_DEFAULT id=32963, [ Capabilities: INTERNET&NOT_RESTRICTED&TRUSTED Uid: 1000] ]
05-05 21:58:27.439 1198 7576 D ConnectivityService: sending notification CALLBACK_CAP_CHANGED for NetworkRequest [ TRACK_DEFAULT id=32963, [ Capabilities: INTERNET&NOT_RESTRICTED&TRUSTED Uid: 1000] ]
05-05 21:58:27.439 1198 7576 D ConnectivityService: sending notification for NetworkRequest [ TRACK_DEFAULT id=33552, [ Capabilities: INTERNET&NOT_RESTRICTED&TRUSTED Uid: 10223] ]
05-05 21:58:27.440 1198 7576 D ConnectivityService: sending notification CALLBACK_CAP_CHANGED for NetworkRequest [ TRACK_DEFAULT id=33552, [ Capabilities: INTERNET&NOT_RESTRICTED&TRUSTED Uid: 10223] ]
05-05 21:58:27.440 1198 7576 D ConnectivityService: sending notification for NetworkRequest [ LISTEN id=33553, [ Capabilities: INTERNET&NOT_RESTRICTED&TRUSTED Uid: 10223] ]
05-05 21:58:27.441 1198 7576 D ConnectivityService: sending notification CALLBACK_CAP_CHANGED for NetworkRequest [ LISTEN id=33553, [ Capabilities: INTERNET&NOT_RESTRICTED&TRUSTED Uid: 10223] ]
05-05 21:58:27.445 7710 7710 D SecStatusBarWifiView: updateState: WifiIconState(resId=2131232728, visible=true, activityId=2131232751)
05-05 21:58:27.447 7710 7764 D Tile.WifiTile: handleUpdateState isTransient=false transientEnabling =false cb.isTransient=false state.state = 2 mStateBeforeClick.value =false enabled =true
05-05 21:58:27.449 1198 7576 D ConnectivityService: sending notification for NetworkRequest [ TRACK_DEFAULT id=33554, [ Capabilities: INTERNET&NOT_RESTRICTED&TRUSTED Uid: 10223] ]
05-05 21:58:27.449 1198 7576 D ConnectivityService: sending notification CALLBACK_CAP_CHANGED for NetworkRequest [ TRACK_DEFAULT id=33554, [ Capabilities: INTERNET&NOT_RESTRICTED&TRUSTED Uid: 10223] ]
05-05 21:58:27.449 1198 7576 D ConnectivityService: sending notification for NetworkRequest [ LISTEN id=33555, [ Capabilities: INTERNET&NOT_RESTRICTED&TRUSTED Uid: 10223] ]
05-05 21:58:27.449 1198 7576 D ConnectivityService: sending notification CALLBACK_CAP_CHANGED for NetworkRequest [ LISTEN id=33555, [ Capabilities: INTERNET&NOT_RESTRICTED&TRUSTED Uid: 10223] ]
05-05 21:58:27.450 1198 7576 D ConnectivityService: sending notification for NetworkRequest [ LISTEN id=33564, [ Capabilities: NOT_RESTRICTED Uid: 10223] ]
05-05 21:58:27.450 1198 7576 D ConnectivityService: sending notification CALLBACK_CAP_CHANGED for NetworkRequest [ LISTEN id=33564, [ Capabilities: NOT_RESTRICTED Uid: 10223] ]
05-05 21:58:27.450 1198 7576 D ConnectivityService: sending notification for NetworkRequest [ LISTEN id=33746, [ Capabilities: INTERNET&NOT_RESTRICTED&TRUSTED&NOT_VPN Uid: 10223] ]
05-05 21:58:27.450 1198 7576 D ConnectivityService: sending notification CALLBACK_CAP_CHANGED for NetworkRequest [ LISTEN id=33746, [ Capabilities: INTERNET&NOT_RESTRICTED&TRUSTED&NOT_VPN Uid: 10223] ]
05-05 21:58:27.451 1198 7576 D ConnectivityService: sending notification for NetworkRequest [ TRACK_DEFAULT id=33867, [ Capabilities: INTERNET&NOT_RESTRICTED&TRUSTED Uid: 10227] ]
05-05 21:58:27.451 1198 7576 D ConnectivityService: sending notification CALLBACK_CAP_CHANGED for NetworkRequest [ TRACK_DEFAULT id=33867, [ Capabilities: INTERNET&NOT_RESTRICTED&TRUSTED Uid: 10227] ]
05-05 21:58:27.451 1198 7576 D ConnectivityService: sending notification for NetworkRequest [ LISTEN id=33868, [ Capabilities: INTERNET&NOT_RESTRICTED&TRUSTED Uid: 10227] ]
05-05 21:58:27.451 1198 7576 D ConnectivityService: sending notification CALLBACK_CAP_CHANGED for NetworkRequest [ LISTEN id=33868, [ Capabilities: INTERNET&NOT_RESTRICTED&TRUSTED Uid: 10227] ]
05-05 21:58:27.452 1198 7576 D ConnectivityService: sending notification for NetworkRequest [ TRACK_DEFAULT id=34042, [ Capabilities: INTERNET&NOT_RESTRICTED&TRUSTED Uid: 10235] ]
05-05 21:58:27.452 1198 7576 D ConnectivityService: sending notification CALLBACK_CAP_CHANGED for NetworkRequest [ TRACK_DEFAULT id=34042, [ Capabilities: INTERNET&NOT_RESTRICTED&TRUSTED Uid: 10235] ]
05-05 21:58:27.452 1198 7576 D ConnectivityService: sending notification for NetworkRequest [ LISTEN id=34043, [ Capabilities: INTERNET&NOT_RESTRICTED&TRUSTED&FOREGROUND Uid: 10235] ]
05-05 21:58:27.452 1198 7576 D ConnectivityService: sending notification CALLBACK_CAP_CHANGED for NetworkRequest [ LISTEN id=34043, [ Capabilities: INTERNET&NOT_RESTRICTED&TRUSTED&FOREGROUND Uid: 10235] ]
05-05 21:58:27.453 1198 7576 D ConnectivityService: sending notification for NetworkRequest [ TRACK_DEFAULT id=34048, [ Capabilities: INTERNET&NOT_RESTRICTED&TRUSTED Uid: 10225] ]
05-05 21:58:27.453 1198 7576 D ConnectivityService: sending notification CALLBACK_CAP_CHANGED for NetworkRequest [ TRACK_DEFAULT id=34048, [ Capabilities: INTERNET&NOT_RESTRICTED&TRUSTED Uid: 10225] ]
05-05 21:58:27.453 1198 7576 D ConnectivityService: sending notification for NetworkRequest [ LISTEN id=34049, [ Capabilities: INTERNET&NOT_RESTRICTED&TRUSTED Uid: 10225] ]
05-05 21:58:27.454 1198 7576 D ConnectivityService: sending notification CALLBACK_CAP_CHANGED for NetworkRequest [ LISTEN id=34049, [ Capabilities: INTERNET&NOT_RESTRICTED&TRUSTED Uid: 10225] ]
05-05 21:58:27.454 1198 7576 D ConnectivityService: sending notification for NetworkRequest [ TRACK_DEFAULT id=34050, [ Capabilities: INTERNET&NOT_RESTRICTED&TRUSTED Uid: 10225] ]
05-05 21:58:27.454 1198 7576 D ConnectivityService: sending notification CALLBACK_CAP_CHANGED for NetworkRequest [ TRACK_DEFAULT id=34050, [ Capabilities: INTERNET&NOT_RESTRICTED&TRUSTED Uid: 10225] ]
05-05 21:58:27.454 1198 7576 D ConnectivityService: sending notification for NetworkRequest [ LISTEN id=34060, [ Capabilities: INTERNET&NOT_RESTRICTED&TRUSTED&NOT_VPN&FOREGROUND Uid: 10135] ]
05-05 21:58:27.455 1198 7576 D ConnectivityService: sending notification CALLBACK_CAP_CHANGED for NetworkRequest [ LISTEN id=34060, [ Capabilities: INTERNET&NOT_RESTRICTED&TRUSTED&NOT_VPN&FOREGROUND Uid: 10135] ]
05-05 21:58:27.455 1198 7576 D ConnectivityService: sending notification for NetworkRequest [ TRACK_DEFAULT id=34062, [ Capabilities: INTERNET&NOT_RESTRICTED&TRUSTED Uid: 10290] ]
05-05 21:58:27.455 1198 7576 D ConnectivityService: sending notification CALLBACK_CAP_CHANGED for NetworkRequest [ TRACK_DEFAULT id=34062, [ Capabilities: INTERNET&NOT_RESTRICTED&TRUSTED Uid: 10290] ]
05-05 21:58:27.455 1198 7576 D ConnectivityService: sending notification for NetworkRequest [ TRACK_DEFAULT id=34063, [ Capabilities: INTERNET&NOT_RESTRICTED&TRUSTED Uid: 10290] ]
05-05 21:58:27.456 1198 7576 D ConnectivityService: sending notification CALLBACK_CAP_CHANGED for NetworkRequest [ TRACK_DEFAULT id=34063, [ Capabilities: INTERNET&NOT_RESTRICTED&TRUSTED Uid: 10290] ]
05-05 21:58:27.456 1198 7576 D ConnectivityService: sending notification for NetworkRequest [ LISTEN id=34064, [ Capabilities: INTERNET&NOT_RESTRICTED&TRUSTED Uid: 10290] ]
05-05 21:58:27.456 1198 7576 D ConnectivityService: sending notification CALLBACK_CAP_CHANGED for NetworkRequest [ LISTEN id=34064, [ Capabilities: INTERNET&NOT_RESTRICTED&TRUSTED Uid: 10290] ]
05-05 21:58:27.456 1198 7576 D ConnectivityService: sending notification for NetworkRequest [ LISTEN id=34066, [ Transports: WIFI Capabilities: NOT_RESTRICTED&TRUSTED&NOT_VPN Uid: 10223] ]
05-05 21:58:27.456 1198 7576 D ConnectivityService: sending notification CALLBACK_CAP_CHANGED for NetworkRequest [ LISTEN id=34066, [ Transports: WIFI Capabilities: NOT_RESTRICTED&TRUSTED&NOT_VPN Uid: 10223] ]
05-05 21:58:27.457 1198 7576 D ConnectivityService: sending notification for NetworkRequest [ TRACK_DEFAULT id=34067, [ Capabilities: INTERNET&NOT_RESTRICTED&TRUSTED Uid: 10746] ]
05-05 21:58:27.457 1198 7576 D ConnectivityService: sending notification CALLBACK_CAP_CHANGED for NetworkRequest [ TRACK_DEFAULT id=34067, [ Capabilities: INTERNET&NOT_RESTRICTED&TRUSTED Uid: 10746] ]
05-05 21:58:27.457 21849 21901 E DynamiteLoaderImpl: Error retrieving remote feature version:
05-05 21:58:27.457 21849 21901 E DynamiteLoaderImpl: java.lang.SecurityException: Isolated process not allowed to call getContentProvider
05-05 21:58:27.457 21849 21901 E DynamiteLoaderImpl: at android.os.Parcel.createException(Parcel.java:2088)
05-05 21:58:27.457 21849 21901 E DynamiteLoaderImpl: at android.os.Parcel.readException(Parcel.java:2056)
05-05 21:58:27.457 21849 21901 E DynamiteLoaderImpl: at android.os.Parcel.readException(Parcel.java:2004)
05-05 21:58:27.457 21849 21901 E DynamiteLoaderImpl: at android.app.IActivityManager$Stub$Proxy.getContentProvider(IActivityManager.java:6031)
05-05 21:58:27.457 21849 21901 E DynamiteLoaderImpl: at android.app.ActivityThread.acquireProvider(ActivityThread.java:7342)
05-05 21:58:27.457 21849 21901 E DynamiteLoaderImpl: at android.app.ContextImpl$ApplicationContentResolver.acquireUnstableProvider(ContextImpl.java:2895)
05-05 21:58:27.457 21849 21901 E DynamiteLoaderImpl: at android.content.ContentResolver.acquireUnstableProvider(ContentResolver.java:2124)
05-05 21:58:27.457 21849 21901 E DynamiteLoaderImpl: at android.content.ContentResolver.query(ContentResolver.java:935)
05-05 21:58:27.457 21849 21901 E DynamiteLoaderImpl: at android.content.ContentResolver.query(ContentResolver.java:887)
05-05 21:58:27.457 21849 21901 E DynamiteLoaderImpl: at android.content.ContentResolver.query(ContentResolver.java:843)
05-05 21:58:27.457 21849 21901 E DynamiteLoaderImpl: at yfl.e(:com.google.android.gms@211515037@21.15.15 (120400-371058782):0)
05-05 21:58:27.457 21849 21901 E DynamiteLoaderImpl: at com.google.android.gms.chimera.container.DynamiteLoaderImpl.queryForDynamiteModule(:com.google.android.gms@211515037@21.15.15 (120400-371058782):0)
05-05 21:58:27.457 21849 21901 E DynamiteLoaderImpl: at com.google.android.gms.chimera.container.DynamiteLoaderImpl.queryForDynamiteModuleNoCrashUtils(:com.google.android.gms@211515037@21.15.15 (120400-371058782):3)
05-05 21:58:27.457 21849 21901 E DynamiteLoaderImpl: at yfn.eb(:com.google.android.gms@211515037@21.15.15 (120400-371058782):11)
05-05 21:58:27.457 21849 21901 E DynamiteLoaderImpl: at czy.onTransact(:com.google.android.gms@211515037@21.15.15 (120400-371058782):11)
05-05 21:58:27.457 21849 21901 E DynamiteLoaderImpl: at android.os.Binder.transact(Binder.java:949)
05-05 21:58:27.457 21849 21901 E DynamiteLoaderImpl: at com.google.android.gms.internal.common.zza.zzB(com.google.android.gms:play-services-basement@@17.6.0:2)
05-05 21:58:27.457 21849 21901 E DynamiteLoaderImpl: at com.google.android.gms.dynamite.zzo.zzj(com.google.android.gms:play-services-basement@@17.6.0:6)
05-05 21:58:27.457 21849 21901 E DynamiteLoaderImpl: at com.google.android.gms.dynamite.DynamiteModule.zza(com.google.android.gms:play-services-basement@@17.6.0:29)
05-05 21:58:27.457 21849 21901 E DynamiteLoaderImpl: at com.google.android.gms.dynamite.zzc.zza(com.google.android.gms:play-services-basement@@17.6.0:1)
05-05 21:58:27.457 21849 21901 E DynamiteLoaderImpl: at com.google.android.gms.dynamite.zzi.zza(com.google.android.gms:play-services-basement@@17.6.0:3)
05-05 21:58:27.457 21849 21901 E DynamiteLoaderImpl: at com.google.android.gms.dynamite.DynamiteModule.load(com.google.android.gms:play-services-basement@@17.6.0:5)
05-05 21:58:27.457 21849 21901 E DynamiteLoaderImpl: at com.google.android.gms.internal.measurement.zzbr.zzc(com.google.android.gms:play-services-measurement-sdk-api@@18.0.2:3)
05-05 21:58:27.457 21849 21901 E DynamiteLoaderImpl: at com.google.android.gms.internal.measurement.zzak.zza(com.google.android.gms:play-services-measurement-sdk-api@@18.0.2:4)
05-05 21:58:27.457 21849 21901 E DynamiteLoaderImpl: at com.google.android.gms.internal.measurement.zzbg.run(com.google.android.gms:play-services-measurement-sdk-api@@18.0.2:2)
05-05 21:58:27.457 21849 21901 E DynamiteLoaderImpl: at java.util.concurrent.ThreadPoolExecutor.runWorker(ThreadPoolExecutor.java:1167)
05-05 21:58:27.457 21849 21901 E DynamiteLoaderImpl: at java.util.concurrent.ThreadPoolExecutor$Worker.run(ThreadPoolExecutor.java:641)
05-05 21:58:27.457 21849 21901 E DynamiteLoaderImpl: at java.lang.Thread.run(Thread.java:919)
05-05 21:58:27.458 1198 7576 D ConnectivityService: sending notification for NetworkRequest [ LISTEN id=34068, [ Capabilities: INTERNET&NOT_RESTRICTED&TRUSTED Uid: 10746] ]
05-05 21:58:27.458 21849 21901 W DynamiteModule: Failed to retrieve remote module version.
05-05 21:58:27.458 1198 7576 D ConnectivityService: sending notification CALLBACK_CAP_CHANGED for NetworkRequest [ LISTEN id=34068, [ Capabilities: INTERNET&NOT_RESTRICTED&TRUSTED Uid: 10746] ]
05-05 21:58:27.458 21849 21901 I DynamiteModule: Considering local module com.google.android.gms.measurement.dynamite:46 and remote module com.google.android.gms.measurement.dynamite:0
05-05 21:58:27.458 21849 21901 I DynamiteModule: Selected local version of com.google.android.gms.measurement.dynamite
05-05 21:58:27.458 1198 7576 D ConnectivityService: sending notification for NetworkRequest [ TRACK_DEFAULT id=34069, [ Capabilities: INTERNET&NOT_RESTRICTED&TRUSTED Uid: 10746] ]
05-05 21:58:27.458 1198 7576 D ConnectivityService: sending notification CALLBACK_CAP_CHANGED for NetworkRequest [ TRACK_DEFAULT id=34069, [ Capabilities: INTERNET&NOT_RESTRICTED&TRUSTED Uid: 10746] ]
05-05 21:58:27.459 1198 7576 D ConnectivityService: sending notification for NetworkRequest [ LISTEN id=34070, [ Capabilities: INTERNET&NOT_RESTRICTED&TRUSTED Uid: 10746] ]
05-05 21:58:27.459 1198 7576 D ConnectivityService: sending notification CALLBACK_CAP_CHANGED for NetworkRequest [ LISTEN id=34070, [ Capabilities: INTERNET&NOT_RESTRICTED&TRUSTED Uid: 10746] ]
05-05 21:58:27.459 1198 7576 D ConnectivityService: sending notification for NetworkRequest [ TRACK_DEFAULT id=34071, [ Capabilities: INTERNET&NOT_RESTRICTED&TRUSTED Uid: 10746] ]
05-05 21:58:27.459 1198 7576 D ConnectivityService: sending notification CALLBACK_CAP_CHANGED for NetworkRequest [ TRACK_DEFAULT id=34071, [ Capabilities: INTERNET&NOT_RESTRICTED&TRUSTED Uid: 10746] ]
05-05 21:58:27.460 1198 7576 D ConnectivityService: sending notification for NetworkRequest [ LISTEN id=34072, [ Capabilities: INTERNET&NOT_RESTRICTED&TRUSTED Uid: 10746] ]
05-05 21:58:27.460 1198 7576 D ConnectivityService: sending notification CALLBACK_CAP_CHANGED for NetworkRequest [ LISTEN id=34072, [ Capabilities: INTERNET&NOT_RESTRICTED&TRUSTED Uid: 10746] ]
05-05 21:58:27.468 21937 21937 E ocessService0:: Unknown bits set in runtime_flags: 0x8000
05-05 21:58:27.466 1198 7575 I WifiConnectivityMonitor.NetworkCallbackController: mNetworkCallback onCapabilitiesChanged: 639[ Transports: WIFI Capabilities: NOT_METERED&INTERNET&NOT_RESTRICTED&TRUSTED&NOT_VPN&VALIDATED&NOT_ROAMING&FOREGROUND&NOT_CONGESTED&NOT_SUSPENDED LinkUpBandwidth>=1048576Kbps LinkDnBandwidth>=1048576Kbps SignalStrength: -68 SSID: "CRAZY WOLF"]
05-05 21:58:27.475 21849 21902 I cr_LibraryLoader: Loaded native library version number "91.0.4467.0"
05-05 21:58:27.476 21849 21902 I cr_CachingUmaRecorder: Flushed 1 samples from 1 histograms.
05-05 21:58:27.479 21830 21884 W SystemServiceRegistry: No service published for: uimode
05-05 21:58:27.485 21849 21901 E DynamiteLoaderImpl: Error retrieving remote feature version:
05-05 21:58:27.485 21849 21901 E DynamiteLoaderImpl: java.lang.SecurityException: Isolated process not allowed to call getContentProvider
05-05 21:58:27.485 21849 21901 E DynamiteLoaderImpl: at android.os.Parcel.createException(Parcel.java:2088)
05-05 21:58:27.485 21849 21901 E DynamiteLoaderImpl: at android.os.Parcel.readException(Parcel.java:2056)
05-05 21:58:27.485 21849 21901 E DynamiteLoaderImpl: at android.os.Parcel.readException(Parcel.java:2004)
05-05 21:58:27.485 21849 21901 E DynamiteLoaderImpl: at android.app.IActivityManager$Stub$Proxy.getContentProvider(IActivityManager.java:6031)
05-05 21:58:27.485 21849 21901 E DynamiteLoaderImpl: at android.app.ActivityThread.acquireProvider(ActivityThread.java:7342)
05-05 21:58:27.485 21849 21901 E DynamiteLoaderImpl: at android.app.ContextImpl$ApplicationContentResolver.acquireUnstableProvider(ContextImpl.java:2895)
05-05 21:58:27.485 21849 21901 E DynamiteLoaderImpl: at android.content.ContentResolver.acquireUnstableProvider(ContentResolver.java:2124)
05-05 21:58:27.485 21849 21901 E DynamiteLoaderImpl: at android.content.ContentResolver.query(ContentResolver.java:935)
05-05 21:58:27.485 21849 21901 E DynamiteLoaderImpl: at android.content.ContentResolver.query(ContentResolver.java:887)
05-05 21:58:27.485 21849 21901 E DynamiteLoaderImpl: at android.content.ContentResolver.query(ContentResolver.java:843)
05-05 21:58:27.485 21849 21901 E DynamiteLoaderImpl: at yfl.e(:com.google.android.gms@211515037@21.15.15 (120400-371058782):0)
05-05 21:58:27.485 21849 21901 E DynamiteLoaderImpl: at com.google.android.gms.chimera.container.DynamiteLoaderImpl.queryForDynamiteModule(:com.google.android.gms@211515037@21.15.15 (120400-371058782):0)
05-05 21:58:27.485 21849 21901 E DynamiteLoaderImpl: at com.google.android.gms.chimera.container.DynamiteLoaderImpl.queryForDynamiteModuleNoCrashUtils(:com.google.android.gms@211515037@21.15.15 (120400-371058782):3)
05-05 21:58:27.485 21849 21901 E DynamiteLoaderImpl: at yfn.eb(:com.google.android.gms@211515037@21.15.15 (120400-371058782):11)
05-05 21:58:27.485 21849 21901 E DynamiteLoaderImpl: at czy.onTransact(:com.google.android.gms@211515037@21.15.15 (120400-371058782):11)
05-05 21:58:27.485 21849 21901 E DynamiteLoaderImpl: at android.os.Binder.transact(Binder.java:949)
05-05 21:58:27.485 21849 21901 E DynamiteLoaderImpl: at com.google.android.gms.internal.common.zza.zzB(com.google.android.gms:play-services-basement@@17.6.0:2)
05-05 21:58:27.485 21849 21901 E DynamiteLoaderImpl: at com.google.android.gms.dynamite.zzo.zzj(com.google.android.gms:play-services-basement@@17.6.0:6)
05-05 21:58:27.485 21849 21901 E DynamiteLoaderImpl: at com.google.android.gms.dynamite.DynamiteModule.zza(com.google.android.gms:play-services-basement@@17.6.0:29)
05-05 21:58:27.485 21849 21901 E DynamiteLoaderImpl: at com.google.android.gms.dynamite.DynamiteModule.getRemoteVersion(com.google.android.gms:play-services-basement@@17.6.0:1)
05-05 21:58:27.485 21849 21901 E DynamiteLoaderImpl: at com.google.android.gms.internal.measurement.zzak.zza(com.google.android.gms:play-services-measurement-sdk-api@@18.0.2:8)
05-05 21:58:27.485 21849 21901 E DynamiteLoaderImpl: at com.google.android.gms.internal.measurement.zzbg.run(com.google.android.gms:play-services-measurement-sdk-api@@18.0.2:2)
05-05 21:58:27.485 21849 21901 E DynamiteLoaderImpl: at java.util.concurrent.ThreadPoolExecutor.runWorker(ThreadPoolExecutor.java:1167)
05-05 21:58:27.485 21849 21901 E DynamiteLoaderImpl: at java.util.concurrent.ThreadPoolExecutor$Worker.run(ThreadPoolExecutor.java:641)
05-05 21:58:27.485 21849 21901 E DynamiteLoaderImpl: at java.lang.Thread.run(Thread.java:919)
05-05 21:58:27.486 21849 21901 W DynamiteModule: Failed to retrieve remote module version.
05-05 21:58:27.487 21937 21937 D ActivityThread: setConscryptValidator
05-05 21:58:27.487 21937 21937 D ActivityThread: setConscryptValidator - put
05-05 21:58:27.497 1198 9710 I ActivityManager: DSS OFF for com.yeti.browser
05-05 21:58:27.503 574 574 I hwcomposer: [HWCDisplay] [Display_0 (type:1)] fps:13.785292,dur:1233.20,max:344.48,min:8.81
05-05 21:58:27.507 21614 21614 D Zygote : Forked child process 21961
05-05 21:58:27.513 29739 29739 I ADB_SERVICES: service_to_fd shell:stat -c %u /proc/21937 | xargs -n 1 cmd package list packages --uid
05-05 21:58:27.519 1198 1251 I ActivityManager: Start proc 21961:com.yeti.browser:sandboxed_process0:org.chromium.content.app.SandboxedProcessService0:6/u0ai106 for {com.yeti.browser/org.chromium.content.app.SandboxedProcessService0:6}
05-05 21:58:27.519 21961 21961 E Zygote : accessInfo : 1
05-05 21:58:27.534 21961 21961 I ocessService0:: Late-enabling -Xcheck:jni
05-05 21:58:27.534 20505 21612 D cr_LibraryLoader: [LibraryLoader.java:354] Forcing system linker, relocations will not be shared. This negatively impacts memory usage.
05-05 21:58:27.537 1198 9710 D MARsPolicyManager: updateResetTimeForBinderService pkgName = com.yeti.browser, userId = 0
05-05 21:58:27.538 1198 9710 E PackageManager: Failed to find package; permName: android.permission.INTERNET, uid: 90107, caller: 1000
05-05 21:58:27.539 1198 9710 I ApplicationPolicy: isApplicationExternalStorageWhitelisted:com.yeti.browser user:0
05-05 21:58:27.539 1198 9710 D ApplicationPolicy: isApplicationExternalStorageWhitelisted: DO is not enabled on user 0. Allowed.
05-05 21:58:27.539 1198 9710 D ActivityManager: package com.yeti.browser, user - 0 is SDcard whitelisted
05-05 21:58:27.539 1198 9710 I ApplicationPolicy: isApplicationExternalStorageBlacklisted:com.yeti.browser user:0
05-05 21:58:27.539 1198 9710 D ApplicationPolicy: isApplicationExternalStorageBlacklisted: DO is not enabled on user 0. Allowed.
05-05 21:58:27.539 1198 9710 I ApplicationPolicy: isApplicationExternalStorageBlacklisted:com.yeti.browser user:0
05-05 21:58:27.539 1198 9710 D ApplicationPolicy: isApplicationExternalStorageBlacklisted: DO is not enabled on user 0. Allowed.
05-05 21:58:27.541 1198 1027 D MotionRecognitionService: values = 50.0
05-05 21:58:27.541 1198 1027 D MotionRecognitionService: onReceive lux: 50.0 action:
05-05 21:58:27.541 1198 1027 D MotionRecognitionService: Inject brightness form Cam 50.0
05-05 21:58:27.541 1198 1027 D MotionRecognitionService: Inject calibrated lux
05-05 21:58:27.542 1198 7845 D MARsPolicyManager: updateResetTimeForBinderService pkgName = com.yeti.browser, userId = 0
05-05 21:58:27.542 580 580 I Sensors : AutoBrightnessSensor::inject_sensor_data: cam_lux 50
05-05 21:58:27.544 20505 21612 D cr_LibraryLoader: [LibraryLoader.java:354] Forcing system linker, relocations will not be shared. This negatively impacts memory usage.
05-05 21:58:27.552 21830 21884 I chromium: [INFO:child_process_service.cc(69)] ChildProcessService: Exiting child process.
05-05 21:58:27.557 21886 21886 D cr_LibraryLoader: [LibraryLoader.java:354] Forcing system linker, relocations will not be shared. This negatively impacts memory usage.
05-05 21:58:27.558 21886 21886 D cr_LibraryLoader: [LibraryLoader.java:325] Configuration: useChromiumLinker() = false, mUseModernLinker = false
05-05 21:58:27.571 1198 9721 I ActivityManager: Killing 21830:com.yeti.browser:sandboxed_process0:org.chromium.content.app.SandboxedProcessService0:1/u0a746i-8899 (adj 0): isolated not needed
05-05 21:58:27.575 20505 21612 D cr_LibraryLoader: [LibraryLoader.java:354] Forcing system linker, relocations will not be shared. This negatively impacts memory usage.
05-05 21:58:27.578 28994 28994 I HONEYBOARD: c onCapabilityChanged network = 639
05-05 21:58:27.579 28994 28994 I HONEYBOARD: c onCapabilityChanged resetStates
05-05 21:58:27.581 1198 1252 I libprocessgroup: Successfully killed process cgroup uid 90101 pid 21830 in 0ms
05-05 21:58:27.582 1198 9721 D MARsPolicyManager: updateResetTimeForBinderService pkgName = com.yeti.browser, userId = 0
05-05 21:58:27.587 21961 21961 E ocessService0:: Unknown bits set in runtime_flags: 0x8000
05-05 21:58:27.595 29739 29739 I ADB_SERVICES: for fd 35, revents = 2011
05-05 21:58:27.595 29739 29739 I ADB_SERVICES: for fd 34, revents = 2011
05-05 21:58:27.596 29739 29739 I ADB_SERVICES: for fd 35, revents = 2011
05-05 21:58:27.597 20505 20505 W chromium: [WARNING:compositor_view.cc(341)] Child process died (type=6) pid=21830)
05-05 21:58:27.606 21886 21886 I cr_ChildProcessService: Creating new ChildProcessService pid=21886
05-05 21:58:27.607 21903 21903 D cr_LibraryLoader: [LibraryLoader.java:354] Forcing system linker, relocations will not be shared. This negatively impacts memory usage.
05-05 21:58:27.608 21961 21961 D ActivityThread: setConscryptValidator
05-05 21:58:27.608 21961 21961 D ActivityThread: setConscryptValidator - put
05-05 21:58:27.608 21903 21903 D cr_LibraryLoader: [LibraryLoader.java:325] Configuration: useChromiumLinker() = false, mUseModernLinker = false
05-05 21:58:27.620 29739 29739 I ADB_SERVICES: service_to_fd shell:stat -c %u /proc/21961 | xargs -n 1 cmd package list packages --uid
05-05 21:58:27.626 21614 21614 D Zygote : Forked child process 21998
05-05 21:58:27.626 21614 21614 I Zygote : Process 21830 exited cleanly (0)
05-05 21:58:27.632 21998 21998 E Zygote : accessInfo : 1
05-05 21:58:27.637 1030 1061 I CameraManagerGlobal: postSingleUpdate device: camera id 0 status STATUS_PRESENT
05-05 21:58:27.644 28994 28994 E HONEYBOARD: c activeNetwork is null
05-05 21:58:27.651 21998 21998 I ocessService0:: Late-enabling -Xcheck:jni
05-05 21:58:27.651 21903 21903 I cr_ChildProcessService: Creating new ChildProcessService pid=21903
05-05 21:58:27.665 1030 1061 I CameraManagerGlobal: postSingleUpdate device: camera id 1 status STATUS_PRESENT
05-05 21:58:27.666 1030 1061 I CameraManagerGlobal: postSingleUpdate device: camera id 2 status STATUS_PRESENT
05-05 21:58:27.666 1030 1061 D CameraLightSensor_Service: Camera 1 is available
05-05 21:58:27.666 1030 1061 D CameraLightSensor_Service: Camera open callback start
05-05 21:58:27.685 21849 21993 E FA : Task exception on worker thread: java.lang.NullPointerException: Attempt to invoke virtual method 'boolean android.os.UserManager.isUserUnlockingOrUnlocked(int)' on a null object reference: com.google.android.gms.measurement.internal.zzex.zzay(com.google.android.gms:play-services-measurement-impl@@18.0.2:2)
05-05 21:58:27.688 21849 21993 E FA : Persisted config not initialized. Not logging error/warn
05-05 21:58:27.704 29739 21931 I ADB_SERVICES: post waitpid (pid=21930) status=0000
05-05 21:58:27.705 21998 21998 E ocessService0:: Unknown bits set in runtime_flags: 0x8000
05-05 21:58:27.725 21998 21998 D ActivityThread: setConscryptValidator
05-05 21:58:27.725 21998 21998 D ActivityThread: setConscryptValidator - put
05-05 21:58:27.729 29739 29739 I ADB_SERVICES: service_to_fd shell:stat -c %u /proc/21998 | xargs -n 1 cmd package list packages --uid
05-05 21:58:27.741 1198 1027 D MotionRecognitionService: values = 50.0
05-05 21:58:27.741 1198 1027 D MotionRecognitionService: onReceive lux: 50.0 action:
05-05 21:58:27.742 1198 1027 D MotionRecognitionService: Inject brightness form Cam 50.0
05-05 21:58:27.742 1198 1027 D MotionRecognitionService: Inject calibrated lux
05-05 21:58:27.742 580 580 I Sensors : AutoBrightnessSensor::inject_sensor_data: cam_lux 50
05-05 21:58:27.750 1198 9713 W system_server: Long monitor contention with owner Binder:1198_6 (7828) at int com.android.server.pm.PackageManagerService.checkUidPermission(java.lang.String, int)(PackageManagerService.java:6839) waiters=5 in android.content.pm.PackageInfo com.android.server.pm.PackageManagerService.getPackageInfoInternal(java.lang.String, long, int, int, int) for 106ms
05-05 21:58:27.752 1198 9710 W system_server: Long monitor contention with owner Binder:1198_6 (7828) at int com.android.server.pm.PackageManagerService.checkUidPermission(java.lang.String, int)(PackageManagerService.java:6839) waiters=4 in android.content.pm.PackageInfo com.android.server.pm.PackageManagerService.getPackageInfoInternal(java.lang.String, long, int, int, int) for 106ms
05-05 21:58:27.752 681 8155 I CameraService: CameraService::connect call (PID -1 "com.samsung.adaptivebrightnessgo", camera ID 1) for HAL version default and Camera API version 2
05-05 21:58:27.753 21886 21982 W ContextImpl: Failed to ensure /data/user/0/com.yeti.browser/shared_prefs: mkdir failed: EACCES (Permission denied)
05-05 21:58:27.754 21886 21982 W SystemServiceRegistry: No service published for: user
05-05 21:58:27.759 21886 21982 E FA : Exception reading flag from SharedPreferences.
05-05 21:58:27.759 21886 21982 E FA : java.lang.NullPointerException: Attempt to invoke virtual method 'boolean android.os.UserManager.isUserUnlockingOrUnlocked(int)' on a null object reference
05-05 21:58:27.759 21886 21982 E FA : at android.app.ContextImpl.getSharedPreferences(ContextImpl.java:485)
05-05 21:58:27.759 21886 21982 E FA : at android.app.ContextImpl.getSharedPreferences(ContextImpl.java:462)
05-05 21:58:27.759 21886 21982 E FA : at android.content.ContextWrapper.getSharedPreferences(ContextWrapper.java:184)
05-05 21:58:27.759 21886 21982 E FA : at com.google.android.gms.internal.measurement.zzbr.zzO(Unknown Source:58)
05-05 21:58:27.759 21886 21982 E FA : at com.google.android.gms.internal.measurement.zzak.zza(com.google.android.gms:play-services-measurement-sdk-api@@18.0.2:2)
05-05 21:58:27.759 21886 21982 E FA : at com.google.android.gms.internal.measurement.zzbg.run(com.google.android.gms:play-services-measurement-sdk-api@@18.0.2:2)
05-05 21:58:27.759 21886 21982 E FA : at java.util.concurrent.ThreadPoolExecutor.runWorker(ThreadPoolExecutor.java:1167)
05-05 21:58:27.759 21886 21982 E FA : at java.util.concurrent.ThreadPoolExecutor$Worker.run(ThreadPoolExecutor.java:641)
05-05 21:58:27.759 21886 21982 E FA : at java.lang.Thread.run(Thread.java:919)
05-05 21:58:27.794 29739 21944 I ADB_SERVICES: post waitpid (pid=21940) status=0000
05-05 21:58:27.794 1198 1198 W Looper : Slow dispatch took 151ms main h=com.android.server.job.controllers.QuotaController$QcHandler c=null m=3
05-05 21:58:27.795 1198 1198 W Looper : Slow system_server main looper dispatch took 151ms h=com.android.server.job.controllers.QuotaController$QcHandler c=null m=3
05-05 21:58:27.796 1198 1198 W Looper : Slow delivery took 223ms main h=com.android.server.job.JobSchedulerService$JobHandler c=null m=4
05-05 21:58:27.796 1198 1198 W Looper : Slow system_server main looper delivery took 223ms h=com.android.server.job.JobSchedulerService$JobHandler c=null m=4
05-05 21:58:27.840 29739 21973 I ADB_SERVICES: post waitpid (pid=21971) status=0000
05-05 21:58:27.848 681 8155 I CameraService: UidPolicy: isUidActive, uid = 5021
05-05 21:58:27.848 681 8155 I CameraService: this is a adaptive brightness service.
05-05 21:58:27.848 681 8155 I CameraService: CameraService::validateClientPermissionsLocked is ok : calling pid 1030, calling uid 5021, client com.samsung.adaptivebrightnessgo , cameraservice pid=681, device user 0, currently allowed device users: 0
05-05 21:58:27.848 681 8155 I CameraService: CameraService::handleEvictionsLocked
05-05 21:58:27.857 21815 21815 E chromium: [0505/215827.857408:ERROR:ptrace_client.cc(378)] Broker Open: access denied
05-05 21:58:27.871 29739 21999 I ADB_SERVICES: post waitpid (pid=21996) status=0000
05-05 21:58:27.889 405 405 I hwservicemanager: getTransport: Cannot find entry vendor.mediatek.hardware.mtkradioex@1.0::IMtkRadioEx/mtkAssist1 in either framework or device manifest.
05-05 21:58:27.891 405 405 I hwservicemanager: getTransport: Cannot find entry vendor.mediatek.hardware.mtkradioex@1.0::IMtkRadioEx/mtkAssist2 in either framework or device manifest.
05-05 21:58:27.892 405 405 I hwservicemanager: getTransport: Cannot find entry vendor.mediatek.hardware.mtkradioex@1.0::IMtkRadioEx/mtkCap1 in either framework or device manifest.
05-05 21:58:27.893 405 405 I hwservicemanager: getTransport: Cannot find entry vendor.mediatek.hardware.mtkradioex@1.0::IMtkRadioEx/mtkCap2 in either framework or device manifest.
05-05 21:58:27.902 1198 9721 E PackageManager: Failed to find package; permName: android.permission.INTERNET, uid: 90108, caller: 1000
05-05 21:58:27.902 681 8155 I CameraService: this is a adaptive brightness service.
05-05 21:58:27.903 681 8155 I CameraService: wouldEvictLocked: current cost=0, cost=100, total cost=100, max cost=100, returnIncompatibleClients=false
05-05 21:58:27.903 681 8155 I CameraService: wouldEvictLocked: owner=1030, priority-score=999, highestPriorityOwner=1030, highestPriority-score=999
05-05 21:58:27.903 681 8155 I CameraService: this is a adaptive brightness service.
05-05 21:58:27.903 681 8155 I CameraFlashlight: prepareDeviceOpen: prepare for device open(cameraId=1, needSkip = 1)
05-05 21:58:27.903 681 8155 I CameraFlashlight: Skip prepareDeviceOpen
05-05 21:58:27.903 681 8155 E CameraService: setCompanionDisableSysFs : cc.disable property set to 0
05-05 21:58:27.904 1198 9721 I ApplicationPolicy: isApplicationExternalStorageWhitelisted:com.yeti.browser user:0
05-05 21:58:27.904 1198 9721 D ApplicationPolicy: isApplicationExternalStorageWhitelisted: DO is not enabled on user 0. Allowed.
05-05 21:58:27.904 1198 9721 D ActivityManager: package com.yeti.browser, user - 0 is SDcard whitelisted
05-05 21:58:27.904 1198 9721 I ApplicationPolicy: isApplicationExternalStorageBlacklisted:com.yeti.browser user:0
05-05 21:58:27.904 1198 9721 D ApplicationPolicy: isApplicationExternalStorageBlacklisted: DO is not enabled on user 0. Allowed.
05-05 21:58:27.904 1198 9721 I ApplicationPolicy: isApplicationExternalStorageBlacklisted:com.yeti.browser user:0
05-05 21:58:27.905 1198 9721 D ApplicationPolicy: isApplicationExternalStorageBlacklisted: DO is not enabled on user 0. Allowed.
05-05 21:58:27.905 1198 1212 W system_server: Long monitor contention with owner Binder:1198_1C (9721) at int com.android.server.am.ActivityManagerService.bindIsolatedService(android.app.IApplicationThread, android.os.IBinder, android.content.Intent, java.lang.String, android.app.IServiceConnection, int, java.lang.String, java.lang.String, int)(ActivityManagerService.java:17020) waiters=0 in void com.android.server.am.ActivityManagerService$AppDeathRecipient.binderDied() for 310ms
05-05 21:58:27.907 21903 22005 W ContextImpl: Failed to ensure /data/user/0/com.yeti.browser/shared_prefs: mkdir failed: EACCES (Permission denied)
05-05 21:58:27.907 21849 21902 W SystemServiceRegistry: No service published for: uimode
05-05 21:58:27.910 1198 1255 D BatteryExternalStatsWorker: update stats
05-05 21:58:27.910 21903 22005 W SystemServiceRegistry: No service published for: user
05-05 21:58:27.910 1198 1255 D BatteryExternalStatsWorker: WifiActivityEnergyInfo was updated
05-05 21:58:27.910 1198 1255 D BatteryExternalStatsWorker: BluetoothActivityEnergyInfo was updated
05-05 21:58:27.910 1198 1255 D BatteryExternalStatsWorker: ModemActivityEnergyInfo was updated
05-05 21:58:27.914 21903 22005 E FA : Exception reading flag from SharedPreferences.
05-05 21:58:27.914 21903 22005 E FA : java.lang.NullPointerException: Attempt to invoke virtual method 'boolean android.os.UserManager.isUserUnlockingOrUnlocked(int)' on a null object reference
05-05 21:58:27.914 21903 22005 E FA : at android.app.ContextImpl.getSharedPreferences(ContextImpl.java:485)
05-05 21:58:27.914 21903 22005 E FA : at android.app.ContextImpl.getSharedPreferences(ContextImpl.java:462)
05-05 21:58:27.914 21903 22005 E FA : at android.content.ContextWrapper.getSharedPreferences(ContextWrapper.java:184)
05-05 21:58:27.914 21903 22005 E FA : at com.google.android.gms.internal.measurement.zzbr.zzO(Unknown Source:58)
05-05 21:58:27.914 21903 22005 E FA : at com.google.android.gms.internal.measurement.zzak.zza(com.google.android.gms:play-services-measurement-sdk-api@@18.0.2:2)
05-05 21:58:27.914 21903 22005 E FA : at com.google.android.gms.internal.measurement.zzbg.run(com.google.android.gms:play-services-measurement-sdk-api@@18.0.2:2)
05-05 21:58:27.914 21903 22005 E FA : at java.util.concurrent.ThreadPoolExecutor.runWorker(ThreadPoolExecutor.java:1167)
05-05 21:58:27.914 21903 22005 E FA : at java.util.concurrent.ThreadPoolExecutor$Worker.run(ThreadPoolExecutor.java:641)
05-05 21:58:27.914 21903 22005 E FA : at java.lang.Thread.run(Thread.java:919)
05-05 21:58:27.918 681 8155 I Camera2ClientBase: Camera 1: Opened. Client: com.samsung.adaptivebrightnessgo (PID 1030, UID 5021)
05-05 21:58:27.918 681 8155 I CameraDeviceClient: CameraDeviceClient 1: Opened
05-05 21:58:27.929 681 8155 I CameraService: service.camera.client set to com.samsung.adaptivebrightnessgo
05-05 21:58:27.929 681 8155 I CameraService: startCameraOps: Start camera ops, package name = com.samsung.adaptivebrightnessgo, client UID = 5021
05-05 21:58:27.929 681 8155 I CameraService: this is a adaptive brightness service.
05-05 21:58:27.932 681 8155 I CameraService: Drop checking dpm for package com.samsung.adaptivebrightnessgo(pid 1030)
05-05 21:58:27.933 681 8155 I CameraService: Drop updateStatus callbak for package com.samsung.adaptivebrightnessgo(pid 1030)
05-05 21:58:27.933 681 8155 I CameraService: updateProxyDeviceState: notifyCameraState for Camera ID 1, newState 0, facing 1, clientName com.samsung.adaptivebrightnessgo, apiLevel 2
05-05 21:58:27.934 1198 9713 I AudioManager: setParameters keyValuePairs = cameraFacing=front
05-05 21:58:27.934 565 645 D AudioALSAHardware: +setParameters(): cameraFacing=front
05-05 21:58:27.935 565 645 W AudioALSAHardware: setParameters(), still have param.size() = 1, remain param = "cameraFacing=front"
05-05 21:58:27.935 565 645 D AudioALSAHardware: -setParameters(): cameraFacing=front
05-05 21:58:27.935 7710 3023 I CameraManagerGlobal: Camera 1 facing CAMERA_FACING_FRONT state now CAMERA_STATE_OPEN for client com.samsung.adaptivebrightnessgo API Level 2
05-05 21:58:27.935 9371 9398 I CameraManagerGlobal: Camera 1 facing CAMERA_FACING_FRONT state now CAMERA_STATE_OPEN for client com.samsung.adaptivebrightnessgo API Level 2
05-05 21:58:27.935 681 8155 D Camera3-Device: CameraPerf: initialize E
05-05 21:58:27.936 681 8155 D Camera3-Device: initialize: mInterfaceLock.lock()
05-05 21:58:27.936 681 8155 D CameraProviderManager: CameraPerf: openSession E
05-05 21:58:27.936 1030 4685 I CameraManagerGlobal: Camera 1 facing CAMERA_FACING_FRONT state now CAMERA_STATE_OPEN for client com.samsung.adaptivebrightnessgo API Level 2
05-05 21:58:27.937 591 1194 I SehCamDev@4.0-impl: [CAMKPI] camera3->open : E
05-05 21:58:27.937 591 1194 I CamComm1.0-CamModule: [CAMKPI] camera_module->open : E
05-05 21:58:27.937 591 1194 I AVSP : CameraDevice.cpp: OpenCameraHardware_v3: 389: name : 1 camera id : 1
05-05 21:58:27.937 21937 21937 D cr_LibraryLoader: [LibraryLoader.java:354] Forcing system linker, relocations will not be shared. This negatively impacts memory usage.
05-05 21:58:27.937 591 1194 I mtkcam-devicemgr: [openDeviceLocked] open camera3 device id(1) systraceLevel(1) virtualDevice(0x761bfe7210) camra3device(0x761be75400)
05-05 21:58:27.937 21849 21902 I chromium: [INFO:child_process_service.cc(69)] ChildProcessService: Exiting child process.
05-05 21:58:27.938 21937 21937 D cr_LibraryLoader: [LibraryLoader.java:325] Configuration: useChromiumLinker() = false, mUseModernLinker = false
05-05 21:58:27.938 29739 22031 I ADB_SERVICES: post waitpid (pid=22030) status=0000
05-05 21:58:27.942 1198 1027 D MotionRecognitionService: values = 50.0
05-05 21:58:27.942 1198 1027 D MotionRecognitionService: onReceive lux: 50.0 action:
05-05 21:58:27.942 1198 1027 D MotionRecognitionService: Inject brightness form Cam 50.0
05-05 21:58:27.942 1198 1027 D MotionRecognitionService: Inject calibrated lux
05-05 21:58:27.943 591 1194 I mtkcam-devicemgr: [attachOpenDeviceLocked] device: device@3.5/legacy/1 openTimestamp:05-05 21:58:27.943
05-05 21:58:27.943 580 656 I Sensors : AutoBrightnessSensor::inject_sensor_data: cam_lux 50
05-05 21:58:27.946 591 1194 I mtkcam-devicemgr: [open] Skipped starting MEMBOOST
05-05 21:58:27.946 591 1194 I AVSP : CameraDevice.cpp: CheckCameraHal3Ops: 334: register_stream_buffers is not implemented in vendor HAL.
05-05 21:58:27.946 591 1194 I AVSP : CameraDevice.cpp: CheckCameraHal3Ops: 349: get_metadata_vendor_tag_ops is not implemented in vendor HAL.
05-05 21:58:27.946 591 1194 I AVSP : CameraDevice.cpp: CheckCameraHal3Ops: 369: signal_stream_flush is not implemented in vendor HAL.
05-05 21:58:27.947 591 1194 I AVSP : CameraDevice.cpp: CheckCameraHal3Ops: 374: is_reconfiguration_required is not implemented in vendor HAL.
05-05 21:58:27.947 591 1194 I AVSP : CameraDevice.cpp: OpenCameraHardware_v3: 422: pModule(0x7614326338), vDevice3(0x761be75410)
05-05 21:58:27.947 591 1194 I AVSP : CameraHalUnit.cpp: CameraHalUnit: 84: hwModule=0x761a157010, pHwDevice=0x761be4f020, pCamera3Device=0x761be4f020, cameraId=1, deviceInfo=0x761a159920
05-05 21:58:27.947 591 1194 I AVSP : ParameterManager.cpp: SetCameraCharacteristics: 80: Registered camera characteristics successfully. : cameraId=1, characteristics=0x761bee8cc0
05-05 21:58:27.947 591 1194 I CamComm1.0-CamModule: [CAMKPI] camera_module->open : X
05-05 21:58:27.947 591 1194 I SehCamDev@4.0-impl: [CAMKPI] camera3->open : X
05-05 21:58:27.948 591 1194 I mtkcam-dev3_legacy: [1-session::i_initialize] +
05-05 21:58:27.948 588 615 I legacy_power@2.1-impl: @Deprecated scnDisable hdl:160784
05-05 21:58:27.949 588 614 I libPowerHal: perfUserScnDisable - handle:160784
05-05 21:58:27.950 588 614 I libPowerHal: perfUserRegScn - i:49, hdl:151888, pid:591, tid:1047
05-05 21:58:27.950 588 614 I libPowerHal: perfUserRegScn - i:50, hdl:160790, pid:591, tid:1047
05-05 21:58:27.950 588 614 I libPowerHal: perfUserRegScn - i:51, hdl:160784, pid:591, tid:1047
05-05 21:58:27.950 588 615 I legacy_power@2.1-impl: scnReg hdl:160790
05-05 21:58:27.950 588 615 I legacy_power@2.1-impl: @Deprecated scnUnreg hdl:160784
05-05 21:58:27.951 588 614 I libPowerHal: perfUserRegScn - i:49, hdl:151888, pid:591, tid:1047
05-05 21:58:27.951 588 614 I libPowerHal: perfUserRegScn - i:50, hdl:160790, pid:591, tid:1047
05-05 21:58:27.951 588 614 I libPowerHal: perfUserRegScn - i:51, hdl:160791, pid:591, tid:1047
05-05 21:58:27.951 588 615 I legacy_power@2.1-impl: scnReg hdl:160791
05-05 21:58:27.951 588 615 I legacy_power@2.1-impl: @Deprecated scnConfig hdl:160790, cmd:5, param1:1, param2:0, param3:0, param4:0
05-05 21:58:27.952 588 614 I libPowerHal: perfUserRegScn - i:49, hdl:151888, pid:591, tid:1047
05-05 21:58:27.952 588 614 I libPowerHal: perfUserRegScn - i:50, hdl:160790, pid:591, tid:1047
05-05 21:58:27.952 588 614 I libPowerHal: perfUserRegScn - i:51, hdl:160791, pid:591, tid:1047
05-05 21:58:27.952 588 614 I libPowerHal: perfUserRegScn - i:52, hdl:160792, pid:591, tid:1047
05-05 21:58:27.952 588 615 I legacy_power@2.1-impl: scnReg hdl:160792
05-05 21:58:27.953 588 615 I legacy_power@2.1-impl: @Deprecated scnEnable hdl:160790, timeout:1000
05-05 21:58:27.953 588 614 I libPowerHal: perfUserScnEnable - handle:160790
05-05 21:58:27.953 591 1194 I mtkcam-AppStreamMgr: [1-CallbackHandler::CallbackHandler] enableMetaMerge 1
05-05 21:58:27.954 588 614 I libPowerHal: 50: cpu_ctrl set freq: 1700000 -1 2000000 -1
05-05 21:58:27.954 591 1194 I mtkcam-AppStreamMgr: [1-FrameHandler::FrameHandler] IsDejitterEnabled = 1, EnableMetaPending = 1
