05-05 21:58:11.070 591 591 I mtkcam-PreReleaseRequest: [dump] ========== dump PreReleaseRequestMgr ===========
05-05 21:58:11.070 591 591 I mtkcam-PreReleaseRequest: [dump] ========== dump InFlightRequests(0) ============
05-05 21:58:11.070 591 591 I mtkcam-PreReleaseRequest: [dump] ========== dump PendingRequests(0) ============
05-05 21:58:11.070 591 591 E BWC : MTK_IOC_SMI_BWC_INFO_GET failed.:Not a typewriter
05-05 21:58:11.071 591 591 E BWC : MTK_IOC_SMI_BWC_INFO_SET failed.:Not a typewriter
05-05 21:58:11.071 591 591 I BWC : Profile_Change:[BWCPT_CAMERA_CAPTURE]:OFF,current concurrency is 0x0,DDR=,EMI scenario=BWL_SCN_ICFP OFF
05-05 21:58:11.071 591 591 I BWC : cam_id=0 sen_fps=0 sen_size=0 pd=0 video=0 vb_ratio=0.000000 vb_time=0.000000 rawi=0 yuv=0 raw_bbp=0.000000 is_smvr=0
05-05 21:58:11.071 591 591 I BWC : cam_id=0 table=0.000000 ccu=0.000000 ccu_r=0.000000 capture=0.000000 aa=-5120.000000 pd=0.000000 video=0.000000 yuv=0.000000 rawi=0.000000 total=0.000000
05-05 21:58:11.071 591 591 I BWC : cam_id=1 sen_fps=0 sen_size=0 pd=0 video=0 vb_ratio=0.000000 vb_time=0.000000 rawi=0 yuv=0 raw_bbp=0.000000 is_smvr=0
05-05 21:58:11.071 591 591 I BWC : cam_id=1 table=0.000000 ccu=0.000000 ccu_r=0.000000 capture=0.000000 aa=-5120.000000 pd=0.000000 video=0.000000 yuv=0.000000 rawi=0.000000 total=0.000000
05-05 21:58:11.071 591 591 I BWC : cal_cam_bw hrt bw=0
05-05 21:58:11.071 591 591 I MtkCam/ppl_context: [onLastStrongRef] + <4Cell/1> (0x7608838740)
05-05 21:58:11.071 591 591 I mtkcam-InFlightRequest: [waitUntilDrained] +
05-05 21:58:11.071 591 591 I mtkcam-InFlightRequest: [waitUntilDrained] -
05-05 21:58:11.071 591 591 I MtkCam/HwUtils/ResourceConcurrency: [~ResourceConcurrency] name[mP1NodeConcurrency] timeout(15000000000ns)
05-05 21:58:11.071 591 591 I MtkCam/P1NodeImp: [~P1NodeImp] [Cam::1]
05-05 21:58:11.074 591 591 I MtkCam/P2/CaptureProcessor: [onUninit] P2C cam 1: addr:0x760b164570, uniqueKey:162810450
05-05 21:58:11.075 591 591 D AppFDFT_SW: FdDumper destructor
05-05 21:58:11.075 591 591 I MtkCam/CapturePipe/YUVNode: [onUninit](0x7603a6d100)(9) uniqueKey:162810450, sensorIndex:1, sensorIndex2:-1
05-05 21:58:11.075 591 591 I MtkCam/CapturePipe/MultiFrameNode: [onUninit](0x7603a6cc00) uniqueKey:162810450, sensorIndex:1, sensorIndex2:-1
05-05 21:58:11.075 591 591 I MtkCam/CapturePipe/RAWNode: [onUninit](0x7603a6c700) uniqueKey:162810450, sensorIndex:1, sensorIndex2:-1
05-05 21:58:11.075 591 591 I MtkCam/CapturePipe/RAWNode: [~RAWNode](0x7603a6c700) dtor
05-05 21:58:11.075 591 591 I MtkCam/CapturePipe/MultiFrameNode: [~MultiFrameNode](0x7603a6cc00) dtor
05-05 21:58:11.075 591 591 I MtkCam/CapturePipe/YUVNode: [~YUVNode](0x7603a6d100) dtor
05-05 21:58:11.076 591 591 I MtkCam/P2/CaptureNode: [~P2CaptureNodeImp] P2C cam 1: (0x760b164500) dtor
05-05 21:58:11.076 591 591 I MtkCam/P2/CaptureProcessor: [~CaptureProcessor](0x760b164570) dtor
05-05 21:58:11.076 1198 3839 W SensorService: sensor 00000004 already enabled in connection 0x73eb31eec0 (ignoring)
05-05 21:58:11.076 1198 3839 D SensorService: Calling batch handle==4 flags=0 rate=20000000 timeout== 0
05-05 21:58:11.076 580 656 I Sensors : sensorBatch: handle=4 period=20000000 timeout=0
05-05 21:58:11.077 1198 3839 E SensorService: BigData:Pakage) 4 already enabled.
05-05 21:58:11.077 591 21512 I Hal3Av3 : [destroyInstance] sensorIdx(1) User(P2ANode)
05-05 21:58:11.077 591 21512 I Hal3Av3 : [uninit] Still 6 users
05-05 21:58:11.077 591 21512 I Hal3Av3 : [uninit] Done m_rConfigInfo.i4SubsampleCount(1), User.count(6), User uninit(P2ANode)
05-05 21:58:11.078 591 591 I MtkCam/StreamingPipe/Pipe: [onUninit]+
05-05 21:58:11.078 591 591 I Hal3Av3 : [destroyInstance] sensorIdx(1) User(P2CamContext)
05-05 21:58:11.078 591 591 I Hal3Av3 : [uninit] Still 5 users
05-05 21:58:11.078 591 591 I Hal3Av3 : [uninit] Done m_rConfigInfo.i4SubsampleCount(1), User.count(5), User uninit(P2CamContext)
05-05 21:58:11.079 591 591 I MtkCam/StreamingPipe/Pipe: [onUninit]-
05-05 21:58:11.079 591 591 I MtkCam/StreamingPipe/TPI_MGR_Plugin: [destroySession]+
05-05 21:58:11.079 591 591 I MtkCam/Plugin_S_FOVA: [~S_FOVA_Plugin] destroy S_FOVA plugin
05-05 21:58:11.079 591 591 I MtkCam/Plugin_S_DUAL: [~S_DUAL_Plugin] TPI destroy S_DUAL plugin
05-05 21:58:11.079 591 591 I MtkCam/TPI_S_Green: [~S_GREEN_Plugin] destroy S_GREEN plugin
05-05 21:58:11.079 591 591 I MtkCam/TPI_S_FB: [~S_FB_Plugin] destroy S_FB plugin
05-05 21:58:11.079 591 591 I MtkCam/TPI_S_EISQ: [~S_EISQ_Plugin] destroy S_EISQ plugin
05-05 21:58:11.079 591 591 I MtkCam/TPI_S_Disp: [~S_DISP_Plugin] destroy S_DISP plugin
05-05 21:58:11.079 591 591 I MtkCam/TPI_S_META: [~S_META_Plugin] destroy S_META plugin
05-05 21:58:11.079 591 591 I MtkCam/TPI_S_ASYNC: [~S_ASYNC_Plugin] destroy S_ASYNC plugin
05-05 21:58:11.079 591 591 I MtkCam/ppl_plugin: [~PipelinePlugin] Join: dtor(0x760f048f58), openId:1, openId2:-1
05-05 21:58:11.079 591 591 I MtkCam/ppl_plugin: [~PipelinePlugin] remove plugin(0x0), hash:0xffffffffffff0001, mInstances size:0
05-05 21:58:11.079 591 591 I MtkCam/StreamingPipe/TPI_MGR_Plugin: [destroySession]- ret=1
05-05 21:58:11.079 591 591 I MtkCam/StreamingPipe/Pipe: [~StreamingFeaturePipe]destroy pipe(0x76031dafc0): SensorIndex=1
05-05 21:58:11.083 591 591 D RefBase : RefBase: Explicit destruction, weak count = 0 (in 0x76031e3a68)
05-05 21:58:11.083 591 591 W RefBase : CallStack::getCurrentInternal not linked, returning null
05-05 21:58:11.083 591 591 W RefBase : CallStack::logStackInternal not linked
05-05 21:58:11.083 591 591 D RefBase : RefBase: Explicit destruction, weak count = 0 (in 0x76031e3a20)
05-05 21:58:11.083 591 591 W RefBase : CallStack::getCurrentInternal not linked, returning null
05-05 21:58:11.083 591 591 W RefBase : CallStack::logStackInternal not linked
05-05 21:58:11.083 591 591 D RefBase : RefBase: Explicit destruction, weak count = 0 (in 0x7603293d60)
05-05 21:58:11.083 591 591 W RefBase : CallStack::getCurrentInternal not linked, returning null
05-05 21:58:11.083 591 591 W RefBase : CallStack::logStackInternal not linked
05-05 21:58:11.084 591 591 I Hal3Av3 : [destroyInstance] sensorIdx(1) User(p2_streaming)
05-05 21:58:11.084 591 591 I Hal3Av3 : [uninit] Still 4 users
05-05 21:58:11.084 591 591 I Hal3Av3 : [uninit] Done m_rConfigInfo.i4SubsampleCount(1), User.count(4), User uninit(p2_streaming)
05-05 21:58:11.084 591 591 I MtkCam/P2/StreamingNode: [uninit] P2S cam 1: uninit lock +
05-05 21:58:11.084 591 591 I MtkCam/P2/StreamingNode: [uninit] P2S cam 1: uninit lock -
05-05 21:58:11.084 591 21504 W MtkCam/fdNodeImp: [onDequeRequest] [exitPending] mRequestQueue.size:0
05-05 21:58:11.085 591 591 I FDVT_Drv: FDVT_Uninit, HW FD Close CLK
05-05 21:58:11.088 591 591 D AppFDFT_SW: FdDumper destructor
05-05 21:58:11.088 591 591 I Hal3Av3 : [destroyInstance] sensorIdx(1) User(FDNode)
05-05 21:58:11.088 591 591 I Hal3Av3 : [uninit] Still 3 users
05-05 21:58:11.088 591 591 I Hal3Av3 : [uninit] Done m_rConfigInfo.i4SubsampleCount(1), User.count(3), User uninit(FDNode)
05-05 21:58:11.088 591 591 I mtkcam-ppl_fbm: [~FrameBufferManagerImpl] + mDebuggeeCookie:0x760f043eb8
05-05 21:58:11.088 591 591 I mtkcam-ppl_fbm: [~FrameBufferManagerImpl] -
05-05 21:58:11.091 591 591 I MtkCam/ppl_context: [onLastStrongRef] - <4Cell/1>
05-05 21:58:11.091 591 591 I mtkcam-FeatureSettingPolicy: [~FeatureSettingPolicy] (0x75f2bd22a0) dtor
05-05 21:58:11.091 591 591 I Hal3Av3 : [destroyInstance] sensorIdx(1) User(HDRPolicyHelper)
05-05 21:58:11.091 591 591 I Hal3Av3 : [uninit] Still 2 users
05-05 21:58:11.092 591 591 I Hal3Av3 : [uninit] Done m_rConfigInfo.i4SubsampleCount(1), User.count(2), User uninit(HDRPolicyHelper)
05-05 21:58:11.092 591 591 I Hal3Av3 : [destroyInstance] sensorIdx(1) User(mtkcam-FeatureSettingPolicy)
05-05 21:58:11.092 591 591 I Hal3Av3 : [uninit] Still 1 users
05-05 21:58:11.092 591 591 I Hal3Av3 : [uninit] Done m_rConfigInfo.i4SubsampleCount(1), User.count(1), User uninit(mtkcam-FeatureSettingPolicy)
05-05 21:58:11.092 591 591 I MtkCam/ppl_plugin: [~PipelinePlugin] Yuv: dtor(0x761be50258), openId:1, openId2:-1
05-05 21:58:11.092 591 591 I MtkCam/ppl_plugin: [~PipelinePlugin] remove plugin(0x0), hash:0x9b44a52ffff0001, mInstances size:0
05-05 21:58:11.092 591 591 I MtkCam/ppl_plugin: [~PipelinePlugin] Raw: dtor(0x761be501b8), openId:1, openId2:-1
05-05 21:58:11.092 591 591 I MtkCam/ppl_plugin: [~PipelinePlugin] remove plugin(0x0), hash:0x9b44a52ffff0001, mInstances size:0
05-05 21:58:11.092 591 591 I MtkCam/ppl_plugin: [~PipelinePlugin] MultiFrame: dtor(0x761be50078), openId:1, openId2:-1
05-05 21:58:11.092 591 591 I MtkCam/ppl_plugin: [~PipelinePlugin] remove plugin(0x0), hash:0x9b44a52ffff0001, mInstances size:0
05-05 21:58:11.092 591 591 I mtkcam-DeviceAdapter: 1[HalDeviceAdapter::powerOff] powerOff +
05-05 21:58:11.092 591 591 I Hal3Av3 : [notifyPwrOff]+
05-05 21:58:11.092 591 591 I Hal3Av3 : [notifyPwrOff] sensor(2)(HalDeviceAdapter:1)
05-05 21:58:11.092 591 591 I Hal3ARaw: [setFlashLightOnOff] flashlight unchanged, bOnOff(0)
05-05 21:58:11.092 591 591 I Hal3Av3 : [notifyPwrOff]-
05-05 21:58:11.092 591 591 I Drv/HWsync: Drv/HWsync[uninit] +, user&cnt(HW_SYNC_USER_HALSENSOR,2),srIdxNum(1)
05-05 21:58:11.092 591 591 I Drv/HWsync: Drv/HWsync[uninit] idx(0,remain_0),tg(1)
05-05 21:58:11.097 591 591 D SeninfDrvImp: [configMclk][configMclk] Tg1clk: 26 pcEn = 0
05-05 21:58:11.097 591 591 D SeninfDrvImp: [configMclk]mclk1: 26, clkCnt1: 0 pclkInv 0
05-05 21:58:11.097 591 591 D SeninfDrvImp: [setMclk][setMclk]pcEn(0), clkPol(0), mMclkUser[3](0), TimestampClk(103), freq(26), mclkIdx 3
05-05 21:58:11.097 591 591 D SeninfDrvImp: [updateIspClk]target_clk 228, new_dfs 228, original_dfs 228, sensorIdx 1
05-05 21:58:11.097 591 591 D HW_INTEG: [190310] Reset sensor index = 1
05-05 21:58:11.097 591 591 D SeninfDrvImp: [uninit][uninit]: 1
05-05 21:58:11.097 591 591 D SeninfDrvImp: [uninit][uninit]: 0, mfd(11)
05-05 21:58:11.098 591 591 I mtkcam-DeviceAdapter: 1[HalDeviceAdapter::powerOff] powerOff -
05-05 21:58:11.098 591 591 I Hal3Av3 : [destroyInstance] sensorIdx(1) User(HalDeviceAdapter:1)
05-05 21:58:11.099 591 591 I Hal3AFlowCtrl: [detachCb] m_pCbSet(0x0x760f0d3808), cb(0x0x760f0d3808)
05-05 21:58:11.099 591 591 I Hal3ARaw: [detachCb] m_pCbSet(0x0x760f0d3808), cb(0x0x760f0d3808)
05-05 21:58:11.099 591 591 I Hal3AFlowCtrl: [uninit] +
05-05 21:58:11.099 591 21483 I Hal3AFlowCtrl_thread: -
05-05 21:58:11.099 591 591 I Hal3AFlowCtrl_thread: [destroyThread] -
05-05 21:58:11.099 591 591 I Hal3AFlowCtrl_thread: [~Thread3AImp] Exit (2)
05-05 21:58:11.099 591 591 I Hal3ARaw: [destroyInstance]
05-05 21:58:11.099 591 591 I Hal3ARaw: [uninit] m_Users: 1
05-05 21:58:11.099 591 591 I Drv/HWsync: Drv/HWsync[uninit] +, user&cnt(HW_SYNC_USER_AE,1),srIdxNum(0)
05-05 21:58:11.099 591 591 I Drv/HWsync: Drv/HWsync[uninit] mAECyclePeriod(-1)
05-05 21:58:11.101 1198 3839 D SensorService: removeConnection, index : 0, size : 1
05-05 21:58:11.101 1198 3839 D SensorService: # removeConnection, index : 0, size : 0
05-05 21:58:11.101 1198 3839 D SensorService: Calling activate off 4
05-05 21:58:11.101 580 656 I Sensors : sensorActivate: handle 4 enable 0
05-05 21:58:11.101 580 656 I Sensors : type : 4, enable : 0
05-05 21:58:11.102 1198 3839 D SensorService: removeConnection, index : 0, size : 1
05-05 21:58:11.102 1198 3839 D SensorService: # removeConnection, index : 0, size : 0
05-05 21:58:11.102 1198 3839 D SensorService: Calling activate off 1
05-05 21:58:11.102 580 656 I Sensors : sensorActivate: handle 1 enable 0
05-05 21:58:11.102 580 656 I Sensors : type : 1, enable : 0
05-05 21:58:11.103 591 591 I StrobeDrvFlashlight: setCharger(): ready(0).
05-05 21:58:11.103 591 591 I StrobeDrvFlashlight: setCharger(): time(3058602338).
05-05 21:58:11.103 591 591 I FlashHal: uninit().
05-05 21:58:11.103 591 591 I StrobeDrvFlashlight: lowPowerDetectEnd().
05-05 21:58:11.103 591 591 I StrobeDrvFlashlight: uninit(): error mUsers(0).
05-05 21:58:11.103 591 591 I FlickerHal: uninit().
05-05 21:58:11.103 591 591 I FlickerPlatformAdapter: releaseBuf(). Release buf success.
05-05 21:58:11.104 591 591 D AppTsf : [TsfExit] TsfExit ; ShadingVersion: 2019.0807.0919
05-05 21:58:11.104 591 591 D AppTsf : [~AppTsf] destructor ; ShadingVersion: 2019.0807.0919
05-05 21:58:11.104 591 591 D tsf_core: [~TsfCore] destructor
05-05 21:58:11.106 591 591 I Hal3ARaw: [uninit] done
05-05 21:58:11.106 591 591 D CAM_CUS_MSDK: CAM_CUS_MSDK [unlockCustomTuningLibrary] Find sensor id 2021
05-05 21:58:11.106 591 591 D CAM_CUS_MSDK: CAM_CUS_MSDK last item in sensorList found. i(5)
05-05 21:58:11.106 591 591 D CAM_CUS_MSDK: CAM_CUS_MSDK SID 2021 data is found
05-05 21:58:11.106 591 591 I Hal3AFlowCtrl: [uninit] -
05-05 21:58:11.106 591 591 I Hal3Av3 : [uninit] Done m_rConfigInfo.i4SubsampleCount(1), User.count(0), User uninit(HalDeviceAdapter:1)
05-05 21:58:11.106 591 591 I mtkcam-dev3_legacy: [1-session::tryRunCommandLocked] Run command onUninitializeLocked -
05-05 21:58:11.106 591 591 I mtkcam-devicemgr: [detachOpenDeviceLocked] device: device@3.5/legacy/1 openTimestamp:05-05 21:58:10.407
05-05 21:58:11.106 591 591 I mtkcam-dev3_legacy: [1-session::i_uninitialize] -
05-05 21:58:11.106 591 591 I AVSP : AVSPHal3InterfaceEntry.cpp: AVSP_close_camera_hardware: 468: (0) X
05-05 21:58:11.106 588 615 I legacy_power@2.1-impl: @Deprecated scnDisable hdl:160766
05-05 21:58:11.107 588 614 I libPowerHal: perfUserScnDisable - handle:160766
05-05 21:58:11.107 588 615 I legacy_power@2.1-impl: @Deprecated scnUnreg hdl:160766
05-05 21:58:11.108 681 9356 D Camera3-Device: CameraPerf: close X
05-05 21:58:11.108 681 9356 D Surface : Surface::disconnect(this=0xf6387000,api=4)
05-05 21:58:11.108 588 615 I legacy_power@2.1-impl: @Deprecated scnDisable hdl:160767
05-05 21:58:11.108 588 614 I libPowerHal: perfUserScnDisable - handle:160767
05-05 21:58:11.108 1030 1061 I BufferQueueProducer: [SurfaceTexture-0-1030-20086](this:0x747df7d800,id:20086,api:0,p:-1,c:1030) disconnect(P): api 4
05-05 21:58:11.109 588 615 I legacy_power@2.1-impl: @Deprecated scnUnreg hdl:160767
05-05 21:58:11.110 681 9356 I CameraLatencyHistogram: Stream 0 dequeueBuffer latency histogram (13) samples:
05-05 21:58:11.110 681 9356 I CameraLatencyHistogram: 5 10 15 20 25 30 35 40 45 inf (max ms)
05-05 21:58:11.110 681 9356 I CameraLatencyHistogram: 100.00 0.00 0.00 0.00 0.00 0.00 0.00 0.00 0.00 0.00 (%)
05-05 21:58:11.110 681 9356 I CameraLatencyHistogram: Stream 0 enqueueBuffer latency histogram (9) samples:
05-05 21:58:11.110 681 9356 I CameraLatencyHistogram: 5 10 15 20 25 30 35 40 45 inf (max ms)
05-05 21:58:11.110 681 9356 I CameraLatencyHistogram: 100.00 0.00 0.00 0.00 0.00 0.00 0.00 0.00 0.00 0.00 (%)
05-05 21:58:11.110 681 9356 I Camera3-Device: disconnectImpl: X
05-05 21:58:11.110 681 9356 D Camera3-Device: disconnectImpl: mInterfaceLock.unlock()
05-05 21:58:11.110 681 9356 I Camera3-Device: disconnectImpl: E
05-05 21:58:11.110 681 9356 D Camera3-Device: disconnectImpl: mInterfaceLock.lock()
05-05 21:58:11.110 681 9356 D Camera3-Device: disconnectImpl: mInterfaceLock.unlock()
05-05 21:58:11.110 681 9356 D CameraService: BasicClient::disconnect E
05-05 21:58:11.112 681 9356 I CameraService: finishCameraOps: Finish camera ops, package name = com.samsung.adaptivebrightnessgo, client UID = 5021
05-05 21:58:11.112 681 9356 I CameraService: this is a adaptive brightness service.
05-05 21:58:11.112 681 9356 I CameraService: Drop updateStatus callbak for package com.samsung.adaptivebrightnessgo(pid 1030)
05-05 21:58:11.112 681 9356 I CameraService: updateProxyDeviceState: notifyCameraState for Camera ID 1, newState 3, facing 1, clientName com.samsung.adaptivebrightnessgo, apiLevel 2
05-05 21:58:11.112 9371 9597 I CameraManagerGlobal: Camera 1 facing CAMERA_FACING_FRONT state now CAMERA_STATE_CLOSED for client com.samsung.adaptivebrightnessgo API Level 2
05-05 21:58:11.113 7710 2917 I CameraManagerGlobal: Camera 1 facing CAMERA_FACING_FRONT state now CAMERA_STATE_CLOSED for client com.samsung.adaptivebrightnessgo API Level 2
05-05 21:58:11.113 1030 12342 I CameraManagerGlobal: Camera 1 facing CAMERA_FACING_FRONT state now CAMERA_STATE_CLOSED for client com.samsung.adaptivebrightnessgo API Level 2
05-05 21:58:11.113 681 9356 I CameraService: this is a adaptive brightness service.
05-05 21:58:11.114 681 9356 I CameraFlashlight: deviceClosed: device 1 is closed, need to skip = 1
05-05 21:58:11.114 681 9356 I CameraFlashlight: Skip deviceClosed
05-05 21:58:11.114 681 9356 I CameraService: disconnect: Disconnected client for camera 1 for PID 1030
05-05 21:58:11.114 681 9356 D CameraService: BasicClient::disconnect X
05-05 21:58:11.114 1030 1061 D CameraLightSensor_Service: Camera released, time taken= 690 cameraLock= true
05-05 21:58:11.194 1198 1027 D MotionRecognitionService: values = 50.0
05-05 21:58:11.194 1198 1027 D MotionRecognitionService: onReceive lux: 50.0 action:
05-05 21:58:11.194 1198 1027 D MotionRecognitionService: Inject brightness form Cam 50.0
05-05 21:58:11.194 1198 1027 D MotionRecognitionService: Inject calibrated lux
05-05 21:58:11.194 580 656 I Sensors : AutoBrightnessSensor::inject_sensor_data: cam_lux 50
05-05 21:58:11.290 20505 21450 V FA : Inactivity, disconnecting from the service
05-05 21:58:11.328 1198 9713 D ApplicationPolicy: isStatusBarNotificationAllowedAsUser: packageName = pan.alexander.tordnscrypt.stable,userId = 0
05-05 21:58:11.328 1198 9713 D API test: getContainerInfo: value is
05-05 21:58:11.329 1198 9713 D ApplicationPolicy: isStatusBarNotificationAllowedAsUser: packageName = pan.alexander.tordnscrypt.stable,userId = 0
05-05 21:58:11.329 1198 9713 D API test: getContainerInfo: value is
05-05 21:58:11.394 1198 1027 D MotionRecognitionService: values = 50.0
05-05 21:58:11.394 1198 1027 D MotionRecognitionService: onReceive lux: 50.0 action:
05-05 21:58:11.394 1198 1027 D MotionRecognitionService: Inject brightness form Cam 50.0
05-05 21:58:11.394 1198 1027 D MotionRecognitionService: Inject calibrated lux
05-05 21:58:11.395 580 656 I Sensors : AutoBrightnessSensor::inject_sensor_data: cam_lux 50
05-05 21:58:11.432 1198 1198 I EdgeLightingManager: isCallingUserSupported : callingUserId=0, mUserId=0, isDualAppId=false
05-05 21:58:11.432 1198 1198 I EdgeLightingManager: showForNotification : isInteractive=true, isHeadUp=false, color=0, sbn = StatusBarNotification(pkg=pan.alexander.tordnscrypt.stable user=UserHandle{0} id=101102 tag=null key=0|pan.alexander.tordnscrypt.stable|101102|null|10741: Notification(channel=InviZible pri=-2 contentView=null vibrate=null sound=null defaults=0x0 flags=0xa color=0x00000000 category=service vis=PRIVATE semFlags=0x0 semPriority=0 semMissedCount=0))
05-05 21:58:11.432 1198 1198 I EdgeLightingClientManager: isAvailableEdgeLighting: condition=1 mCondition=3 mIsConnected=false0
05-05 21:58:11.432 1198 1198 I EdgeLightingPolicyManager: isAcceptableApplication: pkg=pan.alexander.tordnscrypt.stable , range=256 , includeAllApp=false , userId=0 , infoRange=0 , infoCategory=0
05-05 21:58:11.432 1198 1198 W CoverManager: getCoverState : This device is not supported cover
05-05 21:58:11.432 1198 1198 I EdgeLightingPolicyManager: putNotification tickerText:false,titleText:true,text:true,sub:falsecn= + null
05-05 21:58:11.432 1198 1198 I EdgeLightingPolicyManager.NotificationGroup: Remove previous child data. 0|pan.alexander.tordnscrypt.stable|101102|null|10741
05-05 21:58:11.433 1198 1198 I EdgeLightingPolicyManager.NotificationGroup: group notification count : 30
05-05 21:58:11.433 1198 1198 I EdgeLightingManager: showForNotificationScreenOn Alert once notification. sbn: StatusBarNotification(pkg=pan.alexander.tordnscrypt.stable user=UserHandle{0} id=101102 tag=null key=0|pan.alexander.tordnscrypt.stable|101102|null|10741: Notification(channel=InviZible pri=-2 contentView=null vibrate=null sound=null defaults=0x0 flags=0xa color=0x00000000 category=service vis=PRIVATE semFlags=0x0 semPriority=0 semMissedCount=0))
05-05 21:58:11.435 7941 7941 D Launcher.NotificationListener: onNotificationPosted : pan.alexander.tordnscrypt.stable number : 0 listener : null
05-05 21:58:11.460 616 712 I BufferQueueProducer: [StatusBar$_7710#0](this:0x71656f4800,id:7,api:0,p:-1,c:616) queueBuffer: fps=0.67 dur=2990.03 max=2937.17 min=52.86
05-05 21:58:11.482 7710 7710 D swipe : !isFreemformEnabled
05-05 21:58:11.515 1198 15065 D GameManagerService: identifyGamePackage. com.yeti.browser, mCurrentUserId: 0, callerUserId: 0
05-05 21:58:11.515 1198 15065 D GamePkgDataHelper: getGamePkgData(). com.yeti.browser
05-05 21:58:11.595 1198 1027 D MotionRecognitionService: values = 50.0
05-05 21:58:11.595 1198 1027 D MotionRecognitionService: onReceive lux: 50.0 action:
05-05 21:58:11.595 1198 1027 D MotionRecognitionService: Inject brightness form Cam 50.0
05-05 21:58:11.595 1198 1027 D MotionRecognitionService: Inject calibrated lux
05-05 21:58:11.596 580 656 I Sensors : AutoBrightnessSensor::inject_sensor_data: cam_lux 50
05-05 21:58:11.796 1198 1027 D MotionRecognitionService: values = 50.0
05-05 21:58:11.796 1198 1027 D MotionRecognitionService: onReceive lux: 50.0 action:
05-05 21:58:11.796 1198 1027 D MotionRecognitionService: Inject brightness form Cam 50.0
05-05 21:58:11.796 1198 1027 D MotionRecognitionService: Inject calibrated lux
05-05 21:58:11.796 580 656 I Sensors : AutoBrightnessSensor::inject_sensor_data: cam_lux 50
05-05 21:58:11.877 405 405 I hwservicemanager: getTransport: Cannot find entry vendor.mediatek.hardware.mtkradioex@1.0::IMtkRadioEx/mtkAssist1 in either framework or device manifest.
05-05 21:58:11.878 405 405 I hwservicemanager: getTransport: Cannot find entry vendor.mediatek.hardware.mtkradioex@1.0::IMtkRadioEx/mtkAssist2 in either framework or device manifest.
05-05 21:58:11.880 405 405 I hwservicemanager: getTransport: Cannot find entry vendor.mediatek.hardware.mtkradioex@1.0::IMtkRadioEx/mtkCap1 in either framework or device manifest.
05-05 21:58:11.882 405 405 I hwservicemanager: getTransport: Cannot find entry vendor.mediatek.hardware.mtkradioex@1.0::IMtkRadioEx/mtkCap2 in either framework or device manifest.
05-05 21:58:11.997 1198 1027 D MotionRecognitionService: values = 50.0
05-05 21:58:11.997 1198 1027 D MotionRecognitionService: onReceive lux: 50.0 action:
05-05 21:58:11.997 1198 1027 D MotionRecognitionService: Inject brightness form Cam 50.0
05-05 21:58:11.997 1198 1027 D MotionRecognitionService: Inject calibrated lux
05-05 21:58:11.998 580 656 I Sensors : AutoBrightnessSensor::inject_sensor_data: cam_lux 50
05-05 21:58:12.023 9371 9923 D SDHMS:com.sec.android.sdhms.thermal.siop.C: SIOP:: AP:344(345,0) BAT:321(321,0) CHG:367(367,0) USB:0(0,0) WIFI:281(333,50) PA:292(342,50) BLK:0(0,0) SUBBAT:0(0,0) LRP:343(343,0) LRF:340(340) LRB:343(343)
05-05 21:58:12.067 588 614 I libPowerHal: perfUserScnDisable - handle:160769
05-05 21:58:12.068 588 614 I libPowerHal: 51: cpu_ctrl set freq: -1 -1 -1 -1
05-05 21:58:12.198 1198 1027 D MotionRecognitionService: values = 50.0
05-05 21:58:12.198 1198 1027 D MotionRecognitionService: onReceive lux: 50.0 action:
05-05 21:58:12.198 1198 1027 D MotionRecognitionService: Inject brightness form Cam 50.0
05-05 21:58:12.198 1198 1027 D MotionRecognitionService: Inject calibrated lux
05-05 21:58:12.199 580 656 I Sensors : AutoBrightnessSensor::inject_sensor_data: cam_lux 50
05-05 21:58:12.398 1198 1027 D MotionRecognitionService: values = 50.0
05-05 21:58:12.399 1198 1027 D MotionRecognitionService: onReceive lux: 50.0 action:
05-05 21:58:12.399 1198 1027 D MotionRecognitionService: Inject brightness form Cam 50.0
05-05 21:58:12.399 1198 1027 D MotionRecognitionService: Inject calibrated lux
05-05 21:58:12.401 580 580 I Sensors : AutoBrightnessSensor::inject_sensor_data: cam_lux 50
05-05 21:58:12.600 1198 1027 D MotionRecognitionService: values = 50.0
05-05 21:58:12.600 1198 1027 D MotionRecognitionService: onReceive lux: 50.0 action:
05-05 21:58:12.600 1198 1027 D MotionRecognitionService: Inject brightness form Cam 50.0
05-05 21:58:12.600 1198 1027 D MotionRecognitionService: Inject calibrated lux
05-05 21:58:12.602 580 580 I Sensors : AutoBrightnessSensor::inject_sensor_data: cam_lux 50
05-05 21:58:12.801 1198 1027 D MotionRecognitionService: values = 50.0
05-05 21:58:12.801 1198 1027 D MotionRecognitionService: onReceive lux: 50.0 action:
05-05 21:58:12.801 1198 1027 D MotionRecognitionService: Inject brightness form Cam 50.0
05-05 21:58:12.801 1198 1027 D MotionRecognitionService: Inject calibrated lux
05-05 21:58:12.803 580 580 I Sensors : AutoBrightnessSensor::inject_sensor_data: cam_lux 50
05-05 21:58:13.002 1198 1027 D MotionRecognitionService: values = 50.0
05-05 21:58:13.002 1198 1027 D MotionRecognitionService: onReceive lux: 50.0 action:
05-05 21:58:13.003 1198 1027 D MotionRecognitionService: Inject brightness form Cam 50.0
05-05 21:58:13.003 1198 1027 D MotionRecognitionService: Inject calibrated lux
05-05 21:58:13.004 580 580 I Sensors : AutoBrightnessSensor::inject_sensor_data: cam_lux 50
05-05 21:58:13.135 1198 7565 E WifiVendorHal: getWifiLinkLayerStats_1_3_Internal(l.934) failed {.code = ERROR_NOT_SUPPORTED, .description = }
05-05 21:58:13.152 7710 7710 D SecStatusBarWifiView: updateState: WifiIconState(resId=2131232730, visible=true, activityId=2131232751)
05-05 21:58:13.153 7710 7764 D Tile.WifiTile: handleUpdateState isTransient=false transientEnabling =false cb.isTransient=false state.state = 2 mStateBeforeClick.value =false enabled =true
05-05 21:58:13.168 616 712 I BufferQueueProducer: [StatusBar$_7710#0](this:0x71656f4800,id:7,api:0,p:-1,c:616) queueBuffer: fps=1.17 dur=1707.23 max=1674.49 min=32.74
05-05 21:58:13.176 574 1240 I hwcomposer: [HWCDisplay] [Display_0 (type:1)] fps:1.613441,dur:2479.17,max:1676.14,min:27.03
05-05 21:58:13.203 1198 1027 D MotionRecognitionService: values = 50.0
05-05 21:58:13.203 1198 1027 D MotionRecognitionService: onReceive lux: 50.0 action:
05-05 21:58:13.203 1198 1027 D MotionRecognitionService: Inject brightness form Cam 50.0
05-05 21:58:13.204 1198 1027 D MotionRecognitionService: Inject calibrated lux
05-05 21:58:13.205 580 580 I Sensors : AutoBrightnessSensor::inject_sensor_data: cam_lux 50
05-05 21:58:13.404 1198 1027 D MotionRecognitionService: values = 50.0
05-05 21:58:13.405 1198 1027 D MotionRecognitionService: onReceive lux: 50.0 action:
05-05 21:58:13.405 1198 1027 D MotionRecognitionService: Inject brightness form Cam 50.0
05-05 21:58:13.405 1198 1027 D MotionRecognitionService: Inject calibrated lux
05-05 21:58:13.406 580 580 I Sensors : AutoBrightnessSensor::inject_sensor_data: cam_lux 50
05-05 21:58:13.605 1198 1027 D MotionRecognitionService: values = 50.0
05-05 21:58:13.605 1198 1027 D MotionRecognitionService: onReceive lux: 50.0 action:
05-05 21:58:13.605 1198 1027 D MotionRecognitionService: Inject brightness form Cam 50.0
05-05 21:58:13.605 1198 1027 D MotionRecognitionService: Inject calibrated lux
05-05 21:58:13.606 580 656 I Sensors : AutoBrightnessSensor::inject_sensor_data: cam_lux 50
05-05 21:58:13.806 1198 1027 D MotionRecognitionService: values = 50.0
05-05 21:58:13.806 1198 1027 D MotionRecognitionService: onReceive lux: 50.0 action:
05-05 21:58:13.806 1198 1027 D MotionRecognitionService: Inject brightness form Cam 50.0
05-05 21:58:13.806 1198 1027 D MotionRecognitionService: Inject calibrated lux
05-05 21:58:13.807 580 580 I Sensors : AutoBrightnessSensor::inject_sensor_data: cam_lux 50
05-05 21:58:14.007 1198 1027 D MotionRecognitionService: values = 50.0
05-05 21:58:14.007 1198 1027 D MotionRecognitionService: onReceive lux: 50.0 action:
05-05 21:58:14.007 1198 1027 D MotionRecognitionService: Inject brightness form Cam 50.0
05-05 21:58:14.007 1198 1027 D MotionRecognitionService: Inject calibrated lux
05-05 21:58:14.008 580 580 I Sensors : AutoBrightnessSensor::inject_sensor_data: cam_lux 50
05-05 21:58:14.208 1198 1027 D MotionRecognitionService: values = 50.0
05-05 21:58:14.208 1198 1027 D MotionRecognitionService: onReceive lux: 50.0 action:
05-05 21:58:14.208 1198 1027 D MotionRecognitionService: Inject brightness form Cam 50.0
05-05 21:58:14.208 1198 1027 D MotionRecognitionService: Inject calibrated lux
05-05 21:58:14.209 580 580 I Sensors : AutoBrightnessSensor::inject_sensor_data: cam_lux 50
05-05 21:58:14.215 1198 2198 D InputReader: Btn_touch(2): value=1 when=3058605.449487
05-05 21:58:14.216 1198 2198 I InputReader: Touch event's action is 0x0 (id=2, t=0) [pCnt=1, s=0.40841 ] when=3058605.449487
05-05 21:58:14.216 1198 2197 I InputDispatcher: Delivering touch to (7710): action: 0x4, f=0x0, d=0, 'b72f582', t=1
05-05 21:58:14.216 1198 2197 I InputDispatcher: Delivering touch to (20505): action: 0x0, f=0x0, d=0, '6db2446', t=1
05-05 21:58:14.217 616 712 I BufferQueueProducer: [Sprite#1](this:0x7186537000,id:32,api:0,p:-1,c:616) queueBuffer: fps=0.11 dur=8859.11 max=8859.11 min=8859.11
05-05 21:58:14.219 20505 20505 I ViewRootImpl@e421f10[WelcomeScreenWithFragments]: ViewPostIme pointer 0
05-05 21:58:14.220 1198 2189 D PocketModeEvent: touch action : 0
05-05 21:58:14.221 1198 9713 I PowerHalWrapper: phwperfLockAcq
05-05 21:58:14.221 1198 9713 I mtkperf_client: [perf_lock_acq] hdl:160750, dur:0, num:2
05-05 21:58:14.221 1198 1244 D Sprites : image state surfaceDrawn w:87 h:87
05-05 21:58:14.222 1198 9713 I mtkperf_client: perf_lock_acq, hdl:160750, dur:0, tid:9713
05-05 21:58:14.222 588 615 I mtkpower@1.0-impl: perfLockAcquire hdl:160750, duration:0, reserved:9713
05-05 21:58:14.222 588 614 I powerd : [powerd_req] POWER_MSG_PERF_LOCK_ACQ: hdl:160750, duration:0
05-05 21:58:14.223 588 614 I libPowerHal: perf_lock_acq find match handle - handle:160750 idx:178
05-05 21:58:14.223 588 614 I libPowerHal: perfLockAcq hdl:160750 pid:1198 duration:0 pid_exist:1 => new_hdl:160750
05-05 21:58:14.223 588 614 I libPowerHal: [perfScnUpdate] scn:178, update
05-05 21:58:14.224 588 614 E RilUtility: notify_rild_opt_info socket error
05-05 21:58:14.224 588 614 I powerd : [powerd_req] POWER_MSG_PERF_LOCK_ACQ: return hdl:160750
05-05 21:58:14.224 1198 9713 I mtkperf_client: ret_hdl:160750
05-05 21:58:14.239 574 574 I hwcomposer: [HWCDisplay] [Display_0 (type:1)] fps:0.940742,dur:1062.99,max:1062.99,min:1062.99
05-05 21:58:14.241 616 616 I SurfaceFlinger: Display 0 HWC layers:
05-05 21:58:14.241 616 616 I SurfaceFlinger: type | handle | flag | format | source crop (l,t,r,b) | frame | name
05-05 21:58:14.241 616 616 I SurfaceFlinger: ------------+--------------+------+-----------+----------------------------+---------------------+------
05-05 21:58:14.241 616 616 I SurfaceFlinger: SOLID_COLOR | | 0000 | Unknown | 0.0 0.0 0.0 0.0 | 0 0 1080 79 | Letterbox - top#0
05-05 21:58:14.241 616 616 I SurfaceFlinger: DEVICE | 0x71656fb180 | 0002 | RGBA_8888 | 0.0 0.0 1080.0 2321.0 | 0 79 1080 2400 | com.yeti.browser/org.chromium.chrome.WelcomeScreenWithFragments$_20505#0
05-05 21:58:14.241 616 616 I SurfaceFlinger: DEVICE | 0x71656d0100 | 0000 | RGBA_8888 | 0.0 0.0 67.0 466.0 | 1013 492 1080 958 | com.samsung.android.app.cocktailbars[...]rservice.CocktailBarService$_25847#0
05-05 21:58:14.241 616 616 I SurfaceFlinger: DEVICE | 0x71656cfd40 | 0000 | RGBA_8888 | 0.0 0.0 1080.0 126.0 | 0 2274 1080 2400 | NavigationBar0$_7710#0
05-05 21:58:14.241 616 616 I SurfaceFlinger: CURSOR | 0x71864a2f00 | 0000 | RGBA_8888 | 0.0 0.0 87.0 87.0 | 541 1738 628 1825 | Sprite#1
05-05 21:58:14.241 616 616 I SurfaceFlinger: DEVICE | 0x71864a4800 | 0000 | RGBA_8888 | 0.0 0.0 1080.0 181.0 | 0 0 1080 1
05-05 21:58:14.241 616 616 I SurfaceFlinger: 81 | ScreenDecorOverlay$_7710#0
05-05 21:58:14.241 616 616 I SurfaceFlinger: DEVICE | 0x7187e65080 | 0000 | RGBA_8888 | 0.0 0.0 1080.0 181.0 | 0 2219 1080 2400 | ScreenDecorOverlayBottom$_7710#0
05-05 21:58:14.241 616 616 I SurfaceFlinger:
05-05 21:58:14.274 616 712 I BufferQueueProducer: [com.yeti.browser/org.chromium.chrome.WelcomeScreenWithFragments$_20505#0](this:0x7165788800,id:37052,api:0,p:-1,c:616) queueBuffer: fps=2.57 dur=6626.29 max=6363.61 min=13.06
05-05 21:58:14.311 1198 2198 D InputReader: Btn_touch(2): value=0 when=3058605.545181
05-05 21:58:14.311 1198 2198 I InputReader: Touch event's action is 0x1 (id=2, t=0) [pCnt=1, s=] when=3058605.545181
05-05 21:58:14.311 1198 2197 I InputDispatcher: Delivering touch to (20505): action: 0x1, f=0x0, d=0, '6db2446', t=1
05-05 21:58:14.313 20505 20505 I ViewRootImpl@e421f10[WelcomeScreenWithFragments]: ViewPostIme pointer 1
05-05 21:58:14.313 1198 1198 D GameManagerService: identifyGamePackage. com.yeti.browser, mCurrentUserId: 0, callerUserId: 0
05-05 21:58:14.313 1198 1198 D GamePkgDataHelper: getGamePkgData(). com.yeti.browser
05-05 21:58:14.314 1198 1198 D CustomFrequencyManagerService: acquireDVFSLockLocked : type : DVFS_MIN_LIMIT frequency : 1295000 uid : 1000 pid : 1198 pkgName : GESTURE_DETECTED@CPU_MIN@55
05-05 21:58:14.409 1198 1027 D MotionRecognitionService: values = 50.0
05-05 21:58:14.409 1198 1027 D MotionRecognitionService: onReceive lux: 50.0 action:
05-05 21:58:14.409 1198 1027 D MotionRecognitionService: Inject brightness form Cam 50.0
05-05 21:58:14.409 1198 1027 D MotionRecognitionService: Inject calibrated lux
05-05 21:58:14.410 580 580 I Sensors : AutoBrightnessSensor::inject_sensor_data: cam_lux 50
05-05 21:58:14.553 616 616 I SurfaceFlinger: Display 0 HWC layers:
05-05 21:58:14.553 616 616 I SurfaceFlinger: type | handle | flag | format | source crop (l,t,r,b) | frame | name
05-05 21:58:14.553 616 616 I SurfaceFlinger: ------------+--------------+------+-----------+----------------------------+---------------------+------
05-05 21:58:14.553 616 616 I SurfaceFlinger: SOLID_COLOR | | 0000 | Unknown | 0.0 0.0 0.0 0.0 | 0 0 1080 79 | Letterbox - top#0
05-05 21:58:14.553 616 616 I SurfaceFlinger: DEVICE | 0x71656fb540 | 0002 | RGBA_8888 | 0.0 0.0 1080.0 2321.0 | 0 79 1080 2400 | com.yeti.browser/org.chromium.chrome.WelcomeScreenWithFragments$_20505#0
05-05 21:58:14.553 616 616 I SurfaceFlinger: DEVICE | 0x71656d0100 | 0000 | RGBA_8888 | 0.0 0.0 67.0 466.0 | 1013 492 1080 958 | com.samsung.android.app.cocktailbars[...]rservice.CocktailBarService$_25847#0
05-05 21:58:14.553 616 616 I SurfaceFlinger: DEVICE | 0x71656cfd40 | 0000 | RGBA_8888 | 0.0 0.0 1080.0 126.0 | 0 2274 1080 2400 | NavigationBar0$_7710#0
05-05 21:58:14.553 616 616 I SurfaceFlinger: DEVICE | 0x71864a4800 | 0000 | RGBA_8888 | 0.0 0.0 1080.0 181.0 | 0 0 1080 181 | ScreenDecorOverlay$_7710#0
05-05 21:58:14.553 616 616 I SurfaceFlinger: DEVICE | 0x7187e65080 | 0000 | RGBA_8888 | 0.0 0.0 1080.0 181.0 |
05-05 21:58:14.553 616 616 I SurfaceFlinger: 0 2219 1080 2400 | ScreenDecorOverlayBottom$_7710#0
05-05 21:58:14.553 616 616 I SurfaceFlinger:
05-05 21:58:14.610 1198 1027 D MotionRecognitionService: values = 50.0
05-05 21:58:14.610 1198 1027 D MotionRecognitionService: onReceive lux: 50.0 action:
05-05 21:58:14.610 1198 1027 D MotionRecognitionService: Inject brightness form Cam 50.0
05-05 21:58:14.610 1198 1027 D MotionRecognitionService: Inject calibrated lux
05-05 21:58:14.612 580 580 I Sensors : AutoBrightnessSensor::inject_sensor_data: cam_lux 50
05-05 21:58:14.634 1198 2198 D InputReader: Btn_touch(2): value=1 when=3058605.868462
05-05 21:58:14.634 1198 2198 I InputReader: Touch event's action is 0x0 (id=2, t=0) [pCnt=1, s=0.40842 ] when=3058605.868462
05-05 21:58:14.635 1198 2197 I InputDispatcher: Delivering touch to (7710): action: 0x4, f=0x0, d=0, 'b72f582', t=1
05-05 21:58:14.635 1198 2197 I InputDispatcher: Delivering touch to (20505): action: 0x0, f=0x0, d=0, '6db2446', t=1
05-05 21:58:14.636 1198 1244 D Sprites : image state surfaceDrawn w:87 h:87
05-05 21:58:14.636 1198 2189 D PocketModeEvent: touch action : 0
05-05 21:58:14.636 20505 20505 I ViewRootImpl@e421f10[WelcomeScreenWithFragments]: ViewPostIme pointer 0
05-05 21:58:14.640 1198 7845 D CustomFrequencyManagerService: FrequencyrequestList.getNextSchedTuneBoostRequest, index: 0
05-05 21:58:14.640 1198 7845 I PowerHalWrapper: phwperfLockAcq
05-05 21:58:14.640 1198 7845 I mtkperf_client: [perf_lock_acq] hdl:160750, dur:0, num:2
05-05 21:58:14.640 1198 7845 I mtkperf_client: perf_lock_acq, hdl:160750, dur:0, tid:7845
05-05 21:58:14.641 588 615 I mtkpower@1.0-impl: perfLockAcquire hdl:160750, duration:0, reserved:7845
05-05 21:58:14.641 588 614 I powerd : [powerd_req] POWER_MSG_PERF_LOCK_ACQ: hdl:160750, duration:0
05-05 21:58:14.642 588 614 I libPowerHal: perf_lock_acq find match handle - handle:160750 idx:178
05-05 21:58:14.642 588 614 I libPowerHal: perfLockAcq hdl:160750 pid:1198 duration:0 pid_exist:1 => new_hdl:160750
05-05 21:58:14.642 588 614 I libPowerHal: [perfScnUpdate] scn:178, update
05-05 21:58:14.643 588 614 E RilUtility: notify_rild_opt_info socket error
05-05 21:58:14.643 588 614 I powerd : [powerd_req] POWER_MSG_PERF_LOCK_ACQ: return hdl:160750
05-05 21:58:14.644 1198 7845 I mtkperf_client: ret_hdl:160750
05-05 21:58:14.645 1198 9713 I PowerHalWrapper: phwperfLockAcq
05-05 21:58:14.645 1198 9713 I mtkperf_client: [perf_lock_acq] hdl:160750, dur:0, num:2
05-05 21:58:14.645 1198 9713 I mtkperf_client: perf_lock_acq, hdl:160750, dur:0, tid:9713
05-05 21:58:14.646 588 615 I mtkpower@1.0-impl: perfLockAcquire hdl:160750, duration:0, reserved:9713
05-05 21:58:14.646 588 614 I powerd : [powerd_req] POWER_MSG_PERF_LOCK_ACQ: hdl:160750, duration:0
05-05 21:58:14.646 588 614 I libPowerHal: perf_lock_acq find match handle - handle:160750 idx:178
05-05 21:58:14.646 588 614 I libPowerHal: perfLockAcq hdl:160750 pid:1198 duration:0 pid_exist:1 => new_hdl:160750
05-05 21:58:14.646 588 614 I libPowerHal: [perfScnUpdate] scn:178, update
05-05 21:58:14.648 588 614 E RilUtility: notify_rild_opt_info socket error
05-05 21:58:14.648 588 614 I powerd : [powerd_req] POWER_MSG_PERF_LOCK_ACQ: return hdl:160750
05-05 21:58:14.648 1198 9713 I mtkperf_client: ret_hdl:160750
05-05 21:58:14.655 616 616 I SurfaceFlinger: Display 0 HWC layers:
05-05 21:58:14.655 616 616 I SurfaceFlinger: type | handle | flag | format | source crop (l,t,r,b) | frame | name
05-05 21:58:14.655 616 616 I SurfaceFlinger: ------------+--------------+------+-----------+----------------------------+---------------------+------
05-05 21:58:14.655 616 616 I SurfaceFlinger: SOLID_COLOR | | 0000 | Unknown | 0.0 0.0 0.0 0.0 | 0 0 1080 79 | Letterbox - top#0
05-05 21:58:14.655 616 616 I SurfaceFlinger: DEVICE | 0x71656fb540 | 0002 | RGBA_8888 | 0.0 0.0 1080.0 2321.0 | 0 79 1080 2400 | com.yeti.browser/org.chromium.chrome.WelcomeScreenWithFragments$_20505#0
05-05 21:58:14.655 616 616 I SurfaceFlinger: DEVICE | 0x71656d0100 | 0000 | RGBA_8888 | 0.0 0.0 67.0 466.0 | 1013 492 1080 958 | com.samsung.android.app.cocktailbars[...]rservice.CocktailBarService$_25847#0
05-05 21:58:14.655 616 616 I SurfaceFlinger: DEVICE | 0x71656cfd40 | 0000 | RGBA_8888 | 0.0 0.0 1080.0 126.0 | 0 2274 1080 2400 | NavigationBar0$_7710#0
05-05 21:58:14.655 616 616 I SurfaceFlinger: CURSOR | 0x7187e651c0 | 0000 | RGBA_8888 | 0.0 0.0 87.0 87.0 | 579 1762 666 1849 | Sprite#1
05-05 21:58:14.655 616 616 I SurfaceFlinger: DEVICE | 0x71864a4800 | 0000 | RGBA_8888 | 0.0 0.0 1080.0 181.0 | 0 0 1080 1
05-05 21:58:14.655 616 616 I SurfaceFlinger: 81 | ScreenDecorOverlay$_7710#0
05-05 21:58:14.655 616 616 I SurfaceFlinger: DEVICE | 0x7187e65080 | 0000 | RGBA_8888 | 0.0 0.0 1080.0 181.0 | 0 2219 1080 2400 | ScreenDecorOverlayBottom$_7710#0
05-05 21:58:14.655 616 616 I SurfaceFlinger:
05-05 21:58:14.713 1198 2198 D InputReader: Btn_touch(2): value=0 when=3058605.947112
05-05 21:58:14.713 1198 2198 I InputReader: Touch event's action is 0x1 (id=2, t=0) [pCnt=1, s=] when=3058605.947112
05-05 21:58:14.714 1198 2197 I InputDispatcher: Delivering touch to (20505): action: 0x1, f=0x0, d=0, '6db2446', t=1
05-05 21:58:14.715 20505 20505 I ViewRootImpl@e421f10[WelcomeScreenWithFragments]: ViewPostIme pointer 1
05-05 21:58:14.717 1198 1198 D GameManagerService: identifyGamePackage. com.yeti.browser, mCurrentUserId: 0, callerUserId: 0
05-05 21:58:14.717 1198 1198 D GamePkgDataHelper: getGamePkgData(). com.yeti.browser
05-05 21:58:14.718 1198 1198 D CustomFrequencyManagerService: acquireDVFSLockLocked : type : DVFS_MIN_LIMIT frequency : 1295000 uid : 1000 pid : 1198 pkgName : GESTURE_DETECTED@CPU_MIN@55
05-05 21:58:14.811 1198 1027 D MotionRecognitionService: values = 50.0
05-05 21:58:14.811 1198 1027 D MotionRecognitionService: onReceive lux: 50.0 action:
05-05 21:58:14.811 1198 1027 D MotionRecognitionService: Inject brightness form Cam 50.0
05-05 21:58:14.811 1198 1027 D MotionRecognitionService: Inject calibrated lux
05-05 21:58:14.812 580 580 I Sensors : AutoBrightnessSensor::inject_sensor_data: cam_lux 50
05-05 21:58:14.955 616 616 I SurfaceFlinger: Display 0 HWC layers:
05-05 21:58:14.955 616 616 I SurfaceFlinger: type | handle | flag | format | source crop (l,t,r,b) | frame | name
05-05 21:58:14.955 616 616 I SurfaceFlinger: ------------+--------------+------+-----------+----------------------------+---------------------+------
05-05 21:58:14.955 616 616 I SurfaceFlinger: SOLID_COLOR | | 0000 | Unknown | 0.0 0.0 0.0 0.0 | 0 0 1080 79 | Letterbox - top#0
05-05 21:58:14.955 616 616 I SurfaceFlinger: DEVICE | 0x71656fb180 | 0002 | RGBA_8888 | 0.0 0.0 1080.0 2321.0 | 0 79 1080 2400 | com.yeti.browser/org.chromium.chrome.WelcomeScreenWithFragments$_20505#0
05-05 21:58:14.955 616 616 I SurfaceFlinger: DEVICE | 0x71656d0100 | 0000 | RGBA_8888 | 0.0 0.0 67.0 466.0 | 1013 492 1080 958 | com.samsung.android.app.cocktailbars[...]rservice.CocktailBarService$_25847#0
05-05 21:58:14.955 616 616 I SurfaceFlinger: DEVICE | 0x71656cfd40 | 0000 | RGBA_8888 | 0.0 0.0 1080.0 126.0 | 0 2274 1080 2400 | NavigationBar0$_7710#0
05-05 21:58:14.955 616 616 I SurfaceFlinger: DEVICE | 0x71864a4800 | 0000 | RGBA_8888 | 0.0 0.0 1080.0 181.0 | 0 0 1080 181 | ScreenDecorOverlay$_7710#0
05-05 21:58:14.955 616 616 I SurfaceFlinger: DEVICE | 0x7187e65080 | 0000 | RGBA_8888 | 0.0 0.0 1080.0 181.0 |
05-05 21:58:14.955 616 616 I SurfaceFlinger: 0 2219 1080 2400 | ScreenDecorOverlayBottom$_7710#0
05-05 21:58:14.955 616 616 I SurfaceFlinger:
05-05 21:58:15.012 1198 1027 D MotionRecognitionService: values = 50.0
05-05 21:58:15.012 1198 1027 D MotionRecognitionService: onReceive lux: 50.0 action:
05-05 21:58:15.012 1198 1027 D MotionRecognitionService: Inject brightness form Cam 50.0
05-05 21:58:15.012 1198 1027 D MotionRecognitionService: Inject calibrated lux
05-05 21:58:15.013 580 580 I Sensors : AutoBrightnessSensor::inject_sensor_data: cam_lux 50
05-05 21:58:15.044 1198 2198 D InputReader: Btn_touch(2): value=1 when=3058606.278370
05-05 21:58:15.044 1198 2198 I InputReader: Touch event's action is 0x0 (id=2, t=0) [pCnt=1, s=0.40843 ] when=3058606.278370
05-05 21:58:15.045 1198 2197 I InputDispatcher: Delivering touch to (7710): action: 0x4, f=0x0, d=0, 'b72f582', t=1
05-05 21:58:15.045 1198 2197 I InputDispatcher: Delivering touch to (20505): action: 0x0, f=0x0, d=0, '6db2446', t=1
05-05 21:58:15.046 1198 2189 D PocketModeEvent: touch action : 0
05-05 21:58:15.046 1198 1244 D Sprites : image state surfaceDrawn w:87 h:87
05-05 21:58:15.048 1198 9713 D CustomFrequencyManagerService: FrequencyrequestList.getNextSchedTuneBoostRequest, index: 0
05-05 21:58:15.048 1198 9713 I PowerHalWrapper: phwperfLockAcq
05-05 21:58:15.048 1198 9713 I mtkperf_client: [perf_lock_acq] hdl:160750, dur:0, num:2
05-05 21:58:15.049 1198 9713 I mtkperf_client: perf_lock_acq, hdl:160750, dur:0, tid:9713
05-05 21:58:15.049 588 615 I mtkpower@1.0-impl: perfLockAcquire hdl:160750, duration:0, reserved:9713
05-05 21:58:15.049 1198 2194 D PocketModeEvent: MSG_TYPE_HOVER_RECHECK_DISABLE
05-05 21:58:15.050 588 614 I powerd : [powerd_req] POWER_MSG_PERF_LOCK_ACQ: hdl:160750, duration:0
05-05 21:58:15.050 588 614 I libPowerHal: perf_lock_acq find match handle - handle:160750 idx:178
05-05 21:58:15.050 588 614 I libPowerHal: perfLockAcq hdl:160750 pid:1198 duration:0 pid_exist:1 => new_hdl:160750
05-05 21:58:15.050 588 614 I libPowerHal: [perfScnUpdate] scn:178, update
05-05 21:58:15.051 588 614 E RilUtility: notify_rild_opt_info socket error
05-05 21:58:15.051 588 614 I powerd : [powerd_req] POWER_MSG_PERF_LOCK_ACQ: return hdl:160750
05-05 21:58:15.052 1198 9713 I mtkperf_client: ret_hdl:160750
05-05 21:58:15.053 1198 1212 I PowerHalWrapper: phwperfLockAcq
05-05 21:58:15.053 1198 1212 I mtkperf_client: [perf_lock_acq] hdl:160750, dur:0, num:2
05-05 21:58:15.054 20505 20505 I ViewRootImpl@e421f10[WelcomeScreenWithFragments]: ViewPostIme pointer 0
05-05 21:58:15.056 1198 1212 I mtkperf_client: perf_lock_acq, hdl:160750, dur:0, tid:1212
05-05 21:58:15.056 588 615 I mtkpower@1.0-impl: perfLockAcquire hdl:160750, duration:0, reserved:1212
05-05 21:58:15.056 588 614 I powerd : [powerd_req] POWER_MSG_PERF_LOCK_ACQ: hdl:160750, duration:0
05-05 21:58:15.057 588 614 I libPowerHal: perf_lock_acq find match handle - handle:160750 idx:178
05-05 21:58:15.057 588 614 I libPowerHal: perfLockAcq hdl:160750 pid:1198 duration:0 pid_exist:1 => new_hdl:160750
05-05 21:58:15.057 588 614 I libPowerHal: [perfScnUpdate] scn:178, update
05-05 21:58:15.058 588 614 E RilUtility: notify_rild_opt_info socket error
05-05 21:58:15.058 588 614 I powerd : [powerd_req] POWER_MSG_PERF_LOCK_ACQ: return hdl:160750
05-05 21:58:15.059 616 616 I SurfaceFlinger: Display 0 HWC layers:
05-05 21:58:15.059 616 616 I SurfaceFlinger: type | handle | flag | format | source crop (l,t,r,b) | frame | name
05-05 21:58:15.059 616 616 I SurfaceFlinger: ------------+--------------+------+-----------+----------------------------+---------------------+------
05-05 21:58:15.059 616 616 I SurfaceFlinger: SOLID_COLOR | | 0000 | Unknown | 0.0 0.0 0.0 0.0 | 0 0 1080 79 | Letterbox - top#0
05-05 21:58:15.059 616 616 I SurfaceFlinger: DEVICE | 0x71656d0c40 | 0002 | RGBA_8888 | 0.0 0.0 1080.0 2321.0 | 0 79 1080 2400 | com.yeti.browser/org.chromium.chrome.WelcomeScreenWithFragments$_20505#0
05-05 21:58:15.059 616 616 I SurfaceFlinger: DEVICE | 0x71656d0100 | 0000 | RGBA_8888 | 0.0 0.0 67.0 466.0 | 1013 492 1080 958 | com.samsung.android.app.cocktailbars[...]rservice.CocktailBarService$_25847#0
05-05 21:58:15.059 616 616 I SurfaceFlinger: DEVICE | 0x71656cfd40 | 0000 | RGBA_8888 | 0.0 0.0 1080.0 126.0 | 0 2274 1080 2400 | NavigationBar0$_7710#0
05-05 21:58:15.059 616 616 I SurfaceFlinger: CURSOR | 0x71864a2f00 | 0000 | RGBA_8888 | 0.0 0.0 87.0 87.0 | 585 1741 672 1828 | Sprite#1
05-05 21:58:15.059 616 616 I SurfaceFlinger: DEVICE | 0x71864a4800 | 0000 | RGBA_8888 | 0.0 0.0 1080.0 181.0 | 0 0 1080 1
05-05 21:58:15.059 1198 1212 I mtkperf_client: ret_hdl:160750
05-05 21:58:15.059 616 616 I SurfaceFlinger: 81 | ScreenDecorOverlay$_7710#0
05-05 21:58:15.059 616 616 I SurfaceFlinger: DEVICE | 0x7187e65080 | 0000 | RGBA_8888 | 0.0 0.0 1080.0 181.0 | 0 2219 1080 2400 | ScreenDecorOverlayBottom$_7710#0
05-05 21:58:15.059 616 616 I SurfaceFlinger:
05-05 21:58:15.122 1198 2198 D InputReader: Btn_touch(2): value=0 when=3058606.356518
05-05 21:58:15.122 1198 2198 I InputReader: Touch event's action is 0x1 (id=2, t=0) [pCnt=1, s=] when=3058606.356518
05-05 21:58:15.123 1198 2197 I InputDispatcher: Delivering touch to (20505): action: 0x1, f=0x0, d=0, '6db2446', t=1
05-05 21:58:15.123 20505 20505 I ViewRootImpl@e421f10[WelcomeScreenWithFragments]: ViewPostIme pointer 1
05-05 21:58:15.125 1198 1198 D GameManagerService: identifyGamePackage. com.yeti.browser, mCurrentUserId: 0, callerUserId: 0
05-05 21:58:15.126 1198 1198 D GamePkgDataHelper: getGamePkgData(). com.yeti.browser
05-05 21:58:15.126 1198 1198 D CustomFrequencyManagerService: acquireDVFSLockLocked : type : DVFS_MIN_LIMIT frequency : 1295000 uid : 1000 pid : 1198 pkgName : GESTURE_DETECTED@CPU_MIN@55
05-05 21:58:15.181 1198 1198 E PocketModeEvent: unregisterSensor L : -1 P : 0
05-05 21:58:15.181 1198 1198 D Debug_Camera_Manager: Entering2 unRegisterCameraLightSensorcom.samsung.android.gesture.PocketModeEvent$2@709f2de
05-05 21:58:15.181 1198 1198 E CameraLightSensor_Manager: No camera light sensor listeners present
05-05 21:58:15.182 1198 1198 E SensorManager: [CameraLight] unregisterListener fail : com.samsung.android.gesture.PocketModeEvent$2@709f2de
05-05 21:58:15.182 1198 1198 D SensorService: removeConnection, index : 0, size : 1
05-05 21:58:15.182 1198 1198 D SensorService: # removeConnection, index : 0, size : 0
05-05 21:58:15.182 1198 1198 D SensorService: Calling activate off 8
05-05 21:58:15.183 580 580 I Sensors : sensorActivate: handle 34 enable 0
05-05 21:58:15.184 580 580 I Sensors : type : 34, enable : 0
05-05 21:58:15.185 1198 1198 D SensorManager: unregisterListener ::
05-05 21:58:15.185 1198 1198 D Debug_Camera_Manager: Entering2 unRegisterCameraLightSensorcom.samsung.android.gesture.PocketModeEvent$3@f13c3d3
05-05 21:58:15.185 1198 1198 E CameraLightSensor_Manager: No camera light sensor listeners present
05-05 21:58:15.185 1198 1198 E SensorManager: [CameraLight] unregisterListener fail : com.samsung.android.gesture.PocketModeEvent$3@f13c3d3
05-05 21:58:15.213 1198 1027 D MotionRecognitionService: values = 50.0
05-05 21:58:15.213 1198 1027 D MotionRecognitionService: onReceive lux: 50.0 action:
05-05 21:58:15.213 1198 1027 D MotionRecognitionService: Inject brightness form Cam 50.0
05-05 21:58:15.213 1198 1027 D MotionRecognitionService: Inject calibrated lux
05-05 21:58:15.214 580 580 I Sensors : AutoBrightnessSensor::inject_sensor_data: cam_lux 50
05-05 21:58:15.255 574 1240 I hwcomposer: [HWCDisplay] [Display_0 (type:1)] fps:60.065056,dur:1015.57,max:23.21,min:11.33
05-05 21:58:15.291 616 2237 I BufferQueueProducer: [com.yeti.browser/org.chromium.chrome.WelcomeScreenWithFragments$_20505#0](this:0x7165788800,id:37052,api:0,p:-1,c:616) queueBuffer: fps=56.05 dur=1016.99 max=36.69 min=5.89
05-05 21:58:15.357 616 616 I SurfaceFlinger: Display 0 HWC layers:
05-05 21:58:15.357 616 616 I SurfaceFlinger: type | handle | flag | format | source crop (l,t,r,b) | frame | name
05-05 21:58:15.357 616 616 I SurfaceFlinger: ------------+--------------+------+-----------+----------------------------+---------------------+------
