05-05 21:58:00.001 1198 2187 V SamsungAlarmManager: Sending to uid : 1000 listener=com.android.server.AlarmManagerService$2@88e7d82 alarm=Alarm{d69ec4d type 3 when 5970592515 android}
05-05 21:58:00.002 1198 2187 D SamsungAlarmManager: setExact Listener (T:3/F:1/AC:false) 20210505T215900 - CU:1000/CP:1198
05-05 21:58:00.002 1198 2187 I SamsungAlarmManager: setLocked to kernel - T:2 / 20210505T220000, SetElapsed=5970712515, nowELAPSED=5970592516
05-05 21:58:00.002 1198 2187 I SamsungAlarmManager: setLocked to kernel - T:3 / 20210505T215809, SetElapsed=5970602435, nowELAPSED=5970592516
05-05 21:58:00.004 7710 7710 D KeyguardUpdateMonitor: received broadcast android.intent.action.TIME_TICK
05-05 21:58:00.004 7710 7710 D KeyguardUpdateMonitor: handleTimeUpdate
05-05 21:58:00.004 7710 7710 D FaceWidgetPagesController: onTimeChanged()
05-05 21:58:00.004 1198 2187 I SamsungAlarmManager: setLocked to kernel - T:2 / 20210505T220000, SetElapsed=5970712515, nowELAPSED=5970592519
05-05 21:58:00.005 1198 2187 I SamsungAlarmManager: setLocked to kernel - T:3 / 20210505T215809, SetElapsed=5970602435, nowELAPSED=5970592519
05-05 21:58:00.005 7710 7710 D QSClockBellTower: He is ready to ring the bell. (((timeText:9:58, skipUpdateForDemo:false, dateText:Wed, 5 May, shortenDateText = Wed, 5 May)))
05-05 21:58:00.006 7710 7710 D QSClock : status_bar_clock notifyTimeChanged(currentTime:9:58) mClockVisibleByPolicy:true, mClockVisibleByUser:true, visible?true, parent:android.widget.LinearLayout{761b1b1 V.E...... ......ID 0,0-75,79 #7f0a039b app:id/left_clock_container}
05-05 21:58:00.006 7710 7710 D QSClockBellTower: Everyone heard the bell. run(currentTime:1620232080005, getTime():Wed May 05 21:58:00 GMT+05:30 2021, getTimeZone():libcore.util.ZoneInfo[id="Asia/Kolkata",mRawOffset=19800000,mEarliestRawOffset=19270000,mUseDst=false,mDstSavings=0,transitions=5])
05-05 21:58:00.015 616 616 I SurfaceFlinger: SFWD update time=3058591250593151
05-05 21:58:00.017 7710 7710 D QSContainerImpl: getDisplayHeight portrait? true displayHeight= 2400
05-05 21:58:00.045 7710 666 I AODCommonSettingsUtils: addLogText
05-05 21:58:00.107 1198 1027 D MotionRecognitionService: values = 50.0
05-05 21:58:00.107 1198 1027 D MotionRecognitionService: onReceive lux: 50.0 action:
05-05 21:58:00.107 1198 1027 D MotionRecognitionService: Inject brightness form Cam 50.0
05-05 21:58:00.108 1198 1027 D MotionRecognitionService: Inject calibrated lux
05-05 21:58:00.108 7330 7472 D ContactsProvider_EventLog: contents_sample_state: [CONTACT contacts(1) data(2) accounts({vnd.sec.contact.phone (2)=1}) accounts deleted({}) in_trash(in_trash(0), in_trash_for_sync(0)) calls([]) countryIso(IN) userId(0) ]
05-05 21:58:00.108 7330 7472 D ContactsProvider_EventLog: contents_sample_state: [ agr({[2]=1}) ]
05-05 21:58:00.108 7330 7472 D ContactsProvider_EventLog: contents_sample_state: [ actCnt({android.process.acore(7330)=1}) ]
05-05 21:58:00.108 7330 7472 D ContactsProvider_EventLog: contents_sample_state: [PROFILE contacts(0) data(0) accounts({}) ] [SAPROFILE contacts(0) data(0) accounts({}) ]
05-05 21:58:00.108 7330 7472 D ContactsProvider_EventLog: contents_sample_state: [STORAGE Contacts(CE) Profile(CE) SAProfile(CE) CallLog(CE) ]
05-05 21:58:00.109 580 580 I Sensors : AutoBrightnessSensor::inject_sensor_data: cam_lux 50
05-05 21:58:00.307 1198 1027 D MotionRecognitionService: values = 50.0
05-05 21:58:00.308 1198 1027 D MotionRecognitionService: onReceive lux: 50.0 action:
05-05 21:58:00.308 1198 1027 D MotionRecognitionService: Inject brightness form Cam 50.0
05-05 21:58:00.308 1198 1027 D MotionRecognitionService: Inject calibrated lux
05-05 21:58:00.309 580 580 I Sensors : AutoBrightnessSensor::inject_sensor_data: cam_lux 50
05-05 21:58:00.508 1198 1027 D MotionRecognitionService: values = 50.0
05-05 21:58:00.508 1198 1027 D MotionRecognitionService: onReceive lux: 50.0 action:
05-05 21:58:00.509 1198 1027 D MotionRecognitionService: Inject brightness form Cam 50.0
05-05 21:58:00.509 1198 1027 D MotionRecognitionService: Inject calibrated lux
05-05 21:58:00.510 580 580 I Sensors : AutoBrightnessSensor::inject_sensor_data: cam_lux 50
05-05 21:58:00.709 1198 1027 D MotionRecognitionService: values = 50.0
05-05 21:58:00.710 1198 1027 D MotionRecognitionService: onReceive lux: 50.0 action:
05-05 21:58:00.710 1198 1027 D MotionRecognitionService: Inject brightness form Cam 50.0
05-05 21:58:00.710 1198 1027 D MotionRecognitionService: Inject calibrated lux
05-05 21:58:00.711 580 580 I Sensors : AutoBrightnessSensor::inject_sensor_data: cam_lux 50
05-05 21:58:00.768 8228 8228 I io_stats: !@ 179,0 r 24141047 569584465 w 12035313 392004648 d 452814 302849084 f 6307832 7850398 iot 16618636 15985850 th 51200 51200 43736 pt 35856 inp 0 0 3058592.001
05-05 21:58:00.834 1030 1061 I CameraManagerGlobal: postSingleUpdate device: camera id 0 status STATUS_PRESENT
05-05 21:58:00.835 1030 1061 I CameraManagerGlobal: postSingleUpdate device: camera id 1 status STATUS_PRESENT
05-05 21:58:00.835 1030 1061 I CameraManagerGlobal: postSingleUpdate device: camera id 2 status STATUS_PRESENT
05-05 21:58:00.835 1030 1061 D CameraLightSensor_Service: Camera 1 is available
05-05 21:58:00.835 1030 1061 D CameraLightSensor_Service: Camera open callback start
05-05 21:58:00.842 681 9356 I CameraService: CameraService::connect call (PID -1 "com.samsung.adaptivebrightnessgo", camera ID 1) for HAL version default and Camera API version 2
05-05 21:58:00.843 681 9356 I CameraService: UidPolicy: isUidActive, uid = 5021
05-05 21:58:00.843 681 9356 I CameraService: this is a adaptive brightness service.
05-05 21:58:00.843 681 9356 I CameraService: CameraService::validateClientPermissionsLocked is ok : calling pid 1030, calling uid 5021, client com.samsung.adaptivebrightnessgo , cameraservice pid=681, device user 0, currently allowed device users: 0
05-05 21:58:00.844 681 9356 I CameraService: CameraService::handleEvictionsLocked
05-05 21:58:00.844 681 9356 I CameraService: this is a adaptive brightness service.
05-05 21:58:00.844 681 9356 I CameraService: wouldEvictLocked: current cost=0, cost=100, total cost=100, max cost=100, returnIncompatibleClients=false
05-05 21:58:00.845 681 9356 I CameraService: wouldEvictLocked: owner=1030, priority-score=999, highestPriorityOwner=1030, highestPriority-score=999
05-05 21:58:00.845 681 9356 I CameraService: this is a adaptive brightness service.
05-05 21:58:00.845 681 9356 I CameraFlashlight: prepareDeviceOpen: prepare for device open(cameraId=1, needSkip = 1)
05-05 21:58:00.845 681 9356 I CameraFlashlight: Skip prepareDeviceOpen
05-05 21:58:00.845 681 9356 E CameraService: setCompanionDisableSysFs : cc.disable property set to 0
05-05 21:58:00.849 681 9356 I Camera2ClientBase: Camera 1: Opened. Client: com.samsung.adaptivebrightnessgo (PID 1030, UID 5021)
05-05 21:58:00.849 681 9356 I CameraDeviceClient: CameraDeviceClient 1: Opened
05-05 21:58:00.851 681 9356 I CameraService: service.camera.client set to com.samsung.adaptivebrightnessgo
05-05 21:58:00.851 681 9356 I CameraService: startCameraOps: Start camera ops, package name = com.samsung.adaptivebrightnessgo, client UID = 5021
05-05 21:58:00.851 681 9356 I CameraService: this is a adaptive brightness service.
05-05 21:58:00.855 681 9356 I CameraService: Drop checking dpm for package com.samsung.adaptivebrightnessgo(pid 1030)
05-05 21:58:00.855 681 9356 I CameraService: Drop updateStatus callbak for package com.samsung.adaptivebrightnessgo(pid 1030)
05-05 21:58:00.855 681 9356 I CameraService: updateProxyDeviceState: notifyCameraState for Camera ID 1, newState 0, facing 1, clientName com.samsung.adaptivebrightnessgo, apiLevel 2
05-05 21:58:00.855 1198 9710 I AudioManager: setParameters keyValuePairs = cameraFacing=front
05-05 21:58:00.856 681 9356 D Camera3-Device: CameraPerf: initialize E
05-05 21:58:00.856 681 9356 D Camera3-Device: initialize: mInterfaceLock.lock()
05-05 21:58:00.856 681 9356 D CameraProviderManager: CameraPerf: openSession E
05-05 21:58:00.856 7710 28497 I CameraManagerGlobal: Camera 1 facing CAMERA_FACING_FRONT state now CAMERA_STATE_OPEN for client com.samsung.adaptivebrightnessgo API Level 2
05-05 21:58:00.856 591 591 I SehCamDev@4.0-impl: [CAMKPI] camera3->open : E
05-05 21:58:00.856 591 591 I CamComm1.0-CamModule: [CAMKPI] camera_module->open : E
05-05 21:58:00.856 1030 12342 I CameraManagerGlobal: Camera 1 facing CAMERA_FACING_FRONT state now CAMERA_STATE_OPEN for client com.samsung.adaptivebrightnessgo API Level 2
05-05 21:58:00.857 591 591 I AVSP : CameraDevice.cpp: OpenCameraHardware_v3: 389: name : 1 camera id : 1
05-05 21:58:00.857 565 645 D AudioALSAHardware: +setParameters(): cameraFacing=front
05-05 21:58:00.857 565 645 W AudioALSAHardware: setParameters(), still have param.size() = 1, remain param = "cameraFacing=front"
05-05 21:58:00.857 565 645 D AudioALSAHardware: -setParameters(): cameraFacing=front
05-05 21:58:00.857 591 591 I mtkcam-devicemgr: [openDeviceLocked] open camera3 device id(1) systraceLevel(1) virtualDevice(0x761bfe7210) camra3device(0x761be75400)
05-05 21:58:00.856 9371 11469 I CameraManagerGlobal: Camera 1 facing CAMERA_FACING_FRONT state now CAMERA_STATE_OPEN for client com.samsung.adaptivebrightnessgo API Level 2
05-05 21:58:00.862 591 591 I mtkcam-devicemgr: [attachOpenDeviceLocked] device: device@3.5/legacy/1 openTimestamp:05-05 21:58:00.862
05-05 21:58:00.862 591 591 I mtkcam-devicemgr: [open] Skipped starting MEMBOOST
05-05 21:58:00.862 591 591 I AVSP : CameraDevice.cpp: CheckCameraHal3Ops: 334: register_stream_buffers is not implemented in vendor HAL.
05-05 21:58:00.862 591 591 I AVSP : CameraDevice.cpp: CheckCameraHal3Ops: 349: get_metadata_vendor_tag_ops is not implemented in vendor HAL.
05-05 21:58:00.862 591 591 I AVSP : CameraDevice.cpp: CheckCameraHal3Ops: 369: signal_stream_flush is not implemented in vendor HAL.
05-05 21:58:00.862 591 591 I AVSP : CameraDevice.cpp: CheckCameraHal3Ops: 374: is_reconfiguration_required is not implemented in vendor HAL.
05-05 21:58:00.862 591 591 I AVSP : CameraDevice.cpp: OpenCameraHardware_v3: 422: pModule(0x7614326338), vDevice3(0x761be75410)
05-05 21:58:00.862 591 591 I AVSP : CameraHalUnit.cpp: CameraHalUnit: 84: hwModule=0x761a157010, pHwDevice=0x760819ebc0, pCamera3Device=0x760819ebc0, cameraId=1, deviceInfo=0x761a159920
05-05 21:58:00.862 591 591 I AVSP : ParameterManager.cpp: SetCameraCharacteristics: 80: Registered camera characteristics successfully. : cameraId=1, characteristics=0x761bee8cc0
05-05 21:58:00.862 591 591 I CamComm1.0-CamModule: [CAMKPI] camera_module->open : X
05-05 21:58:00.862 591 591 I SehCamDev@4.0-impl: [CAMKPI] camera3->open : X
05-05 21:58:00.863 591 591 I mtkcam-dev3_legacy: [1-session::i_initialize] +
05-05 21:58:00.864 588 615 I legacy_power@2.1-impl: @Deprecated scnDisable hdl:160752
05-05 21:58:00.865 588 614 I libPowerHal: perfUserScnDisable - handle:160752
05-05 21:58:00.866 588 614 I libPowerHal: perfUserRegScn - i:49, hdl:151888, pid:591, tid:1047
05-05 21:58:00.866 588 614 I libPowerHal: perfUserRegScn - i:50, hdl:160753, pid:591, tid:1047
05-05 21:58:00.866 588 614 I libPowerHal: perfUserRegScn - i:51, hdl:160752, pid:591, tid:1047
05-05 21:58:00.866 588 615 I legacy_power@2.1-impl: scnReg hdl:160753
05-05 21:58:00.866 588 615 I legacy_power@2.1-impl: @Deprecated scnUnreg hdl:160752
05-05 21:58:00.867 588 614 I libPowerHal: perfUserRegScn - i:49, hdl:151888, pid:591, tid:1047
05-05 21:58:00.867 588 614 I libPowerHal: perfUserRegScn - i:50, hdl:160753, pid:591, tid:1047
05-05 21:58:00.867 588 614 I libPowerHal: perfUserRegScn - i:51, hdl:160754, pid:591, tid:1047
05-05 21:58:00.867 588 615 I legacy_power@2.1-impl: scnReg hdl:160754
05-05 21:58:00.867 588 615 I legacy_power@2.1-impl: @Deprecated scnConfig hdl:160753, cmd:5, param1:1, param2:0, param3:0, param4:0
05-05 21:58:00.868 588 614 I libPowerHal: perfUserRegScn - i:49, hdl:151888, pid:591, tid:1047
05-05 21:58:00.868 588 614 I libPowerHal: perfUserRegScn - i:50, hdl:160753, pid:591, tid:1047
05-05 21:58:00.868 588 614 I libPowerHal: perfUserRegScn - i:51, hdl:160754, pid:591, tid:1047
05-05 21:58:00.868 588 614 I libPowerHal: perfUserRegScn - i:52, hdl:160755, pid:591, tid:1047
05-05 21:58:00.869 588 615 I legacy_power@2.1-impl: scnReg hdl:160755
05-05 21:58:00.869 588 615 I legacy_power@2.1-impl: @Deprecated scnEnable hdl:160753, timeout:1000
05-05 21:58:00.869 588 614 I libPowerHal: perfUserScnEnable - handle:160753
05-05 21:58:00.870 591 591 I mtkcam-AppStreamMgr: [1-CallbackHandler::CallbackHandler] enableMetaMerge 1
05-05 21:58:00.870 588 614 I libPowerHal: 50: cpu_ctrl set freq: 1700000 -1 2000000 -1
05-05 21:58:00.870 591 591 I mtkcam-AppStreamMgr: [1-FrameHandler::FrameHandler] IsDejitterEnabled = 1, EnableMetaPending = 1
05-05 21:58:00.871 588 615 I legacy_power@2.1-impl: @Deprecated scnConfig hdl:160754, cmd:73, param1:1, param2:0, param3:0, param4:0
05-05 21:58:00.871 591 591 I mtkcam-dev3_legacy: [1-session::tryRunCommandLocked] Run command onInitialLocked -
05-05 21:58:00.872 591 21353 I mtkcam-DeviceAdapter: 1[HalDeviceAdapter::powerOn] powerOn +
05-05 21:58:00.872 588 615 I legacy_power@2.1-impl: @Deprecated scnEnable hdl:160754, timeout:0
05-05 21:58:00.872 591 21353 I Hal3Av3 : [createInstance] sensorIdx(1) HalDeviceAdapter:1
05-05 21:58:00.872 591 21353 I Hal3AFlowCtrl: [init] +
05-05 21:58:00.872 591 21353 I Hal3AFlowCtrl_thread: [Thread3AImp] Enter (2)
05-05 21:58:00.872 591 21353 I Hal3AFlowCtrl_thread: [createThread] SEC date.0216 +
05-05 21:58:00.872 588 614 I libPowerHal: perfUserScnEnable - handle:160754
05-05 21:58:00.872 591 21354 D SeninfDrvImp: [init][init]: Entry count 0
05-05 21:58:00.872 591 21353 I Hal3AFlowCtrl_thread: [createThread] -
05-05 21:58:00.872 591 21353 I Hal3ARaw: [init] m_Users: 0, SensorDev 2, index 1
05-05 21:58:00.872 591 21353 I Hal3ARaw: [init] 2D
05-05 21:58:00.872 591 21353 I Drv/HWsync: Drv/HWsync[init] +, user&cnt(HW_SYNC_USER_AE,0),srIdxNum(0)
05-05 21:58:00.872 591 21353 I Drv/HWsync: Drv/HWsync[init] mAECyclePeriod(3)
05-05 21:58:00.872 591 21353 W nvbuf_util.cpp: [getInstance:398] getInstance, bInit(1)
05-05 21:58:00.872 591 21353 W nvbuf_util.cpp: [getBufAndReadNoLock:685] ramId(1), sensorDev(2), p(0x761bfea600), bForceRead(0) +
05-05 21:58:00.872 591 21353 W nvbuf_util.cpp: [getInstance:398] getInstance, bInit(1)
05-05 21:58:00.872 591 21353 W nvbuf_util.cpp: [getBufAndReadNoLock:685] ramId(4), sensorDev(2), p(0x7600a55e40), bForceRead(0) +
05-05 21:58:00.872 591 21353 W nvbuf_util.cpp: [getInstance:398] getInstance, bInit(1)
05-05 21:58:00.872 591 21353 W nvbuf_util.cpp: [getBufAndReadNoLock:685] ramId(0), sensorDev(2), p(0x0), bForceRead(0) +
05-05 21:58:00.872 591 21355 I Hal3AFlowCtrl_thread: +
05-05 21:58:00.873 591 21355 I Hal3AFlowCtrl_thread: [Hal3AFlowCtrl::onThreadLoop] policy:(expect, result)=(0, 0), priority:(expect, result)=(-16, -16), SEC.date.0325, priority:(3A_HI, 3A)=(-20, -16)
05-05 21:58:00.873 591 21355 I Hal3AFlowCtrl_thread: [getCommand] mCmdQCond.wait +
05-05 21:58:00.873 588 615 I legacy_power@2.1-impl: @Deprecated scnConfig hdl:160755, cmd:79, param1:100, param2:0, param3:0, param4:0
05-05 21:58:00.873 588 615 I legacy_power@2.1-impl: @Deprecated scnEnable hdl:160755, timeout:0
05-05 21:58:00.873 588 614 I libPowerHal: perfUserScnEnable - handle:160755
05-05 21:58:00.874 591 21353 I FlashHal: init().
05-05 21:58:00.874 591 21353 I FlashMgrM: init().
05-05 21:58:00.874 591 21353 I FlashAlgoAdapter: setFlashType+
05-05 21:58:00.874 591 21353 I FlashNvram: nvRead3A().
05-05 21:58:00.874 591 21353 W nvbuf_util.cpp: [getInstance:398] getInstance, bInit(1)
05-05 21:58:00.874 591 21353 W nvbuf_util.cpp: [getBufAndReadNoLock:685] ramId(1), sensorDev(2), p(0x761bfea600), bForceRead(0) +
05-05 21:58:00.874 681 9356 D CameraProviderManager: CameraPerf: openSession X
05-05 21:58:00.874 591 21353 I FlashNvram: nvReadStrobe().
05-05 21:58:00.874 591 21353 W nvbuf_util.cpp: [getInstance:398] getInstance, bInit(1)
05-05 21:58:00.874 591 21353 W nvbuf_util.cpp: [getBufAndReadNoLock:685] ramId(5), sensorDev(2), p(0x760f1e2000), bForceRead(0) +
05-05 21:58:00.874 591 21353 I FlashNvram: nvReadFlashCali().
05-05 21:58:00.874 591 21353 W nvbuf_util.cpp: [getInstance:398] getInstance, bInit(1)
05-05 21:58:00.874 591 21353 W nvbuf_util.cpp: [getBufAndReadNoLock:685] ramId(12), sensorDev(2), p(0x760b16b0c0), bForceRead(0) +
05-05 21:58:00.874 591 21353 D flash_tuning_custom_sub.cpp: paraIdx=0 aeSceneInd =2
05-05 21:58:00.874 591 21353 D flash_tuning_custom_sub.cpp: copyTuningPara sub yTarget=188
05-05 21:58:00.874 591 21353 E StrobeDrvFlashlight: getMaxDuty(): failed. (getMaxDuty){#264:vendor/mediatek/proprietary/hardware/mtkcam/aaa/source/isp_40/../common/strobe/strobe_drv_flashlight.cpp}
05-05 21:58:00.874 591 21353 I FlickerHal: init().
05-05 21:58:00.874 591 21353 I FlickerHal: init flicker custom adaptor.
05-05 21:58:00.874 591 21353 I FlickerPlatformAdapter: createBuf(). Create buf success.
05-05 21:58:00.874 591 21353 W nvbuf_util.cpp: [getInstance:398] getInstance, bInit(1)
05-05 21:58:00.874 591 21353 W nvbuf_util.cpp: [getBufAndReadNoLock:685] ramId(0), sensorDev(2), p(0x0), bForceRead(0) +
05-05 21:58:00.874 591 21353 E paramctrl_lifetime: open /proc/driver/thermal/clNR_status failed, disable NR cooler
05-05 21:58:00.874 591 21353 E paramctrl_lifetime: (Paramctrl){#255:vendor/mediatek/proprietary/hardware/mtkcam/aaa/source/isp_40/isp_tuning/paramctrl/paramctrl_lifetime.cpp}
05-05 21:58:00.874 591 21354 D SeninfDrvImp: [init]Efuse Data:0x11ce018c= 0x6c1ce6b4, 0x11ce0190= 0x741c841e, 0x11ce01ac= 0x7b40e838, 0x11ce01b0= 0x7b400000
05-05 21:58:00.874 591 21354 D SeninfDrvImp: [init][init]: Exit count 1
05-05 21:58:00.874 591 21354 D SeninfDrvImp: [configMclk][configMclk] Tg1clk: 26 pcEn = 1
05-05 21:58:00.874 591 21354 D SeninfDrvImp: [configMclk]mclk1: 26, clkCnt1: 0 pclkInv 0
05-05 21:58:00.874 591 21354 D SeninfDrvImp: [setMclk][setMclk]pcEn(1), clkPol(0), mMclkUser[3](1), TimestampClk(103), freq(26), mclkIdx 3
05-05 21:58:00.875 681 9356 D Camera3-Device: CameraPerf: initialize X
05-05 21:58:00.875 681 9356 D Camera3-Device: CameraPerf: initializeCommonLocked: E
05-05 21:58:00.875 681 9356 I Camera3-Status: addComponent: Adding new component 0 - InFlightStatus
05-05 21:58:00.875 681 9356 I Camera3-Status: addComponent: Adding new component 1 - RequestThread
05-05 21:58:00.875 591 21353 D AppTsf : [AppTsf] constructor ; ShadingVersion: 2019.0807.0919
05-05 21:58:00.875 591 21353 D tsf_core: [TsfCore] constructor
05-05 21:58:00.875 681 9356 D Camera3-Device: CameraPerf: initializeCommonLocked: X
05-05 21:58:00.876 681 9356 E Camera2-FrameProcessorBase: FrameProcessorBase: created
05-05 21:58:00.876 681 9356 E Camera2-FrameProcessorBase: registerListener: Registering listener for frame id range 0 - 2147483647
05-05 21:58:00.876 681 9356 I CameraService: CameraService::finishConnectLocked E
05-05 21:58:00.876 681 9356 I CameraService: wouldEvictLocked: current cost=0, cost=100, total cost=100, max cost=100, returnIncompatibleClients=false
05-05 21:58:00.876 681 9356 I CameraService: wouldEvictLocked: owner=1030, priority-score=999, highestPriorityOwner=1030, highestPriority-score=999
05-05 21:58:00.877 681 9356 I CameraService: addAndEvict: push the client(owner 1030, priorityScore 999, state 7) to mClients
05-05 21:58:00.877 681 9356 I CameraService: CameraService::finishConnectLocked X
05-05 21:58:00.877 1198 3839 D SensorService: Calling batch handle==4 flags=0 rate=20000000 timeout== 0
05-05 21:58:00.877 681 9356 I CameraDeviceClient: notifyAppPackageName
05-05 21:58:00.877 681 9356 D Camera3-Device: CameraPerf: setParameters E
05-05 21:58:00.877 580 580 I Sensors : sensorBatch: handle=4 period=20000000 timeout=0
05-05 21:58:00.877 580 580 I Sensors : sensorActivate: handle 4 enable 1
05-05 21:58:00.878 591 591 I AVSP : ParameterManager.cpp: SetSamsungExtraData: 94: data: pkgName=com.samsung.adaptivebrightnessgo;
05-05 21:58:00.878 591 21353 I Hal3ARaw: [querySensorStaticInfo] SensorDev(2), SensorOpenIdx(1), rawFmtType(4), SensorPreviewDelay(2), AeShutDelayFrame(0), AeISPGainDelayFrame(2) AEEffectiveFrame(0)
05-05 21:58:00.878 591 21353 I Hal3ARaw: [init] done
05-05 21:58:00.878 591 21353 I Hal3AFlowCtrl: [init] - eType(1), sensor(2), sensorIdx(1)
05-05 21:58:00.878 591 591 I : first-entrance :
05-05 21:58:00.878 591 591 I : setSecConfigValue : key [9], value [0]
05-05 21:58:00.878 591 591 I : samsungcamera :
05-05 21:58:00.878 591 591 I : setSecConfigValue : key [10], value [0]
05-05 21:58:00.878 591 591 I : factorytest:
05-05 21:58:00.878 591 591 I : setSecConfigValue : key [11], value [0]
05-05 21:58:00.878 591 591 I : vtmode:
05-05 21:58:00.878 591 591 I : setSecConfigValue : key [12], value [0]
05-05 21:58:00.878 591 591 I : operation_mode:
05-05 21:58:00.878 591 591 I : setSecConfigValue : key [13], value [0]
05-05 21:58:00.878 591 591 I mtkcam-dev3_legacy: [1-session::tryRunCommandLocked] Run command onSetParametersLocked -
05-05 21:58:00.878 580 580 I Sensors : type : 4, enable : 1
05-05 21:58:00.878 681 9356 D Camera3-Device: CameraPerf: setParameters X
05-05 21:58:00.878 681 9356 I CameraService: Notified package name to HAL.
05-05 21:58:00.879 1030 1061 D CameraLightSensor_Service: Camera open callback finish
05-05 21:58:00.879 1030 1061 D CameraLightSensor_Service: Camera acquired, time = 5970593393
05-05 21:58:00.879 591 21353 I Hal3AFlowCtrl: [attachCb] m_pCbSet(0x0x0), cb(0x0x760f0d3808)
05-05 21:58:00.879 591 21353 I Hal3ARaw: [attachCb] m_pCbSet(0x0x0), cb(0x0x760f0d3808)
05-05 21:58:00.879 591 21353 I Hal3Av3 : [init] Done m_rConfigInfo.i4SubsampleCount(1), User.count(1), User init(HalDeviceAdapter:1)
05-05 21:58:00.879 1030 1061 I BufferQueue: [unnamed-1030-20085](this:0x747df7c000,id:20085,api:0,p:-1,c:-1) BufferQueue core=(1030:com.samsung.adaptivebrightnessgo)
05-05 21:58:00.879 1030 1061 I BufferQueueConsumer: [unnamed-1030-20085](this:0x747df7c000,id:20085,api:0,p:-1,c:1030) connect(C): consumer=(1030:com.samsung.adaptivebrightnessgo) controlledByApp=true
05-05 21:58:00.879 1030 1061 I BufferQueueConsumer: [unnamed-1030-20085](this:0x747df7c000,id:20085,api:0,p:-1,c:1030) setConsumerName: unnamed-1030-20085
05-05 21:58:00.879 1030 1061 I BufferQueueConsumer: [SurfaceTexture-0-1030-20085](this:0x747df7c000,id:20085,api:0,p:-1,c:1030) setConsumerName: SurfaceTexture-0-1030-20085
05-05 21:58:00.880 681 9356 D Camera3-Device: CameraPerf: constructDefaultRequestSettings templateId: 1 E
05-05 21:58:00.880 591 834 D ULogGuard: Monitoring: 6 threads, 0 requests, 0 time-bombs; 1 guards. ResetFlags = 0x7
05-05 21:58:00.880 681 9356 D Camera3-Device: CameraPerf: constructDefaultRequestSettings X
05-05 21:58:00.880 1198 3839 D SensorService: Calling batch handle==1 flags=0 rate=20000000 timeout== 0
05-05 21:58:00.880 580 580 I Sensors : sensorBatch: handle=1 period=20000000 timeout=0
05-05 21:58:00.881 580 580 I Sensors : sensorActivate: handle 1 enable 1
05-05 21:58:00.881 580 580 I Sensors : type : 1, enable : 1
05-05 21:58:00.881 681 9356 D Camera3-Device: CameraPerf: setParameters E
05-05 21:58:00.881 591 591 I AVSP : ParameterManager.cpp: SetSamsungExtraData: 94: data: shootingmode=30
05-05 21:58:00.881 591 591 I : first-entrance :
05-05 21:58:00.882 591 591 I : setSecConfigValue : key [9], value [0]
05-05 21:58:00.882 591 591 I : samsungcamera :
05-05 21:58:00.882 591 591 I : setSecConfigValue : key [10], value [0]
05-05 21:58:00.882 591 591 I : factorytest:
05-05 21:58:00.882 591 591 I : setSecConfigValue : key [11], value [0]
05-05 21:58:00.882 591 591 I : vtmode:
05-05 21:58:00.882 591 591 I : setSecConfigValue : key [12], value [0]
05-05 21:58:00.882 591 591 I : operation_mode:
05-05 21:58:00.882 591 591 I : setSecConfigValue : key [13], value [0]
05-05 21:58:00.882 591 591 I mtkcam-dev3_legacy: [1-session::tryRunCommandLocked] Run command onSetParametersLocked -
05-05 21:58:00.882 681 9356 D Camera3-Device: CameraPerf: setParameters X
05-05 21:58:00.882 681 9356 D Camera3-Device: waitUntilDrained: mInterfaceLock.unlock()
05-05 21:58:00.883 681 9356 D CameraDeviceClient: createStream E
05-05 21:58:00.883 681 9356 D CameraDeviceClient: createSurfaceFromGbp E: isStreamInfoValid=0, option=0
05-05 21:58:00.883 681 9356 W CameraDeviceClient: createSurfaceFromGbp: Camera 1 with consumer usage flag: 256: Forcing asynchronous mode for stream
05-05 21:58:00.883 681 9356 D CameraDeviceClient: createSurfaceFromGbp: consumer usage flag: 256, useAsync: 1
05-05 21:58:00.884 681 9356 D CameraDeviceClient: createSurfaceFromGbp: width=1, height=1, format=1, dataSpace=0
05-05 21:58:00.884 681 9356 W CameraDeviceClient: createSurfaceFromGbp: Camera 1: Overriding format 0x1 to IMPLEMENTATION_DEFINED
05-05 21:58:00.884 681 9356 D CameraDeviceClient: roundBufferDimensionNearest inWidth=1 inHeight=1, outWidth=176 outHeight=144 X
05-05 21:58:00.884 681 9356 D CameraDeviceClient: createSurfaceFromGbp X
05-05 21:58:00.884 681 9356 D Camera3-Device: createStream: mInterfaceLock.lock()
05-05 21:58:00.884 681 9356 D Camera3-Device: Camera 1: Creating new stream 0: 176 x 144, format 34, dataspace 0 rotation 0 consumer usage 0, isShared 0, physicalCameraId
05-05 21:58:00.884 681 9356 D Camera3-Device: createStream: mInterfaceLock.unlock()
05-05 21:58:00.884 681 9356 D CameraDeviceClient: createStream: Camera 1: Successfully created a new stream ID 0 for output surface (176 x 144) with format 0x22.
05-05 21:58:00.884 681 9356 D Camera3-Device: setStreamTransform: mInterfaceLock.lock()
05-05 21:58:00.884 681 9356 D Camera3-OutputStream: setTransformLocked: option(0) ,transform(13)
05-05 21:58:00.884 681 9356 D CameraDeviceClient: createStream X
05-05 21:58:00.885 681 9356 D Camera3-Device: filterParamsAndConfigureLocked : operatingMode=0
05-05 21:58:00.885 681 9356 D Camera3-Device: CameraPerf: configureStreamsLocked: Camera 1: Starting stream configuration
05-05 21:58:00.885 591 591 I SehCamDevSession@4.0-impl: [CAMKPI] camera3->configure_streams : E
05-05 21:58:00.885 591 591 I AVSP : AVSPHal3InterfaceEntry.cpp: AVSP_configure_streams: 242: operation_mode: 0
05-05 21:58:00.885 591 591 I AVSP : AVSPHal3InterfaceEntry.cpp: AVSP_configure_streams: 243: num_streams: 1
05-05 21:58:00.885 591 591 I AVSP : AVSPHal3InterfaceEntry.cpp: AVSP_configure_streams: 247: =================================================
05-05 21:58:00.885 591 591 I AVSP : AVSPHal3InterfaceEntry.cpp: AVSP_configure_streams: 248: streams[0]: 0x761be4fd68
05-05 21:58:00.885 591 591 I AVSP : AVSPHal3InterfaceEntry.cpp: AVSP_configure_streams: 249: =================================================
05-05 21:58:00.885 591 591 I AVSP : AVSPHal3InterfaceEntry.cpp: AVSP_configure_streams: 251: widthxheight : 176x144
05-05 21:58:00.885 591 591 I AVSP : AVSPHal3InterfaceEntry.cpp: AVSP_configure_streams: 252: format : 0x22
05-05 21:58:00.885 591 591 I AVSP : AVSPHal3InterfaceEntry.cpp: AVSP_configure_streams: 253: rotation : 0
05-05 21:58:00.885 591 591 I AVSP : AVSPHal3InterfaceEntry.cpp: AVSP_configure_streams: 254: stream_type : 0
05-05 21:58:00.885 591 591 I AVSP : AVSPHal3InterfaceEntry.cpp: AVSP_configure_streams: 255: max_buffers : 0
05-05 21:58:00.886 591 591 I AVSP : AVSPHal3InterfaceEntry.cpp: AVSP_configure_streams: 256: usage : 0x100
05-05 21:58:00.886 591 591 I AVSP : AVSPHal3InterfaceEntry.cpp: AVSP_configure_streams: 257: data_space : 0x0
05-05 21:58:00.886 591 591 I AVSP : AVSPHal3InterfaceEntry.cpp: AVSP_configure_streams: 258: option : 0x0
05-05 21:58:00.886 591 591 I AVSP : AVSPHal3InterfaceEntry.cpp: AVSP_configure_streams: 259: physical_camera_id:
05-05 21:58:00.886 591 591 I AVSP : CameraHalUnit.cpp: CheckEnableCondition: 321: AVSP is disabled. : isSamsungCamera=false, isFactoryTest=false, isWhiteApp=false
05-05 21:58:00.886 591 591 I AVSP : CameraHalUnit.cpp: ConfigureStreams: 446: AVSP is bypass mode in current scenaio.
05-05 21:58:00.890 6988 20909 D BluetoothAdapter: STATE_BLE_ON
05-05 21:58:00.890 6988 20909 D BluetoothAdapter: appoCount is = 1 G/S = 5/4
05-05 21:58:00.890 6988 20909 D BluetoothLeScanner: Stop Scan with callback
05-05 21:58:00.891 8202 6555 D BtGatt.ContextMap: remove() - id: 5
05-05 21:58:00.891 8202 6555 E BtGatt.ContextMap: remove() - removed: 5
05-05 21:58:00.892 6988 20909 D BluetoothAdapter: STATE_BLE_ON
05-05 21:58:00.892 6988 20909 D BluetoothAdapter: appoCount is = 1 G/S = 5/4
05-05 21:58:00.893 6988 20909 D BluetoothAdapter: STATE_BLE_ON
05-05 21:58:00.894 6988 20909 D BluetoothAdapter: appoCount is = 1 G/S = 5/4
05-05 21:58:00.894 6988 20909 D BluetoothLeScanner: Start Scan with callback
05-05 21:58:00.894 8202 8574 E BtGatt.GattService: [GSIM LOG]: gsimLogHandler, msg: MESSAGE_SCAN_STOP, appName: com.google.uid.shared, scannerId: 5, reportDelayMillis=0
05-05 21:58:00.895 8202 6555 D BtGatt.ContextMap: add() - appUid: 10223, appPid: 6988, appName: com.google.uid.shared
05-05 21:58:00.895 8202 8584 I bt_stack: [INFO:gatt_api.cc(958)] GATT_Register 950c8c62-806f-4670-a35b-35438480c2d2
05-05 21:58:00.895 8202 8584 I bt_stack: [INFO:gatt_api.cc(995)] allocated gatt_if=5
05-05 21:58:00.895 8202 8370 D BtGatt.GattService: onScannerRegistered() - UUID=950c8c62-806f-4670-a35b-35438480c2d2, scannerId=5, status=0
05-05 21:58:00.896 6988 7449 D BluetoothLeScanner: onScannerRegistered() - status=0 scannerId=5 mScannerId=0
05-05 21:58:00.896 8202 6555 D BluetoothAdapter: STATE_BLE_ON
05-05 21:58:00.897 8202 6555 D BluetoothAdapter: bleAppCnt is = 5
05-05 21:58:00.899 8202 8571 D BluetoothAdapter: STATE_BLE_ON
05-05 21:58:00.899 6988 20909 I NearbySharing: Started scanning for FastInitiation with mode: SCAN_MODE_BALANCED [CONTEXT service_id=194 ]
05-05 21:58:00.899 8202 8571 D BluetoothAdapter: appoCount is = 1 G/S = 5/4
05-05 21:58:00.900 6988 20909 I NearbySharing: FastInitiation warming period has ended [CONTEXT service_id=194 ]
05-05 21:58:00.901 8202 8574 E BtGatt.GattService: [GSIM LOG]: gsimLogHandler, msg: MESSAGE_SCAN_START, appName: com.google.uid.shared, scannerId: 5, reportDelayMillis=0
05-05 21:58:00.901 8202 8571 D BluetoothAdapter: STATE_BLE_ON
05-05 21:58:00.901 8202 8571 D BluetoothAdapter: appoCount is = 1 G/S = 5/4
05-05 21:58:00.902 8202 8571 D BluetoothAdapter: STATE_BLE_ON
05-05 21:58:00.902 8202 8571 D BluetoothAdapter: appoCount is = 1 G/S = 5/4
05-05 21:58:00.903 8202 8571 D BtGatt.ScanManager: configureFilterParamter() : onFoundTimeout | onLostTimeout | onFoundCount | numOfTrackingEntries | scanFilterRssiThreshold | trackableScanFilterRssiThreshold | matchMode
05-05 21:58:00.903 8202 8571 D BtGatt.ScanManager: configureFilterParamter() : __________500__|________10000__|___________1__|___________________0__|___________________-128__|____________________________-128__|________1_
05-05 21:58:00.904 591 21354 I Drv/HWsync: Drv/HWsync[init] +, user&cnt(HW_SYNC_USER_HALSENSOR,1),srIdxNum(0)
05-05 21:58:00.904 591 21353 I mtkcam-DeviceAdapter: 1[HalDeviceAdapter::powerOn] 3A notifyPowerOn
05-05 21:58:00.904 591 21353 I Hal3Av3 : [notifyPwrOn]+
05-05 21:58:00.904 591 21353 I Hal3Av3 : [notifyPwrOn]-
05-05 21:58:00.904 591 21353 I mtkcam-DeviceAdapter: 1[HalDeviceAdapter::powerOn] powerOn -
05-05 21:58:00.904 591 591 I mtkcam-AppStreamMgr: [1-FrameHandler::setOperationMode] operationMode change: 0xffffffff -> 0
05-05 21:58:00.904 591 591 I : setSecConfigValue : key [1], value [30]
05-05 21:58:00.904 591 591 I mtkcam-AppStreamMgr: stream id len : 0
05-05 21:58:00.904 591 591 I mtkcam-AppStreamMgr: [1-ConfigHandler::operator()] [addFrameDuration] format:34 size:176x144 min_duration:33333333, stall_duration:0
05-05 21:58:00.904 591 591 I mtkcam-FeatureSettingPolicy: [FeatureSettingPolicy] (0x75f2bd22a0) ctor, openId(1), sensors_count(1), is_dual_cam(0)
05-05 21:58:00.904 591 591 I Hal3Av3 : [createInstance] sensorIdx(1) mtkcam-FeatureSettingPolicy
05-05 21:58:00.904 591 591 I Hal3Av3 : [init] Still 1 users
05-05 21:58:00.904 591 591 I Hal3Av3 : [init] Done m_rConfigInfo.i4SubsampleCount(1), User.count(2), User init(mtkcam-FeatureSettingPolicy)
05-05 21:58:00.904 591 591 I Hal3Av3 : [createInstance] sensorIdx(1) HDRPolicyHelper
05-05 21:58:00.904 591 591 I Hal3Av3 : [init] Still 2 users
05-05 21:58:00.904 591 591 I Hal3Av3 : [init] Done m_rConfigInfo.i4SubsampleCount(1), User.count(3), User init(HDRPolicyHelper)
05-05 21:58:00.905 591 591 I mtkcam-PipelineModelSession-Factory: [decidePipelineModelSession] 4Cell
05-05 21:58:00.906 591 591 I MtkCam/HwUtils/ResourceConcurrency: [ResourceConcurrency] name[mP1NodeConcurrency] timeout(15000000000ns)
05-05 21:58:00.906 591 591 I mtkcam-FeatureSettingPolicy: [evaluateZslConfiguration] MTK_CONTROL_CAPTURE_DEFAULT_ZSL_MODE has no effect : mbEnableDefaultZslMode(0)
05-05 21:58:00.906 591 591 I mtkcam-mtk_scenario_mgr: [mtk_get_features_table_by_scenario] find features for scenario(1 : MTK_CAMERA_SCENARIO_CAPTURE_NORMAL)
05-05 21:58:00.906 591 591 I mtkcam-FeatureSettingPolicy: [evaluateCaptureConfiguration] scenario(MTK_CAMERA_SCENARIO_CAPTURE_NORMAL) support feature:MTK_FEATURE_AIHDR(0x2000000), feature combination:MTK_FEATURE_COMBINATION_AIHDR(0x20600f8)
05-05 21:58:00.906 591 591 I mtkcam-FeatureSettingPolicy: [evaluateCaptureConfiguration] scenario(MTK_CAMERA_SCENARIO_CAPTURE_NORMAL) support feature:TP_FEATURE_HDR(0x100000000), feature combination:MTK_FEATURE_COMBINATION_HDR(0x1000600f8)
05-05 21:58:00.906 591 591 I mtkcam-FeatureSettingPolicy: [evaluateCaptureConfiguration] scenario(MTK_CAMERA_SCENARIO_CAPTURE_NORMAL) support feature:MTK_FEATURE_AINR(0x2000), feature combination:MTK_FEATURE_COMBINATION_AINR(0x620f8)
05-05 21:58:00.906 591 591 I mtkcam-FeatureSettingPolicy: [evaluateCaptureConfiguration] scenario(MTK_CAMERA_SCENARIO_CAPTURE_NORMAL) support feature:MTK_FEATURE_REMOSAIC(0x4), feature combination:MTK_FEATURE_COMBINATION_REMOSAIC(0x600fc)
05-05 21:58:00.906 591 591 I mtkcam-FeatureSettingPolicy: [evaluateCaptureConfiguration] scenario(MTK_CAMERA_SCENARIO_CAPTURE_NORMAL) support feature:MTK_FEATURE_MFNR(0x1), feature combination:MTK_FEATURE_COMBINATION_MFNR(0x600f9)
05-05 21:58:00.907 591 591 I mtkcam-FeatureSettingPolicy: [evaluateCaptureConfiguration] scenario(MTK_CAMERA_SCENARIO_CAPTURE_NORMAL) support feature:NO_FEATURE_NORMAL(0), feature combination:MTK_FEATURE_COMBINATION_SINGLE(0x4600f8)
05-05 21:58:00.907 591 591 I mtkcam-FeatureSettingPolicy: [getCaptureProvidersByScenarioFeatures] support features:0x1024620fd uniqueKey:162800904
05-05 21:58:00.907 591 591 I MtkCam/ppl_plugin: [PipelinePlugin] MultiFrame: ctor(0x761be4fe98), openId:1, openId2:-1, hash:0x9b42508ffff0001
05-05 21:58:00.907 591 591 I MtkCam/ppl_plugin: [getInstance] MultiFrame: create plugin(0x761be4fe98), hash(1):0x9b42508ffff0001, uniqueKey:162800904, openId:1, openId2:-1, mInstances size:1
05-05 21:58:00.907 591 591 I MtkCam/ppl_plugin: [PipelinePlugin] Raw: ctor(0x761be4ffd8), openId:1, openId2:-1, hash:0x9b42508ffff0001
05-05 21:58:00.907 591 591 I MtkCam/ppl_plugin: [getInstance] Raw: create plugin(0x761be4ffd8), hash(1):0x9b42508ffff0001, uniqueKey:162800904, openId:1, openId2:-1, mInstances size:1
05-05 21:58:00.907 591 591 I MtkCam/ppl_plugin: [PipelinePlugin] Yuv: ctor(0x761be50078), openId:1, openId2:-1, hash:0x9b42508ffff0001
05-05 21:58:00.907 591 591 I MtkCam/ppl_plugin: [getInstance] Yuv: create plugin(0x761be50078), hash(1):0x9b42508ffff0001, uniqueKey:162800904, openId:1, openId2:-1, mInstances size:1
05-05 21:58:00.907 591 591 I mtkcam-FeatureSettingPolicy: [evaluateCaptureConfiguration] out->CaptureParams:{ .additionalHalP1OutputBufferNum={ .imgo=8 .rrzo=8 .lcso=8 .rsso=0 .scaledYuv=0 } .maxAppRaw16OutputBufferNum=1 .maxAppJpegStreamNum=5 .supportedScenarioFeatures=0x1024620fd }
05-05 21:58:00.907 591 591 I mtkcam-FeatureSettingPolicy: [evaluateStreamConfiguration] set MdpTargetSize : dispSize(176x144), recSize(0x0), extraSize(0x0), largeSize(0x0)
05-05 21:58:00.907 591 591 I mtkcam-mtk_scenario_mgr: [mtk_get_streaming_scenario] no dedicated scenario, normal scenario
05-05 21:58:00.907 591 591 I mtkcam-mtk_scenario_mgr: [mtk_get_streaming_scenario] scenario:51
05-05 21:58:00.907 591 591 I mtkcam-mtk_scenario_mgr: [mtk_get_features_table_by_scenario] find features for scenario(51 : MTK_CAMERA_SCENARIO_STREAMING_NORMAL)
05-05 21:58:00.907 591 591 I mtkcam-mtk_scenario_mgr: [mtk_get_streaming_config] streaming scenario config, fixMarginList(0)
05-05 21:58:00.907 591 591 I mtkcam-FeatureSettingPolicy: [evaluateStreamConfiguration] scenario(MTK_CAMERA_SCENARIO_STREAMING_NORMAL) support feature:NO_FEATURE_NORMAL(0), feature combination:MTK_FEATURE_COMBINATION_VIDEO_NORMAL(0x400c00301020)
05-05 21:58:00.907 591 591 I mtkcam-FeatureSettingPolicy: [evaluateStreamConfiguration] support features:0x400c00301020, rrz ratio(1.000000), marginList(0), MdpTargetSize(176x144)
05-05 21:58:00.907 591 591 I mtkcam-SensorSettingPolicy4cell: [parseStreamSize_4Cell] StreamId(0) image width 176, height 144
05-05 21:58:00.907 591 591 I mtkcam-SensorSettingPolicy4cell: [parseStreamSize_4Cell] StreamId(0) set 4:3 sensor mode
05-05 21:58:00.907 591 591 I mtkcam-SensorSettingPolicy4cell: [parseSensorMode_4Cell] find match sensor mode 6
05-05 21:58:00.907 591 591 I mtkcam-SensorSettingPolicy4cell: select size(2112x1584)@30 sensorMode:6 hdrSensorMode:0 hdrHalMode:0
05-05 21:58:00.907 591 591 I mtkcam-P1HwSettingPolicy: [evaluateDeviceRawBitDepth] MTK_SENSOR_INFO_WHITE_LEVEL:1023 bitdepth:10
05-05 21:58:00.907 591 591 E NormalPipe: [query] unsupport cmd(0x4000)
05-05 21:58:00.907 591 591 E NormalPipe: (query){#641:vendor/mediatek/proprietary/hardware/mtkcam/drv/src/isp/mt6768/iopipe/CamIO/NormalPipeModule.cpp}
05-05 21:58:00.907 591 591 W MtkCam/HwInfoHelper: [quertMaxRrzoWidth] this platform not support ENPipeQueryCmd_MAX_PREVIEW_SIZE, use default value : 2560
05-05 21:58:00.907 591 591 I MtkCam/HwInfoHelper: [getImgoFmt] debug.camera.rawunpak = -1, useUnpakFmt = 0
05-05 21:58:00.907 591 591 I MtkCam/HwInfoHelper: [getImgoFmt] vendor.debug.camera.afraw = -1, don't use Af Raw
05-05 21:58:00.907 591 591 I MtkCam/HwInfoHelper: [getImgoFmt] debug.camera.rawunpak = -1, useUnpakFmt = 0
05-05 21:58:00.907 591 591 I MtkCam/HwInfoHelper: [getImgoFmt] vendor.debug.camera.afraw = -1, don't use Af Raw
05-05 21:58:00.907 591 591 I mtkcam-P1HwSettingPolicy: { .imgoAlloc={ format:0x2201 2112x1584 } .imgoDefaultRequest={ format:0x2201 2112x1584 } .rrzoDefaultRequest={ format:0x2205 528x400 } .rssoSize=288x512 .pixelMode=1 .usingCamSV=0 }
05-05 21:58:00.907 591 591 I mtkcam-StreamInfoPluginDecider: [decideStreamInfoPlugin_STT] PluginId:BAD
05-05 21:58:00.907 591 591 E mtkcam-P1StreamInfoBuilder: [decideStreamInfoPluginInfo] Fail to decide plugin - has_value:1 (decideStreamInfoPluginInfo){#101:vendor/mediatek/proprietary/hardware/mtkcam3/pipeline/policy/streaminfo/P1StreamInfoBuilder.cpp}
05-05 21:58:00.907 591 591 W mtkcam-ConfigStreamInfoPolicy: [evaluatePreviewSize] Warning!!, scaled preview height(523) is larger than max height(480)
05-05 21:58:00.907 591 591 I mtkcam-PipelineModelSession4Cell: [configure] ZSL mode enable = 0
05-05 21:58:00.907 591 591 E ImgSensorDrv: [sendCommand]Err( 1199):[sendCommand]Command ID = 16413 is undefined (sendCommand){#1199:vendor/mediatek/proprietary/hardware/mtkcam/drv/src/sensor/mt6768/../common/v1/imgsensor_drv.cpp}
05-05 21:58:00.907 591 591 E MtkCam/HalSensor: [sendCommand] [sendCommand] sendCommand fail! 16413 (sendCommand){#729:vendor/mediatek/proprietary/hardware/mtkcam/drv/src/sensor/mt6768/../common/v1/HalSensor.control.cpp}
05-05 21:58:00.907 591 591 I BWC : cam_id=0 sen_fps=0 sen_size=0 pd=0 video=0 vb_ratio=0.000000 vb_time=0.000000 rawi=0 yuv=0 raw_bbp=0.000000 is_smvr=0
05-05 21:58:00.907 591 591 I BWC : cam_id=0 table=0.000000 ccu=0.000000 ccu_r=0.000000 capture=0.000000 aa=-5120.000000 pd=0.000000 video=0.000000 yuv=0.000000 rawi=0.000000 total=0.000000
05-05 21:58:00.907 591 591 I BWC : cam_id=1 sen_fps=30 sen_size=3345408 pd=0 video=0 vb_ratio=0.000000 vb_time=0.000000 rawi=0 yuv=0 raw_bbp=1.250000 is_smvr=0
05-05 21:58:00.907 591 591 I BWC : cam_id=1 table=90000000.000000 ccu=60000000.000000 ccu_r=60000000.000000 capture=125452800.000000 aa=-5120.000000 pd=0.000000 video=0.000000 yuv=0.000000 rawi=0.000000 total=335452800.000000
05-05 21:58:00.908 591 591 I BWC : cal_cam_bw hrt bw=335
05-05 21:58:00.908 591 591 E BWC : MTK_IOC_SMI_BWC_INFO_GET failed.:Not a typewriter
05-05 21:58:00.909 591 591 E BWC : MTK_IOC_SMI_BWC_INFO_SET failed.:Not a typewriter
05-05 21:58:00.909 591 591 I BWC : Profile_Change:[BWCPT_CAMERA_CAPTURE]:ON,current concurrency is 0x10,DDR=,EMI scenario=BWL_SCN_ICFP ON
05-05 21:58:00.909 591 591 I BWC : MMDVFS SET 1
05-05 21:58:00.909 591 591 E BWC : MTK_IOC_MMDVFS_CMD failed.:Not a typewriter
05-05 21:58:00.909 591 591 I MtkCam/ppl_context: [PipelineContext] <4Cell/1> (0x7608838590)
05-05 21:58:00.910 1198 1027 D MotionRecognitionService: values = 50.0
05-05 21:58:00.910 1198 1027 D MotionRecognitionService: onReceive lux: 50.0 action:
05-05 21:58:00.910 1198 1027 D MotionRecognitionService: Inject brightness form Cam 50.0
05-05 21:58:00.910 1198 1027 D MotionRecognitionService: Inject calibrated lux
05-05 21:58:00.910 591 591 I mtkcam-PipelineContextBuilder: [configContextLocked_P1Node] 0x100000001 2112x1584 ImgFormat:0x2201(BAYER10) BufPlanes(strides/sizeInBytes):[ 2640/4181760 ] startOffset:0 bufStep:0 t:0 maxBufNum:13 minInitBufNum:0 Hal:Image:P1:Fullraw_main1 AllocImgFormat:0x21(BLOB) AllocBufPlanes(strides/sizeInBytes):[ 4181760/4181760 ] Private{exist?0 id:0}
05-05 21:58:00.911 591 591 W MtkCam/HwInfoHelper: [queryRawTypeSupport] INormalPipeModule::query(ENPipeQueryCmd_IQ_LEVEL) is unsupported. Maybe it's ISP5 or below.
05-05 21:58:00.911 591 591 I MtkCam/P1NodeImp: [P1NodeImp] LOGD[0](1) LOGI[1](0) prop(cam:0 pl:1 pi:0 g:0:0) - SYS[1-3:9](3) - MetaLog(p:0/0 m:0/x0) - SmvrLog(0) DumpRaw(0) DataDump(0) DrawLine(0) - StuffBufCtrl[0)](8:16) StuffFully[0](0) - DelRelOff(0) - TF(1) - IV(0) - WB(0)
05-05 21:58:00.911 580 580 I Sensors : AutoBrightnessSensor::inject_sensor_data: cam_lux 50
05-05 21:58:00.911 591 591 I mtkcam-PipelineContextBuilder: [configContextLocked_P2SNode] operation_mode=0 p2_type=1 p2_node_type=1 app_mode=0 fd=640x480 3dnr_mode=0x43 fsc_mode=0x0 eis_mode=0x0 eis_factor=100 stream_size=528x400 video=0x0 p2Margin(1.000000), dsdnHint(1) mSecType(0)
05-05 21:58:00.912 591 591 I MtkCam/P2/CaptureProcessor: [CaptureProcessor](0x760f038c70) ctor
05-05 21:58:00.912 591 591 I MtkCam/P2/CaptureNode: [P2CaptureNodeImp] : (0x760f038c00) ctor, uniqueKey:162800904, supportedScenarioFeatures:0x1024620fd, bgPreRelease:0, hidlIsp:0
05-05 21:58:00.912 591 591 I MtkCam/ppl_context: [dump] <4Cell/1>
05-05 21:58:00.912 591 591 I MtkCam/ppl_context: [dump] .root={ 0x1 }, .edges={(0x1 -> 0x15)(0x1 -> 0x14)(0x15 -> 0x16)(0x14 -> 0x16)}
05-05 21:58:00.912 591 591 I MtkCam/ppl_context: [dump]
05-05 21:58:00.912 591 591 I MtkCam/ppl_context: [dump] In: .AppImage={ } .HalImage={ } .AppMeta={ 0x80000000 } .HalMeta={ 0x100000012 }
05-05 21:58:00.912 591 591 I MtkCam/ppl_context: [dump] Out: .AppImage={ } .HalImage={ 0x100000001 0x100000002 0x100000003 } .AppMeta={ 0x10000001c } .HalMeta={ 0x100000015 }
05-05 21:58:00.912 591 591 I MtkCam/ppl_context: [dump]
05-05 21:58:00.912 591 591 I MtkCam/ppl_context: [dump] In: .AppImage={ } .HalImage={ 0x100000001 0x100000002 0x100000003 } .AppMeta={ 0x80000000 0x10000001c } .HalMeta={ 0x100000015 }
05-05 21:58:00.912 591 591 I MtkCam/ppl_context: [dump] Out: .AppImage={ 0 } .HalImage={ } .AppMeta={ 0x100000023 } .HalMeta={ 0x100000019 }
05-05 21:58:00.912 591 591 I MtkCam/ppl_context: [dump]
05-05 21:58:00.912 591 591 I MtkCam/ppl_context: [dump] In: .AppImage={ } .HalImage={ 0x100000001 0x100000002 0x100000003 } .AppMeta={ 0x80000000 0x10000001c } .HalMeta={ 0x100000015 }
05-05 21:58:00.913 591 591 I MtkCam/ppl_context: [dump] Out: .AppImage={ 0 } .HalImage={ 0x100000010 } .AppMeta={ 0x10000001f } .HalMeta={ 0x100000018 }
05-05 21:58:00.913 591 591 I MtkCam/ppl_context: [dump]
05-05 21:58:00.913 591 591 I MtkCam/ppl_context: [dump] In: .AppImage={ } .HalImage={ 0x100000010 } .AppMeta={ 0x80000000 } .HalMeta={ 0x100000018 }
05-05 21:58:00.913 591 591 I MtkCam/ppl_context: [dump] Out: .AppImage={ } .HalImage={ } .AppMeta={ 0x100000027 } .HalMeta={ }
05-05 21:58:00.913 591 591 I MtkCam/ppl_context: [dump]
05-05 21:58:00.913 591 591 I MtkCam/ppl_context: [dump] [IMAGE-APP-USER ]00 176x144 OUT t:0/r:0 maxBuffers:11 d/s:0x00000000(UNKNOWN) Hal-Client-usage:0x100(0|HW_TEXTURE) Real:0x11(YCrCb_420_SP) Request:0x22(IMPLEMENTATION_DEFINED) Override:0x11(YCrCb_420_SP) Hal-usage:0x20033(0|SW_READ_OFTEN|SW_WRITE_OFTEN|HW_CAMERA_WRITE) HalStream::(consumer/producer)Usage:0/0x20033 bufStep: 0 rowStrideInBytes/sizeInBytes: 176/25344 176/29952 s0:d1:App:YCrCb_420_SP:0|HW_TEXTURE 0x75f2a8e800 phy:-1
05-05 21:58:00.913 591 591 I MtkCam/ppl_context: [dump] [IMAGE-HAL-RUNTIME ]0x100000001 2112x1584 ImgFormat:0x2201(BAYER10) BufPlanes(strides/sizeInBytes):[ 2640/4181760 ] startOffset:0 bufStep:0 t:0 maxBufNum:13 minInitBufNum:0 Hal:Image:P1:Fullraw_main1 AllocImgFormat:0x21(BLOB) AllocBufPlanes(strides/sizeInBytes):[ 4181760/4181760 ] Private{exist?0 id:0}
05-05 21:58:00.913 591 591 I MtkCam/ppl_context: [dump] [IMAGE-HAL-POOL ]0x100000002 528x400 ImgFormat:0x2205(FG_BAYER10) BufPlanes(strides/sizeInBytes):[ 992/396800 ] startOffset:0 bufStep:0 t:0 maxBufNum:13 minInitBufNum:0 Hal:Image:P1:Resizeraw_main1 AllocImgFormat:0x2205(FG_BAYER10) AllocBufPlanes(strides/sizeInBytes):[ 992/396800 ] Private{exist?0 id:0}
05-05 21:58:00.913 591 591 I MtkCam/ppl_context: [dump] [IMAGE-HAL-POOL ]0x100000003 384x384 ImgFormat:0x2401(STA_2BYTE) BufPlanes(strides/sizeInBytes):[ 768/294912 ] startOffset:0 bufStep:0 t:0 maxBufNum:13 minInitBufNum:1 Hal:Image:STT_main1 AllocImgFormat:0x2401(STA_2BYTE) AllocBufPlanes(strides/sizeInBytes):[ 768/294912 ] Private{exist?0 id:0}
05-05 21:58:00.913 591 591 I MtkCam/ppl_context: [dump] [IMAGE-HAL-POOL ]0x100000010 640x480 ImgFormat:0x14(YUY2) BufPlanes(strides/sizeInBytes):[ 1280/614400 ] startOffset:0 bufStep:0 t:0 maxBufNum:5 minInitBufNum:1 Hal:Image:FD AllocImgFormat:0x14(YUY2) AllocBufPlanes(strides/sizeInBytes):[ 1280/614400 ] Private{exist?0 id:0}
05-05 21:58:00.913 591 591 I MtkCam/ppl_context: [dump]
05-05 21:58:00.913 591 591 I MtkCam/ppl_context: [dump] [META -APP-USER ]0x80000000 maxBuffers:0 minInitBufNum:0 Meta:App:Control phy:-1
05-05 21:58:00.913 591 591 I MtkCam/ppl_context: [dump] [META -HAL-USER ]0x100000012 maxBuffers:10 minInitBufNum:1 Hal:Meta:Control_main1 phy:-1
05-05 21:58:00.913 591 591 I MtkCam/ppl_context: [dump] [META -HAL-USER ]0x100000015 maxBuffers:10 minInitBufNum:1 Hal:Meta:P1:Dynamic_main1 phy:-1
05-05 21:58:00.913 591 591 I MtkCam/ppl_context: [dump] [META -HAL-USER ]0x100000018 maxBuffers:10 minInitBufNum:1 Hal:Meta:P2:Dynamic phy:-1
05-05 21:58:00.913 591 591 I MtkCam/ppl_context: [dump] [META -HAL-USER ]0x100000019 maxBuffers:10 minInitBufNum:1 Hal:Meta:P2C:Dynamic phy:-1
05-05 21:58:00.913 591 591 I MtkCam/ppl_context: [dump] [META -APP-USER ]0x10000001c maxBuffers:10 minInitBufNum:1 App:Meta:DynamicP1_main1 phy:-1
05-05 21:58:00.914 591 591 I MtkCam/ppl_context: [dump] [META -APP-USER ]0x10000001f maxBuffers:10 minInitBufNum:1 App:Meta:DynamicP2 phy:-1
05-05 21:58:00.914 591 591 I MtkCam/ppl_context: [dump] [META -APP-USER ]0x100000023 maxBuffers:10 minInitBufNum:1 App:Meta:DynamicP2Cap phy:-1
05-05 21:58:00.914 591 591 I MtkCam/ppl_context: [dump] [META -APP-USER ]0x100000027 maxBuffers:10 minInitBufNum:1 App:Meta:FD phy:-1
05-05 21:58:00.914 591 591 I MtkCam/ppl_context: [dump]
05-05 21:58:00.914 591 591 I mtkcam-fbm_producer: [dump] dump Producer(0x761bf0b680) stream(0x100000002:Hal:Image:P1:Resizeraw_main1) pool(0x75f2a8d600)->size(0)
05-05 21:58:00.914 591 591 I mtkcam-fbm_producer: [dump] Acquired Buffer:
05-05 21:58:00.914 591 591 I mtkcam-fbm_pool: [dumpPool] [0x100000002 Hal:Image:P1:Resizeraw_main1] stream:528x400 format:0x2205 transform:0
05-05 21:58:00.914 591 591 I mtkcam-fbm_pool: [dumpPool] logLevel:0 pIonDevice:0x761c026b58 Max:13 Min:0 future:1 inUse:0 available:13
05-05 21:58:00.914 591 591 I mtkcam-fbm_pool: [dumpPool] Available Buffer: 0x75f2b1ad00; 0x75f2b41000; 0x75f2b41300; 0x75f2b41600; 0x75f2b41900; 0x75f2b41c00; 0x75f2b41f00; 0x75f2b42200; 0x75f2b42500; 0x75f2b42800; 0x75f2b42b00; 0x75f2b43100; 0x75f2b43400;
05-05 21:58:00.914 591 591 I mtkcam-fbm_pool: [dumpPool] Inuse Buffer:
05-05 21:58:00.914 591 591 I mtkcam-fbm_producer: [dump] dump Producer(0x761bf0b900) stream(0x100000003:Hal:Image:STT_main1) pool(0x75f2a8da80)->size(0)
05-05 21:58:00.914 591 591 I mtkcam-fbm_producer: [dump] Acquired Buffer:
05-05 21:58:00.914 591 591 I mtkcam-fbm_pool: [dumpPool] [0x100000003 Hal:Image:STT_main1] stream:384x384 format:0x2401 transform:0
05-05 21:58:00.914 591 591 I mtkcam-fbm_pool: [dumpPool] logLevel:0 pIonDevice:0x761c026bb8 Max:13 Min:1 future:1 inUse:0 available:13
05-05 21:58:00.914 591 591 I mtkcam-fbm_pool: [dumpPool] Available Buffer: 0x75f2b18f00; 0x760f076c00; 0x760f076f00; 0x760f077200; 0x760f077500; 0x760f077800; 0x760f077b00; 0x760f077e00; 0x760f078100; 0x760f078400; 0x760f078700; 0x760f078a00; 0x760f078d00;
05-05 21:58:00.914 591 591 I mtkcam-fbm_pool: [dumpPool] Inuse Buffer:
05-05 21:58:00.914 591 591 I mtkcam-fbm_producer: [dump] dump Producer(0x761bf0c080) stream(0x100000010:Hal:Image:FD) pool(0x760398f480)->size(0)
05-05 21:58:00.914 591 591 I mtkcam-fbm_producer: [dump] Acquired Buffer:
05-05 21:58:00.914 591 591 I mtkcam-fbm_pool: [dumpPool] [0x100000010 Hal:Image:FD] stream:640x480 format:0x14 transform:0
05-05 21:58:00.914 591 591 I mtkcam-fbm_pool: [dumpPool] logLevel:0 pIonDevice:0x761c026a98 Max:5 Min:1 future:1 inUse:0 available:5
05-05 21:58:00.914 591 591 I mtkcam-fbm_pool: [dumpPool] Available Buffer: 0x75f2b1a100; 0x75f2b19200; 0x75f2b19800; 0x75f2b1a700; 0x75f2b1aa00;
05-05 21:58:00.914 591 591 I mtkcam-fbm_pool: [dumpPool] Inuse Buffer:
