05-05 21:57:50.217 1198 8013 D API test: getContainerInfo: value is
05-05 21:57:50.218 1198 8013 D ApplicationPolicy: isStatusBarNotificationAllowedAsUser: packageName = pan.alexander.tordnscrypt.stable,userId = 0
05-05 21:57:50.218 1198 8013 D API test: getContainerInfo: value is
05-05 21:57:50.325 1198 1198 I EdgeLightingManager: isCallingUserSupported : callingUserId=0, mUserId=0, isDualAppId=false
05-05 21:57:50.326 1198 1198 I EdgeLightingManager: showForNotification : isInteractive=false, isHeadUp=false, color=0, sbn = StatusBarNotification(pkg=pan.alexander.tordnscrypt.stable user=UserHandle{0} id=101102 tag=null key=0|pan.alexander.tordnscrypt.stable|101102|null|10741: Notification(channel=InviZible pri=-2 contentView=null vibrate=null sound=null defaults=0x0 flags=0xa color=0x00000000 category=service vis=PRIVATE semFlags=0x0 semPriority=0 semMissedCount=0))
05-05 21:57:50.327 1198 1198 I EdgeLightingClientManager: isAvailableEdgeLighting: condition=6 mCondition=3 mIsConnected=false0
05-05 21:57:50.327 1198 1198 W CoverManager: getCoverState : This device is not supported cover
05-05 21:57:50.327 1198 1198 I EdgeLightingPolicyManager: putNotification tickerText:false,titleText:true,text:true,sub:falsecn= + null
05-05 21:57:50.327 1198 1198 I EdgeLightingPolicyManager.NotificationGroup: Remove previous child data. 0|pan.alexander.tordnscrypt.stable|101102|null|10741
05-05 21:57:50.327 1198 1198 I EdgeLightingPolicyManager.NotificationGroup: group notification count : 30
05-05 21:57:50.327 1198 1198 I EdgeLightingPolicyManager: isAcceptableApplication: pkg=pan.alexander.tordnscrypt.stable , range=1 , includeAllApp=false , userId=0 , infoRange=0 , infoCategory=0
05-05 21:57:50.327 1198 1198 I EdgeLightingPolicyManager: isAcceptableApplication: getAcceptablePolicy false
05-05 21:57:50.327 1198 1198 I EdgeLightingManager: showForNotificationScreenOff : return false by isAcceptableApplication.
05-05 21:57:50.334 7941 7941 D Launcher.NotificationListener: onNotificationPosted : pan.alexander.tordnscrypt.stable number : 0 listener : null
05-05 21:57:50.353 7710 7710 D FaceWidgetContainer: setExpandState() isExpand = true, mLockscreenPageState = EXPAND, notificationCount = 0, mNotificationCount = 0
05-05 21:57:50.379 7710 15470 I OpenGLRenderer: doUpdatePositionAsync is called and callVoidMethod
05-05 21:57:50.389 7710 7710 I AODNotificationManager: updateVisibleNotifications: 1
05-05 21:57:50.390 616 696 I BufferQueueProducer: [StatusBar$_7710#0](this:0x71656f4800,id:7,api:0,p:-1,c:616) queueBuffer: fps=1.32 dur=3027.57 max=2901.33 min=17.81
05-05 21:57:50.403 7710 15471 I OpenGLRenderer: doUpdatePositionAsync is called and callVoidMethod
05-05 21:57:50.404 574 1240 I hwcomposer: [JOB] ovl_0 is not enable, do not produce a job
05-05 21:57:50.406 574 574 E hwcomposer: [HWCDisplay] (0) job is null
05-05 21:57:50.406 574 574 I hwcomposer: [HWCDisplay] [Display_0 (type:1)] fps:1.326747,dur:3014.89,max:2880.93,min:32.97
05-05 21:57:50.438 574 1240 I hwcomposer: [JOB] ovl_0 is not enable, do not produce a job
05-05 21:57:50.439 574 574 E hwcomposer: [HWCDisplay] (0) job is null
05-05 21:57:50.451 7710 7710 D swipe : !isFreemformEnabled
05-05 21:57:50.465 7710 15470 I OpenGLRenderer: doUpdatePositionAsync is called and callVoidMethod
05-05 21:57:50.505 574 1240 I hwcomposer: [JOB] ovl_0 is not enable, do not produce a job
05-05 21:57:50.507 574 574 E hwcomposer: [HWCDisplay] (0) job is null
05-05 21:57:50.539 574 574 I hwcomposer: [JOB] ovl_0 is not enable, do not produce a job
05-05 21:57:50.540 574 1240 E hwcomposer: [HWCDisplay] (0) job is null
05-05 21:57:50.760 8228 8228 I io_stats: !@ 179,0 r 24141047 569584465 w 12035237 392004012 d 452814 302849084 f 6307800 7850357 iot 16618604 15985816 th 51200 51200 43736 pt 35856 inp 0 0 3058581.993
05-05 21:57:51.863 405 405 I hwservicemanager: getTransport: Cannot find entry vendor.mediatek.hardware.mtkradioex@1.0::IMtkRadioEx/mtkAssist1 in either framework or device manifest.
05-05 21:57:51.865 405 405 I hwservicemanager: getTransport: Cannot find entry vendor.mediatek.hardware.mtkradioex@1.0::IMtkRadioEx/mtkAssist2 in either framework or device manifest.
05-05 21:57:51.868 405 405 I hwservicemanager: getTransport: Cannot find entry vendor.mediatek.hardware.mtkradioex@1.0::IMtkRadioEx/mtkCap1 in either framework or device manifest.
05-05 21:57:51.870 405 405 I hwservicemanager: getTransport: Cannot find entry vendor.mediatek.hardware.mtkradioex@1.0::IMtkRadioEx/mtkCap2 in either framework or device manifest.
05-05 21:57:53.375 1198 1247 E Watchdog: !@Sync: 101898 heap: 77 / 99 [2021-05-05 21:57:53.375] sdogWay: None
05-05 21:57:54.623 1198 2198 D InputReader: Input event(4): value=1 when=3058585.856611
05-05 21:57:54.623 1198 2198 D InputReader: !@notifyKey(116), action=0
05-05 21:57:54.623 1198 2198 D InputManager-JNI: !@interceptKeyBeforeQueueing(116), action=0, interactive=false
05-05 21:57:54.629 1198 2198 D API test: getContainerInfo: value is
05-05 21:57:54.629 1198 2198 D PhoneWindowManagerExtension: systemKeyEventRequested REMOVE_PASS
05-05 21:57:54.629 1198 2198 D WindowManager: interceptKeyTq s_result=8
05-05 21:57:54.631 1198 2198 D PhoneWindowManagerExtension: sWakeUpBooster.acquire()
05-05 21:57:54.631 1198 2198 I PowerHalWrapper: phwperfLockAcq
05-05 21:57:54.631 1198 2198 I mtkperf_client: [perf_lock_acq] hdl:1, dur:0, num:4
05-05 21:57:54.632 1198 2198 I mtkperf_client: perf_lock_acq, hdl:1, dur:0, tid:2198
05-05 21:57:54.632 588 615 I mtkpower@1.0-impl: perfLockAcquire hdl:1, duration:0, reserved:2198
05-05 21:57:54.634 588 614 I powerd : [powerd_req] POWER_MSG_PERF_LOCK_ACQ: hdl:1, duration:0
05-05 21:57:54.634 588 614 I libPowerHal: perf_lock_acq find match handle - handle:1 idx:177
05-05 21:57:54.634 588 614 I libPowerHal: perfLockAcq hdl:1 pid:1198 duration:0 pid_exist:1 => new_hdl:1
05-05 21:57:54.634 588 614 I powerd : [powerd_req] POWER_MSG_PERF_LOCK_ACQ: return hdl:1
05-05 21:57:54.635 1198 2198 I mtkperf_client: ret_hdl:1
05-05 21:57:54.635 1198 2198 D CustomFrequencyManagerService: acquireDVFSLockLocked : type : DVFS_MIN_LIMIT frequency : 1354000 uid : 1000 pid : 1198 pkgName : DEVICE_WAKEUP@CPU_MIN@46
05-05 21:57:54.636 1198 2198 D PowerManagerService: [api] wakeUp (uid: 1000 pid: 1198) eventTime = 3058585856
05-05 21:57:54.636 1198 2198 I PowerManagerService: !@Screen__On - 3583 : wakeUp: (uid: 1000 pid: 1198) (1)
05-05 21:57:54.636 1198 2198 I EdgeLightingManager: showForWakeUp : packageName =android
05-05 21:57:54.636 1198 2198 I EdgeLightingManager: isCallingUserSupported : callingUserId=0, mUserId=0, isDualAppId=false
05-05 21:57:54.637 1198 2198 I EdgeLightingClientManager: isAvailableEdgeLighting: condition=2 mCondition=3 mIsConnected=false0
05-05 21:57:54.637 1198 2198 W CoverManager: getCoverState : This device is not supported cover
05-05 21:57:54.637 1198 2198 I EdgeLightingManager: showForWakeUpInternal : return false by isAcceptableApplication.
05-05 21:57:54.638 1198 2198 I PowerManagerService: Waking up from Dozing (uid=1000, reason=WAKE_REASON_POWER_BUTTON, details=android.policy:POWER)...
05-05 21:57:54.638 1198 2198 D InputManager-JNI: setInteractive(true)
05-05 21:57:54.638 1198 2198 D PowerManagerService: [PWL] sb acquire: PowerManagerService.Broadcasts
05-05 21:57:54.638 1198 1198 W UsageStatsService: Event reported without a package name, eventType:15
05-05 21:57:54.639 1198 2198 D PowerManagerService: UserActivityState : 4 -> 1
05-05 21:57:54.640 1198 2198 D PowerManagerService: mDisplayReady: false
05-05 21:57:54.640 1198 1262 D DisplayPowerController: animateScreenStateChange: target=2, targetInternal=2, dualScreenPolicy=-1
05-05 21:57:54.640 1198 1262 D DisplayPowerController: setScreenState(): mSeamlessAodReady : false AOD
05-05 21:57:54.640 1198 1262 D AODManagerService: screenTurningOn post
05-05 21:57:54.640 1198 1241 D AODManagerService: screenTurningOn
05-05 21:57:54.640 1198 1241 D DisplayPowerController: [api] AODManager.AODChangeListener : Received readyToScreenTurningOn().
05-05 21:57:54.640 1198 2198 D PowerManagerService: [PWL] sb acquire: PowerManagerService.Display
05-05 21:57:54.640 1198 1262 D DisplayPowerController: getFinalBrightness : Summary is 40 -> 40
05-05 21:57:54.640 1198 1262 D DisplayPowerController: Animating brightness: target=40, rate=0 (PSM:, AB limit:(-1 ~ -1) MB Limit:(-1 ~ 365), sf=1.0
05-05 21:57:54.640 1198 1262 V DisplayPowerController: Brightness [40] reason changing to: '0', previous reason: 'doze'.
05-05 21:57:54.641 1198 2198 D InputManager-JNI: !@handleInterceptActions(116), action=0, wmActions=0
05-05 21:57:54.641 1198 1262 D DisplayPowerController: animateScreenStateChange: target=2, targetInternal=2, dualScreenPolicy=-1
05-05 21:57:54.641 7710 7710 D FaceWidgetPagesController: setContentsVisibility() visibility = 4
05-05 21:57:54.642 1198 1262 D DisplayPowerController: !@mWindowManagerPolicy.screenTurningOn() +
05-05 21:57:54.642 1198 1255 D BatteryExternalStatsWorker: update stats
05-05 21:57:54.642 1198 1255 D BatteryExternalStatsWorker: WifiActivityEnergyInfo was updated
05-05 21:57:54.642 1198 1262 I WindowManager: Screen turning on...
05-05 21:57:54.642 1198 1255 D BatteryExternalStatsWorker: BluetoothActivityEnergyInfo was updated
05-05 21:57:54.642 1198 1255 D BatteryExternalStatsWorker: ModemActivityEnergyInfo was updated
05-05 21:57:54.642 1198 1262 I WindowManager: screenTurningOn(+), before calling onScreenTurningOn to KeyguardDelegate
05-05 21:57:54.642 1198 1262 V KeyguardServiceDelegate: onScreenTurnedOn(showListener = com.android.server.policy.PhoneWindowManager$2@f2ca0d2)
05-05 21:57:54.643 724 2208 E flp : flp_screen_monitor_thread: Screen on
05-05 21:57:54.643 1198 1262 I WindowManager: screenTurningOn(-), after calling onScreenTurningOn to KeyguardDelegate
05-05 21:57:54.643 1198 1262 D DisplayPowerController: mWindowManagerPolicy.screenTurningOn() -
05-05 21:57:54.643 1198 1262 D DisplayPowerController: animateScreenStateChange is returned because lux is not yet valid!
05-05 21:57:54.643 1198 1262 D AutomaticBrightnessController: setLightSensorEnabled: true
05-05 21:57:54.643 7710 28497 D KeyguardViewMediator: onScreenTurningOn
05-05 21:57:54.644 724 2206 D MNLD : mnld_main_thread: flp2mnl_hdlr msg
05-05 21:57:54.644 724 2208 E flp : flp_screen_monitor_thread: Wake Monitor Restart
05-05 21:57:54.644 7710 7710 D KeyguardViewMediator: handleMessage what = 6
05-05 21:57:54.644 724 2206 D MNLD : mnld_main_thread: n=2
05-05 21:57:54.644 724 2206 D MNLD : mnld_main_thread: gfc2mnl_hdlr msg
05-05 21:57:54.644 724 2206 D MNLD : main_event_hdlr: SCREEN2MAIN_EVENT_SCREEN = 1
05-05 21:57:54.645 7710 7710 D KeyguardViewMediator: handleNotifyScreenTurningOn
05-05 21:57:54.646 7710 7710 D FaceWidgetPagesController: refreshViews() pending reason = DOZE_TIME_TICK
05-05 21:57:54.646 1198 9721 V KeyguardServiceDelegate: !@Boot_EBS_D: **** SHOWN CALLED ****
05-05 21:57:54.646 1198 9721 D WindowManager: mKeyguardDelegate.ShowListener.onDrawn.
05-05 21:57:54.647 1198 1242 W WindowManager: Setting mKeyguardDrawComplete
05-05 21:57:54.648 1198 1242 I WindowManager: Waiting for drawn Window{2d01f30 u0 com.sec.android.app.launcher/com.sec.android.app.launcher.activities.LauncherActivity}: removed=false visible=true mHasSurface=true drawState=1
05-05 21:57:54.652 1198 1245 I WindowManager: Waiting for drawn Window{2d01f30 u0 com.sec.android.app.launcher/com.sec.android.app.launcher.activities.LauncherActivity}: removed=false visible=true mHasSurface=true drawState=1
05-05 21:57:54.654 7941 7941 I ViewRootImpl@8838a1[LauncherActivity]: MSG_RESIZED_REPORT: frame=(0,0,1080,2400) ci=(0,79,0,126) vi=(0,79,0,126) or=1
05-05 21:57:54.671 7941 7941 E ViewRootImpl@8838a1[LauncherActivity]: Surface is not valid.
05-05 21:57:54.673 1198 9721 D WindowManager: finishDrawingWindow: Window{2d01f30 u0 com.sec.android.app.launcher/com.sec.android.app.launcher.activities.LauncherActivity} mDrawState=DRAW_PENDING
05-05 21:57:54.676 1198 1245 I WindowManager: Waiting for drawn Window{2d01f30 u0 com.sec.android.app.launcher/com.sec.android.app.launcher.activities.LauncherActivity}: removed=false visible=true mHasSurface=true drawState=4
05-05 21:57:54.676 1198 1245 D WindowManager: Window drawn win=Window{2d01f30 u0 com.sec.android.app.launcher/com.sec.android.app.launcher.activities.LauncherActivity}
05-05 21:57:54.676 1198 1245 D WindowManager: All windows drawn!
05-05 21:57:54.681 1198 1244 I WindowManager: All windows ready for display!
05-05 21:57:54.690 1198 1255 D BatteryExternalStatsWorker: done updateExternalStatsLocked
05-05 21:57:54.691 1198 1262 D SensorService: Calling batch handle==1601334387 flags=0 rate=200000000 timeout== 0
05-05 21:57:54.691 1198 1198 D InputMethodManagerService: IME window vis: 0 active: 0 inv: 0 displayId: 0
05-05 21:57:54.691 1198 1262 I SensorService: [PHYSICALLIGHT] activate
05-05 21:57:54.691 1198 1198 D SamsungIMMSHWKeyboard: isConnectedDexOnPC false
05-05 21:57:54.691 1198 1262 D SensorService: [PHYSICALLIGHT] first client, resuming Rear light and prox
05-05 21:57:54.691 580 580 I Sensors : sensorBatch: handle=37 period=1000000 timeout=0
05-05 21:57:54.692 580 580 I Sensors : sensorActivate: handle 37 enable 1
05-05 21:57:54.693 580 580 I Sensors : type : 37, enable : 1
05-05 21:57:54.693 1198 1198 D InputMethodManagerService: isImeSwitcherDisabledPackage : false
05-05 21:57:54.694 1198 1262 D SensorManager: registerListener :: 1601334387, Auto Brightness Sensor, 50000, 0,
05-05 21:57:54.694 1198 1198 I WindowManager: Started waking up... (why=ON_BECAUSE_OF_USER)
05-05 21:57:54.694 574 574 I hwcomposer: [JOB] ovl_0 is not enable, do not produce a job
05-05 21:57:54.694 1198 1262 D DisplayPowerController: getFinalBrightness : Summary is 40 -> 40
05-05 21:57:54.694 1198 1262 D DisplayPowerController: Animating brightness: target=40, rate=0 (PSM:, AB limit:(-1 ~ -1) MB Limit:(-1 ~ 365), sf=1.0
05-05 21:57:54.694 1198 1198 V KeyguardServiceDelegate: onStartedWakingUp reason=1
05-05 21:57:54.694 1198 1198 D PowerManagerNotifier: handleEarlyInteractiveChange reason = 1
05-05 21:57:54.695 1198 7648 D DisplayManagerService: !@display_state internal: DOZE_SUSPEND -> ON
05-05 21:57:54.695 1198 7648 D LocalDisplayAdapter: !@ display_state: DOZE_SUSPEND -> ON (id:0)
05-05 21:57:54.696 1198 1242 W WindowManager: Setting mWindowManagerDrawComplete
05-05 21:57:54.696 1198 1242 D SemContextService: lock : registerCallback
05-05 21:57:54.696 1198 1244 I DisplayManagerService: Display device changed state: "Built-in Screen", ON
05-05 21:57:54.696 1198 1198 I MdnieScenarioControlService: action : com.samsung.server.PowerManagerService.action.USER_ACTIVITY
05-05 21:57:54.696 7710 19529 D KeyguardViewMediator: cancelDoKeyguardLaterLocked PendingIntent{d393f3c: android.os.BinderProxy@70c64c5}
05-05 21:57:54.696 1198 1242 W CAE : registerCallback(ContextAwareService.java:155) - [regi 01] Mutex is locked for AUTO_ROTATION
05-05 21:57:54.697 1198 1242 V CAE : start(ContextProvider.java:128)
05-05 21:57:54.697 1198 2175 I CAE : handleMessage(CaPowerManager.java:198) - AP_WAKEUP
05-05 21:57:54.697 1198 2175 I CAE : updateApPowerStatus(SensorHubParserProvider.java:447) - AP_WAKEUP
05-05 21:57:54.697 1198 2175 I CAE : getContextType(FreeFallDetection.java:25) - FFD getContextType
05-05 21:57:54.698 681 8155 I CameraService: notifyMonitoredUids
05-05 21:57:54.698 1198 1242 V CAE : clear(AutoRotationRunner.java:182)
05-05 21:57:54.698 1198 2175 I CAE : sendCmdToSensorHub(SensorHubCommManager.java:158) - -76, 13, -47, 0,
05-05 21:57:54.698 1198 1242 V CAE : enable(AutoRotationRunner.java:158)
05-05 21:57:54.699 1198 1242 I CAE : sendCmdToSensorHub(SensorHubCommManager.java:158) - -79, 7, 0, 0,
05-05 21:57:54.700 574 1240 E hwcomposer: [HWCDisplay] (0) job is null
05-05 21:57:54.700 574 1240 I hwcomposer: [HWCDisplay] [Display_0 (type:1)] fps:0.931641,dur:4293.50,max:4159.18,min:33.03
05-05 21:57:54.700 7710 7710 D DisplayLifecycle: updateDisplay id = 0
05-05 21:57:54.700 616 616 D SurfaceFlinger: Setting power mode 2 on display 0
05-05 21:57:54.701 1198 9721 D SamsungAlarmManager: Cancel Alarm calling from uid:10053 pid :7710 / op:PendingIntent{1e44378: PendingIntentRecord{18f7a51 com.android.systemui broadcastIntent}}
05-05 21:57:54.701 1198 2176 D SensorService: setSContextDataLocked ints length 2 , byte length 4
05-05 21:57:54.701 1198 2176 D SensorService: 3 setSContextDataLocked d10db4
05-05 21:57:54.701 574 574 I hwcomposer: [HWCDisplay] Display(0) SetPowerMode(2)
05-05 21:57:54.702 580 580 I Sensors : SContextSensor::injecet_sensor_data
05-05 21:57:54.702 580 580 D Sensors : b4 0d d1 00
05-05 21:57:54.702 580 580 D Sensors : inject_scontext_data: New ssp_data_injection_fd(22)
05-05 21:57:54.703 580 580 D Sensors : SContext Data Injection return 4
05-05 21:57:54.709 7710 7710 I AOD_LIVE_CLOCK@LiveClockController: updateDisplayState: DISPLAY_STATE_ON / sOccurredErrorFromDriver = false
05-05 21:57:54.709 7710 7710 I AOD_CONFIG@MODManager: onDisplayChanged : DOZE_SUSPEND -> ON
05-05 21:57:54.712 1198 2175 I CAE : handleMessage(CaPowerManager.java:214) - SCREEN_ON_Already_Delivered
05-05 21:57:54.712 1198 2176 D SensorService: setSContextDataLocked ints length 2 , byte length 4
05-05 21:57:54.712 1198 2176 D SensorService: 3 setSContextDataLocked 7b1
05-05 21:57:54.712 580 580 I Sensors : SContextSensor::injecet_sensor_data
05-05 21:57:54.712 580 580 D Sensors : b1 07 00 00
05-05 21:57:54.712 580 580 D Sensors : inject_scontext_data: New ssp_data_injection_fd(22)
05-05 21:57:54.713 580 580 D Sensors : SContext Data Injection return 4
05-05 21:57:54.714 1198 9721 I SamsungAlarmManager: setLocked to kernel - T:2 / 20210505T215845, SetElapsed=5970637625, nowELAPSED=5970587228
05-05 21:57:54.714 1198 1242 D CAE : getFaultDetectionResult(AutoRotationRunner.java:195) - true
05-05 21:57:54.714 1198 1242 I CAE : notifyCmdProcessResultObserver(ContextProvider.java:627) - CheckResult = 0, Cause = Success
05-05 21:57:54.715 1198 1242 I CAE : displayUsedCountForService(ContextAwareService.java:544) - totalCnt = 1, serviceCount = 1, subCollectionCount = 0
05-05 21:57:54.715 1198 9721 I SamsungAlarmManager: setLocked to kernel - T:3 / 20210505T215800, SetElapsed=5970592514, nowELAPSED=5970587229
05-05 21:57:54.715 1198 1242 D CAE : showListenerList(ContextAwareService.java:377) - ===== Context Aware Service List =====
05-05 21:57:54.715 1198 1242 I CAE : showListenerList(ContextAwareService.java:386) - Listener : com.samsung.android.contextaware.manager.ContextAwareService$Listener@c2c5dbe, Service : FREE_FALL_DETECTION(1)
05-05 21:57:54.715 7710 19529 D KeyguardViewMediator: onStartedWakingUpWithReason, seq = 7149 why = 1
05-05 21:57:54.716 1198 1242 I CAE : showListenerList(ContextAwareService.java:386) - Listener : com.samsung.android.contextaware.manager.ContextAwareService$Listener@dbda67d, Service : SLOCATION_AR_DISTANCE_RUNNER(1)
05-05 21:57:54.716 1198 1242 I CAE : showListenerList(ContextAwareService.java:386) - Listener : com.samsung.android.contextaware.manager.ContextAwareService$Listener@d01f2b6, Service : AUTO_ROTATION(1)
05-05 21:57:54.716 1198 1242 W CAE : registerCallback(ContextAwareService.java:191) - [regi 02] Mutex is unlocked for AUTO_ROTATION
05-05 21:57:54.716 7710 7710 D KeyguardViewMediator: handleMessage what = 21
05-05 21:57:54.716 1198 1242 W CAE : setCAProperty(ContextAwareService.java:597) - [setProperty 01] Mutex is locked for AUTO_ROTATION
05-05 21:57:54.716 7710 7710 D KeyguardViewMediator: handleNotifyWakingUp( why = 1 )
05-05 21:57:54.717 7710 7710 D KeyguardWallpaperController: sendWallpaperCommand: action = ACTION_UNLOCK
05-05 21:57:54.717 1198 1242 I CAE : setPropertyValue(AutoRotationRunner.java:119) - Device Type = 0.0
05-05 21:57:54.717 1198 1242 I CAE : setCAProperty(ContextAwareService.java:602) - result : true
05-05 21:57:54.717 1198 1242 W CAE : setCAProperty(ContextAwareService.java:603) - [setProperty 02] Mutex is unlocked for AUTO_ROTATION
05-05 21:57:54.717 1198 1242 D SemContextService: .registerCallback : 3, client=
05-05 21:57:54.717 1198 1242 D SemContextConnectionList: client packageName : com.android.server.policy.WindowOrientationListener$OrientationSensorJudge@614fc5c
05-05 21:57:54.718 1198 1242 D SemContextService: unlock : registerCallback
05-05 21:57:54.718 1198 1242 D SemContextManager: .registerListener : listener = com.android.server.policy.WindowOrientationListener$OrientationSensorJudge@614fc5c, service=Auto Rotation
05-05 21:57:54.718 1198 1242 D WindowManager: WindowOrientationListener.enable duration=21
05-05 21:57:54.718 1198 1242 D WindowManager: finishScreenTurningOn: mAwake=true, mScreenOnEarly=true, mScreenOnFully=false, mKeyguardDrawComplete=true, mWindowManagerDrawComplete=true
05-05 21:57:54.718 1198 1242 I WindowManager: Finished screen turning on...
05-05 21:57:54.719 7710 666 D KeyguardViewMediator: updateSALogging 1
05-05 21:57:54.719 7710 666 D SystemUIAnalytics: sendEventLog , , 1
05-05 21:57:54.719 580 653 I Sensors : AutoBrightnessSensor: lux = 24, time = 5970587232727330
05-05 21:57:54.720 1198 1262 D AutomaticBrightnessController: onSensorChanged: 1st lux : 24.0
05-05 21:57:54.720 1198 1262 D SensorService: removeConnection, index : 0, size : 1
05-05 21:57:54.720 1198 1262 D SensorService: # removeConnection, index : 0, size : 0
05-05 21:57:54.721 1198 1262 D SensorService: Calling activate off 1601334387
05-05 21:57:54.721 1198 1262 I SensorService: [PHYSICALLIGHT] activate
05-05 21:57:54.721 580 580 I Sensors : sensorActivate: handle 37 enable 0
05-05 21:57:54.721 580 580 I Sensors : type : 37, enable : 0
05-05 21:57:54.722 1198 1262 D SensorService: [PHYSICALLIGHT] no more clients, pausing Rear light and prox
05-05 21:57:54.722 1198 1262 D SensorManager: unregisterListener ::
05-05 21:57:54.723 1198 1262 D SensorService: Calling batch handle==1601334387 flags=0 rate=250000000 timeout== 0
05-05 21:57:54.723 1198 1262 I SensorService: [PHYSICALLIGHT] activate
05-05 21:57:54.723 1198 1262 D SensorService: [PHYSICALLIGHT] first client, resuming Rear light and prox
05-05 21:57:54.723 580 580 I Sensors : sensorBatch: handle=37 period=1000000 timeout=0
05-05 21:57:54.724 580 580 I Sensors : sensorActivate: handle 37 enable 1
05-05 21:57:54.724 580 580 I Sensors : type : 37, enable : 1
05-05 21:57:54.724 1198 1198 D AODManagerService: requestReCalToTSP IsSingleTouchMode = false / previousDisplayState = 4
05-05 21:57:54.725 1198 1198 D GameManagerService: onDisplayChanged. displyId: 0, state: 2
05-05 21:57:54.725 1198 1262 D SensorManager: registerListener :: 1601334387, Auto Brightness Sensor, 250000, 0,
05-05 21:57:54.725 1198 7670 D GameManagerService: onLooperPrepared(), msg: { when=0 what=10007 target=com.samsung.android.game.GameManagerService$FgCheckThread$1 }
05-05 21:57:54.725 1198 1262 D AutomaticBrightnessController: sendAmbientLux(24.0)
05-05 21:57:54.725 1198 2189 D LiftUpHandler: screen on
05-05 21:57:54.725 1198 7670 D GameManagerService: handleLcdOn(). isDeivceLocked: false, inKeyguardRestrictedInputMode: false
05-05 21:57:54.726 1198 2189 D SensorService: removeConnection, index : 0, size : 2
05-05 21:57:54.726 1198 2189 D SensorService: # removeConnection, index : 0, size : 1
05-05 21:57:54.726 1198 2189 D SensorService: Calling activate off 16
05-05 21:57:54.726 1198 1262 D PowerManagerUtil: fileWriteInt to /sys/class/lcd/panel/lux, 24
05-05 21:57:54.726 580 580 I Sensors : sensorBatch: handle=36 period=1000000 timeout=0
05-05 21:57:54.728 1198 2189 D SensorManager: unregisterListener ::
05-05 21:57:54.728 1198 2189 D LiftUpHandler: unregisterListener
05-05 21:57:54.728 1198 2189 E MotionRecognitionService: mReceiver.onReceive : ACTION_USER_PRESENT :: UNLOCK SCREEN
05-05 21:57:54.729 405 405 I hwservicemanager: getTransport: Cannot find entry vendor.mediatek.hardware.mtkradioex@1.0::IMtkRadioEx/mtkAssist1 in either framework or device manifest.
05-05 21:57:54.730 3690 3690 I GsaVoiceInteractionSrv: O received Intent { act=android.intent.action.USER_PRESENT flg=0x24200010 }
05-05 21:57:54.731 19690 19690 E MtpService: In MTPAPP onReceive:android.intent.action.USER_PRESENT
05-05 21:57:54.731 8035 8035 I NfcService: SCREEN_STATE is SCREEN_STATE_OFF. So ACTION_USER_PRESENT is ignored
05-05 21:57:54.731 19690 19690 E MtpService: Inside ACTION_USER_PRESENT:android.intent.action.USER_PRESENT
05-05 21:57:54.732 405 405 I hwservicemanager: getTransport: Cannot find entry vendor.mediatek.hardware.mtkradioex@1.0::IMtkRadioEx/mtkAssist2 in either framework or device manifest.
05-05 21:57:54.732 1198 1250 W BroadcastQueue: Background execution not allowed: receiving Intent { act=android.intent.action.USER_PRESENT flg=0x24200010 } to com.android.chrome/org.chromium.chrome.browser.sharing.click_to_call.ClickToCallMessageHandler$PhoneUnlockedReceiver
05-05 21:57:54.732 28104 28237 I WorkerManager: Releasing worker: [trainingcache]/[770]/[com.google.android.apps.gsa.staticplugins.fedass.k.a]
05-05 21:57:54.733 28104 28237 I WorkerManager: Releasing worker: [trainingcache]/[770]/[com.google.android.apps.gsa.staticplugins.fedass.k.a]
05-05 21:57:54.733 7941 7941 E ViewRootImpl@8838a1[LauncherActivity]: Surface is not valid.
05-05 21:57:54.734 7710 7710 E KeyguardUpdateMonitor: handleStartedWakingUp start 1
05-05 21:57:54.734 7710 7710 D KeyguardUpdateMonitor: requestBiometricAuth()
05-05 21:57:54.735 25847 25847 I TrayVisibilityController: UserPresentBroadcastReceiver : action = android.intent.action.USER_PRESENT
05-05 21:57:54.736 1198 9721 V WindowManager: Relayout Window{8f9bf16 u0 ScreenDecorOverlay}: viewVisibility=0 req=1079x181
05-05 21:57:54.738 7710 7710 D PickupController: onStartedWakingUp()
05-05 21:57:54.738 1198 10623 D SensorService: removeConnection, index : 0, size : 1
05-05 21:57:54.738 1198 10623 D SensorService: # removeConnection, index : 0, size : 0
05-05 21:57:54.738 1198 10623 D SensorService: Calling activate off 16
05-05 21:57:54.739 580 580 I Sensors : sensorActivate: handle 36 enable 0
05-05 21:57:54.739 580 580 I Sensors : type : 36, enable : 0
05-05 21:57:54.740 7710 7710 D SensorManager: unregisterListener ::
05-05 21:57:54.740 7710 7710 I SensorController: unregister
05-05 21:57:54.740 7710 7710 D FaceWidgetContainer: handleStartedWakingUp()
05-05 21:57:54.740 7710 7710 D FaceWidgetContainer: updateAdditionalViewSequence
05-05 21:57:54.740 7710 7710 D FloatingShortcutView: updateEnableState() reason = 7, currentState = DisabledShortcutState, isFloatingShortcutEnabled=false, isSettingEnabled=false, isScreenOn=true, isMoreThanOneShortcutEnabled=true, isEmergencyModeDisabled=true, isUPSMDisabled=true, isNotBouncer=true, isKeyguardShowing=false, isDLSShortcutEnabled=true, isPluginDefaultViewMode=true, isFaceWidgetFullscreenModeDisabled=true
05-05 21:57:54.740 7710 7710 D FloatingShortcutView: changeState() DisabledShortcutState reset
05-05 21:57:54.740 7710 7710 I DymLock|RegionalServiceManager: onStartedWakingUp()
05-05 21:57:54.740 7710 7710 I DymLock|RegionalServiceManager: notifyAction action[SCREEN_ON] arg[false]
05-05 21:57:54.740 7710 7710 E KeyguardUpdateMonitor: handleStartedWakingUp end
05-05 21:57:54.741 1198 9721 V WindowManager: Relayout 7710: mAttrs={(0,0)(fillxwrap) gr=TOP LEFT CENTER sim={adjust=pan} layoutInDisplayCutoutMode=always ty=NAVIGATION_BAR_PANEL fmt=TRANSLUCENT
05-05 21:57:54.741 1198 9721 V WindowManager: fl=20800128
05-05 21:57:54.741 1198 9721 V WindowManager: pfl=1100050
05-05 21:57:54.741 1198 9721 V WindowManager: vsysui=100 naviIconColor=0}, display=0
05-05 21:57:54.741 7710 7710 D KeyguardWallpaperController: handleWallpaperCommand: ACTION_UNLOCK
05-05 21:57:54.742 7710 7710 D KeyguardWallpaperController: onStartedWakingUp:
05-05 21:57:54.742 7710 7710 D SbStateController: setState: KGRD -> SHD
05-05 21:57:54.742 7710 2917 I WallpaperService: Dispatch wallpaper command: 0, 0 action is ACTION_UNLOCK
05-05 21:57:54.742 7710 7710 I AODUiController: setIsDozing dozing:false
05-05 21:57:54.742 7710 7710 I AODChargingInfoTimer: cancelAlarm:
05-05 21:57:54.742 1198 9343 D SamsungAlarmManager: Cancel Alarm calling from uid:10053 pid :7710 / listener:android.app.IAlarmListener$Stub$Proxy@8d61f24
05-05 21:57:54.744 1198 9343 I SamsungAlarmManager: setLocked to kernel - T:2 / 20210505T215845, SetElapsed=5970637676, nowELAPSED=5970587258
05-05 21:57:54.744 1198 9343 I SamsungAlarmManager: setLocked to kernel - T:3 / 20210505T215800, SetElapsed=5970592514, nowELAPSED=5970587258
05-05 21:57:54.745 1198 7670 D GameManagerService: process is not found.
05-05 21:57:54.745 1198 2262 D SensorService: removeConnection, index : 0, size : 1
05-05 21:57:54.745 1198 2262 D SensorService: # removeConnection, index : 0, size : 0
05-05 21:57:54.745 1198 2262 D SensorService: Calling activate off 7
05-05 21:57:54.745 580 580 I Sensors : sensorActivate: handle 5 enable 0
05-05 21:57:54.746 580 580 I Sensors : type : 5, enable : 0
05-05 21:57:54.747 7710 7710 D SensorManager: unregisterListener ::
05-05 21:57:54.747 7710 7710 D AODOverlayContainer: setVisibility 8
05-05 21:57:54.749 7710 7710 D MultiSIMPreferredSlotBar: setExpanded : false
05-05 21:57:54.752 7710 8446 I ViewRootImpl@ccbeb8d[ScreenDecorOverlay]: Relayout returned: old=(0,0,1080,181) new=(0,0,1080,181) req=(1079,181)0 dur=17 res=0x3 s={true 498655690752} ch=false
05-05 21:57:54.754 1198 1262 D AutomaticBrightnessController: [api] updateAutoBrightness : 69(0.27) 0 < 24.0 < 159 (adj:+0.0) (1st)
05-05 21:57:54.754 1198 1250 W BroadcastQueue: Background execution not allowed: receiving Intent { act=android.intent.action.USER_PRESENT flg=0x24200010 } to com.google.android.gms/.auth.setup.devicesignals.LockScreenReceiver
05-05 21:57:54.755 1198 1262 D DisplayPowerController: animateScreenStateChange: target=2, targetInternal=2, dualScreenPolicy=-1
05-05 21:57:54.755 1198 1262 D DisplayPowerController: getFinalBrightness : Summary is 69 -> 69
05-05 21:57:54.755 1198 1262 D DisplayPowerController: Animating brightness: target=69, rate=0 (PSM:, AB limit:(-1 ~ -1) MB Limit:(-1 ~ 365), sf=1.0
05-05 21:57:54.755 1198 1250 W BroadcastQueue: Background execution not allowed: receiving Intent { act=android.intent.action.USER_PRESENT flg=0x24200010 } to com.google.android.gms/.chimera.GmsIntentOperationService$PersistentTrustedReceiver
05-05 21:57:54.756 1198 1262 D DisplayPowerController: putScreenBrightnessSetting: transitionTime=0
05-05 21:57:54.756 1198 1262 D SettingsProvider: isChangeAllowed() : name = auto_brightness_transition_time
05-05 21:57:54.756 1198 1262 D DisplayPowerController: putScreenBrightnessSetting: brightness=69
05-05 21:57:54.756 1198 1262 D SettingsProvider: isChangeAllowed() : name = screen_brightness
05-05 21:57:54.757 1198 1262 I GenerationRegistry: mBackingStore.isClosed() : false
05-05 21:57:54.757 1198 1262 V DisplayPowerController: Brightness [69] reason changing to: 'automatic', previous reason: '0'.
05-05 21:57:54.757 1198 1250 W BroadcastQueue: Background execution not allowed: receiving Intent { act=android.intent.action.USER_PRESENT flg=0x24200010 } to com.samsung.android.SettingsReceiver/.SettingsIntentReceiver
05-05 21:57:54.758 1198 1262 D DisplayPowerController: animateScreenStateChange: target=2, targetInternal=2, dualScreenPolicy=-1
05-05 21:57:54.758 1198 1262 D DisplayPowerController: getFinalBrightness : Summary is 69 -> 69
05-05 21:57:54.759 1198 1250 W BroadcastQueue: Background execution not allowed: receiving Intent { act=android.intent.action.USER_PRESENT flg=0x24200010 } to com.samsung.android.spay/.SpayBroadcastReceiver
05-05 21:57:54.762 7710 7710 D SimCardManagerServiceProvider: SimCardManagerProcessService already is Running !!!
05-05 21:57:54.762 7710 7710 D MultiSIMPreferredSlotBar: unRegisterSimCardManagerCallback : mSimCardmanagerSerice is null
05-05 21:57:54.762 580 653 I Sensors : AutoBrightnessSensor: lux = 24, time = 5970587275724869
05-05 21:57:54.764 7710 7710 D SwipeAnimator: RESET false
05-05 21:57:54.764 7710 7710 D StatusBar: updateQsExpansionEnabled - QS Expand enabled: true
05-05 21:57:54.766 616 2237 I BufferQueueProducer: [ScreenDecorOverlay$_7710#0](this:0x7186498000,id:4,api:0,p:-1,c:616) queueBuffer: fps=0.10 dur=9604.14 max=9604.14 min=9604.14
05-05 21:57:54.768 7710 7710 D PanelView: setVisibility 0
05-05 21:57:54.769 7710 7710 V PanelBar: go state: 2 -> 2
05-05 21:57:54.769 7710 7710 D ScrimController: ScrimView Update is canceled !keyguardOrUnlocked : true !mExpansionAffectsAlpha = false
05-05 21:57:54.769 7710 7861 I KeyguardViewMediator: updateActivityLockScreenState false false
05-05 21:57:54.770 1198 7846 D ActivityTaskManager: setLockScreenShown(false,false) is called from 7710
05-05 21:57:54.772 7710 7710 D PanelView: setVisibility 0
05-05 21:57:54.772 1198 7846 V WindowManager: Prepare app transition: transit=TRANSIT_NONE mNextAppTransition=TRANSIT_UNSET alwaysKeepCurrent=false displayId=0 Callers=com.android.server.wm.DisplayContent.prepareAppTransition:6365 com.android.server.wm.WindowManagerService.prepareAppTransition:2985 com.android.server.wm.KeyguardController.setKeyguardShown:188 com.android.server.wm.ActivityTaskManagerService.setLockScreenShown:4281 android.app.IActivityTaskManager$Stub.onTransact:3250
05-05 21:57:54.772 7710 7710 V PanelBar: go state: 2 -> 2
05-05 21:57:54.773 1198 7846 D ActivityTaskManager: Top Process State changed to PROCESS_STATE_TOP
05-05 21:57:54.773 6988 20909 I NearbySharing: Screen is unlocked [CONTEXT service_id=194 ]
05-05 21:57:54.774 1198 7846 V WindowManager: Prepare app transition: transit=TRANSIT_ACTIVITY_OPEN mNextAppTransition=TRANSIT_NONE alwaysKeepCurrent=false displayId=0 Callers=com.android.server.wm.DisplayContent.prepareAppTransition:6365 com.android.server.wm.DisplayContent.prepareAppTransition:6359 com.android.server.wm.ActivityStack.resumeTopActivityInnerLocked:3573 com.android.server.wm.ActivityStack.resumeTopActivityUncheckedLocked:3154 com.android.server.wm.ActivityRecord.makeActiveIfNeeded:2527
05-05 21:57:54.774 7710 7710 D KeyguardBottomAreaShortcutView: updateCameraVisibility isCameraDisabled:false visible:true
05-05 21:57:54.774 6988 20909 I NearbySharing: Failed to stop scanning because weren't scanning. [CONTEXT service_id=194 ]
05-05 21:57:54.774 6988 20909 I NearbySharing: Stopping discovery because Bluetooth is disabled. [CONTEXT service_id=194 ]
05-05 21:57:54.774 6988 20909 I NearbySharing: Can't stop advertising FastInitiation. Not advertising. [CONTEXT service_id=194 ]
05-05 21:57:54.774 6988 20909 I NearbySharing: Stopping Fast Init advertisement because Bluetooth is off. [CONTEXT service_id=194 ]
05-05 21:57:54.774 6988 20909 I NearbySharing: Failed to stop advertising because we weren't advertising. [CONTEXT service_id=194 ]
05-05 21:57:54.774 6988 20909 I NearbySharing: Stopping advertising because Bluetooth is disabled. [CONTEXT service_id=194 ]
05-05 21:57:54.775 1198 7846 V WindowManager: rotationForOrientation(orient=5, last=0); user=0
05-05 21:57:54.775 1198 7846 V WindowOrientationListener: getProposedRotation: -1
05-05 21:57:54.775 1198 7846 V WindowManager: Computed rotation=0 for display id=0 based on lastOrientation=5 and oldRotation=0, caller=com.android.server.wm.DisplayContent.updateOrientationFromAppTokens:1553 com.android.server.wm.DisplayContent.updateOrientationFromAppTokens:1507 com.android.server.wm.RootActivityContainer.ensureVisibilityAndConfig:688 com.android.server.wm.ActivityStack.resumeTopActivityInnerLocked:3651 com.android.server.wm.ActivityStack.resumeTopActivityUncheckedLocked:3154 com.android.server.wm.ActivityRecord.makeActiveIfNeeded:2527
05-05 21:57:54.776 9312 9340 D DMASA[S]: [SaProvider]get log ok : 472-399-5110257
05-05 21:57:54.777 7941 7941 I ViewRootImpl@8838a1[LauncherActivity]: stopped(false) old=true
05-05 21:57:54.778 1198 2198 D InputReader: Input event(4): value=0 when=3058586.012404
05-05 21:57:54.778 1198 2198 D InputReader: !@notifyKey(116), action=1
05-05 21:57:54.778 1198 2198 D InputManager-JNI: !@interceptKeyBeforeQueueing(116), action=1, interactive=true
05-05 21:57:54.778 6988 20909 D BluetoothAdapter: STATE_BLE_ON
05-05 21:57:54.779 6988 20909 D BluetoothAdapter: appoCount is = 1 G/S = 5/4
05-05 21:57:54.779 1198 7846 D MARsPolicyManager: onPackageResumedFG pkgName = com.sec.android.app.launcher, userId = 0
05-05 21:57:54.781 616 616 D SurfaceFlinger: Finished setting power mode 2 on display 0
05-05 21:57:54.781 6988 20909 D BluetoothAdapter: STATE_BLE_ON
05-05 21:57:54.782 1198 7846 W WindowManager: Execute app transition: mNextAppTransition=TRANSIT_ACTIVITY_OPEN, displayId: 0 Callers=com.android.server.wm.RootActivityContainer.executeAppTransitionForAllDisplay:1154 com.android.server.wm.ActivityStackSupervisor.reportResumedActivityLocked:2692 com.android.server.wm.ActivityRecord.completeResumeLocked:2704 com.android.server.wm.ActivityStack.resumeTopActivityInnerLocked:3764 com.android.server.wm.ActivityStack.resumeTopActivityUncheckedLocked:3154
05-05 21:57:54.782 6988 20909 D BluetoothAdapter: appoCount is = 1 G/S = 5/4
05-05 21:57:54.782 6988 20909 D BluetoothLeScanner: Start Scan with callback
05-05 21:57:54.783 1198 2198 D API test: getContainerInfo: value is
05-05 21:57:54.783 1198 2198 D PhoneWindowManagerExtension: systemKeyEventRequested REMOVE_PASS
05-05 21:57:54.783 1198 2198 D WindowManager: interceptKeyTq s_result=8
05-05 21:57:54.783 1198 2198 D InputManager-JNI: !@handleInterceptActions(116), action=1, wmActions=0
05-05 21:57:54.783 1198 7846 W WindowManager: Execute app transition: mNextAppTransition=TRANSIT_ACTIVITY_OPEN, displayId: 0 Callers=com.android.server.wm.WindowManagerService.executeAppTransition:3037 com.android.server.wm.KeyguardController.setKeyguardShown:201 com.android.server.wm.ActivityTaskManagerService.setLockScreenShown:4281 android.app.IActivityTaskManager$Stub.onTransact:3250 android.os.Binder.execTransactInternal:1056
05-05 21:57:54.783 1198 7648 D PowerManagerUtil: !@ display_state: ON: took 88 ms
05-05 21:57:54.784 8087 8922 E ImsAdaptorImpl: setSSACInfo : ImsAdaptorImpl.
05-05 21:57:54.784 8202 10631 D BtGatt.ContextMap: add() - appUid: 10223, appPid: 6988, appName: com.google.uid.shared
05-05 21:57:54.784 8106 9022 I EPDG -- EpdgSecChannelCallback: receive
05-05 21:57:54.784 8106 9022 I EPDG -- EpdgIpcMessageFactory: ipcMainCmd: 112
05-05 21:57:54.784 1198 7648 D DisplayPowerController: setActualDisplayState: DOZE_SUSPEND -> ON
05-05 21:57:54.784 8106 9022 I EPDG -- SIM0 [RILRECEIVER]: [Rx]: Main: IPC_IIL_CMD Sub: IPC_IIL_SSAC_INFO
05-05 21:57:54.784 8202 8584 I bt_stack: [INFO:gatt_api.cc(958)] GATT_Register 24c789e6-6154-4df8-8359-65e77ef7554e
05-05 21:57:54.784 8106 9022 I EPDG -- SIM0 [RILRECEIVER]: [Rx]: Param: 00 00 00 00 00 00
05-05 21:57:54.785 1198 1262 D DisplayPowerController: animateScreenStateChange: target=2, targetInternal=2, dualScreenPolicy=-1
05-05 21:57:54.785 8202 8584 I bt_stack: [INFO:gatt_api.cc(995)] allocated gatt_if=5
05-05 21:57:54.785 1198 1262 D DisplayPowerController: getFinalBrightness : Summary is 69 -> 69
05-05 21:57:54.785 8202 8370 D BtGatt.GattService: onScannerRegistered() - UUID=24c789e6-6154-4df8-8359-65e77ef7554e, scannerId=5, status=0
05-05 21:57:54.785 8106 9022 I EPDG -- [NETIPCMESSAGE]: decodeIilSsacInfo()
05-05 21:57:54.785 7941 7941 D LauncherAppWidgetHost: setListenIfResumed, mFlags = 0
05-05 21:57:54.785 8106 9022 E EPDG -- SIM0 [RILRECEIVER]: Incorrect EpdgIilIpcMessage IPC Message -- not initialized
05-05 21:57:54.785 7941 7941 D PageOverlayMover: updateActivityLifecycleState : 1
05-05 21:57:54.785 17364 22563 I PageOverlayServiceImpl: [FROM HOME] updateActivityLifecycleState : 1
05-05 21:57:54.785 1198 7648 D BrightnessHandler: inject brightness = 69
05-05 21:57:54.786 1198 1262 D DisplayPowerController: animateScreenStateChange: target=2, targetInternal=2, dualScreenPolicy=-1
05-05 21:57:54.786 1198 1262 D DisplayPowerController: getFinalBrightness : Summary is 69 -> 69
05-05 21:57:54.786 1198 1262 D DisplayPowerController: mWindowManagerPolicy.screenTurnedOn()
05-05 21:57:54.786 580 656 I Sensors : LightSensor::inject_sensor_data: brightness 69
05-05 21:57:54.786 1198 1262 V KeyguardServiceDelegate: onScreenTurnedOn()
05-05 21:57:54.786 1198 1262 D PowerManagerService: DisplayPowerCallbacks : onStateChanged()
05-05 21:57:54.786 6988 7284 D BluetoothLeScanner: onScannerRegistered() - status=0 scannerId=5 mScannerId=0
05-05 21:57:54.786 7710 19529 D KeyguardViewMediator: onScreenTurnedOn
05-05 21:57:54.786 1198 7648 D BrightnessHandler: inject brightness = 69
05-05 21:57:54.787 580 656 I Sensors : LightSensor::inject_sensor_data: brightness 69
05-05 21:57:54.787 1198 1262 D PowerManagerService: mDisplayReady: true
05-05 21:57:54.787 1198 1262 D PowerManagerService: Setting HAL interactive mode to true
05-05 21:57:54.787 8054 28555 D SsacManager: updateSSACInfo[0] : Voice(0:0) Video(0:0)
05-05 21:57:54.787 8054 28555 D SsacManager: Voice Call updateSSACInfo[0] : f[0], t[0]
05-05 21:57:54.787 8054 28555 D SsacManager: Video Call updateSSACInfo[0] : f[0], t[0]
05-05 21:57:54.787 1198 1262 D PowerManagerService: handleSandman : stopDream
05-05 21:57:54.787 1198 1262 I DreamManagerService: Gently waking up from dream.
05-05 21:57:54.788 8202 10631 D BluetoothAdapter: STATE_BLE_ON
05-05 21:57:54.788 616 616 I SurfaceFlinger: Display 0 HWC layers:
05-05 21:57:54.788 616 616 I SurfaceFlinger: type | handle | flag | format | source crop (l,t,r,b) | frame | name
05-05 21:57:54.788 616 616 I SurfaceFlinger: ------------+--------------+------+-----------+----------------------------+---------------------+------
05-05 21:57:54.788 616 616 I SurfaceFlinger: DEVICE | 0x71864a6b00 | 0002 | RGBA_8888 | 0.0 0.0 1080.0 2400.0 | 0 0 1080 2400 | com.android.systemui.ImageWallpaper$_7710#0
05-05 21:57:54.788 616 616 I SurfaceFlinger: DEVICE | 0x71656cea80 | 0000 | RGBA_8888 | 0.0 0.0 1080.0 2400.0 | 0 0 1080 2400 | com.sec.android.app.launcher/com.sec[...].activities.LauncherActivity$_7941#0
05-05 21:57:54.788 616 616 I SurfaceFlinger: DEVICE | 0x71656cdf40 | 0008 | RGBA_8888 | 0.0 0.0 1080.0 2400.0 | 0 0 1080 2400 | StatusBar$_7710#0
05-05 21:57:54.788 616 616 I SurfaceFlinger: DEVICE | 0x71864a4800 | 0000 | RGBA_8888 | 0.0 0.0 1080.0 181.0 | 0 0 1080 181 | ScreenDecorOverlay$_7710#0
05-05 21:57:54.788 616 616 I SurfaceFlinger: DEVICE | 0x71656cf0c0 | 0000 | RGBA_8888 | 0.0 0.0 1080.0 181.0 | 0 2219 1080 2400 | ScreenDecorOverlayBottom$_7710#0
05-05 21:57:54.788 616 616 I SurfaceFlinger:
05-05 21:57:54.788 1198 1241 I DreamManagerService: Performing gentle wake from dream.
05-05 21:57:54.788 8202 10631 D BluetoothAdapter: bleAppCnt is = 5
05-05 21:57:54.788 593 21267 I Sec MiscPowerHAL: !@sysfs_write +: /sys/class/power_supply/battery/lcd: 1
05-05 21:57:54.788 593 21267 I Sec MiscPowerHAL: !@sysfs_write -: /sys/class/power_supply/battery/lcd: 1
05-05 21:57:54.788 593 21266 I Sec MiscPowerHAL: !@sysfs_write +: /sys/class/sec/tsp/input/enabled: 1
05-05 21:57:54.788 8054 28555 D SsacManager: set regiMgr.setSSACPolicy as false.
05-05 21:57:54.789 1198 1245 W WindowManager: requestTraversal called while in layout. Callers=com.android.server.wm.WindowManagerService.requestTraversal:6440 com.android.server.wm.WindowState.onExitAnimationDone:5148 com.android.server.wm.-$$Lambda$01bPtngJg5AqEoOWfW3rWfV7MH4.accept:2
05-05 21:57:54.791 592 592 D SehLight: lcd : 69 +
05-05 21:57:54.792 592 592 D SehLight: lcd : 69 -
05-05 21:57:54.793 8106 9022 I EPDG -- EpdgSecChannelCallback: receive
05-05 21:57:54.793 8106 9022 I EPDG -- EpdgIpcMessageFactory: ipcMainCmd: 112
05-05 21:57:54.793 8106 9022 I EPDG -- SIM1 [RILRECEIVER]: [Rx]: Main: IPC_IIL_CMD Sub: IPC_IIL_SSAC_INFO
05-05 21:57:54.793 8106 9022 I EPDG -- SIM1 [RILRECEIVER]: [Rx]: Param: 00 00 00 00 00 00
05-05 21:57:54.794 8106 9022 I EPDG -- [NETIPCMESSAGE]: decodeIilSsacInfo()
05-05 21:57:54.794 8106 9022 E EPDG -- SIM1 [RILRECEIVER]: Incorrect EpdgIilIpcMessage IPC Message -- not initialized
05-05 21:57:54.794 8106 9022 I EPDG -- EpdgSecChannelCallback: receive
05-05 21:57:54.794 8106 9022 I EPDG -- EpdgIpcMessageFactory: ipcMainCmd: 8
05-05 21:57:54.794 8106 9022 I EPDG -- SIM0 [RILRECEIVER]: [Rx]: Main: IPC_NET_CMD Sub: IPC_NET_REGIST
05-05 21:57:54.794 8106 9022 I EPDG -- SIM0 [RILRECEIVER]: [Rx]: Param: FF 03
05-05 21:57:54.794 8106 9022 E EPDG -- SIM0 [RILRECEIVER]: RX [NET_REGIST] -- RESPONSE -- not initialized
05-05 21:57:54.794 8106 9022 I EPDG -- [NETIPCMESSAGE]: encodeNetRegist
05-05 21:57:54.794 8087 8925 E ImsAdaptorImpl2: setSSACInfo : ImsAdaptorImpl.
05-05 21:57:54.794 8106 9022 I EPDG -- SIM0 [IPCDISPATCHER]: [Tx]: Main: IPC_NET_CMD Sub: IPC_NET_REGIST Cmd Type: IPC_CMD_RESP
05-05 21:57:54.794 8106 9022 I EPDG -- SIM0 [IPCDISPATCHER]: [Tx]: Param: 30 03 01 00 00 00 00 00 00 00 00 00 00 00 00 00 00 00 00 00
05-05 21:57:54.794 7941 9724 D Surface : Surface::disconnect(this=0x73e2944000,api=1)
05-05 21:57:54.795 1198 8041 V WindowManager: Relayout Window{dc14f33 u0 ScreenDecorOverlayBottom}: viewVisibility=0 req=1079x181
05-05 21:57:54.795 8106 9016 I EPDG -- SIM0 [MODEM]: EpdgModemSender(): send
05-05 21:57:54.795 616 696 I BufferQueueProducer: [com.sec.android.app.launcher/com.sec.android.app.launcher.activities.LauncherActivity$_7941#0](this:0x7165918000,id:37043,api:0,p:-1,c:616) disconnect(P): api 1
05-05 21:57:54.795 8054 28555 D SsacManager: updateSSACInfo[0] : Voice(0:0) Video(0:0)
05-05 21:57:54.795 8054 28555 D SsacManager: Voice Call updateSSACInfo[0] : f[0], t[0]
05-05 21:57:54.795 8054 28555 D SsacManager: Video Call updateSSACInfo[0] : f[0], t[0]
05-05 21:57:54.796 8202 8571 D BluetoothAdapter: STATE_BLE_ON
05-05 21:57:54.796 8054 28555 D SsacManager: set regiMgr.setSSACPolicy as false.
05-05 21:57:54.796 8202 8571 D BluetoothAdapter: appoCount is = 1 G/S = 5/4
05-05 21:57:54.796 6988 20909 I NearbySharing: Started scanning for FastInitiation with mode: SCAN_MODE_LOW_LATENCY [CONTEXT service_id=194 ]
05-05 21:57:54.798 580 653 I Sensors : AutoBrightnessSensor: enable cam, time = 4294967295
05-05 21:57:54.799 1198 2149 D SensorService: [PHYSICALLIGHT] Data is incorrect -1.000000
05-05 21:57:54.799 1198 2149 D SensorService: [CALIBRATEDLUX] Event happens -1.000000
05-05 21:57:54.799 1198 8041 V WindowManager: Relayout 7710: mAttrs={(0,0)(fillxwrap) gr=BOTTOM RIGHT CENTER sim={adjust=pan} layoutInDisplayCutoutMode=always ty=NAVIGATION_BAR_PANEL fmt=TRANSLUCENT
05-05 21:57:54.799 1198 8041 V WindowManager: fl=20800128
05-05 21:57:54.799 1198 8041 V WindowManager: pfl=1100050
05-05 21:57:54.799 1198 8041 V WindowManager: vsysui=100 naviIconColor=0}, display=0
05-05 21:57:54.801 7710 8446 I ViewRootImpl@334e69a[ScreenDecorOverlayBottom]: Relayout returned: old=(0,2219,1080,2400) new=(0,2219,1080,2400) req=(1079,181)0 dur=30 res=0x1 s={true 498656550912} ch=false
05-05 21:57:54.801 8106 9022 I EPDG -- EpdgSecChannelCallback: receive
05-05 21:57:54.801 8106 9022 I EPDG -- EpdgIpcMessageFactory: ipcMainCmd: 8
05-05 21:57:54.801 1198 2189 D MotionRecognitionService: CalcuratedLux event happens = -1.0
05-05 21:57:54.802 8106 9022 I EPDG -- SIM1 [RILRECEIVER]: [Rx]: Main: IPC_NET_CMD Sub: IPC_NET_REGIST
05-05 21:57:54.802 8106 9022 I EPDG -- SIM1 [RILRECEIVER]: [Rx]: Param: FF 03
05-05 21:57:54.802 8106 9022 E EPDG -- SIM1 [RILRECEIVER]: RX [NET_REGIST] -- RESPONSE -- not initialized
05-05 21:57:54.802 1198 2189 D MotionRecognitionService: Brightness value = 1
05-05 21:57:54.802 8106 9022 I EPDG -- [NETIPCMESSAGE]: encodeNetRegist
05-05 21:57:54.803 1198 7828 D WindowManager: finishDrawingWindow: Window{8f9bf16 u0 ScreenDecorOverlay} mDrawState=HAS_DRAWN
05-05 21:57:54.803 8106 9022 I EPDG -- SIM1 [IPCDISPATCHER]: [Tx]: Main: IPC_NET_CMD Sub: IPC_NET_REGIST Cmd Type: IPC_CMD_RESP
05-05 21:57:54.803 8106 9022 I EPDG -- SIM1 [IPCDISPATCHER]: [Tx]: Param: 30 03 01 00 00 00 00 00 00 00 00 00 00 00 00 00 00 00 00 00
05-05 21:57:54.803 1198 2189 D MotionRecognitionService: is faceUnlock : :false phone is locked : false
05-05 21:57:54.803 1198 2189 D MotionRecognitionService: startService adaptivebrightnessgo
05-05 21:57:54.803 8106 9034 I EPDG -- SIM1 [MODEM]: EpdgModemSender(): send
05-05 21:57:54.803 8202 8574 E BtGatt.GattService: [GSIM LOG]: gsimLogHandler, msg: MESSAGE_SCAN_START, appName: com.google.uid.shared, scannerId: 5, reportDelayMillis=0
05-05 21:57:54.804 1198 2189 D SensorService: Calling batch handle==1935762019 flags=0 rate=200000000 timeout== 0
05-05 21:57:54.804 8202 8571 D BluetoothAdapter: STATE_BLE_ON
05-05 21:57:54.805 1198 2189 I SensorService: [CameraLightSensor] activate 1
05-05 21:57:54.805 1198 2189 D SensorManager: registerListener :: 1935762019, Camera Light Sensor, 0, 0,
05-05 21:57:54.805 1198 2189 D SensorManager: [CameraLightSensor] Use handler looper= Looper (AdaptiveBrightnessController, tid 488) {1f4f032} mainLooper= Looper (main, tid 2) {f25b183}
05-05 21:57:54.805 8202 8571 D BluetoothAdapter: appoCount is = 1 G/S = 5/4
05-05 21:57:54.805 1198 2189 D MotionRecognitionService: Ev-lux map, exposure= 100.0 brightness= 100.0
05-05 21:57:54.806 8202 8571 D BluetoothAdapter: STATE_BLE_ON
05-05 21:57:54.806 8202 8571 D BluetoothAdapter: appoCount is = 1 G/S = 5/4
05-05 21:57:54.807 7710 7710 D FaceWidgetContainer: setDozing false
05-05 21:57:54.808 616 696 I BufferQueueProducer: [ScreenDecorOverlayBottom$_7710#0](this:0x71656f3000,id:6,api:0,p:-1,c:616) queueBuffer: fps=0.10 dur=9636.30 max=9636.30 min=9636.30
05-05 21:57:54.808 1198 1198 D EdmStorageProvider: getCount(ClientCertificateManagerTable) - 1
05-05 21:57:54.808 1198 1198 D ClientCertificateManager Service: Send message MSG_UPDATE_LOCK_STATUS
05-05 21:57:54.808 7710 7710 D StatusBar: updateQsExpansionEnabled - QS Expand enabled: true
05-05 21:57:54.808 7710 7710 D ScrimController: State changed to: UNLOCKED
