05-05 21:58:21.980 591 591 I mtkcam-FeatureSettingPolicy: [evaluateCaptureConfiguration] scenario(MTK_CAMERA_SCENARIO_CAPTURE_NORMAL) support feature:MTK_FEATURE_AIHDR(0x2000000), feature combination:MTK_FEATURE_COMBINATION_AIHDR(0x20600f8)
05-05 21:58:21.980 591 591 I mtkcam-FeatureSettingPolicy: [evaluateCaptureConfiguration] scenario(MTK_CAMERA_SCENARIO_CAPTURE_NORMAL) support feature:TP_FEATURE_HDR(0x100000000), feature combination:MTK_FEATURE_COMBINATION_HDR(0x1000600f8)
05-05 21:58:21.980 591 591 I mtkcam-FeatureSettingPolicy: [evaluateCaptureConfiguration] scenario(MTK_CAMERA_SCENARIO_CAPTURE_NORMAL) support feature:MTK_FEATURE_AINR(0x2000), feature combination:MTK_FEATURE_COMBINATION_AINR(0x620f8)
05-05 21:58:21.980 591 591 I mtkcam-FeatureSettingPolicy: [evaluateCaptureConfiguration] scenario(MTK_CAMERA_SCENARIO_CAPTURE_NORMAL) support feature:MTK_FEATURE_REMOSAIC(0x4), feature combination:MTK_FEATURE_COMBINATION_REMOSAIC(0x600fc)
05-05 21:58:21.980 591 591 I mtkcam-FeatureSettingPolicy: [evaluateCaptureConfiguration] scenario(MTK_CAMERA_SCENARIO_CAPTURE_NORMAL) support feature:MTK_FEATURE_MFNR(0x1), feature combination:MTK_FEATURE_COMBINATION_MFNR(0x600f9)
05-05 21:58:21.980 591 591 I mtkcam-FeatureSettingPolicy: [evaluateCaptureConfiguration] scenario(MTK_CAMERA_SCENARIO_CAPTURE_NORMAL) support feature:NO_FEATURE_NORMAL(0), feature combination:MTK_FEATURE_COMBINATION_SINGLE(0x4600f8)
05-05 21:58:21.980 591 591 I mtkcam-FeatureSettingPolicy: [getCaptureProvidersByScenarioFeatures] support features:0x1024620fd uniqueKey:162821978
05-05 21:58:21.980 591 591 I MtkCam/ppl_plugin: [PipelinePlugin] MultiFrame: ctor(0x761be4ffd8), openId:1, openId2:-1, hash:0x9b4775affff0001
05-05 21:58:21.980 591 591 I MtkCam/ppl_plugin: [getInstance] MultiFrame: create plugin(0x761be4ffd8), hash(1):0x9b4775affff0001, uniqueKey:162821978, openId:1, openId2:-1, mInstances size:1
05-05 21:58:21.980 591 591 I MtkCam/ppl_plugin: [PipelinePlugin] Raw: ctor(0x761be50118), openId:1, openId2:-1, hash:0x9b4775affff0001
05-05 21:58:21.980 591 591 I MtkCam/ppl_plugin: [getInstance] Raw: create plugin(0x761be50118), hash(1):0x9b4775affff0001, uniqueKey:162821978, openId:1, openId2:-1, mInstances size:1
05-05 21:58:21.980 591 591 I MtkCam/ppl_plugin: [PipelinePlugin] Yuv: ctor(0x761be501b8), openId:1, openId2:-1, hash:0x9b4775affff0001
05-05 21:58:21.980 591 591 I MtkCam/ppl_plugin: [getInstance] Yuv: create plugin(0x761be501b8), hash(1):0x9b4775affff0001, uniqueKey:162821978, openId:1, openId2:-1, mInstances size:1
05-05 21:58:21.981 591 591 I mtkcam-FeatureSettingPolicy: [evaluateCaptureConfiguration] out->CaptureParams:{ .additionalHalP1OutputBufferNum={ .imgo=8 .rrzo=8 .lcso=8 .rsso=0 .scaledYuv=0 } .maxAppRaw16OutputBufferNum=1 .maxAppJpegStreamNum=5 .supportedScenarioFeatures=0x1024620fd }
05-05 21:58:21.981 591 591 I mtkcam-FeatureSettingPolicy: [evaluateStreamConfiguration] set MdpTargetSize : dispSize(176x144), recSize(0x0), extraSize(0x0), largeSize(0x0)
05-05 21:58:21.981 591 591 I mtkcam-mtk_scenario_mgr: [mtk_get_streaming_scenario] no dedicated scenario, normal scenario
05-05 21:58:21.981 591 591 I mtkcam-mtk_scenario_mgr: [mtk_get_streaming_scenario] scenario:51
05-05 21:58:21.981 591 591 I mtkcam-mtk_scenario_mgr: [mtk_get_features_table_by_scenario] find features for scenario(51 : MTK_CAMERA_SCENARIO_STREAMING_NORMAL)
05-05 21:58:21.981 591 591 I mtkcam-mtk_scenario_mgr: [mtk_get_streaming_config] streaming scenario config, fixMarginList(0)
05-05 21:58:21.981 591 591 I mtkcam-FeatureSettingPolicy: [evaluateStreamConfiguration] scenario(MTK_CAMERA_SCENARIO_STREAMING_NORMAL) support feature:NO_FEATURE_NORMAL(0), feature combination:MTK_FEATURE_COMBINATION_VIDEO_NORMAL(0x400c00301020)
05-05 21:58:21.981 591 591 I mtkcam-FeatureSettingPolicy: [evaluateStreamConfiguration] support features:0x400c00301020, rrz ratio(1.000000), marginList(0), MdpTargetSize(176x144)
05-05 21:58:21.981 591 591 I mtkcam-SensorSettingPolicy4cell: [parseStreamSize_4Cell] StreamId(0) image width 176, height 144
05-05 21:58:21.981 591 591 I mtkcam-SensorSettingPolicy4cell: [parseStreamSize_4Cell] StreamId(0) set 4:3 sensor mode
05-05 21:58:21.981 591 591 I mtkcam-SensorSettingPolicy4cell: [parseSensorMode_4Cell] find match sensor mode 6
05-05 21:58:21.981 591 591 I mtkcam-SensorSettingPolicy4cell: select size(2112x1584)@30 sensorMode:6 hdrSensorMode:0 hdrHalMode:0
05-05 21:58:21.981 591 591 I mtkcam-P1HwSettingPolicy: [evaluateDeviceRawBitDepth] MTK_SENSOR_INFO_WHITE_LEVEL:1023 bitdepth:10
05-05 21:58:21.981 591 591 E NormalPipe: [query] unsupport cmd(0x4000)
05-05 21:58:21.981 591 591 E NormalPipe: (query){#641:vendor/mediatek/proprietary/hardware/mtkcam/drv/src/isp/mt6768/iopipe/CamIO/NormalPipeModule.cpp}
05-05 21:58:21.981 591 591 W MtkCam/HwInfoHelper: [quertMaxRrzoWidth] this platform not support ENPipeQueryCmd_MAX_PREVIEW_SIZE, use default value : 2560
05-05 21:58:21.981 591 591 I MtkCam/HwInfoHelper: [getImgoFmt] debug.camera.rawunpak = -1, useUnpakFmt = 0
05-05 21:58:21.981 591 591 I MtkCam/HwInfoHelper: [getImgoFmt] vendor.debug.camera.afraw = -1, don't use Af Raw
05-05 21:58:21.981 591 591 I MtkCam/HwInfoHelper: [getImgoFmt] debug.camera.rawunpak = -1, useUnpakFmt = 0
05-05 21:58:21.981 591 591 I MtkCam/HwInfoHelper: [getImgoFmt] vendor.debug.camera.afraw = -1, don't use Af Raw
05-05 21:58:21.981 591 591 I mtkcam-P1HwSettingPolicy: { .imgoAlloc={ format:0x2201 2112x1584 } .imgoDefaultRequest={ format:0x2201 2112x1584 } .rrzoDefaultRequest={ format:0x2205 528x400 } .rssoSize=288x512 .pixelMode=1 .usingCamSV=0 }
05-05 21:58:21.981 591 591 I mtkcam-StreamInfoPluginDecider: [decideStreamInfoPlugin_STT] PluginId:BAD
05-05 21:58:21.981 591 591 E mtkcam-P1StreamInfoBuilder: [decideStreamInfoPluginInfo] Fail to decide plugin - has_value:1 (decideStreamInfoPluginInfo){#101:vendor/mediatek/proprietary/hardware/mtkcam3/pipeline/policy/streaminfo/P1StreamInfoBuilder.cpp}
05-05 21:58:21.981 591 591 W mtkcam-ConfigStreamInfoPolicy: [evaluatePreviewSize] Warning!!, scaled preview height(523) is larger than max height(480)
05-05 21:58:21.981 591 591 I mtkcam-PipelineModelSession4Cell: [configure] ZSL mode enable = 0
05-05 21:58:21.981 591 591 E ImgSensorDrv: [sendCommand]Err( 1199):[sendCommand]Command ID = 16413 is undefined (sendCommand){#1199:vendor/mediatek/proprietary/hardware/mtkcam/drv/src/sensor/mt6768/../common/v1/imgsensor_drv.cpp}
05-05 21:58:21.981 591 591 E MtkCam/HalSensor: [sendCommand] [sendCommand] sendCommand fail! 16413 (sendCommand){#729:vendor/mediatek/proprietary/hardware/mtkcam/drv/src/sensor/mt6768/../common/v1/HalSensor.control.cpp}
05-05 21:58:21.981 591 591 I BWC : cam_id=0 sen_fps=0 sen_size=0 pd=0 video=0 vb_ratio=0.000000 vb_time=0.000000 rawi=0 yuv=0 raw_bbp=0.000000 is_smvr=0
05-05 21:58:21.981 591 591 I BWC : cam_id=0 table=0.000000 ccu=0.000000 ccu_r=0.000000 capture=0.000000 aa=-5120.000000 pd=0.000000 video=0.000000 yuv=0.000000 rawi=0.000000 total=0.000000
05-05 21:58:21.981 591 591 I BWC : cam_id=1 sen_fps=30 sen_size=3345408 pd=0 video=0 vb_ratio=0.000000 vb_time=0.000000 rawi=0 yuv=0 raw_bbp=1.250000 is_smvr=0
05-05 21:58:21.981 591 591 I BWC : cam_id=1 table=90000000.000000 ccu=60000000.000000 ccu_r=60000000.000000 capture=125452800.000000 aa=-5120.000000 pd=0.000000 video=0.000000 yuv=0.000000 rawi=0.000000 total=335452800.000000
05-05 21:58:21.981 591 591 I BWC : cal_cam_bw hrt bw=335
05-05 21:58:21.982 591 591 E BWC : MTK_IOC_SMI_BWC_INFO_GET failed.:Not a typewriter
05-05 21:58:21.983 591 591 E BWC : MTK_IOC_SMI_BWC_INFO_SET failed.:Not a typewriter
05-05 21:58:21.983 591 591 I BWC : Profile_Change:[BWCPT_CAMERA_CAPTURE]:ON,current concurrency is 0x10,DDR=,EMI scenario=BWL_SCN_ICFP ON
05-05 21:58:21.983 591 591 I BWC : MMDVFS SET 1
05-05 21:58:21.983 591 591 E BWC : MTK_IOC_MMDVFS_CMD failed.:Not a typewriter
05-05 21:58:21.983 591 591 I MtkCam/ppl_context: [PipelineContext] <4Cell/1> (0x76088387a0)
05-05 21:58:21.985 591 591 I mtkcam-PipelineContextBuilder: [configContextLocked_P1Node] 0x100000001 2112x1584 ImgFormat:0x2201(BAYER10) BufPlanes(strides/sizeInBytes):[ 2640/4181760 ] startOffset:0 bufStep:0 t:0 maxBufNum:13 minInitBufNum:0 Hal:Image:P1:Fullraw_main1 AllocImgFormat:0x21(BLOB) AllocBufPlanes(strides/sizeInBytes):[ 4181760/4181760 ] Private{exist?0 id:0}
05-05 21:58:21.985 591 591 W MtkCam/HwInfoHelper: [queryRawTypeSupport] INormalPipeModule::query(ENPipeQueryCmd_IQ_LEVEL) is unsupported. Maybe it's ISP5 or below.
05-05 21:58:21.985 591 591 I MtkCam/P1NodeImp: [P1NodeImp] LOGD[0](1) LOGI[1](0) prop(cam:0 pl:1 pi:0 g:0:0) - SYS[1-3:9](3) - MetaLog(p:0/0 m:0/x0) - SmvrLog(0) DumpRaw(0) DataDump(0) DrawLine(0) - StuffBufCtrl[0)](8:16) StuffFully[0](0) - DelRelOff(0) - TF(1) - IV(0) - WB(0)
05-05 21:58:21.985 591 591 I mtkcam-PipelineContextBuilder: [configContextLocked_P2SNode] operation_mode=0 p2_type=1 p2_node_type=1 app_mode=0 fd=640x480 3dnr_mode=0x43 fsc_mode=0x0 eis_mode=0x0 eis_factor=100 stream_size=528x400 video=0x0 p2Margin(1.000000), dsdnHint(1) mSecType(0)
05-05 21:58:21.986 591 591 I MtkCam/P2/CaptureProcessor: [CaptureProcessor](0x75f9fded70) ctor
05-05 21:58:21.986 591 591 I MtkCam/P2/CaptureNode: [P2CaptureNodeImp] : (0x75f9fded00) ctor, uniqueKey:162821978, supportedScenarioFeatures:0x1024620fd, bgPreRelease:0, hidlIsp:0
05-05 21:58:21.986 591 591 I MtkCam/ppl_context: [dump] <4Cell/1>
05-05 21:58:21.986 591 591 I MtkCam/ppl_context: [dump] .root={ 0x1 }, .edges={(0x1 -> 0x15)(0x1 -> 0x14)(0x15 -> 0x16)(0x14 -> 0x16)}
05-05 21:58:21.986 591 591 I MtkCam/ppl_context: [dump]
05-05 21:58:21.986 591 591 I MtkCam/ppl_context: [dump] In: .AppImage={ } .HalImage={ } .AppMeta={ 0x80000000 } .HalMeta={ 0x100000012 }
05-05 21:58:21.986 591 591 I MtkCam/ppl_context: [dump] Out: .AppImage={ } .HalImage={ 0x100000001 0x100000002 0x100000003 } .AppMeta={ 0x10000001c } .HalMeta={ 0x100000015 }
05-05 21:58:21.986 591 591 I MtkCam/ppl_context: [dump]
05-05 21:58:21.986 591 591 I MtkCam/ppl_context: [dump] In: .AppImage={ } .HalImage={ 0x100000001 0x100000002 0x100000003 } .AppMeta={ 0x80000000 0x10000001c } .HalMeta={ 0x100000015 }
05-05 21:58:21.986 591 591 I MtkCam/ppl_context: [dump] Out: .AppImage={ 0 } .HalImage={ } .AppMeta={ 0x100000023 } .HalMeta={ 0x100000019 }
05-05 21:58:21.986 591 591 I MtkCam/ppl_context: [dump]
05-05 21:58:21.986 591 591 I MtkCam/ppl_context: [dump] In: .AppImage={ } .HalImage={ 0x100000001 0x100000002 0x100000003 } .AppMeta={ 0x80000000 0x10000001c } .HalMeta={ 0x100000015 }
05-05 21:58:21.986 591 591 I MtkCam/ppl_context: [dump] Out: .AppImage={ 0 } .HalImage={ 0x100000010 } .AppMeta={ 0x10000001f } .HalMeta={ 0x100000018 }
05-05 21:58:21.986 591 591 I MtkCam/ppl_context: [dump]
05-05 21:58:21.986 591 591 I MtkCam/ppl_context: [dump] In: .AppImage={ } .HalImage={ 0x100000010 } .AppMeta={ 0x80000000 } .HalMeta={ 0x100000018 }
05-05 21:58:21.986 591 591 I MtkCam/ppl_context: [dump] Out: .AppImage={ } .HalImage={ } .AppMeta={ 0x100000027 } .HalMeta={ }
05-05 21:58:21.986 591 591 I MtkCam/ppl_context: [dump]
05-05 21:58:21.986 591 591 I MtkCam/ppl_context: [dump] [IMAGE-APP-USER ]00 176x144 OUT t:0/r:0 maxBuffers:11 d/s:0x00000000(UNKNOWN) Hal-Client-usage:0x100(0|HW_TEXTURE) Real:0x11(YCrCb_420_SP) Request:0x22(IMPLEMENTATION_DEFINED) Override:0x11(YCrCb_420_SP) Hal-usage:0x20033(0|SW_READ_OFTEN|SW_WRITE_OFTEN|HW_CAMERA_WRITE) HalStream::(consumer/producer)Usage:0/0x20033 bufStep: 0 rowStrideInBytes/sizeInBytes: 176/25344 176/29952 s0:d1:App:YCrCb_420_SP:0|HW_TEXTURE 0x75f2a8e800 phy:-1
05-05 21:58:21.986 591 591 I MtkCam/ppl_context: [dump] [IMAGE-HAL-RUNTIME ]0x100000001 2112x1584 ImgFormat:0x2201(BAYER10) BufPlanes(strides/sizeInBytes):[ 2640/4181760 ] startOffset:0 bufStep:0 t:0 maxBufNum:13 minInitBufNum:0 Hal:Image:P1:Fullraw_main1 AllocImgFormat:0x21(BLOB) AllocBufPlanes(strides/sizeInBytes):[ 4181760/4181760 ] Private{exist?0 id:0}
05-05 21:58:21.986 591 591 I MtkCam/ppl_context: [dump] [IMAGE-HAL-POOL ]0x100000002 528x400 ImgFormat:0x2205(FG_BAYER10) BufPlanes(strides/sizeInBytes):[ 992/396800 ] startOffset:0 bufStep:0 t:0 maxBufNum:13 minInitBufNum:0 Hal:Image:P1:Resizeraw_main1 AllocImgFormat:0x2205(FG_BAYER10) AllocBufPlanes(strides/sizeInBytes):[ 992/396800 ] Private{exist?0 id:0}
05-05 21:58:21.986 591 591 I MtkCam/ppl_context: [dump] [IMAGE-HAL-POOL ]0x100000003 384x384 ImgFormat:0x2401(STA_2BYTE) BufPlanes(strides/sizeInBytes):[ 768/294912 ] startOffset:0 bufStep:0 t:0 maxBufNum:13 minInitBufNum:1 Hal:Image:STT_main1 AllocImgFormat:0x2401(STA_2BYTE) AllocBufPlanes(strides/sizeInBytes):[ 768/294912 ] Private{exist?0 id:0}
05-05 21:58:21.986 591 591 I MtkCam/ppl_context: [dump] [IMAGE-HAL-POOL ]0x100000010 640x480 ImgFormat:0x14(YUY2) BufPlanes(strides/sizeInBytes):[ 1280/614400 ] startOffset:0 bufStep:0 t:0 maxBufNum:5 minInitBufNum:1 Hal:Image:FD AllocImgFormat:0x14(YUY2) AllocBufPlanes(strides/sizeInBytes):[ 1280/614400 ] Private{exist?0 id:0}
05-05 21:58:21.986 591 591 I MtkCam/ppl_context: [dump]
05-05 21:58:21.986 591 591 I MtkCam/ppl_context: [dump] [META -APP-USER ]0x80000000 maxBuffers:0 minInitBufNum:0 Meta:App:Control phy:-1
05-05 21:58:21.986 591 591 I MtkCam/ppl_context: [dump] [META -HAL-USER ]0x100000012 maxBuffers:10 minInitBufNum:1 Hal:Meta:Control_main1 phy:-1
05-05 21:58:21.986 591 591 I MtkCam/ppl_context: [dump] [META -HAL-USER ]0x100000015 maxBuffers:10 minInitBufNum:1 Hal:Meta:P1:Dynamic_main1 phy:-1
05-05 21:58:21.986 591 591 I MtkCam/ppl_context: [dump] [META -HAL-USER ]0x100000018 maxBuffers:10 minInitBufNum:1 Hal:Meta:P2:Dynamic phy:-1
05-05 21:58:21.986 591 591 I MtkCam/ppl_context: [dump] [META -HAL-USER ]0x100000019 maxBuffers:10 minInitBufNum:1 Hal:Meta:P2C:Dynamic phy:-1
05-05 21:58:21.986 591 591 I MtkCam/ppl_context: [dump] [META -APP-USER ]0x10000001c maxBuffers:10 minInitBufNum:1 App:Meta:DynamicP1_main1 phy:-1
05-05 21:58:21.986 591 591 I MtkCam/ppl_context: [dump] [META -APP-USER ]0x10000001f maxBuffers:10 minInitBufNum:1 App:Meta:DynamicP2 phy:-1
05-05 21:58:21.986 591 591 I MtkCam/ppl_context: [dump] [META -APP-USER ]0x100000023 maxBuffers:10 minInitBufNum:1 App:Meta:DynamicP2Cap phy:-1
05-05 21:58:21.986 591 591 I MtkCam/ppl_context: [dump] [META -APP-USER ]0x100000027 maxBuffers:10 minInitBufNum:1 App:Meta:FD phy:-1
05-05 21:58:21.986 591 591 I MtkCam/ppl_context: [dump]
05-05 21:58:21.986 591 591 I mtkcam-fbm_producer: [dump] dump Producer(0x75f2da2540) stream(0x100000002:Hal:Image:P1:Resizeraw_main1) pool(0x75f2d29600)->size(0)
05-05 21:58:21.986 591 591 I mtkcam-fbm_producer: [dump] Acquired Buffer:
05-05 21:58:21.986 591 591 I mtkcam-fbm_pool: [dumpPool] [0x100000002 Hal:Image:P1:Resizeraw_main1] stream:528x400 format:0x2205 transform:0
05-05 21:58:21.986 591 591 I mtkcam-fbm_pool: [dumpPool] logLevel:0 pIonDevice:0x761c026c78 Max:3 Min:0 future:1 inUse:0 available:3
05-05 21:58:21.986 591 591 I mtkcam-fbm_pool: [dumpPool] Available Buffer: 0x75f2b1aa00; 0x75f2b1ad00; 0x75f2b41000;
05-05 21:58:21.986 591 591 I mtkcam-fbm_pool: [dumpPool] Inuse Buffer:
05-05 21:58:21.986 591 591 I mtkcam-fbm_producer: [dump] dump Producer(0x761bf0b680) stream(0x100000003:Hal:Image:STT_main1) pool(0x75f2d29f00)->size(0)
05-05 21:58:21.986 591 591 I mtkcam-fbm_producer: [dump] Acquired Buffer:
05-05 21:58:21.986 591 591 I mtkcam-fbm_pool: [dumpPool] [0x100000003 Hal:Image:STT_main1] stream:384x384 format:0x2401 transform:0
05-05 21:58:21.986 591 591 I mtkcam-fbm_pool: [dumpPool] logLevel:0 pIonDevice:0x761c026cd8 Max:13 Min:1 future:1 inUse:0 available:13
05-05 21:58:21.986 591 591 I mtkcam-fbm_pool: [dumpPool] Available Buffer: 0x75f2b18f00; 0x760f078100; 0x760f078400; 0x760f078700; 0x760f078a00; 0x760f078d00; 0x7603985000; 0x7603985600; 0x7603985900; 0x7603985c00; 0x7603985f00; 0x7603986200; 0x7603986500;
05-05 21:58:21.986 591 591 I mtkcam-fbm_pool: [dumpPool] Inuse Buffer:
05-05 21:58:21.986 591 591 I mtkcam-fbm_producer: [dump] dump Producer(0x75f2da1f00) stream(0x100000010:Hal:Image:FD) pool(0x760399b200)->size(0)
05-05 21:58:21.986 591 591 I mtkcam-fbm_producer: [dump] Acquired Buffer:
05-05 21:58:21.987 591 591 I mtkcam-fbm_pool: [dumpPool] [0x100000010 Hal:Image:FD] stream:640x480 format:0x14 transform:0
05-05 21:58:21.987 591 591 I mtkcam-fbm_pool: [dumpPool] logLevel:0 pIonDevice:0x761c026bb8 Max:5 Min:1 future:1 inUse:0 available:5
05-05 21:58:21.987 591 591 I mtkcam-fbm_pool: [dumpPool] Available Buffer: 0x75f2b19200; 0x760f077500; 0x760f077800; 0x760f077b00; 0x760f077e00;
05-05 21:58:21.987 591 591 I mtkcam-fbm_pool: [dumpPool] Inuse Buffer:
05-05 21:58:21.987 591 591 I MtkCam/ppl_context: [dump]
05-05 21:58:21.987 591 591 I MtkCam/ppl_context: [dump]
05-05 21:58:21.987 591 591 I MtkCam/ppl_context: [dump] mInSelect(0)
05-05 21:58:21.987 591 591 I MtkCam/ppl_context: [dump]
05-05 21:58:21.987 591 591 I MtkCam/ppl_context: [dump] mConfigInitFrameCount=0
05-05 21:58:21.987 591 591 I MtkCam/ppl_context: [dump] mFrameCountQueued=0
05-05 21:58:21.987 591 591 I MtkCam/ppl_context: [dump] RequestNo:[-1,-1] (being) queued!
05-05 21:58:21.987 591 591 I MtkCam/ppl_context: [dump] RequestNo<=-1 (being) flushed! No flush
05-05 21:58:21.987 591 591 I mtkcam-dev3_legacy: [1-session::tryRunCommandLocked] Run command onConfigureStreamsLocked -
05-05 21:58:21.987 591 591 I SehCamDevSession@4.0-impl: [CAMKPI] camera3->configure_streams : X
05-05 21:58:21.987 591 21755 I Hal3Av3 : [createInstance] sensorIdx(1) FDNode
05-05 21:58:21.987 591 21755 I Hal3Av3 : [init] Still 3 users
05-05 21:58:21.987 591 21755 I Hal3Av3 : [init] Done m_rConfigInfo.i4SubsampleCount(1), User.count(4), User init(FDNode)
05-05 21:58:21.988 591 21756 I MtkCam/P2/StreamingNode: [init] P2S cam 1: init lock +
05-05 21:58:21.988 591 21756 I MtkCam/P2/StreamingNode: [init] P2S cam 1: init lock -
05-05 21:58:21.988 681 8335 D Camera3-Device: configureStreams : stream[0] : format = 0x22, data_space = 0x0, max_buffers = 11, physical_camera_id =
05-05 21:58:21.988 591 21756 I MtkCam/P2/DispatchProcessor: [onInit]Enable Basic/Streaming (0/1)
05-05 21:58:21.988 591 21755 D AppFDFT_SW: Face Detection Version: 2006501, [83]s102s103 [87]s107s108
05-05 21:58:21.988 591 21755 D AppFDFT_SW: Secure Face Detection Version: 1919401, [83]s102s103 [87]s107s108
05-05 21:58:21.988 591 21755 D AppFDFT_SW: Facial Landmark Detection Version: 878 / 856 (Front/Profile)
05-05 21:58:21.988 591 21755 D FD_CORE : [AppFDFT_SW] g_maxExtra: 3
05-05 21:58:21.988 591 21756 I MtkCam/StreamingPipe/PipeUsage: [StreamingFeaturePipeUsage]create usage : sPure(0)
05-05 21:58:21.988 681 8335 D Camera3-Device: CameraPerf: Connect Streams E
05-05 21:58:21.988 681 8335 I Camera3-Status: addComponent: Adding new component 2 - streamId = 0, format = 34, width = 176, height = 144, option = 0
05-05 21:58:21.988 681 8335 D Surface : Surface::connect(this=0xf6357800,api=4)
05-05 21:58:21.989 591 21756 I MtkCam/StreamingPipe/Pipe: [StreamingFeaturePipe]create pipe(0x75fbbdd940): SensorIndex=1 sensorNum(1) dualMode(0),UsageMode=2 EisMode=0x0 3DNRMode=67 DSDN(mode/m,d)=(0/1,2) tsq=0 StreamingSize=528x400 Out(max/phy/large/fd/video)=(1/0/0/640x480/0x0), secType=0
05-05 21:58:21.989 591 21756 I MtkCam/StreamingPipe/Pipe: [prepareGeneralPipe]create & init DIPStream ++
05-05 21:58:21.989 591 21756 I DIPStream: [createInstance]createInstance DIPStream_NormalStream
05-05 21:58:21.990 681 8335 D Camera3-OutputStream: configureConsumerQueueLocked: Consumer wants 2 buffers, HAL wants 11
05-05 21:58:21.991 681 8335 D Surface : Surface::setBufferCount(this=0xf6357800,bufferCount=16)
05-05 21:58:21.992 591 21754 E cam_capibitiliy: cam_capibitiliy[GetCapibility]ERR( 140):some query cmd(0x20000) is not supported. valid cmd(0x7100327f)
05-05 21:58:21.992 591 21754 E cam_capi: cam_capi[GetCapibility]ERR( 287):user:NormalPipe query fail(module:0)
05-05 21:58:21.992 591 21754 E NormalPipe: [query] some query op fail
05-05 21:58:21.992 591 21754 E NormalPipe: (query){#279:vendor/mediatek/proprietary/hardware/mtkcam/drv/src/isp/mt6768/iopipe/CamIO/NormalPipeModule.cpp}
05-05 21:58:21.992 591 21756 I MtkCam/StreamingPipe/Pipe: [prepareGeneralPipe]create & init DIPStream --
05-05 21:58:21.992 591 21754 I MtkCam/P1NodeImp: [check_config] [Cam::1] Cam::1 Param[N:m0,p1,c0,q0,t0,b0,a0,i0,r0,w1,v10001000_B:p1,b0,t1,h0,u0,e1,l1,r0,f0,d0,q0,c0,f0,v0,s0,LL0,SSC0,SE0,ST0,SB0x0,OI1] S(6,30,1,0,x2,2112x1584) R(0x2201-2640-4181760,1-1-1,1-0x3) D(b0,t1,h0) E(e1,l1,r0,u0,d0,q0,c0,f0,s0) M(m0x0,p0x1,c0x0,q0,t0,b1,a1,u1,d1,r0,i0,v10001000) Dm(1) Rc(0x75fa28e600) Sh(0x0) SenCfg(0,0,0) Pool(IMG0x0,RRZ0x0,LCS0x0,RSS0x0,YUV0x0,CRZ10x0,CRZ20x0) MetaInAPP_0:0x80000000 MetaInHAL_1:0x100000012 MetaOutAPP_2:0x10000001c MetaOutHAL_3:0x100000015 ImgOutIMG_4:0x100000001(2112x1584)[0x2201] ImgOutRRZ_6:0x100000002(528x400)[0x2205] ImgOutLCS_7:0x100000003(384x384)[0x2401] Meta(APP:1=1,HAL:0=0) RR(25) AA(0,0-2112x1584) TS(1)
05-05 21:58:21.992 591 21754 I MtkCam/HwUtils/ResourceConcurrency: [obtain] [mP1NodeConcurrency][Client-0] client-requested , state(1)
05-05 21:58:21.992 591 21754 I MtkCam/HwUtils/ResourceConcurrency: [acquire] [mP1NodeConcurrency][Client-0] acquire resource directly
05-05 21:58:21.992 591 21756 I MtkCam/StreamingPipe/TPI_MGR_Plugin: [createSession]+ sensor(#1:main=1) mask=[0x0000400c00301020] size(raw:528x400 app:176x144) margin(1.000)
05-05 21:58:21.992 591 21756 I MtkCam/ppl_plugin: [PipelinePlugin] Join: ctor(0x760819cd38), openId:1, openId2:-1, hash:0xffffffffffff0001
05-05 21:58:21.992 591 21761 I MtkCam/P1NodeUtility: [wait] [Cam::1] StageCtrl waiting(0)
05-05 21:58:21.992 591 21756 I MtkCam/ppl_plugin: [getInstance] Join: create plugin(0x760819cd38), hash(1):0xffffffffffff0001, uniqueKey:-1, openId:1, openId2:-1, mInstances size:1
05-05 21:58:21.992 591 21756 I MtkCam/TPI_S_ASYNC: [S_ASYNC_Plugin] create S_ASYNC plugin
05-05 21:58:21.992 591 21756 I MtkCam/TPI_S_META: [S_META_Plugin] create S_META plugin
05-05 21:58:21.992 591 21756 I MtkCam/TPI_S_Disp: [S_DISP_Plugin] create S_DISP plugin
05-05 21:58:21.992 591 21756 I MtkCam/TPI_S_EISQ: [S_EISQ_Plugin] create S_EISQ plugin
05-05 21:58:21.992 591 21756 I MtkCam/TPI_S_FB: [S_FB_Plugin] create S_FB plugin
05-05 21:58:21.992 591 21756 I MtkCam/TPI_S_Green: [S_GREEN_Plugin] create S_GREEN plugin
05-05 21:58:21.992 591 21756 W StereoSettingProvider: [getStereoSensorIndex] WRN( 207):Cannot get sensor index by logical device ID 0, return 0, 2
05-05 21:58:21.992 591 21754 I VHDRHal : [Init]mSensorIdx(1), VhdrHalMode(0) init
05-05 21:58:21.992 591 21756 D MtkCam/Plugin_S_DUAL: [S_DUAL_Plugin] S_DUAL_Plugin +
05-05 21:58:21.992 591 21754 I VHDRHal : [GetSensorStaticInfo]Sensor Static Info, previewW,H = 2592,1944
05-05 21:58:21.992 591 21756 W StereoSettingProvider: [getStereoSensorIndex] WRN( 207):Cannot get sensor index by logical device ID 0, return 0, 2
05-05 21:58:21.992 591 21754 I LMVHal : [CreateInstance]user(MtkCam/P1NodeConnectLMV),sensorId(1)
05-05 21:58:21.992 591 21756 I MtkCam/Plugin_S_DUAL: [S_DUAL_Plugin] TPI create S_DUAL plugin: Tolerence:700000000, DpBit:0x0 DumpBuffer:0
05-05 21:58:21.993 591 21754 I LMVDrv : [GetInstance]aSensorIdx(1)
05-05 21:58:21.993 591 21756 D MtkCam/Plugin_S_DUAL: [S_DUAL_Plugin] mActiveCropSift 0 375 4000 2250
05-05 21:58:21.993 591 21756 D MtkCam/Plugin_S_DUAL: [S_DUAL_Plugin] S_DUAL_Plugin -
05-05 21:58:21.993 591 21756 D MtkCam/Plugin_S_DUAL: [set] set openID1:1 openID2:-1
05-05 21:58:21.993 591 21756 W StereoSettingProvider: [getStereoSensorIndex] WRN( 207):Cannot get sensor index by logical device ID 0, return 0, 2
05-05 21:58:21.993 591 21756 D MtkCam/Plugin_S_FOVA: [set] set openID1:1 openID2:-1
05-05 21:58:21.993 591 21756 I MtkCam/StreamingPipe/TPI_MGR_Plugin: [createPluginSession]negotiate[ID:1]+ [0x0000000000100000][MTK ASYNC ASD] match=1 isDualPlugin=0
05-05 21:58:21.993 591 21756 I MtkCam/StreamingPipe/TPI_MGR_Plugin: [createPluginSession]negotiate[ID:1]- name=[MTK ASYNC ASD] match=1 run=0
05-05 21:58:21.993 591 21756 I MtkCam/StreamingPipe/TPI_MGR_Plugin: [createPluginSession]negotiate[ID:2]+ [0x0000000000100000][MTK META only] match=1 isDualPlugin=0
05-05 21:58:21.993 591 21756 I MtkCam/StreamingPipe/TPI_MGR_Plugin: [createPluginSession]negotiate[ID:2]- name=[MTK META only] match=1 run=0
05-05 21:58:21.993 591 21756 I MtkCam/StreamingPipe/TPI_MGR_Plugin: [createPluginSession]negotiate[ID:3]+ [0x0000000000000020][MTK DISP] match=1 isDualPlugin=0
05-05 21:58:21.993 591 21756 I MtkCam/StreamingPipe/TPI_MGR_Plugin: [createPluginSession]negotiate[ID:3]- name=[MTK DISP] match=1 run=0
05-05 21:58:21.993 591 21756 I MtkCam/StreamingPipe/TPI_MGR_Plugin: [createPluginSession]negotiate[ID:4]+ [0x0000000000001000][MTK EISQ] match=1 isDualPlugin=0
05-05 21:58:21.993 591 21756 I MtkCam/TPI_S_EISQ: [getConfigSetting] max out size(176x144)
05-05 21:58:21.993 591 21756 I MtkCam/StreamingPipe/TPI_MGR_Plugin: [createPluginSession]negotiate[ID:4]- name=[MTK EISQ] match=1 run=0
05-05 21:58:21.993 591 21756 I MtkCam/StreamingPipe/TPI_MGR_Plugin: [createPluginSession]negotiate[ID:5]+ [0x0000000000000020][MTK FB] match=1 isDualPlugin=0
05-05 21:58:21.993 591 21756 I MtkCam/TPI_S_FB: [getConfigSetting] max out size(176x144)
05-05 21:58:21.993 591 21756 I MtkCam/StreamingPipe/TPI_MGR_Plugin: [createPluginSession]negotiate[ID:5]- name=[MTK FB] match=1 run=0
05-05 21:58:21.993 591 21756 I MtkCam/StreamingPipe/TPI_MGR_Plugin: [createPluginSession]negotiate[ID:6]+ [0x0000000000000020][MTK GREEN] match=1 isDualPlugin=0
05-05 21:58:21.993 591 21756 I MtkCam/StreamingPipe/TPI_MGR_Plugin: [createPluginSession]negotiate[ID:6]- name=[MTK GREEN] match=1 run=0
05-05 21:58:21.993 591 21756 I MtkCam/StreamingPipe/TPI_MGR_Plugin: [createPluginSession]negotiate[ID:7]+ [0x0000000000008000][MTK TK_3rdPartyPlugin] match=0 isDualPlugin=1
05-05 21:58:21.993 591 21756 I MtkCam/StreamingPipe/TPI_MGR_Plugin: [createPluginSession]negotiate[ID:7]- name=[MTK TK_3rdPartyPlugin] match=0 run=0
05-05 21:58:21.993 591 21756 I MtkCam/StreamingPipe/TPI_MGR_Plugin: [createPluginSession]negotiate[ID:8]+ [0x0000000000004000][MTK DUAL 3rdPartyPlugin] match=0 isDualPlugin=1
05-05 21:58:21.993 591 21756 I MtkCam/StreamingPipe/TPI_MGR_Plugin: [createPluginSession]negotiate[ID:8]- name=[MTK DUAL 3rdPartyPlugin] match=0 run=0
05-05 21:58:21.993 591 21756 I MtkCam/StreamingPipe/TPI_MGR_Plugin: [createPluginSession]negotiate[ID:9]+ [0x0000000000200000][MTK TK_3RD_FOVA_Plugin] match=1 isDualPlugin=0
05-05 21:58:21.993 591 21756 I MtkCam/Plugin_S_FOVA: [negotiate] Dual Feature Mode is (0)
05-05 21:58:21.993 591 21756 I MtkCam/StreamingPipe/TPI_MGR_Plugin: [createPluginSession]negotiate[ID:9]- name=[MTK TK_3RD_FOVA_Plugin] match=1 run=0
05-05 21:58:21.993 591 21756 I MtkCam/StreamingPipe/TPI_MGR_Plugin: [createSession]- ret=1
05-05 21:58:21.993 591 21756 I MtkCam/StreamingPipe/EISQControl: [init]useQ=0 tsQ=0 pSize=1 qSize=0
05-05 21:58:21.993 591 21756 I MtkCam/StreamingPipe/Pipe: [onInit]+
05-05 21:58:21.993 591 21756 I Hal3Av3 : [createInstance] sensorIdx(1) P2CamContext
05-05 21:58:21.993 591 21756 I Hal3Av3 : [init] Still 4 users
05-05 21:58:21.993 591 21756 I Hal3Av3 : [init] Done m_rConfigInfo.i4SubsampleCount(1), User.count(5), User init(P2CamContext)
05-05 21:58:21.993 591 21756 I MtkCam/StreamingPipe/Pipe: [onInit]-
05-05 21:58:21.993 591 21756 I MtkCam/StreamingPipe/Node: [enableDumpMask]fpipe.p2a current dumpMask(0xffff) prop(vendor.debug.mask.fpipe.p2a)
05-05 21:58:21.993 591 21756 I MtkCam/StreamingPipe/Node: [enableDumpMask]fpipe.p2amdp current dumpMask(0x0) prop(vendor.debug.mask.fpipe.p2amdp)
05-05 21:58:21.993 591 21754 I Hal3Av3 : [createInstance] sensorIdx(1) P1Node
05-05 21:58:21.993 591 21754 I Hal3Av3 : [init] Still 5 users
05-05 21:58:21.993 591 21754 I Hal3Av3 : [init] Done m_rConfigInfo.i4SubsampleCount(1), User.count(6), User init(P1Node)
05-05 21:58:21.993 591 21754 I Hal3ARaw: [send3ACtrl()] E3ACtrl_GetInitExpoSetting: u4SensorMode(6) u4AETargetMode(0) u4Eposuretime(40005) u4AfeGain(8552) u4Eposuretime_se(0) u4AfeGain_se(0) u4Eposuretime_me(0) u4AfeGain_me(0) u4Eposuretime_vse(0) u4AfeGain_vse(0)
05-05 21:58:21.994 591 21754 I LCSHal : [Init]mSensorIdx(1) init
05-05 21:58:21.993 681 8335 D Camera3-Device: CameraPerf: Connect Streams X
05-05 21:58:21.994 591 21756 I Hal3Av3 : [createInstance] sensorIdx(1) p2_streaming
05-05 21:58:21.994 591 21756 I Hal3Av3 : [init] Still 6 users
05-05 21:58:21.994 591 21756 I Hal3Av3 : [init] Done m_rConfigInfo.i4SubsampleCount(1), User.count(7), User init(p2_streaming)
05-05 21:58:21.994 591 21754 D HW_INTEG: [190310] Config sensor index = 1, mux = 0
05-05 21:58:21.994 591 21754 D HW_INTEG: [190310] Integration = (1, 0)
05-05 21:58:21.994 591 21754 D SeninfDrvImp: [configInputForCSI]sensor index = 1, psensorDynamicInfo->TgInfo = 1; mSeninfMuxUsed[SENINF_MUX1] =1, mSeninfMuxUsed[SENINF_MUX2] = -1
05-05 21:58:21.994 591 21754 D SeninfDrvImp: [setSeninfCSI2]mipi_type 0 CSI2_IP 2
05-05 21:58:21.994 591 21754 D SeninfDrvImp: [Efuse]CSI1 ANA08_CSI1A(0x10100e0e) ANA0C_CSI1A(0xe0e) ANA08_CSI1B(0xd0d0f0f) ANA0C_CSI1B(0x0)
05-05 21:58:21.994 1198 3839 W SensorService: sensor 00000004 already enabled in connection 0x73eb31eec0 (ignoring)
05-05 21:58:21.994 1198 3839 D SensorService: Calling batch handle==4 flags=0 rate=10000000 timeout== 0
05-05 21:58:21.994 591 21754 D SeninfDrvImp: [setSeninfCSI2]CSI1 offset calibration end MIPI_RX_ANA48_CSI1A 0x138, MIPI_RX_ANA48_CSI1B 0x238
05-05 21:58:21.994 580 580 I Sensors : sensorBatch: handle=4 period=10000000 timeout=0
05-05 21:58:21.995 591 21756 I MtkCam/P2/P2DumpPlugin: [P2DumpPlugin]mode/start/count(0/0/0) mask: in/out(0x0/0x0)
05-05 21:58:21.995 591 21754 D SeninfDrvImp: [setSeninfCSI2]CSI2-1 TermDelay:0 SettleDelay:85(cnt:21) TermDelay:0 Vsync:1 LaneNum:4 NCSI2_EN:1 HeadOrder:1 ISP_clk:0 dpcm:0 skew:0
05-05 21:58:21.995 591 21754 D SeninfDrvImp: [configInputForCSI]clklevelcnt:3, traget_clk:228, mipi pixel rate 399100000
05-05 21:58:21.995 591 21754 D SeninfDrvImp: [updateIspClk]target_clk 228, new_dfs 228, original_dfs 228, sensorIdx 1
05-05 21:58:21.995 591 21756 I MtkCam/P2/StreamingProcessor: [needReConfig] P2S cam 1: re-config=0, EISMode(0=>0), EISFactor(100=>100), Size(528x400=>528x400)
05-05 21:58:21.995 591 21775 I MtkCam/P2/CaptureProcessor: [onInit] P2C cam 1: (0x75f9fded70) uniqueKey:162821978
05-05 21:58:21.995 591 21775 I MtkCam/P2/CaptureProcessor: [onInit] P2C cam 1: create captureFeaturePipe, isDualCam:0, sensor count:1
05-05 21:58:21.995 591 21775 I MtkCam/P2/CaptureProcessor: [onInit] P2C cam 1: supportSceneroiFeatures:0x1024620fd dualMode:0
05-05 21:58:21.995 591 21775 I MtkCam/CapturePipe/RAWNode: [RAWNode](0x75f9eabd00) ctor
05-05 21:58:21.995 591 21775 I MtkCam/CapturePipe/MultiFrameNode: [MultiFrameNode](0x75f9ead600) ctor
05-05 21:58:21.995 591 21775 I MtkCam/CapturePipe/YUVNode: [YUVNode](0x75f9eadb00) ctor
05-05 21:58:21.995 1198 3839 E SensorService: BigData:Pakage) 4 already enabled.
05-05 21:58:21.995 591 21775 I MtkCam/P2/CaptureProcessor: [operator()] P2C cam 1: init and set callback to CapturePipe 1
05-05 21:58:21.995 681 8335 D Camera3-Device: Set real time priority for request queue thread (tid 21745)
05-05 21:58:21.995 681 8335 D Camera3-Device: CameraPerf: configureStreamsLocked: Camera 1: Stream configuration complete
05-05 21:58:21.996 591 21775 I MtkCam/CapturePipe/RAWNode: [onInit](0x75f9eabd00) uniqueKey:162821978, sensorIndex:1, sensorIndex2:-1
05-05 21:58:21.996 591 21775 I MtkCam/CapturePipe/MultiFrameNode: [onInit](0x75f9ead600) uniqueKey:162821978, sensorIndex:1, sensorIndex2:-1
05-05 21:58:21.996 591 21775 I MtkCam/CapturePipe/YUVNode: [onInit](0x75f9eadb00)(9) uniqueKey:162821978, sensorIndex:1, sensorIndex2:-1
05-05 21:58:21.996 591 21775 D AppFDFT_SW: Face Detection Version: 2006501, [83]s102s103 [87]s107s108
05-05 21:58:21.996 591 21775 D AppFDFT_SW: Secure Face Detection Version: 1919401, [83]s102s103 [87]s107s108
05-05 21:58:21.996 591 21775 D AppFDFT_SW: Facial Landmark Detection Version: 878 / 856 (Front/Profile)
05-05 21:58:21.996 591 21775 D FD_CORE : [AppFDFT_SW] g_maxExtra: 3
05-05 21:58:21.996 1030 1061 D CameraLightSensor_Service: capture session start
05-05 21:58:21.996 1030 1061 D CameraLightSensor_Service: capture session finish
05-05 21:58:21.996 1030 1061 D CameraLightSensor_Service: capture session finish - spot metering
05-05 21:58:21.997 1030 1061 D CameraLightSensor_Service: open preview start
05-05 21:58:21.997 681 8335 D CameraDeviceClient: isCameraBlockedByHMT, default impl
05-05 21:58:21.998 681 8335 D Camera3-Device: setStreamingRequestList: Enter: calling submitRequestsHelper: repeating = true
05-05 21:58:21.998 681 8335 D Camera3-Device: submitRequestsHelper: mInterfaceLock.lock()
05-05 21:58:21.998 681 8335 I Camera3-Status: markComponent: Component 1 is now active - RequestThread
05-05 21:58:21.998 681 8335 D Camera3-Device: submitRequestsHelper: mInterfaceLock.unlock(), lastFrameNumber = 18446744073709551615
05-05 21:58:21.999 591 21771 I Hal3Av3 : [createInstance] sensorIdx(1) P2ANode
05-05 21:58:21.999 591 21771 I Hal3Av3 : [init] Still 7 users
05-05 21:58:21.999 591 21771 I Hal3Av3 : [init] Done m_rConfigInfo.i4SubsampleCount(1), User.count(8), User init(P2ANode)
05-05 21:58:22.000 681 21745 I Camera3-Status: markComponent: Component 2 is now active - streamId = 0, format = 34, width = 176, height = 144, option = 0
05-05 21:58:22.000 681 21745 I Camera3-Status: markComponent: Component 0 is now active - InFlightStatus
05-05 21:58:22.000 591 591 I SehCamDevSession@4.0-impl: [CAMKPI] camera3->process_capture_request : E
05-05 21:58:22.000 591 591 D ULog : R AppRequest:0 M[CameraDevice:187001] + :mtkcam-dev3_legacy #519232
05-05 21:58:22.000 591 591 D mtkcam-AppStreamMgr: [capture intent: 1] + ULog#519233
05-05 21:58:22.001 591 591 D mtkcam-AppStreamMgr: [capture intent: 1] - ULog#519234
05-05 21:58:22.001 591 21754 D SeninfDrvImp: [calibrateSensor]pixel_rate from driver 399100000, threshold 1500000000, h 1584, w 2112, fps 300,pdaf mode 0
05-05 21:58:22.001 591 21754 D SeninfDrvImp: [calibrateSensor]mipi_pixel_rate 997750000 CSI_DESKEW_THRESHOLD 1500000000
05-05 21:58:22.001 591 21754 I Drv/HWsync: Drv/HWsync[sendCommand] mSensorIdxList.size(1)
05-05 21:58:22.001 591 21754 I Drv/HWsync: Drv/HWsync[calCurrentFps] idx(0) pclk(98150000),period(1700,2313), fps(249)
05-05 21:58:22.001 591 21754 I Drv/HWsync: Drv/HWsync[sendCommand] dev(0x2),scen(6) cFps(249), userFps(300), frmTimeDelay(2), hwsync_idx(0)
05-05 21:58:22.001 591 591 I mtkcam-PipelineModelSession: [submitRequest] <4Cell/1> requestNo:0 { repeating:0 control.aeTargetFpsRange:5,30 control.captureIntent:1 control.enableZsl:0 control.mode:1 control.sceneMode:1 control.videoStabilizationMode:0 edge.mode:1 }
05-05 21:58:22.001 591 591 I mtkcam-FeatureSettingPolicy: [evaluateRequest] keep the first request config as default config
05-05 21:58:22.001 591 591 I MtkCam/ppl_context: [waitUntilConfigDone] sendFrame: wait for pipeline config done
05-05 21:58:22.002 591 21754 E ifunc_cam: [vendor/mediatek/proprietary/hardware/mtkcam/drv/src/isp/mt6768/imageio/drv/cam/isp_function_cam.cpp, _config, line0442] ERROR: [0x0]:this->cam_top_ctl.bVBN:0
05-05 21:58:22.002 591 21754 E ifunc_cam: (_config){#442:vendor/mediatek/proprietary/hardware/mtkcam/drv/src/isp/mt6768/imageio/drv/cam/isp_function_cam.cpp}
05-05 21:58:22.002 591 21754 I chatty : uid=1047(cameraserver) provider@3.0-se identical 1 line
05-05 21:58:22.003 591 21754 E ifunc_cam: [vendor/mediatek/proprietary/hardware/mtkcam/drv/src/isp/mt6768/imageio/drv/cam/isp_function_cam.cpp, _config, line0442] ERROR: [0x0]:this->cam_top_ctl.bVBN:0
05-05 21:58:22.003 591 21754 E ifunc_cam: (_config){#442:vendor/mediatek/proprietary/hardware/mtkcam/drv/src/isp/mt6768/imageio/drv/cam/isp_function_cam.cpp}
05-05 21:58:22.003 591 21754 I Hal3Av3 : [notifyP1PwrOn]+ notifyP1PwrOn
05-05 21:58:22.003 591 21754 I Hal3ARaw: [notifyP1PwrOn] notifyP1PwrOn
05-05 21:58:22.003 591 21754 I CcuMgr : [createInstance] CcuMgr User Cnt: 1
05-05 21:58:22.003 591 21754 I CcuMgr : [ccuInit] +
05-05 21:58:22.004 591 21754 I CcuMgr : [ccuInit] -
05-05 21:58:22.004 591 21754 D CcuMgr : [ccuBoot] +:
05-05 21:58:22.005 591 21754 D CcuDrv : CcuDrv[init] CCU_HW_BASE: 1a0b1000
05-05 21:58:22.005 591 21754 D CcuDrv : CcuDrv[init] mmap CCU_A done:0x761b75b000
05-05 21:58:22.005 591 21754 D CcuDrv : CcuDrv[init] mmap CCU_CAMSYS done:0x761b75a000
05-05 21:58:22.005 591 21754 D CcuDrv : CcuDrv[init] mmap CCU_PMEM done:0x761b077000
05-05 21:58:22.005 591 21754 D CcuDrv : CcuDrv[init] mmap CCU_DMEM done:0x761b512000
05-05 21:58:22.005 591 21754 D ccuaee : [CcuAeeMgrDlInit] aed dl open libaedv.so
05-05 21:58:22.006 591 21754 D ccuaee : [CcuAeeMgrDlInit] aed dl handle: 0xe59ea2afcd419835
05-05 21:58:22.006 591 21754 D ccuaee : [CcuAeeMgrDlInit] AeeSystemException func ptr: 0x76144593d0
05-05 21:58:22.006 591 21754 D CcuDrv : CcuDrv[setCcuPower] setCcuPower: setpower(1) cmd done.
05-05 21:58:22.006 591 21754 D CcuDrv : CcuDrv[init] +:loadCCUBin
05-05 21:58:22.006 546 546 E audit : type=1400 audit(1620232102.002:361222): avc: denied { read } for pid=591 comm="provider@3.0-se" name="dsms" dev="dm-4" ino=781 scontext=u:r:hal_camera_default:s0 tcontext=u:object_r:dsms_exec:s0 tclass=file permissive=0 SEPF_SM-A315F_10_0025 audit_filtered
05-05 21:58:22.006 546 546 E audit : type=1300 audit(1620232102.002:361222): arch=c00000b7 syscall=56 success=yes exit=158 a0=ffffff9c a1=760d08e62d a2=0 a3=0 items=0 ppid=1 pid=591 auid=4294967295 uid=1047 gid=1005 euid=1047 suid=1047 fsuid=1047 egid=1005 sgid=1005 fsgid=1005 tty=(none) ses=4294967295 comm="provider@3.0-se" exe="/vendor/bin/hw/vendor.samsung.hardware.camera.provider@3.0-service_64" subj=u:r:hal_camera_default:s0 key=(null)
05-05 21:58:22.006 546 546 E audit : type=1327 audit(1620232102.002:361222): proctitle="/vendor/bin/hw/vendor.samsung.hardware.camera.provider@3.0-service_64"
05-05 21:58:22.008 546 546 E audit : type=1400 audit(1620232102.002:361223): avc: denied { read } for pid=591 comm="provider@3.0-se" name="dsms" dev="dm-4" ino=781 scontext=u:r:hal_camera_default:s0 tcontext=u:object_r:dsms_exec:s0 tclass=file permissive=0 SEPF_SM-A315F_10_0025 audit_filtered
05-05 21:58:22.009 591 21754 D CcuDrv : CcuDrv[init] -:loadCCUBin
05-05 21:58:22.009 591 21754 D CcuDrv : CcuDrv[init] +:_USER_PRINTF_CCU_LOG_ create thread
05-05 21:58:22.009 591 21754 D CcuDrv : CcuDrv[createThread] ApTaskWorkerThreadLoop start
05-05 21:58:22.009 591 21754 D CcuDrv : CcuDrv[createThread] ApTaskWorkerThreadLoop duration 0.000000
05-05 21:58:22.009 591 21754 D CcuDrv : CcuDrv[init] -:_USER_PRINTF_CCU_LOG_ create thread
05-05 21:58:22.009 591 21754 D CcuDrv : CcuDrv[init] +:setCcuRun
05-05 21:58:22.009 591 21754 D CcuDrv : CcuDrv[init] -:setCcuRun
05-05 21:58:22.009 591 21754 D CcuMgr : [ccuBoot] -:
05-05 21:58:22.009 591 21754 I Hal3ARaw: [notifyP1PwrOn] m_pICcuMgr->ccuBoot() and m_pICcuMgr->ccuInit() success return true
05-05 21:58:22.009 591 21754 I Hal3Av3 : [notifyP1PwrOn]-
05-05 21:58:22.009 591 21754 I Hal3ARaw: [setSensorMode] mode(6)
05-05 21:58:22.009 591 21754 I aaa_common_custom.cpp: [cust_setSECFastAECMode] SEC.date.0325, gIsFastAECMode(0->0), sensor_mode = 6, changed by sensor idx(1)
05-05 21:58:22.009 591 21754 I Hal3Av3 : [setSensorMode] mi4SensorMode = 6
05-05 21:58:22.009 591 21754 I LMVTuning: [LMVTuning][Cam::1]LMV(1/0x75f2d52bc0@0x75f2c0e700),SGG2(1@0x75f2d52f10)
05-05 21:58:22.009 591 21754 I Hal3Av3 : [createInstance] sensorIdx(1) VHDRHal
05-05 21:58:22.009 591 21754 I Hal3Av3 : [init] Still 8 users
05-05 21:58:22.009 591 21754 I Hal3Av3 : [init] Done m_rConfigInfo.i4SubsampleCount(1), User.count(9), User init(VHDRHal)
05-05 21:58:22.009 591 21754 I VHDRHal : [ConfigVHdr]setAETargetMode 0
05-05 21:58:22.009 591 21754 I MtkCam/P1NodeUtility: [done] [Cam::1] StageCtrl signal(0)
05-05 21:58:22.009 591 21754 I Hal3Av3 : [config]+ SEC date.0216, i4SubsampleCount(1) RequestCount(1)
05-05 21:58:22.009 591 21754 I Hal3Av3 : [config] lockConfigSend3ACtrl done
05-05 21:58:22.009 591 21754 I Hal3Av3 : [getStaticMeta] Done - get Static Meta SensorIdx(1), OpenId(1)
05-05 21:58:22.009 591 21761 I MtkCam/P1NodeUtility: [wait] [Cam::1] StageCtrl wait(0) OK
05-05 21:58:22.009 591 21754 D Hal3Av3 : [setupStaticInfo] +
05-05 21:58:22.009 591 21754 D Hal3Av3 : [buildSceneModeOverride] +
05-05 21:58:22.009 591 21754 D Hal3Av3 : [buildSceneModeOverride] -
05-05 21:58:22.010 591 21754 D Hal3Av3 : [setupStaticInfo] -
05-05 21:58:22.010 591 21754 I aaa_common_custom.cpp: [cust_setSECCfgInfo] date.0120, idx(1), bIsSECApplication(0->0), jpegW(0->0), jpegH(0->0)
05-05 21:58:22.010 591 21754 I Hal3Av3 : [parseConfig] Config Params: HDR mode 0, IspProf 0, MinFps 5000, MaxFps 30000, CamSv 0
05-05 21:58:22.010 591 21761 W MtkCam/ImgBuf: [IonHeap::onCreate] IonHeap@ Bad stride at 0-th plane: heapStridesInBytes(992) -> (529.066650)(pixels) -> StridesInBytes(991)
05-05 21:58:22.011 591 21754 I FlashMgrM: setManualSensitivity(): ISO(0)
05-05 21:58:22.011 591 21754 I FlickerHal: setFlickerMode(): mode change(3->0).
05-05 21:58:22.011 591 21754 I Hal3ARaw: [setSensorMode] mode(6)
05-05 21:58:22.011 591 21754 I aaa_common_custom.cpp: [cust_setSECFastAECMode] SEC.date.0325, gIsFastAECMode(0->0), sensor_mode = 6, changed by sensor idx(1)
05-05 21:58:22.011 591 21754 I Hal3AFlowCtrl: [updateTGInfo] m_i4SensorDev = 2, sensorDevId = 1, senInfo.TgInfo = 1
05-05 21:58:22.011 591 21754 I Hal3ARaw: [config]+ sensorDev(2), Mode(6)
05-05 21:58:22.012 591 21787 W aaa_hal_sttCtrl: [isAFOEnable] disable AF
05-05 21:58:22.013 591 21754 D SHADING_TRANS_UTIL: [compute_spline] STEP_OK
05-05 21:58:22.013 591 21787 I afo_buf_mgr: [AFOBufMgrImp] IsCCUSupport(0)
05-05 21:58:22.013 591 21787 W afo_buf_mgr: [AFOBufMgrImp] disable AF
05-05 21:58:22.013 591 21787 I afo_buf_mgr: [AFOBufMgrImp] SensorDev(2) -
05-05 21:58:22.013 591 21787 I FLKOBufMgr: FLKOBufMgr(): Expo type = FLK_SENSOR_TYPE_NORMAL
05-05 21:58:22.013 591 21789 W nvbuf_util.cpp: [getInstance:398] getInstance, bInit(1)
05-05 21:58:22.013 591 21789 W nvbuf_util.cpp: [getBufAndReadNoLock:685] ramId(3), sensorDev(2), p(0x0), bForceRead(0) +
05-05 21:58:22.013 591 21789 I AfAlgoC : [initAF] version .4 20092004 20115007 8225007 9335003 8042003, param 18041618
05-05 21:58:22.014 591 21754 D SHADING_TRANS_UTIL: [compute_spline] STEP_OK
05-05 21:58:22.014 591 21789 E af_mgr_v3: WAR-ROI : [X]866 [Y]602 [W]380 [H]380 -> [X]866 [Y]602 [W]380 [H]380, [XNUM] 18->0, [YNUM] 18->0 (ConfigHWReg){#5910:vendor/mediatek/proprietary/hardware/mtkcam/aaa/source/isp_40/./af_mgr/af_mgr.cpp}
05-05 21:58:22.015 591 21754 D SHADING_TRANS_UTIL: [compute_spline] STEP_OK
05-05 21:58:22.015 591 21754 D SHADING_TRANS_UTIL: [compute_spline] STEP_OK
05-05 21:58:22.016 591 21754 D AppTsf : [TsfExit] TsfExit ; ShadingVersion: 2019.0807.0919
05-05 21:58:22.016 591 21754 D utilMetCtrl: MET TAG is Disabled
05-05 21:58:22.016 591 21754 D tsf_core: [TsfCoreSetEnvInfo] 7365001 5393001 7365001 6161001 7103001 7437001 5393001
05-05 21:58:22.017 591 21754 D AppTsf : [TsfReset] TsfReset ; ShadingVersion: 2019.0807.0919
05-05 21:58:22.017 591 21754 E Hal3ARaw: SENSOR_MODE_FastAEC custom, m_i4SensorDev(2), m_u4PreSensorMode(6)
05-05 21:58:22.017 591 21754 W nvbuf_util.cpp: [getInstance:398] getInstance, bInit(1)
05-05 21:58:22.017 591 21754 W nvbuf_util.cpp: [getBufAndReadNoLock:685] ramId(1), sensorDev(2), p(0x761bfea600), bForceRead(0) +
05-05 21:58:22.017 591 21754 W nvbuf_util.cpp: [getInstance:398] getInstance, bInit(1)
05-05 21:58:22.017 591 21754 W nvbuf_util.cpp: [getBufAndReadNoLock:685] ramId(12), sensorDev(2), p(0x760b16b0c0), bForceRead(0) +
05-05 21:58:22.017 591 21754 I FlashMgrM: setBitMode(): mode(1).
05-05 21:58:22.017 591 21754 I StrobeDrvFlashlight: setCharger(): ready(1).
05-05 21:58:22.017 591 21754 I StrobeDrvFlashlight: setCharger(): time(3058613252).
05-05 21:58:22.017 591 21754 I FlashHal: setInCharge(): sensorDev(2), inCharge(1).
05-05 21:58:22.017 591 21754 I FlashMgrM: setInCharge(): sensorDev(2), inCharge(1).
05-05 21:58:22.017 591 21754 I FlickerPlatformAdapter: setWindowInfo(): sensorDev(2) sensorId(1) tg(1) tgImg(1056,1584) configImg(1053,1559) offset(0,20) win(350,518) dma(9324)
05-05 21:58:22.017 591 21754 I FlickerHal: setWindowInfo():flkHwInfo(1)
05-05 21:58:22.017 591 21754 I aaa_common_custom.cpp: [cust_initSpecialLongExpOnOff] g_bIsSpecialLongExpOn(0) AEEffectiveFrame(0)
05-05 21:58:22.017 591 21754 I Hal3ARaw: [config]- setAAOMode(1), AAWH(1056x1584), AFWH(2112x1584), enable_flk=1, BatchCount(1)
05-05 21:58:22.017 591 21754 I Hal3ARaw: [send3ACtrl()] m_bCCUEn:0
05-05 21:58:22.017 591 21754 I Hal3AFlowCtrl: [config()] m_bTgIntAEEn:0, TG_INT_AE_RATIO:0.600000
05-05 21:58:22.017 591 21754 I Hal3Av3 : [config]- mMapMat size(1)
05-05 21:58:22.017 591 21754 I LCSHal : [GetSensorInfo]Sensor Static Info, previewW,H = 2592,1944,
05-05 21:58:22.017 591 21754 I Hal3Av3 : [createInstance] sensorIdx(1) LCSHal
05-05 21:58:22.017 591 21754 I Hal3Av3 : [init] Still 9 users
05-05 21:58:22.017 591 21754 I Hal3Av3 : [init] Done m_rConfigInfo.i4SubsampleCount(1), User.count(10), User init(LCSHal)
05-05 21:58:22.017 591 21754 I Hal3Av3 : [createInstance] sensorIdx(1) LCSDrv
05-05 21:58:22.017 591 21754 I Hal3Av3 : [init] Still 10 users
05-05 21:58:22.017 591 21754 I Hal3Av3 : [init] Done m_rConfigInfo.i4SubsampleCount(1), User.count(11), User init(LCSDrv)
05-05 21:58:22.017 591 21754 I Hal3Av3 : [start]+ sensorDev(2), sensorIdx(1), mpHal3aObj(0x760f0a9200), Clear mpResultPoolObj(0x760f074c00)
05-05 21:58:22.021 591 21754 I Hal3AFlowCtrl_thread: [sendCommand] wait ECmd_CameraPreviewStart
05-05 21:58:22.021 591 21742 I Hal3AFlowCtrl: [postCommand] Clear ResultPool
05-05 21:58:22.021 591 21742 W aaa_hal_sttCtrl: [startStt] SensorDev = 2, m_i4SttPortEnable = 15
05-05 21:58:22.022 591 21742 I Hal3ARaw: [start] +
05-05 21:58:22.022 591 21742 I FlickerHal: start(): begin. m_sensorDev(2)
05-05 21:58:22.022 591 21742 I FlickerHal: attach(): isAttach(1), count(1/1). m_sensorDev(2)
05-05 21:58:22.023 591 21742 I FlickerHal: init_algo(): sensorDev(2) sensorIdx(1) sensorMode(6) sensorType(0) initFreq(50) ratio(1) clkFreq(98150000) pixelsInLine(1700) imgH(1559) winH(518) winW(350) mUsers(1) period(1 ms)
05-05 21:58:22.023 591 21742 I FlashMgrM: getFlashMode(): mode(2).
05-05 21:58:22.023 591 21742 I Hal3ARaw: [start] Non Torch ae setStrobeMode
05-05 21:58:22.023 591 21742 I Hal3ARaw: [start] -
05-05 21:58:22.023 591 21742 I Hal3AFlowCtrl: [postCommand] Non-ECmd_Update, m_rParam.u4AeMode(1), m_rParam.i8ExposureTime(0), iValidateOpt(1)
05-05 21:58:22.023 591 21742 W TaskMgr : [sendEvent] TaskEvent:PreivewStart
05-05 21:58:22.023 591 21742 W TaskMgr : [sendEvent] Create Task(0), overridePriority(-1)
05-05 21:58:22.023 591 21742 I Hal3AFlowCtrl_thread: [onThreadLoop] SEC date.0216, post cmd(0)
05-05 21:58:22.023 591 21742 I Hal3AFlowCtrl_thread: [getCommand] mCmdQCond.wait +
05-05 21:58:22.023 591 21754 I Hal3Av3 : [start]- 2 Dummy Update Sent, sensorDev(2)
05-05 21:58:22.024 591 21754 I MtkCam/P1NodeUtility: [wait] [Cam::1] StageCtrl wait(1) OK
05-05 21:58:22.024 591 21742 I Hal3AFlowCtrl: [postCommand] Validate is None, m_rParam.u4AeMode(1), m_rParam.i8ExposureTime(0), iValidateOpt(0)
05-05 21:58:22.024 591 21754 W Hal3Av3 : [send3ACtrl] pMetaResult is NULL
05-05 21:58:22.025 591 21754 I MtkCam/P1NodeImp: [hardwareOps_start] [Cam::1] End - Cam::1 Sensor(2112x1584)(27435557ns) Raw(1,0x3)-Proc(2112x1584)-Pure(2112x1584) Bin(2112x1584) BinEn=0 TG(0:0) DTwin(1@1)=0 LSM(0) QLV(2) Ratio(25) SensorCfg(T:0 i:1 2112x1584 s:6 b:0 c:1, h:0 f:30 t:0 d:0) ConfigPort[4]:(0xf) InitParam[R:0 B:10 D:1 Nd:0 Ul:0 Pb:1 Rc:x0 Dt:0 Iq:2 F(DataPattern:x0 OffBin:x1 SensorNum:x0 RAW:x10 DropCompensate 1)]AE(Ep:40005 Afe:8552 Ep_se:0 Afe_se:0 Ep_me:0 Afe_me:0 Ep_vse:0 Afe_vse:0)
05-05 21:58:22.025 591 591 I MtkCam/ppl_context: [waitUntilConfigDone] sendFrame: pipeline config done - err:0
05-05 21:58:22.026 591 591 I Hal3ARaw: [220751263] Dev(2) i4FrameNum(0) MasterIdx = 0, SlaveIdx = 0, m_bIsSkipSync3A(0) rNewParam(0,0,0)(0,0)
05-05 21:58:22.026 591 591 I aaa_common_custom.cpp: [cust_ChangeTableByCond]Sensor_idx = 1 ,SHOOTING_MODE = 30,SceneMode = 1, fpsRange=[5-30], HalFps=[5000-30000]
05-05 21:58:22.026 591 591 I aaa_common_custom.cpp: [cust_ChangeSceneBy3rdpartyApp]VT_MODE = 0 ,MinFps = 5000,MaxFps = 30000,SceneMode = 1
05-05 21:58:22.026 591 591 E ae_mgr : Unsupport AE Metering Mode: 5
05-05 21:58:22.026 591 591 E ae_mgr : (setAEMeteringMode){#1410:vendor/mediatek/proprietary/hardware/mtkcam/aaa/source/isp_40/ae_mgr/ae_mgr.cpp}
05-05 21:58:22.027 591 591 I aaa_common_custom.cpp: [Scenario4AE]Sensor_idx = 6 ,SHOOTING_MODE = 30
05-05 21:58:22.027 591 591 I FlashMgrM: setManualExposureTime(): manualExp(0).
05-05 21:58:22.027 591 591 I FlashMgrM: setManualSensitivity(): ISO(100)
05-05 21:58:22.027 591 591 I FlashHal: setSubFlashCustomization(): enable(1).
05-05 21:58:22.027 591 591 I FlashHal: setTorchLevel(): level(1).
05-05 21:58:22.027 591 591 I StrobeDrvFlashlight: setDuty(): duty(4).
05-05 21:58:22.027 591 591 I FlickerHal: setFlickerMode(): mode change(0->3).
05-05 21:58:22.027 591 591 I SehCamDevSession@4.0-impl: [CAMKPI] camera3->process_capture_request : X
05-05 21:58:22.029 591 591 D ULog : R AppRequest:1 M[CameraDevice:187001] + :mtkcam-dev3_legacy #519235
05-05 21:58:22.031 591 591 D ULog : R AppRequest:2 M[CameraDevice:187001] + :mtkcam-dev3_legacy #519236
05-05 21:58:22.046 591 21742 I Hal3AFlowCtrl: [postCommand] Validate is None, m_rParam.u4AeMode(1), m_rParam.i8ExposureTime(0), iValidateOpt(0)
05-05 21:58:22.074 591 21792 I FlickerHal: update(): skip, not enough frame(1).
05-05 21:58:22.086 591 21742 E aao_buf_mgr: [updateInfo] pAEResult is NULL, set mi4EvComp as default value
05-05 21:58:22.086 591 21742 E aao_buf_mgr: (updateInfo){#597:vendor/mediatek/proprietary/hardware/mtkcam/aaa/source/isp_40/buf_mgr/AAOBufMgr.cpp}
