05-05 21:58:16.712 591 21546 I aaa_common_custom.cpp: [cust_ChangeSceneBy3rdpartyApp]VT_MODE = 0 ,MinFps = 5000,MaxFps = 30000,SceneMode = 1
05-05 21:58:16.714 591 21546 D isp_tuning_custom: [evaluate_Shading_Ratio] In case SENSOR_MODE_FOV_68. eSensorMode is 6
05-05 21:58:16.714 591 591 D ULog : R AppRequest:12 M[CameraDevice:187001] + :mtkcam-dev3_legacy #519226
05-05 21:58:16.714 591 21546 D isp_tuning_custom: [Front FOV68 RA tuning][ratioMapping_frontFOV68]Sensor name: 8225
05-05 21:58:16.714 591 21546 D isp_tuning_custom: [ver0326][FOV68 RA tuning][ratioMapping_frontFOV68]RA value: 20. Iso: 534.
05-05 21:58:16.716 591 21552 I ResultPool: [convertToMetadata4AF] SEC, date.0313, check MTK_CONTROL_AF_REGIONS, array = [0, 0, 0, 0, 0], ret2(0), u1AfMode(4), ret1(1)
05-05 21:58:16.719 1030 1061 D CameraLightSensor_Service: open preview end
05-05 21:58:16.719 1030 1061 D CameraLightSensor_Service: converged or locked aEState value =2
05-05 21:58:16.725 1030 1061 D CameraLightSensor_Service: exposure time=4.0005E7 EV= 24 BV= 332.0 aEState=2
05-05 21:58:16.725 1030 1061 D CameraLightSensor_Service: stopTask called
05-05 21:58:16.726 1198 1027 D CameraLightSensor_Manager: Exposure= 24.0 Brightness= 332.0 Total listeners= 1
05-05 21:58:16.726 1198 1027 D MotionRecognitionService: values = 50.0
05-05 21:58:16.726 1198 1027 D MotionRecognitionService: onReceive lux: 50.0 action:
05-05 21:58:16.727 1198 1027 D MotionRecognitionService: Inject brightness form Cam 50.0
05-05 21:58:16.727 1198 1027 D MotionRecognitionService: Inject calibrated lux
05-05 21:58:16.727 681 9356 D Camera3-Device: flush: mInterfaceLock.lock()
05-05 21:58:16.727 580 656 I Sensors : AutoBrightnessSensor::inject_sensor_data: cam_lux 50
05-05 21:58:16.728 591 6437 I AVSP : AVSPHal3InterfaceEntry.cpp: AVSP_flush: 379: E
05-05 21:58:16.728 588 615 I legacy_power@2.1-impl: @Deprecated scnDisable hdl:160770
05-05 21:58:16.728 588 614 I libPowerHal: perfUserScnDisable - handle:160770
05-05 21:58:16.729 588 614 I libPowerHal: 50: cpu_ctrl set freq: 1700000 -1 -1 -1
05-05 21:58:16.730 588 614 I libPowerHal: perfUserRegScn - i:49, hdl:151888, pid:591, tid:1047
05-05 21:58:16.730 588 614 I libPowerHal: perfUserRegScn - i:50, hdl:160770, pid:591, tid:1047
05-05 21:58:16.730 588 614 I libPowerHal: perfUserRegScn - i:51, hdl:160771, pid:591, tid:1047
05-05 21:58:16.730 588 614 I libPowerHal: perfUserRegScn - i:52, hdl:160772, pid:591, tid:1047
05-05 21:58:16.730 588 614 I libPowerHal: perfUserRegScn - i:53, hdl:160777, pid:591, tid:1047
05-05 21:58:16.730 588 615 I legacy_power@2.1-impl: scnReg hdl:160777
05-05 21:58:16.731 588 615 I legacy_power@2.1-impl: @Deprecated scnUnreg hdl:160770
05-05 21:58:16.732 591 6437 I MtkCam/ppl_context: [beginFlush] + <4Cell/1>
05-05 21:58:16.732 591 6437 I mtkcam-InFlightRequest: [abort] +
05-05 21:58:16.732 591 6437 I mtkcam-InFlightRequest: [abort] - frames:{ 12 11 10 9 8 } being aborted (#5 in-flight frames)
05-05 21:58:16.732 591 6437 I MtkCam/ppl_context: [kickRootNodes] [requestNo:12 frameNo:12] last frame
05-05 21:58:16.732 591 6437 I MtkCam/ppl_context: [kickRootNodes] kick 0x1 +
05-05 21:58:16.732 591 6437 I MtkCam/P1NodeImp: [kick] [Cam::1] cnt(1)
05-05 21:58:16.732 591 6437 I MtkCam/P1NodeImp: [kick] [Cam::1] KICK - [Num Q:13 M:13 F:11 R:11 @0][Type:1 Out:x85 Rec:x0 Raw:1 Cap:0 Exe:1 Flush:x0]
05-05 21:58:16.734 591 21543 W mtkcam-AppStreamMgr: [1-FrameHandler::operator()] [Meta Stream Buffer] Error happens... - frameNo:11 streamId:0x10000001c App:Meta:DynamicP1_main1
05-05 21:58:16.734 591 6437 I MtkCam/ppl_context: [kickRootNodes] kick 0x1 - err:0
05-05 21:58:16.735 591 6437 I MtkCam/P1NodeImp: [hardwareOps_stop] [Cam::1] Cam::1 Req=13 Set=12 Enq=12 Deq=9 Out=9
05-05 21:58:16.735 588 615 I legacy_power@2.1-impl: @Deprecated scnConfig hdl:160777, cmd:5, param1:1, param2:0, param3:0, param4:0
05-05 21:58:16.735 591 6437 I Hal3Av3 : [stopStt]+ sensorDev(2), sensorIdx(1), mpHal3aObj(0x760f0a9200)
05-05 21:58:16.735 591 6437 I Hal3ARaw: [notifyPreStop] m_bPreStop(0)
05-05 21:58:16.735 588 615 I legacy_power@2.1-impl: @Deprecated scnEnable hdl:160777, timeout:1000
05-05 21:58:16.735 588 614 I libPowerHal: perfUserScnEnable - handle:160777
05-05 21:58:16.736 591 6437 W ifunc_cam_buf: [_disable] WARNING: [0x0]:BUF_CTRL_AAO:disable FBC at streaming
05-05 21:58:16.736 588 614 I libPowerHal: 53: cpu_ctrl set freq: 1700000 -1 2000000 -1
05-05 21:58:16.736 591 6437 W ifunc_cam_buf: [_disable] WARNING: [0x0]:BUF_CTRL_PSO:disable FBC at streaming
05-05 21:58:16.736 591 6437 I afo_buf_mgr: [notifyPreStop]
05-05 21:58:16.736 591 6437 W aaa_hal_sttCtrl: [resume]
05-05 21:58:16.736 591 6437 I Hal3AFlowCtrl: [stopStt] m_fgPreStop: 1 finish !
05-05 21:58:16.736 591 6437 I Hal3Av3 : [stopStt]- sensorDev(2), sensorIdx(1), mpHal3aObj(0x760f0a9200)
05-05 21:58:16.737 7941 7960 W System : A resource failed to call release.
05-05 21:58:16.737 7941 7960 W System : A resource failed to call release.
05-05 21:58:16.737 616 2238 I SurfaceFlinger: id=170921 Removed Surface(name=1db2d7c com.android.systemui.ImageWallpaper)/@0xe5cb29e - animation-leash#0 (97)
05-05 21:58:16.737 7941 7960 W System : A resource failed to call release.
05-05 21:58:16.737 616 2237 I SurfaceFlinger: id=170920 Removed Surface(name=AppWindowToken{66cae32 token=Token{762463d ActivityRecord{4cc5b94 u0 com.sec.android.app.launcher/.activities.LauncherActivity t2}}})/@0x5f1b572 - animation-leash#0 (97)
05-05 21:58:16.737 616 2237 I SurfaceFlinger: id=170919 Removed Surface(name=AppWindowToken{783f6c1 token=Token{6842ba8 ActivityRecord{f1817cb u0 com.yeti.browser/org.chromium.chrome.WelcomeScreenWithFragments t3227}}})/@0xe612d49 - animation-leash#0 (97)
05-05 21:58:16.740 616 616 I Layer : id=170919[1] Destroyed Surface(name=AppWindowToken{783f6c1 token=Token{6842ba8 ActivityRecord{f1817cb u0 com.yeti.browser/org.chromium.chrome.WelcomeScreenWithFragments t3227}}})/@0xe612d49 - animation-leash#0
05-05 21:58:16.740 616 616 I Layer : id=170920[1] Destroyed Surface(name=AppWindowToken{66cae32 token=Token{762463d ActivityRecord{4cc5b94 u0 com.sec.android.app.launcher/.activities.LauncherActivity t2}}})/@0x5f1b572 - animation-leash#0
05-05 21:58:16.740 616 616 I Layer : id=170921[1] Destroyed Surface(name=1db2d7c com.android.systemui.ImageWallpaper)/@0xe5cb29e - animation-leash#0
05-05 21:58:16.740 7941 7960 W System : A resource failed to call release.
05-05 21:58:16.740 7941 7960 I chatty : uid=10131(com.sec.android.app.launcher) FinalizerDaemon identical 1 line
05-05 21:58:16.741 7941 7960 W System : A resource failed to call release.
05-05 21:58:16.741 616 712 I SurfaceFlinger: id=170957 Removed Surface(name=1db2d7c com.android.systemui.ImageWallpaper)/@0xe5cb29e - animation-leash#0 (94)
05-05 21:58:16.741 616 712 I SurfaceFlinger: id=170956 Removed Surface(name=AppWindowToken{66cae32 token=Token{762463d ActivityRecord{4cc5b94 u0 com.sec.android.app.launcher/.activities.LauncherActivity t2}}})/@0x5f1b572 - animation-leash#0 (94)
05-05 21:58:16.741 616 712 I SurfaceFlinger: id=170955 Removed Surface(name=AppWindowToken{3c5e14e token=Token{4ba2449 ActivityRecord{ff7fa50 u0 com.yeti.browser/org.chromium.chrome.WelcomeScreenWithFragments t3230}}})/@0xbc7dbf3 - animation-leash#0 (94)
05-05 21:58:16.745 591 21563 I FDVT_Drv: Final: HW_NUM:0, Filter_NUM:0, SKIP_NUM:0
05-05 21:58:16.748 591 591 W MtkCam/streambuf: [markUserStatus] Hal:Meta:P1:Dynamic_main1:0x100000015:0x75f2d29ea0 producer:0x1 released w/o using -> ERROR buffer - user status:0x8:0x8
05-05 21:58:16.749 591 591 W MtkCam/streambuf: [markUserStatus] App:Meta:DynamicP1_main1:0x10000001c:0x75f2d298a0 producer:0x1 released w/o using -> ERROR buffer - user status:0x8:0x8
05-05 21:58:16.749 591 591 W MtkCam/streambuf: [markUserStatus] Hal:Image:P1:Resizeraw_main1:0x100000002:0x7603a98200 producer:0x1 released w/o using -> ERROR buffer - user status:0x8:0x8
05-05 21:58:16.749 591 591 W MtkCam/streambuf: [markUserStatus] Hal:Image:STT_main1:0x100000003:0x7603986500 producer:0x1 released w/o using -> ERROR buffer - user status:0x8:0x8
05-05 21:58:16.749 591 21543 W mtkcam-AppStreamMgr: [1-FrameHandler::operator()] [Meta Stream Buffer] Error happens... - frameNo:12 streamId:0x10000001c App:Meta:DynamicP1_main1
05-05 21:58:16.749 591 591 I MtkCam/P2/MWFrame: [releaseFrameStream] P2S cam 1 MWFrame:#12 MWReq:#12, frame 0 : Node0x15 Flush FrameNo(12)
05-05 21:58:16.750 591 591 W MtkCam/streambuf: [markUserStatus] Hal:Meta:P2:Dynamic:0x100000018:0x75f2d2a020 producer:0x15 released w/o using -> ERROR buffer - user status:0x8:0x8
05-05 21:58:16.750 591 591 W MtkCam/streambuf: [markUserStatus] App:Meta:DynamicP2:0x10000001f:0x75f2d29a20 producer:0x15 released w/o using -> ERROR buffer - user status:0x8:0x8
05-05 21:58:16.750 591 591 W MtkCam/streambuf: [markUserStatus] s0:d1:App:YCrCb_420_SP:0|HW_TEXTURE:0:0x75f9fde300 producer:0x15 released w/o using -> ERROR buffer - user status:0x8:0x8
05-05 21:58:16.751 591 591 W MtkCam/streambuf: [markUserStatus] Hal:Image:FD:0x100000010:0x760f077b00 producer:0x15 released w/o using -> ERROR buffer - user status:0x8:0x8
05-05 21:58:16.751 591 21543 W mtkcam-AppStreamMgr: [1-FrameHandler::operator()] [Meta Stream Buffer] Error happens... - frameNo:12 streamId:0x10000001f App:Meta:DynamicP2
05-05 21:58:16.752 591 21543 W mtkcam-AppStreamMgr: [1-FrameHandler::operator()] [Image Stream Buffer] Error happens and all users release - frameNo:12 streamId:0 s0:d1:App:YCrCb_420_SP:0|HW_TEXTURE state:IN-FLIGHT->ERROR
05-05 21:58:16.752 591 591 W MtkCam/streambuf: [markUserStatus] App:Meta:FD:0x100000027:0x75f2d29ba0 producer:0x16 released w/o using -> ERROR buffer - user status:0x8:0x8
05-05 21:58:16.752 591 21543 W mtkcam-AppStreamMgr: [1-FrameHandler::updateCallback] frameNo:12 Request Error
05-05 21:58:16.752 591 21543 D ULog : R AppRequest:12 M[CameraDevice:187001] - :mtkcam-AppStreamMgr #519227
05-05 21:58:16.752 591 21543 W mtkcam-AppStreamMgr: [1-FrameHandler::updateResult] frameNo:12 is not in FrameQueue; FrameQueue: 8 9 10 11; ResultQueue: 12
05-05 21:58:16.752 681 899 E CameraDeviceClient: notifyError: pid=1030, errorCode=3
05-05 21:58:16.752 681 899 E CameraDeviceClient: notifyError: pid=1030, skipClientNotification=false
05-05 21:58:16.753 681 899 E Camera3-OutputStream: returnBufferCheckedLocked: A frame is dropped for stream 0 due to buffer error.
05-05 21:58:16.753 1030 4685 D BufferQueueProducer: [SurfaceTexture-0-1030-20087](this:0x747df82000,id:20087,api:0,p:-1,c:1030) cancelBuffer: slot 0
05-05 21:58:16.754 591 21598 W sttiopipe: [dequeOutBuf] WARNING: waitBufRdy:VF_EN=0, dma(0x3)
05-05 21:58:16.754 591 21598 W StatisticPipe: [deque] WARNING: TG1 deque port_12:already stopped
05-05 21:58:16.754 591 21598 I aao_buf_mgr: [dequeueHwBuf] abort after sttPipe deque
05-05 21:58:16.754 591 21569 W TwinMgr_buf: [deque] WARNING: [deque]waitBufRdy: VF_EN=0, dma(0x1)
05-05 21:58:16.754 591 21569 W NormalPipe: [ispDequeThread] WARNING: deqThread leave:dequeResponse already stopped
05-05 21:58:16.754 591 21565 W NormalPipe: [deque] WARNING: N:1 dma:x0 deque, already stopped
05-05 21:58:16.755 591 6437 I Hal3Av3 : [stop]+ sensorDev(2), sensorIdx(1), mpHal3aObj(0x760f0a9200)
05-05 21:58:16.755 591 6437 I Hal3AFlowCtrl_thread: [clearCommandQ]+
05-05 21:58:16.755 591 6437 I Hal3AFlowCtrl_thread: [clearCommandQ]- Qsize(0)
05-05 21:58:16.755 591 6437 W aaa_hal_sttCtrl: [abortDeque]
05-05 21:58:16.755 591 6437 I afo_buf_mgr: [abortDequeue] abortDma done
05-05 21:58:16.755 591 6437 I afo_buf_mgr: [abortDequeue] +
05-05 21:58:16.755 591 6437 I afo_buf_mgr: [abortDequeue] -
05-05 21:58:16.755 591 6437 I Hal3AFlowCtrl: [flushVSirq] abortDeque done
05-05 21:58:16.755 591 21546 I Hal3AFlowCtrl_thread: [onThreadLoop] First command from P1
05-05 21:58:16.755 591 6437 I Hal3AFlowCtrl: [flushVSirq] flushVSirq done
05-05 21:58:16.755 591 21546 I Hal3AFlowCtrl_thread: [onThreadLoop] Exit 3A thread
05-05 21:58:16.755 591 6437 I Hal3AFlowCtrl_thread: [sendCommand] wait ECmd_CameraPreviewEnd
05-05 21:58:16.755 591 21546 I Hal3AFlowCtrl: [postCommand] Non-ECmd_Update, m_rParam.u4AeMode(1), m_rParam.i8ExposureTime(0), iValidateOpt(1)
05-05 21:58:16.755 591 21546 W TaskMgr : [sendEvent] TaskEvent:PreivewEnd
05-05 21:58:16.755 591 21546 W Task3APv: [destroy] +
05-05 21:58:16.755 591 21546 W Task3APv: [destroy] -
05-05 21:58:16.755 591 21546 W TaskMgr : [sendEvent] Remove Task(0)
05-05 21:58:16.755 591 21546 I Hal3AFlowCtrl: [postCommand] reset bMainFlash
05-05 21:58:16.755 591 21546 W aaa_hal_sttCtrl: [stopStt]
05-05 21:58:16.755 591 21546 I Hal3ARaw: [stop] +
05-05 21:58:16.755 591 21546 I Hal3ARaw: [stop] AE Min Max Frame Rate has been reset
05-05 21:58:16.756 591 21546 I FlickerHal: stop(): begin. m_sensorDev(2)
05-05 21:58:16.756 591 21546 I FlickerHal: detach(): count(0/1). m_sensorDev(2)
05-05 21:58:16.756 591 21546 I FlickerHal: uninit_algo(): mUsers(1). m_sensorDev(2)
05-05 21:58:16.756 591 21546 I Hal3ARaw: [stop] -
05-05 21:58:16.756 616 616 I Layer : id=170957[1] Destroyed Surface(name=1db2d7c com.android.systemui.ImageWallpaper)/@0xe5cb29e - animation-leash#0
05-05 21:58:16.756 616 616 I Layer : id=170956[1] Destroyed Surface(name=AppWindowToken{66cae32 token=Token{762463d ActivityRecord{4cc5b94 u0 com.sec.android.app.launcher/.activities.LauncherActivity t2}}})/@0x5f1b572 - animation-leash#0
05-05 21:58:16.756 616 616 I Layer : id=170955[1] Destroyed Surface(name=AppWindowToken{3c5e14e token=Token{4ba2449 ActivityRecord{ff7fa50 u0 com.yeti.browser/org.chromium.chrome.WelcomeScreenWithFragments t3230}}})/@0xbc7dbf3 - animation-leash#0
05-05 21:58:16.756 591 21546 I Hal3AFlowCtrl_thread: [onThreadLoop] SEC date.0216, post cmd(1)
05-05 21:58:16.757 591 21546 I Hal3AFlowCtrl_thread: [getCommand] mCmdQCond.wait +
05-05 21:58:16.757 591 6437 I Hal3Av3 : [stop]- sensorDev(2), sensorIdx(1), mpHal3aObj(0x760f0a9200)
05-05 21:58:16.757 591 6437 I Hal3Av3 : [notifyP1PwrOff]+ notifyP1PwrOff
05-05 21:58:16.757 591 6437 I Hal3ARaw: [notifyP1PwrOff] notifyP1PwrOff
05-05 21:58:16.757 591 6437 D CcuMgr : [ccuShutdown] +
05-05 21:58:16.757 591 6437 D CcuDrv : CcuDrv[shutdown] +:shutdown
05-05 21:58:16.757 20505 21607 D cr_LibraryLoader: [LibraryLoader.java:691] Time to load native libraries: 55 ms
05-05 21:58:16.759 591 6437 D CcuDrv : CcuDrv[shutdown] -:shutdown
05-05 21:58:16.759 591 6437 D CcuDrv : CcuDrv[powerOff] +:powerOff
05-05 21:58:16.759 591 6437 D CcuDrv : CcuDrv[setCcuPower] setCcuPower: setpower(0) cmd done.
05-05 21:58:16.759 591 6437 D CcuDrv : CcuDrv[powerOff] -:powerOff
05-05 21:58:16.759 591 6437 I CcuDrv : CcuDrv[RealUninit] +,m_UserCnt(1),curUser(CCU)
05-05 21:58:16.759 591 6437 D CcuDrv : CcuDrv[RealUninit] +:release thread
05-05 21:58:16.759 591 6437 D CcuDrv : CcuDrv[RealUninit] -:release thread
05-05 21:58:16.759 591 6437 D CcuDrv : CcuDrv[UnMapHwRegs] Uinit_CCU_A munmap: 0x761b73c000
05-05 21:58:16.759 591 6437 D CcuDrv : CcuDrv[UnMapHwRegs] Uinit_CCU_CAMSYS munmap: 0x761b73b000
05-05 21:58:16.759 591 6437 D CcuDrv : CcuDrv[UnMapHwRegs] Uinit_CCU_PMEM munmap: 0x761b077000
05-05 21:58:16.759 591 6437 D CcuDrv : CcuDrv[UnMapHwRegs] Uinit_CCU_DMEM munmap: 0x761b512000
05-05 21:58:16.759 591 6437 D CcuDrv : CcuDrv[RealUninit] +:release buffer
05-05 21:58:16.760 591 6437 D CcuDrv : CcuDrv[RealUninit] -:release buffer
05-05 21:58:16.760 591 6437 I CcuDrv : CcuDrv[RealUninit] CcuDrv uinitial done gracefully
05-05 21:58:16.760 591 6437 I CcuDrv : CcuDrv[RealUninit] - X. ret: 1. m_UserCnt: 0
05-05 21:58:16.760 591 6437 D CcuMgr : [ccuShutdown] -
05-05 21:58:16.760 591 6437 D CcuMgr : [ccuUninit] +
05-05 21:58:16.762 591 6437 D CcuMgr : [ccuUninit] -: CcuMgr uninitial done gracefully
05-05 21:58:16.762 591 6437 I Hal3ARaw: [notifyP1PwrOff] m_pICcuMgr->ccuUninit() and m_pICcuMgr->ccuShutdown() success return true
05-05 21:58:16.762 591 6437 I CcuMgr : [destroyInstance] +
05-05 21:58:16.762 591 6437 I CcuMgr : [_destroyCcuMgr] CcuMgr User Cnt: 0
05-05 21:58:16.762 591 6437 I CcuMgr : [destroyInstance] -
05-05 21:58:16.763 591 6437 I Hal3Av3 : [notifyP1PwrOff]-
05-05 21:58:16.763 591 6437 I Hal3Av3 : [destroyInstance] sensorIdx(1) User(P1Node)
05-05 21:58:16.763 591 6437 I Hal3Av3 : [uninit] Still 10 users
05-05 21:58:16.763 591 6437 I Hal3Av3 : [uninit] Done m_rConfigInfo.i4SubsampleCount(1), User.count(10), User uninit(P1Node)
05-05 21:58:16.763 591 6437 I Hal3Av3 : [destroyInstance] sensorIdx(1) User(LCSHal)
05-05 21:58:16.763 591 6437 I Hal3Av3 : [uninit] Still 9 users
05-05 21:58:16.763 591 6437 I Hal3Av3 : [uninit] Done m_rConfigInfo.i4SubsampleCount(1), User.count(9), User uninit(LCSHal)
05-05 21:58:16.763 591 6437 I LCSDrv : [Uninit]mSensorIdx(1) uninit
05-05 21:58:16.763 591 6437 I Hal3Av3 : [destroyInstance] sensorIdx(1) User(LCSDrv)
05-05 21:58:16.763 591 6437 I Hal3Av3 : [uninit] Still 8 users
05-05 21:58:16.763 591 6437 I Hal3Av3 : [uninit] Done m_rConfigInfo.i4SubsampleCount(1), User.count(8), User uninit(LCSDrv)
05-05 21:58:16.763 591 6437 I LMVTuning: [~LMVTuning][Cam::1]-
05-05 21:58:16.764 20505 20505 D PhoneWindow: forceLight changed to true [] from com.android.internal.policy.PhoneWindow.updateForceLightNavigationBar:4274 com.android.internal.policy.DecorView.updateColorViews:1547 com.android.internal.policy.PhoneWindow.dispatchWindowAttributesChanged:3252 android.view.Window.setFlags:1153 com.android.internal.policy.PhoneWindow.generateLayout:2474
05-05 21:58:16.764 591 6437 I Hal3Av3 : [destroyInstance] sensorIdx(1) User(VHDRHal)
05-05 21:58:16.764 591 6437 I Hal3Av3 : [uninit] Still 7 users
05-05 21:58:16.764 591 6437 I Hal3Av3 : [uninit] Done m_rConfigInfo.i4SubsampleCount(1), User.count(7), User uninit(VHDRHal)
05-05 21:58:16.764 20505 20505 D PhoneWindow: forceLight changed to false [] from com.android.internal.policy.PhoneWindow.updateForceLightNavigationBar:4280 com.android.internal.policy.DecorView.updateColorViews:1547 com.android.internal.policy.PhoneWindow.dispatchWindowAttributesChanged:3252 android.view.Window.setFlags:1153 com.android.internal.policy.PhoneWindow.generateLayout:2620
05-05 21:58:16.765 20505 20505 I MultiWindowDecorSupport: [INFO] isPopOver = false
05-05 21:58:16.765 20505 20505 I MultiWindowDecorSupport: updateCaptionType >> DecorView@43f43fd[], isFloating: false, isApplication: true, hasWindowDecorCaption: false, hasWindowControllerCallback: true
05-05 21:58:16.765 20505 20505 D MultiWindowDecorSupport: setCaptionType = 0, DecorView = DecorView@43f43fd[]
05-05 21:58:16.766 591 6437 I MtkCam/HwUtils/ResourceConcurrency: [release] [mP1NodeConcurrency][Client-0] free resource (15000000000ns)
05-05 21:58:16.766 591 6437 I MtkCam/HwUtils/ResourceConcurrency: [cancel] [mP1NodeConcurrency][Client-0] client-returned , state(0)
05-05 21:58:16.767 591 21543 W mtkcam-AppStreamMgr: [1-FrameHandler::operator()] [Meta Stream Buffer] Error happens... - frameNo:8 streamId:0x10000001c App:Meta:DynamicP1_main1
05-05 21:58:16.768 591 21543 W mtkcam-AppStreamMgr: [1-FrameHandler::operator()] [Meta Stream Buffer] Error happens... - frameNo:9 streamId:0x10000001c App:Meta:DynamicP1_main1
05-05 21:58:16.768 591 21543 W mtkcam-AppStreamMgr: [1-FrameHandler::operator()] [Meta Stream Buffer] Error happens... - frameNo:10 streamId:0x10000001c App:Meta:DynamicP1_main1
05-05 21:58:16.769 591 21567 I MtkCam/P2/MWFrame: [releaseFrameStream] P2S cam 1 MWFrame:#8 MWReq:#8, frame 0 : Node0x15 Flush FrameNo(8)
05-05 21:58:16.770 616 616 I SurfaceFlinger: Display 0 HWC layers:
05-05 21:58:16.770 616 616 I SurfaceFlinger: type | handle | flag | format | source crop (l,t,r,b) | frame | name
05-05 21:58:16.770 616 616 I SurfaceFlinger: ------------+--------------+------+-----------+----------------------------+---------------------+------
05-05 21:58:16.770 616 616 I SurfaceFlinger: SOLID_COLOR | | 0000 | Unknown | 0.0 0.0 0.0 0.0 | 0 0 1080 16 | Letterbox - top#0
05-05 21:58:16.770 616 616 I SurfaceFlinger: DEVICE | 0x71656d0c40 | 0002 | RGBA_8888 | 0.0 0.0 1080.0 2321.0 | 0 16 1080 2337 | com.yeti.browser/org.chromium.chrome.WelcomeScreenWithFragments$_20505#0
05-05 21:58:16.770 616 616 I SurfaceFlinger: SOLID_COLOR | | 0004 | Unknown | 0.0 0.0 0.0 0.0 | 0 0 1080 2400 | Dim Layer for - Task=3232#0
05-05 21:58:16.770 616 616 I SurfaceFlinger: DEVICE | 0x71656cde00 | 0002 | RGBA_8888 | 0.0 0.0 1080.0 2329.0 | 0 71 1080 2400 | Splash Screen com.yeti.browser#0
05-05 21:58:16.770 616 616 I SurfaceFlinger: DEVICE | 0x71864a46c0 | 0000 | RGBA_8888 | 0.0 17.0 1080.0 79.0 | 0 0 1080 62 | StatusBar$_7710#0
05-05 21:58:16.770 616 616 I SurfaceFlinger: CLIENT | 0x71656d0100 | 0000 | RGBA_8888 | 0.0 0.0 67.0 466.0 | 1013 492 1080 958 | com.samsung.android.app.c
05-05 21:58:16.770 616 616 I SurfaceFlinger: ocktailbars[...]rservice.CocktailBarService$_25847#0
05-05 21:58:16.770 616 616 I SurfaceFlinger: CLIENT | 0x71656cfd40 | 0000 | RGBA_8888 | 0.0 0.0 1080.0 126.0 | 0 2274 1080 2400 | NavigationBar0$_7710#0
05-05 21:58:16.770 616 616 I SurfaceFlinger: CLIENT | 0x71864a4800 | 0000 | RGBA_8888 | 0.0 0.0 1080.0 181.0 | 0 0 1080 181 | ScreenDecorOverlay$_7710#0
05-05 21:58:16.770 616 616 I SurfaceFlinger: CLIENT | 0x7187e65080 | 0000 | RGBA_8888 | 0.0 0.0 1080.0 181.0 | 0 2219 1080 2400 | ScreenDecorOverlayBottom$_7710#0
05-05 21:58:16.770 616 616 I SurfaceFlinger:
05-05 21:58:16.770 591 21567 W MtkCam/streambuf: [markUserStatus] Hal:Meta:P2:Dynamic:0x100000018:0x75f2c26320 producer:0x15 released w/o using -> ERROR buffer - user status:0x8:0x8
05-05 21:58:16.770 591 21567 W MtkCam/streambuf: [markUserStatus] App:Meta:DynamicP2:0x10000001f:0x75f2c25ea0 producer:0x15 released w/o using -> ERROR buffer - user status:0x8:0x8
05-05 21:58:16.770 591 21567 W MtkCam/streambuf: [markUserStatus] s0:d1:App:YCrCb_420_SP:0|HW_TEXTURE:0:0x760f037a80 producer:0x15 released w/o using -> ERROR buffer - user status:0x8:0x8
05-05 21:58:16.770 591 21567 W MtkCam/streambuf: [markUserStatus] Hal:Image:FD:0x100000010:0x760f077e00 producer:0x15 released w/o using -> ERROR buffer - user status:0x8:0x8
05-05 21:58:16.771 591 21543 W mtkcam-AppStreamMgr: [1-FrameHandler::operator()] [Meta Stream Buffer] Error happens... - frameNo:8 streamId:0x10000001f App:Meta:DynamicP2
05-05 21:58:16.771 591 21543 W mtkcam-AppStreamMgr: [1-FrameHandler::operator()] [Image Stream Buffer] Error happens and all users release - frameNo:8 streamId:0 s0:d1:App:YCrCb_420_SP:0|HW_TEXTURE state:IN-FLIGHT->ERROR
05-05 21:58:16.771 591 21567 W MtkCam/streambuf: [markUserStatus] App:Meta:FD:0x100000027:0x75f2c26020 producer:0x16 released w/o using -> ERROR buffer - user status:0x8:0x8
05-05 21:58:16.771 591 21543 W mtkcam-AppStreamMgr: [1-FrameHandler::updateCallback] frameNo:8 Request Error
05-05 21:58:16.771 591 21543 D ULog : R AppRequest:8 M[CameraDevice:187001] - :mtkcam-AppStreamMgr #519228
05-05 21:58:16.771 591 21543 W mtkcam-AppStreamMgr: [1-FrameHandler::updateCallback] frame 8 is removed before shutter callbacked, there MUST have error frames or meta be sent for the request
05-05 21:58:16.771 591 21543 W mtkcam-AppStreamMgr: [1-FrameHandler::updateResult] frameNo:8 is not in FrameQueue; FrameQueue: 9 10 11; ResultQueue: 8
05-05 21:58:16.771 591 21567 I MtkCam/P2/MWFrame: [releaseFrameStream] P2S cam 1 MWFrame:#9 MWReq:#9, frame 0 : Node0x15 Flush FrameNo(9)
05-05 21:58:16.771 681 899 E CameraDeviceClient: notifyError: pid=1030, errorCode=3
05-05 21:58:16.771 681 899 E CameraDeviceClient: notifyError: pid=1030, skipClientNotification=false
05-05 21:58:16.771 591 21567 W MtkCam/streambuf: [markUserStatus] Hal:Meta:P2:Dynamic:0x100000018:0x75f2c26c20 producer:0x15 released w/o using -> ERROR buffer - user status:0x8:0x8
05-05 21:58:16.771 591 21567 W MtkCam/streambuf: [markUserStatus] App:Meta:DynamicP2:0x10000001f:0x75f2ad9c20 producer:0x15 released w/o using -> ERROR buffer - user status:0x8:0x8
05-05 21:58:16.771 591 21567 W MtkCam/streambuf: [markUserStatus] s0:d1:App:YCrCb_420_SP:0|HW_TEXTURE:0:0x760f037f80 producer:0x15 released w/o using -> ERROR buffer - user status:0x8:0x8
05-05 21:58:16.771 591 21567 W MtkCam/streambuf: [markUserStatus] Hal:Image:FD:0x100000010:0x75f2b18600 producer:0x15 released w/o using -> ERROR buffer - user status:0x8:0x8
05-05 21:58:16.772 681 899 E Camera3-OutputStream: returnBufferCheckedLocked: A frame is dropped for stream 0 due to buffer error.
05-05 21:58:16.772 591 21567 W MtkCam/streambuf: [markUserStatus] App:Meta:FD:0x100000027:0x75f2c26920 producer:0x16 released w/o using -> ERROR buffer - user status:0x8:0x8
05-05 21:58:16.772 591 21543 W mtkcam-AppStreamMgr: [1-FrameHandler::operator()] [Meta Stream Buffer] Error happens... - frameNo:9 streamId:0x10000001f App:Meta:DynamicP2
05-05 21:58:16.772 591 21543 W mtkcam-AppStreamMgr: [1-FrameHandler::operator()] [Image Stream Buffer] Error happens and all users release - frameNo:9 streamId:0 s0:d1:App:YCrCb_420_SP:0|HW_TEXTURE state:IN-FLIGHT->ERROR
05-05 21:58:16.772 1030 4685 D BufferQueueProducer: [SurfaceTexture-0-1030-20087](this:0x747df82000,id:20087,api:0,p:-1,c:1030) cancelBuffer: slot 2
05-05 21:58:16.772 591 21543 W mtkcam-AppStreamMgr: [1-FrameHandler::updateCallback] frameNo:9 Request Error
05-05 21:58:16.772 591 21543 D ULog : R AppRequest:9 M[CameraDevice:187001] - :mtkcam-AppStreamMgr #519229
05-05 21:58:16.772 591 21567 I MtkCam/P2/MWFrame: [releaseFrameStream] P2S cam 1 MWFrame:#10 MWReq:#10, frame 0 : Node0x15 Flush FrameNo(10)
05-05 21:58:16.772 591 21543 W mtkcam-AppStreamMgr: [1-FrameHandler::updateCallback] frame 9 is removed before shutter callbacked, there MUST have error frames or meta be sent for the request
05-05 21:58:16.772 591 21567 W MtkCam/streambuf: [markUserStatus] Hal:Meta:P2:Dynamic:0x100000018:0x75f2c279a0 producer:0x15 released w/o using -> ERROR buffer - user status:0x8:0x8
05-05 21:58:16.772 591 21543 W mtkcam-AppStreamMgr: [1-FrameHandler::updateResult] frameNo:9 is not in FrameQueue; FrameQueue: 10 11; ResultQueue: 9 10
05-05 21:58:16.772 591 21567 W MtkCam/streambuf: [markUserStatus] App:Meta:DynamicP2:0x10000001f:0x75f2c255a0 producer:0x15 released w/o using -> ERROR buffer - user status:0x8:0x8
05-05 21:58:16.772 591 21567 W MtkCam/streambuf: [markUserStatus] s0:d1:App:YCrCb_420_SP:0|HW_TEXTURE:0:0x75f9fdde00 producer:0x15 released w/o using -> ERROR buffer - user status:0x8:0x8
05-05 21:58:16.772 591 21567 W MtkCam/streambuf: [markUserStatus] Hal:Image:FD:0x100000010:0x760f077500 producer:0x15 released w/o using -> ERROR buffer - user status:0x8:0x8
05-05 21:58:16.773 591 21543 W mtkcam-AppStreamMgr: [1-FrameHandler::operator()] [Meta Stream Buffer] Error happens... - frameNo:10 streamId:0x10000001f App:Meta:DynamicP2
05-05 21:58:16.773 591 21543 W mtkcam-AppStreamMgr: [1-FrameHandler::operator()] [Image Stream Buffer] Error happens and all users release - frameNo:10 streamId:0 s0:d1:App:YCrCb_420_SP:0|HW_TEXTURE state:IN-FLIGHT->ERROR
05-05 21:58:16.773 591 21543 W mtkcam-AppStreamMgr: [1-FrameHandler::updateCallback] frameNo:10 Request Error
05-05 21:58:16.773 591 21567 W MtkCam/streambuf: [markUserStatus] App:Meta:FD:0x100000027:0x75f2c276a0 producer:0x16 released w/o using -> ERROR buffer - user status:0x8:0x8
05-05 21:58:16.773 591 21543 D ULog : R AppRequest:10 M[CameraDevice:187001] - :mtkcam-AppStreamMgr #519230
05-05 21:58:16.773 591 21543 W mtkcam-AppStreamMgr: [1-FrameHandler::updateCallback] frame 10 is removed before shutter callbacked, there MUST have error frames or meta be sent for the request
05-05 21:58:16.773 591 21543 W mtkcam-AppStreamMgr: [1-FrameHandler::updateResult] frameNo:10 is not in FrameQueue; FrameQueue: 11; ResultQueue: 10
05-05 21:58:16.773 591 21567 I MtkCam/P2/MWFrame: [releaseFrameStream] P2S cam 1 MWFrame:#11 MWReq:#11, frame 0 : Node0x15 Flush FrameNo(11)
05-05 21:58:16.773 591 21567 W MtkCam/streambuf: [markUserStatus] Hal:Meta:P2:Dynamic:0x100000018:0x75f2ad9320 producer:0x15 released w/o using -> ERROR buffer - user status:0x8:0x8
05-05 21:58:16.773 591 21567 W MtkCam/streambuf: [markUserStatus] App:Meta:DynamicP2:0x10000001f:0x75f2ad82a0 producer:0x15 released w/o using -> ERROR buffer - user status:0x8:0x8
05-05 21:58:16.773 591 21567 W MtkCam/streambuf: [markUserStatus] s0:d1:App:YCrCb_420_SP:0|HW_TEXTURE:0:0x75f9fde080 producer:0x15 released w/o using -> ERROR buffer - user status:0x8:0x8
05-05 21:58:16.774 591 21567 W MtkCam/streambuf: [markUserStatus] Hal:Image:FD:0x100000010:0x760f077800 producer:0x15 released w/o using -> ERROR buffer - user status:0x8:0x8
05-05 21:58:16.774 681 899 E CameraDeviceClient: notifyError: pid=1030, errorCode=3
05-05 21:58:16.774 681 899 E CameraDeviceClient: notifyError: pid=1030, skipClientNotification=false
05-05 21:58:16.774 591 21543 W mtkcam-AppStreamMgr: [1-FrameHandler::operator()] [Meta Stream Buffer] Error happens... - frameNo:11 streamId:0x10000001f App:Meta:DynamicP2
05-05 21:58:16.774 591 21543 W mtkcam-AppStreamMgr: [1-FrameHandler::operator()] [Image Stream Buffer] Error happens and all users release - frameNo:11 streamId:0 s0:d1:App:YCrCb_420_SP:0|HW_TEXTURE state:IN-FLIGHT->ERROR
05-05 21:58:16.774 591 21567 W MtkCam/streambuf: [markUserStatus] App:Meta:FD:0x100000027:0x75f2ad8420 producer:0x16 released w/o using -> ERROR buffer - user status:0x8:0x8
05-05 21:58:16.774 591 21543 W mtkcam-AppStreamMgr: [1-FrameHandler::updateCallback] frameNo:11 Request Error
05-05 21:58:16.774 591 21543 D ULog : R AppRequest:11 M[CameraDevice:187001] - :mtkcam-AppStreamMgr #519231
05-05 21:58:16.774 591 21543 W mtkcam-AppStreamMgr: [1-FrameHandler::updateCallback] frame 11 is removed before shutter callbacked, there MUST have error frames or meta be sent for the request
05-05 21:58:16.774 591 21543 W mtkcam-AppStreamMgr: [1-FrameHandler::updateCallback] frame 12 is removed before shutter callbacked, there MUST have error frames or meta be sent for the request
05-05 21:58:16.774 681 899 E CameraDeviceClient: notifyError: pid=1030, errorCode=3
05-05 21:58:16.774 681 899 E CameraDeviceClient: notifyError: pid=1030, skipClientNotification=false
05-05 21:58:16.775 591 6437 I MtkCam/P2/CaptureProcessor: [onWaitFlush] P2C cam 1: (0x761be553f0) flush +, bgPreRelease:0
05-05 21:58:16.775 681 899 E Camera3-OutputStream: returnBufferCheckedLocked: A frame is dropped for stream 0 due to buffer error.
05-05 21:58:16.775 1030 4685 D BufferQueueProducer: [SurfaceTexture-0-1030-20087](this:0x747df82000,id:20087,api:0,p:-1,c:1030) cancelBuffer: slot 3
05-05 21:58:16.776 591 6437 I MtkCam/P2/CaptureProcessor: [onWaitFlush] P2C cam 1: flush -
05-05 21:58:16.776 591 6437 I MtkCam/ppl_context: [beginFlush] - <4Cell/1>
05-05 21:58:16.776 681 899 E Camera3-OutputStream: returnBufferCheckedLocked: A frame is dropped for stream 0 due to buffer error.
05-05 21:58:16.776 1030 4685 D BufferQueueProducer: [SurfaceTexture-0-1030-20087](this:0x747df82000,id:20087,api:0,p:-1,c:1030) cancelBuffer: slot 4
05-05 21:58:16.777 681 899 E CameraDeviceClient: notifyError: pid=1030, errorCode=3
05-05 21:58:16.777 681 899 E CameraDeviceClient: notifyError: pid=1030, skipClientNotification=false
05-05 21:58:16.778 681 899 E Camera3-OutputStream: returnBufferCheckedLocked: A frame is dropped for stream 0 due to buffer error.
05-05 21:58:16.778 1030 4685 D BufferQueueProducer: [SurfaceTexture-0-1030-20087](this:0x747df82000,id:20087,api:0,p:-1,c:1030) cancelBuffer: slot 5
05-05 21:58:16.778 681 899 I Camera3-Status: markComponent: Component 2 is now idle - streamId = 0, format = 34, width = 176, height = 144, option = 0
05-05 21:58:16.779 681 899 I Camera3-Status: markComponent: Component 0 is now idle - InFlightStatus
05-05 21:58:16.779 591 6437 I MtkCam/ppl_context: [endFlush] + <4Cell/1>
05-05 21:58:16.780 591 6437 I mtkcam-InFlightRequest: [waitUntilDrained] +
05-05 21:58:16.780 591 6437 I mtkcam-InFlightRequest: [waitUntilDrained] -
05-05 21:58:16.780 591 6437 I MtkCam/ppl_context: [endFlush] - <4Cell/1>
05-05 21:58:16.780 591 6437 I mtkcam-PreReleaseRequest: [dump] ========== dump PreReleaseRequestMgr ===========
05-05 21:58:16.780 591 6437 I mtkcam-PreReleaseRequest: [dump] ========== dump InFlightRequests(0) ============
05-05 21:58:16.780 591 6437 I mtkcam-PreReleaseRequest: [dump] ========== dump PendingRequests(0) ============
05-05 21:58:16.780 591 6437 I mtkcam-dev3_legacy: [1-session::tryRunCommandLocked] Run command onFlushLocked -
05-05 21:58:16.780 591 6437 I AVSP : AVSPHal3InterfaceEntry.cpp: AVSP_flush: 397: (0) X
05-05 21:58:16.780 681 9356 D Camera3-Device: flush: mInterfaceLock.unlock()
05-05 21:58:16.782 20505 21607 I cr_LibraryLoader: Loaded native library version number "91.0.4467.0"
05-05 21:58:16.783 681 9356 E CameraDeviceClient: Disconnect from CameraDeviceClient
05-05 21:58:16.783 681 9356 D CameraDeviceClient: disconnect:stop IT Policy checking thread
05-05 21:58:16.785 681 9356 E Camera2-FrameProcessorBase: removeListener:
05-05 21:58:16.786 20505 21607 I cr_CachingUmaRecorder: Flushed 16 samples from 14 histograms.
05-05 21:58:16.786 681 9356 D Camera3-Device: flush: mInterfaceLock.lock()
05-05 21:58:16.786 681 21549 I Camera3-Status: markComponent: Component 1 is now idle - RequestThread
05-05 21:58:16.786 681 21548 I CameraService: updateProxyDeviceState: notifyCameraState for Camera ID 1, newState 2, facing 1, clientName com.samsung.adaptivebrightnessgo, apiLevel 2
05-05 21:58:16.787 591 6437 I AVSP : AVSPHal3InterfaceEntry.cpp: AVSP_flush: 379: E
05-05 21:58:16.787 588 615 I legacy_power@2.1-impl: @Deprecated scnDisable hdl:160777
05-05 21:58:16.787 7710 3023 I CameraManagerGlobal: Camera 1 facing CAMERA_FACING_FRONT state now CAMERA_STATE_IDLE for client com.samsung.adaptivebrightnessgo API Level 2
05-05 21:58:16.787 588 614 I libPowerHal: perfUserScnDisable - handle:160777
05-05 21:58:16.787 9371 9597 I CameraManagerGlobal: Camera 1 facing CAMERA_FACING_FRONT state now CAMERA_STATE_IDLE for client com.samsung.adaptivebrightnessgo API Level 2
05-05 21:58:16.788 588 614 I libPowerHal: 53: cpu_ctrl set freq: 1700000 -1 -1 -1
05-05 21:58:16.788 1030 4685 I CameraManagerGlobal: Camera 1 facing CAMERA_FACING_FRONT state now CAMERA_STATE_IDLE for client com.samsung.adaptivebrightnessgo API Level 2
05-05 21:58:16.788 588 614 I libPowerHal: perfUserRegScn - i:49, hdl:151888, pid:591, tid:1047
05-05 21:58:16.788 588 614 I libPowerHal: perfUserRegScn - i:50, hdl:160778, pid:591, tid:1047
05-05 21:58:16.788 588 614 I libPowerHal: perfUserRegScn - i:51, hdl:160771, pid:591, tid:1047
05-05 21:58:16.788 588 614 I libPowerHal: perfUserRegScn - i:52, hdl:160772, pid:591, tid:1047
05-05 21:58:16.788 588 614 I libPowerHal: perfUserRegScn - i:53, hdl:160777, pid:591, tid:1047
05-05 21:58:16.790 588 615 I legacy_power@2.1-impl: scnReg hdl:160778
05-05 21:58:16.790 588 615 I legacy_power@2.1-impl: @Deprecated scnUnreg hdl:160777
05-05 21:58:16.791 588 615 I legacy_power@2.1-impl: @Deprecated scnConfig hdl:160778, cmd:5, param1:1, param2:0, param3:0, param4:0
05-05 21:58:16.791 591 6437 I MtkCam/ppl_context: [beginFlush] + <4Cell/1>
05-05 21:58:16.791 591 6437 I mtkcam-InFlightRequest: [abort] +
05-05 21:58:16.791 591 6437 I mtkcam-InFlightRequest: [abort] - frames:{ } being aborted (#0 in-flight frames)
05-05 21:58:16.791 591 6437 I MtkCam/ppl_context: [kickRootNodes] kick 0x1 +
05-05 21:58:16.791 591 6437 I MtkCam/ppl_context: [kickRootNodes] kick 0x1 - err:0
05-05 21:58:16.791 591 6437 I MtkCam/P2/CaptureProcessor: [onWaitFlush] P2C cam 1: (0x761be553f0) flush +, bgPreRelease:0
05-05 21:58:16.792 591 6437 I MtkCam/P2/CaptureProcessor: [onWaitFlush] P2C cam 1: flush -
05-05 21:58:16.792 591 6437 I MtkCam/ppl_context: [beginFlush] - <4Cell/1>
05-05 21:58:16.792 591 6437 I MtkCam/ppl_context: [endFlush] + <4Cell/1>
05-05 21:58:16.792 591 6437 I mtkcam-InFlightRequest: [waitUntilDrained] +
05-05 21:58:16.792 591 6437 I mtkcam-InFlightRequest: [waitUntilDrained] -
05-05 21:58:16.792 591 6437 I MtkCam/ppl_context: [endFlush] - <4Cell/1>
05-05 21:58:16.792 591 6437 I mtkcam-PreReleaseRequest: [dump] ========== dump PreReleaseRequestMgr ===========
05-05 21:58:16.792 591 6437 I mtkcam-PreReleaseRequest: [dump] ========== dump InFlightRequests(0) ============
05-05 21:58:16.792 591 6437 I mtkcam-PreReleaseRequest: [dump] ========== dump PendingRequests(0) ============
05-05 21:58:16.792 588 615 I legacy_power@2.1-impl: @Deprecated scnEnable hdl:160778, timeout:1000
05-05 21:58:16.792 591 6437 I mtkcam-dev3_legacy: [1-session::tryRunCommandLocked] Run command onFlushLocked -
05-05 21:58:16.792 591 6437 I AVSP : AVSPHal3InterfaceEntry.cpp: AVSP_flush: 397: (0) X
05-05 21:58:16.793 588 614 I libPowerHal: perfUserScnEnable - handle:160778
05-05 21:58:16.793 588 614 I libPowerHal: 50: cpu_ctrl set freq: 1700000 -1 2000000 -1
05-05 21:58:16.795 681 9356 D Camera3-Device: flush: mInterfaceLock.unlock()
05-05 21:58:16.795 681 9356 D Camera3-Device: waitUntilDrained: mInterfaceLock.unlock()
05-05 21:58:16.795 681 9356 I Camera3-Device: disconnectImpl: E
05-05 21:58:16.795 681 9356 D Camera3-Device: disconnectImpl: mInterfaceLock.lock()
05-05 21:58:16.797 681 9356 I CameraLatencyHistogram: ProcessCaptureRequest latency histogram (13) samples:
05-05 21:58:16.797 681 9356 I CameraLatencyHistogram: 40 80 120 160 200 240 280 320 360 inf (max ms)
05-05 21:58:16.797 681 9356 I CameraLatencyHistogram: 92.31 0.00 7.69 0.00 0.00 0.00 0.00 0.00 0.00 0.00 (%)
05-05 21:58:16.797 681 9356 D Camera3-Device: disconnectImpl: mInterfaceLock.unlock()
05-05 21:58:16.797 681 9356 D Camera3-Device: disconnectImpl: mInterfaceLock.lock()
05-05 21:58:16.797 681 9356 D Camera3-Device: CameraPerf: close E
05-05 21:58:16.797 591 6437 I AVSP : AVSPHal3InterfaceEntry.cpp: AVSP_close_camera_hardware: 454: E
05-05 21:58:16.797 591 6437 I mtkcam-dev3_legacy: [1-session::i_uninitialize] +
05-05 21:58:16.798 591 6437 I MtkCam/ppl_context: [beginFlush] + <4Cell/1>
05-05 21:58:16.798 591 6437 I mtkcam-InFlightRequest: [abort] +
05-05 21:58:16.798 591 6437 I mtkcam-InFlightRequest: [abort] - frames:{ } being aborted (#0 in-flight frames)
05-05 21:58:16.798 591 6437 I MtkCam/ppl_context: [kickRootNodes] kick 0x1 +
05-05 21:58:16.798 591 6437 I MtkCam/ppl_context: [kickRootNodes] kick 0x1 - err:0
05-05 21:58:16.798 591 6437 I MtkCam/P2/CaptureProcessor: [onWaitFlush] P2C cam 1: (0x761be553f0) flush +, bgPreRelease:0
05-05 21:58:16.799 591 6437 I MtkCam/P2/CaptureProcessor: [onWaitFlush] P2C cam 1: flush -
05-05 21:58:16.799 591 6437 I MtkCam/ppl_context: [beginFlush] - <4Cell/1>
05-05 21:58:16.799 591 6437 I MtkCam/ppl_context: [endFlush] + <4Cell/1>
05-05 21:58:16.800 591 6437 I mtkcam-InFlightRequest: [waitUntilDrained] +
05-05 21:58:16.800 591 6437 I mtkcam-InFlightRequest: [waitUntilDrained] -
05-05 21:58:16.800 591 6437 I MtkCam/ppl_context: [endFlush] - <4Cell/1>
05-05 21:58:16.800 591 6437 I mtkcam-PreReleaseRequest: [dump] ========== dump PreReleaseRequestMgr ===========
05-05 21:58:16.800 591 6437 I mtkcam-PreReleaseRequest: [dump] ========== dump InFlightRequests(0) ============
05-05 21:58:16.800 591 6437 I mtkcam-PreReleaseRequest: [dump] ========== dump PendingRequests(0) ============
05-05 21:58:16.800 591 6437 E BWC : MTK_IOC_SMI_BWC_INFO_GET failed.:Not a typewriter
05-05 21:58:16.801 20505 21450 V FA : Activity resumed, time: 5970609315
05-05 21:58:16.802 591 6437 E BWC : MTK_IOC_SMI_BWC_INFO_SET failed.:Not a typewriter
05-05 21:58:16.802 591 6437 I BWC : Profile_Change:[BWCPT_CAMERA_CAPTURE]:OFF,current concurrency is 0x0,DDR=,EMI scenario=BWL_SCN_ICFP OFF
05-05 21:58:16.802 591 6437 I BWC : cam_id=0 sen_fps=0 sen_size=0 pd=0 video=0 vb_ratio=0.000000 vb_time=0.000000 rawi=0 yuv=0 raw_bbp=0.000000 is_smvr=0
05-05 21:58:16.802 591 6437 I BWC : cam_id=0 table=0.000000 ccu=0.000000 ccu_r=0.000000 capture=0.000000 aa=-5120.000000 pd=0.000000 video=0.000000 yuv=0.000000 rawi=0.000000 total=0.000000
05-05 21:58:16.802 591 6437 I BWC : cam_id=1 sen_fps=0 sen_size=0 pd=0 video=0 vb_ratio=0.000000 vb_time=0.000000 rawi=0 yuv=0 raw_bbp=0.000000 is_smvr=0
05-05 21:58:16.802 591 6437 I BWC : cam_id=1 table=0.000000 ccu=0.000000 ccu_r=0.000000 capture=0.000000 aa=-5120.000000 pd=0.000000 video=0.000000 yuv=0.000000 rawi=0.000000 total=0.000000
05-05 21:58:16.802 591 6437 I BWC : cal_cam_bw hrt bw=0
05-05 21:58:16.802 591 6437 I MtkCam/ppl_context: [onLastStrongRef] + <4Cell/1> (0x7608838170)
05-05 21:58:16.802 591 6437 I mtkcam-InFlightRequest: [waitUntilDrained] +
05-05 21:58:16.802 591 6437 I mtkcam-InFlightRequest: [waitUntilDrained] -
05-05 21:58:16.803 591 6437 I MtkCam/HwUtils/ResourceConcurrency: [~ResourceConcurrency] name[mP1NodeConcurrency] timeout(15000000000ns)
05-05 21:58:16.803 591 6437 I MtkCam/P1NodeImp: [~P1NodeImp] [Cam::1]
05-05 21:58:16.808 7710 7728 I ndroid.systemu: NativeAlloc concurrent copying GC freed 124596(6271KB) AllocSpace objects, 0(0B) LOS objects, 49% free, 15MB/31MB, paused 56us total 157.080ms
05-05 21:58:16.811 591 6437 I MtkCam/P2/CaptureProcessor: [onUninit] P2C cam 1: addr:0x761be553f0, uniqueKey:162816205
05-05 21:58:16.814 591 6437 D AppFDFT_SW: FdDumper destructor
05-05 21:58:16.814 1198 7845 D InputTransport: Input channel constructed: '9bf6d6f', fd=711
05-05 21:58:16.814 591 6437 I MtkCam/CapturePipe/RAWNode: [onUninit](0x7603becb00) uniqueKey:162816205, sensorIndex:1, sensorIndex2:-1
05-05 21:58:16.814 1198 7845 D InputTransport: Input channel constructed: '9bf6d6f', fd=712
05-05 21:58:16.814 591 6437 I MtkCam/CapturePipe/YUVNode: [onUninit](0x7603a64500)(9) uniqueKey:162816205, sensorIndex:1, sensorIndex2:-1
05-05 21:58:16.814 591 6437 I MtkCam/CapturePipe/MultiFrameNode: [onUninit](0x7603a64000) uniqueKey:162816205, sensorIndex:1, sensorIndex2:-1
05-05 21:58:16.815 591 6437 I MtkCam/CapturePipe/RAWNode: [~RAWNode](0x7603becb00) dtor
05-05 21:58:16.815 591 6437 I MtkCam/CapturePipe/MultiFrameNode: [~MultiFrameNode](0x7603a64000) dtor
05-05 21:58:16.815 591 6437 I MtkCam/CapturePipe/YUVNode: [~YUVNode](0x7603a64500) dtor
05-05 21:58:16.815 591 6437 I MtkCam/P2/CaptureNode: [~P2CaptureNodeImp] P2C cam 1: (0x761be55380) dtor
05-05 21:58:16.815 591 6437 I MtkCam/P2/CaptureProcessor: [~CaptureProcessor](0x761be553f0) dtor
05-05 21:58:16.816 616 2237 I SurfaceFlinger: id=171000 createSurf (0x0),-1 flag=80004, 9bf6d6f com.yeti.browser/org.chromium.chrome.browser.firstrun.FirstRunActivity#0
05-05 21:58:16.816 1198 3839 W SensorService: sensor 00000004 already enabled in connection 0x73eb31eec0 (ignoring)
05-05 21:58:16.816 1198 3839 D SensorService: Calling batch handle==4 flags=0 rate=20000000 timeout== 0
05-05 21:58:16.817 1198 7845 D InputTransport: Input channel destroyed: '9bf6d6f', fd=712
05-05 21:58:16.817 580 580 I Sensors : sensorBatch: handle=4 period=20000000 timeout=0
05-05 21:58:16.818 1198 3839 E SensorService: BigData:Pakage) 4 already enabled.
05-05 21:58:16.820 591 21574 I Hal3Av3 : [destroyInstance] sensorIdx(1) User(P2ANode)
05-05 21:58:16.820 591 21574 I Hal3Av3 : [uninit] Still 6 users
05-05 21:58:16.820 591 21574 I Hal3Av3 : [uninit] Done m_rConfigInfo.i4SubsampleCount(1), User.count(6), User uninit(P2ANode)
05-05 21:58:16.821 20505 20505 I ViewRootImpl@4e00b16[FirstRunActivity]: setView = com.android.internal.policy.DecorView@43f43fd TM=true MM=false
05-05 21:58:16.822 591 6437 I MtkCam/StreamingPipe/Pipe: [onUninit]+
05-05 21:58:16.822 591 6437 I Hal3Av3 : [destroyInstance] sensorIdx(1) User(P2CamContext)
05-05 21:58:16.822 591 6437 I Hal3Av3 : [uninit] Still 5 users
05-05 21:58:16.822 591 6437 I Hal3Av3 : [uninit] Done m_rConfigInfo.i4SubsampleCount(1), User.count(5), User uninit(P2CamContext)
05-05 21:58:16.824 591 6437 I MtkCam/StreamingPipe/Pipe: [onUninit]-
05-05 21:58:16.824 591 6437 I MtkCam/StreamingPipe/TPI_MGR_Plugin: [destroySession]+
05-05 21:58:16.824 591 6437 I MtkCam/Plugin_S_FOVA: [~S_FOVA_Plugin] destroy S_FOVA plugin
05-05 21:58:16.824 591 6437 I MtkCam/Plugin_S_DUAL: [~S_DUAL_Plugin] TPI destroy S_DUAL plugin
05-05 21:58:16.824 591 6437 I MtkCam/TPI_S_Green: [~S_GREEN_Plugin] destroy S_GREEN plugin
05-05 21:58:16.824 591 6437 I MtkCam/TPI_S_FB: [~S_FB_Plugin] destroy S_FB plugin
05-05 21:58:16.824 591 6437 I MtkCam/TPI_S_EISQ: [~S_EISQ_Plugin] destroy S_EISQ plugin
05-05 21:58:16.824 591 6437 I MtkCam/TPI_S_Disp: [~S_DISP_Plugin] destroy S_DISP plugin
05-05 21:58:16.824 591 6437 I MtkCam/TPI_S_META: [~S_META_Plugin] destroy S_META plugin
05-05 21:58:16.824 591 6437 I MtkCam/TPI_S_ASYNC: [~S_ASYNC_Plugin] destroy S_ASYNC plugin
05-05 21:58:16.824 591 6437 I MtkCam/ppl_plugin: [~PipelinePlugin] Join: dtor(0x760f04a0d8), openId:1, openId2:-1
05-05 21:58:16.824 591 6437 I MtkCam/ppl_plugin: [~PipelinePlugin] remove plugin(0x0), hash:0xffffffffffff0001, mInstances size:0
05-05 21:58:16.824 591 6437 I MtkCam/StreamingPipe/TPI_MGR_Plugin: [destroySession]- ret=1
05-05 21:58:16.824 591 6437 I MtkCam/StreamingPipe/Pipe: [~StreamingFeaturePipe]destroy pipe(0x75fe825d00): SensorIndex=1
05-05 21:58:16.825 1198 1245 I WindowManager: Reparenting to original parent: Surface(name=Task=3232)/@0x41beba3, destroyLeash=true, surface=Surface(name=Dim Layer for - Task=3232)/@0x4a2aee
05-05 21:58:16.829 591 6437 D RefBase : RefBase: Explicit destruction, weak count = 0 (in 0x75fe82e7a8)
05-05 21:58:16.829 591 6437 W RefBase : CallStack::getCurrentInternal not linked, returning null
05-05 21:58:16.829 591 6437 W RefBase : CallStack::logStackInternal not linked
05-05 21:58:16.829 591 6437 D RefBase : RefBase: Explicit destruction, weak count = 0 (in 0x75fe82e760)
05-05 21:58:16.829 591 6437 W RefBase : CallStack::getCurrentInternal not linked, returning null
05-05 21:58:16.829 591 6437 W RefBase : CallStack::logStackInternal not linked
05-05 21:58:16.829 591 6437 D RefBase : RefBase: Explicit destruction, weak count = 0 (in 0x75fe8deaa0)
05-05 21:58:16.829 591 6437 W RefBase : CallStack::getCurrentInternal not linked, returning null
05-05 21:58:16.829 591 6437 W RefBase : CallStack::logStackInternal not linked
05-05 21:58:16.830 591 6437 I Hal3Av3 : [destroyInstance] sensorIdx(1) User(p2_streaming)
05-05 21:58:16.830 591 6437 I Hal3Av3 : [uninit] Still 4 users
05-05 21:58:16.830 591 6437 I Hal3Av3 : [uninit] Done m_rConfigInfo.i4SubsampleCount(1), User.count(4), User uninit(p2_streaming)
05-05 21:58:16.830 591 6437 I MtkCam/P2/StreamingNode: [uninit] P2S cam 1: uninit lock +
05-05 21:58:16.830 591 6437 I MtkCam/P2/StreamingNode: [uninit] P2S cam 1: uninit lock -
05-05 21:58:16.830 591 21564 W MtkCam/fdNodeImp: [onDequeRequest] [exitPending] mRequestQueue.size:0
05-05 21:58:16.832 591 6437 I FDVT_Drv: FDVT_Uninit, HW FD Close CLK
05-05 21:58:16.835 591 6437 D AppFDFT_SW: FdDumper destructor
05-05 21:58:16.836 591 6437 I Hal3Av3 : [destroyInstance] sensorIdx(1) User(FDNode)
05-05 21:58:16.836 591 6437 I Hal3Av3 : [uninit] Still 3 users
05-05 21:58:16.836 591 6437 I Hal3Av3 : [uninit] Done m_rConfigInfo.i4SubsampleCount(1), User.count(3), User uninit(FDNode)
05-05 21:58:16.836 591 6437 I mtkcam-ppl_fbm: [~FrameBufferManagerImpl] + mDebuggeeCookie:0x760f042f68
05-05 21:58:16.836 591 6437 I mtkcam-ppl_fbm: [~FrameBufferManagerImpl] -
05-05 21:58:16.837 1198 7845 V WindowManager: Relayout Window{9bf6d6f u0 com.yeti.browser/org.chromium.chrome.browser.firstrun.FirstRunActivity}: viewVisibility=0 req=1080x2400
05-05 21:58:16.839 616 2238 I Layer : id=170995 removeFromCurrentState Surface(name=Dim Layer for - Task=3232)/@0x4a2aee - animation-leash#0 (92)
05-05 21:58:16.840 591 6437 I MtkCam/ppl_context: [onLastStrongRef] - <4Cell/1>
05-05 21:58:16.840 591 6437 I mtkcam-FeatureSettingPolicy: [~FeatureSettingPolicy] (0x75f9fdcca0) dtor
05-05 21:58:16.840 591 6437 I Hal3Av3 : [destroyInstance] sensorIdx(1) User(HDRPolicyHelper)
05-05 21:58:16.840 591 6437 I Hal3Av3 : [uninit] Still 2 users
05-05 21:58:16.840 591 6437 I Hal3Av3 : [uninit] Done m_rConfigInfo.i4SubsampleCount(1), User.count(2), User uninit(HDRPolicyHelper)
05-05 21:58:16.840 591 6437 I Hal3Av3 : [destroyInstance] sensorIdx(1) User(mtkcam-FeatureSettingPolicy)
05-05 21:58:16.840 591 6437 I Hal3Av3 : [uninit] Still 1 users
05-05 21:58:16.840 591 6437 I Hal3Av3 : [uninit] Done m_rConfigInfo.i4SubsampleCount(1), User.count(1), User uninit(mtkcam-FeatureSettingPolicy)
05-05 21:58:16.840 616 1140 I SurfaceFlinger: id=170995 Removed Surface(name=Dim Layer for - Task=3232)/@0x4a2aee - animation-leash#0 (92)
05-05 21:58:16.840 591 6437 I MtkCam/ppl_plugin: [~PipelinePlugin] Yuv: dtor(0x761be4fc18), openId:1, openId2:-1
05-05 21:58:16.840 591 6437 I MtkCam/ppl_plugin: [~PipelinePlugin] remove plugin(0x0), hash:0x9b460cdffff0001, mInstances size:0
05-05 21:58:16.840 591 6437 I MtkCam/ppl_plugin: [~PipelinePlugin] Raw: dtor(0x761be4fa38), openId:1, openId2:-1
05-05 21:58:16.840 591 6437 I MtkCam/ppl_plugin: [~PipelinePlugin] remove plugin(0x0), hash:0x9b460cdffff0001, mInstances size:0
05-05 21:58:16.840 591 6437 I MtkCam/ppl_plugin: [~PipelinePlugin] MultiFrame: dtor(0x761be4f858), openId:1, openId2:-1
05-05 21:58:16.841 591 6437 I MtkCam/ppl_plugin: [~PipelinePlugin] remove plugin(0x0), hash:0x9b460cdffff0001, mInstances size:0
05-05 21:58:16.841 591 6437 I mtkcam-DeviceAdapter: 1[HalDeviceAdapter::powerOff] powerOff +
05-05 21:58:16.841 616 2237 I BufferQueue: [unnamed-616-37054](this:0x71670ef800,id:37054,api:0,p:-1,c:-1) BufferQueue core=(616:/system/bin/surfaceflinger)
05-05 21:58:16.841 591 6437 I Hal3Av3 : [notifyPwrOff]+
05-05 21:58:16.841 591 6437 I Hal3Av3 : [notifyPwrOff] sensor(2)(HalDeviceAdapter:1)
05-05 21:58:16.841 591 6437 I Hal3ARaw: [setFlashLightOnOff] flashlight unchanged, bOnOff(0)
05-05 21:58:16.841 591 6437 I Hal3Av3 : [notifyPwrOff]-
05-05 21:58:16.841 591 6437 I Drv/HWsync: Drv/HWsync[uninit] +, user&cnt(HW_SYNC_USER_HALSENSOR,2),srIdxNum(1)
05-05 21:58:16.841 591 6437 I Drv/HWsync: Drv/HWsync[uninit] idx(0,remain_0),tg(1)
05-05 21:58:16.841 616 616 I Layer : id=170995[1] Destroyed Surface(name=Dim Layer for - Task=3232)/@0x4a2aee - animation-leash#0
