05-05 21:58:06.026 1198 1245 I WindowManager: Destroying surface Surface(name=Splash Screen com.yeti.browser)/@0x47ff607 called by com.android.server.wm.WindowStateAnimator.destroySurface:1834 com.android.server.wm.WindowStateAnimator.destroySurfaceLocked:733 com.android.server.wm.WindowState.removeImmediately:2402 com.android.server.wm.WindowState.removeIfPossible:2546 com.android.server.wm.WindowState.removeIfPossible:2425 com.android.server.wm.WindowManagerService.removeWindow:2081 com.android.server.wm.Session.remove:184 android.view.ViewRootImpl.dispatchDetachedFromWindow:4963
05-05 21:58:06.026 616 2237 I Layer : id=170976 removeFromCurrentState Splash Screen com.yeti.browser#0 (91)
05-05 21:58:06.030 616 696 I Layer : id=170972 removeFromCurrentState AppWindowToken{3300f68 token=Token{eba328b ActivityRecord{8c6305a u0 com.yeti.browser/com.google.android.apps.chrome.Main t3232}}}#0 (91)
05-05 21:58:06.030 616 696 I Layer : id=170974 removeFromCurrentState 4a43ae6 Splash Screen com.yeti.browser#0 (91)
05-05 21:58:06.031 1198 1245 D InputTransport: Input channel destroyed: '4a43ae6', fd=648
05-05 21:58:06.032 616 2238 I SurfaceFlinger: id=170976 Removed Splash Screen com.yeti.browser#0 (91)
05-05 21:58:06.032 616 2238 I SurfaceFlinger: id=170972 Removed AppWindowToken{3300f68 token=Token{eba328b ActivityRecord{8c6305a u0 com.yeti.browser/com.google.android.apps.chrome.Main t3232}}}#0 (91)
05-05 21:58:06.032 616 2238 I SurfaceFlinger: id=170974 Removed 4a43ae6 Splash Screen com.yeti.browser#0 (91)
05-05 21:58:06.032 1198 2223 I GED : ged_boost_gpu_freq, level 100, eOrigin 2, final_idx 24, oppidx_max 24, oppidx_min 0
05-05 21:58:06.042 616 616 I Layer : id=170974[1] Destroyed 4a43ae6 Splash Screen com.yeti.browser#0
05-05 21:58:06.043 616 616 I BufferQueue: [Splash Screen com.yeti.browser#0](this:0x7165641000,id:37050,api:0,p:-1,c:-1) ~BufferQueueCore
05-05 21:58:06.043 616 616 I Layer : id=170976[1] Destroyed Splash Screen com.yeti.browser#0
05-05 21:58:06.044 616 616 I Layer : id=170972[1] Destroyed AppWindowToken{3300f68 token=Token{eba328b ActivityRecord{8c6305a u0 com.yeti.browser/com.google.android.apps.chrome.Main t3232}}}#0
05-05 21:58:06.048 20505 21450 V FA : Connection attempt already in progress
05-05 21:58:06.073 1198 7755 D MdnieScenarioControlService: packageName : com.yeti.browser className : org.chromium.chrome.WelcomeScreenWithFragments
05-05 21:58:06.073 1198 7755 V MdnieScenarioControlService: setUIMode from UI function(3)
05-05 21:58:06.050 20505 21450 V FA : Connection attempt already in progress
05-05 21:58:06.084 1198 9721 V WindowManager: Relayout Window{6db2446 u0 com.yeti.browser/org.chromium.chrome.WelcomeScreenWithFragments}: viewVisibility=0 req=1080x2400
05-05 21:58:06.086 616 1140 I BufferQueue: [unnamed-616-37052](this:0x7165788800,id:37052,api:0,p:-1,c:-1) BufferQueue core=(616:/system/bin/surfaceflinger)
05-05 21:58:06.086 616 1140 I BufferQueueConsumer: [unnamed-616-37052](this:0x7165788800,id:37052,api:0,p:-1,c:616) connect(C): consumer=(616:/system/bin/surfaceflinger) controlledByApp=false
05-05 21:58:06.086 616 1140 I BufferQueueConsumer: [unnamed-616-37046](this:0x7165788800,id:37052,api:0,p:-1,c:616) setConsumerName: unnamed-616-37046
05-05 21:58:06.086 616 1140 I BufferQueueConsumer: [com.yeti.browser/org.chromium.chrome.WelcomeScreenWithFragments$_20505#0](this:0x7165788800,id:37052,api:0,p:-1,c:616) setConsumerName: com.yeti.browser/org.chromium.chrome.WelcomeScreenWithFragments$_20505#0
05-05 21:58:06.086 616 1140 I BufferQueueConsumer: [com.yeti.browser/org.chromium.chrome.WelcomeScreenWithFragments$_20505#0](this:0x7165788800,id:37052,api:0,p:-1,c:616) setDefaultBufferSize: width=1080 height=2321
05-05 21:58:06.086 616 1140 I SurfaceFlinger: id=170982 createSurf (1080x2321),1 flag=404, com.yeti.browser/org.chromium.chrome.WelcomeScreenWithFragments$_20505#0
05-05 21:58:06.087 1198 9721 D WindowManager: makeSurface duration=2 name=com.yeti.browser/org.chromium.chrome.WelcomeScreenWithFragments$_20505
05-05 21:58:06.088 1198 9721 V WindowManager: Changing focus from null to Window{6db2446 u0 com.yeti.browser/org.chromium.chrome.WelcomeScreenWithFragments} displayId=0 Callers=com.android.server.wm.RootWindowContainer.updateFocusedWindowLocked:204 com.android.server.wm.WindowManagerService.updateFocusedWindowLocked:6453 com.android.server.wm.WindowManagerService.relayoutWindow:2613 com.android.server.wm.Session.relayout:202 android.view.IWindowSession$Stub.onTransact:716 com.android.server.wm.Session.onTransact:142
05-05 21:58:06.088 1198 1242 D WindowManager: setSystemUiVisibility: displayId=0, vis=0x811c, fullVis=0x0, dockVis=0x0, win=Window{6db2446 u0 com.yeti.browser/org.chromium.chrome.WelcomeScreenWithFragments}
05-05 21:58:06.088 1198 9721 D StatusBarManagerService: notifyRequestedSystemKey recent=false home=false
05-05 21:58:06.090 1198 1244 I WindowManager: Focus moving from null to Window{6db2446 u0 com.yeti.browser/org.chromium.chrome.WelcomeScreenWithFragments} displayId=0
05-05 21:58:06.090 1198 1244 I WindowManager: Gaining focus: Window{6db2446 u0 com.yeti.browser/org.chromium.chrome.WelcomeScreenWithFragments}
05-05 21:58:06.090 7710 7710 D LightBarController: onNavigationVisibilityChanged : vis = 811c, nbModeChanged = false navigationBarMode = 4, navbarColorManagedByIme = false
05-05 21:58:06.091 1198 9343 D WindowManager: adjustSystemUiVisibilityLw: displayId=0, vis=0x811c, resetVis=0x0, clearVis=0x0
05-05 21:58:06.091 1198 9343 D InputManager-JNI: setSystemUiVisibility dexmode: false changed: true displayid: 0 visibility: 0x811c DD: 0x811c OD: 0x0
05-05 21:58:06.091 25847 25847 I TrayStateController: onSystemUiVisibilityChange : 33052 0
05-05 21:58:06.091 1198 9721 V WindowManager: Relayout 20505: mAttrs={(0,0)(fillxfill) sim={adjust=resize forwardNavigation} ty=BASE_APPLICATION wanim=0x1030305
05-05 21:58:06.091 1198 9721 V WindowManager: fl=81810100
05-05 21:58:06.091 1198 9721 V WindowManager: pfl=10020000
05-05 21:58:06.091 1198 9721 V WindowManager: vsysui=114 naviIconColor=0}, display=0
05-05 21:58:06.095 20505 20505 I ViewRootImpl@e421f10[WelcomeScreenWithFragments]: Relayout returned: old=(0,0,1080,2400) new=(0,79,1080,2400) req=(1080,2400)0 dur=12 res=0x7 s={true 502755684352} ch=true
05-05 21:58:06.098 20505 21444 I GPUD : @gpudInitialize: successfully initialized with 1, dbg=0 mmdump_dbg=0
05-05 21:58:06.108 20505 20505 D AbsListView: in onLayout changed
05-05 21:58:06.120 20505 21444 D Surface : Surface::connect(this=0x750e92f000,api=1)
05-05 21:58:06.121 20505 21444 D mali_winsys: EGLint new_window_surface(egl_winsys_display *, void *, EGLSurface, EGLConfig, egl_winsys_surface **, EGLBoolean) returns 0x3000
05-05 21:58:06.121 20505 21444 D Surface : Surface::setBufferCount(this=0x750e92f000,bufferCount=3)
05-05 21:58:06.122 20505 21444 D Surface : Surface::allocateBuffers(this=0x750e92f000)
05-05 21:58:06.130 405 405 I hwservicemanager: getTransport: Cannot find entry android.hardware.graphics.mapper@3.0::IMapper/default in either framework or device manifest.
05-05 21:58:06.131 20505 21444 W Gralloc3: mapper 3.x is not supported
05-05 21:58:06.135 20505 21444 E gralloc : Arm Module v1.0
05-05 21:58:06.137 20505 21444 E ion : ioctl c0044901 failed with code -1: Invalid argument
05-05 21:58:06.137 20505 21444 W [Gralloc-Warning]: sanitize_formats:426 Format [id:0x32315679] hsub and vsub should be non-zero (YUV)
05-05 21:58:06.137 20505 21444 W [Gralloc-Warning]: sanitize_formats:438 Format [id:0x32315679] align_w should be a multiple of hsub
05-05 21:58:06.137 20505 21444 W [Gralloc-Warning]: sanitize_formats:444 Format [id:0x32315679] align_h should be a multiple of vsub
05-05 21:58:06.137 20505 21444 W [Gralloc-Warning]: sanitize_formats:426 Format [id:0x32315689] hsub and vsub should be non-zero (YUV)
05-05 21:58:06.137 20505 21444 W [Gralloc-Warning]: sanitize_formats:438 Format [id:0x32315689] align_w should be a multiple of hsub
05-05 21:58:06.137 20505 21444 W [Gralloc-Warning]: sanitize_formats:444 Format [id:0x32315689] align_h should be a multiple of vsub
05-05 21:58:06.137 20505 21444 W [Gralloc-Warning]: sanitize_formats:426 Format [id:0x7f000001] hsub and vsub should be non-zero (YUV)
05-05 21:58:06.137 20505 21444 W [Gralloc-Warning]: sanitize_formats:438 Format [id:0x7f000001] align_w should be a multiple of hsub
05-05 21:58:06.137 20505 21444 W [Gralloc-Warning]: sanitize_formats:444 Format [id:0x7f000001] align_h should be a multiple of vsub
05-05 21:58:06.137 20505 21444 W [Gralloc-Warning]: sanitize_formats:426 Format [id:0x7f000002] hsub and vsub should be non-zero (YUV)
05-05 21:58:06.137 20505 21444 W [Gralloc-Warning]: sanitize_formats:438 Format [id:0x7f000002] align_w should be a multiple of hsub
05-05 21:58:06.137 20505 21444 W [Gralloc-Warning]: sanitize_formats:444 Format [id:0x7f000002] align_h should be a multiple of vsub
05-05 21:58:06.137 20505 21444 W [Gralloc-Warning]: sanitize_formats:426 Format [id:0x7f000004] hsub and vsub should be non-zero (YUV)
05-05 21:58:06.137 20505 21444 W [Gralloc-Warning]: sanitize_formats:438 Format [id:0x7f000004] align_w should be a multiple of hsub
05-05 21:58:06.137 20505 21444 W [Gralloc-Warning]: sanitize_formats:444 Format [id:0x7f000004] align_h should be a multiple of vsub
05-05 21:58:06.137 20505 21444 W [Gralloc-Warning]: sanitize_formats:426 Format [id:0x7f000005] hsub and vsub should be non-zero (YUV)
05-05 21:58:06.137 20505 21444 W [Gralloc-Warning]: sanitize_formats:438 Format [id:0x7f000005] align_w should be a multiple of hsub
05-05 21:58:06.137 20505 21444 W [Gralloc-Warning]: sanitize_formats:444 Format [id:0x7f000005] align_h should be a multiple of vsub
05-05 21:58:06.137 20505 21444 W [Gralloc-Warning]: sanitize_formats:426 Format [id:0x32315669] hsub and vsub should be non-zero (YUV)
05-05 21:58:06.137 20505 21444 W [Gralloc-Warning]: sanitize_formats:438 Format [id:0x32315669] align_w should be a multiple of hsub
05-05 21:58:06.137 20505 21444 W [Gralloc-Warning]: sanitize_formats:444 Format [id:0x32315669] align_h should be a multiple of vsub
05-05 21:58:06.137 20505 21444 W [Gralloc-Warning]: sanitize_formats:426 Format [id:0x10d] hsub and vsub should be non-zero (YUV)
05-05 21:58:06.137 20505 21444 W [Gralloc-Warning]: sanitize_formats:438 Format [id:0x10d] align_w should be a multiple of hsub
05-05 21:58:06.137 20505 21444 W [Gralloc-Warning]: sanitize_formats:444 Format [id:0x10d] align_h should be a multiple of vsub
05-05 21:58:06.137 20505 21444 W [Gralloc-Warning]: sanitize_formats:426 Format [id:0x10f] hsub and vsub should be non-zero (YUV)
05-05 21:58:06.137 20505 21444 W [Gralloc-Warning]: sanitize_formats:438 Format [id:0x10f] align_w should be a multiple of hsub
05-05 21:58:06.137 20505 21444 W [Gralloc-Warning]: sanitize_formats:444 Format [id:0x10f] align_h should be a multiple of vsub
05-05 21:58:06.137 20505 21444 W [Gralloc-Warning]: sanitize_formats:426 Format [id:0x7f000006] hsub and vsub should be non-zero (YUV)
05-05 21:58:06.137 20505 21444 W [Gralloc-Warning]: sanitize_formats:438 Format [id:0x7f000006] align_w should be a multiple of hsub
05-05 21:58:06.137 20505 21444 W [Gralloc-Warning]: sanitize_formats:444 Format [id:0x7f000006] align_h should be a multiple of vsub
05-05 21:58:06.137 20505 21444 W [Gralloc-Warning]: sanitize_formats:426 Format [id:0x7f000007] hsub and vsub should be non-zero (YUV)
05-05 21:58:06.137 20505 21444 W [Gralloc-Warning]: sanitize_formats:438 Format [id:0x7f000007] align_w should be a multiple of hsub
05-05 21:58:06.137 20505 21444 W [Gralloc-Warning]: sanitize_formats:444 Format [id:0x7f000007] align_h should be a multiple of vsub
05-05 21:58:06.143 7941 7941 D FastBitmapDrawable: animatePress : false immediate : true invalidate : true
05-05 21:58:06.143 7941 7941 I LauncherTransition: onAnimationEnd - APP IN, Execution time for each frame : Start-(4)-0-(17)-1-(16)-0-(17)-0-(16)-1-(16)-0-(17)-0-(17)-0-(16)-1-(16)-0-(17)-0-(17)-0-(16)-1-(16)-1-(16)-0-(16)-1-(16)-1-(16)-0-(17)-0-End
05-05 21:58:06.144 1198 9721 D RemoteAnimationController: app-onAnimationFinished(): mOuter=com.android.server.wm.RemoteAnimationController@7dc1334
05-05 21:58:06.144 1198 9721 D RemoteAnimationController: onAnimationFinished(): mPendingAnimations=3
05-05 21:58:06.144 1198 9721 D RemoteAnimationController: app-release(): mOuter=com.android.server.wm.RemoteAnimationController@7dc1334
05-05 21:58:06.144 1198 9721 D RemoteAnimationController: onAnimationFinished(): Notify animation finished:
05-05 21:58:06.144 1198 9721 I WindowManager: Reparenting to original parent: Surface(name=WallpaperWindowToken{226d927 token=android.os.Binder@e511fe6})/@0xa706a68, destroyLeash=true, surface=Surface(name=1db2d7c com.android.systemui.ImageWallpaper)/@0xe5cb29e
05-05 21:58:06.144 1198 9721 D RemoteAnimationController: Window{1db2d7c u0 com.android.systemui.ImageWallpaper}
05-05 21:58:06.144 1198 9721 I WindowManager: Reparenting to original parent: Surface(name=Task=3232)/@0x41beba3, destroyLeash=true, surface=Surface(name=AppWindowToken{bc99e09 token=Token{9964310 ActivityRecord{adfcbd3 u0 com.yeti.browser/org.chromium.chrome.WelcomeScreenWithFragments t3232}}})/@0x53cb6ed
05-05 21:58:06.145 1198 9721 D RemoteAnimationController: AppWindowToken{bc99e09 token=Token{9964310 ActivityRecord{adfcbd3 u0 com.yeti.browser/org.chromium.chrome.WelcomeScreenWithFragments t3232}}}
05-05 21:58:06.145 1198 9721 I WindowManager: Reparenting to original parent: Surface(name=Task=2)/@0x9359967, destroyLeash=true, surface=Surface(name=AppWindowToken{66cae32 token=Token{762463d ActivityRecord{4cc5b94 u0 com.sec.android.app.launcher/.activities.LauncherActivity t2}}})/@0x5f1b572
05-05 21:58:06.145 1198 9721 V WindowManager: Setting visibility of Window{93c77af u0 com.samsung.android.app.spage}: false, caller=com.android.server.wm.WindowContainer.sendAppVisibilityToClients:644 com.android.server.wm.WindowState.sendAppVisibilityToClients:3530 com.android.server.wm.WindowContainer.sendAppVisibilityToClients:644 com.android.server.wm.AppWindowToken.setClientHidden:632 com.android.server.wm.AppWindowToken.onAnimationFinished:3921
05-05 21:58:06.146 1198 9721 V WindowManager: Setting visibility of Window{2d01f30 u0 com.sec.android.app.launcher/com.sec.android.app.launcher.activities.LauncherActivity}: false, caller=com.android.server.wm.WindowContainer.sendAppVisibilityToClients:644 com.android.server.wm.AppWindowToken.setClientHidden:632 com.android.server.wm.AppWindowToken.onAnimationFinished:3921 com.android.server.wm.-$$Lambda$yVRF8YoeNdTa8GR1wDStVsHu8xM.run:2 com.android.server.wm.SurfaceAnimator.lambda$getFinishedCallback$0$SurfaceAnimator:100
05-05 21:58:06.147 1198 9721 D RemoteAnimationController: AppWindowToken{66cae32 token=Token{762463d ActivityRecord{4cc5b94 u0 com.sec.android.app.launcher/.activities.LauncherActivity t2}}}
05-05 21:58:06.147 25847 25847 I Utils : isCurrentUser current = 0, ownerId = 0
05-05 21:58:06.147 1198 9721 I RemoteAnimationController: Finishing remote animation
05-05 21:58:06.148 25847 25847 I TrayVisibilityController: getComputedTrayVisible : keyguardState = 1
05-05 21:58:06.148 25847 25847 I TrayVisibilityController: updateTrayVisible: State=1 visible=1 mCurrentVisible=1 specificMode=0
05-05 21:58:06.148 25847 25847 I TrayStateController: onNotifyUpdateTray: 0 to need to visible? true
05-05 21:58:06.149 7710 28497 D WallpaperService: dispatchAppVisibility onVisibilityChanged(): false
05-05 21:58:06.150 1198 1245 I WindowManager: Reparenting to leash, surface=Surface(name=a6c29df StatusBar)/@0xd910a53
05-05 21:58:06.151 7710 7710 I ImageWallpaper: onVisibilityChanged false
05-05 21:58:06.151 7710 7710 D WallpaperService: reportVisibility onVisibilityChanged visible: false
05-05 21:58:06.151 616 1140 I SurfaceFlinger: id=170983 createSurf (0x0),-1 flag=80004, Surface(name=a6c29df StatusBar)/@0xd910a53 - animation-leash#0
05-05 21:58:06.152 1198 1245 D WindowManager: makeSurface duration=1 leash=Surface(name=Surface(name=a6c29df StatusBar)/@0xd910a53 - animation-leash)/@0x5f79eff
05-05 21:58:06.155 616 1140 I Layer : id=170980 removeFromCurrentState Surface(name=1db2d7c com.android.systemui.ImageWallpaper)/@0xe5cb29e - animation-leash#0 (90)
05-05 21:58:06.155 616 1140 I Layer : id=170979 removeFromCurrentState Surface(name=AppWindowToken{bc99e09 token=Token{9964310 ActivityRecord{adfcbd3 u0 com.yeti.browser/org.chromium.chrome.WelcomeScreenWithFragments t3232}}})/@0x53cb6ed - animation-leash#0 (90)
05-05 21:58:06.155 616 1140 I Layer : id=170978 removeFromCurrentState Surface(name=AppWindowToken{66cae32 token=Token{762463d ActivityRecord{4cc5b94 u0 com.sec.android.app.launcher/.activities.LauncherActivity t2}}})/@0x5f1b572 - animation-leash#0 (90)
05-05 21:58:06.155 7941 10097 I OpenGLRenderer: doUpdatePositionAsync is called and callVoidMethod
05-05 21:58:06.156 7710 7710 D MultiSIMPreferredSlotBar: setExpanded : false
05-05 21:58:06.159 616 616 E Layer : [Surface(name=AppWindowToken{66cae32 token=Token{762463d ActivityRecord{4cc5b94 u0 com.sec.android.app.launcher/.activities.LauncherActivity t2}}})/@0x5f1b572 - animation-leash#0] No local sync point found
05-05 21:58:06.159 616 616 E Layer : [Surface(name=AppWindowToken{66cae32 token=Token{762463d ActivityRecord{4cc5b94 u0 com.sec.android.app.launcher/.activities.LauncherActivity t2}}})/@0x5f1b572 - animation-leash#0] No local sync point found
05-05 21:58:06.159 616 616 E Layer : [Surface(name=AppWindowToken{bc99e09 token=Token{9964310 ActivityRecord{adfcbd3 u0 com.yeti.browser/org.chromium.chrome.WelcomeScreenWithFragments t3232}}})/@0x53cb6ed - animation-leash#0] No local sync point found
05-05 21:58:06.159 616 616 E Layer : [Surface(name=AppWindowToken{bc99e09 token=Token{9964310 ActivityRecord{adfcbd3 u0 com.yeti.browser/org.chromium.chrome.WelcomeScreenWithFragments t3232}}})/@0x53cb6ed - animation-leash#0] No local sync point found
05-05 21:58:06.159 616 616 E Layer : [Surface(name=1db2d7c com.android.systemui.ImageWallpaper)/@0xe5cb29e - animation-leash#0] No local sync point found
05-05 21:58:06.159 616 616 E Layer : [Surface(name=1db2d7c com.android.systemui.ImageWallpaper)/@0xe5cb29e - animation-leash#0] No local sync point found
05-05 21:58:06.161 1198 9710 V WindowManager: Relayout Window{93c77af u0 com.samsung.android.app.spage}: viewVisibility=8 req=0x2400
05-05 21:58:06.167 616 616 I SurfaceFlinger: Display 0 HWC layers:
05-05 21:58:06.167 616 616 I SurfaceFlinger: type | handle | flag | format | source crop (l,t,r,b) | frame | name
05-05 21:58:06.167 616 616 I SurfaceFlinger: ------------+--------------+------+-----------+----------------------------+---------------------+------
05-05 21:58:06.167 616 616 I SurfaceFlinger: DEVICE | 0x71656faf00 | 0002 | RGBA_8888 | 0.0 0.0 1080.0 2400.0 | 0 0 1080 2400 | Splash Screen com.yeti.browser#1
05-05 21:58:06.167 616 616 I SurfaceFlinger: DEVICE | 0x71656fa000 | 0000 | RGBA_8888 | 0.0 0.0 1080.0 79.0 | 0 0 1080 79 | StatusBar$_7710#0
05-05 21:58:06.167 616 616 I SurfaceFlinger: DEVICE | 0x71656d0100 | 0000 | RGBA_8888 | 0.0 0.0 67.0 466.0 | 1013 492 1080 958 | com.samsung.android.app.cocktailbars[...]rservice.CocktailBarService$_25847#0
05-05 21:58:06.167 616 616 I SurfaceFlinger: DEVICE | 0x71656cf840 | 0000 | RGBA_8888 | 0.0 0.0 1080.0 126.0 | 0 2274 1080 2400 | NavigationBar0$_7710#0
05-05 21:58:06.167 616 616 I SurfaceFlinger: DEVICE | 0x71864a4800 | 0000 | RGBA_8888 | 0.0 0.0 1080.0 181.0 | 0 0 1080 181 | ScreenDecorOverlay$_7710#0
05-05 21:58:06.167 616 616 I SurfaceFlinger: DEVICE | 0x7187e65080 | 0000 | RGBA_8888 | 0.0 0.0 1080.0 181.0 | 0 2219 1080 2400 | ScreenDecorOverlay
05-05 21:58:06.167 616 616 I SurfaceFlinger: Bottom$_7710#0
05-05 21:58:06.167 616 616 I SurfaceFlinger:
05-05 21:58:06.167 7710 7710 D SimCardManagerServiceProvider: SimCardManagerProcessService already is Running !!!
05-05 21:58:06.168 7710 7710 D MultiSIMPreferredSlotBar: unRegisterSimCardManagerCallback : mSimCardmanagerSerice is null
05-05 21:58:06.168 7941 9724 D Surface : Surface::disconnect(this=0x73e5b61000,api=1)
05-05 21:58:06.168 7710 7710 D SwipeAnimator: RESET false
05-05 21:58:06.168 616 2237 I BufferQueueProducer: [com.sec.android.app.launcher/com.sec.android.app.launcher.activities.LauncherActivity$_7941#0](this:0x7165918000,id:37043,api:0,p:-1,c:616) disconnect(P): api 1
05-05 21:58:06.169 7710 7710 D PanelView: setVisibility 4
05-05 21:58:06.172 1198 9710 V WindowManager: Relayout 17364: mAttrs={(0,0)(0xfill) sim={adjust=pan} layoutInDisplayCutoutMode=always ty=APPLICATION_PANEL fmt=RGBA_8888
05-05 21:58:06.172 1198 9710 V WindowManager: fl=1000018
05-05 21:58:06.172 1198 9710 V WindowManager: pfl=40 naviIconColor=0}, display=0
05-05 21:58:06.172 1198 9721 V WindowManager: Relayout Window{2d01f30 u0 com.sec.android.app.launcher/com.sec.android.app.launcher.activities.LauncherActivity}: viewVisibility=8 req=1080x2400
05-05 21:58:06.173 17364 17364 I ViewRootImpl@a1d26ca[]: Relayout returned: old=(540,0,540,2400) new=(540,0,540,2400) req=(0,2400)8 dur=13 res=0x1 s={false 0} ch=false
05-05 21:58:06.175 1198 9710 D WindowManager: finishDrawingWindow: Window{6db2446 u0 com.yeti.browser/org.chromium.chrome.WelcomeScreenWithFragments} mDrawState=DRAW_PENDING
05-05 21:58:06.176 1198 9721 V WindowManager: Relayout 7941: mAttrs={(0,0)(fillxfill) sim={adjust=nothing forwardNavigation} layoutInDisplayCutoutMode=always ty=BASE_APPLICATION fmt=TRANSPARENT wanim=0x10302f1
05-05 21:58:06.176 1198 9721 V WindowManager: fl=81910100
05-05 21:58:06.176 1198 9721 V WindowManager: pfl=20000
05-05 21:58:06.176 1198 9721 V WindowManager: vsysui=700 naviIconColor=0}, display=0
05-05 21:58:06.176 7941 7941 I ViewRootImpl@8838a1[LauncherActivity]: Relayout returned: old=(0,0,1080,2400) new=(0,0,1080,2400) req=(1080,2400)8 dur=5 res=0x5 s={false 0} ch=true
05-05 21:58:06.178 616 2238 I SurfaceFlinger: id=170980 Removed Surface(name=1db2d7c com.android.systemui.ImageWallpaper)/@0xe5cb29e - animation-leash#0 (90)
05-05 21:58:06.180 616 2237 I SurfaceFlinger: id=170978 Removed Surface(name=AppWindowToken{66cae32 token=Token{762463d ActivityRecord{4cc5b94 u0 com.sec.android.app.launcher/.activities.LauncherActivity t2}}})/@0x5f1b572 - animation-leash#0 (90)
05-05 21:58:06.180 616 1140 I SurfaceFlinger: id=170979 Removed Surface(name=AppWindowToken{bc99e09 token=Token{9964310 ActivityRecord{adfcbd3 u0 com.yeti.browser/org.chromium.chrome.WelcomeScreenWithFragments t3232}}})/@0x53cb6ed - animation-leash#0 (90)
05-05 21:58:06.182 1198 1245 D PkgPredictorService: pkg:com.yeti.browser activity:org.chromium.chrome.WelcomeScreenWithFragments thisTime:781
05-05 21:58:06.183 1198 1245 D PkgPredictorService-Collector: update activity launch time: WelcomeScreenWithFragments : 781
05-05 21:58:06.183 1198 1245 I PowerHalWrapper: perfLockRel
05-05 21:58:06.183 7710 7710 D QSMiscContainer: MumAndDexHelper.needToBeVisible() result:false, hasMultiUsers?false, DeviceState.isDesktopMode?false, DesktopManager.isDesktopMode?false, IsDexEnablingOrEnabled:false, userSwitcherEnabled:false
05-05 21:58:06.183 1198 1245 I mtkperf_client: perf_lock_rel, hdl:160762, tid:1245
05-05 21:58:06.184 588 615 I mtkpower@1.0-impl: perfLockRelease hdl:160762 reserved:1245
05-05 21:58:06.184 1198 1245 I PowerHalWrapper: phwperfLockAcq
05-05 21:58:06.184 1198 1245 I mtkperf_client: [perf_lock_acq] hdl:160762, dur:0, num:2
05-05 21:58:06.184 1198 1245 I mtkperf_client: perf_lock_acq, hdl:160762, dur:0, tid:1245
05-05 21:58:06.184 588 614 I powerd : [powerd_req] POWER_MSG_PERF_LOCK_REL: hdl:160762
05-05 21:58:06.184 588 614 E libPowerHal: perfLockRel handle:160762
05-05 21:58:06.185 588 614 I libPowerHal: [perfScnUpdate] (less) /proc/mcdi/state set +prefix:enable 1;
05-05 21:58:06.185 588 615 I mtkpower@1.0-impl: perfLockAcquire hdl:160762, duration:0, reserved:1245
05-05 21:58:06.185 588 614 I powerd : [powerd_req] POWER_MSG_PERF_LOCK_ACQ: hdl:160762, duration:0
05-05 21:58:06.186 588 614 I libPowerHal: perfLockAcq hdl:160762 pid:1198 duration:0 pid_exist:1 => new_hdl:160763
05-05 21:58:06.186 588 614 I libPowerHal: [perfScnEnable] (less) /proc/mcdi/state set +prefix:enable 0;
05-05 21:58:06.187 588 614 I powerd : [powerd_req] POWER_MSG_PERF_LOCK_ACQ: return hdl:160763
05-05 21:58:06.187 1198 1245 I mtkperf_client: ret_hdl:160763
05-05 21:58:06.187 1198 1245 D CustomFrequencyManagerService: acquireDVFSLockLocked : type : DVFS_MIN_LIMIT frequency : 1354000 uid : 1000 pid : 1198 pkgName : AMS_RESUME_TAIL@CPU_MIN@24
05-05 21:58:06.189 1198 1249 I ActivityTaskManager: Displayed com.yeti.browser/org.chromium.chrome.WelcomeScreenWithFragments: +781ms
05-05 21:58:06.189 1198 1245 D ActivityManagerPerformance: AMP_acquire() TAIL
05-05 21:58:06.189 1198 1249 I Pageboost: Launch time gathered : pid 20505 com.yeti.browser 781
05-05 21:58:06.189 1198 1245 I PowerHalWrapper: phwperfLockAcq
05-05 21:58:06.189 1198 1245 I mtkperf_client: [perf_lock_acq] hdl:160760, dur:0, num:2
05-05 21:58:06.189 1198 1245 I mtkperf_client: perf_lock_acq, hdl:160760, dur:0, tid:1245
05-05 21:58:06.190 588 615 I mtkpower@1.0-impl: perfLockAcquire hdl:160760, duration:0, reserved:1245
05-05 21:58:06.190 8249 8249 E pageboostd: Received HALT command code 2
05-05 21:58:06.190 588 614 I powerd : [powerd_req] POWER_MSG_PERF_LOCK_ACQ: hdl:160760, duration:0
05-05 21:58:06.190 588 614 I libPowerHal: perf_lock_acq find match handle - handle:160760 idx:181
05-05 21:58:06.190 588 614 I libPowerHal: perfLockAcq hdl:160760 pid:1198 duration:0 pid_exist:1 => new_hdl:160760
05-05 21:58:06.190 588 614 I libPowerHal: [perfScnUpdate] scn:181, update
05-05 21:58:06.190 588 614 I libPowerHal: 181: set gpu level: 6
05-05 21:58:06.190 588 614 I libPowerHal: 181: set gpu level max: 0
05-05 21:58:06.191 588 614 E RilUtility: notify_rild_opt_info socket error
05-05 21:58:06.191 588 614 I powerd : [powerd_req] POWER_MSG_PERF_LOCK_ACQ: return hdl:160760
05-05 21:58:06.191 20505 20505 I ViewRootImpl@e421f10[WelcomeScreenWithFragments]: MSG_WINDOW_FOCUS_CHANGED 1 1
05-05 21:58:06.191 1198 1245 I mtkperf_client: ret_hdl:160760
05-05 21:58:06.192 1198 1245 D CustomFrequencyManagerService: releaseDVFSLockLocked : Getting Lock type frm List : DVFS_MIN_LIMIT frequency : 2000000 uid : 1000 pid : 1198 tag : AMS_APP_SWITCH@CPU_MIN@40
05-05 21:58:06.192 1198 1245 D ActivityManagerPerformance: AMP_release() APP_SWITCH
05-05 21:58:06.192 616 616 I Layer : id=170978[1] Destroyed Surface(name=AppWindowToken{66cae32 token=Token{762463d ActivityRecord{4cc5b94 u0 com.sec.android.app.launcher/.activities.LauncherActivity t2}}})/@0x5f1b572 - animation-leash#0
05-05 21:58:06.192 616 616 I Layer : id=170979[1] Destroyed Surface(name=AppWindowToken{bc99e09 token=Token{9964310 ActivityRecord{adfcbd3 u0 com.yeti.browser/org.chromium.chrome.WelcomeScreenWithFragments t3232}}})/@0x53cb6ed - animation-leash#0
05-05 21:58:06.192 616 616 I Layer : id=170980[1] Destroyed Surface(name=1db2d7c com.android.systemui.ImageWallpaper)/@0xe5cb29e - animation-leash#0
05-05 21:58:06.194 20505 20505 D InputMethodManager: prepareNavigationBarInfo() DecorView@54ebddd[WelcomeScreenWithFragments]
05-05 21:58:06.194 20505 20505 D InputMethodManager: getNavigationBarColor() -855310
05-05 21:58:06.199 1198 1245 I ViewRootImpl@3f92aca[browser]: dispatchDetachedFromWindow
05-05 21:58:06.199 1198 1245 D Surface : Surface::disconnect(this=0x733d1db000,api=2)
05-05 21:58:06.199 616 712 I BufferQueueProducer: [Splash Screen com.yeti.browser#1](this:0x7165655800,id:37051,api:0,p:-1,c:616) disconnect(P): api 2
05-05 21:58:06.199 20505 20505 D InputMethodManager: prepareNavigationBarInfo() DecorView@54ebddd[WelcomeScreenWithFragments]
05-05 21:58:06.199 20505 20505 D InputMethodManager: getNavigationBarColor() -855310
05-05 21:58:06.200 20505 20505 V InputMethodManager: Starting input: tba=com.yeti.browser ic=null mNaviBarColor -855310 mIsGetNaviBarColorSuccess true , NavVisible : true , NavTrans : false
05-05 21:58:06.200 20505 20505 D InputMethodManager: startInputInner - Id : 0
05-05 21:58:06.200 20505 20505 I InputMethodManager: startInputInner - mService.startInputOrWindowGainedFocus
05-05 21:58:06.201 1198 9721 D InputMethodManagerService: mSecureKeypadEnabled = false
05-05 21:58:06.201 1198 9721 V InputMethodManagerService: startInputOrWindowGainedFocusInternalLocked: reason=WINDOW_FOCUS_GAIN client=android.os.BinderProxy@899da7a inputContext=null missingMethods= attribute=android.view.inputmethod.EditorInfo@43c45ef startInputFlags=FIRST_WINDOW_FOCUS_GAIN|INITIAL_CONNECTION softInputMode=STATE_UNSPECIFIED|ADJUST_RESIZE|IS_FORWARD_NAVIGATION windowFlags=#81810100 unverifiedTargetSdkVersion=30
05-05 21:58:06.201 1198 9721 V InputMethodManagerService: IME PreRendering MASTER flag: false, LowRam: false
05-05 21:58:06.201 1198 9721 V InputMethodManagerService: Unspecified window will hide input
05-05 21:58:06.201 1198 9721 V InputMethodManagerService: hideCurrentInputLocked : shouldHideSoftInput is false
05-05 21:58:06.201 1198 9721 D InputMethodManagerService: mDesktopModeManager null!
05-05 21:58:06.201 1198 9721 V InputMethodManagerService: getDisplayIdOfInputMethodWindowToBeAdded : 0
05-05 21:58:06.201 1198 9721 V InputMethodManagerService: unbindCurrentInputLocked: client=android.os.BinderProxy@5500b35
05-05 21:58:06.201 1198 9721 D InputMethodManagerService: IME window vis: 0 active: 0 inv: 0 displayId: 0
05-05 21:58:06.201 1198 9721 D SamsungIMMSHWKeyboard: isConnectedDexOnPC false
05-05 21:58:06.202 1198 9721 D InputMethodManagerService: isImeSwitcherDisabledPackage : false
05-05 21:58:06.202 1198 9721 V InputMethodManagerService: switching to client: client=android.os.BinderProxy@899da7a keyguard=false
05-05 21:58:06.202 1198 1245 D InputTransport: Input channel destroyed: 'e5cf43b', fd=686
05-05 21:58:06.202 1198 9721 V InputMethodManagerService: Creating new session for client ClientState{d2c8fc uid=10746 pid=20505 displayId=0}
05-05 21:58:06.202 1198 9721 D InputTransport: Input channel constructed: 'ClientS', fd=457
05-05 21:58:06.202 1198 9721 D InputTransport: Input channel constructed: 'ClientS', fd=605
05-05 21:58:06.202 1198 1245 I WindowManager: Reparenting to leash, surface=Surface(name=e5cf43b Splash Screen com.yeti.browser)/@0x40178e8
05-05 21:58:06.203 616 712 I SurfaceFlinger: id=170984 createSurf (0x0),-1 flag=80004, Surface(name=e5cf43b Splash Screen com.yeti.browser)/@0x40178e8 - animation-leash#0
05-05 21:58:06.203 1198 9721 D InputTransport: Input channel destroyed: 'ClientS', fd=605
05-05 21:58:06.204 7941 7941 D InputTransport: Input channel destroyed: 'ClientS', fd=90
05-05 21:58:06.204 1198 1245 D WindowManager: makeSurface duration=2 leash=Surface(name=Surface(name=e5cf43b Splash Screen com.yeti.browser)/@0x40178e8 - animation-leash)/@0xe023da6
05-05 21:58:06.204 1198 9721 V InputMethodManagerService: Disabling: SessionState{uid 10131 pid 7941 method fa5bdd1 session 806e970 channel ClientState{1cca436 uid=10131 pid=7941 displayId=0} (server)}
05-05 21:58:06.204 20505 20505 I ViewRootImpl@e421f10[WelcomeScreenWithFragments]: MSG_RESIZED_REPORT: frame=(0,79,1080,2400) ci=(0,0,0,126) vi=(0,0,0,126) or=1
05-05 21:58:06.205 1198 9721 V InputMethodManagerService: Enabling: SessionState{uid 10746 pid 20505 method fa5bdd1 session ae93b94 channel ClientState{d2c8fc uid=10746 pid=20505 displayId=0} (server)}
05-05 21:58:06.205 1198 9721 D InputMethodManagerService: checkDisplayOfStartInputAndUpdateKeyboard display Id 0last 0
05-05 21:58:06.205 1198 1245 D InputTransport: Input channel constructed: 'Letterb', fd=451
05-05 21:58:06.205 1198 9721 D InputTransport: Input channel constructed: 'ClientS', fd=648
05-05 21:58:06.205 1198 1245 D InputTransport: Input channel constructed: 'Letterb', fd=605
05-05 21:58:06.205 1198 9721 D InputTransport: Input channel destroyed: 'ClientS', fd=648
05-05 21:58:06.205 1198 1245 D InputTransport: Input channel constructed: 'Letterb', fd=648
05-05 21:58:06.205 1198 1245 D InputTransport: Input channel constructed: 'Letterb', fd=686
05-05 21:58:06.206 1198 1245 D InputTransport: Input channel constructed: 'Letterb', fd=700
05-05 21:58:06.206 1198 1245 D InputTransport: Input channel constructed: 'Letterb', fd=705
05-05 21:58:06.206 1198 1245 D InputTransport: Input channel constructed: 'Letterb', fd=697
05-05 21:58:06.206 1198 1245 D InputTransport: Input channel constructed: 'Letterb', fd=706
05-05 21:58:06.207 20505 21450 D FA : Connected to remote service
05-05 21:58:06.207 1198 1242 D WindowManager: setSystemUiVisibility: displayId=0, vis=0x8114, fullVis=0x0, dockVis=0x0, win=Window{6db2446 u0 com.yeti.browser/org.chromium.chrome.WelcomeScreenWithFragments}
05-05 21:58:06.208 20505 21450 V FA : Processing queued up service tasks: 5
05-05 21:58:06.208 616 712 I SurfaceFlinger: id=170985 createSurf (0x0),-1 flag=20004, Letterbox - top#0
05-05 21:58:06.208 7710 7710 D LightBarController: onSystemUiVisibilityChanged fullVis=0 mask=ffffffff oldFullVal=0 newFullVal=0 fullDiff=0 mFullscreenLight=false isLight(Full)=false mLastStatusBarMode=4 newBarMode=0
05-05 21:58:06.209 7710 7710 D LightBarController: onNavigationVisibilityChanged : vis = 8114, nbModeChanged = false navigationBarMode = 4, navbarColorManagedByIme = false
05-05 21:58:06.210 1198 9343 D InputDispatcher: Focus entered window (20505): 6db2446 in display 0 0
05-05 21:58:06.210 1198 1245 D InputTransport: Input channel destroyed: 'e5cf43b', fd=695
05-05 21:58:06.210 1198 9721 D WindowManager: adjustSystemUiVisibilityLw: displayId=0, vis=0x8114, resetVis=0x0, clearVis=0x0
05-05 21:58:06.210 1198 9721 D InputManager-JNI: setSystemUiVisibility dexmode: false changed: true displayid: 0 visibility: 0x8114 DD: 0x8114 OD: 0x0
05-05 21:58:06.211 25847 25847 I TrayStateController: onSystemUiVisibilityChange : 33044 0
05-05 21:58:06.211 28994 28994 I HONEYBOARD: HoneyBoardService onFinishInput
05-05 21:58:06.212 28994 28994 I HONEYBOARD: a IC have been unbinded, InputConnectionWrapper{idHash=#199ce41 mMissingMethods=}
05-05 21:58:06.212 28994 28994 I HONEYBOARD: HoneyBoardService [PF_CL][onFinishInput] 498693 ns
05-05 21:58:06.212 28994 28994 D InputMethodService: checkDisplayOfStartInputAndUpdateKeyboard display Id 0last 0
05-05 21:58:06.212 28994 28994 I HONEYBOARD: HoneyBoardService [IMI] onStartInput - caller pid : 20505 , caller uid : 10746
05-05 21:58:06.212 28994 28994 I HONEYBOARD: i updateConfigs
05-05 21:58:06.213 28994 28994 I HONEYBOARD: i isEnabledNightMode : false
05-05 21:58:06.213 28994 28994 I HONEYBOARD: a IC have been binded, InputConnectionWrapper{idHash=#29acfe6 mMissingMethods=}
05-05 21:58:06.213 28994 28994 I HONEYBOARD: h [EditorInputType]setPrivateImeOptionsToTable privateImeOptions ( null )
05-05 21:58:06.213 28994 28994 I HONEYBOARD: b incognitoMode : false
05-05 21:58:06.213 28994 28994 I HONEYBOARD: a needOff = true , isJpnConvertState : false, isForceOff = true
05-05 21:58:06.214 28994 28994 I HONEYBOARD: h getDefaultInputRange : UNKNOWN
05-05 21:58:06.214 28994 28994 I HONEYBOARD: a currentState : 0
05-05 21:58:06.215 28994 28994 I HONEYBOARD: a [UpdatePolicy] [post] a: 0 cl: 65537 kit: [0/0] vt: 0 ir: 1
05-05 21:58:06.216 28994 28994 I HONEYBOARD: HoneyBoardService [PF_OP][onStartInput] 3584539 ns
05-05 21:58:06.221 1198 9721 D WindowManager: finishDrawingWindow: Window{6db2446 u0 com.yeti.browser/org.chromium.chrome.WelcomeScreenWithFragments} mDrawState=HAS_DRAWN
05-05 21:58:06.222 20505 20505 D InputMethodManager: prepareNavigationBarInfo() DecorView@54ebddd[WelcomeScreenWithFragments]
05-05 21:58:06.222 20505 20505 D InputMethodManager: getNavigationBarColor() -855310
05-05 21:58:06.222 20505 20505 V InputMethodManager: Starting input: tba=com.yeti.browser ic=null mNaviBarColor -855310 mIsGetNaviBarColorSuccess true , NavVisible : true , NavTrans : false
05-05 21:58:06.222 20505 20505 D InputMethodManager: startInputInner - Id : 0
05-05 21:58:06.224 588 615 I power@1.3-impl: powerHintInternal hint:8, data:0
05-05 21:58:06.225 1198 1027 D MotionRecognitionService: values = 50.0
05-05 21:58:06.225 1198 1027 D MotionRecognitionService: onReceive lux: 50.0 action:
05-05 21:58:06.225 1198 1027 D MotionRecognitionService: Inject brightness form Cam 50.0
05-05 21:58:06.225 1198 1027 D MotionRecognitionService: Inject calibrated lux
05-05 21:58:06.226 580 580 I Sensors : AutoBrightnessSensor::inject_sensor_data: cam_lux 50
05-05 21:58:06.228 7941 7941 I ViewRootImpl@8838a1[LauncherActivity]: stopped(true) old=false
05-05 21:58:06.232 7941 7941 D LauncherAppWidgetHost: setListenIfResumed, mFlags = 4
05-05 21:58:06.233 1198 9713 I AppWidgetServiceImpl: stopListening callbacks : null
05-05 21:58:06.233 7941 7941 D Launcher.NotificationListener: removeNotificationsChangedListener
05-05 21:58:06.233 7941 7941 D BadgeCountUpdaterImpl: onNotificationsChangedDisConnected
05-05 21:58:06.233 7941 7941 D Launcher.NotificationListener: unregisterObserver, this is not notificationService!!
05-05 21:58:06.233 7941 7941 V SettingsHelper: *** unregister listener for com.android.launcher3.notification.-$$Lambda$NotificationListener$TPumyTwU0XeoXYvudWsC9Oq4HgU@c60bebb
05-05 21:58:06.233 7941 7941 V SettingsHelper: *** unregister listener for com.android.launcher3.notification.-$$Lambda$NotificationListener$rJMoivvsqzlKdmqkNLlyopK1Us8@ef05fd8
05-05 21:58:06.233 7941 7941 D PageOverlayMover: updateActivityLifecycleState : 4
05-05 21:58:06.233 17364 22563 I PageOverlayServiceImpl: [FROM HOME] updateActivityLifecycleState : 4
05-05 21:58:06.234 17364 17364 I PageOverlayCoordinator: onUiStopped
05-05 21:58:06.234 17364 17364 I PageOverlayRootLayout: onUiStopped
05-05 21:58:06.243 20858 21035 D relenginterceptor: RELENG rewrite skipped, config is disabled.
05-05 21:58:06.243 20858 21035 D defcontigonrelayernative: DefconTigonDelayer starting
05-05 21:58:06.243 20858 21035 D defcontigonrelayernative: DefconTigonDelayer skipped, config is disabled.
05-05 21:58:06.243 1198 9721 E WindowManager: win=Window{2d01f30 u0 com.sec.android.app.launcher/com.sec.android.app.launcher.activities.LauncherActivity} destroySurfaces: appStopped=true win.mWindowRemovalAllowed=false win.mRemoveOnExit=false win.mViewVisibility=8 caller=com.android.server.wm.AppWindowToken.destroySurfaces:1249 com.android.server.wm.AppWindowToken.destroySurfaces:1230 com.android.server.wm.AppWindowToken.notifyAppStopped:1285 com.android.server.wm.ActivityRecord.activityStoppedLocked:2776 com.android.server.wm.ActivityTaskManagerService.activityStopped:2512 android.app.IActivityTaskManager$Stub.onTransact:2288 android.os.Binder.execTransactInternal:1056
05-05 21:58:06.243 1198 9721 I WindowManager: Destroying surface Surface(name=com.sec.android.app.launcher/com.sec.android.app.launcher.activities.LauncherActivity$_7941)/@0xbbbb18a called by com.android.server.wm.WindowStateAnimator.destroySurface:1834 com.android.server.wm.WindowStateAnimator.destroySurfaceLocked:733 com.android.server.wm.WindowState.destroySurfaceUnchecked:3649 com.android.server.wm.WindowState.destroySurface:3623 com.android.server.wm.AppWindowToken.destroySurfaces:1249 com.android.server.wm.AppWindowToken.destroySurfaces:1230 com.android.server.wm.AppWindowToken.notifyAppStopped:1285 com.android.server.wm.ActivityRecord.activityStoppedLocked:2776
05-05 21:58:06.244 616 1140 I Layer : id=170952 removeFromCurrentState com.sec.android.app.launcher/com.sec.android.app.launcher.activities.LauncherActivity$_7941#0 (89)
05-05 21:58:06.244 616 2238 I SurfaceFlinger: id=170952 Removed com.sec.android.app.launcher/com.sec.android.app.launcher.activities.LauncherActivity$_7941#0 (89)
05-05 21:58:06.248 616 616 I SurfaceFlinger: Display 0 HWC layers:
05-05 21:58:06.248 616 616 I SurfaceFlinger: type | handle | flag | format | source crop (l,t,r,b) | frame | name
05-05 21:58:06.248 616 616 I SurfaceFlinger: ------------+--------------+------+-----------+----------------------------+---------------------+------
05-05 21:58:06.248 616 616 I SurfaceFlinger: SOLID_COLOR | | 0000 | Unknown | 0.0 0.0 0.0 0.0 | 0 0 1080 79 | Letterbox - top#0
05-05 21:58:06.248 616 616 I SurfaceFlinger: DEVICE | 0x71656fb540 | 0002 | RGBA_8888 | 0.0 0.0 1080.0 2321.0 | 0 79 1080 2400 | com.yeti.browser/org.chromium.chrome.WelcomeScreenWithFragments$_20505#0
05-05 21:58:06.248 616 616 I SurfaceFlinger: DEVICE | 0x71656faf00 | 0002 | RGBA_8888 | 0.0 0.0 1080.0 2400.0 | 0 0 1080 2400 | Splash Screen com.yeti.browser#1
05-05 21:58:06.248 616 616 I SurfaceFlinger: DEVICE | 0x71656fa000 | 0000 | RGBA_8888 | 0.0 0.0 1080.0 79.0 | 0 0 1080 79 | StatusBar$_7710#0
05-05 21:58:06.248 616 616 I SurfaceFlinger: DEVICE | 0x71656d0100 | 0000 | RGBA_8888 | 0.0 0.0 67.0 466.0 | 1013 492 1080 958 | com.samsung.android.app.cocktailbars[...]rservice.CocktailBarService$_25847#0
05-05 21:58:06.248 616 616 I SurfaceFlinger: DEVICE | 0x71656cfd40 | 0000 | RGBA_8888 | 0.0 0.0 1080.0 126.0
05-05 21:58:06.248 616 616 I SurfaceFlinger: | 0 2274 1080 2400 | NavigationBar0$_7710#0
05-05 21:58:06.248 616 616 I SurfaceFlinger: DEVICE | 0x71864a4800 | 0000 | RGBA_8888 | 0.0 0.0 1080.0 181.0 | 0 0 1080 181 | ScreenDecorOverlay$_7710#0
05-05 21:58:06.248 616 616 I SurfaceFlinger: DEVICE | 0x7187e65080 | 0000 | RGBA_8888 | 0.0 0.0 1080.0 181.0 | 0 2219 1080 2400 | ScreenDecorOverlayBottom$_7710#0
05-05 21:58:06.248 616 616 I SurfaceFlinger:
05-05 21:58:06.251 1198 1242 D CodecSolution: isMaxAspectPackageEx: com.yeti.browser : false(0)
05-05 21:58:06.254 7010 21471 V FA-SVC : Logging event: origin=auto,name=screen_view(_vs),params=Bundle[{ga_event_origin(_o)=auto, ga_screen_class(_sc)=WelcomeScreenWithFragments, ga_screen_id(_si)=-8266983504364214148}]
05-05 21:58:06.259 616 616 I BufferQueue: [com.sec.android.app.launcher/com.sec.android.app.launcher.activities.LauncherActivity$_7941#0](this:0x7165918000,id:37043,api:0,p:-1,c:-1) ~BufferQueueCore
05-05 21:58:06.259 616 616 I Layer : id=170952[1] Destroyed com.sec.android.app.launcher/com.sec.android.app.launcher.activities.LauncherActivity$_7941#0
05-05 21:58:06.260 1198 1245 I WindowManager: Reparenting to original parent: Surface(name=AppWindowToken{bc99e09 token=Token{9964310 ActivityRecord{adfcbd3 u0 com.yeti.browser/org.chromium.chrome.WelcomeScreenWithFragments t3232}}})/@0x53cb6ed, destroyLeash=true, surface=Surface(name=e5cf43b Splash Screen com.yeti.browser)/@0x40178e8
05-05 21:58:06.260 1198 1245 E WindowManager: win=Window{e5cf43b u0 Splash Screen com.yeti.browser EXITING} destroySurfaces: appStopped=false win.mWindowRemovalAllowed=true win.mRemoveOnExit=true win.mViewVisibility=0 caller=com.android.server.wm.AppWindowToken.destroySurfaces:1249 com.android.server.wm.AppWindowToken.destroySurfaces:1230 com.android.server.wm.WindowState.onExitAnimationDone:5189 com.android.server.wm.WindowStateAnimator.onAnimationFinished:320 com.android.server.wm.WindowState.onAnimationFinished:5630 com.android.server.wm.-$$Lambda$yVRF8YoeNdTa8GR1wDStVsHu8xM.run:2 com.android.server.wm.SurfaceAnimator.lambda$getFinishedCallback$0$SurfaceAnimator:100
05-05 21:58:06.260 1198 1245 I WindowManager: Destroying surface Surface(name=Splash Screen com.yeti.browser)/@0x9f8ec18 called by com.android.server.wm.WindowStateAnimator.destroySurface:1834 com.android.server.wm.WindowStateAnimator.destroySurfaceLocked:733 com.android.server.wm.WindowState.destroySurfaceUnchecked:3649 com.android.server.wm.WindowState.destroySurface:3623 com.android.server.wm.AppWindowToken.destroySurfaces:1249 com.android.server.wm.AppWindowToken.destroySurfaces:1230 com.android.server.wm.WindowState.onExitAnimationDone:5189 com.android.server.wm.WindowStateAnimator.onAnimationFinished:320
05-05 21:58:06.261 616 2237 I Layer : id=170977 removeFromCurrentState Splash Screen com.yeti.browser#1 (88)
05-05 21:58:06.261 7010 21471 V FA-SVC : Upload scheduled in approximately ms: 3399665
05-05 21:58:06.261 7010 21471 V FA-SVC : Unscheduling upload
05-05 21:58:06.262 1198 9721 D SamsungAlarmManager: Cancel Alarm calling from uid:10223 pid :7010 / op:PendingIntent{97c0671: PendingIntentRecord{2b5c56 com.google.android.gms broadcastIntent}}
05-05 21:58:06.262 616 2237 I Layer : id=170975 removeFromCurrentState e5cf43b Splash Screen com.yeti.browser#0 (88)
05-05 21:58:06.262 616 2237 I Layer : id=170984 removeFromCurrentState Surface(name=e5cf43b Splash Screen com.yeti.browser)/@0x40178e8 - animation-leash#0 (88)
05-05 21:58:06.264 616 2237 I SurfaceFlinger: id=170975 Removed e5cf43b Splash Screen com.yeti.browser#0 (88)
05-05 21:58:06.264 616 2237 I SurfaceFlinger: id=170984 Removed Surface(name=e5cf43b Splash Screen com.yeti.browser)/@0x40178e8 - animation-leash#0 (88)
05-05 21:58:06.264 616 2237 I SurfaceFlinger: id=170977 Removed Splash Screen com.yeti.browser#1 (88)
05-05 21:58:06.264 7010 21471 V FA-SVC : Scheduling upload, millis: 3399665
05-05 21:58:06.270 7010 21471 V FA-SVC : Background event processing time, ms: 16
05-05 21:58:06.275 7010 21471 V FA-SVC : Saving default event parameters, appId, data size: com.yeti.browser, 2
05-05 21:58:06.276 616 616 I Layer : id=170984[1] Destroyed Surface(name=e5cf43b Splash Screen com.yeti.browser)/@0x40178e8 - animation-leash#0
05-05 21:58:06.276 616 616 I Layer : id=170975[1] Destroyed e5cf43b Splash Screen com.yeti.browser#0
05-05 21:58:06.279 616 616 I BufferQueue: [Splash Screen com.yeti.browser#1](this:0x7165655800,id:37051,api:0,p:-1,c:-1) ~BufferQueueCore
05-05 21:58:06.279 616 616 I Layer : id=170977[1] Destroyed Splash Screen com.yeti.browser#1
05-05 21:58:06.283 616 616 I SurfaceFlinger: Display 0 HWC layers:
05-05 21:58:06.283 616 616 I SurfaceFlinger: type | handle | flag | format | source crop (l,t,r,b) | frame | name
05-05 21:58:06.283 616 616 I SurfaceFlinger: ------------+--------------+------+-----------+----------------------------+---------------------+------
05-05 21:58:06.283 616 616 I SurfaceFlinger: SOLID_COLOR | | 0000 | Unknown | 0.0 0.0 0.0 0.0 | 0 0 1080 79 | Letterbox - top#0
05-05 21:58:06.283 616 616 I SurfaceFlinger: DEVICE | 0x71656fb540 | 0002 | RGBA_8888 | 0.0 0.0 1080.0 2321.0 | 0 79 1080 2400 | com.yeti.browser/org.chromium.chrome.WelcomeScreenWithFragments$_20505#0
05-05 21:58:06.283 616 616 I SurfaceFlinger: DEVICE | 0x71656ce300 | 0000 | RGBA_8888 | 0.0 0.0 1080.0 79.0 | 0 0 1080 79 | StatusBar$_7710#0
05-05 21:58:06.283 616 616 I SurfaceFlinger: DEVICE | 0x71656d0100 | 0000 | RGBA_8888 | 0.0 0.0 67.0 466.0 | 1013 492 1080 958 | com.samsung.android.app.cocktailbars[...]rservice.CocktailBarService$_25847#0
05-05 21:58:06.283 616 616 I SurfaceFlinger: DEVICE | 0x71656cfd40 | 0000 | RGBA_8888 | 0.0 0.0 1080.0 126.0 | 0 2274 1080 2400 | NavigationBar0$_7710#0
05-05 21:58:06.283 616 616 I SurfaceFlinger: DEVICE | 0x71864a4800 | 0000 | RGBA_8888 | 0.0 0.0 1080.0 181.0 | 0
05-05 21:58:06.283 616 616 I SurfaceFlinger: 0 1080 181 | ScreenDecorOverlay$_7710#0
05-05 21:58:06.283 616 616 I SurfaceFlinger: DEVICE | 0x7187e65080 | 0000 | RGBA_8888 | 0.0 0.0 1080.0 181.0 | 0 2219 1080 2400 | ScreenDecorOverlayBottom$_7710#0
05-05 21:58:06.283 616 616 I SurfaceFlinger:
05-05 21:58:06.283 6988 11298 W NetworkScheduler: Error inserting flex_time=3399000 job_id=-1 period=6800000 source=16 requires_charging=0 preferred_network_type=1 target_class=com.google.android.gms.measurement.PackageMeasurementTaskService user_id=0 target_package=com.google.android.gms tag=Measurement.PackageMeasurementTaskService.UPLOAD_TASK_TAG task_type=0 required_idleness_state=0 service_kind=0 source_version=211515000 persistence_level=1 preferred_charging_state=1 required_network_type=0 runtime=1620232086275 retry_strategy={"maximum_backoff_seconds":{"3600":0},"initial_backoff_seconds":{"30":0},"retry_policy":{"0":0}} last_runtime=0, error message: UNIQUE constraint failed: pending_ops.tag, pending_ops.target_class, pending_ops.target_package, pending_ops.user_id (code 2067 SQLITE_CONSTRAINT_UNIQUE[2067]) [CONTEXT service_id=218 ]
05-05 21:58:06.382 1198 7755 D MdnieScenarioControlService: packageName : com.yeti.browser className : org.chromium.chrome.WelcomeScreenWithFragments
05-05 21:58:06.382 1198 7755 V MdnieScenarioControlService: setUIMode from UI function(3)
05-05 21:58:06.396 574 1240 I hwcomposer: [HWCDisplay] [Display_0 (type:1)] fps:53.570053,dur:1008.03,max:105.59,min:10.58
05-05 21:58:06.425 1198 1027 D MotionRecognitionService: values = 50.0
05-05 21:58:06.425 1198 1027 D MotionRecognitionService: onReceive lux: 50.0 action:
05-05 21:58:06.425 1198 1027 D MotionRecognitionService: Inject brightness form Cam 50.0
05-05 21:58:06.425 1198 1027 D MotionRecognitionService: Inject calibrated lux
05-05 21:58:06.426 580 580 I Sensors : AutoBrightnessSensor::inject_sensor_data: cam_lux 50
05-05 21:58:06.448 616 1140 I BufferQueueProducer: [StatusBar$_7710#0](this:0x71656f4800,id:7,api:0,p:-1,c:616) queueBuffer: fps=16.88 dur=1007.17 max=702.39 min=13.98
05-05 21:58:06.511 1198 1245 I WindowManager: Reparenting to original parent: Surface(name=WindowToken{7bae07e android.os.BinderProxy@b6b3a00})/@0xeac2f97, destroyLeash=true, surface=Surface(name=a6c29df StatusBar)/@0xd910a53
05-05 21:58:06.512 7710 7710 D MultiSIMPreferredSlotBar: setExpanded : false
05-05 21:58:06.512 616 2237 I Layer : id=170983 removeFromCurrentState Surface(name=a6c29df StatusBar)/@0xd910a53 - animation-leash#0 (85)
05-05 21:58:06.513 7710 8446 I ViewRootImpl@ccbeb8d[ScreenDecorOverlay]: MSG_RESIZED: frame=(0,0,1080,181) ci=(1080,79,1080,181) vi=(0,0,0,0) or=1
05-05 21:58:06.513 616 2237 I SurfaceFlinger: id=170983 Removed Surface(name=a6c29df StatusBar)/@0xd910a53 - animation-leash#0 (85)
05-05 21:58:06.517 7710 7710 D SimCardManagerServiceProvider: SimCardManagerProcessService already is Running !!!
05-05 21:58:06.517 7710 7710 D MultiSIMPreferredSlotBar: unRegisterSimCardManagerCallback : mSimCardmanagerSerice is null
05-05 21:58:06.518 7710 7710 D SwipeAnimator: RESET false
05-05 21:58:06.518 7710 7710 D PanelView: setVisibility 4
