05-05 21:58:22.086 591 21742 E aao_buf_mgr: [updateInfo] Failed to get FLASHResult for MagicNum(1)
05-05 21:58:22.086 591 21742 E aao_buf_mgr: (updateInfo){#606:vendor/mediatek/proprietary/hardware/mtkcam/aaa/source/isp_40/buf_mgr/AAOBufMgr.cpp}
05-05 21:58:22.086 591 21742 W ResultPool: [getAllResult]- Index is illegal value(-1)
05-05 21:58:22.087 591 21742 D isp_tuning_custom: [evaluate_Shading_Ratio] In case SENSOR_MODE_FOV_68. eSensorMode is 6
05-05 21:58:22.087 591 21742 D isp_tuning_custom: [Front FOV68 RA tuning][ratioMapping_frontFOV68]Sensor name: 8225
05-05 21:58:22.087 591 21742 D isp_tuning_custom: [ver0326][FOV68 RA tuning][ratioMapping_frontFOV68]RA value: 20. Iso: 521.
05-05 21:58:22.087 591 21742 D AppTsf : [TsfReset] TsfReset ; ShadingVersion: 2019.0807.0919
05-05 21:58:22.089 591 21748 I ResultPool: [convertToMetadata4AF] SEC, date.0313, check MTK_CONTROL_AF_REGIONS, array = [0, 0, 0, 0, 0], ret2(0), u1AfMode(4), ret1(1)
05-05 21:58:22.114 591 21792 I FlickerHal: update(): skip, not enough frame(2).
05-05 21:58:22.126 591 21742 I Hal3AFlowCtrl_thread: [onThreadLoop] First command from P1
05-05 21:58:22.126 591 21742 I Hal3ARaw: [220751263] Dev(2) i4FrameNum(-1) MasterIdx = 0, SlaveIdx = 0, m_bIsSkipSync3A(0) rNewParam(0,0,0)(0,0)
05-05 21:58:22.126 591 21742 I aaa_common_custom.cpp: [cust_ChangeTableByCond]Sensor_idx = 1 ,SHOOTING_MODE = 30,SceneMode = 1, fpsRange=[5-30], HalFps=[5000-30000]
05-05 21:58:22.126 591 21742 I aaa_common_custom.cpp: [cust_ChangeSceneBy3rdpartyApp]VT_MODE = 0 ,MinFps = 5000,MaxFps = 30000,SceneMode = 1
05-05 21:58:22.126 591 21742 E aao_buf_mgr: [updateInfo] pAEResult is NULL, set mi4EvComp as default value
05-05 21:58:22.126 591 21742 E aao_buf_mgr: (updateInfo){#597:vendor/mediatek/proprietary/hardware/mtkcam/aaa/source/isp_40/buf_mgr/AAOBufMgr.cpp}
05-05 21:58:22.126 591 21742 E aao_buf_mgr: [updateInfo] Failed to get FLASHResult for MagicNum(1)
05-05 21:58:22.126 591 21742 E aao_buf_mgr: (updateInfo){#606:vendor/mediatek/proprietary/hardware/mtkcam/aaa/source/isp_40/buf_mgr/AAOBufMgr.cpp}
05-05 21:58:22.126 591 21742 W ResultPool: [getAllResult]- Index is illegal value(-1)
05-05 21:58:22.127 591 21742 D isp_tuning_custom: [evaluate_Shading_Ratio] In case SENSOR_MODE_FOV_68. eSensorMode is 6
05-05 21:58:22.127 591 21742 D isp_tuning_custom: [Front FOV68 RA tuning][ratioMapping_frontFOV68]Sensor name: 8225
05-05 21:58:22.127 591 21742 D isp_tuning_custom: [ver0326][FOV68 RA tuning][ratioMapping_frontFOV68]RA value: 20. Iso: 521.
05-05 21:58:22.128 591 21748 I ResultPool: [convertToMetadata4AF] SEC, date.0313, check MTK_CONTROL_AF_REGIONS, array = [0, 0, 0, 0, 0], ret2(0), u1AfMode(4), ret1(1)
05-05 21:58:22.130 591 591 D ULog : R AppRequest:3 M[CameraDevice:187001] + :mtkcam-dev3_legacy #519237
05-05 21:58:22.147 1198 1027 D MotionRecognitionService: values = 50.0
05-05 21:58:22.147 1198 1027 D MotionRecognitionService: onReceive lux: 50.0 action:
05-05 21:58:22.147 1198 1027 D MotionRecognitionService: Inject brightness form Cam 50.0
05-05 21:58:22.147 1198 1027 D MotionRecognitionService: Inject calibrated lux
05-05 21:58:22.147 580 580 I Sensors : AutoBrightnessSensor::inject_sensor_data: cam_lux 50
05-05 21:58:22.166 591 21742 I Hal3ARaw: [220751263] Dev(2) i4FrameNum(-1) MasterIdx = 0, SlaveIdx = 0, m_bIsSkipSync3A(0) rNewParam(0,0,0)(0,0)
05-05 21:58:22.166 591 21742 I aaa_common_custom.cpp: [cust_ChangeTableByCond]Sensor_idx = 1 ,SHOOTING_MODE = 30,SceneMode = 1, fpsRange=[5-30], HalFps=[5000-30000]
05-05 21:58:22.166 591 21742 I aaa_common_custom.cpp: [cust_ChangeSceneBy3rdpartyApp]VT_MODE = 0 ,MinFps = 5000,MaxFps = 30000,SceneMode = 1
05-05 21:58:22.166 591 21742 E aao_buf_mgr: [updateInfo] pAEResult is NULL, set mi4EvComp as default value
05-05 21:58:22.166 591 21742 E aao_buf_mgr: (updateInfo){#597:vendor/mediatek/proprietary/hardware/mtkcam/aaa/source/isp_40/buf_mgr/AAOBufMgr.cpp}
05-05 21:58:22.166 591 21742 E aao_buf_mgr: [updateInfo] Failed to get FLASHResult for MagicNum(1)
05-05 21:58:22.166 591 21742 E aao_buf_mgr: (updateInfo){#606:vendor/mediatek/proprietary/hardware/mtkcam/aaa/source/isp_40/buf_mgr/AAOBufMgr.cpp}
05-05 21:58:22.166 591 21742 W ResultPool: [getAllResult]- Index is illegal value(-1)
05-05 21:58:22.167 591 21742 D isp_tuning_custom: [evaluate_Shading_Ratio] In case SENSOR_MODE_FOV_68. eSensorMode is 6
05-05 21:58:22.167 591 21742 D isp_tuning_custom: [Front FOV68 RA tuning][ratioMapping_frontFOV68]Sensor name: 8225
05-05 21:58:22.167 591 21742 D isp_tuning_custom: [ver0326][FOV68 RA tuning][ratioMapping_frontFOV68]RA value: 20. Iso: 521.
05-05 21:58:22.168 591 21748 I ResultPool: [convertToMetadata4AF] SEC, date.0313, check MTK_CONTROL_AF_REGIONS, array = [0, 0, 0, 0, 0], ret2(0), u1AfMode(4), ret1(1)
05-05 21:58:22.169 591 591 D ULog : R AppRequest:4 M[CameraDevice:187001] + :mtkcam-dev3_legacy #519238
05-05 21:58:22.190 1198 7565 E WifiVendorHal: getWifiLinkLayerStats_1_3_Internal(l.934) failed {.code = ERROR_NOT_SUPPORTED, .description = }
05-05 21:58:22.195 681 899 I CameraService: updateProxyDeviceState: notifyCameraState for Camera ID 1, newState 1, facing 1, clientName com.samsung.adaptivebrightnessgo, apiLevel 2
05-05 21:58:22.195 1030 4685 I CameraManagerGlobal: Camera 1 facing CAMERA_FACING_FRONT state now CAMERA_STATE_ACTIVE for client com.samsung.adaptivebrightnessgo API Level 2
05-05 21:58:22.195 9371 9398 I CameraManagerGlobal: Camera 1 facing CAMERA_FACING_FRONT state now CAMERA_STATE_ACTIVE for client com.samsung.adaptivebrightnessgo API Level 2
05-05 21:58:22.195 7710 3023 I CameraManagerGlobal: Camera 1 facing CAMERA_FACING_FRONT state now CAMERA_STATE_ACTIVE for client com.samsung.adaptivebrightnessgo API Level 2
05-05 21:58:22.196 591 21771 W MtkCam/StreamingPipe/P2A_3DNR: [prepare3DNR]3dnr->do3dnrFlow failed
05-05 21:58:22.202 681 899 D Camera3-OutputStream: returnBufferCheckedLocked: First frame for stream 0, width 176, height 144, format 34
05-05 21:58:22.202 591 21758 I FDVT_Drv: FDVT_Init, HW FD Open CLK
05-05 21:58:22.202 591 21739 D ULog : R AppRequest:0 M[CameraDevice:187001] - :mtkcam-AppStreamMgr #519239
05-05 21:58:22.203 591 21738 I SehCamDevSession@4.0-impl: [CAMKPI] camera3->process_capture_result : E
05-05 21:58:22.203 591 21738 I SehCamDevSession@4.0-impl: [CAMKPI] camera3->process_capture_result : X
05-05 21:58:22.204 1030 1061 D CameraLightSensor_Service: open preview end
05-05 21:58:22.205 591 21758 D AppFDFT_SW: isSecureFD is 0
05-05 21:58:22.205 591 21758 D utilMetCtrl: MET TAG is Disabled
05-05 21:58:22.205 591 21758 D AppFDFT_SW: [AppFDFT_SW] MajorFaceDecision: 1 (->1) SortTrigger: 0
05-05 21:58:22.205 591 21758 D AppFDFT_SW: [AppFDFT_SW]OTds: 2, OTtype: 1
05-05 21:58:22.205 591 21758 D AppFDFT_SW: [AppFDFT_SW]fd model value is 2
05-05 21:58:22.205 591 21758 D FD_CORE : [ERROR] Fd model only support 0/1 !!!
05-05 21:58:22.205 591 21758 D FD_CORE : model set to 0
05-05 21:58:22.206 591 21758 D AppFDFT_SW: SetSmoothingPara 1
05-05 21:58:22.206 591 21758 D AppFDFT_SW: [AppFDFT_SW]SmoothMode: 0, RoundXYPercent: 4, RoundSZPercent: 2
05-05 21:58:22.206 591 21758 D AppFDFT_SW: SetSmoothingPara 2
05-05 21:58:22.206 591 21758 D AppFDFT_SW: [AppFDFT_SW]SmoothMode: 0, RoundXYPercent: 4, RoundSZPercent: 2
05-05 21:58:22.206 591 21758 D AppFDFT_SW: [AppFDFT_SW]ModelVersion: 102, NewFaceReliabilityThreshold: 1800, NewFaceFrameCountSpec: 2
05-05 21:58:22.206 591 21758 D AppFDFT_SW: [AppFDFT_SW]FRAME_COUNT_TH: 3, MAX_TRACK_COUNT: 10, SilentModeFDSkipNum: 0, HistUpdateSkipNum: 1
05-05 21:58:22.206 591 21742 I Hal3ARaw: [220751263] Dev(2) i4FrameNum(-1) MasterIdx = 0, SlaveIdx = 0, m_bIsSkipSync3A(0) rNewParam(0,0,0)(0,0)
05-05 21:58:22.206 591 21742 I aaa_common_custom.cpp: [cust_ChangeTableByCond]Sensor_idx = 1 ,SHOOTING_MODE = 30,SceneMode = 1, fpsRange=[5-30], HalFps=[5000-30000]
05-05 21:58:22.206 591 21742 I aaa_common_custom.cpp: [cust_ChangeSceneBy3rdpartyApp]VT_MODE = 0 ,MinFps = 5000,MaxFps = 30000,SceneMode = 1
05-05 21:58:22.206 591 21758 I MtkCam/fdNodeImp: [RunFaceDetection] check FD frame timestamp : 3058613400941000
05-05 21:58:22.206 591 21758 I MtkCam/fdNodeImp: [RunFaceDetection] check FD count : 0, duration : 0
05-05 21:58:22.207 591 21742 D isp_tuning_custom: [evaluate_Shading_Ratio] In case SENSOR_MODE_FOV_68. eSensorMode is 6
05-05 21:58:22.207 591 21742 D isp_tuning_custom: [Front FOV68 RA tuning][ratioMapping_frontFOV68]Sensor name: 8225
05-05 21:58:22.207 591 21742 D isp_tuning_custom: [ver0326][FOV68 RA tuning][ratioMapping_frontFOV68]RA value: 20. Iso: 521.
05-05 21:58:22.207 591 21748 I ResultPool: [convertToMetadata4AF] SEC, date.0313, check MTK_CONTROL_AF_REGIONS, array = [0, 0, 0, 0, 0], ret2(0), u1AfMode(4), ret1(1)
05-05 21:58:22.208 591 591 D ULog : R AppRequest:5 M[CameraDevice:187001] + :mtkcam-dev3_legacy #519240
05-05 21:58:22.233 574 574 I hwcomposer: [HWCDisplay] [Display_0 (type:1)] fps:7.321795,dur:2594.99,max:1641.19,min:15.93
05-05 21:58:22.240 1030 4685 I BufferQueueProducer: [SurfaceTexture-0-1030-20088](this:0x747de7a800,id:20088,api:0,p:-1,c:1030) queueBuffer: slot 0 is dropped, handle=0x747d61b800
05-05 21:58:22.240 591 21739 D ULog : R AppRequest:1 M[CameraDevice:187001] - :mtkcam-AppStreamMgr #519241
05-05 21:58:22.241 1030 1061 D CameraLightSensor_Service: open preview end
05-05 21:58:22.246 591 21742 I Hal3ARaw: [220751263] Dev(2) i4FrameNum(-1) MasterIdx = 0, SlaveIdx = 0, m_bIsSkipSync3A(0) rNewParam(0,0,0)(0,0)
05-05 21:58:22.246 591 21742 I aaa_common_custom.cpp: [cust_ChangeTableByCond]Sensor_idx = 1 ,SHOOTING_MODE = 30,SceneMode = 1, fpsRange=[5-30], HalFps=[5000-30000]
05-05 21:58:22.246 591 21742 I aaa_common_custom.cpp: [cust_ChangeSceneBy3rdpartyApp]VT_MODE = 0 ,MinFps = 5000,MaxFps = 30000,SceneMode = 1
05-05 21:58:22.247 591 21742 D isp_tuning_custom: [evaluate_Shading_Ratio] In case SENSOR_MODE_FOV_68. eSensorMode is 6
05-05 21:58:22.247 591 21742 D isp_tuning_custom: [Front FOV68 RA tuning][ratioMapping_frontFOV68]Sensor name: 8225
05-05 21:58:22.247 591 21742 D isp_tuning_custom: [ver0326][FOV68 RA tuning][ratioMapping_frontFOV68]RA value: 20. Iso: 522.
05-05 21:58:22.247 591 591 D ULog : R AppRequest:6 M[CameraDevice:187001] + :mtkcam-dev3_legacy #519242
05-05 21:58:22.248 591 21748 I ResultPool: [convertToMetadata4AF] SEC, date.0313, check MTK_CONTROL_AF_REGIONS, array = [0, 0, 0, 0, 0], ret2(0), u1AfMode(4), ret1(1)
05-05 21:58:22.249 591 21758 I FDVT_Drv: Final: HW_NUM:0, Filter_NUM:0, SKIP_NUM:0
05-05 21:58:22.279 1030 4685 I BufferQueueProducer: [SurfaceTexture-0-1030-20088](this:0x747de7a800,id:20088,api:0,p:-1,c:1030) queueBuffer: slot 1 is dropped, handle=0x747d61c980
05-05 21:58:22.280 591 21739 D ULog : R AppRequest:2 M[CameraDevice:187001] - :mtkcam-AppStreamMgr #519243
05-05 21:58:22.281 1030 1061 D CameraLightSensor_Service: open preview end
05-05 21:58:22.282 1030 1061 D CameraLightSensor_Service: wrong aEState value =1
05-05 21:58:22.286 591 21742 I Hal3ARaw: [220751263] Dev(2) i4FrameNum(-1) MasterIdx = 0, SlaveIdx = 0, m_bIsSkipSync3A(0) rNewParam(0,0,0)(0,0)
05-05 21:58:22.286 591 21742 I aaa_common_custom.cpp: [cust_ChangeTableByCond]Sensor_idx = 1 ,SHOOTING_MODE = 30,SceneMode = 1, fpsRange=[5-30], HalFps=[5000-30000]
05-05 21:58:22.286 591 21742 I aaa_common_custom.cpp: [cust_ChangeSceneBy3rdpartyApp]VT_MODE = 0 ,MinFps = 5000,MaxFps = 30000,SceneMode = 1
05-05 21:58:22.287 591 21742 D isp_tuning_custom: [evaluate_Shading_Ratio] In case SENSOR_MODE_FOV_68. eSensorMode is 6
05-05 21:58:22.287 591 21742 D isp_tuning_custom: [Front FOV68 RA tuning][ratioMapping_frontFOV68]Sensor name: 8225
05-05 21:58:22.287 591 21742 D isp_tuning_custom: [ver0326][FOV68 RA tuning][ratioMapping_frontFOV68]RA value: 20. Iso: 526.
05-05 21:58:22.287 591 591 D ULog : R AppRequest:7 M[CameraDevice:187001] + :mtkcam-dev3_legacy #519244
05-05 21:58:22.288 591 21748 I ResultPool: [convertToMetadata4AF] SEC, date.0313, check MTK_CONTROL_AF_REGIONS, array = [0, 0, 0, 0, 0], ret2(0), u1AfMode(4), ret1(1)
05-05 21:58:22.312 591 21758 I FDVT_Drv: Final: HW_NUM:0, Filter_NUM:0, SKIP_NUM:0
05-05 21:58:22.319 1030 4685 I BufferQueueProducer: [SurfaceTexture-0-1030-20088](this:0x747de7a800,id:20088,api:0,p:-1,c:1030) queueBuffer: slot 2 is dropped, handle=0x747d61dd80
05-05 21:58:22.319 591 21739 D ULog : R AppRequest:3 M[CameraDevice:187001] - :mtkcam-AppStreamMgr #519245
05-05 21:58:22.321 1030 1061 D CameraLightSensor_Service: open preview end
05-05 21:58:22.321 1030 1061 D CameraLightSensor_Service: wrong aEState value =1
05-05 21:58:22.326 591 21742 I Hal3ARaw: [220751263] Dev(2) i4FrameNum(-1) MasterIdx = 0, SlaveIdx = 0, m_bIsSkipSync3A(0) rNewParam(0,0,0)(0,0)
05-05 21:58:22.326 591 21742 I aaa_common_custom.cpp: [cust_ChangeTableByCond]Sensor_idx = 1 ,SHOOTING_MODE = 30,SceneMode = 1, fpsRange=[5-30], HalFps=[5000-30000]
05-05 21:58:22.326 591 21742 I aaa_common_custom.cpp: [cust_ChangeSceneBy3rdpartyApp]VT_MODE = 0 ,MinFps = 5000,MaxFps = 30000,SceneMode = 1
05-05 21:58:22.327 591 21742 D isp_tuning_custom: [evaluate_Shading_Ratio] In case SENSOR_MODE_FOV_68. eSensorMode is 6
05-05 21:58:22.327 591 21742 D isp_tuning_custom: [Front FOV68 RA tuning][ratioMapping_frontFOV68]Sensor name: 8225
05-05 21:58:22.327 591 21742 D isp_tuning_custom: [ver0326][FOV68 RA tuning][ratioMapping_frontFOV68]RA value: 20. Iso: 526.
05-05 21:58:22.327 591 591 D ULog : R AppRequest:8 M[CameraDevice:187001] + :mtkcam-dev3_legacy #519246
05-05 21:58:22.328 591 21748 I ResultPool: [convertToMetadata4AF] SEC, date.0313, check MTK_CONTROL_AF_REGIONS, array = [0, 0, 0, 0, 0], ret2(0), u1AfMode(4), ret1(1)
05-05 21:58:22.346 1198 1027 D MotionRecognitionService: values = 50.0
05-05 21:58:22.346 1198 1027 D MotionRecognitionService: onReceive lux: 50.0 action:
05-05 21:58:22.346 1198 1027 D MotionRecognitionService: Inject brightness form Cam 50.0
05-05 21:58:22.346 1198 1027 D MotionRecognitionService: Inject calibrated lux
05-05 21:58:22.347 580 580 I Sensors : AutoBrightnessSensor::inject_sensor_data: cam_lux 50
05-05 21:58:22.359 591 21739 D ULog : R AppRequest:4 M[CameraDevice:187001] - :mtkcam-AppStreamMgr #519247
05-05 21:58:22.359 1030 4685 I BufferQueueProducer: [SurfaceTexture-0-1030-20088](this:0x747de7a800,id:20088,api:0,p:-1,c:1030) queueBuffer: slot 3 is dropped, handle=0x747e6d8c80
05-05 21:58:22.361 1030 1061 D CameraLightSensor_Service: open preview end
05-05 21:58:22.361 1030 1061 D CameraLightSensor_Service: wrong aEState value =1
05-05 21:58:22.366 591 21742 I Hal3ARaw: [220751263] Dev(2) i4FrameNum(-1) MasterIdx = 0, SlaveIdx = 0, m_bIsSkipSync3A(0) rNewParam(0,0,0)(0,0)
05-05 21:58:22.366 591 21742 I aaa_common_custom.cpp: [cust_ChangeTableByCond]Sensor_idx = 1 ,SHOOTING_MODE = 30,SceneMode = 1, fpsRange=[5-30], HalFps=[5000-30000]
05-05 21:58:22.366 591 21742 I aaa_common_custom.cpp: [cust_ChangeSceneBy3rdpartyApp]VT_MODE = 0 ,MinFps = 5000,MaxFps = 30000,SceneMode = 1
05-05 21:58:22.367 591 591 D ULog : R AppRequest:9 M[CameraDevice:187001] + :mtkcam-dev3_legacy #519248
05-05 21:58:22.368 591 21742 D isp_tuning_custom: [evaluate_Shading_Ratio] In case SENSOR_MODE_FOV_68. eSensorMode is 6
05-05 21:58:22.368 591 21742 D isp_tuning_custom: [Front FOV68 RA tuning][ratioMapping_frontFOV68]Sensor name: 8225
05-05 21:58:22.368 591 21742 D isp_tuning_custom: [ver0326][FOV68 RA tuning][ratioMapping_frontFOV68]RA value: 20. Iso: 530.
05-05 21:58:22.369 591 21748 I ResultPool: [convertToMetadata4AF] SEC, date.0313, check MTK_CONTROL_AF_REGIONS, array = [0, 0, 0, 0, 0], ret2(0), u1AfMode(4), ret1(1)
05-05 21:58:22.396 591 21758 I FDVT_Drv: Final: HW_NUM:0, Filter_NUM:0, SKIP_NUM:0
05-05 21:58:22.400 1030 4685 I BufferQueueProducer: [SurfaceTexture-0-1030-20088](this:0x747de7a800,id:20088,api:0,p:-1,c:1030) queueBuffer: slot 4 is dropped, handle=0x747e6d9040
05-05 21:58:22.400 591 21739 D ULog : R AppRequest:5 M[CameraDevice:187001] - :mtkcam-AppStreamMgr #519249
05-05 21:58:22.401 1030 1061 D CameraLightSensor_Service: open preview end
05-05 21:58:22.401 1030 1061 D CameraLightSensor_Service: wrong aEState value =1
05-05 21:58:22.406 591 21742 I Hal3ARaw: [220751263] Dev(2) i4FrameNum(-1) MasterIdx = 0, SlaveIdx = 0, m_bIsSkipSync3A(0) rNewParam(0,0,0)(0,0)
05-05 21:58:22.406 591 21742 I aaa_common_custom.cpp: [cust_ChangeTableByCond]Sensor_idx = 1 ,SHOOTING_MODE = 30,SceneMode = 1, fpsRange=[5-30], HalFps=[5000-30000]
05-05 21:58:22.406 591 21742 I aaa_common_custom.cpp: [cust_ChangeSceneBy3rdpartyApp]VT_MODE = 0 ,MinFps = 5000,MaxFps = 30000,SceneMode = 1
05-05 21:58:22.407 591 21742 D isp_tuning_custom: [evaluate_Shading_Ratio] In case SENSOR_MODE_FOV_68. eSensorMode is 6
05-05 21:58:22.407 591 21742 D isp_tuning_custom: [Front FOV68 RA tuning][ratioMapping_frontFOV68]Sensor name: 8225
05-05 21:58:22.407 591 21742 D isp_tuning_custom: [ver0326][FOV68 RA tuning][ratioMapping_frontFOV68]RA value: 20. Iso: 530.
05-05 21:58:22.408 591 591 D ULog : R AppRequest:10 M[CameraDevice:187001] + :mtkcam-dev3_legacy #519250
05-05 21:58:22.408 591 21748 I ResultPool: [convertToMetadata4AF] SEC, date.0313, check MTK_CONTROL_AF_REGIONS, array = [0, 0, 0, 0, 0], ret2(0), u1AfMode(4), ret1(1)
05-05 21:58:22.430 591 21758 I FDVT_Drv: Final: HW_NUM:0, Filter_NUM:0, SKIP_NUM:0
05-05 21:58:22.439 1030 4685 I BufferQueueProducer: [SurfaceTexture-0-1030-20088](this:0x747de7a800,id:20088,api:0,p:-1,c:1030) queueBuffer: slot 5 is dropped, handle=0x747e6d92c0
05-05 21:58:22.440 591 21739 D ULog : R AppRequest:6 M[CameraDevice:187001] - :mtkcam-AppStreamMgr #519251
05-05 21:58:22.441 1030 1061 D CameraLightSensor_Service: open preview end
05-05 21:58:22.441 1030 1061 D CameraLightSensor_Service: wrong aEState value =1
05-05 21:58:22.447 591 21742 I Hal3ARaw: [220751263] Dev(2) i4FrameNum(-1) MasterIdx = 0, SlaveIdx = 0, m_bIsSkipSync3A(0) rNewParam(0,0,0)(0,0)
05-05 21:58:22.447 591 21742 I aaa_common_custom.cpp: [cust_ChangeTableByCond]Sensor_idx = 1 ,SHOOTING_MODE = 30,SceneMode = 1, fpsRange=[5-30], HalFps=[5000-30000]
05-05 21:58:22.447 591 21742 I aaa_common_custom.cpp: [cust_ChangeSceneBy3rdpartyApp]VT_MODE = 0 ,MinFps = 5000,MaxFps = 30000,SceneMode = 1
05-05 21:58:22.448 591 21742 D isp_tuning_custom: [evaluate_Shading_Ratio] In case SENSOR_MODE_FOV_68. eSensorMode is 6
05-05 21:58:22.448 591 21742 D isp_tuning_custom: [Front FOV68 RA tuning][ratioMapping_frontFOV68]Sensor name: 8225
05-05 21:58:22.448 591 21742 D isp_tuning_custom: [ver0326][FOV68 RA tuning][ratioMapping_frontFOV68]RA value: 20. Iso: 530.
05-05 21:58:22.448 591 591 D ULog : R AppRequest:11 M[CameraDevice:187001] + :mtkcam-dev3_legacy #519252
05-05 21:58:22.449 591 21748 I ResultPool: [convertToMetadata4AF] SEC, date.0313, check MTK_CONTROL_AF_REGIONS, array = [0, 0, 0, 0, 0], ret2(0), u1AfMode(4), ret1(1)
05-05 21:58:22.480 1030 4685 I BufferQueueProducer: [SurfaceTexture-0-1030-20088](this:0x747de7a800,id:20088,api:0,p:-1,c:1030) queueBuffer: slot 0 is dropped, handle=0x747d61b800
05-05 21:58:22.480 591 21739 D ULog : R AppRequest:7 M[CameraDevice:187001] - :mtkcam-AppStreamMgr #519253
05-05 21:58:22.481 1030 1061 D CameraLightSensor_Service: open preview end
05-05 21:58:22.481 1030 1061 D CameraLightSensor_Service: wrong aEState value =1
05-05 21:58:22.486 591 21742 I Hal3ARaw: [220751263] Dev(2) i4FrameNum(-1) MasterIdx = 0, SlaveIdx = 0, m_bIsSkipSync3A(0) rNewParam(0,0,0)(0,0)
05-05 21:58:22.486 591 21742 I aaa_common_custom.cpp: [cust_ChangeTableByCond]Sensor_idx = 1 ,SHOOTING_MODE = 30,SceneMode = 1, fpsRange=[5-30], HalFps=[5000-30000]
05-05 21:58:22.486 591 21742 I aaa_common_custom.cpp: [cust_ChangeSceneBy3rdpartyApp]VT_MODE = 0 ,MinFps = 5000,MaxFps = 30000,SceneMode = 1
05-05 21:58:22.487 591 21742 D isp_tuning_custom: [evaluate_Shading_Ratio] In case SENSOR_MODE_FOV_68. eSensorMode is 6
05-05 21:58:22.487 591 21742 D isp_tuning_custom: [Front FOV68 RA tuning][ratioMapping_frontFOV68]Sensor name: 8225
05-05 21:58:22.487 591 21742 D isp_tuning_custom: [ver0326][FOV68 RA tuning][ratioMapping_frontFOV68]RA value: 20. Iso: 530.
05-05 21:58:22.488 591 591 D ULog : R AppRequest:12 M[CameraDevice:187001] + :mtkcam-dev3_legacy #519254
05-05 21:58:22.488 591 21748 I ResultPool: [convertToMetadata4AF] SEC, date.0313, check MTK_CONTROL_AF_REGIONS, array = [0, 0, 0, 0, 0], ret2(0), u1AfMode(4), ret1(1)
05-05 21:58:22.515 591 21758 I FDVT_Drv: Final: HW_NUM:0, Filter_NUM:0, SKIP_NUM:0
05-05 21:58:22.520 591 21739 D ULog : R AppRequest:8 M[CameraDevice:187001] - :mtkcam-AppStreamMgr #519255
05-05 21:58:22.520 1030 4685 I BufferQueueProducer: [SurfaceTexture-0-1030-20088](this:0x747de7a800,id:20088,api:0,p:-1,c:1030) queueBuffer: slot 1 is dropped, handle=0x747d61c980
05-05 21:58:22.521 1030 1061 D CameraLightSensor_Service: open preview end
05-05 21:58:22.522 1030 1061 D CameraLightSensor_Service: converged or locked aEState value =2
05-05 21:58:22.522 1030 1061 D CameraLightSensor_Service: exposure time=4.0005E7 EV= 24 BV= 332.0 aEState=2
05-05 21:58:22.522 1030 1061 D CameraLightSensor_Service: stopTask called
05-05 21:58:22.522 681 8335 D Camera3-Device: flush: mInterfaceLock.lock()
05-05 21:58:22.522 591 6437 I AVSP : AVSPHal3InterfaceEntry.cpp: AVSP_flush: 379: E
05-05 21:58:22.522 588 615 I legacy_power@2.1-impl: @Deprecated scnDisable hdl:160780
05-05 21:58:22.522 1198 1027 D CameraLightSensor_Manager: Exposure= 24.0 Brightness= 332.0 Total listeners= 1
05-05 21:58:22.523 1198 1027 D MotionRecognitionService: values = 50.0
05-05 21:58:22.523 1198 1027 D MotionRecognitionService: onReceive lux: 50.0 action:
05-05 21:58:22.523 1198 1027 D MotionRecognitionService: Inject brightness form Cam 50.0
05-05 21:58:22.523 1198 1027 D MotionRecognitionService: Inject calibrated lux
05-05 21:58:22.523 588 614 I libPowerHal: perfUserScnDisable - handle:160780
05-05 21:58:22.523 580 656 I Sensors : AutoBrightnessSensor::inject_sensor_data: cam_lux 50
05-05 21:58:22.523 588 614 I libPowerHal: 51: cpu_ctrl set freq: -1 -1 -1 -1
05-05 21:58:22.524 588 614 I libPowerHal: perfUserRegScn - i:49, hdl:151888, pid:591, tid:1047
05-05 21:58:22.524 588 614 I libPowerHal: perfUserRegScn - i:50, hdl:160781, pid:591, tid:1047
05-05 21:58:22.524 588 614 I libPowerHal: perfUserRegScn - i:51, hdl:160780, pid:591, tid:1047
05-05 21:58:22.524 588 614 I libPowerHal: perfUserRegScn - i:52, hdl:160782, pid:591, tid:1047
05-05 21:58:22.524 588 614 I libPowerHal: perfUserRegScn - i:53, hdl:160783, pid:591, tid:1047
05-05 21:58:22.524 588 615 I legacy_power@2.1-impl: scnReg hdl:160783
05-05 21:58:22.524 588 615 I legacy_power@2.1-impl: @Deprecated scnUnreg hdl:160780
05-05 21:58:22.524 591 6437 I MtkCam/ppl_context: [beginFlush] + <4Cell/1>
05-05 21:58:22.524 591 6437 I mtkcam-InFlightRequest: [abort] +
05-05 21:58:22.525 591 6437 I mtkcam-InFlightRequest: [abort] - frames:{ 12 11 10 9 } being aborted (#4 in-flight frames)
05-05 21:58:22.525 591 6437 I MtkCam/ppl_context: [kickRootNodes] [requestNo:12 frameNo:12] last frame
05-05 21:58:22.525 591 6437 I MtkCam/ppl_context: [kickRootNodes] kick 0x1 +
05-05 21:58:22.525 588 615 I legacy_power@2.1-impl: @Deprecated scnConfig hdl:160783, cmd:5, param1:1, param2:0, param3:0, param4:0
05-05 21:58:22.525 591 6437 I MtkCam/P1NodeImp: [kick] [Cam::1] cnt(1)
05-05 21:58:22.525 591 6437 I MtkCam/P1NodeImp: [kick] [Cam::1] KICK - [Num Q:13 M:13 F:11 R:11 @0][Type:1 Out:x85 Rec:x0 Raw:1 Cap:0 Exe:1 Flush:x0]
05-05 21:58:22.525 591 21739 W mtkcam-AppStreamMgr: [1-FrameHandler::operator()] [Meta Stream Buffer] Error happens... - frameNo:11 streamId:0x10000001c App:Meta:DynamicP1_main1
05-05 21:58:22.525 588 615 I legacy_power@2.1-impl: @Deprecated scnEnable hdl:160783, timeout:1000
05-05 21:58:22.525 591 6437 I MtkCam/ppl_context: [kickRootNodes] kick 0x1 - err:0
05-05 21:58:22.525 591 6437 I MtkCam/P1NodeImp: [hardwareOps_stop] [Cam::1] Cam::1 Req=13 Set=12 Enq=12 Deq=10 Out=10
05-05 21:58:22.525 588 614 I libPowerHal: perfUserScnEnable - handle:160783
05-05 21:58:22.526 591 6437 I Hal3Av3 : [stopStt]+ sensorDev(2), sensorIdx(1), mpHal3aObj(0x760f0a9200)
05-05 21:58:22.526 591 6437 I Hal3ARaw: [notifyPreStop] m_bPreStop(0)
05-05 21:58:22.526 591 6437 W ifunc_cam_buf: [_disable] WARNING: [0x0]:BUF_CTRL_AAO:disable FBC at streaming
05-05 21:58:22.526 591 6437 W ifunc_cam_buf: [_disable] WARNING: [0x0]:BUF_CTRL_PSO:disable FBC at streaming
05-05 21:58:22.526 591 6437 I afo_buf_mgr: [notifyPreStop]
05-05 21:58:22.526 591 6437 W aaa_hal_sttCtrl: [resume]
05-05 21:58:22.526 591 6437 I Hal3AFlowCtrl: [stopStt] m_fgPreStop: 1 finish !
05-05 21:58:22.526 591 6437 I Hal3Av3 : [stopStt]- sensorDev(2), sensorIdx(1), mpHal3aObj(0x760f0a9200)
05-05 21:58:22.526 588 614 I libPowerHal: 53: cpu_ctrl set freq: 1700000 -1 2000000 -1
05-05 21:58:22.527 591 21769 W TwinMgr_buf: [deque] WARNING: [deque]waitBufRdy: VF_EN=0, dma(0x1)
05-05 21:58:22.527 591 21769 W NormalPipe: [ispDequeThread] WARNING: deqThread leave:dequeResponse already stopped
05-05 21:58:22.527 591 21761 W NormalPipe: [deque] WARNING: N:1 dma:x0 deque, already stopped
05-05 21:58:22.527 591 6437 I Hal3Av3 : [stop]+ sensorDev(2), sensorIdx(1), mpHal3aObj(0x760f0a9200)
05-05 21:58:22.527 591 6437 I Hal3AFlowCtrl_thread: [clearCommandQ]+
05-05 21:58:22.527 591 6437 I Hal3AFlowCtrl_thread: [clearCommandQ]- Qsize(0)
05-05 21:58:22.527 591 6437 W aaa_hal_sttCtrl: [abortDeque]
05-05 21:58:22.527 591 21792 W sttiopipe: [dequeOutBuf] WARNING: waitBufRdy:VF_EN=0, dma(0x3)
05-05 21:58:22.527 591 6437 I afo_buf_mgr: [abortDequeue] abortDma done
05-05 21:58:22.527 591 21792 W StatisticPipe: [deque] WARNING: TG1 deque port_12:already stopped
05-05 21:58:22.527 591 21792 I aao_buf_mgr: [dequeueHwBuf] abort after sttPipe deque
05-05 21:58:22.527 591 6437 I afo_buf_mgr: [abortDequeue] +
05-05 21:58:22.527 591 6437 I afo_buf_mgr: [abortDequeue] -
05-05 21:58:22.527 591 6437 I Hal3AFlowCtrl: [flushVSirq] abortDeque done
05-05 21:58:22.528 591 21742 I Hal3AFlowCtrl_thread: [onThreadLoop] First command from P1
05-05 21:58:22.528 591 21742 I Hal3AFlowCtrl_thread: [onThreadLoop] Exit 3A thread
05-05 21:58:22.528 591 21742 I Hal3AFlowCtrl_thread: [getCommand] mCmdQCond.wait +
05-05 21:58:22.528 591 6437 I Hal3AFlowCtrl: [flushVSirq] flushVSirq done
05-05 21:58:22.528 591 6437 I Hal3AFlowCtrl_thread: [sendCommand] wait ECmd_CameraPreviewEnd
05-05 21:58:22.528 591 21742 I Hal3AFlowCtrl: [postCommand] Non-ECmd_Update, m_rParam.u4AeMode(1), m_rParam.i8ExposureTime(0), iValidateOpt(1)
05-05 21:58:22.528 591 21742 W TaskMgr : [sendEvent] TaskEvent:PreivewEnd
05-05 21:58:22.528 591 21742 W Task3APv: [destroy] +
05-05 21:58:22.528 591 21742 W Task3APv: [destroy] -
05-05 21:58:22.528 591 21742 W TaskMgr : [sendEvent] Remove Task(0)
05-05 21:58:22.528 591 21742 I Hal3AFlowCtrl: [postCommand] reset bMainFlash
05-05 21:58:22.528 591 21742 W aaa_hal_sttCtrl: [stopStt]
05-05 21:58:22.528 591 21742 I Hal3ARaw: [stop] +
05-05 21:58:22.528 591 21742 I Hal3ARaw: [stop] AE Min Max Frame Rate has been reset
05-05 21:58:22.528 591 21742 I FlickerHal: stop(): begin. m_sensorDev(2)
05-05 21:58:22.528 591 21742 I FlickerHal: detach(): count(0/1). m_sensorDev(2)
05-05 21:58:22.528 591 21742 I FlickerHal: uninit_algo(): mUsers(1). m_sensorDev(2)
05-05 21:58:22.528 591 21742 I Hal3ARaw: [stop] -
05-05 21:58:22.529 591 21742 I Hal3AFlowCtrl_thread: [onThreadLoop] SEC date.0216, post cmd(1)
05-05 21:58:22.529 591 21742 I Hal3AFlowCtrl_thread: [getCommand] mCmdQCond.wait +
05-05 21:58:22.529 591 6437 I Hal3Av3 : [stop]- sensorDev(2), sensorIdx(1), mpHal3aObj(0x760f0a9200)
05-05 21:58:22.529 591 6437 I Hal3Av3 : [notifyP1PwrOff]+ notifyP1PwrOff
05-05 21:58:22.529 591 6437 I Hal3ARaw: [notifyP1PwrOff] notifyP1PwrOff
05-05 21:58:22.529 591 6437 D CcuMgr : [ccuShutdown] +
05-05 21:58:22.529 591 6437 D CcuDrv : CcuDrv[shutdown] +:shutdown
05-05 21:58:22.531 591 6437 D CcuDrv : CcuDrv[shutdown] -:shutdown
05-05 21:58:22.531 591 6437 D CcuDrv : CcuDrv[powerOff] +:powerOff
05-05 21:58:22.531 591 6437 D CcuDrv : CcuDrv[setCcuPower] setCcuPower: setpower(0) cmd done.
05-05 21:58:22.531 591 6437 D CcuDrv : CcuDrv[powerOff] -:powerOff
05-05 21:58:22.531 591 6437 I CcuDrv : CcuDrv[RealUninit] +,m_UserCnt(1),curUser(CCU)
05-05 21:58:22.531 591 6437 D CcuDrv : CcuDrv[RealUninit] +:release thread
05-05 21:58:22.531 591 6437 D CcuDrv : CcuDrv[RealUninit] -:release thread
05-05 21:58:22.531 591 6437 D CcuDrv : CcuDrv[UnMapHwRegs] Uinit_CCU_A munmap: 0x761b75b000
05-05 21:58:22.531 591 6437 D CcuDrv : CcuDrv[UnMapHwRegs] Uinit_CCU_CAMSYS munmap: 0x761b75a000
05-05 21:58:22.531 591 6437 D CcuDrv : CcuDrv[UnMapHwRegs] Uinit_CCU_PMEM munmap: 0x761b077000
05-05 21:58:22.531 591 6437 D CcuDrv : CcuDrv[UnMapHwRegs] Uinit_CCU_DMEM munmap: 0x761b512000
05-05 21:58:22.531 591 6437 D CcuDrv : CcuDrv[RealUninit] +:release buffer
05-05 21:58:22.532 591 6437 D CcuDrv : CcuDrv[RealUninit] -:release buffer
05-05 21:58:22.533 591 6437 I CcuDrv : CcuDrv[RealUninit] CcuDrv uinitial done gracefully
05-05 21:58:22.533 591 6437 I CcuDrv : CcuDrv[RealUninit] - X. ret: 1. m_UserCnt: 0
05-05 21:58:22.533 591 6437 D CcuMgr : [ccuShutdown] -
05-05 21:58:22.533 591 6437 D CcuMgr : [ccuUninit] +
05-05 21:58:22.534 591 6437 D CcuMgr : [ccuUninit] -: CcuMgr uninitial done gracefully
05-05 21:58:22.534 591 6437 I Hal3ARaw: [notifyP1PwrOff] m_pICcuMgr->ccuUninit() and m_pICcuMgr->ccuShutdown() success return true
05-05 21:58:22.534 591 6437 I CcuMgr : [destroyInstance] +
05-05 21:58:22.534 591 6437 I CcuMgr : [_destroyCcuMgr] CcuMgr User Cnt: 0
05-05 21:58:22.534 591 6437 I CcuMgr : [destroyInstance] -
05-05 21:58:22.534 591 6437 I Hal3Av3 : [notifyP1PwrOff]-
05-05 21:58:22.534 591 6437 I Hal3Av3 : [destroyInstance] sensorIdx(1) User(P1Node)
05-05 21:58:22.534 591 6437 I Hal3Av3 : [uninit] Still 10 users
05-05 21:58:22.534 591 6437 I Hal3Av3 : [uninit] Done m_rConfigInfo.i4SubsampleCount(1), User.count(10), User uninit(P1Node)
05-05 21:58:22.534 591 6437 I Hal3Av3 : [destroyInstance] sensorIdx(1) User(LCSHal)
05-05 21:58:22.534 591 6437 I Hal3Av3 : [uninit] Still 9 users
05-05 21:58:22.534 591 6437 I Hal3Av3 : [uninit] Done m_rConfigInfo.i4SubsampleCount(1), User.count(9), User uninit(LCSHal)
05-05 21:58:22.534 591 6437 I LCSDrv : [Uninit]mSensorIdx(1) uninit
05-05 21:58:22.534 591 6437 I Hal3Av3 : [destroyInstance] sensorIdx(1) User(LCSDrv)
05-05 21:58:22.534 591 6437 I Hal3Av3 : [uninit] Still 8 users
05-05 21:58:22.534 591 6437 I Hal3Av3 : [uninit] Done m_rConfigInfo.i4SubsampleCount(1), User.count(8), User uninit(LCSDrv)
05-05 21:58:22.534 591 6437 I LMVTuning: [~LMVTuning][Cam::1]-
05-05 21:58:22.534 591 6437 I Hal3Av3 : [destroyInstance] sensorIdx(1) User(VHDRHal)
05-05 21:58:22.534 591 6437 I Hal3Av3 : [uninit] Still 7 users
05-05 21:58:22.534 591 6437 I Hal3Av3 : [uninit] Done m_rConfigInfo.i4SubsampleCount(1), User.count(7), User uninit(VHDRHal)
05-05 21:58:22.536 591 6437 I MtkCam/HwUtils/ResourceConcurrency: [release] [mP1NodeConcurrency][Client-0] free resource (15000000000ns)
05-05 21:58:22.536 591 6437 I MtkCam/HwUtils/ResourceConcurrency: [cancel] [mP1NodeConcurrency][Client-0] client-returned , state(0)
05-05 21:58:22.536 591 21739 W mtkcam-AppStreamMgr: [1-FrameHandler::operator()] [Meta Stream Buffer] Error happens... - frameNo:9 streamId:0x10000001c App:Meta:DynamicP1_main1
05-05 21:58:22.536 591 21739 W mtkcam-AppStreamMgr: [1-FrameHandler::operator()] [Meta Stream Buffer] Error happens... - frameNo:10 streamId:0x10000001c App:Meta:DynamicP1_main1
05-05 21:58:22.536 591 21765 I MtkCam/P2/MWFrame: [releaseFrameStream] P2S cam 1 MWFrame:#9 MWReq:#9, frame 0 : Node0x15 Flush FrameNo(9)
05-05 21:58:22.537 591 21765 W MtkCam/streambuf: [markUserStatus] Hal:Meta:P2:Dynamic:0x100000018:0x75f2c27ca0 producer:0x15 released w/o using -> ERROR buffer - user status:0x8:0x8
05-05 21:58:22.537 591 21765 W MtkCam/streambuf: [markUserStatus] App:Meta:DynamicP2:0x10000001f:0x75f2c25ba0 producer:0x15 released w/o using -> ERROR buffer - user status:0x8:0x8
05-05 21:58:22.537 591 21765 W MtkCam/streambuf: [markUserStatus] s0:d1:App:YCrCb_420_SP:0|HW_TEXTURE:0:0x75f9fe0380 producer:0x15 released w/o using -> ERROR buffer - user status:0x8:0x8
05-05 21:58:22.537 591 21765 W MtkCam/streambuf: [markUserStatus] Hal:Image:FD:0x100000010:0x760f077e00 producer:0x15 released w/o using -> ERROR buffer - user status:0x8:0x8
05-05 21:58:22.537 591 21739 W mtkcam-AppStreamMgr: [1-FrameHandler::operator()] [Meta Stream Buffer] Error happens... - frameNo:9 streamId:0x10000001f App:Meta:DynamicP2
05-05 21:58:22.537 591 21739 W mtkcam-AppStreamMgr: [1-FrameHandler::operator()] [Image Stream Buffer] Error happens and all users release - frameNo:9 streamId:0 s0:d1:App:YCrCb_420_SP:0|HW_TEXTURE state:IN-FLIGHT->ERROR
05-05 21:58:22.537 591 21765 W MtkCam/streambuf: [markUserStatus] App:Meta:FD:0x100000027:0x75f2c27220 producer:0x16 released w/o using -> ERROR buffer - user status:0x8:0x8
05-05 21:58:22.537 591 21739 W mtkcam-AppStreamMgr: [1-FrameHandler::updateCallback] frameNo:9 Request Error
05-05 21:58:22.537 591 21739 D ULog : R AppRequest:9 M[CameraDevice:187001] - :mtkcam-AppStreamMgr #519256
05-05 21:58:22.537 591 21739 W mtkcam-AppStreamMgr: [1-FrameHandler::updateCallback] frame 9 is removed before shutter callbacked, there MUST have error frames or meta be sent for the request
05-05 21:58:22.537 591 21765 I MtkCam/P2/MWFrame: [releaseFrameStream] P2S cam 1 MWFrame:#10 MWReq:#10, frame 0 : Node0x15 Flush FrameNo(10)
05-05 21:58:22.537 591 21739 W mtkcam-AppStreamMgr: [1-FrameHandler::updateResult] frameNo:9 is not in FrameQueue; FrameQueue: 10 11 12; ResultQueue: 9
05-05 21:58:22.537 591 21765 W MtkCam/streambuf: [markUserStatus] Hal:Meta:P2:Dynamic:0x100000018:0x75f2d2a320 producer:0x15 released w/o using -> ERROR buffer - user status:0x8:0x8
05-05 21:58:22.537 591 21765 W MtkCam/streambuf: [markUserStatus] App:Meta:DynamicP2:0x10000001f:0x75f2d298a0 producer:0x15 released w/o using -> ERROR buffer - user status:0x8:0x8
05-05 21:58:22.537 591 21765 W MtkCam/streambuf: [markUserStatus] s0:d1:App:YCrCb_420_SP:0|HW_TEXTURE:0:0x75f9fe0600 producer:0x15 released w/o using -> ERROR buffer - user status:0x8:0x8
05-05 21:58:22.537 591 21765 W MtkCam/streambuf: [markUserStatus] Hal:Image:FD:0x100000010:0x75f2b19200 producer:0x15 released w/o using -> ERROR buffer - user status:0x8:0x8
05-05 21:58:22.537 681 899 E CameraDeviceClient: notifyError: pid=1030, errorCode=3
05-05 21:58:22.538 681 899 E CameraDeviceClient: notifyError: pid=1030, skipClientNotification=false
05-05 21:58:22.538 591 21765 W MtkCam/streambuf: [markUserStatus] App:Meta:FD:0x100000027:0x75f2d29ea0 producer:0x16 released w/o using -> ERROR buffer - user status:0x8:0x8
05-05 21:58:22.538 591 21739 W mtkcam-AppStreamMgr: [1-FrameHandler::operator()] [Meta Stream Buffer] Error happens... - frameNo:10 streamId:0x10000001f App:Meta:DynamicP2
05-05 21:58:22.538 591 21739 W mtkcam-AppStreamMgr: [1-FrameHandler::operator()] [Image Stream Buffer] Error happens and all users release - frameNo:10 streamId:0 s0:d1:App:YCrCb_420_SP:0|HW_TEXTURE state:IN-FLIGHT->ERROR
05-05 21:58:22.538 591 21739 W mtkcam-AppStreamMgr: [1-FrameHandler::updateCallback] frameNo:10 Request Error
05-05 21:58:22.538 591 21739 D ULog : R AppRequest:10 M[CameraDevice:187001] - :mtkcam-AppStreamMgr #519257
05-05 21:58:22.538 591 21765 I MtkCam/P2/MWFrame: [releaseFrameStream] P2S cam 1 MWFrame:#11 MWReq:#11, frame 0 : Node0x15 Flush FrameNo(11)
05-05 21:58:22.538 591 21739 W mtkcam-AppStreamMgr: [1-FrameHandler::updateCallback] frame 10 is removed before shutter callbacked, there MUST have error frames or meta be sent for the request
05-05 21:58:22.538 591 21765 W MtkCam/streambuf: [markUserStatus] Hal:Meta:P2:Dynamic:0x100000018:0x75f2d2a920 producer:0x15 released w/o using -> ERROR buffer - user status:0x8:0x8
05-05 21:58:22.538 591 21765 W MtkCam/streambuf: [markUserStatus] App:Meta:DynamicP2:0x10000001f:0x75f2d29ba0 producer:0x15 released w/o using -> ERROR buffer - user status:0x8:0x8
05-05 21:58:22.538 591 21739 W mtkcam-AppStreamMgr: [1-FrameHandler::updateResult] frameNo:10 is not in FrameQueue; FrameQueue: 11 12; ResultQueue: 10 11
05-05 21:58:22.538 591 21765 W MtkCam/streambuf: [markUserStatus] s0:d1:App:YCrCb_420_SP:0|HW_TEXTURE:0:0x75f9fe0880 producer:0x15 released w/o using -> ERROR buffer - user status:0x8:0x8
05-05 21:58:22.538 681 899 E Camera3-OutputStream: returnBufferCheckedLocked: A frame is dropped for stream 0 due to buffer error.
05-05 21:58:22.538 591 21739 W mtkcam-AppStreamMgr: [1-FrameHandler::operator()] [Image Stream Buffer] Error happens and all users release - frameNo:11 streamId:0 s0:d1:App:YCrCb_420_SP:0|HW_TEXTURE state:IN-FLIGHT->ERROR
05-05 21:58:22.538 591 21765 W MtkCam/streambuf: [markUserStatus] Hal:Image:FD:0x100000010:0x760f077500 producer:0x15 released w/o using -> ERROR buffer - user status:0x8:0x8
05-05 21:58:22.538 591 21739 W mtkcam-AppStreamMgr: [1-FrameHandler::updateCallback] frameNo:11 Request Error
05-05 21:58:22.538 591 21739 D ULog : R AppRequest:11 M[CameraDevice:187001] - :mtkcam-AppStreamMgr #519258
05-05 21:58:22.538 1030 12342 D BufferQueueProducer: [SurfaceTexture-0-1030-20088](this:0x747de7a800,id:20088,api:0,p:-1,c:1030) cancelBuffer: slot 3
05-05 21:58:22.538 591 21765 W MtkCam/streambuf: [markUserStatus] App:Meta:FD:0x100000027:0x75f2d2a620 producer:0x16 released w/o using -> ERROR buffer - user status:0x8:0x8
05-05 21:58:22.538 591 21739 W mtkcam-AppStreamMgr: [1-FrameHandler::updateCallback] frame 11 is removed before shutter callbacked, there MUST have error frames or meta be sent for the request
05-05 21:58:22.538 591 21765 W mtkcam-AppStreamMgr: [1-ResultHandler::enqueResult] frameNo:11 existed in mResultQueue[0] - hasLastPartial:0->1
05-05 21:58:22.538 591 21739 W mtkcam-AppStreamMgr: [1-FrameHandler::updateResult] frameNo:11 is not in FrameQueue; FrameQueue: 12; ResultQueue: 11
05-05 21:58:22.538 681 899 E CameraDeviceClient: notifyError: pid=1030, errorCode=3
05-05 21:58:22.538 681 899 E CameraDeviceClient: notifyError: pid=1030, skipClientNotification=false
05-05 21:58:22.539 681 899 E CameraDeviceClient: notifyError: pid=1030, errorCode=3
05-05 21:58:22.539 681 899 E CameraDeviceClient: notifyError: pid=1030, skipClientNotification=false
05-05 21:58:22.539 591 6437 I MtkCam/P2/CaptureProcessor: [onWaitFlush] P2C cam 1: (0x75f9fded70) flush +, bgPreRelease:0
05-05 21:58:22.539 681 899 E Camera3-OutputStream: returnBufferCheckedLocked: A frame is dropped for stream 0 due to buffer error.
05-05 21:58:22.539 1030 12342 D BufferQueueProducer: [SurfaceTexture-0-1030-20088](this:0x747de7a800,id:20088,api:0,p:-1,c:1030) cancelBuffer: slot 4
05-05 21:58:22.539 591 6437 I MtkCam/P2/CaptureProcessor: [onWaitFlush] P2C cam 1: flush -
05-05 21:58:22.539 591 6437 I MtkCam/ppl_context: [beginFlush] - <4Cell/1>
05-05 21:58:22.539 681 899 E Camera3-OutputStream: returnBufferCheckedLocked: A frame is dropped for stream 0 due to buffer error.
05-05 21:58:22.539 1030 12342 D BufferQueueProducer: [SurfaceTexture-0-1030-20088](this:0x747de7a800,id:20088,api:0,p:-1,c:1030) cancelBuffer: slot 5
05-05 21:58:22.555 591 591 W MtkCam/streambuf: [markUserStatus] Hal:Meta:P1:Dynamic_main1:0x100000015:0x75f2d2b9a0 producer:0x1 released w/o using -> ERROR buffer - user status:0x8:0x8
05-05 21:58:22.555 591 591 W MtkCam/streambuf: [markUserStatus] App:Meta:DynamicP1_main1:0x10000001c:0x75f2d2b220 producer:0x1 released w/o using -> ERROR buffer - user status:0x8:0x8
05-05 21:58:22.555 591 591 W MtkCam/streambuf: [markUserStatus] Hal:Image:P1:Resizeraw_main1:0x100000002:0x75f2b42800 producer:0x1 released w/o using -> ERROR buffer - user status:0x8:0x8
05-05 21:58:22.556 591 591 W MtkCam/streambuf: [markUserStatus] Hal:Image:STT_main1:0x100000003:0x7603986500 producer:0x1 released w/o using -> ERROR buffer - user status:0x8:0x8
05-05 21:58:22.556 591 21739 W mtkcam-AppStreamMgr: [1-FrameHandler::operator()] [Meta Stream Buffer] Error happens... - frameNo:12 streamId:0x10000001c App:Meta:DynamicP1_main1
05-05 21:58:22.556 591 591 I MtkCam/P2/MWFrame: [releaseFrameStream] P2S cam 1 MWFrame:#12 MWReq:#12, frame 0 : Node0x15 Flush FrameNo(12)
05-05 21:58:22.556 591 591 W MtkCam/streambuf: [markUserStatus] Hal:Meta:P2:Dynamic:0x100000018:0x75f2d2bb20 producer:0x15 released w/o using -> ERROR buffer - user status:0x8:0x8
05-05 21:58:22.556 591 591 W MtkCam/streambuf: [markUserStatus] App:Meta:DynamicP2:0x10000001f:0x75f2d2b3a0 producer:0x15 released w/o using -> ERROR buffer - user status:0x8:0x8
05-05 21:58:22.556 591 591 W MtkCam/streambuf: [markUserStatus] s0:d1:App:YCrCb_420_SP:0|HW_TEXTURE:0:0x75f9fde080 producer:0x15 released w/o using -> ERROR buffer - user status:0x8:0x8
05-05 21:58:22.556 591 591 W MtkCam/streambuf: [markUserStatus] Hal:Image:FD:0x100000010:0x760f077800 producer:0x15 released w/o using -> ERROR buffer - user status:0x8:0x8
05-05 21:58:22.556 591 591 W MtkCam/streambuf: [markUserStatus] App:Meta:FD:0x100000027:0x75f2d2b820 producer:0x16 released w/o using -> ERROR buffer - user status:0x8:0x8
05-05 21:58:22.556 591 21739 W mtkcam-AppStreamMgr: [1-FrameHandler::operator()] [Meta Stream Buffer] Error happens... - frameNo:12 streamId:0x10000001f App:Meta:DynamicP2
05-05 21:58:22.556 591 21739 W mtkcam-AppStreamMgr: [1-FrameHandler::operator()] [Image Stream Buffer] Error happens and all users release - frameNo:12 streamId:0 s0:d1:App:YCrCb_420_SP:0|HW_TEXTURE state:IN-FLIGHT->ERROR
05-05 21:58:22.556 591 21739 W mtkcam-AppStreamMgr: [1-FrameHandler::updateCallback] frameNo:12 Request Error
05-05 21:58:22.556 591 21739 D ULog : R AppRequest:12 M[CameraDevice:187001] - :mtkcam-AppStreamMgr #519259
05-05 21:58:22.556 591 21739 W mtkcam-AppStreamMgr: [1-FrameHandler::updateCallback] frame 12 is removed before shutter callbacked, there MUST have error frames or meta be sent for the request
05-05 21:58:22.557 681 899 E CameraDeviceClient: notifyError: pid=1030, errorCode=3
05-05 21:58:22.557 681 899 E CameraDeviceClient: notifyError: pid=1030, skipClientNotification=false
05-05 21:58:22.557 681 899 E Camera3-OutputStream: returnBufferCheckedLocked: A frame is dropped for stream 0 due to buffer error.
05-05 21:58:22.557 1030 12342 D BufferQueueProducer: [SurfaceTexture-0-1030-20088](this:0x747de7a800,id:20088,api:0,p:-1,c:1030) cancelBuffer: slot 0
05-05 21:58:22.557 681 899 I Camera3-Status: markComponent: Component 2 is now idle - streamId = 0, format = 34, width = 176, height = 144, option = 0
05-05 21:58:22.557 681 899 I Camera3-Status: markComponent: Component 0 is now idle - InFlightStatus
05-05 21:58:22.558 591 6437 I MtkCam/ppl_context: [endFlush] + <4Cell/1>
05-05 21:58:22.558 591 6437 I mtkcam-InFlightRequest: [waitUntilDrained] +
05-05 21:58:22.558 591 6437 I mtkcam-InFlightRequest: [waitUntilDrained] -
05-05 21:58:22.558 591 6437 I MtkCam/ppl_context: [endFlush] - <4Cell/1>
05-05 21:58:22.558 591 6437 I mtkcam-PreReleaseRequest: [dump] ========== dump PreReleaseRequestMgr ===========
05-05 21:58:22.558 591 6437 I mtkcam-PreReleaseRequest: [dump] ========== dump InFlightRequests(0) ============
05-05 21:58:22.558 591 6437 I mtkcam-PreReleaseRequest: [dump] ========== dump PendingRequests(0) ============
05-05 21:58:22.558 591 6437 I mtkcam-dev3_legacy: [1-session::tryRunCommandLocked] Run command onFlushLocked -
05-05 21:58:22.558 591 6437 I AVSP : AVSPHal3InterfaceEntry.cpp: AVSP_flush: 397: (0) X
05-05 21:58:22.558 681 8335 D Camera3-Device: flush: mInterfaceLock.unlock()
05-05 21:58:22.558 681 9356 E CameraDeviceClient: Disconnect from CameraDeviceClient
05-05 21:58:22.558 681 9356 D CameraDeviceClient: disconnect:stop IT Policy checking thread
05-05 21:58:22.559 681 9356 E Camera2-FrameProcessorBase: removeListener:
05-05 21:58:22.562 681 9356 D Camera3-Device: flush: mInterfaceLock.lock()
05-05 21:58:22.562 681 21745 I Camera3-Status: markComponent: Component 1 is now idle - RequestThread
05-05 21:58:22.562 681 21744 I CameraService: updateProxyDeviceState: notifyCameraState for Camera ID 1, newState 2, facing 1, clientName com.samsung.adaptivebrightnessgo, apiLevel 2
05-05 21:58:22.562 591 591 I AVSP : AVSPHal3InterfaceEntry.cpp: AVSP_flush: 379: E
05-05 21:58:22.562 588 615 I legacy_power@2.1-impl: @Deprecated scnDisable hdl:160783
05-05 21:58:22.562 7710 3023 I CameraManagerGlobal: Camera 1 facing CAMERA_FACING_FRONT state now CAMERA_STATE_IDLE for client com.samsung.adaptivebrightnessgo API Level 2
05-05 21:58:22.562 9371 9398 I CameraManagerGlobal: Camera 1 facing CAMERA_FACING_FRONT state now CAMERA_STATE_IDLE for client com.samsung.adaptivebrightnessgo API Level 2
05-05 21:58:22.562 588 614 I libPowerHal: perfUserScnDisable - handle:160783
05-05 21:58:22.562 1030 12342 I CameraManagerGlobal: Camera 1 facing CAMERA_FACING_FRONT state now CAMERA_STATE_IDLE for client com.samsung.adaptivebrightnessgo API Level 2
05-05 21:58:22.563 588 614 I libPowerHal: 53: cpu_ctrl set freq: -1 -1 -1 -1
05-05 21:58:22.563 588 614 I libPowerHal: perfUserRegScn - i:49, hdl:151888, pid:591, tid:1047
05-05 21:58:22.564 588 614 I libPowerHal: perfUserRegScn - i:50, hdl:160781, pid:591, tid:1047
05-05 21:58:22.564 588 614 I libPowerHal: perfUserRegScn - i:51, hdl:160784, pid:591, tid:1047
05-05 21:58:22.564 588 614 I libPowerHal: perfUserRegScn - i:52, hdl:160782, pid:591, tid:1047
05-05 21:58:22.564 588 614 I libPowerHal: perfUserRegScn - i:53, hdl:160783, pid:591, tid:1047
05-05 21:58:22.564 588 615 I legacy_power@2.1-impl: scnReg hdl:160784
05-05 21:58:22.564 588 615 I legacy_power@2.1-impl: @Deprecated scnUnreg hdl:160783
05-05 21:58:22.564 588 615 I legacy_power@2.1-impl: @Deprecated scnConfig hdl:160784, cmd:5, param1:1, param2:0, param3:0, param4:0
05-05 21:58:22.564 588 615 I legacy_power@2.1-impl: @Deprecated scnEnable hdl:160784, timeout:1000
05-05 21:58:22.565 588 614 I libPowerHal: perfUserScnEnable - handle:160784
05-05 21:58:22.565 588 614 I libPowerHal: 51: cpu_ctrl set freq: 1700000 -1 2000000 -1
05-05 21:58:22.565 591 591 I MtkCam/ppl_context: [beginFlush] + <4Cell/1>
05-05 21:58:22.565 591 591 I mtkcam-InFlightRequest: [abort] +
05-05 21:58:22.565 591 591 I mtkcam-InFlightRequest: [abort] - frames:{ } being aborted (#0 in-flight frames)
05-05 21:58:22.565 591 591 I MtkCam/ppl_context: [kickRootNodes] kick 0x1 +
05-05 21:58:22.565 591 591 I MtkCam/ppl_context: [kickRootNodes] kick 0x1 - err:0
05-05 21:58:22.566 591 591 I MtkCam/P2/CaptureProcessor: [onWaitFlush] P2C cam 1: (0x75f9fded70) flush +, bgPreRelease:0
05-05 21:58:22.566 591 591 I MtkCam/P2/CaptureProcessor: [onWaitFlush] P2C cam 1: flush -
05-05 21:58:22.566 591 591 I MtkCam/ppl_context: [beginFlush] - <4Cell/1>
05-05 21:58:22.566 591 591 I MtkCam/ppl_context: [endFlush] + <4Cell/1>
05-05 21:58:22.566 591 591 I mtkcam-InFlightRequest: [waitUntilDrained] +
05-05 21:58:22.566 591 591 I mtkcam-InFlightRequest: [waitUntilDrained] -
05-05 21:58:22.566 591 591 I MtkCam/ppl_context: [endFlush] - <4Cell/1>
05-05 21:58:22.566 591 591 I mtkcam-PreReleaseRequest: [dump] ========== dump PreReleaseRequestMgr ===========
05-05 21:58:22.566 591 591 I mtkcam-PreReleaseRequest: [dump] ========== dump InFlightRequests(0) ============
05-05 21:58:22.566 591 591 I mtkcam-PreReleaseRequest: [dump] ========== dump PendingRequests(0) ============
05-05 21:58:22.566 591 591 I mtkcam-dev3_legacy: [1-session::tryRunCommandLocked] Run command onFlushLocked -
05-05 21:58:22.566 591 591 I AVSP : AVSPHal3InterfaceEntry.cpp: AVSP_flush: 397: (0) X
05-05 21:58:22.566 681 9356 D Camera3-Device: flush: mInterfaceLock.unlock()
05-05 21:58:22.567 681 9356 D Camera3-Device: waitUntilDrained: mInterfaceLock.unlock()
05-05 21:58:22.567 681 9356 I Camera3-Device: disconnectImpl: E
05-05 21:58:22.567 681 9356 D Camera3-Device: disconnectImpl: mInterfaceLock.lock()
05-05 21:58:22.567 681 9356 I CameraLatencyHistogram: ProcessCaptureRequest latency histogram (13) samples:
05-05 21:58:22.567 681 9356 I CameraLatencyHistogram: 40 80 120 160 200 240 280 320 360 inf (max ms)
05-05 21:58:22.567 681 9356 I CameraLatencyHistogram: 76.92 15.38 7.69 0.00 0.00 0.00 0.00 0.00 0.00 0.00 (%)
05-05 21:58:22.567 681 9356 D Camera3-Device: disconnectImpl: mInterfaceLock.unlock()
05-05 21:58:22.567 681 9356 D Camera3-Device: disconnectImpl: mInterfaceLock.lock()
05-05 21:58:22.567 681 9356 D Camera3-Device: CameraPerf: close E
05-05 21:58:22.567 591 591 I AVSP : AVSPHal3InterfaceEntry.cpp: AVSP_close_camera_hardware: 454: E
05-05 21:58:22.567 591 591 I mtkcam-dev3_legacy: [1-session::i_uninitialize] +
05-05 21:58:22.567 591 591 I MtkCam/ppl_context: [beginFlush] + <4Cell/1>
05-05 21:58:22.567 591 591 I mtkcam-InFlightRequest: [abort] +
05-05 21:58:22.567 591 591 I mtkcam-InFlightRequest: [abort] - frames:{ } being aborted (#0 in-flight frames)
05-05 21:58:22.567 591 591 I MtkCam/ppl_context: [kickRootNodes] kick 0x1 +
05-05 21:58:22.567 591 591 I MtkCam/ppl_context: [kickRootNodes] kick 0x1 - err:0
05-05 21:58:22.568 591 591 I MtkCam/P2/CaptureProcessor: [onWaitFlush] P2C cam 1: (0x75f9fded70) flush +, bgPreRelease:0
05-05 21:58:22.568 591 591 I MtkCam/P2/CaptureProcessor: [onWaitFlush] P2C cam 1: flush -
05-05 21:58:22.568 591 591 I MtkCam/ppl_context: [beginFlush] - <4Cell/1>
05-05 21:58:22.568 591 591 I MtkCam/ppl_context: [endFlush] + <4Cell/1>
05-05 21:58:22.568 591 591 I mtkcam-InFlightRequest: [waitUntilDrained] +
05-05 21:58:22.568 591 591 I mtkcam-InFlightRequest: [waitUntilDrained] -
05-05 21:58:22.568 591 591 I MtkCam/ppl_context: [endFlush] - <4Cell/1>
05-05 21:58:22.568 591 591 I mtkcam-PreReleaseRequest: [dump] ========== dump PreReleaseRequestMgr ===========
05-05 21:58:22.568 591 591 I mtkcam-PreReleaseRequest: [dump] ========== dump InFlightRequests(0) ============
05-05 21:58:22.568 591 591 I mtkcam-PreReleaseRequest: [dump] ========== dump PendingRequests(0) ============
05-05 21:58:22.568 591 591 E BWC : MTK_IOC_SMI_BWC_INFO_GET failed.:Not a typewriter
05-05 21:58:22.569 591 591 E BWC : MTK_IOC_SMI_BWC_INFO_SET failed.:Not a typewriter
