05-05 21:58:10.559 591 21489 I ResultPool: [convertToMetadata4AF] SEC, date.0313, check MTK_CONTROL_AF_REGIONS, array = [0, 0, 0, 0, 0], ret2(0), u1AfMode(4), ret1(1)
05-05 21:58:10.584 591 21534 I FlickerHal: update(): skip, not enough frame(2).
05-05 21:58:10.596 591 21483 I Hal3AFlowCtrl_thread: [onThreadLoop] First command from P1
05-05 21:58:10.596 591 21483 I Hal3ARaw: [220751263] Dev(2) i4FrameNum(-1) MasterIdx = 0, SlaveIdx = 0, m_bIsSkipSync3A(0) rNewParam(0,0,0)(0,0)
05-05 21:58:10.597 591 21483 I aaa_common_custom.cpp: [cust_ChangeTableByCond]Sensor_idx = 1 ,SHOOTING_MODE = 30,SceneMode = 1, fpsRange=[5-30], HalFps=[5000-30000]
05-05 21:58:10.597 591 21483 I aaa_common_custom.cpp: [cust_ChangeSceneBy3rdpartyApp]VT_MODE = 0 ,MinFps = 5000,MaxFps = 30000,SceneMode = 1
05-05 21:58:10.597 591 21483 E aao_buf_mgr: [updateInfo] pAEResult is NULL, set mi4EvComp as default value
05-05 21:58:10.597 591 21483 E aao_buf_mgr: (updateInfo){#597:vendor/mediatek/proprietary/hardware/mtkcam/aaa/source/isp_40/buf_mgr/AAOBufMgr.cpp}
05-05 21:58:10.597 591 21483 E aao_buf_mgr: [updateInfo] Failed to get FLASHResult for MagicNum(1)
05-05 21:58:10.597 591 21483 E aao_buf_mgr: (updateInfo){#606:vendor/mediatek/proprietary/hardware/mtkcam/aaa/source/isp_40/buf_mgr/AAOBufMgr.cpp}
05-05 21:58:10.597 591 21483 W ResultPool: [getAllResult]- Index is illegal value(-1)
05-05 21:58:10.598 591 21483 D isp_tuning_custom: [evaluate_Shading_Ratio] In case SENSOR_MODE_FOV_68. eSensorMode is 6
05-05 21:58:10.598 591 21483 D isp_tuning_custom: [Front FOV68 RA tuning][ratioMapping_frontFOV68]Sensor name: 8225
05-05 21:58:10.598 591 21483 D isp_tuning_custom: [ver0326][FOV68 RA tuning][ratioMapping_frontFOV68]RA value: 20. Iso: 524.
05-05 21:58:10.599 591 21489 I ResultPool: [convertToMetadata4AF] SEC, date.0313, check MTK_CONTROL_AF_REGIONS, array = [0, 0, 0, 0, 0], ret2(0), u1AfMode(4), ret1(1)
05-05 21:58:10.600 591 6437 D ULog : R AppRequest:3 M[CameraDevice:187001] + :mtkcam-dev3_legacy #519181
05-05 21:58:10.636 591 21483 I Hal3ARaw: [220751263] Dev(2) i4FrameNum(-1) MasterIdx = 0, SlaveIdx = 0, m_bIsSkipSync3A(0) rNewParam(0,0,0)(0,0)
05-05 21:58:10.636 591 21483 I aaa_common_custom.cpp: [cust_ChangeTableByCond]Sensor_idx = 1 ,SHOOTING_MODE = 30,SceneMode = 1, fpsRange=[5-30], HalFps=[5000-30000]
05-05 21:58:10.636 591 21483 I aaa_common_custom.cpp: [cust_ChangeSceneBy3rdpartyApp]VT_MODE = 0 ,MinFps = 5000,MaxFps = 30000,SceneMode = 1
05-05 21:58:10.637 591 21483 E aao_buf_mgr: [updateInfo] pAEResult is NULL, set mi4EvComp as default value
05-05 21:58:10.637 591 21483 E aao_buf_mgr: (updateInfo){#597:vendor/mediatek/proprietary/hardware/mtkcam/aaa/source/isp_40/buf_mgr/AAOBufMgr.cpp}
05-05 21:58:10.637 591 21483 E aao_buf_mgr: [updateInfo] Failed to get FLASHResult for MagicNum(1)
05-05 21:58:10.637 591 21483 E aao_buf_mgr: (updateInfo){#606:vendor/mediatek/proprietary/hardware/mtkcam/aaa/source/isp_40/buf_mgr/AAOBufMgr.cpp}
05-05 21:58:10.637 591 21483 W ResultPool: [getAllResult]- Index is illegal value(-1)
05-05 21:58:10.638 591 21483 D isp_tuning_custom: [evaluate_Shading_Ratio] In case SENSOR_MODE_FOV_68. eSensorMode is 6
05-05 21:58:10.638 591 21483 D isp_tuning_custom: [Front FOV68 RA tuning][ratioMapping_frontFOV68]Sensor name: 8225
05-05 21:58:10.638 591 21483 D isp_tuning_custom: [ver0326][FOV68 RA tuning][ratioMapping_frontFOV68]RA value: 20. Iso: 524.
05-05 21:58:10.638 591 21489 I ResultPool: [convertToMetadata4AF] SEC, date.0313, check MTK_CONTROL_AF_REGIONS, array = [0, 0, 0, 0, 0], ret2(0), u1AfMode(4), ret1(1)
05-05 21:58:10.640 591 6437 D ULog : R AppRequest:4 M[CameraDevice:187001] + :mtkcam-dev3_legacy #519182
05-05 21:58:10.643 1198 1027 D MotionRecognitionService: values = 50.0
05-05 21:58:10.643 1198 1027 D MotionRecognitionService: onReceive lux: 50.0 action:
05-05 21:58:10.643 1198 1027 D MotionRecognitionService: Inject brightness form Cam 50.0
05-05 21:58:10.643 1198 1027 D MotionRecognitionService: Inject calibrated lux
05-05 21:58:10.644 580 580 I Sensors : AutoBrightnessSensor::inject_sensor_data: cam_lux 50
05-05 21:58:10.666 681 899 I CameraService: updateProxyDeviceState: notifyCameraState for Camera ID 1, newState 1, facing 1, clientName com.samsung.adaptivebrightnessgo, apiLevel 2
05-05 21:58:10.666 7710 2917 I CameraManagerGlobal: Camera 1 facing CAMERA_FACING_FRONT state now CAMERA_STATE_ACTIVE for client com.samsung.adaptivebrightnessgo API Level 2
05-05 21:58:10.666 9371 9597 I CameraManagerGlobal: Camera 1 facing CAMERA_FACING_FRONT state now CAMERA_STATE_ACTIVE for client com.samsung.adaptivebrightnessgo API Level 2
05-05 21:58:10.666 1030 4685 I CameraManagerGlobal: Camera 1 facing CAMERA_FACING_FRONT state now CAMERA_STATE_ACTIVE for client com.samsung.adaptivebrightnessgo API Level 2
05-05 21:58:10.667 591 21512 W MtkCam/StreamingPipe/P2A_3DNR: [prepare3DNR]3dnr->do3dnrFlow failed
05-05 21:58:10.673 591 21503 I FDVT_Drv: FDVT_Init, HW FD Open CLK
05-05 21:58:10.673 591 21480 D ULog : R AppRequest:0 M[CameraDevice:187001] - :mtkcam-AppStreamMgr #519183
05-05 21:58:10.673 681 899 D Camera3-OutputStream: returnBufferCheckedLocked: First frame for stream 0, width 176, height 144, format 34
05-05 21:58:10.674 591 21479 I SehCamDevSession@4.0-impl: [CAMKPI] camera3->process_capture_result : E
05-05 21:58:10.675 591 21479 I SehCamDevSession@4.0-impl: [CAMKPI] camera3->process_capture_result : X
05-05 21:58:10.675 591 21503 D AppFDFT_SW: isSecureFD is 0
05-05 21:58:10.675 591 21503 D utilMetCtrl: MET TAG is Disabled
05-05 21:58:10.675 591 21503 D AppFDFT_SW: [AppFDFT_SW] MajorFaceDecision: 1 (->1) SortTrigger: 0
05-05 21:58:10.675 591 21503 D AppFDFT_SW: [AppFDFT_SW]OTds: 2, OTtype: 1
05-05 21:58:10.675 591 21503 D AppFDFT_SW: [AppFDFT_SW]fd model value is 2
05-05 21:58:10.676 1030 1061 D CameraLightSensor_Service: open preview end
05-05 21:58:10.676 591 21503 D FD_CORE : [ERROR] Fd model only support 0/1 !!!
05-05 21:58:10.676 591 21503 D FD_CORE : model set to 0
05-05 21:58:10.676 591 21503 D AppFDFT_SW: SetSmoothingPara 1
05-05 21:58:10.676 591 21503 D AppFDFT_SW: [AppFDFT_SW]SmoothMode: 0, RoundXYPercent: 4, RoundSZPercent: 2
05-05 21:58:10.676 591 21503 D AppFDFT_SW: SetSmoothingPara 2
05-05 21:58:10.676 591 21503 D AppFDFT_SW: [AppFDFT_SW]SmoothMode: 0, RoundXYPercent: 4, RoundSZPercent: 2
05-05 21:58:10.676 591 21503 D AppFDFT_SW: [AppFDFT_SW]ModelVersion: 102, NewFaceReliabilityThreshold: 1800, NewFaceFrameCountSpec: 2
05-05 21:58:10.676 591 21503 D AppFDFT_SW: [AppFDFT_SW]FRAME_COUNT_TH: 3, MAX_TRACK_COUNT: 10, SilentModeFDSkipNum: 0, HistUpdateSkipNum: 1
05-05 21:58:10.676 591 21483 I Hal3ARaw: [220751263] Dev(2) i4FrameNum(-1) MasterIdx = 0, SlaveIdx = 0, m_bIsSkipSync3A(0) rNewParam(0,0,0)(0,0)
05-05 21:58:10.677 591 21483 I aaa_common_custom.cpp: [cust_ChangeTableByCond]Sensor_idx = 1 ,SHOOTING_MODE = 30,SceneMode = 1, fpsRange=[5-30], HalFps=[5000-30000]
05-05 21:58:10.677 591 21483 I aaa_common_custom.cpp: [cust_ChangeSceneBy3rdpartyApp]VT_MODE = 0 ,MinFps = 5000,MaxFps = 30000,SceneMode = 1
05-05 21:58:10.677 591 21503 I MtkCam/fdNodeImp: [RunFaceDetection] check FD frame timestamp : 3058601871402000
05-05 21:58:10.677 591 21503 I MtkCam/fdNodeImp: [RunFaceDetection] check FD count : 0, duration : 0
05-05 21:58:10.678 591 21483 D isp_tuning_custom: [evaluate_Shading_Ratio] In case SENSOR_MODE_FOV_68. eSensorMode is 6
05-05 21:58:10.678 591 21483 D isp_tuning_custom: [Front FOV68 RA tuning][ratioMapping_frontFOV68]Sensor name: 8225
05-05 21:58:10.678 591 21483 D isp_tuning_custom: [ver0326][FOV68 RA tuning][ratioMapping_frontFOV68]RA value: 20. Iso: 524.
05-05 21:58:10.679 591 6437 D ULog : R AppRequest:5 M[CameraDevice:187001] + :mtkcam-dev3_legacy #519184
05-05 21:58:10.679 591 21489 I ResultPool: [convertToMetadata4AF] SEC, date.0313, check MTK_CONTROL_AF_REGIONS, array = [0, 0, 0, 0, 0], ret2(0), u1AfMode(4), ret1(1)
05-05 21:58:10.697 574 574 I hwcomposer: [HWCDisplay] [Display_0 (type:1)] fps:6.275108,dur:3027.84,max:2158.41,min:15.93
05-05 21:58:10.710 1030 4685 I BufferQueueProducer: [SurfaceTexture-0-1030-20086](this:0x747df7d800,id:20086,api:0,p:-1,c:1030) queueBuffer: slot 0 is dropped, handle=0x7473677200
05-05 21:58:10.710 591 21480 D ULog : R AppRequest:1 M[CameraDevice:187001] - :mtkcam-AppStreamMgr #519185
05-05 21:58:10.712 1030 1061 D CameraLightSensor_Service: open preview end
05-05 21:58:10.716 591 21483 I Hal3ARaw: [220751263] Dev(2) i4FrameNum(-1) MasterIdx = 0, SlaveIdx = 0, m_bIsSkipSync3A(0) rNewParam(0,0,0)(0,0)
05-05 21:58:10.716 591 21483 I aaa_common_custom.cpp: [cust_ChangeTableByCond]Sensor_idx = 1 ,SHOOTING_MODE = 30,SceneMode = 1, fpsRange=[5-30], HalFps=[5000-30000]
05-05 21:58:10.716 591 21483 I aaa_common_custom.cpp: [cust_ChangeSceneBy3rdpartyApp]VT_MODE = 0 ,MinFps = 5000,MaxFps = 30000,SceneMode = 1
05-05 21:58:10.717 591 21483 D isp_tuning_custom: [evaluate_Shading_Ratio] In case SENSOR_MODE_FOV_68. eSensorMode is 6
05-05 21:58:10.717 591 21483 D isp_tuning_custom: [Front FOV68 RA tuning][ratioMapping_frontFOV68]Sensor name: 8225
05-05 21:58:10.717 591 21483 D isp_tuning_custom: [ver0326][FOV68 RA tuning][ratioMapping_frontFOV68]RA value: 20. Iso: 529.
05-05 21:58:10.718 591 6437 D ULog : R AppRequest:6 M[CameraDevice:187001] + :mtkcam-dev3_legacy #519186
05-05 21:58:10.718 591 21503 I FDVT_Drv: Final: HW_NUM:0, Filter_NUM:0, SKIP_NUM:0
05-05 21:58:10.718 591 21489 I ResultPool: [convertToMetadata4AF] SEC, date.0313, check MTK_CONTROL_AF_REGIONS, array = [0, 0, 0, 0, 0], ret2(0), u1AfMode(4), ret1(1)
05-05 21:58:10.750 1030 4685 I BufferQueueProducer: [SurfaceTexture-0-1030-20086](this:0x747df7d800,id:20086,api:0,p:-1,c:1030) queueBuffer: slot 1 is dropped, handle=0x7472fdc5c0
05-05 21:58:10.750 591 21480 D ULog : R AppRequest:2 M[CameraDevice:187001] - :mtkcam-AppStreamMgr #519187
05-05 21:58:10.752 1030 1061 D CameraLightSensor_Service: open preview end
05-05 21:58:10.752 1030 1061 D CameraLightSensor_Service: wrong aEState value =1
05-05 21:58:10.756 591 21483 I Hal3ARaw: [220751263] Dev(2) i4FrameNum(-1) MasterIdx = 0, SlaveIdx = 0, m_bIsSkipSync3A(0) rNewParam(0,0,0)(0,0)
05-05 21:58:10.756 591 21483 I aaa_common_custom.cpp: [cust_ChangeTableByCond]Sensor_idx = 1 ,SHOOTING_MODE = 30,SceneMode = 1, fpsRange=[5-30], HalFps=[5000-30000]
05-05 21:58:10.757 591 21483 I aaa_common_custom.cpp: [cust_ChangeSceneBy3rdpartyApp]VT_MODE = 0 ,MinFps = 5000,MaxFps = 30000,SceneMode = 1
05-05 21:58:10.757 591 21483 D isp_tuning_custom: [evaluate_Shading_Ratio] In case SENSOR_MODE_FOV_68. eSensorMode is 6
05-05 21:58:10.757 591 21483 D isp_tuning_custom: [Front FOV68 RA tuning][ratioMapping_frontFOV68]Sensor name: 8225
05-05 21:58:10.758 591 21483 D isp_tuning_custom: [ver0326][FOV68 RA tuning][ratioMapping_frontFOV68]RA value: 20. Iso: 532.
05-05 21:58:10.758 591 6437 D ULog : R AppRequest:7 M[CameraDevice:187001] + :mtkcam-dev3_legacy #519188
05-05 21:58:10.758 591 21489 I ResultPool: [convertToMetadata4AF] SEC, date.0313, check MTK_CONTROL_AF_REGIONS, array = [0, 0, 0, 0, 0], ret2(0), u1AfMode(4), ret1(1)
05-05 21:58:10.773 8228 8228 I io_stats: !@ 179,0 r 24141054 569584517 w 12035367 392005056 d 452814 302849084 f 6307842 7850418 iot 16618668 15985877 th 51200 51200 43736 pt 35856 inp 0 0 3058602.008
05-05 21:58:10.783 591 21503 I FDVT_Drv: Final: HW_NUM:0, Filter_NUM:0, SKIP_NUM:0
05-05 21:58:10.790 1030 4685 I BufferQueueProducer: [SurfaceTexture-0-1030-20086](this:0x747df7d800,id:20086,api:0,p:-1,c:1030) queueBuffer: slot 2 is dropped, handle=0x7473674780
05-05 21:58:10.790 591 21480 D ULog : R AppRequest:3 M[CameraDevice:187001] - :mtkcam-AppStreamMgr #519189
05-05 21:58:10.791 1030 1061 D CameraLightSensor_Service: open preview end
05-05 21:58:10.791 1030 1061 D CameraLightSensor_Service: wrong aEState value =1
05-05 21:58:10.797 591 21483 I Hal3ARaw: [220751263] Dev(2) i4FrameNum(-1) MasterIdx = 0, SlaveIdx = 0, m_bIsSkipSync3A(0) rNewParam(0,0,0)(0,0)
05-05 21:58:10.797 591 21483 I aaa_common_custom.cpp: [cust_ChangeTableByCond]Sensor_idx = 1 ,SHOOTING_MODE = 30,SceneMode = 1, fpsRange=[5-30], HalFps=[5000-30000]
05-05 21:58:10.797 591 21483 I aaa_common_custom.cpp: [cust_ChangeSceneBy3rdpartyApp]VT_MODE = 0 ,MinFps = 5000,MaxFps = 30000,SceneMode = 1
05-05 21:58:10.798 591 21483 D isp_tuning_custom: [evaluate_Shading_Ratio] In case SENSOR_MODE_FOV_68. eSensorMode is 6
05-05 21:58:10.798 591 21483 D isp_tuning_custom: [Front FOV68 RA tuning][ratioMapping_frontFOV68]Sensor name: 8225
05-05 21:58:10.798 591 21483 D isp_tuning_custom: [ver0326][FOV68 RA tuning][ratioMapping_frontFOV68]RA value: 20. Iso: 532.
05-05 21:58:10.799 591 6437 D ULog : R AppRequest:8 M[CameraDevice:187001] + :mtkcam-dev3_legacy #519190
05-05 21:58:10.799 591 21489 I ResultPool: [convertToMetadata4AF] SEC, date.0313, check MTK_CONTROL_AF_REGIONS, array = [0, 0, 0, 0, 0], ret2(0), u1AfMode(4), ret1(1)
05-05 21:58:10.831 1030 4685 I BufferQueueProducer: [SurfaceTexture-0-1030-20086](this:0x747df7d800,id:20086,api:0,p:-1,c:1030) queueBuffer: slot 3 is dropped, handle=0x74736757c0
05-05 21:58:10.831 591 21480 D ULog : R AppRequest:4 M[CameraDevice:187001] - :mtkcam-AppStreamMgr #519191
05-05 21:58:10.832 1030 1061 D CameraLightSensor_Service: open preview end
05-05 21:58:10.832 1030 1061 D CameraLightSensor_Service: wrong aEState value =1
05-05 21:58:10.837 591 21483 I Hal3ARaw: [220751263] Dev(2) i4FrameNum(-1) MasterIdx = 0, SlaveIdx = 0, m_bIsSkipSync3A(0) rNewParam(0,0,0)(0,0)
05-05 21:58:10.837 591 21483 I aaa_common_custom.cpp: [cust_ChangeTableByCond]Sensor_idx = 1 ,SHOOTING_MODE = 30,SceneMode = 1, fpsRange=[5-30], HalFps=[5000-30000]
05-05 21:58:10.837 591 21483 I aaa_common_custom.cpp: [cust_ChangeSceneBy3rdpartyApp]VT_MODE = 0 ,MinFps = 5000,MaxFps = 30000,SceneMode = 1
05-05 21:58:10.838 591 21483 D isp_tuning_custom: [evaluate_Shading_Ratio] In case SENSOR_MODE_FOV_68. eSensorMode is 6
05-05 21:58:10.838 591 21483 D isp_tuning_custom: [Front FOV68 RA tuning][ratioMapping_frontFOV68]Sensor name: 8225
05-05 21:58:10.838 591 21483 D isp_tuning_custom: [ver0326][FOV68 RA tuning][ratioMapping_frontFOV68]RA value: 20. Iso: 535.
05-05 21:58:10.838 591 6437 D ULog : R AppRequest:9 M[CameraDevice:187001] + :mtkcam-dev3_legacy #519192
05-05 21:58:10.838 591 21489 I ResultPool: [convertToMetadata4AF] SEC, date.0313, check MTK_CONTROL_AF_REGIONS, array = [0, 0, 0, 0, 0], ret2(0), u1AfMode(4), ret1(1)
05-05 21:58:10.844 1198 1027 D MotionRecognitionService: values = 50.0
05-05 21:58:10.844 1198 1027 D MotionRecognitionService: onReceive lux: 50.0 action:
05-05 21:58:10.844 1198 1027 D MotionRecognitionService: Inject brightness form Cam 50.0
05-05 21:58:10.844 1198 1027 D MotionRecognitionService: Inject calibrated lux
05-05 21:58:10.844 580 656 I Sensors : AutoBrightnessSensor::inject_sensor_data: cam_lux 50
05-05 21:58:10.868 591 21503 I FDVT_Drv: Final: HW_NUM:0, Filter_NUM:0, SKIP_NUM:0
05-05 21:58:10.870 1030 4685 I BufferQueueProducer: [SurfaceTexture-0-1030-20086](this:0x747df7d800,id:20086,api:0,p:-1,c:1030) queueBuffer: slot 4 is dropped, handle=0x74736766c0
05-05 21:58:10.871 591 21480 D ULog : R AppRequest:5 M[CameraDevice:187001] - :mtkcam-AppStreamMgr #519193
05-05 21:58:10.872 1030 1061 D CameraLightSensor_Service: open preview end
05-05 21:58:10.872 1030 1061 D CameraLightSensor_Service: wrong aEState value =1
05-05 21:58:10.877 591 21483 I Hal3ARaw: [220751263] Dev(2) i4FrameNum(-1) MasterIdx = 0, SlaveIdx = 0, m_bIsSkipSync3A(0) rNewParam(0,0,0)(0,0)
05-05 21:58:10.877 591 21483 I aaa_common_custom.cpp: [cust_ChangeTableByCond]Sensor_idx = 1 ,SHOOTING_MODE = 30,SceneMode = 1, fpsRange=[5-30], HalFps=[5000-30000]
05-05 21:58:10.877 591 21483 I aaa_common_custom.cpp: [cust_ChangeSceneBy3rdpartyApp]VT_MODE = 0 ,MinFps = 5000,MaxFps = 30000,SceneMode = 1
05-05 21:58:10.878 591 21483 D isp_tuning_custom: [evaluate_Shading_Ratio] In case SENSOR_MODE_FOV_68. eSensorMode is 6
05-05 21:58:10.878 591 21483 D isp_tuning_custom: [Front FOV68 RA tuning][ratioMapping_frontFOV68]Sensor name: 8225
05-05 21:58:10.878 591 21483 D isp_tuning_custom: [ver0326][FOV68 RA tuning][ratioMapping_frontFOV68]RA value: 20. Iso: 535.
05-05 21:58:10.878 591 6437 D ULog : R AppRequest:10 M[CameraDevice:187001] + :mtkcam-dev3_legacy #519194
05-05 21:58:10.879 591 21489 I ResultPool: [convertToMetadata4AF] SEC, date.0313, check MTK_CONTROL_AF_REGIONS, array = [0, 0, 0, 0, 0], ret2(0), u1AfMode(4), ret1(1)
05-05 21:58:10.901 591 21503 I FDVT_Drv: Final: HW_NUM:0, Filter_NUM:0, SKIP_NUM:0
05-05 21:58:10.911 1030 4685 I BufferQueueProducer: [SurfaceTexture-0-1030-20086](this:0x747df7d800,id:20086,api:0,p:-1,c:1030) queueBuffer: slot 5 is dropped, handle=0x747d61b800
05-05 21:58:10.911 591 21480 D ULog : R AppRequest:6 M[CameraDevice:187001] - :mtkcam-AppStreamMgr #519195
05-05 21:58:10.912 1030 1061 D CameraLightSensor_Service: open preview end
05-05 21:58:10.912 1030 1061 D CameraLightSensor_Service: wrong aEState value =1
05-05 21:58:10.917 591 21483 I Hal3ARaw: [220751263] Dev(2) i4FrameNum(-1) MasterIdx = 0, SlaveIdx = 0, m_bIsSkipSync3A(0) rNewParam(0,0,0)(0,0)
05-05 21:58:10.917 591 21483 I aaa_common_custom.cpp: [cust_ChangeTableByCond]Sensor_idx = 1 ,SHOOTING_MODE = 30,SceneMode = 1, fpsRange=[5-30], HalFps=[5000-30000]
05-05 21:58:10.917 591 21483 I aaa_common_custom.cpp: [cust_ChangeSceneBy3rdpartyApp]VT_MODE = 0 ,MinFps = 5000,MaxFps = 30000,SceneMode = 1
05-05 21:58:10.918 591 21483 D isp_tuning_custom: [evaluate_Shading_Ratio] In case SENSOR_MODE_FOV_68. eSensorMode is 6
05-05 21:58:10.918 591 21483 D isp_tuning_custom: [Front FOV68 RA tuning][ratioMapping_frontFOV68]Sensor name: 8225
05-05 21:58:10.918 591 21483 D isp_tuning_custom: [ver0326][FOV68 RA tuning][ratioMapping_frontFOV68]RA value: 20. Iso: 535.
05-05 21:58:10.918 591 6437 D ULog : R AppRequest:11 M[CameraDevice:187001] + :mtkcam-dev3_legacy #519196
05-05 21:58:10.918 591 21489 I ResultPool: [convertToMetadata4AF] SEC, date.0313, check MTK_CONTROL_AF_REGIONS, array = [0, 0, 0, 0, 0], ret2(0), u1AfMode(4), ret1(1)
05-05 21:58:10.950 591 21480 D ULog : R AppRequest:7 M[CameraDevice:187001] - :mtkcam-AppStreamMgr #519197
05-05 21:58:10.951 1030 4685 I BufferQueueProducer: [SurfaceTexture-0-1030-20086](this:0x747df7d800,id:20086,api:0,p:-1,c:1030) queueBuffer: slot 0 is dropped, handle=0x7473677200
05-05 21:58:10.952 1030 1061 D CameraLightSensor_Service: open preview end
05-05 21:58:10.952 1030 1061 D CameraLightSensor_Service: wrong aEState value =1
05-05 21:58:10.957 591 21483 I Hal3ARaw: [220751263] Dev(2) i4FrameNum(-1) MasterIdx = 0, SlaveIdx = 0, m_bIsSkipSync3A(0) rNewParam(0,0,0)(0,0)
05-05 21:58:10.957 591 21483 I aaa_common_custom.cpp: [cust_ChangeTableByCond]Sensor_idx = 1 ,SHOOTING_MODE = 30,SceneMode = 1, fpsRange=[5-30], HalFps=[5000-30000]
05-05 21:58:10.957 591 21483 I aaa_common_custom.cpp: [cust_ChangeSceneBy3rdpartyApp]VT_MODE = 0 ,MinFps = 5000,MaxFps = 30000,SceneMode = 1
05-05 21:58:10.958 591 21483 D isp_tuning_custom: [evaluate_Shading_Ratio] In case SENSOR_MODE_FOV_68. eSensorMode is 6
05-05 21:58:10.958 591 21483 D isp_tuning_custom: [Front FOV68 RA tuning][ratioMapping_frontFOV68]Sensor name: 8225
05-05 21:58:10.958 591 21483 D isp_tuning_custom: [ver0326][FOV68 RA tuning][ratioMapping_frontFOV68]RA value: 20. Iso: 535.
05-05 21:58:10.958 591 6437 D ULog : R AppRequest:12 M[CameraDevice:187001] + :mtkcam-dev3_legacy #519198
05-05 21:58:10.959 591 21489 I ResultPool: [convertToMetadata4AF] SEC, date.0313, check MTK_CONTROL_AF_REGIONS, array = [0, 0, 0, 0, 0], ret2(0), u1AfMode(4), ret1(1)
05-05 21:58:10.985 591 21503 I FDVT_Drv: Final: HW_NUM:0, Filter_NUM:0, SKIP_NUM:0
05-05 21:58:10.991 1030 4685 I BufferQueueProducer: [SurfaceTexture-0-1030-20086](this:0x747df7d800,id:20086,api:0,p:-1,c:1030) queueBuffer: slot 1 is dropped, handle=0x7472fdc5c0
05-05 21:58:10.991 591 21480 D ULog : R AppRequest:8 M[CameraDevice:187001] - :mtkcam-AppStreamMgr #519199
05-05 21:58:10.992 1030 1061 D CameraLightSensor_Service: open preview end
05-05 21:58:10.993 1030 1061 D CameraLightSensor_Service: converged or locked aEState value =2
05-05 21:58:10.993 1030 1061 D CameraLightSensor_Service: exposure time=4.0005E7 EV= 24 BV= 332.0 aEState=2
05-05 21:58:10.993 1030 1061 D CameraLightSensor_Service: stopTask called
05-05 21:58:10.993 681 9356 D Camera3-Device: flush: mInterfaceLock.lock()
05-05 21:58:10.993 1198 1027 D CameraLightSensor_Manager: Exposure= 24.0 Brightness= 332.0 Total listeners= 1
05-05 21:58:10.993 1198 1027 D MotionRecognitionService: values = 50.0
05-05 21:58:10.993 591 591 I AVSP : AVSPHal3InterfaceEntry.cpp: AVSP_flush: 379: E
05-05 21:58:10.993 1198 1027 D MotionRecognitionService: onReceive lux: 50.0 action:
05-05 21:58:10.993 1198 1027 D MotionRecognitionService: Inject brightness form Cam 50.0
05-05 21:58:10.993 1198 1027 D MotionRecognitionService: Inject calibrated lux
05-05 21:58:10.993 588 615 I legacy_power@2.1-impl: @Deprecated scnDisable hdl:160765
05-05 21:58:10.994 588 614 I libPowerHal: perfUserScnDisable - handle:160765
05-05 21:58:10.994 580 656 I Sensors : AutoBrightnessSensor::inject_sensor_data: cam_lux 50
05-05 21:58:10.994 588 614 I libPowerHal: 51: cpu_ctrl set freq: -1 -1 -1 -1
05-05 21:58:10.995 588 614 I libPowerHal: perfUserRegScn - i:49, hdl:151888, pid:591, tid:1047
05-05 21:58:10.995 588 614 I libPowerHal: perfUserRegScn - i:50, hdl:160766, pid:591, tid:1047
05-05 21:58:10.995 588 614 I libPowerHal: perfUserRegScn - i:51, hdl:160765, pid:591, tid:1047
05-05 21:58:10.995 588 614 I libPowerHal: perfUserRegScn - i:52, hdl:160767, pid:591, tid:1047
05-05 21:58:10.995 588 614 I libPowerHal: perfUserRegScn - i:53, hdl:160768, pid:591, tid:1047
05-05 21:58:10.995 588 615 I legacy_power@2.1-impl: scnReg hdl:160768
05-05 21:58:10.995 588 615 I legacy_power@2.1-impl: @Deprecated scnUnreg hdl:160765
05-05 21:58:10.995 588 615 I legacy_power@2.1-impl: @Deprecated scnConfig hdl:160768, cmd:5, param1:1, param2:0, param3:0, param4:0
05-05 21:58:10.996 588 615 I legacy_power@2.1-impl: @Deprecated scnEnable hdl:160768, timeout:1000
05-05 21:58:10.996 591 591 I MtkCam/ppl_context: [beginFlush] + <4Cell/1>
05-05 21:58:10.996 588 614 I libPowerHal: perfUserScnEnable - handle:160768
05-05 21:58:10.996 591 591 I mtkcam-InFlightRequest: [abort] +
05-05 21:58:10.996 591 591 I mtkcam-InFlightRequest: [abort] - frames:{ 12 11 10 9 } being aborted (#4 in-flight frames)
05-05 21:58:10.996 591 591 I MtkCam/ppl_context: [kickRootNodes] [requestNo:12 frameNo:12] last frame
05-05 21:58:10.996 591 591 I MtkCam/ppl_context: [kickRootNodes] kick 0x1 +
05-05 21:58:10.996 591 591 I MtkCam/P1NodeImp: [kick] [Cam::1] cnt(1)
05-05 21:58:10.996 588 614 I libPowerHal: 53: cpu_ctrl set freq: 1700000 -1 2000000 -1
05-05 21:58:10.996 591 591 I MtkCam/P1NodeImp: [kick] [Cam::1] KICK - [Num Q:13 M:13 F:11 R:11 @0][Type:1 Out:x85 Rec:x0 Raw:1 Cap:0 Exe:1 Flush:x0]
05-05 21:58:10.997 591 21480 W mtkcam-AppStreamMgr: [1-FrameHandler::operator()] [Meta Stream Buffer] Error happens... - frameNo:11 streamId:0x10000001c App:Meta:DynamicP1_main1
05-05 21:58:10.997 591 591 I MtkCam/ppl_context: [kickRootNodes] kick 0x1 - err:0
05-05 21:58:10.998 591 591 I MtkCam/P1NodeImp: [hardwareOps_stop] [Cam::1] Cam::1 Req=14 Set=12 Enq=12 Deq=10 Out=10
05-05 21:58:10.998 591 21483 I Hal3Av3 : [setNormal] Req(#14) FrameNum(#-1) Dummy(1) Sync2AMode(0)
05-05 21:58:10.998 591 21483 I Hal3Av3 : [setNormal] Req(#14) FrameNum(#-1) Dummy(1/0/0) CapInt(1) AE(M:1/E:0/F:0/S:0) FLASH(M:0)
05-05 21:58:10.998 591 21483 I Hal3ARaw: [220751263] Dev(2) i4FrameNum(-1) MasterIdx = 0, SlaveIdx = 0, m_bIsSkipSync3A(0) rNewParam(0,0,0)(0,0)
05-05 21:58:10.998 591 6437 W MtkCam/streambuf: [markUserStatus] Hal:Meta:P1:Dynamic_main1:0x100000015:0x75f2c27220 producer:0x1 released w/o using -> ERROR buffer - user status:0x8:0x8
05-05 21:58:10.998 591 6437 W MtkCam/streambuf: [markUserStatus] App:Meta:DynamicP1_main1:0x10000001c:0x75f2c25d20 producer:0x1 released w/o using -> ERROR buffer - user status:0x8:0x8
05-05 21:58:10.998 591 21483 I aaa_common_custom.cpp: [cust_ChangeTableByCond]Sensor_idx = 1 ,SHOOTING_MODE = 30,SceneMode = 1, fpsRange=[5-30], HalFps=[5000-30000]
05-05 21:58:10.998 591 21483 I aaa_common_custom.cpp: [cust_ChangeSceneBy3rdpartyApp]VT_MODE = 0 ,MinFps = 5000,MaxFps = 30000,SceneMode = 1
05-05 21:58:10.998 591 6437 W MtkCam/streambuf: [markUserStatus] Hal:Image:P1:Resizeraw_main1:0x100000002:0x75f2b43100 producer:0x1 released w/o using -> ERROR buffer - user status:0x8:0x8
05-05 21:58:10.998 591 6437 W MtkCam/streambuf: [markUserStatus] Hal:Image:STT_main1:0x100000003:0x7603985c00 producer:0x1 released w/o using -> ERROR buffer - user status:0x8:0x8
05-05 21:58:10.998 591 21480 W mtkcam-AppStreamMgr: [1-FrameHandler::operator()] [Meta Stream Buffer] Error happens... - frameNo:12 streamId:0x10000001c App:Meta:DynamicP1_main1
05-05 21:58:10.998 591 591 I Hal3Av3 : [stopStt]+ sensorDev(2), sensorIdx(1), mpHal3aObj(0x760f0a9200)
05-05 21:58:10.998 591 6437 I MtkCam/P2/MWFrame: [releaseFrameStream] P2S cam 1 MWFrame:#12 MWReq:#12, frame 0 : Node0x15 Flush FrameNo(12)
05-05 21:58:10.998 591 591 I Hal3ARaw: [notifyPreStop] m_bPreStop(0)
05-05 21:58:10.998 591 6437 W MtkCam/streambuf: [markUserStatus] Hal:Meta:P2:Dynamic:0x100000018:0x75f2c273a0 producer:0x15 released w/o using -> ERROR buffer - user status:0x8:0x8
05-05 21:58:10.998 591 591 W ifunc_cam_buf: [_disable] WARNING: [0x0]:BUF_CTRL_AAO:disable FBC at streaming
05-05 21:58:10.998 591 6437 W MtkCam/streambuf: [markUserStatus] App:Meta:DynamicP2:0x10000001f:0x75f2c267a0 producer:0x15 released w/o using -> ERROR buffer - user status:0x8:0x8
05-05 21:58:10.998 591 6437 W MtkCam/streambuf: [markUserStatus] s0:d1:App:YCrCb_420_SP:0|HW_TEXTURE:0:0x75f9fdc000 producer:0x15 released w/o using -> ERROR buffer - user status:0x8:0x8
05-05 21:58:10.998 591 591 W ifunc_cam_buf: [_disable] WARNING: [0x0]:BUF_CTRL_PSO:disable FBC at streaming
05-05 21:58:10.998 591 6437 W MtkCam/streambuf: [markUserStatus] Hal:Image:FD:0x100000010:0x760f077500 producer:0x15 released w/o using -> ERROR buffer - user status:0x8:0x8
05-05 21:58:10.998 591 591 I afo_buf_mgr: [notifyPreStop]
05-05 21:58:10.998 591 21483 D isp_tuning_custom: [evaluate_Shading_Ratio] In case SENSOR_MODE_FOV_68. eSensorMode is 6
05-05 21:58:10.998 591 21483 D isp_tuning_custom: [Front FOV68 RA tuning][ratioMapping_frontFOV68]Sensor name: 8225
05-05 21:58:10.998 591 591 W aaa_hal_sttCtrl: [resume]
05-05 21:58:10.998 591 21483 D isp_tuning_custom: [ver0326][FOV68 RA tuning][ratioMapping_frontFOV68]RA value: 20. Iso: 535.
05-05 21:58:10.998 591 591 I Hal3AFlowCtrl: [stopStt] m_fgPreStop: 1 finish !
05-05 21:58:10.998 591 591 I Hal3Av3 : [stopStt]- sensorDev(2), sensorIdx(1), mpHal3aObj(0x760f0a9200)
05-05 21:58:10.998 591 6437 W MtkCam/streambuf: [markUserStatus] App:Meta:FD:0x100000027:0x75f2c270a0 producer:0x16 released w/o using -> ERROR buffer - user status:0x8:0x8
05-05 21:58:10.999 591 21480 W mtkcam-AppStreamMgr: [1-FrameHandler::operator()] [Meta Stream Buffer] Error happens... - frameNo:12 streamId:0x10000001f App:Meta:DynamicP2
05-05 21:58:10.999 591 21480 W mtkcam-AppStreamMgr: [1-FrameHandler::operator()] [Image Stream Buffer] Error happens and all users release - frameNo:12 streamId:0 s0:d1:App:YCrCb_420_SP:0|HW_TEXTURE state:IN-FLIGHT->ERROR
05-05 21:58:10.999 591 21483 I Hal3AFlowCtrl: [doUpdateCmd] Stop wait vsirq #(14)
05-05 21:58:10.999 591 21480 W mtkcam-AppStreamMgr: [1-FrameHandler::updateCallback] frameNo:12 Request Error
05-05 21:58:10.999 591 21483 I Hal3AFlowCtrl_thread: [onThreadLoop] Exit 3A thread
05-05 21:58:10.999 591 21483 I Hal3AFlowCtrl_thread: [getCommand] mCmdQCond.wait +
05-05 21:58:10.999 591 21480 D ULog : R AppRequest:12 M[CameraDevice:187001] - :mtkcam-AppStreamMgr #519200
05-05 21:58:10.999 591 21489 I ResultPool: [convertToMetadata4AF] SEC, date.0313, check MTK_CONTROL_AF_REGIONS, array = [0, 0, 0, 0, 0], ret2(0), u1AfMode(0), ret1(0)
05-05 21:58:10.999 591 21480 W mtkcam-AppStreamMgr: [1-FrameHandler::updateResult] frameNo:12 is not in FrameQueue; FrameQueue: 9 10 11; ResultQueue: 12
05-05 21:58:10.999 681 899 E CameraDeviceClient: notifyError: pid=1030, errorCode=3
05-05 21:58:10.999 681 899 E CameraDeviceClient: notifyError: pid=1030, skipClientNotification=false
05-05 21:58:11.000 681 899 E Camera3-OutputStream: returnBufferCheckedLocked: A frame is dropped for stream 0 due to buffer error.
05-05 21:58:11.000 1030 12342 D BufferQueueProducer: [SurfaceTexture-0-1030-20086](this:0x747df7d800,id:20086,api:0,p:-1,c:1030) cancelBuffer: slot 0
05-05 21:58:11.038 591 21502 W TwinMgr_buf: [deque] WARNING: [deque]waitBufRdy: VF_EN=0, dma(0x1)
05-05 21:58:11.038 591 21534 W sttiopipe: [dequeOutBuf] WARNING: waitBufRdy:VF_EN=0, dma(0x3)
05-05 21:58:11.038 591 21534 W StatisticPipe: [deque] WARNING: TG1 deque port_12:already stopped
05-05 21:58:11.038 591 21502 W NormalPipe: [ispDequeThread] WARNING: deqThread leave:dequeResponse already stopped
05-05 21:58:11.038 591 21534 I aao_buf_mgr: [dequeueHwBuf] abort after sttPipe deque
05-05 21:58:11.038 591 21498 W NormalPipe: [deque] WARNING: N:1 dma:x0 deque, already stopped
05-05 21:58:11.038 591 591 I Hal3Av3 : [stop]+ sensorDev(2), sensorIdx(1), mpHal3aObj(0x760f0a9200)
05-05 21:58:11.038 591 591 I Hal3AFlowCtrl_thread: [clearCommandQ]+
05-05 21:58:11.038 591 591 I Hal3AFlowCtrl_thread: [clearCommandQ]- Qsize(0)
05-05 21:58:11.038 591 591 W aaa_hal_sttCtrl: [abortDeque]
05-05 21:58:11.038 591 591 I afo_buf_mgr: [abortDequeue] abortDma done
05-05 21:58:11.038 591 591 I afo_buf_mgr: [abortDequeue] +
05-05 21:58:11.038 591 591 I afo_buf_mgr: [abortDequeue] -
05-05 21:58:11.038 591 591 I Hal3AFlowCtrl: [flushVSirq] abortDeque done
05-05 21:58:11.038 591 591 I Hal3AFlowCtrl: [flushVSirq] flushVSirq done
05-05 21:58:11.038 591 591 I Hal3AFlowCtrl_thread: [sendCommand] wait ECmd_CameraPreviewEnd
05-05 21:58:11.038 591 21483 I Hal3AFlowCtrl: [postCommand] Non-ECmd_Update, m_rParam.u4AeMode(1), m_rParam.i8ExposureTime(0), iValidateOpt(1)
05-05 21:58:11.038 591 21483 W TaskMgr : [sendEvent] TaskEvent:PreivewEnd
05-05 21:58:11.038 591 21483 W Task3APv: [destroy] +
05-05 21:58:11.038 591 21483 W Task3APv: [destroy] -
05-05 21:58:11.038 591 21483 W TaskMgr : [sendEvent] Remove Task(0)
05-05 21:58:11.038 591 21483 I Hal3AFlowCtrl: [postCommand] reset bMainFlash
05-05 21:58:11.038 591 21483 W aaa_hal_sttCtrl: [stopStt]
05-05 21:58:11.039 591 21483 I Hal3ARaw: [stop] +
05-05 21:58:11.039 591 21483 I Hal3ARaw: [stop] AE Min Max Frame Rate has been reset
05-05 21:58:11.039 591 21483 I FlickerHal: stop(): begin. m_sensorDev(2)
05-05 21:58:11.039 591 21483 I FlickerHal: detach(): count(0/1). m_sensorDev(2)
05-05 21:58:11.039 591 21483 I FlickerHal: uninit_algo(): mUsers(1). m_sensorDev(2)
05-05 21:58:11.039 591 21483 I Hal3ARaw: [stop] -
05-05 21:58:11.040 591 21483 I Hal3AFlowCtrl_thread: [onThreadLoop] SEC date.0216, post cmd(1)
05-05 21:58:11.040 591 21483 I Hal3AFlowCtrl_thread: [getCommand] mCmdQCond.wait +
05-05 21:58:11.040 591 591 I Hal3Av3 : [stop]- sensorDev(2), sensorIdx(1), mpHal3aObj(0x760f0a9200)
05-05 21:58:11.040 591 591 I Hal3Av3 : [notifyP1PwrOff]+ notifyP1PwrOff
05-05 21:58:11.040 591 591 I Hal3ARaw: [notifyP1PwrOff] notifyP1PwrOff
05-05 21:58:11.040 591 591 D CcuMgr : [ccuShutdown] +
05-05 21:58:11.040 591 591 D CcuDrv : CcuDrv[shutdown] +:shutdown
05-05 21:58:11.042 591 591 D CcuDrv : CcuDrv[shutdown] -:shutdown
05-05 21:58:11.042 591 591 D CcuDrv : CcuDrv[powerOff] +:powerOff
05-05 21:58:11.042 591 591 D CcuDrv : CcuDrv[setCcuPower] setCcuPower: setpower(0) cmd done.
05-05 21:58:11.042 591 591 D CcuDrv : CcuDrv[powerOff] -:powerOff
05-05 21:58:11.042 591 591 I CcuDrv : CcuDrv[RealUninit] +,m_UserCnt(1),curUser(CCU)
05-05 21:58:11.042 591 591 D CcuDrv : CcuDrv[RealUninit] +:release thread
05-05 21:58:11.042 591 591 D CcuDrv : CcuDrv[RealUninit] -:release thread
05-05 21:58:11.042 591 591 D CcuDrv : CcuDrv[UnMapHwRegs] Uinit_CCU_A munmap: 0x761b813000
05-05 21:58:11.042 591 591 D CcuDrv : CcuDrv[UnMapHwRegs] Uinit_CCU_CAMSYS munmap: 0x761b804000
05-05 21:58:11.042 591 591 D CcuDrv : CcuDrv[UnMapHwRegs] Uinit_CCU_PMEM munmap: 0x761b077000
05-05 21:58:11.042 591 591 D CcuDrv : CcuDrv[UnMapHwRegs] Uinit_CCU_DMEM munmap: 0x761b755000
05-05 21:58:11.042 591 591 D CcuDrv : CcuDrv[RealUninit] +:release buffer
05-05 21:58:11.042 591 591 D CcuDrv : CcuDrv[RealUninit] -:release buffer
05-05 21:58:11.043 591 591 I CcuDrv : CcuDrv[RealUninit] CcuDrv uinitial done gracefully
05-05 21:58:11.043 591 591 I CcuDrv : CcuDrv[RealUninit] - X. ret: 1. m_UserCnt: 0
05-05 21:58:11.043 591 591 D CcuMgr : [ccuShutdown] -
05-05 21:58:11.043 591 591 D CcuMgr : [ccuUninit] +
05-05 21:58:11.044 591 591 D CcuMgr : [ccuUninit] -: CcuMgr uninitial done gracefully
05-05 21:58:11.044 591 591 I Hal3ARaw: [notifyP1PwrOff] m_pICcuMgr->ccuUninit() and m_pICcuMgr->ccuShutdown() success return true
05-05 21:58:11.044 591 591 I CcuMgr : [destroyInstance] +
05-05 21:58:11.044 591 591 I CcuMgr : [_destroyCcuMgr] CcuMgr User Cnt: 0
05-05 21:58:11.044 591 591 I CcuMgr : [destroyInstance] -
05-05 21:58:11.044 591 591 I Hal3Av3 : [notifyP1PwrOff]-
05-05 21:58:11.044 591 591 I Hal3Av3 : [destroyInstance] sensorIdx(1) User(P1Node)
05-05 21:58:11.044 591 591 I Hal3Av3 : [uninit] Still 10 users
05-05 21:58:11.044 591 591 I Hal3Av3 : [uninit] Done m_rConfigInfo.i4SubsampleCount(1), User.count(10), User uninit(P1Node)
05-05 21:58:11.044 591 591 I Hal3Av3 : [destroyInstance] sensorIdx(1) User(LCSHal)
05-05 21:58:11.044 591 591 I Hal3Av3 : [uninit] Still 9 users
05-05 21:58:11.044 591 591 I Hal3Av3 : [uninit] Done m_rConfigInfo.i4SubsampleCount(1), User.count(9), User uninit(LCSHal)
05-05 21:58:11.045 591 591 I LCSDrv : [Uninit]mSensorIdx(1) uninit
05-05 21:58:11.045 591 591 I Hal3Av3 : [destroyInstance] sensorIdx(1) User(LCSDrv)
05-05 21:58:11.045 591 591 I Hal3Av3 : [uninit] Still 8 users
05-05 21:58:11.045 591 591 I Hal3Av3 : [uninit] Done m_rConfigInfo.i4SubsampleCount(1), User.count(8), User uninit(LCSDrv)
05-05 21:58:11.045 591 591 I LMVTuning: [~LMVTuning][Cam::1]-
05-05 21:58:11.046 591 591 I Hal3Av3 : [destroyInstance] sensorIdx(1) User(VHDRHal)
05-05 21:58:11.046 591 591 I Hal3Av3 : [uninit] Still 7 users
05-05 21:58:11.046 591 591 I Hal3Av3 : [uninit] Done m_rConfigInfo.i4SubsampleCount(1), User.count(7), User uninit(VHDRHal)
05-05 21:58:11.047 591 591 I MtkCam/HwUtils/ResourceConcurrency: [release] [mP1NodeConcurrency][Client-0] free resource (15000000000ns)
05-05 21:58:11.047 591 591 I MtkCam/HwUtils/ResourceConcurrency: [cancel] [mP1NodeConcurrency][Client-0] client-returned , state(0)
05-05 21:58:11.047 591 21480 W mtkcam-AppStreamMgr: [1-FrameHandler::operator()] [Meta Stream Buffer] Error happens... - frameNo:9 streamId:0x10000001c App:Meta:DynamicP1_main1
05-05 21:58:11.047 591 21480 W mtkcam-AppStreamMgr: [1-FrameHandler::operator()] [Meta Stream Buffer] Error happens... - frameNo:10 streamId:0x10000001c App:Meta:DynamicP1_main1
05-05 21:58:11.047 591 21499 I MtkCam/P2/MWFrame: [releaseFrameStream] P2S cam 1 MWFrame:#9 MWReq:#9, frame 0 : Node0x15 Flush FrameNo(9)
05-05 21:58:11.048 591 21499 W MtkCam/streambuf: [markUserStatus] Hal:Meta:P2:Dynamic:0x100000018:0x75f2ad8420 producer:0x15 released w/o using -> ERROR buffer - user status:0x8:0x8
05-05 21:58:11.048 591 21499 W MtkCam/streambuf: [markUserStatus] App:Meta:DynamicP2:0x10000001f:0x75f2a8ec20 producer:0x15 released w/o using -> ERROR buffer - user status:0x8:0x8
05-05 21:58:11.048 591 21499 W MtkCam/streambuf: [markUserStatus] s0:d1:App:YCrCb_420_SP:0|HW_TEXTURE:0:0x75fa391880 producer:0x15 released w/o using -> ERROR buffer - user status:0x8:0x8
05-05 21:58:11.048 591 21499 W MtkCam/streambuf: [markUserStatus] Hal:Image:FD:0x100000010:0x75f2b18600 producer:0x15 released w/o using -> ERROR buffer - user status:0x8:0x8
05-05 21:58:11.048 591 21480 W mtkcam-AppStreamMgr: [1-FrameHandler::operator()] [Meta Stream Buffer] Error happens... - frameNo:9 streamId:0x10000001f App:Meta:DynamicP2
05-05 21:58:11.048 591 21480 W mtkcam-AppStreamMgr: [1-FrameHandler::operator()] [Image Stream Buffer] Error happens and all users release - frameNo:9 streamId:0 s0:d1:App:YCrCb_420_SP:0|HW_TEXTURE state:IN-FLIGHT->ERROR
05-05 21:58:11.048 591 21480 W mtkcam-AppStreamMgr: [1-FrameHandler::updateCallback] frameNo:9 Request Error
05-05 21:58:11.048 591 21480 D ULog : R AppRequest:9 M[CameraDevice:187001] - :mtkcam-AppStreamMgr #519201
05-05 21:58:11.048 591 21499 W MtkCam/streambuf: [markUserStatus] App:Meta:FD:0x100000027:0x75f2a8fb20 producer:0x16 released w/o using -> ERROR buffer - user status:0x8:0x8
05-05 21:58:11.048 591 21480 W mtkcam-AppStreamMgr: [1-FrameHandler::updateCallback] frame 9 is removed before shutter callbacked, there MUST have error frames or meta be sent for the request
05-05 21:58:11.048 591 21480 W mtkcam-AppStreamMgr: [1-FrameHandler::updateResult] frameNo:9 is not in FrameQueue; FrameQueue: 10 11; ResultQueue: 9
05-05 21:58:11.048 591 21499 I MtkCam/P2/MWFrame: [releaseFrameStream] P2S cam 1 MWFrame:#10 MWReq:#10, frame 0 : Node0x15 Flush FrameNo(10)
05-05 21:58:11.048 681 899 E CameraDeviceClient: notifyError: pid=1030, errorCode=3
05-05 21:58:11.048 681 899 E CameraDeviceClient: notifyError: pid=1030, skipClientNotification=false
05-05 21:58:11.049 681 899 E Camera3-OutputStream: returnBufferCheckedLocked: A frame is dropped for stream 0 due to buffer error.
05-05 21:58:11.049 591 21499 W MtkCam/streambuf: [markUserStatus] Hal:Meta:P2:Dynamic:0x100000018:0x75f2ada0a0 producer:0x15 released w/o using -> ERROR buffer - user status:0x8:0x8
05-05 21:58:11.049 591 21499 W MtkCam/streambuf: [markUserStatus] App:Meta:DynamicP2:0x10000001f:0x75f2ad9620 producer:0x15 released w/o using -> ERROR buffer - user status:0x8:0x8
05-05 21:58:11.049 591 21499 W MtkCam/streambuf: [markUserStatus] s0:d1:App:YCrCb_420_SP:0|HW_TEXTURE:0:0x75fa391b00 producer:0x15 released w/o using -> ERROR buffer - user status:0x8:0x8
05-05 21:58:11.049 1030 12342 D BufferQueueProducer: [SurfaceTexture-0-1030-20086](this:0x747df7d800,id:20086,api:0,p:-1,c:1030) cancelBuffer: slot 3
05-05 21:58:11.049 591 21499 W MtkCam/streambuf: [markUserStatus] Hal:Image:FD:0x100000010:0x760f076c00 producer:0x15 released w/o using -> ERROR buffer - user status:0x8:0x8
05-05 21:58:11.049 681 21486 I Camera3-Status: markComponent: Component 1 is now idle - RequestThread
05-05 21:58:11.049 591 21480 W mtkcam-AppStreamMgr: [1-FrameHandler::operator()] [Meta Stream Buffer] Error happens... - frameNo:10 streamId:0x10000001f App:Meta:DynamicP2
05-05 21:58:11.049 591 21480 W mtkcam-AppStreamMgr: [1-FrameHandler::operator()] [Image Stream Buffer] Error happens and all users release - frameNo:10 streamId:0 s0:d1:App:YCrCb_420_SP:0|HW_TEXTURE state:IN-FLIGHT->ERROR
05-05 21:58:11.049 591 21480 W mtkcam-AppStreamMgr: [1-FrameHandler::updateCallback] frameNo:10 Request Error
05-05 21:58:11.049 591 21480 D ULog : R AppRequest:10 M[CameraDevice:187001] - :mtkcam-AppStreamMgr #519202
05-05 21:58:11.049 591 21499 W MtkCam/streambuf: [markUserStatus] App:Meta:FD:0x100000027:0x75f2ad9da0 producer:0x16 released w/o using -> ERROR buffer - user status:0x8:0x8
05-05 21:58:11.049 591 21480 W mtkcam-AppStreamMgr: [1-FrameHandler::updateCallback] frame 10 is removed before shutter callbacked, there MUST have error frames or meta be sent for the request
05-05 21:58:11.049 591 21480 W mtkcam-AppStreamMgr: [1-FrameHandler::updateResult] frameNo:10 is not in FrameQueue; FrameQueue: 11; ResultQueue: 10
05-05 21:58:11.049 681 899 E CameraDeviceClient: notifyError: pid=1030, errorCode=3
05-05 21:58:11.049 681 899 E CameraDeviceClient: notifyError: pid=1030, skipClientNotification=false
05-05 21:58:11.049 591 21499 I MtkCam/P2/MWFrame: [releaseFrameStream] P2S cam 1 MWFrame:#11 MWReq:#11, frame 0 : Node0x15 Flush FrameNo(11)
05-05 21:58:11.050 591 21499 W MtkCam/streambuf: [markUserStatus] Hal:Meta:P2:Dynamic:0x100000018:0x75f2ad9aa0 producer:0x15 released w/o using -> ERROR buffer - user status:0x8:0x8
05-05 21:58:11.050 591 21499 W MtkCam/streambuf: [markUserStatus] App:Meta:DynamicP2:0x10000001f:0x75f2ad9020 producer:0x15 released w/o using -> ERROR buffer - user status:0x8:0x8
05-05 21:58:11.050 591 21499 W MtkCam/streambuf: [markUserStatus] s0:d1:App:YCrCb_420_SP:0|HW_TEXTURE:0:0x75fa391d80 producer:0x15 released w/o using -> ERROR buffer - user status:0x8:0x8
05-05 21:58:11.050 591 21499 W MtkCam/streambuf: [markUserStatus] Hal:Image:FD:0x100000010:0x760f076f00 producer:0x15 released w/o using -> ERROR buffer - user status:0x8:0x8
05-05 21:58:11.050 681 899 E Camera3-OutputStream: returnBufferCheckedLocked: A frame is dropped for stream 0 due to buffer error.
05-05 21:58:11.050 591 21480 W mtkcam-AppStreamMgr: [1-FrameHandler::operator()] [Meta Stream Buffer] Error happens... - frameNo:11 streamId:0x10000001f App:Meta:DynamicP2
05-05 21:58:11.050 591 21480 W mtkcam-AppStreamMgr: [1-FrameHandler::operator()] [Image Stream Buffer] Error happens and all users release - frameNo:11 streamId:0 s0:d1:App:YCrCb_420_SP:0|HW_TEXTURE state:IN-FLIGHT->ERROR
05-05 21:58:11.050 591 21480 W mtkcam-AppStreamMgr: [1-FrameHandler::updateCallback] frameNo:11 Request Error
05-05 21:58:11.050 591 21480 D ULog : R AppRequest:11 M[CameraDevice:187001] - :mtkcam-AppStreamMgr #519203
05-05 21:58:11.050 591 21499 W MtkCam/streambuf: [markUserStatus] App:Meta:FD:0x100000027:0x75f2ad97a0 producer:0x16 released w/o using -> ERROR buffer - user status:0x8:0x8
05-05 21:58:11.050 1030 12342 D BufferQueueProducer: [SurfaceTexture-0-1030-20086](this:0x747df7d800,id:20086,api:0,p:-1,c:1030) cancelBuffer: slot 4
05-05 21:58:11.050 591 21480 W mtkcam-AppStreamMgr: [1-FrameHandler::updateCallback] frame 11 is removed before shutter callbacked, there MUST have error frames or meta be sent for the request
05-05 21:58:11.050 591 21480 W mtkcam-AppStreamMgr: [1-FrameHandler::updateCallback] frame 12 is removed before shutter callbacked, there MUST have error frames or meta be sent for the request
05-05 21:58:11.051 591 591 I MtkCam/P2/CaptureProcessor: [onWaitFlush] P2C cam 1: (0x760b164570) flush +, bgPreRelease:0
05-05 21:58:11.051 591 591 I MtkCam/P2/CaptureProcessor: [onWaitFlush] P2C cam 1: flush -
05-05 21:58:11.051 591 591 I MtkCam/ppl_context: [beginFlush] - <4Cell/1>
05-05 21:58:11.051 681 899 E CameraDeviceClient: notifyError: pid=1030, errorCode=3
05-05 21:58:11.051 681 899 E CameraDeviceClient: notifyError: pid=1030, skipClientNotification=false
05-05 21:58:11.051 681 899 E Camera3-OutputStream: returnBufferCheckedLocked: A frame is dropped for stream 0 due to buffer error.
05-05 21:58:11.052 1030 12342 D BufferQueueProducer: [SurfaceTexture-0-1030-20086](this:0x747df7d800,id:20086,api:0,p:-1,c:1030) cancelBuffer: slot 5
05-05 21:58:11.052 681 899 I Camera3-Status: markComponent: Component 2 is now idle - streamId = 0, format = 34, width = 176, height = 144, option = 0
05-05 21:58:11.052 681 899 I Camera3-Status: markComponent: Component 0 is now idle - InFlightStatus
05-05 21:58:11.052 681 21485 I CameraService: updateProxyDeviceState: notifyCameraState for Camera ID 1, newState 2, facing 1, clientName com.samsung.adaptivebrightnessgo, apiLevel 2
05-05 21:58:11.052 591 591 I MtkCam/ppl_context: [endFlush] + <4Cell/1>
05-05 21:58:11.052 591 591 I mtkcam-InFlightRequest: [waitUntilDrained] +
05-05 21:58:11.052 591 591 I mtkcam-InFlightRequest: [waitUntilDrained] -
05-05 21:58:11.052 591 591 I MtkCam/ppl_context: [endFlush] - <4Cell/1>
05-05 21:58:11.052 591 591 I mtkcam-PreReleaseRequest: [dump] ========== dump PreReleaseRequestMgr ===========
05-05 21:58:11.052 591 591 I mtkcam-PreReleaseRequest: [dump] ========== dump InFlightRequests(0) ============
05-05 21:58:11.052 591 591 I mtkcam-PreReleaseRequest: [dump] ========== dump PendingRequests(0) ============
05-05 21:58:11.052 591 591 I mtkcam-dev3_legacy: [1-session::tryRunCommandLocked] Run command onFlushLocked -
05-05 21:58:11.052 591 591 I AVSP : AVSPHal3InterfaceEntry.cpp: AVSP_flush: 397: (0) X
05-05 21:58:11.052 9371 9597 I CameraManagerGlobal: Camera 1 facing CAMERA_FACING_FRONT state now CAMERA_STATE_IDLE for client com.samsung.adaptivebrightnessgo API Level 2
05-05 21:58:11.052 7710 2917 I CameraManagerGlobal: Camera 1 facing CAMERA_FACING_FRONT state now CAMERA_STATE_IDLE for client com.samsung.adaptivebrightnessgo API Level 2
05-05 21:58:11.052 1030 12342 I CameraManagerGlobal: Camera 1 facing CAMERA_FACING_FRONT state now CAMERA_STATE_IDLE for client com.samsung.adaptivebrightnessgo API Level 2
05-05 21:58:11.052 681 9356 D Camera3-Device: flush: mInterfaceLock.unlock()
05-05 21:58:11.053 681 9356 E CameraDeviceClient: Disconnect from CameraDeviceClient
05-05 21:58:11.053 681 9356 D CameraDeviceClient: disconnect:stop IT Policy checking thread
05-05 21:58:11.053 681 9356 E Camera2-FrameProcessorBase: removeListener:
05-05 21:58:11.063 681 9356 D Camera3-Device: flush: mInterfaceLock.lock()
05-05 21:58:11.063 591 591 I AVSP : AVSPHal3InterfaceEntry.cpp: AVSP_flush: 379: E
05-05 21:58:11.063 588 615 I legacy_power@2.1-impl: @Deprecated scnDisable hdl:160768
05-05 21:58:11.063 588 614 I libPowerHal: perfUserScnDisable - handle:160768
05-05 21:58:11.064 588 614 I libPowerHal: 53: cpu_ctrl set freq: -1 -1 -1 -1
05-05 21:58:11.065 588 614 I libPowerHal: perfUserRegScn - i:49, hdl:151888, pid:591, tid:1047
05-05 21:58:11.065 588 614 I libPowerHal: perfUserRegScn - i:50, hdl:160766, pid:591, tid:1047
05-05 21:58:11.065 588 614 I libPowerHal: perfUserRegScn - i:51, hdl:160769, pid:591, tid:1047
05-05 21:58:11.065 588 614 I libPowerHal: perfUserRegScn - i:52, hdl:160767, pid:591, tid:1047
05-05 21:58:11.065 588 614 I libPowerHal: perfUserRegScn - i:53, hdl:160768, pid:591, tid:1047
05-05 21:58:11.065 588 615 I legacy_power@2.1-impl: scnReg hdl:160769
05-05 21:58:11.065 588 615 I legacy_power@2.1-impl: @Deprecated scnUnreg hdl:160768
05-05 21:58:11.065 588 615 I legacy_power@2.1-impl: @Deprecated scnConfig hdl:160769, cmd:5, param1:1, param2:0, param3:0, param4:0
05-05 21:58:11.066 588 615 I legacy_power@2.1-impl: @Deprecated scnEnable hdl:160769, timeout:1000
05-05 21:58:11.066 588 614 I libPowerHal: perfUserScnEnable - handle:160769
05-05 21:58:11.066 591 591 I MtkCam/ppl_context: [beginFlush] + <4Cell/1>
05-05 21:58:11.066 591 591 I mtkcam-InFlightRequest: [abort] +
05-05 21:58:11.066 588 614 I libPowerHal: 51: cpu_ctrl set freq: 1700000 -1 2000000 -1
05-05 21:58:11.066 591 591 I mtkcam-InFlightRequest: [abort] - frames:{ } being aborted (#0 in-flight frames)
05-05 21:58:11.066 591 591 I MtkCam/ppl_context: [kickRootNodes] kick 0x1 +
05-05 21:58:11.066 591 591 I MtkCam/ppl_context: [kickRootNodes] kick 0x1 - err:0
05-05 21:58:11.067 591 591 I MtkCam/P2/CaptureProcessor: [onWaitFlush] P2C cam 1: (0x760b164570) flush +, bgPreRelease:0
05-05 21:58:11.067 591 591 I MtkCam/P2/CaptureProcessor: [onWaitFlush] P2C cam 1: flush -
05-05 21:58:11.067 591 591 I MtkCam/ppl_context: [beginFlush] - <4Cell/1>
05-05 21:58:11.067 591 591 I MtkCam/ppl_context: [endFlush] + <4Cell/1>
05-05 21:58:11.067 591 591 I mtkcam-InFlightRequest: [waitUntilDrained] +
05-05 21:58:11.067 591 591 I mtkcam-InFlightRequest: [waitUntilDrained] -
05-05 21:58:11.068 591 591 I MtkCam/ppl_context: [endFlush] - <4Cell/1>
05-05 21:58:11.068 591 591 I mtkcam-PreReleaseRequest: [dump] ========== dump PreReleaseRequestMgr ===========
05-05 21:58:11.068 591 591 I mtkcam-PreReleaseRequest: [dump] ========== dump InFlightRequests(0) ============
05-05 21:58:11.068 591 591 I mtkcam-PreReleaseRequest: [dump] ========== dump PendingRequests(0) ============
05-05 21:58:11.068 591 591 I mtkcam-dev3_legacy: [1-session::tryRunCommandLocked] Run command onFlushLocked -
05-05 21:58:11.068 591 591 I AVSP : AVSPHal3InterfaceEntry.cpp: AVSP_flush: 397: (0) X
05-05 21:58:11.068 681 9356 D Camera3-Device: flush: mInterfaceLock.unlock()
05-05 21:58:11.068 681 9356 D Camera3-Device: waitUntilDrained: mInterfaceLock.unlock()
05-05 21:58:11.068 681 9356 I Camera3-Device: disconnectImpl: E
05-05 21:58:11.068 681 9356 D Camera3-Device: disconnectImpl: mInterfaceLock.lock()
05-05 21:58:11.068 681 9356 I CameraLatencyHistogram: ProcessCaptureRequest latency histogram (13) samples:
05-05 21:58:11.068 681 9356 I CameraLatencyHistogram: 40 80 120 160 200 240 280 320 360 inf (max ms)
05-05 21:58:11.068 681 9356 I CameraLatencyHistogram: 76.92 15.38 7.69 0.00 0.00 0.00 0.00 0.00 0.00 0.00 (%)
05-05 21:58:11.068 681 9356 D Camera3-Device: disconnectImpl: mInterfaceLock.unlock()
05-05 21:58:11.068 681 9356 D Camera3-Device: disconnectImpl: mInterfaceLock.lock()
05-05 21:58:11.068 681 9356 D Camera3-Device: CameraPerf: close E
05-05 21:58:11.068 591 591 I AVSP : AVSPHal3InterfaceEntry.cpp: AVSP_close_camera_hardware: 454: E
05-05 21:58:11.068 591 591 I mtkcam-dev3_legacy: [1-session::i_uninitialize] +
05-05 21:58:11.069 591 591 I MtkCam/ppl_context: [beginFlush] + <4Cell/1>
05-05 21:58:11.069 591 591 I mtkcam-InFlightRequest: [abort] +
05-05 21:58:11.069 591 591 I mtkcam-InFlightRequest: [abort] - frames:{ } being aborted (#0 in-flight frames)
05-05 21:58:11.069 591 591 I MtkCam/ppl_context: [kickRootNodes] kick 0x1 +
05-05 21:58:11.069 591 591 I MtkCam/ppl_context: [kickRootNodes] kick 0x1 - err:0
05-05 21:58:11.069 591 591 I MtkCam/P2/CaptureProcessor: [onWaitFlush] P2C cam 1: (0x760b164570) flush +, bgPreRelease:0
05-05 21:58:11.069 591 591 I MtkCam/P2/CaptureProcessor: [onWaitFlush] P2C cam 1: flush -
05-05 21:58:11.069 591 591 I MtkCam/ppl_context: [beginFlush] - <4Cell/1>
05-05 21:58:11.069 591 591 I MtkCam/ppl_context: [endFlush] + <4Cell/1>
05-05 21:58:11.069 591 591 I mtkcam-InFlightRequest: [waitUntilDrained] +
05-05 21:58:11.070 591 591 I mtkcam-InFlightRequest: [waitUntilDrained] -
05-05 21:58:11.070 591 591 I MtkCam/ppl_context: [endFlush] - <4Cell/1>
