05-05 21:58:01.518 591 6437 D CAM_CUS_MSDK: CAM_CUS_MSDK [unlockCustomTuningLibrary] Find sensor id 2021
05-05 21:58:01.518 591 6437 D CAM_CUS_MSDK: CAM_CUS_MSDK last item in sensorList found. i(5)
05-05 21:58:01.518 591 6437 D CAM_CUS_MSDK: CAM_CUS_MSDK SID 2021 data is found
05-05 21:58:01.518 591 6437 I Hal3AFlowCtrl: [uninit] -
05-05 21:58:01.518 591 6437 I Hal3Av3 : [uninit] Done m_rConfigInfo.i4SubsampleCount(1), User.count(0), User uninit(HalDeviceAdapter:1)
05-05 21:58:01.519 591 6437 I mtkcam-dev3_legacy: [1-session::tryRunCommandLocked] Run command onUninitializeLocked -
05-05 21:58:01.519 591 6437 I mtkcam-devicemgr: [detachOpenDeviceLocked] device: device@3.5/legacy/1 openTimestamp:05-05 21:58:00.862
05-05 21:58:01.519 591 6437 I mtkcam-dev3_legacy: [1-session::i_uninitialize] -
05-05 21:58:01.519 591 6437 I AVSP : AVSPHal3InterfaceEntry.cpp: AVSP_close_camera_hardware: 468: (0) X
05-05 21:58:01.519 588 615 I legacy_power@2.1-impl: @Deprecated scnDisable hdl:160754
05-05 21:58:01.520 588 614 I libPowerHal: perfUserScnDisable - handle:160754
05-05 21:58:01.520 681 8155 D Camera3-Device: CameraPerf: close X
05-05 21:58:01.520 681 8155 D Surface : Surface::disconnect(this=0xf2d24800,api=4)
05-05 21:58:01.521 588 615 I legacy_power@2.1-impl: @Deprecated scnUnreg hdl:160754
05-05 21:58:01.521 1030 1061 I BufferQueueProducer: [SurfaceTexture-0-1030-20085](this:0x747df7c000,id:20085,api:0,p:-1,c:1030) disconnect(P): api 4
05-05 21:58:01.521 588 615 I legacy_power@2.1-impl: @Deprecated scnDisable hdl:160755
05-05 21:58:01.521 588 614 I libPowerHal: perfUserScnDisable - handle:160755
05-05 21:58:01.521 681 8155 I CameraLatencyHistogram: Stream 0 dequeueBuffer latency histogram (12) samples:
05-05 21:58:01.521 681 8155 I CameraLatencyHistogram: 5 10 15 20 25 30 35 40 45 inf (max ms)
05-05 21:58:01.521 681 8155 I CameraLatencyHistogram: 100.00 0.00 0.00 0.00 0.00 0.00 0.00 0.00 0.00 0.00 (%)
05-05 21:58:01.521 681 8155 I CameraLatencyHistogram: Stream 0 enqueueBuffer latency histogram (8) samples:
05-05 21:58:01.522 681 8155 I CameraLatencyHistogram: 5 10 15 20 25 30 35 40 45 inf (max ms)
05-05 21:58:01.522 681 8155 I CameraLatencyHistogram: 100.00 0.00 0.00 0.00 0.00 0.00 0.00 0.00 0.00 0.00 (%)
05-05 21:58:01.522 681 8155 I Camera3-Device: disconnectImpl: X
05-05 21:58:01.522 681 8155 D Camera3-Device: disconnectImpl: mInterfaceLock.unlock()
05-05 21:58:01.522 681 8155 I Camera3-Device: disconnectImpl: E
05-05 21:58:01.522 681 8155 D Camera3-Device: disconnectImpl: mInterfaceLock.lock()
05-05 21:58:01.522 681 8155 D Camera3-Device: disconnectImpl: mInterfaceLock.unlock()
05-05 21:58:01.522 588 615 I legacy_power@2.1-impl: @Deprecated scnUnreg hdl:160755
05-05 21:58:01.522 681 8155 D CameraService: BasicClient::disconnect E
05-05 21:58:01.524 681 8155 I CameraService: finishCameraOps: Finish camera ops, package name = com.samsung.adaptivebrightnessgo, client UID = 5021
05-05 21:58:01.524 681 8155 I CameraService: this is a adaptive brightness service.
05-05 21:58:01.525 681 8155 I CameraService: Drop updateStatus callbak for package com.samsung.adaptivebrightnessgo(pid 1030)
05-05 21:58:01.525 681 8155 I CameraService: updateProxyDeviceState: notifyCameraState for Camera ID 1, newState 3, facing 1, clientName com.samsung.adaptivebrightnessgo, apiLevel 2
05-05 21:58:01.525 9371 11469 I CameraManagerGlobal: Camera 1 facing CAMERA_FACING_FRONT state now CAMERA_STATE_CLOSED for client com.samsung.adaptivebrightnessgo API Level 2
05-05 21:58:01.525 7710 28497 I CameraManagerGlobal: Camera 1 facing CAMERA_FACING_FRONT state now CAMERA_STATE_CLOSED for client com.samsung.adaptivebrightnessgo API Level 2
05-05 21:58:01.525 1030 12342 I CameraManagerGlobal: Camera 1 facing CAMERA_FACING_FRONT state now CAMERA_STATE_CLOSED for client com.samsung.adaptivebrightnessgo API Level 2
05-05 21:58:01.526 681 8155 I CameraService: this is a adaptive brightness service.
05-05 21:58:01.526 681 8155 I CameraFlashlight: deviceClosed: device 1 is closed, need to skip = 1
05-05 21:58:01.526 681 8155 I CameraFlashlight: Skip deviceClosed
05-05 21:58:01.526 681 8155 I CameraService: disconnect: Disconnected client for camera 1 for PID 1030
05-05 21:58:01.526 681 8155 D CameraService: BasicClient::disconnect X
05-05 21:58:01.526 1030 1061 D CameraLightSensor_Service: Camera released, time taken= 647 cameraLock= true
05-05 21:58:01.607 1198 1027 D MotionRecognitionService: values = 50.0
05-05 21:58:01.607 1198 1027 D MotionRecognitionService: onReceive lux: 50.0 action:
05-05 21:58:01.607 1198 1027 D MotionRecognitionService: Inject brightness form Cam 50.0
05-05 21:58:01.607 1198 1027 D MotionRecognitionService: Inject calibrated lux
05-05 21:58:01.607 580 656 I Sensors : AutoBrightnessSensor::inject_sensor_data: cam_lux 50
05-05 21:58:01.726 6988 21412 E memtrack: Couldn't load memtrack module
05-05 21:58:01.726 6988 21412 W android.os.Debug: failed to get memory consumption info: -1
05-05 21:58:01.807 1198 1027 D MotionRecognitionService: values = 50.0
05-05 21:58:01.807 1198 1027 D MotionRecognitionService: onReceive lux: 50.0 action:
05-05 21:58:01.808 1198 1027 D MotionRecognitionService: Inject brightness form Cam 50.0
05-05 21:58:01.808 1198 1027 D MotionRecognitionService: Inject calibrated lux
05-05 21:58:01.808 580 656 I Sensors : AutoBrightnessSensor::inject_sensor_data: cam_lux 50
05-05 21:58:01.942 1198 9721 D SamsungAlarmManager: Cancel Alarm calling from uid:10223 pid :6988 / op:PendingIntent{e09c650: PendingIntentRecord{6760049 com.google.android.gms startService}}
05-05 21:58:01.944 1198 9721 I SamsungAlarmManager: setLocked to kernel - T:2 / 20210505T220000, SetElapsed=5970712514, nowELAPSED=5970594458
05-05 21:58:01.944 1198 9721 I SamsungAlarmManager: setLocked to kernel - T:3 / 20210505T215809, SetElapsed=5970602435, nowELAPSED=5970594458
05-05 21:58:01.945 1198 9710 D SamsungAlarmManager: Cancel Alarm calling from uid:10223 pid :7010 / op:PendingIntent{5ca8d4e: PendingIntentRecord{6a01e6f com.google.android.gms startService}}
05-05 21:58:01.947 1198 9710 I SamsungAlarmManager: setLocked to kernel - T:2 / 20210505T215959, SetElapsed=5970712514, nowELAPSED=5970594462
05-05 21:58:01.948 1198 9710 I SamsungAlarmManager: setLocked to kernel - T:3 / 20210505T215809, SetElapsed=5970602435, nowELAPSED=5970594462
05-05 21:58:02.008 1198 1027 D MotionRecognitionService: values = 50.0
05-05 21:58:02.008 1198 1027 D MotionRecognitionService: onReceive lux: 50.0 action:
05-05 21:58:02.008 1198 1027 D MotionRecognitionService: Inject brightness form Cam 50.0
05-05 21:58:02.008 1198 1027 D MotionRecognitionService: Inject calibrated lux
05-05 21:58:02.009 580 656 I Sensors : AutoBrightnessSensor::inject_sensor_data: cam_lux 50
05-05 21:58:02.208 1198 1027 D MotionRecognitionService: values = 50.0
05-05 21:58:02.208 1198 1027 D MotionRecognitionService: onReceive lux: 50.0 action:
05-05 21:58:02.209 1198 1027 D MotionRecognitionService: Inject brightness form Cam 50.0
05-05 21:58:02.209 1198 1027 D MotionRecognitionService: Inject calibrated lux
05-05 21:58:02.209 580 656 I Sensors : AutoBrightnessSensor::inject_sensor_data: cam_lux 50
05-05 21:58:02.273 1198 9710 D ApplicationPolicy: isStatusBarNotificationAllowedAsUser: packageName = pan.alexander.tordnscrypt.stable,userId = 0
05-05 21:58:02.274 1198 9710 D API test: getContainerInfo: value is
05-05 21:58:02.274 1198 9710 D ApplicationPolicy: isStatusBarNotificationAllowedAsUser: packageName = pan.alexander.tordnscrypt.stable,userId = 0
05-05 21:58:02.275 1198 9710 D API test: getContainerInfo: value is
05-05 21:58:02.378 1198 1198 I EdgeLightingManager: isCallingUserSupported : callingUserId=0, mUserId=0, isDualAppId=false
05-05 21:58:02.378 1198 1198 I EdgeLightingManager: showForNotification : isInteractive=true, isHeadUp=false, color=0, sbn = StatusBarNotification(pkg=pan.alexander.tordnscrypt.stable user=UserHandle{0} id=101102 tag=null key=0|pan.alexander.tordnscrypt.stable|101102|null|10741: Notification(channel=InviZible pri=-2 contentView=null vibrate=null sound=null defaults=0x0 flags=0xa color=0x00000000 category=service vis=PRIVATE semFlags=0x0 semPriority=0 semMissedCount=0))
05-05 21:58:02.379 1198 1198 I EdgeLightingClientManager: isAvailableEdgeLighting: condition=1 mCondition=3 mIsConnected=false0
05-05 21:58:02.379 1198 1198 I EdgeLightingPolicyManager: isAcceptableApplication: pkg=pan.alexander.tordnscrypt.stable , range=256 , includeAllApp=false , userId=0 , infoRange=0 , infoCategory=0
05-05 21:58:02.379 1198 1198 W CoverManager: getCoverState : This device is not supported cover
05-05 21:58:02.379 1198 1198 I EdgeLightingPolicyManager: putNotification tickerText:false,titleText:true,text:true,sub:falsecn= + null
05-05 21:58:02.379 1198 1198 I EdgeLightingPolicyManager.NotificationGroup: Remove previous child data. 0|pan.alexander.tordnscrypt.stable|101102|null|10741
05-05 21:58:02.379 1198 1198 I EdgeLightingPolicyManager.NotificationGroup: group notification count : 30
05-05 21:58:02.379 1198 1198 I EdgeLightingManager: showForNotificationScreenOn Alert once notification. sbn: StatusBarNotification(pkg=pan.alexander.tordnscrypt.stable user=UserHandle{0} id=101102 tag=null key=0|pan.alexander.tordnscrypt.stable|101102|null|10741: Notification(channel=InviZible pri=-2 contentView=null vibrate=null sound=null defaults=0x0 flags=0xa color=0x00000000 category=service vis=PRIVATE semFlags=0x0 semPriority=0 semMissedCount=0))
05-05 21:58:02.382 7941 7941 D Launcher.NotificationListener: onNotificationPosted : pan.alexander.tordnscrypt.stable number : 0 listener : null
05-05 21:58:02.403 616 696 I BufferQueueProducer: [StatusBar$_7710#0](this:0x71656f4800,id:7,api:0,p:-1,c:616) queueBuffer: fps=0.76 dur=1307.61 max=1307.61 min=1307.61
05-05 21:58:02.409 1198 1027 D MotionRecognitionService: values = 50.0
05-05 21:58:02.409 1198 1027 D MotionRecognitionService: onReceive lux: 50.0 action:
05-05 21:58:02.409 1198 1027 D MotionRecognitionService: Inject brightness form Cam 50.0
05-05 21:58:02.409 1198 1027 D MotionRecognitionService: Inject calibrated lux
05-05 21:58:02.409 574 574 I hwcomposer: [HWCDisplay] [Display_0 (type:1)] fps:2.296575,dur:1306.29,max:897.61,min:50.60
05-05 21:58:02.410 580 656 I Sensors : AutoBrightnessSensor::inject_sensor_data: cam_lux 50
05-05 21:58:02.415 7710 7710 D swipe : !isFreemformEnabled
05-05 21:58:02.480 588 614 I libPowerHal: perfUserScnDisable - handle:160757
05-05 21:58:02.480 588 614 I libPowerHal: 50: cpu_ctrl set freq: -1 -1 -1 -1
05-05 21:58:02.610 1198 1027 D MotionRecognitionService: values = 50.0
05-05 21:58:02.610 1198 1027 D MotionRecognitionService: onReceive lux: 50.0 action:
05-05 21:58:02.610 1198 1027 D MotionRecognitionService: Inject brightness form Cam 50.0
05-05 21:58:02.610 1198 1027 D MotionRecognitionService: Inject calibrated lux
05-05 21:58:02.611 580 656 I Sensors : AutoBrightnessSensor::inject_sensor_data: cam_lux 50
05-05 21:58:02.811 1198 1027 D MotionRecognitionService: values = 50.0
05-05 21:58:02.811 1198 1027 D MotionRecognitionService: onReceive lux: 50.0 action:
05-05 21:58:02.811 1198 1027 D MotionRecognitionService: Inject brightness form Cam 50.0
05-05 21:58:02.811 1198 1027 D MotionRecognitionService: Inject calibrated lux
05-05 21:58:02.812 580 656 I Sensors : AutoBrightnessSensor::inject_sensor_data: cam_lux 50
05-05 21:58:03.012 1198 1027 D MotionRecognitionService: values = 50.0
05-05 21:58:03.012 1198 1027 D MotionRecognitionService: onReceive lux: 50.0 action:
05-05 21:58:03.012 1198 1027 D MotionRecognitionService: Inject brightness form Cam 50.0
05-05 21:58:03.013 1198 1027 D MotionRecognitionService: Inject calibrated lux
05-05 21:58:03.014 580 656 I Sensors : AutoBrightnessSensor::inject_sensor_data: cam_lux 50
05-05 21:58:03.212 1198 1027 D MotionRecognitionService: values = 50.0
05-05 21:58:03.212 1198 1027 D MotionRecognitionService: onReceive lux: 50.0 action:
05-05 21:58:03.213 1198 1027 D MotionRecognitionService: Inject brightness form Cam 50.0
05-05 21:58:03.213 1198 1027 D MotionRecognitionService: Inject calibrated lux
05-05 21:58:03.214 580 656 I Sensors : AutoBrightnessSensor::inject_sensor_data: cam_lux 50
05-05 21:58:03.413 1198 1027 D MotionRecognitionService: values = 50.0
05-05 21:58:03.413 1198 1027 D MotionRecognitionService: onReceive lux: 50.0 action:
05-05 21:58:03.413 1198 1027 D MotionRecognitionService: Inject brightness form Cam 50.0
05-05 21:58:03.413 1198 1027 D MotionRecognitionService: Inject calibrated lux
05-05 21:58:03.415 580 656 I Sensors : AutoBrightnessSensor::inject_sensor_data: cam_lux 50
05-05 21:58:03.614 1198 1027 D MotionRecognitionService: values = 50.0
05-05 21:58:03.614 1198 1027 D MotionRecognitionService: onReceive lux: 50.0 action:
05-05 21:58:03.614 1198 1027 D MotionRecognitionService: Inject brightness form Cam 50.0
05-05 21:58:03.614 1198 1027 D MotionRecognitionService: Inject calibrated lux
05-05 21:58:03.616 580 656 I Sensors : AutoBrightnessSensor::inject_sensor_data: cam_lux 50
05-05 21:58:03.815 1198 1027 D MotionRecognitionService: values = 50.0
05-05 21:58:03.815 1198 1027 D MotionRecognitionService: onReceive lux: 50.0 action:
05-05 21:58:03.815 1198 1027 D MotionRecognitionService: Inject brightness form Cam 50.0
05-05 21:58:03.816 1198 1027 D MotionRecognitionService: Inject calibrated lux
05-05 21:58:03.817 580 580 I Sensors : AutoBrightnessSensor::inject_sensor_data: cam_lux 50
05-05 21:58:03.871 405 405 I hwservicemanager: getTransport: Cannot find entry vendor.mediatek.hardware.mtkradioex@1.0::IMtkRadioEx/mtkAssist1 in either framework or device manifest.
05-05 21:58:03.873 405 405 I hwservicemanager: getTransport: Cannot find entry vendor.mediatek.hardware.mtkradioex@1.0::IMtkRadioEx/mtkAssist2 in either framework or device manifest.
05-05 21:58:03.875 405 405 I hwservicemanager: getTransport: Cannot find entry vendor.mediatek.hardware.mtkradioex@1.0::IMtkRadioEx/mtkCap1 in either framework or device manifest.
05-05 21:58:03.877 405 405 I hwservicemanager: getTransport: Cannot find entry vendor.mediatek.hardware.mtkradioex@1.0::IMtkRadioEx/mtkCap2 in either framework or device manifest.
05-05 21:58:04.016 1198 1027 D MotionRecognitionService: values = 50.0
05-05 21:58:04.016 1198 1027 D MotionRecognitionService: onReceive lux: 50.0 action:
05-05 21:58:04.017 1198 1027 D MotionRecognitionService: Inject brightness form Cam 50.0
05-05 21:58:04.017 1198 1027 D MotionRecognitionService: Inject calibrated lux
05-05 21:58:04.017 580 580 I Sensors : AutoBrightnessSensor::inject_sensor_data: cam_lux 50
05-05 21:58:04.084 1198 7565 E WifiVendorHal: getWifiLinkLayerStats_1_3_Internal(l.934) failed {.code = ERROR_NOT_SUPPORTED, .description = }
05-05 21:58:04.100 7710 7710 D SecStatusBarWifiView: updateState: WifiIconState(resId=2131232730, visible=true, activityId=2131232736)
05-05 21:58:04.101 7710 7764 D Tile.WifiTile: handleUpdateState isTransient=false transientEnabling =false cb.isTransient=false state.state = 2 mStateBeforeClick.value =false enabled =true
05-05 21:58:04.118 616 696 I BufferQueueProducer: [StatusBar$_7710#0](this:0x71656f4800,id:7,api:0,p:-1,c:616) queueBuffer: fps=1.17 dur=1714.48 max=1693.40 min=21.08
05-05 21:58:04.122 574 574 I hwcomposer: [HWCDisplay] [Display_0 (type:1)] fps:1.167527,dur:1713.02,max:1696.41,min:16.62
05-05 21:58:04.217 1198 1027 D MotionRecognitionService: values = 50.0
05-05 21:58:04.217 1198 1027 D MotionRecognitionService: onReceive lux: 50.0 action:
05-05 21:58:04.217 1198 1027 D MotionRecognitionService: Inject brightness form Cam 50.0
05-05 21:58:04.217 1198 1027 D MotionRecognitionService: Inject calibrated lux
05-05 21:58:04.218 580 580 I Sensors : AutoBrightnessSensor::inject_sensor_data: cam_lux 50
05-05 21:58:04.418 1198 1027 D MotionRecognitionService: values = 50.0
05-05 21:58:04.418 1198 1027 D MotionRecognitionService: onReceive lux: 50.0 action:
05-05 21:58:04.418 1198 1027 D MotionRecognitionService: Inject brightness form Cam 50.0
05-05 21:58:04.418 1198 1027 D MotionRecognitionService: Inject calibrated lux
05-05 21:58:04.420 580 580 I Sensors : AutoBrightnessSensor::inject_sensor_data: cam_lux 50
05-05 21:58:04.619 1198 1027 D MotionRecognitionService: values = 50.0
05-05 21:58:04.620 1198 1027 D MotionRecognitionService: onReceive lux: 50.0 action:
05-05 21:58:04.620 1198 1027 D MotionRecognitionService: Inject brightness form Cam 50.0
05-05 21:58:04.620 1198 1027 D MotionRecognitionService: Inject calibrated lux
05-05 21:58:04.621 580 656 I Sensors : AutoBrightnessSensor::inject_sensor_data: cam_lux 50
05-05 21:58:04.820 1198 1027 D MotionRecognitionService: values = 50.0
05-05 21:58:04.820 1198 1027 D MotionRecognitionService: onReceive lux: 50.0 action:
05-05 21:58:04.820 1198 1027 D MotionRecognitionService: Inject brightness form Cam 50.0
05-05 21:58:04.820 1198 1027 D MotionRecognitionService: Inject calibrated lux
05-05 21:58:04.821 580 580 I Sensors : AutoBrightnessSensor::inject_sensor_data: cam_lux 50
05-05 21:58:05.021 1198 1027 D MotionRecognitionService: values = 50.0
05-05 21:58:05.021 1198 1027 D MotionRecognitionService: onReceive lux: 50.0 action:
05-05 21:58:05.022 1198 1027 D MotionRecognitionService: Inject brightness form Cam 50.0
05-05 21:58:05.022 1198 1027 D MotionRecognitionService: Inject calibrated lux
05-05 21:58:05.022 580 580 I Sensors : AutoBrightnessSensor::inject_sensor_data: cam_lux 50
05-05 21:58:05.222 1198 1027 D MotionRecognitionService: values = 50.0
05-05 21:58:05.222 1198 1027 D MotionRecognitionService: onReceive lux: 50.0 action:
05-05 21:58:05.222 1198 1027 D MotionRecognitionService: Inject brightness form Cam 50.0
05-05 21:58:05.222 1198 1027 D MotionRecognitionService: Inject calibrated lux
05-05 21:58:05.223 580 580 I Sensors : AutoBrightnessSensor::inject_sensor_data: cam_lux 50
05-05 21:58:05.291 1198 9710 D ApplicationPolicy: isStatusBarNotificationAllowedAsUser: packageName = pan.alexander.tordnscrypt.stable,userId = 0
05-05 21:58:05.291 1198 9710 D API test: getContainerInfo: value is
05-05 21:58:05.292 1198 9710 D ApplicationPolicy: isStatusBarNotificationAllowedAsUser: packageName = pan.alexander.tordnscrypt.stable,userId = 0
05-05 21:58:05.292 1198 9710 D API test: getContainerInfo: value is
05-05 21:58:05.356 1198 2198 D InputReader: Btn_touch(2): value=1 when=3058596.589764
05-05 21:58:05.356 1198 2198 I InputReader: Touch event's action is 0x0 (id=2, t=0) [pCnt=1, s=0.40840 ] when=3058596.589764
05-05 21:58:05.357 1198 2197 I InputDispatcher: Delivering touch to (7710): action: 0x4, f=0x0, d=0, 'b72f582', t=1
05-05 21:58:05.357 1198 2197 I InputDispatcher: Delivering touch to (7710): action: 0x4, f=0x0, d=0, 'a6c29df', t=1
05-05 21:58:05.357 1198 2197 I InputDispatcher: Delivering touch to (7941): action: 0x0, f=0x0, d=0, '2d01f30', t=1
05-05 21:58:05.357 1198 2197 I InputDispatcher: Delivering touch to (7710): action: 0x0, f=0x3, d=0, '1db2d7c', t=1
05-05 21:58:05.358 7941 7941 I ViewRootImpl@8838a1[LauncherActivity]: ViewPostIme pointer 0
05-05 21:58:05.358 616 2238 I BufferQueueProducer: [Sprite#1](this:0x7186537000,id:32,api:0,p:-1,c:616) queueBuffer: fps=0.02 dur=51516.52 max=51516.52 min=51516.52
05-05 21:58:05.358 7941 7941 D BaseDragLayer: dispatchTouchEvent, ACTION_DOWN - mTouchDispatchState = 1
05-05 21:58:05.358 1198 2189 D PocketModeEvent: touch action : 0
05-05 21:58:05.358 7941 7941 D ASCTouchController: fromState = com.android.launcher3.uioverrides.states.AllAppsState@83aa063
05-05 21:58:05.358 7941 7941 D BaseDragLayer: findActiveController return false mTouchDispatchState = 1
05-05 21:58:05.360 7941 7941 D AppStartUtils: sendActiveLaunchBroadcast
05-05 21:58:05.360 7941 7941 D FastBitmapDrawable: animatePress : true immediate : false invalidate : true
05-05 21:58:05.360 1198 1244 D Sprites : image state surfaceDrawn w:87 h:87
05-05 21:58:05.361 1198 7673 I Pageboost: start active launch : com.yeti.browser
05-05 21:58:05.361 1198 7673 D ActivityTaskManager: Checking for the Active launch isPkgEverLaunched :true, isPkgStopped : false, isDataCleared :false, isAutoRunBlocked : false
05-05 21:58:05.362 1198 7716 I Pageboost: active launch for : com.yeti.browser , 1
05-05 21:58:05.362 1030 1030 D CameraLightSensor_Service: onReceive: com.samsung.DO_ACTIVE_LAUNCH
05-05 21:58:05.362 1030 1030 D CameraLightSensor_Service: Launcher icon clicked for : com.yeti.browser
05-05 21:58:05.362 1030 1030 D CameraLightSensor_Service: stopTask called
05-05 21:58:05.362 1198 9721 I PowerHalWrapper: phwperfLockAcq
05-05 21:58:05.362 1198 9721 I mtkperf_client: [perf_lock_acq] hdl:160750, dur:0, num:2
05-05 21:58:05.362 1198 7673 W ContextImpl: Calling a method in the system process without a qualified user: android.app.ContextImpl.startActivity:982 com.android.server.wm.ActivityTaskManagerService$ActiveLaunchReceiver.onReceive:1117 android.app.LoadedApk$ReceiverDispatcher$Args.lambda$getRunnable$0$LoadedApk$ReceiverDispatcher$Args:1646 android.app.-$$Lambda$LoadedApk$ReceiverDispatcher$Args$_BumDX2UKsnxLVrE6UJsJZkotuA.run:2 android.os.Handler.handleCallback:883
05-05 21:58:05.363 1198 9721 I mtkperf_client: perf_lock_acq, hdl:160750, dur:0, tid:9721
05-05 21:58:05.363 8249 21414 E pageboostd: active launch start : app comyetibrowser
05-05 21:58:05.363 588 615 I mtkpower@1.0-impl: perfLockAcquire hdl:160750, duration:0, reserved:9721
05-05 21:58:05.363 588 614 I powerd : [powerd_req] POWER_MSG_PERF_LOCK_ACQ: hdl:160750, duration:0
05-05 21:58:05.364 588 614 I libPowerHal: perf_lock_acq find match handle - handle:160750 idx:178
05-05 21:58:05.364 588 614 I libPowerHal: perfLockAcq hdl:160750 pid:1198 duration:0 pid_exist:1 => new_hdl:160750
05-05 21:58:05.364 588 614 I libPowerHal: [perfScnUpdate] scn:178, update
05-05 21:58:05.365 1198 7673 E ActivityTaskManager: TouchDown intent received, starting ActiveLaunch
05-05 21:58:05.365 588 614 E RilUtility: notify_rild_opt_info socket error
05-05 21:58:05.365 588 614 I powerd : [powerd_req] POWER_MSG_PERF_LOCK_ACQ: return hdl:160750
05-05 21:58:05.365 1198 7673 D ActivityTaskManager: starting Active launch
05-05 21:58:05.365 612 612 I lmkd : check proc pid launching app : 20505
05-05 21:58:05.366 1198 9721 I mtkperf_client: ret_hdl:160750
05-05 21:58:05.366 8249 21414 E pageboostd: comyetibrowser, amt 0 scnt 0 fcnt 0
05-05 21:58:05.366 546 546 E audit : type=1400 audit(1620232085.362:361179): avc: denied { search } for pid=8249 comm="pageboostd" name="com.google.android.gms" dev="mmcblk0p52" ino=4738 scontext=u:r:pageboostd:s0 tcontext=u:object_r:privapp_data_file:s0:c512,c768 tclass=dir permissive=0 SEPF_SM-A315F_10_0025 audit_filtered
05-05 21:58:05.367 546 546 E audit : type=1300 audit(1620232085.362:361179): arch=c00000b7 syscall=56 success=no exit=-13 a0=ffffff9c a1=78a4c51030 a2=0 a3=0 items=0 ppid=1 pid=8249 auid=4294967295 uid=1000 gid=1000 euid=1000 suid=1000 fsuid=1000 egid=1000 sgid=1000 fsgid=1000 tty=(none) ses=4294967295 comm="pageboostd" exe="/system/bin/pageboostd" subj=u:r:pageboostd:s0 key=(null)
05-05 21:58:05.367 546 546 E audit : type=1327 audit(1620232085.362:361179): proctitle="/system/bin/pageboostd"
05-05 21:58:05.367 546 546 E audit : type=1400 audit(1620232085.362:361180): avc: denied { search } for pid=8249 comm="pageboostd" name="com.google.android.gms" dev="mmcblk0p52" ino=4738 scontext=u:r:pageboostd:s0 tcontext=u:object_r:privapp_data_file:s0:c512,c768 tclass=dir permissive=0 SEPF_SM-A315F_10_0025 audit_filtered
05-05 21:58:05.367 8249 21414 E pageboostd: comyetibrowser, amt 3862528 scnt 6 fcnt 19
05-05 21:58:05.367 8249 21414 E pageboostd: active launch end : app comyetibrowser data_amount 3862528
05-05 21:58:05.377 7941 7941 D SwipeDetector: shouldScrollStart false Not Slop condition
05-05 21:58:05.377 7941 7941 D BaseDragLayer: findActiveController return false mTouchDispatchState = 1
05-05 21:58:05.385 1198 2198 D InputReader: Btn_touch(2): value=0 when=3058596.619462
05-05 21:58:05.385 1198 2198 I InputReader: Touch event's action is 0x1 (id=2, t=0) [pCnt=1, s=] when=3058596.619462
05-05 21:58:05.386 1198 2197 I InputDispatcher: Delivering touch to (7941): action: 0x1, f=0x0, d=0, '2d01f30', t=1
05-05 21:58:05.386 1198 2197 I InputDispatcher: Delivering touch to (7710): action: 0x1, f=0x3, d=0, '1db2d7c', t=1
05-05 21:58:05.386 7941 7941 I ViewRootImpl@8838a1[LauncherActivity]: ViewPostIme pointer 1
05-05 21:58:05.386 7941 7941 D BaseDragLayer: findActiveController return false mTouchDispatchState = 0
05-05 21:58:05.386 7941 7941 D FastBitmapDrawable: animatePress : false immediate : true invalidate : false
05-05 21:58:05.387 616 616 I BufferQueueProducer: [FramebufferSurface](this:0x716c6d1800,id:0,api:0,p:-1,c:616) queueBuffer: fps=0.77 dur=10383.88 max=10272.33 min=10.60
05-05 21:58:05.388 574 574 I hwcomposer: [HWCDisplay] [Display_0 (type:1)] fps:0.790097,dur:1265.67,max:1265.67,min:1265.67
05-05 21:58:05.389 7941 7941 D ItemClickHandler: Icon Clicked
05-05 21:58:05.389 7941 7941 D b/132900132: startAppShortcutOrInfoActivity
05-05 21:58:05.390 7941 7941 D b/132900132: startActivitySafely 1
05-05 21:58:05.390 616 2238 I BufferQueueProducer: [com.sec.android.app.launcher/com.sec.android.app.launcher.activities.LauncherActivity$_7941#0](this:0x7165918000,id:37043,api:0,p:-1,c:616) queueBuffer: fps=0.19 dur=10548.48 max=10460.49 min=87.99
05-05 21:58:05.390 616 616 I SurfaceFlinger: Display 0 HWC layers:
05-05 21:58:05.390 616 616 I SurfaceFlinger: type | handle | flag | format | source crop (l,t,r,b) | frame | name
05-05 21:58:05.390 616 616 I SurfaceFlinger: ------------+--------------+------+-----------+----------------------------+---------------------+------
05-05 21:58:05.390 616 616 I SurfaceFlinger: DEVICE | 0x71864a6b00 | 0002 | RGBA_8888 | 0.0 0.0 1080.0 2400.0 | 0 0 1080 2400 | com.android.systemui.ImageWallpaper$_7710#0
05-05 21:58:05.390 616 616 I SurfaceFlinger: DEVICE | 0x71864a3040 | 0000 | RGBA_8888 | 0.0 0.0 1080.0 2400.0 | 0 0 1080 2400 | com.sec.android.app.launcher/com.sec[...].activities.LauncherActivity$_7941#0
05-05 21:58:05.390 616 616 I SurfaceFlinger: DEVICE | 0x71864a46c0 | 0000 | RGBA_8888 | 0.0 0.0 1080.0 79.0 | 0 0 1080 79 | StatusBar$_7710#0
05-05 21:58:05.390 616 616 I SurfaceFlinger: DEVICE | 0x71656d0100 | 0000 | RGBA_8888 | 0.0 0.0 67.0 466.0 | 1013 492 1080 958 | com.samsung.android.app.cocktailbars[...]rservice.CocktailBarService$_25847#0
05-05 21:58:05.390 616 616 I SurfaceFlinger: DEVICE | 0x71656cf840 | 0000 | RGBA_8888 | 0.0 0.0 1080.0 126.0 | 0 2274 1080 2400 | NavigationBar0$_7710#0
05-05 21:58:05.390 616 616 I SurfaceFlinger: CURSOR | 0x7187e651c0 | 0000 | RGBA_8888 | 0.0
05-05 21:58:05.390 616 616 I SurfaceFlinger: 0.0 87.0 87.0 | 168 1830 255 1917 | Sprite#1
05-05 21:58:05.390 616 616 I SurfaceFlinger: CLIENT | 0x71864a4800 | 0000 | RGBA_8888 | 0.0 0.0 1080.0 181.0 | 0 0 1080 181 | ScreenDecorOverlay$_7710#0
05-05 21:58:05.390 616 616 I SurfaceFlinger: CLIENT | 0x7187e65080 | 0000 | RGBA_8888 | 0.0 0.0 1080.0 181.0 | 0 2219 1080 2400 | ScreenDecorOverlayBottom$_7710#0
05-05 21:58:05.390 616 616 I SurfaceFlinger:
05-05 21:58:05.391 1198 9710 I PowerHalWrapper: phwperfLockAcq
05-05 21:58:05.391 1198 9710 I mtkperf_client: [perf_lock_acq] hdl:1, dur:0, num:4
05-05 21:58:05.391 1198 9710 I mtkperf_client: perf_lock_acq, hdl:1, dur:0, tid:9710
05-05 21:58:05.392 588 615 I mtkpower@1.0-impl: perfLockAcquire hdl:1, duration:0, reserved:9710
05-05 21:58:05.392 588 614 I powerd : [powerd_req] POWER_MSG_PERF_LOCK_ACQ: hdl:1, duration:0
05-05 21:58:05.392 588 614 I libPowerHal: perf_lock_acq find match handle - handle:1 idx:177
05-05 21:58:05.392 588 614 I libPowerHal: perfLockAcq hdl:1 pid:1198 duration:0 pid_exist:1 => new_hdl:1
05-05 21:58:05.392 588 614 I libPowerHal: [perfScnUpdate] scn:177, update
05-05 21:58:05.393 588 614 E RilUtility: notify_rild_opt_info socket error
05-05 21:58:05.393 588 614 I powerd : [powerd_req] POWER_MSG_PERF_LOCK_ACQ: return hdl:1
05-05 21:58:05.394 1198 9710 I mtkperf_client: ret_hdl:1
05-05 21:58:05.394 1198 9710 I PowerHalWrapper: phwperfLockAcq
05-05 21:58:05.394 1198 9710 I mtkperf_client: [perf_lock_acq] hdl:160712, dur:0, num:2
05-05 21:58:05.395 1198 9710 I mtkperf_client: perf_lock_acq, hdl:160712, dur:0, tid:9710
05-05 21:58:05.395 588 615 I mtkpower@1.0-impl: perfLockAcquire hdl:160712, duration:0, reserved:9710
05-05 21:58:05.395 588 614 I powerd : [powerd_req] POWER_MSG_PERF_LOCK_ACQ: hdl:160712, duration:0
05-05 21:58:05.396 588 614 I libPowerHal: perfLockAcq hdl:160712 pid:1198 duration:0 pid_exist:1 => new_hdl:160758
05-05 21:58:05.396 588 614 I powerd : [powerd_req] POWER_MSG_PERF_LOCK_ACQ: return hdl:160758
05-05 21:58:05.397 1198 9710 I mtkperf_client: ret_hdl:160758
05-05 21:58:05.397 1198 9721 I PowerHalWrapper: phwperfLockAcq
05-05 21:58:05.397 1198 9721 I mtkperf_client: [perf_lock_acq] hdl:160713, dur:0, num:2
05-05 21:58:05.397 1198 9721 I mtkperf_client: perf_lock_acq, hdl:160713, dur:0, tid:9721
05-05 21:58:05.397 588 615 I mtkpower@1.0-impl: perfLockAcquire hdl:160713, duration:0, reserved:9721
05-05 21:58:05.398 588 614 I powerd : [powerd_req] POWER_MSG_PERF_LOCK_ACQ: hdl:160713, duration:0
05-05 21:58:05.398 588 614 I libPowerHal: perfLockAcq hdl:160713 pid:1198 duration:0 pid_exist:1 => new_hdl:160759
05-05 21:58:05.398 1198 1198 I EdgeLightingManager: isCallingUserSupported : callingUserId=0, mUserId=0, isDualAppId=false
05-05 21:58:05.398 588 614 I libPowerHal: 180: cpu_ctrl set freq: 1700000 -1 -1 -1
05-05 21:58:05.399 588 614 I powerd : [powerd_req] POWER_MSG_PERF_LOCK_ACQ: return hdl:160759
05-05 21:58:05.399 1198 1198 I EdgeLightingManager: showForNotification : isInteractive=true, isHeadUp=false, color=0, sbn = StatusBarNotification(pkg=pan.alexander.tordnscrypt.stable user=UserHandle{0} id=101102 tag=null key=0|pan.alexander.tordnscrypt.stable|101102|null|10741: Notification(channel=InviZible pri=-2 contentView=null vibrate=null sound=null defaults=0x0 flags=0xa color=0x00000000 category=service vis=PRIVATE semFlags=0x0 semPriority=0 semMissedCount=0))
05-05 21:58:05.399 1198 1198 I EdgeLightingClientManager: isAvailableEdgeLighting: condition=1 mCondition=3 mIsConnected=false0
05-05 21:58:05.399 1198 1198 I EdgeLightingPolicyManager: isAcceptableApplication: pkg=pan.alexander.tordnscrypt.stable , range=256 , includeAllApp=false , userId=0 , infoRange=0 , infoCategory=0
05-05 21:58:05.399 1198 1198 W CoverManager: getCoverState : This device is not supported cover
05-05 21:58:05.399 1198 9721 I mtkperf_client: ret_hdl:160759
05-05 21:58:05.399 1198 1198 I EdgeLightingPolicyManager: putNotification tickerText:false,titleText:true,text:true,sub:falsecn= + null
05-05 21:58:05.399 1198 1198 I EdgeLightingPolicyManager.NotificationGroup: Remove previous child data. 0|pan.alexander.tordnscrypt.stable|101102|null|10741
05-05 21:58:05.399 1198 7845 I PowerHalWrapper: phwperfLockAcq
05-05 21:58:05.399 1198 1198 I EdgeLightingPolicyManager.NotificationGroup: group notification count : 30
05-05 21:58:05.399 1198 7845 I mtkperf_client: [perf_lock_acq] hdl:160724, dur:0, num:2
05-05 21:58:05.399 1198 7845 I mtkperf_client: perf_lock_acq, hdl:160724, dur:0, tid:7845
05-05 21:58:05.400 1198 1198 I EdgeLightingManager: showForNotificationScreenOn Alert once notification. sbn: StatusBarNotification(pkg=pan.alexander.tordnscrypt.stable user=UserHandle{0} id=101102 tag=null key=0|pan.alexander.tordnscrypt.stable|101102|null|10741: Notification(channel=InviZible pri=-2 contentView=null vibrate=null sound=null defaults=0x0 flags=0xa color=0x00000000 category=service vis=PRIVATE semFlags=0x0 semPriority=0 semMissedCount=0))
05-05 21:58:05.400 588 615 I mtkpower@1.0-impl: perfLockAcquire hdl:160724, duration:0, reserved:7845
05-05 21:58:05.400 588 614 I powerd : [powerd_req] POWER_MSG_PERF_LOCK_ACQ: hdl:160724, duration:0
05-05 21:58:05.400 588 614 I libPowerHal: perfLockAcq hdl:160724 pid:1198 duration:0 pid_exist:1 => new_hdl:160760
05-05 21:58:05.400 588 614 I libPowerHal: 181: set gpu level: 6
05-05 21:58:05.400 7941 7941 D ActivityOptions: makeRemoteAnimation, adapter=android.view.RemoteAnimationAdapter@95144fb, caller=com.android.systemui.shared.system.ActivityOptionsCompat.makeRemoteAnimation:68 com.android.launcher3.QuickstepAppTransitionManagerImpl.getActivityLaunchOptions:354 com.android.launcher3.Launcher.getActivityLaunchOptions:3202
05-05 21:58:05.400 7941 7941 D BaseDraggingActivity: startActivitySafely isShortcutfalse
05-05 21:58:05.400 7941 7941 D b/132900132: startActivitySafely 2
05-05 21:58:05.400 588 614 I libPowerHal: 181: set gpu level max: 0
05-05 21:58:05.401 588 614 I powerd : [powerd_req] POWER_MSG_PERF_LOCK_ACQ: return hdl:160760
05-05 21:58:05.401 1198 7845 I mtkperf_client: ret_hdl:160760
05-05 21:58:05.401 1198 7845 I PowerHalWrapper: phwperfLockAcq
05-05 21:58:05.401 1198 7845 I mtkperf_client: [perf_lock_acq] hdl:160725, dur:0, num:2
05-05 21:58:05.402 1198 7845 I mtkperf_client: perf_lock_acq, hdl:160725, dur:0, tid:7845
05-05 21:58:05.402 588 615 I mtkpower@1.0-impl: perfLockAcquire hdl:160725, duration:0, reserved:7845
05-05 21:58:05.402 588 614 I powerd : [powerd_req] POWER_MSG_PERF_LOCK_ACQ: hdl:160725, duration:0
05-05 21:58:05.402 588 614 I libPowerHal: perfLockAcq hdl:160725 pid:1198 duration:0 pid_exist:1 => new_hdl:160761
05-05 21:58:05.403 588 614 I libPowerHal: [perfScnEnable] (less) /proc/mcdi/state set +prefix:enable 0;
05-05 21:58:05.403 588 614 I powerd : [powerd_req] POWER_MSG_PERF_LOCK_ACQ: return hdl:160761
05-05 21:58:05.403 1198 7845 I mtkperf_client: ret_hdl:160761
05-05 21:58:05.404 1198 7845 D CustomFrequencyManagerService: acquireDVFSLockLocked : type : DVFS_MIN_LIMIT frequency : 2000000 uid : 1000 pid : 1198 pkgName : APP_LAUNCH@CPU_MIN@7
05-05 21:58:05.405 1198 9721 I ActivityTaskManager: START u0 {act=android.intent.action.MAIN cat=[android.intent.category.LAUNCHER] flg=0x10200000 cmp=com.yeti.browser/com.google.android.apps.chrome.Main bnds=[39,1791][286,2167]} from uid 10131
05-05 21:58:05.411 1198 9721 I PowerHalWrapper: phwperfLockAcq
05-05 21:58:05.411 1198 9721 I mtkperf_client: [perf_lock_acq] hdl:160760, dur:0, num:2
05-05 21:58:05.411 1198 9721 I mtkperf_client: perf_lock_acq, hdl:160760, dur:0, tid:9721
05-05 21:58:05.411 588 615 I mtkpower@1.0-impl: perfLockAcquire hdl:160760, duration:0, reserved:9721
05-05 21:58:05.412 588 614 I powerd : [powerd_req] POWER_MSG_PERF_LOCK_ACQ: hdl:160760, duration:0
05-05 21:58:05.412 588 614 I libPowerHal: perf_lock_acq find match handle - handle:160760 idx:181
05-05 21:58:05.412 588 614 I libPowerHal: perfLockAcq hdl:160760 pid:1198 duration:0 pid_exist:1 => new_hdl:160760
05-05 21:58:05.412 588 614 I libPowerHal: [perfScnUpdate] scn:181, update
05-05 21:58:05.412 588 614 I libPowerHal: 181: set gpu level: 0
05-05 21:58:05.412 588 614 I libPowerHal: 181: set gpu level max: 0
05-05 21:58:05.412 588 614 E RilUtility: notify_rild_opt_info socket error
05-05 21:58:05.412 588 614 I powerd : [powerd_req] POWER_MSG_PERF_LOCK_ACQ: return hdl:160760
05-05 21:58:05.413 1198 9721 I mtkperf_client: ret_hdl:160760
05-05 21:58:05.413 1198 9721 I PowerHalWrapper: perfLockRel
05-05 21:58:05.413 1198 9721 I mtkperf_client: perf_lock_rel, hdl:160761, tid:9721
05-05 21:58:05.413 1198 9721 I PowerHalWrapper: phwperfLockAcq
05-05 21:58:05.413 1198 9721 I mtkperf_client: [perf_lock_acq] hdl:160761, dur:0, num:2
05-05 21:58:05.413 1198 9721 I mtkperf_client: perf_lock_acq, hdl:160761, dur:0, tid:9721
05-05 21:58:05.413 588 615 I mtkpower@1.0-impl: perfLockRelease hdl:160761 reserved:9721
05-05 21:58:05.414 588 614 I powerd : [powerd_req] POWER_MSG_PERF_LOCK_REL: hdl:160761
05-05 21:58:05.414 588 614 E libPowerHal: perfLockRel handle:160761
05-05 21:58:05.414 588 614 I libPowerHal: [perfScnUpdate] (less) /proc/mcdi/state set +prefix:enable 1;
05-05 21:58:05.414 588 615 I mtkpower@1.0-impl: perfLockAcquire hdl:160761, duration:0, reserved:9721
05-05 21:58:05.415 588 614 I powerd : [powerd_req] POWER_MSG_PERF_LOCK_ACQ: hdl:160761, duration:0
05-05 21:58:05.415 588 614 I libPowerHal: perfLockAcq hdl:160761 pid:1198 duration:0 pid_exist:1 => new_hdl:160762
05-05 21:58:05.415 588 614 I libPowerHal: [perfScnEnable] (less) /proc/mcdi/state set +prefix:enable 0;
05-05 21:58:05.415 588 614 I powerd : [powerd_req] POWER_MSG_PERF_LOCK_ACQ: return hdl:160762
05-05 21:58:05.415 1198 9721 I mtkperf_client: ret_hdl:160762
05-05 21:58:05.415 1198 9721 D CustomFrequencyManagerService: acquireDVFSLockLocked : type : DVFS_MIN_LIMIT frequency : 2000000 uid : 1000 pid : 1198 pkgName : AMS_APP_SWITCH@CPU_MIN@40
05-05 21:58:05.416 1198 9721 D ActivityManagerPerformance: AMP_acquire() APP_SWITCH
05-05 21:58:05.416 1198 9721 D ActivityTaskManager: MultiTaskingTaskLaunchParamsModifier:task=null display-from-source=0 display-id=0 display-windowing-mode=1
05-05 21:58:05.417 1198 9721 D ActivityTaskManager: MultiTaskingTaskLaunchParamsModifier:task=null display-from-source=0 display-id=0 display-windowing-mode=1 activity-options-fullscreen=Rect(0, 0 - 0, 0) non-freeform-display maximized-bounds
05-05 21:58:05.418 616 696 I SurfaceFlinger: id=170969 createSurf (0x0),-1 flag=80004, Stack=3411#0
05-05 21:58:05.419 616 696 I SurfaceFlinger: id=170970 createSurf (0x0),-1 flag=20004, animation background stackId=3411#0
05-05 21:58:05.420 1198 9721 D ActivityTaskManager: MultiTaskingTaskLaunchParamsModifier:tid=3232 display-from-task=0 display-id=0 display-windowing-mode=1 activity-options-fullscreen=Rect(0, 0 - 0, 0) non-freeform-display maximized-bounds
05-05 21:58:05.421 616 696 I SurfaceFlinger: id=170971 createSurf (0x0),-1 flag=80004, Task=3232#0
05-05 21:58:05.422 1198 9721 D ActivityTaskManager: updateMinimizedState: unknown notifyReason=2
05-05 21:58:05.422 588 615 I power@1.3-impl: powerHintInternal hint:8, data:1
05-05 21:58:05.423 1198 1027 D MotionRecognitionService: values = 50.0
05-05 21:58:05.423 1198 1027 D MotionRecognitionService: onReceive lux: 50.0 action:
05-05 21:58:05.423 1198 1027 D MotionRecognitionService: Inject brightness form Cam 50.0
05-05 21:58:05.423 1198 1027 D MotionRecognitionService: Inject calibrated lux
05-05 21:58:05.423 616 696 I SurfaceFlinger: id=170972 createSurf (0x0),-1 flag=80004, AppWindowToken{3300f68 token=Token{eba328b ActivityRecord{8c6305a u0 com.yeti.browser/com.google.android.apps.chrome.Main t3232}}}#0
05-05 21:58:05.423 580 580 I Sensors : AutoBrightnessSensor::inject_sensor_data: cam_lux 50
05-05 21:58:05.424 1198 9721 V WindowManager: Prepare app transition: transit=TRANSIT_TASK_OPEN mNextAppTransition=TRANSIT_UNSET alwaysKeepCurrent=false displayId=0 Callers=com.android.server.wm.DisplayContent.prepareAppTransition:6365 com.android.server.wm.DisplayContent.prepareAppTransition:6359 com.android.server.wm.ActivityStack.startActivityLocked:3999 com.android.server.wm.ActivityStarter.startActivityUnchecked:2924 com.android.server.wm.ActivityStarter.startActivity:2180
05-05 21:58:05.428 7941 7941 D UserEvent:
05-05 21:58:05.428 7941 7941 D UserEvent: -----------------------------------------------------
05-05 21:58:05.428 7941 7941 D UserEvent: action:TAP
05-05 21:58:05.428 7941 7941 D UserEvent: Source child:APP_ICON, packageHash=1231411047, componentHash=-1107331088, intentHash=53875531, predictiveRank=-100, grid(0,4), span(1,1), pageIdx=2 parent:ALLAPPS
05-05 21:58:05.428 7941 7941 D UserEvent: Elapsed container 10571 ms, session 10571 ms, action 0 ms
05-05 21:58:05.428 7941 7941 D UserEvent:
05-05 21:58:05.429 7941 7941 D Launcher.NotificationListener: onNotificationPosted : pan.alexander.tordnscrypt.stable number : 0 listener : null
05-05 21:58:05.431 1198 1198 I Pageboost: package com.yeti.browser
05-05 21:58:05.431 1198 1198 I Pageboost: stop active launch
05-05 21:58:05.433 7941 7941 D PageOverlayMover: updateActivityLifecycleState : 3
05-05 21:58:05.433 1198 1244 D GameSDK@LifeCycle: onFocusedStackChanged(): focusedStackInfo: Stack id=3411 bounds=[0,0][1080,2400] displayId=0 userId=0
05-05 21:58:05.433 1198 1244 D GameSDK@LifeCycle: configuration={1.1 ?mcc?mnc [en_GB] ldltr sw411dp w411dp h836dp 420dpi nrml long port finger -keyb/v/h -nav/h winConfig={ mBounds=Rect(0, 0 - 1080, 2400) mAppBounds=Rect(0, 79 - 1080, 2274) mWindowingMode=fullscreen mDisplayWindowingMode=fullscreen mActivityType=standard mAlwaysOnTop=undefined mRotation=ROTATION_0} s.6152 bts=0 ff=0 bf=0 themeSeq=0}
05-05 21:58:05.433 1198 1244 D GameSDK@LifeCycle: taskId=3232: com.yeti.browser/com.google.android.apps.chrome.Main bounds=[0,0][1080,2400] userId=0 visible=true topActivity=ComponentInfo{com.yeti.browser/com.google.android.apps.chrome.Main}
05-05 21:58:05.433 7941 7941 D SPayUpdater: updateSpayHandler launcher activity is paused false
05-05 21:58:05.433 8249 8249 E pageboostd: Received HALT command code 2
05-05 21:58:05.433 17364 22563 I PageOverlayServiceImpl: [FROM HOME] updateActivityLifecycleState : 3
05-05 21:58:05.434 1198 9721 V WindowManager: Prepare app transition: transit=TRANSIT_TASK_OPEN mNextAppTransition=TRANSIT_TASK_OPEN alwaysKeepCurrent=false displayId=0 Callers=com.android.server.wm.DisplayContent.prepareAppTransition:6365 com.android.server.wm.DisplayContent.prepareAppTransition:6359 com.android.server.wm.ActivityStack.resumeTopActivityInnerLocked:3554 com.android.server.wm.ActivityStack.resumeTopActivityUncheckedLocked:3154 com.android.server.wm.RootActivityContainer.resumeFocusedStacksTopActivities:1246
05-05 21:58:05.434 7941 8008 D SamsungAnalytics605030: [Utils] dma pkg:670401000
05-05 21:58:05.435 1198 9721 V WindowManager: rotationForOrientation(orient=5, last=0); user=0
05-05 21:58:05.435 1198 9721 V WindowOrientationListener: getProposedRotation: -1
05-05 21:58:05.435 1198 9721 V WindowManager: Computed rotation=0 for display id=0 based on lastOrientation=5 and oldRotation=0, caller=com.android.server.wm.DisplayContent.updateOrientationFromAppTokens:1553 com.android.server.wm.DisplayContent.updateOrientationFromAppTokens:1507 com.android.server.wm.RootActivityContainer.ensureVisibilityAndConfig:688 com.android.server.wm.ActivityStackSupervisor.realStartActivityLocked:1009 com.android.server.wm.ActivityStackSupervisor.startSpecificActivityLocked:1303 com.android.server.wm.ActivityStack.resumeTopActivityInnerLocked:3785
05-05 21:58:05.436 1198 9721 D GamePkgDataHelper: notifyAppCreate(), pkgName: com.yeti.browser, sendRet: true
05-05 21:58:05.436 1198 7670 D GameManagerService: onLooperPrepared(), msg: { when=0 what=10010 obj=com.yeti.browser target=com.samsung.android.game.GameManagerService$FgCheckThread$1 }
05-05 21:58:05.436 1198 7670 D GameManagerService: handleMessage(), received MSG_APP_CREATE of pkgName: com.yeti.browser
05-05 21:58:05.437 1198 9721 D InputDispatcher: Focused application set to (0): 3300f68
05-05 21:58:05.437 1198 9721 V WindowManager: Changing focus from Window{2d01f30 u0 com.sec.android.app.launcher/com.sec.android.app.launcher.activities.LauncherActivity} to null displayId=0 Callers=com.android.server.wm.RootWindowContainer.updateFocusedWindowLocked:204 com.android.server.wm.WindowManagerService.updateFocusedWindowLocked:6453 com.android.server.wm.ActivityDisplay.setFocusedApp:1686 com.android.server.wm.ActivityTaskManagerService.setResumedActivityUncheckLocked:6980 com.android.server.wm.ActivityStack.onActivityStateChanged:664 com.android.server.wm.TaskRecord.onActivityStateChanged:2425
05-05 21:58:05.438 1198 9721 D MARsPolicyManager: onPackageResumedFG pkgName = com.yeti.browser, userId = 0
05-05 21:58:05.441 616 696 I BufferQueueProducer: [StatusBar$_7710#0](this:0x71656f4800,id:7,api:0,p:-1,c:616) queueBuffer: fps=0.76 dur=1322.98 max=1322.98 min=1322.98
05-05 21:58:05.450 1198 9721 W WindowManager: Execute app transition: mNextAppTransition=TRANSIT_TASK_OPEN, displayId: 0 Callers=com.android.server.wm.RootActivityContainer.executeAppTransitionForAllDisplay:1154 com.android.server.wm.ActivityStackSupervisor.reportResumedActivityLocked:2692 com.android.server.wm.ActivityRecord.completeResumeLocked:2704 com.android.server.wm.ActivityStack.minimalResumeActivityLocked:1830 com.android.server.wm.ActivityStackSupervisor.realStartActivityLocked:1214
05-05 21:58:05.456 1198 1244 D GameSDK@LifeCycle: onFocusedPackageChanged(): newPkgName: com.yeti.browser, newPid: 20505
05-05 21:58:05.457 1198 1244 D MdnieScenarioControlService: MultiWindowState : false , mode : 0
05-05 21:58:05.457 1198 1244 D GameManagerService: MultiWindowEventListener.onFocusedStackChanged()
05-05 21:58:05.458 1198 1244 D GameManagerService: getForegroundPair(), state=0, bounds=[0,0][1080,2400], displayId=0, userId=0, taskName=com.yeti.browser/com.google.android.apps.chrome.Main
05-05 21:58:05.458 1198 1244 D GameManagerService: sendPauseConditionally() - mPrevNotiPackage: com.sec.android.app.myfiles
05-05 21:58:05.458 1198 1244 D GameManagerService: MultiWindowEventListener.onFocusedStackChanged(), pkgName: com.yeti.browser, clsName: com.google.android.apps.chrome.Main, fgActivityName:com.yeti.browser/com.google.android.apps.chrome.Main, userID:0
05-05 21:58:05.458 1198 7670 D GameManagerService: onLooperPrepared(), msg: { when=0 what=10000 obj=ComponentInfo{com.yeti.browser/com.google.android.apps.chrome.Main} target=com.samsung.android.game.GameManagerService$FgCheckThread$1 }
05-05 21:58:05.458 1198 7670 D GameManagerService: sendPauseConditionally() - mPrevNotiPackage: com.sec.android.app.myfiles
05-05 21:58:05.458 1198 7670 D GameManagerService: notifyResumePause(). of pkg: com.yeti.browser, type: 4, isMinimized: false, isTunableApp: false
05-05 21:58:05.458 1198 7670 D GameManagerService: notifyResumePause(). do nothing. mKillNotiCount: 1
05-05 21:58:05.458 1198 7670 D GameManagerService:NetworkLimit: callRelease
05-05 21:58:05.461 9312 9340 D DMASA[S]: [SaProvider]get log ok : 4C7-399-5010210
05-05 21:58:05.463 1198 1242 D CodecSolution: isMaxAspectPackageEx: com.yeti.browser : false(0)
05-05 21:58:05.466 7941 9431 D SamsungAnalytics605030: SendLog Result = 0
05-05 21:58:05.467 7710 7710 D swipe : !isFreemformEnabled
05-05 21:58:05.464 1198 7604 D PkgPredictorService: com.yeti.browser go to foreground!
05-05 21:58:05.468 1198 7604 E PkgPredictorService-Collector: record changed bt=0 wifi=1 screen=0
05-05 21:58:05.468 1198 7604 D PkgPredictorService: previous pkgs: com.yeti.browser,com.yeti.browser,org.mozilla.focus.debug running pkg: com.yeti.browser, uid: 0 is system: false
05-05 21:58:05.468 1198 7604 D PkgPredictorService-Collector: save record...
05-05 21:58:05.468 1198 7604 D PkgPredictorService-Collector: (hour:21 day:4 previous:[com.yeti.browser, com.yeti.browser, org.mozilla.focus.debug] activityName:unknown running:com.yeti.browser userId:0 screenOrientation:0 wifi:1 bt:0 predictTime:0 apkVersion:1.0 consumeTime:-1 preloaded:false>)
05-05 21:58:05.468 1198 7604 D PkgPredictorService-NapPreloadController: User using: com.yeti.browser
05-05 21:58:05.468 1198 7604 I PkgPredictorService-NapClassifier: RF predict version:1620161067456
05-05 21:58:05.468 1198 7604 I RandomForest: predict3: {51.0=3, 53.0=20, 106.0=1, 14.0=2, 31.0=24}
05-05 21:58:05.468 1198 7604 I RandomForest: Labels: 31.0,53.0,51.0,
05-05 21:58:05.469 1198 7604 D PkgPredictorService-NapClassifier: 0_&_org.chromium.chrome uninstalled
05-05 21:58:05.470 1198 7604 D PkgPredictorService-NapClassifier: Predict result: 31.0,53.0,51.0, - [0_&_com.android.chrome, 0_&_com.myeasycareinhome]
05-05 21:58:05.470 1198 7604 D PkgPredictorService-NapPreloadController: preloadWithUid pkg: [com.android.chrome] Uid: [0]
05-05 21:58:05.472 1198 7604 D seedbed-SeedbedAppInfoWrapper: AppInfoLists uid:10746 pkgname:com.yeti.browser exist
05-05 21:58:05.472 1198 7604 D seedbed-SeedbedPreloadController: processForegroundChanged: com.yeti.browser
05-05 21:58:05.472 1198 7604 D seedbed-SeedbedAppInfoWrapper: AppInfoLists uid:10746 pkgname:com.yeti.browser exist
05-05 21:58:05.472 1198 7604 D seedbed-SeedbedAppInfoWrapper: deleteAppInfoFromLists uid:10746 pkgname:com.yeti.browser
05-05 21:58:05.472 1198 7604 D seedbed-SeedbedAppInfoWrapper: delete:com.yeti.browserlen:0
05-05 21:58:05.473 1198 7845 D InputDispatcher: Focus left window (7941): 2d01f30 in display 0 0
05-05 21:58:05.474 7710 7710 D DividerPanelController: showDividerPanelView - isVisible : false, isAnimate : false, isTransient : false
05-05 21:58:05.474 7710 7710 D DividerPanelView: updateDividerPanelVisibility - isVisible : false
05-05 21:58:05.475 25847 27580 I TrayUsageStatesWatcher: notePauseComponent : ComponentInfo{com.sec.android.app.launcher/com.android.launcher3.Launcher}, 4
05-05 21:58:05.475 1198 1244 D GameManagerService: notePauseComponent(), received paused-component: com.sec.android.app.launcher
05-05 21:58:05.476 1198 7604 D seedbed-SeedbedPreloadController: Sent pkg = com.yeti.browser uid:10746 changePackageADJ type: 1
05-05 21:58:05.477 1198 8034 D ActivityManager: [SD] seedbedListout pkg:com.yeti.browser out type=1
05-05 21:58:05.481 20505 20505 D cr_LibraryLoader: [LibraryLoader.java:354] Forcing system linker, relocations will not be shared. This negatively impacts memory usage.
05-05 21:58:05.482 1198 8034 D ActivityManager: [SD] seedbedListout pkg:com.yeti.browser out type=ACTION_LISTOUT_NORMAL_LAUNCH
05-05 21:58:05.482 1198 1244 I WindowManager: Focus moving from Window{2d01f30 u0 com.sec.android.app.launcher/com.sec.android.app.launcher.activities.LauncherActivity} to null displayId=0
05-05 21:58:05.482 1198 1244 I WindowManager: Losing focus: Window{2d01f30 u0 com.sec.android.app.launcher/com.sec.android.app.launcher.activities.LauncherActivity}
05-05 21:58:05.482 20505 20505 D cr_LibraryLoader: [LibraryLoader.java:325] Configuration: useChromiumLinker() = false, mUseModernLinker = false
05-05 21:58:05.482 7941 7941 I ViewRootImpl@8838a1[LauncherActivity]: MSG_WINDOW_FOCUS_CHANGED 0 1
05-05 21:58:05.483 7941 7941 D InputMethodManager: prepareNavigationBarInfo() DecorView@7a515f8[LauncherActivity]
05-05 21:58:05.483 7941 7941 D InputMethodManager: getNavigationBarColor() 0
