05-05 21:58:27.955 588 615 I legacy_power@2.1-impl: @Deprecated scnConfig hdl:160791, cmd:73, param1:1, param2:0, param3:0, param4:0
05-05 21:58:27.956 588 615 I legacy_power@2.1-impl: @Deprecated scnEnable hdl:160791, timeout:0
05-05 21:58:27.956 588 614 I libPowerHal: perfUserScnEnable - handle:160791
05-05 21:58:27.956 1198 1255 D BatteryExternalStatsWorker: done updateExternalStatsLocked
05-05 21:58:27.957 1198 10623 W system_server: Long monitor contention with owner Binder:1198_1C (9721) at int com.android.server.am.ActivityManagerService.bindIsolatedService(android.app.IApplicationThread, android.os.IBinder, android.content.Intent, java.lang.String, android.app.IServiceConnection, int, java.lang.String, java.lang.String, int)(ActivityManagerService.java:17020) waiters=1 in void com.android.server.am.ActivityManagerService.serviceDoneExecuting(android.os.IBinder, int, int, int) for 348ms
05-05 21:58:27.958 1198 9336 W system_server: Long monitor contention with owner Binder:1198_1C (9721) at int com.android.server.am.ActivityManagerService.bindIsolatedService(android.app.IApplicationThread, android.os.IBinder, android.content.Intent, java.lang.String, android.app.IServiceConnection, int, java.lang.String, java.lang.String, int)(ActivityManagerService.java:17020) waiters=2 in boolean com.android.server.am.ActivityManagerService.stopServiceToken(android.content.ComponentName, android.os.IBinder, int) for 347ms
05-05 21:58:27.959 591 1194 I mtkcam-dev3_legacy: [1-session::tryRunCommandLocked] Run command onInitialLocked -
05-05 21:58:27.960 588 615 I legacy_power@2.1-impl: @Deprecated scnConfig hdl:160792, cmd:79, param1:100, param2:0, param3:0, param4:0
05-05 21:58:27.961 591 22059 I mtkcam-DeviceAdapter: 1[HalDeviceAdapter::powerOn] powerOn +
05-05 21:58:27.961 591 22059 I Hal3Av3 : [createInstance] sensorIdx(1) HalDeviceAdapter:1
05-05 21:58:27.961 591 22059 I Hal3AFlowCtrl: [init] +
05-05 21:58:27.961 591 22059 I Hal3AFlowCtrl_thread: [Thread3AImp] Enter (2)
05-05 21:58:27.961 591 22059 I Hal3AFlowCtrl_thread: [createThread] SEC date.0216 +
05-05 21:58:27.961 591 22060 D SeninfDrvImp: [init][init]: Entry count 0
05-05 21:58:27.961 591 22059 I Hal3AFlowCtrl_thread: [createThread] -
05-05 21:58:27.961 591 22059 I Hal3ARaw: [init] m_Users: 0, SensorDev 2, index 1
05-05 21:58:27.961 591 22059 I Hal3ARaw: [init] 2D
05-05 21:58:27.961 591 22059 I Drv/HWsync: Drv/HWsync[init] +, user&cnt(HW_SYNC_USER_AE,0),srIdxNum(0)
05-05 21:58:27.961 591 22059 I Drv/HWsync: Drv/HWsync[init] mAECyclePeriod(3)
05-05 21:58:27.961 591 22059 W nvbuf_util.cpp: [getInstance:398] getInstance, bInit(1)
05-05 21:58:27.961 591 22059 W nvbuf_util.cpp: [getBufAndReadNoLock:685] ramId(1), sensorDev(2), p(0x761bfea600), bForceRead(0) +
05-05 21:58:27.961 591 22059 W nvbuf_util.cpp: [getInstance:398] getInstance, bInit(1)
05-05 21:58:27.961 591 22059 W nvbuf_util.cpp: [getBufAndReadNoLock:685] ramId(4), sensorDev(2), p(0x7600a55e40), bForceRead(0) +
05-05 21:58:27.961 591 22059 W nvbuf_util.cpp: [getInstance:398] getInstance, bInit(1)
05-05 21:58:27.961 591 22059 W nvbuf_util.cpp: [getBufAndReadNoLock:685] ramId(0), sensorDev(2), p(0x0), bForceRead(0) +
05-05 21:58:27.961 588 615 I legacy_power@2.1-impl: @Deprecated scnEnable hdl:160792, timeout:0
05-05 21:58:27.962 588 614 I libPowerHal: perfUserScnEnable - handle:160792
05-05 21:58:27.962 1198 7828 W system_server: Long monitor contention with owner Binder:1198_1C (9721) at int com.android.server.am.ActivityManagerService.bindIsolatedService(android.app.IApplicationThread, android.os.IBinder, android.content.Intent, java.lang.String, android.app.IServiceConnection, int, java.lang.String, java.lang.String, int)(ActivityManagerService.java:17020) waiters=5 in java.util.List com.android.server.am.ActivityManagerService.getRunningAppProcesses() for 318ms
05-05 21:58:27.962 591 22060 D SeninfDrvImp: [init]Efuse Data:0x11ce018c= 0x6c1ce6b4, 0x11ce0190= 0x741c841e, 0x11ce01ac= 0x7b40e838, 0x11ce01b0= 0x7b400000
05-05 21:58:27.962 591 22060 D SeninfDrvImp: [init][init]: Exit count 1
05-05 21:58:27.963 591 22060 D SeninfDrvImp: [configMclk][configMclk] Tg1clk: 26 pcEn = 1
05-05 21:58:27.963 591 22060 D SeninfDrvImp: [configMclk]mclk1: 26, clkCnt1: 0 pclkInv 0
05-05 21:58:27.963 1198 1251 W system_server: Long monitor contention with owner Binder:1198_1C (9721) at int com.android.server.am.ActivityManagerService.bindIsolatedService(android.app.IApplicationThread, android.os.IBinder, android.content.Intent, java.lang.String, android.app.IServiceConnection, int, java.lang.String, java.lang.String, int)(ActivityManagerService.java:17020) waiters=4 in void com.android.server.am.ProcessList.lambda$startProcessLocked$0$ProcessList(com.android.server.am.ProcessRecord, java.lang.String, int[], int, int, java.lang.String, java.lang.String, java.lang.String, long) for 334ms
05-05 21:58:27.963 591 22060 D SeninfDrvImp: [setMclk][setMclk]pcEn(1), clkPol(0), mMclkUser[3](1), TimestampClk(103), freq(26), mclkIdx 3
05-05 21:58:27.963 591 22061 I Hal3AFlowCtrl_thread: +
05-05 21:58:27.963 591 22061 I Hal3AFlowCtrl_thread: [Hal3AFlowCtrl::onThreadLoop] policy:(expect, result)=(0, 0), priority:(expect, result)=(-16, -16), SEC.date.0325, priority:(3A_HI, 3A)=(-20, -16)
05-05 21:58:27.963 591 22061 I Hal3AFlowCtrl_thread: [getCommand] mCmdQCond.wait +
05-05 21:58:27.963 1198 7846 I ActivityManager: DSS OFF for com.yeti.browser
05-05 21:58:27.964 681 8155 D CameraProviderManager: CameraPerf: openSession X
05-05 21:58:27.965 591 22059 I FlashHal: init().
05-05 21:58:27.965 591 22059 I FlashMgrM: init().
05-05 21:58:27.965 591 22059 I FlashAlgoAdapter: setFlashType+
05-05 21:58:27.965 591 22059 I FlashNvram: nvRead3A().
05-05 21:58:27.965 591 22059 W nvbuf_util.cpp: [getInstance:398] getInstance, bInit(1)
05-05 21:58:27.965 591 22059 W nvbuf_util.cpp: [getBufAndReadNoLock:685] ramId(1), sensorDev(2), p(0x761bfea600), bForceRead(0) +
05-05 21:58:27.966 591 22059 I FlashNvram: nvReadStrobe().
05-05 21:58:27.966 591 22059 W nvbuf_util.cpp: [getInstance:398] getInstance, bInit(1)
05-05 21:58:27.966 591 22059 W nvbuf_util.cpp: [getBufAndReadNoLock:685] ramId(5), sensorDev(2), p(0x760f1e2000), bForceRead(0) +
05-05 21:58:27.966 591 22059 I FlashNvram: nvReadFlashCali().
05-05 21:58:27.966 591 22059 W nvbuf_util.cpp: [getInstance:398] getInstance, bInit(1)
05-05 21:58:27.966 591 22059 W nvbuf_util.cpp: [getBufAndReadNoLock:685] ramId(12), sensorDev(2), p(0x760b16b0c0), bForceRead(0) +
05-05 21:58:27.966 591 22059 D flash_tuning_custom_sub.cpp: paraIdx=0 aeSceneInd =2
05-05 21:58:27.966 591 22059 D flash_tuning_custom_sub.cpp: copyTuningPara sub yTarget=188
05-05 21:58:27.966 591 22059 E StrobeDrvFlashlight: getMaxDuty(): failed. (getMaxDuty){#264:vendor/mediatek/proprietary/hardware/mtkcam/aaa/source/isp_40/../common/strobe/strobe_drv_flashlight.cpp}
05-05 21:58:27.966 591 22059 I FlickerHal: init().
05-05 21:58:27.966 591 22059 I FlickerHal: init flicker custom adaptor.
05-05 21:58:27.966 591 22059 I FlickerPlatformAdapter: createBuf(). Create buf success.
05-05 21:58:27.966 591 22059 W nvbuf_util.cpp: [getInstance:398] getInstance, bInit(1)
05-05 21:58:27.966 591 22059 W nvbuf_util.cpp: [getBufAndReadNoLock:685] ramId(0), sensorDev(2), p(0x0), bForceRead(0) +
05-05 21:58:27.966 591 22059 E paramctrl_lifetime: open /proc/driver/thermal/clNR_status failed, disable NR cooler
05-05 21:58:27.966 591 22059 E paramctrl_lifetime: (Paramctrl){#255:vendor/mediatek/proprietary/hardware/mtkcam/aaa/source/isp_40/isp_tuning/paramctrl/paramctrl_lifetime.cpp}
05-05 21:58:27.968 591 22059 D AppTsf : [AppTsf] constructor ; ShadingVersion: 2019.0807.0919
05-05 21:58:27.968 591 22059 D tsf_core: [TsfCore] constructor
05-05 21:58:27.969 21903 22005 I ocessService0:: The ClassLoaderContext is a special shared library.
05-05 21:58:27.970 591 22059 I Hal3ARaw: [querySensorStaticInfo] SensorDev(2), SensorOpenIdx(1), rawFmtType(4), SensorPreviewDelay(2), AeShutDelayFrame(0), AeISPGainDelayFrame(2) AEEffectiveFrame(0)
05-05 21:58:27.970 591 22059 I Hal3ARaw: [init] done
05-05 21:58:27.970 591 22059 I Hal3AFlowCtrl: [init] - eType(1), sensor(2), sensorIdx(1)
05-05 21:58:27.971 591 22059 I Hal3AFlowCtrl: [attachCb] m_pCbSet(0x0x0), cb(0x0x760f0d3808)
05-05 21:58:27.971 591 22059 I Hal3ARaw: [attachCb] m_pCbSet(0x0x0), cb(0x0x760f0d3808)
05-05 21:58:27.971 591 22059 I Hal3Av3 : [init] Done m_rConfigInfo.i4SubsampleCount(1), User.count(1), User init(HalDeviceAdapter:1)
05-05 21:58:27.973 1198 7845 W system_server: Long monitor contention with owner Binder:1198_1C (9721) at int com.android.server.am.ActivityManagerService.bindIsolatedService(android.app.IApplicationThread, android.os.IBinder, android.content.Intent, java.lang.String, android.app.IServiceConnection, int, java.lang.String, java.lang.String, int)(ActivityManagerService.java:17020) waiters=6 in boolean com.android.server.am.ActivityManagerService.stopServiceToken(android.content.ComponentName, android.os.IBinder, int) for 318ms
05-05 21:58:27.973 1198 9213 W system_server: Long monitor contention with owner Binder:1198_1C (9721) at int com.android.server.am.ActivityManagerService.bindIsolatedService(android.app.IApplicationThread, android.os.IBinder, android.content.Intent, java.lang.String, android.app.IServiceConnection, int, java.lang.String, java.lang.String, int)(ActivityManagerService.java:17020) waiters=7 in void com.android.server.am.ActivityManagerService.attachApplication(android.app.IApplicationThread, long) for 244ms
05-05 21:58:27.974 1198 9213 I ActivityManager: Start proc 21998:com.yeti.browser:sandboxed_process0:org.chromium.content.app.SandboxedProcessService0:7/u0ai107 for {com.yeti.browser/org.chromium.content.app.SandboxedProcessService0:7}
05-05 21:58:27.975 1198 3839 D SensorService: Calling batch handle==4 flags=0 rate=20000000 timeout== 0
05-05 21:58:27.975 580 656 I Sensors : sensorBatch: handle=4 period=20000000 timeout=0
05-05 21:58:27.975 29739 29739 I ADB_SERVICES: for fd 36, revents = 2011
05-05 21:58:27.977 580 656 I Sensors : sensorActivate: handle 4 enable 1
05-05 21:58:27.977 29739 29739 I ADB_SERVICES: for fd 37, revents = 2011
05-05 21:58:27.977 681 8155 D Camera3-Device: CameraPerf: initialize X
05-05 21:58:27.977 681 8155 D Camera3-Device: CameraPerf: initializeCommonLocked: E
05-05 21:58:27.977 580 656 I Sensors : type : 4, enable : 1
05-05 21:58:27.977 29739 29739 I ADB_SERVICES: for fd 37, revents = 2011
05-05 21:58:27.977 1198 9213 I ActivityManager: DSS OFF for com.yeti.browser
05-05 21:58:27.977 681 8155 I Camera3-Status: addComponent: Adding new component 0 - InFlightStatus
05-05 21:58:27.977 681 8155 I Camera3-Status: addComponent: Adding new component 1 - RequestThread
05-05 21:58:27.978 681 8155 D Camera3-Device: CameraPerf: initializeCommonLocked: X
05-05 21:58:27.978 681 8155 E Camera2-FrameProcessorBase: FrameProcessorBase: created
05-05 21:58:27.978 681 8155 E Camera2-FrameProcessorBase: registerListener: Registering listener for frame id range 0 - 2147483647
05-05 21:58:27.978 681 8155 I CameraService: CameraService::finishConnectLocked E
05-05 21:58:27.978 681 8155 I CameraService: wouldEvictLocked: current cost=0, cost=100, total cost=100, max cost=100, returnIncompatibleClients=false
05-05 21:58:27.978 681 8155 I CameraService: wouldEvictLocked: owner=1030, priority-score=999, highestPriorityOwner=1030, highestPriority-score=999
05-05 21:58:27.978 21614 21614 I Zygote : Process 21849 exited cleanly (0)
05-05 21:58:27.982 1198 3839 D SensorService: Calling batch handle==1 flags=0 rate=20000000 timeout== 0
05-05 21:58:27.982 580 656 I Sensors : sensorBatch: handle=1 period=20000000 timeout=0
05-05 21:58:27.982 580 656 I Sensors : sensorActivate: handle 1 enable 1
05-05 21:58:27.982 580 656 I Sensors : type : 1, enable : 1
05-05 21:58:27.983 21937 22065 W ContextImpl: Failed to ensure /data/user/0/com.yeti.browser/shared_prefs: mkdir failed: EACCES (Permission denied)
05-05 21:58:27.984 21937 22065 W SystemServiceRegistry: No service published for: user
05-05 21:58:27.985 21903 22005 I ocessService0:: The ClassLoaderContext is a special shared library.
05-05 21:58:27.986 21937 22065 E FA : Exception reading flag from SharedPreferences.
05-05 21:58:27.986 21937 22065 E FA : java.lang.NullPointerException: Attempt to invoke virtual method 'boolean android.os.UserManager.isUserUnlockingOrUnlocked(int)' on a null object reference
05-05 21:58:27.986 21937 22065 E FA : at android.app.ContextImpl.getSharedPreferences(ContextImpl.java:485)
05-05 21:58:27.986 21937 22065 E FA : at android.app.ContextImpl.getSharedPreferences(ContextImpl.java:462)
05-05 21:58:27.986 21937 22065 E FA : at android.content.ContextWrapper.getSharedPreferences(ContextWrapper.java:184)
05-05 21:58:27.986 21937 22065 E FA : at com.google.android.gms.internal.measurement.zzbr.zzO(Unknown Source:58)
05-05 21:58:27.986 21937 22065 E FA : at com.google.android.gms.internal.measurement.zzak.zza(com.google.android.gms:play-services-measurement-sdk-api@@18.0.2:2)
05-05 21:58:27.986 21937 22065 E FA : at com.google.android.gms.internal.measurement.zzbg.run(com.google.android.gms:play-services-measurement-sdk-api@@18.0.2:2)
05-05 21:58:27.986 21937 22065 E FA : at java.util.concurrent.ThreadPoolExecutor.runWorker(ThreadPoolExecutor.java:1167)
05-05 21:58:27.986 21937 22065 E FA : at java.util.concurrent.ThreadPoolExecutor$Worker.run(ThreadPoolExecutor.java:641)
05-05 21:58:27.986 21937 22065 E FA : at java.lang.Thread.run(Thread.java:919)
05-05 21:58:27.990 20505 21444 D OpenGLRenderer: mPreviousPosition == bounds[l=0.00 t=79.00 r=1080.00 b=2274.00]
05-05 21:58:27.992 20505 20505 W chromium: [WARNING:compositor_view.cc(341)] Child process died (type=6) pid=21849)
05-05 21:58:27.995 21903 22005 I ocessService0:: The ClassLoaderContext is a special shared library.
05-05 21:58:27.996 21937 21937 I cr_ChildProcessService: Creating new ChildProcessService pid=21937
05-05 21:58:27.998 681 8155 I CameraService: addAndEvict: push the client(owner 1030, priorityScore 999, state 7) to mClients
05-05 21:58:27.998 681 8155 I CameraService: CameraService::finishConnectLocked X
05-05 21:58:27.998 681 8155 I CameraDeviceClient: notifyAppPackageName
05-05 21:58:27.998 681 8155 D Camera3-Device: CameraPerf: setParameters E
05-05 21:58:28.001 591 1194 I AVSP : ParameterManager.cpp: SetSamsungExtraData: 94: data: pkgName=com.samsung.adaptivebrightnessgo;
05-05 21:58:28.002 591 1194 I : first-entrance :
05-05 21:58:28.002 591 1194 I : setSecConfigValue : key [9], value [0]
05-05 21:58:28.002 591 1194 I : samsungcamera :
05-05 21:58:28.002 591 1194 I : setSecConfigValue : key [10], value [0]
05-05 21:58:28.002 591 1194 I : factorytest:
05-05 21:58:28.002 591 1194 I : setSecConfigValue : key [11], value [0]
05-05 21:58:28.002 591 1194 I : vtmode:
05-05 21:58:28.002 591 1194 I : setSecConfigValue : key [12], value [0]
05-05 21:58:28.002 591 1194 I : operation_mode:
05-05 21:58:28.002 591 1194 I : setSecConfigValue : key [13], value [0]
05-05 21:58:28.002 591 1194 I mtkcam-dev3_legacy: [1-session::tryRunCommandLocked] Run command onSetParametersLocked -
05-05 21:58:28.003 681 8155 D Camera3-Device: CameraPerf: setParameters X
05-05 21:58:28.003 681 8155 I CameraService: Notified package name to HAL.
05-05 21:58:28.004 1198 1211 W system_server: Long monitor contention with owner Binder:1198_1C (9721) at int com.android.server.am.ActivityManagerService.bindIsolatedService(android.app.IApplicationThread, android.os.IBinder, android.content.Intent, java.lang.String, android.app.IServiceConnection, int, java.lang.String, java.lang.String, int)(ActivityManagerService.java:17020) waiters=8 in void com.android.server.am.ActivityManagerService.addPackageDependency(java.lang.String) for 141ms
05-05 21:58:28.006 1198 9721 D MARsPolicyManager: updateResetTimeForBinderService pkgName = com.yeti.browser, userId = 0
05-05 21:58:28.008 591 22060 I Drv/HWsync: Drv/HWsync[init] +, user&cnt(HW_SYNC_USER_HALSENSOR,1),srIdxNum(0)
05-05 21:58:28.009 591 22059 I mtkcam-DeviceAdapter: 1[HalDeviceAdapter::powerOn] 3A notifyPowerOn
05-05 21:58:28.009 591 22059 I Hal3Av3 : [notifyPwrOn]+
05-05 21:58:28.009 591 22059 I Hal3Av3 : [notifyPwrOn]-
05-05 21:58:28.009 591 22059 I mtkcam-DeviceAdapter: 1[HalDeviceAdapter::powerOn] powerOn -
05-05 21:58:28.009 21886 21886 D cr_LibraryLoader: [LibraryLoader.java:354] Forcing system linker, relocations will not be shared. This negatively impacts memory usage.
05-05 21:58:28.010 1030 1061 D CameraLightSensor_Service: Camera open callback finish
05-05 21:58:28.010 1030 1061 D CameraLightSensor_Service: Camera acquired, time = 5970620524
05-05 21:58:28.010 21886 21886 D cr_LibraryLoader: [LibraryLoader.java:354] Forcing system linker, relocations will not be shared. This negatively impacts memory usage.
05-05 21:58:28.011 1030 1061 I BufferQueue: [unnamed-1030-20089](this:0x747df52000,id:20089,api:0,p:-1,c:-1) BufferQueue core=(1030:com.samsung.adaptivebrightnessgo)
05-05 21:58:28.011 1030 1061 I BufferQueueConsumer: [unnamed-1030-20089](this:0x747df52000,id:20089,api:0,p:-1,c:1030) connect(C): consumer=(1030:com.samsung.adaptivebrightnessgo) controlledByApp=true
05-05 21:58:28.011 1030 1061 I BufferQueueConsumer: [unnamed-1030-20089](this:0x747df52000,id:20089,api:0,p:-1,c:1030) setConsumerName: unnamed-1030-20089
05-05 21:58:28.011 1030 1061 I BufferQueueConsumer: [SurfaceTexture-0-1030-20089](this:0x747df52000,id:20089,api:0,p:-1,c:1030) setConsumerName: SurfaceTexture-0-1030-20089
05-05 21:58:28.014 681 8155 D Camera3-Device: CameraPerf: constructDefaultRequestSettings templateId: 1 E
05-05 21:58:28.017 681 8155 D Camera3-Device: CameraPerf: constructDefaultRequestSettings X
05-05 21:58:28.018 1198 1198 W Looper : Drained
05-05 21:58:28.020 20505 21612 D cr_LibraryLoader: [LibraryLoader.java:354] Forcing system linker, relocations will not be shared. This negatively impacts memory usage.
05-05 21:58:28.020 1198 7845 I ActivityManager: Process com.yeti.browser:sandboxed_process0:org.chromium.content.app.SandboxedProcessService0:2 (pid 21849) has died: vis BTOP(323,2354)
05-05 21:58:28.020 1198 1252 I libprocessgroup: Successfully killed process cgroup uid 90102 pid 21849 in 0ms
05-05 21:58:28.021 21903 21903 D cr_LibraryLoader: [LibraryLoader.java:354] Forcing system linker, relocations will not be shared. This negatively impacts memory usage.
05-05 21:58:28.021 1198 7845 W ActivityManager: Scheduling restart of crashed service com.yeti.browser/org.chromium.content.app.SandboxedProcessService0:2 in 1000ms
05-05 21:58:28.021 21903 21903 D cr_LibraryLoader: [LibraryLoader.java:354] Forcing system linker, relocations will not be shared. This negatively impacts memory usage.
05-05 21:58:28.022 20505 21612 D cr_LibraryLoader: [LibraryLoader.java:354] Forcing system linker, relocations will not be shared. This negatively impacts memory usage.
05-05 21:58:28.023 1198 1255 D BatteryExternalStatsWorker: update stats
05-05 21:58:28.023 1198 1255 D BatteryExternalStatsWorker: WifiActivityEnergyInfo was updated
05-05 21:58:28.023 1198 1255 D BatteryExternalStatsWorker: BluetoothActivityEnergyInfo was updated
05-05 21:58:28.023 1198 1255 D BatteryExternalStatsWorker: ModemActivityEnergyInfo was updated
05-05 21:58:28.026 681 8155 I CameraService: UidPolicy: No processes running for a uid=90101 disabled=0
05-05 21:58:28.029 681 8155 D Camera3-Device: CameraPerf: setParameters E
05-05 21:58:28.036 21886 21982 I ocessService0:: The ClassLoaderContext is a special shared library.
05-05 21:58:28.037 1198 1255 D BatteryExternalStatsWorker: done updateExternalStatsLocked
05-05 21:58:28.037 20481 20481 I LPService: [#MLP#] onTrimMemory called and level = 80
05-05 21:58:28.039 591 1194 I AVSP : ParameterManager.cpp: SetSamsungExtraData: 94: data: shootingmode=30
05-05 21:58:28.039 591 1194 I : first-entrance :
05-05 21:58:28.039 591 1194 I : setSecConfigValue : key [9], value [0]
05-05 21:58:28.039 591 1194 I : samsungcamera :
05-05 21:58:28.039 591 1194 I : setSecConfigValue : key [10], value [0]
05-05 21:58:28.039 591 1194 I : factorytest:
05-05 21:58:28.039 591 1194 I : setSecConfigValue : key [11], value [0]
05-05 21:58:28.039 591 1194 I : vtmode:
05-05 21:58:28.039 591 1194 I : setSecConfigValue : key [12], value [0]
05-05 21:58:28.039 591 1194 I : operation_mode:
05-05 21:58:28.039 591 1194 I : setSecConfigValue : key [13], value [0]
05-05 21:58:28.039 591 1194 I mtkcam-dev3_legacy: [1-session::tryRunCommandLocked] Run command onSetParametersLocked -
05-05 21:58:28.041 681 8155 D Camera3-Device: CameraPerf: setParameters X
05-05 21:58:28.047 21614 21614 D Zygote : Forked child process 22073
05-05 21:58:28.047 20787 20787 D Gaana Mem test: 80 - 3
05-05 21:58:28.047 19550 19550 I FSvc|211603|AgentApp: ##### onTrimMemory() #####60
05-05 21:58:28.048 681 8155 D Camera3-Device: waitUntilDrained: mInterfaceLock.unlock()
05-05 21:58:28.052 17239 17239 I GOS:App : onTrimMemory 40
05-05 21:58:28.052 18095 18095 I Finsky : [2] yjr.onTrimMemory(1): Memory trim requested to level 40
05-05 21:58:28.053 18095 18095 I Finsky : [2] yjq.accept(2): Flushing in-memory image cache
05-05 21:58:28.056 681 8155 D CameraDeviceClient: createStream E
05-05 21:58:28.057 681 8155 D CameraDeviceClient: createSurfaceFromGbp E: isStreamInfoValid=0, option=0
05-05 21:58:28.058 681 8155 W CameraDeviceClient: createSurfaceFromGbp: Camera 1 with consumer usage flag: 256: Forcing asynchronous mode for stream
05-05 21:58:28.058 681 8155 D CameraDeviceClient: createSurfaceFromGbp: consumer usage flag: 256, useAsync: 1
05-05 21:58:28.060 616 712 I BufferQueueProducer: [com.yeti.browser/org.chromium.chrome.browser.ChromeTabbedActivity$_20505#0](this:0x7165918000,id:37056,api:0,p:-1,c:616) queueBuffer: fps=2.52 dur=1192.45 max=1008.97 min=52.28
05-05 21:58:28.063 22073 22073 E Zygote : accessInfo : 1
05-05 21:58:28.070 22073 22073 I ocessService0:: Late-enabling -Xcheck:jni
05-05 21:58:28.073 1198 10623 D MARsPolicyManager: updateResetTimeForBinderService pkgName = com.yeti.browser, userId = 0
05-05 21:58:28.073 1198 2223 I GED : ged_boost_gpu_freq, level 100, eOrigin 2, final_idx 24, oppidx_max 24, oppidx_min 0
05-05 21:58:28.074 21937 21937 D cr_LibraryLoader: [LibraryLoader.java:354] Forcing system linker, relocations will not be shared. This negatively impacts memory usage.
05-05 21:58:28.075 1198 10623 E PackageManager: Failed to find package; permName: android.permission.INTERNET, uid: 90109, caller: 1000
05-05 21:58:28.075 21937 21937 D cr_LibraryLoader: [LibraryLoader.java:354] Forcing system linker, relocations will not be shared. This negatively impacts memory usage.
05-05 21:58:28.075 1198 10623 I ApplicationPolicy: isApplicationExternalStorageWhitelisted:com.yeti.browser user:0
05-05 21:58:28.076 1198 10623 D ApplicationPolicy: isApplicationExternalStorageWhitelisted: DO is not enabled on user 0. Allowed.
05-05 21:58:28.076 1198 10623 D ActivityManager: package com.yeti.browser, user - 0 is SDcard whitelisted
05-05 21:58:28.076 1198 10623 I ApplicationPolicy: isApplicationExternalStorageBlacklisted:com.yeti.browser user:0
05-05 21:58:28.076 1198 10623 D ApplicationPolicy: isApplicationExternalStorageBlacklisted: DO is not enabled on user 0. Allowed.
05-05 21:58:28.076 1198 10623 I ApplicationPolicy: isApplicationExternalStorageBlacklisted:com.yeti.browser user:0
05-05 21:58:28.076 1198 10623 D ApplicationPolicy: isApplicationExternalStorageBlacklisted: DO is not enabled on user 0. Allowed.
05-05 21:58:28.078 1198 1251 I ActivityManager: Start proc 22073:com.yeti.browser:sandboxed_process0:org.chromium.content.app.SandboxedProcessService0:8/u0ai108 for {com.yeti.browser/org.chromium.content.app.SandboxedProcessService0:8}
05-05 21:58:28.078 681 9356 I CameraService: UidPolicy: No processes running for a uid=90102 disabled=0
05-05 21:58:28.082 1198 9713 D MARsPolicyManager: updateResetTimeForBinderService pkgName = com.yeti.browser, userId = 0
05-05 21:58:28.084 20505 21612 D cr_LibraryLoader: [LibraryLoader.java:354] Forcing system linker, relocations will not be shared. This negatively impacts memory usage.
05-05 21:58:28.086 20505 21612 D cr_ChildProcLauncher: [ChildProcessLauncher.java:274] stopping child connection: pid=21830
05-05 21:58:28.086 19550 19550 W Glide : Failed to find GeneratedAppGlideModule. You should include an annotationProcessor compile dependency on com.github.bumptech.glide:compiler in your application and a @GlideModule annotated AppGlideModule implementation or LibraryGlideModules will be silently ignored
05-05 21:58:28.090 7710 7710 D SystemUIService: onTrimMemory : 15
05-05 21:58:28.090 7710 7710 D SystemUIService: Starting getMemoryInfo in MemoryInfoReporter thread.
05-05 21:58:28.095 21937 22065 I ocessService0:: The ClassLoaderContext is a special shared library.
05-05 21:58:28.096 21886 21982 I ocessService0:: The ClassLoaderContext is a special shared library.
05-05 21:58:28.101 22073 22073 E ocessService0:: Unknown bits set in runtime_flags: 0x8000
05-05 21:58:28.101 20505 21633 W om.yeti.browse: Long monitor contention with owner ThreadPoolForeg (21627) at org.chromium.net.AndroidCertVerifyResult org.chromium.net.X509Util.verifyServerCertificates(byte[][], java.lang.String, java.lang.String)(X509Util.java:541) waiters=2 in void org.chromium.net.X509Util.ensureInitialized() for 716ms
05-05 21:58:28.110 7710 22082 D SystemUIService: - Memory Information -
05-05 21:58:28.116 681 8155 D CameraDeviceClient: createSurfaceFromGbp: width=1, height=1, format=1, dataSpace=0
05-05 21:58:28.116 681 8155 W CameraDeviceClient: createSurfaceFromGbp: Camera 1: Overriding format 0x1 to IMPLEMENTATION_DEFINED
05-05 21:58:28.116 681 8155 D CameraDeviceClient: roundBufferDimensionNearest inWidth=1 inHeight=1, outWidth=176 outHeight=144 X
05-05 21:58:28.116 681 8155 D CameraDeviceClient: createSurfaceFromGbp X
05-05 21:58:28.118 20505 21612 D cr_ChildProcLauncher: [ChildProcessLauncher.java:274] stopping child connection: pid=21849
05-05 21:58:28.129 22073 22073 D ActivityThread: setConscryptValidator
05-05 21:58:28.129 22073 22073 D ActivityThread: setConscryptValidator - put
05-05 21:58:28.135 21886 21982 I ocessService0:: The ClassLoaderContext is a special shared library.
05-05 21:58:28.136 29739 29739 I ADB_SERVICES: service_to_fd shell:stat -c %u /proc/22073 | xargs -n 1 cmd package list packages --uid
05-05 21:58:28.141 21903 21939 D cr_LibraryLoader: [LibraryLoader.java:354] Forcing system linker, relocations will not be shared. This negatively impacts memory usage.
05-05 21:58:28.142 1198 1027 D MotionRecognitionService: values = 50.0
05-05 21:58:28.143 1198 1027 D MotionRecognitionService: onReceive lux: 50.0 action:
05-05 21:58:28.143 1198 1027 D MotionRecognitionService: Inject brightness form Cam 50.0
05-05 21:58:28.143 1198 1027 D MotionRecognitionService: Inject calibrated lux
05-05 21:58:28.144 21937 22065 I ocessService0:: The ClassLoaderContext is a special shared library.
05-05 21:58:28.145 19550 19550 D NetworkSecurityConfig: No Network Security Config specified, using platform default
05-05 21:58:28.150 21886 21936 D cr_LibraryLoader: [LibraryLoader.java:354] Forcing system linker, relocations will not be shared. This negatively impacts memory usage.
05-05 21:58:28.150 580 580 I Sensors : AutoBrightnessSensor::inject_sensor_data: cam_lux 50
05-05 21:58:28.150 20505 21612 D cr_ChildProcLauncher: [ChildProcessLauncher.java:231] on connect callback, pid=21903
05-05 21:58:28.150 1198 7845 I ActivityManager: DSS OFF for com.yeti.browser
05-05 21:58:28.151 20505 21612 D cr_ChildProcLauncher: [ChildProcessLauncher.java:231] on connect callback, pid=21886
05-05 21:58:28.153 22097 22097 E Zygote : accessInfo : 1
05-05 21:58:28.158 20505 21612 D cr_ChildProcLauncher: [ChildProcessLauncher.java:231] on connect callback, pid=21937
05-05 21:58:28.161 22097 22097 I ocessService0:: Late-enabling -Xcheck:jni
05-05 21:58:28.165 21614 21614 D Zygote : Forked child process 22097
05-05 21:58:28.167 1198 1251 I ActivityManager: Start proc 22097:com.yeti.browser:sandboxed_process0:org.chromium.content.app.SandboxedProcessService0:9/u0ai109 for {com.yeti.browser/org.chromium.content.app.SandboxedProcessService0:9}
05-05 21:58:28.169 681 8155 D Camera3-Device: createStream: mInterfaceLock.lock()
05-05 21:58:28.169 21903 22005 E DynamiteLoaderImpl: Error retrieving remote feature version:
05-05 21:58:28.169 21903 22005 E DynamiteLoaderImpl: java.lang.SecurityException: Isolated process not allowed to call getContentProvider
05-05 21:58:28.169 21903 22005 E DynamiteLoaderImpl: at android.os.Parcel.createException(Parcel.java:2088)
05-05 21:58:28.169 21903 22005 E DynamiteLoaderImpl: at android.os.Parcel.readException(Parcel.java:2056)
05-05 21:58:28.169 21903 22005 E DynamiteLoaderImpl: at android.os.Parcel.readException(Parcel.java:2004)
05-05 21:58:28.169 21903 22005 E DynamiteLoaderImpl: at android.app.IActivityManager$Stub$Proxy.getContentProvider(IActivityManager.java:6031)
05-05 21:58:28.169 21903 22005 E DynamiteLoaderImpl: at android.app.ActivityThread.acquireProvider(ActivityThread.java:7342)
05-05 21:58:28.169 21903 22005 E DynamiteLoaderImpl: at android.app.ContextImpl$ApplicationContentResolver.acquireUnstableProvider(ContextImpl.java:2895)
05-05 21:58:28.169 21903 22005 E DynamiteLoaderImpl: at android.content.ContentResolver.acquireUnstableProvider(ContentResolver.java:2124)
05-05 21:58:28.169 21903 22005 E DynamiteLoaderImpl: at android.content.ContentResolver.query(ContentResolver.java:935)
05-05 21:58:28.169 21903 22005 E DynamiteLoaderImpl: at android.content.ContentResolver.query(ContentResolver.java:887)
05-05 21:58:28.169 21903 22005 E DynamiteLoaderImpl: at android.content.ContentResolver.query(ContentResolver.java:843)
05-05 21:58:28.169 21903 22005 E DynamiteLoaderImpl: at yfl.e(:com.google.android.gms@211515037@21.15.15 (120400-371058782):0)
05-05 21:58:28.169 21903 22005 E DynamiteLoaderImpl: at com.google.android.gms.chimera.container.DynamiteLoaderImpl.queryForDynamiteModule(:com.google.android.gms@211515037@21.15.15 (120400-371058782):0)
05-05 21:58:28.169 21903 22005 E DynamiteLoaderImpl: at com.google.android.gms.chimera.container.DynamiteLoaderImpl.queryForDynamiteModuleNoCrashUtils(:com.google.android.gms@211515037@21.15.15 (120400-371058782):3)
05-05 21:58:28.169 21903 22005 E DynamiteLoaderImpl: at yfn.eb(:com.google.android.gms@211515037@21.15.15 (120400-371058782):11)
05-05 21:58:28.169 21903 22005 E DynamiteLoaderImpl: at czy.onTransact(:com.google.android.gms@211515037@21.15.15 (120400-371058782):11)
05-05 21:58:28.169 21903 22005 E DynamiteLoaderImpl: at android.os.Binder.transact(Binder.java:949)
05-05 21:58:28.169 21903 22005 E DynamiteLoaderImpl: at com.google.android.gms.internal.common.zza.zzB(com.google.android.gms:play-services-basement@@17.6.0:2)
05-05 21:58:28.169 21903 22005 E DynamiteLoaderImpl: at com.google.android.gms.dynamite.zzo.zzj(com.google.android.gms:play-services-basement@@17.6.0:6)
05-05 21:58:28.169 21903 22005 E DynamiteLoaderImpl: at com.google.android.gms.dynamite.DynamiteModule.zza(com.google.android.gms:play-services-basement@@17.6.0:29)
05-05 21:58:28.169 21903 22005 E DynamiteLoaderImpl: at com.google.android.gms.dynamite.zzc.zza(com.google.android.gms:play-services-basement@@17.6.0:1)
05-05 21:58:28.169 21903 22005 E DynamiteLoaderImpl: at com.google.android.gms.dynamite.zzi.zza(com.google.android.gms:play-services-basement@@17.6.0:3)
05-05 21:58:28.169 21903 22005 E DynamiteLoaderImpl: at com.google.android.gms.dynamite.DynamiteModule.load(com.google.android.gms:play-services-basement@@17.6.0:5)
05-05 21:58:28.169 21903 22005 E DynamiteLoaderImpl: at com.google.android.gms.internal.measurement.zzbr.zzc(com.google.android.gms:play-services-measurement-sdk-api@@18.0.2:3)
05-05 21:58:28.169 21903 22005 E DynamiteLoaderImpl: at com.google.android.gms.internal.measurement.zzak.zza(com.google.android.gms:play-services-measurement-sdk-api@@18.0.2:4)
05-05 21:58:28.169 21903 22005 E DynamiteLoaderImpl: at com.google.android.gms.internal.measurement.zzbg.run(com.google.android.gms:play-services-measurement-sdk-api@@18.0.2:2)
05-05 21:58:28.169 21903 22005 E DynamiteLoaderImpl: at java.util.concurrent.ThreadPoolExecutor.runWorker(ThreadPoolExecutor.java:1167)
05-05 21:58:28.169 21903 22005 E DynamiteLoaderImpl: at java.util.concurrent.ThreadPoolExecutor$Worker.run(ThreadPoolExecutor.java:641)
05-05 21:58:28.169 21903 22005 E DynamiteLoaderImpl: at java.lang.Thread.run(Thread.java:919)
05-05 21:58:28.170 21903 22005 W DynamiteModule: Failed to retrieve remote module version.
05-05 21:58:28.173 21903 22005 I DynamiteModule: Considering local module com.google.android.gms.measurement.dynamite:46 and remote module com.google.android.gms.measurement.dynamite:0
05-05 21:58:28.174 21903 22005 I DynamiteModule: Selected local version of com.google.android.gms.measurement.dynamite
05-05 21:58:28.175 21937 21976 D cr_LibraryLoader: [LibraryLoader.java:354] Forcing system linker, relocations will not be shared. This negatively impacts memory usage.
05-05 21:58:28.177 21937 22065 I ocessService0:: The ClassLoaderContext is a special shared library.
05-05 21:58:28.183 681 8155 D Camera3-Device: Camera 1: Creating new stream 0: 176 x 144, format 34, dataspace 0 rotation 0 consumer usage 0, isShared 0, physicalCameraId
05-05 21:58:28.188 20505 21612 D cr_LibraryLoader: [LibraryLoader.java:354] Forcing system linker, relocations will not be shared. This negatively impacts memory usage.
05-05 21:58:28.192 1198 7845 D MARsPolicyManager: updateResetTimeForBinderService pkgName = com.yeti.browser, userId = 0
05-05 21:58:28.193 1198 7845 E PackageManager: Failed to find package; permName: android.permission.INTERNET, uid: 90110, caller: 1000
05-05 21:58:28.194 1198 7845 I ApplicationPolicy: isApplicationExternalStorageWhitelisted:com.yeti.browser user:0
05-05 21:58:28.195 1198 7845 D ApplicationPolicy: isApplicationExternalStorageWhitelisted: DO is not enabled on user 0. Allowed.
05-05 21:58:28.195 1198 7845 D ActivityManager: package com.yeti.browser, user - 0 is SDcard whitelisted
05-05 21:58:28.195 1198 7845 I ApplicationPolicy: isApplicationExternalStorageBlacklisted:com.yeti.browser user:0
05-05 21:58:28.195 1198 7845 D ApplicationPolicy: isApplicationExternalStorageBlacklisted: DO is not enabled on user 0. Allowed.
05-05 21:58:28.195 1198 7845 I ApplicationPolicy: isApplicationExternalStorageBlacklisted:com.yeti.browser user:0
05-05 21:58:28.195 1198 7845 D ApplicationPolicy: isApplicationExternalStorageBlacklisted: DO is not enabled on user 0. Allowed.
05-05 21:58:28.197 21998 21998 D cr_LibraryLoader: [LibraryLoader.java:354] Forcing system linker, relocations will not be shared. This negatively impacts memory usage.
05-05 21:58:28.198 21998 21998 D cr_LibraryLoader: [LibraryLoader.java:325] Configuration: useChromiumLinker() = false, mUseModernLinker = false
05-05 21:58:28.199 1198 7845 D MARsPolicyManager: updateResetTimeForBinderService pkgName = com.yeti.browser, userId = 0
05-05 21:58:28.200 22097 22097 E ocessService0:: Unknown bits set in runtime_flags: 0x8000
05-05 21:58:28.205 681 8155 D Camera3-Device: createStream: mInterfaceLock.unlock()
05-05 21:58:28.205 681 8155 D CameraDeviceClient: createStream: Camera 1: Successfully created a new stream ID 0 for output surface (176 x 144) with format 0x22.
05-05 21:58:28.205 681 8155 D Camera3-Device: setStreamTransform: mInterfaceLock.lock()
05-05 21:58:28.205 681 8155 D Camera3-OutputStream: setTransformLocked: option(0) ,transform(13)
05-05 21:58:28.205 681 8155 D CameraDeviceClient: createStream X
05-05 21:58:28.206 681 9356 D Camera3-Device: filterParamsAndConfigureLocked : operatingMode=0
05-05 21:58:28.206 681 9356 D Camera3-Device: CameraPerf: configureStreamsLocked: Camera 1: Starting stream configuration
05-05 21:58:28.208 21961 21961 D cr_LibraryLoader: [LibraryLoader.java:354] Forcing system linker, relocations will not be shared. This negatively impacts memory usage.
05-05 21:58:28.210 21961 21961 D cr_LibraryLoader: [LibraryLoader.java:325] Configuration: useChromiumLinker() = false, mUseModernLinker = false
05-05 21:58:28.216 20505 21612 D cr_LibraryLoader: [LibraryLoader.java:354] Forcing system linker, relocations will not be shared. This negatively impacts memory usage.
05-05 21:58:28.218 1198 7565 E WifiVendorHal: getWifiLinkLayerStats_1_3_Internal(l.934) failed {.code = ERROR_NOT_SUPPORTED, .description = }
05-05 21:58:28.224 29739 29739 I ADB_SERVICES: service_to_fd shell:stat -c %u /proc/22097 | xargs -n 1 cmd package list packages --uid
05-05 21:58:28.227 7710 7710 D SecStatusBarWifiView: updateState: WifiIconState(resId=2131232728, visible=true, activityId=2131232736)
05-05 21:58:28.228 7710 7764 D Tile.WifiTile: handleUpdateState isTransient=false transientEnabling =false cb.isTransient=false state.state = 2 mStateBeforeClick.value =false enabled =true
05-05 21:58:28.231 22097 22097 D ActivityThread: setConscryptValidator
05-05 21:58:28.231 22097 22097 D ActivityThread: setConscryptValidator - put
05-05 21:58:28.240 21903 22005 E DynamiteLoaderImpl: Error retrieving remote feature version:
05-05 21:58:28.240 21903 22005 E DynamiteLoaderImpl: java.lang.SecurityException: Isolated process not allowed to call getContentProvider
05-05 21:58:28.240 21903 22005 E DynamiteLoaderImpl: at android.os.Parcel.createException(Parcel.java:2088)
05-05 21:58:28.240 21903 22005 E DynamiteLoaderImpl: at android.os.Parcel.readException(Parcel.java:2056)
05-05 21:58:28.240 21903 22005 E DynamiteLoaderImpl: at android.os.Parcel.readException(Parcel.java:2004)
05-05 21:58:28.240 21903 22005 E DynamiteLoaderImpl: at android.app.IActivityManager$Stub$Proxy.getContentProvider(IActivityManager.java:6031)
05-05 21:58:28.240 21903 22005 E DynamiteLoaderImpl: at android.app.ActivityThread.acquireProvider(ActivityThread.java:7342)
05-05 21:58:28.240 21903 22005 E DynamiteLoaderImpl: at android.app.ContextImpl$ApplicationContentResolver.acquireUnstableProvider(ContextImpl.java:2895)
05-05 21:58:28.240 21903 22005 E DynamiteLoaderImpl: at android.content.ContentResolver.acquireUnstableProvider(ContentResolver.java:2124)
05-05 21:58:28.240 21903 22005 E DynamiteLoaderImpl: at android.content.ContentResolver.query(ContentResolver.java:935)
05-05 21:58:28.240 21903 22005 E DynamiteLoaderImpl: at android.content.ContentResolver.query(ContentResolver.java:887)
05-05 21:58:28.240 21903 22005 E DynamiteLoaderImpl: at android.content.ContentResolver.query(ContentResolver.java:843)
05-05 21:58:28.240 21903 22005 E DynamiteLoaderImpl: at yfl.e(:com.google.android.gms@211515037@21.15.15 (120400-371058782):0)
05-05 21:58:28.240 21903 22005 E DynamiteLoaderImpl: at com.google.android.gms.chimera.container.DynamiteLoaderImpl.queryForDynamiteModule(:com.google.android.gms@211515037@21.15.15 (120400-371058782):0)
05-05 21:58:28.240 21903 22005 E DynamiteLoaderImpl: at com.google.android.gms.chimera.container.DynamiteLoaderImpl.queryForDynamiteModuleNoCrashUtils(:com.google.android.gms@211515037@21.15.15 (120400-371058782):3)
05-05 21:58:28.240 21903 22005 E DynamiteLoaderImpl: at yfn.eb(:com.google.android.gms@211515037@21.15.15 (120400-371058782):11)
05-05 21:58:28.240 21903 22005 E DynamiteLoaderImpl: at czy.onTransact(:com.google.android.gms@211515037@21.15.15 (120400-371058782):11)
05-05 21:58:28.240 21903 22005 E DynamiteLoaderImpl: at android.os.Binder.transact(Binder.java:949)
05-05 21:58:28.240 21903 22005 E DynamiteLoaderImpl: at com.google.android.gms.internal.common.zza.zzB(com.google.android.gms:play-services-basement@@17.6.0:2)
05-05 21:58:28.240 21903 22005 E DynamiteLoaderImpl: at com.google.android.gms.dynamite.zzo.zzj(com.google.android.gms:play-services-basement@@17.6.0:6)
05-05 21:58:28.240 21903 22005 E DynamiteLoaderImpl: at com.google.android.gms.dynamite.DynamiteModule.zza(com.google.android.gms:play-services-basement@@17.6.0:29)
05-05 21:58:28.240 21903 22005 E DynamiteLoaderImpl: at com.google.android.gms.dynamite.DynamiteModule.getRemoteVersion(com.google.android.gms:play-services-basement@@17.6.0:1)
05-05 21:58:28.240 21903 22005 E DynamiteLoaderImpl: at com.google.android.gms.internal.measurement.zzak.zza(com.google.android.gms:play-services-measurement-sdk-api@@18.0.2:8)
05-05 21:58:28.240 21903 22005 E DynamiteLoaderImpl: at com.google.android.gms.internal.measurement.zzbg.run(com.google.android.gms:play-services-measurement-sdk-api@@18.0.2:2)
05-05 21:58:28.240 21903 22005 E DynamiteLoaderImpl: at java.util.concurrent.ThreadPoolExecutor.runWorker(ThreadPoolExecutor.java:1167)
05-05 21:58:28.240 21903 22005 E DynamiteLoaderImpl: at java.util.concurrent.ThreadPoolExecutor$Worker.run(ThreadPoolExecutor.java:641)
05-05 21:58:28.240 21903 22005 E DynamiteLoaderImpl: at java.lang.Thread.run(Thread.java:919)
05-05 21:58:28.240 21903 22005 W DynamiteModule: Failed to retrieve remote module version.
05-05 21:58:28.250 1198 7845 I ActivityManager: DSS OFF for com.yeti.browser
05-05 21:58:28.251 591 6437 I SehCamDevSession@4.0-impl: [CAMKPI] camera3->configure_streams : E
05-05 21:58:28.251 591 6437 I AVSP : AVSPHal3InterfaceEntry.cpp: AVSP_configure_streams: 242: operation_mode: 0
05-05 21:58:28.251 591 6437 I AVSP : AVSPHal3InterfaceEntry.cpp: AVSP_configure_streams: 243: num_streams: 1
05-05 21:58:28.251 591 6437 I AVSP : AVSPHal3InterfaceEntry.cpp: AVSP_configure_streams: 247: =================================================
05-05 21:58:28.251 591 6437 I AVSP : AVSPHal3InterfaceEntry.cpp: AVSP_configure_streams: 248: streams[0]: 0x760f0478e8
05-05 21:58:28.251 591 6437 I AVSP : AVSPHal3InterfaceEntry.cpp: AVSP_configure_streams: 249: =================================================
05-05 21:58:28.251 591 6437 I AVSP : AVSPHal3InterfaceEntry.cpp: AVSP_configure_streams: 251: widthxheight : 176x144
05-05 21:58:28.251 591 6437 I AVSP : AVSPHal3InterfaceEntry.cpp: AVSP_configure_streams: 252: format : 0x22
05-05 21:58:28.251 591 6437 I AVSP : AVSPHal3InterfaceEntry.cpp: AVSP_configure_streams: 253: rotation : 0
05-05 21:58:28.251 591 6437 I AVSP : AVSPHal3InterfaceEntry.cpp: AVSP_configure_streams: 254: stream_type : 0
05-05 21:58:28.251 591 6437 I AVSP : AVSPHal3InterfaceEntry.cpp: AVSP_configure_streams: 255: max_buffers : 0
05-05 21:58:28.251 591 6437 I AVSP : AVSPHal3InterfaceEntry.cpp: AVSP_configure_streams: 256: usage : 0x100
05-05 21:58:28.251 591 6437 I AVSP : AVSPHal3InterfaceEntry.cpp: AVSP_configure_streams: 257: data_space : 0x0
05-05 21:58:28.251 591 6437 I AVSP : AVSPHal3InterfaceEntry.cpp: AVSP_configure_streams: 258: option : 0x0
05-05 21:58:28.251 591 6437 I AVSP : AVSPHal3InterfaceEntry.cpp: AVSP_configure_streams: 259: physical_camera_id:
05-05 21:58:28.251 591 6437 I AVSP : CameraHalUnit.cpp: CheckEnableCondition: 321: AVSP is disabled. : isSamsungCamera=false, isFactoryTest=false, isWhiteApp=false
05-05 21:58:28.251 591 6437 I AVSP : CameraHalUnit.cpp: ConfigureStreams: 446: AVSP is bypass mode in current scenaio.
05-05 21:58:28.252 591 6437 I mtkcam-AppStreamMgr: [1-FrameHandler::setOperationMode] operationMode change: 0xffffffff -> 0
05-05 21:58:28.252 591 6437 I : setSecConfigValue : key [1], value [30]
05-05 21:58:28.252 591 6437 I mtkcam-AppStreamMgr: stream id len : 0
05-05 21:58:28.252 591 6437 I mtkcam-AppStreamMgr: [1-ConfigHandler::operator()] [addFrameDuration] format:34 size:176x144 min_duration:33333333, stall_duration:0
05-05 21:58:28.252 591 6437 I mtkcam-FeatureSettingPolicy: [FeatureSettingPolicy] (0x75f2bd40a0) ctor, openId(1), sensors_count(1), is_dual_cam(0)
05-05 21:58:28.252 591 6437 I Hal3Av3 : [createInstance] sensorIdx(1) mtkcam-FeatureSettingPolicy
05-05 21:58:28.252 591 6437 I Hal3Av3 : [init] Still 1 users
05-05 21:58:28.252 591 6437 I Hal3Av3 : [init] Done m_rConfigInfo.i4SubsampleCount(1), User.count(2), User init(mtkcam-FeatureSettingPolicy)
05-05 21:58:28.252 591 6437 I Hal3Av3 : [createInstance] sensorIdx(1) HDRPolicyHelper
05-05 21:58:28.252 591 6437 I Hal3Av3 : [init] Still 2 users
05-05 21:58:28.252 591 6437 I Hal3Av3 : [init] Done m_rConfigInfo.i4SubsampleCount(1), User.count(3), User init(HDRPolicyHelper)
05-05 21:58:28.253 591 6437 I mtkcam-PipelineModelSession-Factory: [decidePipelineModelSession] 4Cell
05-05 21:58:28.258 591 6437 I MtkCam/HwUtils/ResourceConcurrency: [ResourceConcurrency] name[mP1NodeConcurrency] timeout(15000000000ns)
05-05 21:58:28.258 591 6437 I mtkcam-FeatureSettingPolicy: [evaluateZslConfiguration] MTK_CONTROL_CAPTURE_DEFAULT_ZSL_MODE has no effect : mbEnableDefaultZslMode(0)
05-05 21:58:28.258 591 6437 I mtkcam-mtk_scenario_mgr: [mtk_get_features_table_by_scenario] find features for scenario(1 : MTK_CAMERA_SCENARIO_CAPTURE_NORMAL)
05-05 21:58:28.259 591 6437 I mtkcam-FeatureSettingPolicy: [evaluateCaptureConfiguration] scenario(MTK_CAMERA_SCENARIO_CAPTURE_NORMAL) support feature:MTK_FEATURE_AIHDR(0x2000000), feature combination:MTK_FEATURE_COMBINATION_AIHDR(0x20600f8)
05-05 21:58:28.259 591 6437 I mtkcam-FeatureSettingPolicy: [evaluateCaptureConfiguration] scenario(MTK_CAMERA_SCENARIO_CAPTURE_NORMAL) support feature:TP_FEATURE_HDR(0x100000000), feature combination:MTK_FEATURE_COMBINATION_HDR(0x1000600f8)
05-05 21:58:28.259 591 6437 I mtkcam-FeatureSettingPolicy: [evaluateCaptureConfiguration] scenario(MTK_CAMERA_SCENARIO_CAPTURE_NORMAL) support feature:MTK_FEATURE_AINR(0x2000), feature combination:MTK_FEATURE_COMBINATION_AINR(0x620f8)
05-05 21:58:28.259 591 6437 I mtkcam-FeatureSettingPolicy: [evaluateCaptureConfiguration] scenario(MTK_CAMERA_SCENARIO_CAPTURE_NORMAL) support feature:MTK_FEATURE_REMOSAIC(0x4), feature combination:MTK_FEATURE_COMBINATION_REMOSAIC(0x600fc)
05-05 21:58:28.259 591 6437 I mtkcam-FeatureSettingPolicy: [evaluateCaptureConfiguration] scenario(MTK_CAMERA_SCENARIO_CAPTURE_NORMAL) support feature:MTK_FEATURE_MFNR(0x1), feature combination:MTK_FEATURE_COMBINATION_MFNR(0x600f9)
05-05 21:58:28.259 591 6437 I mtkcam-FeatureSettingPolicy: [evaluateCaptureConfiguration] scenario(MTK_CAMERA_SCENARIO_CAPTURE_NORMAL) support feature:NO_FEATURE_NORMAL(0), feature combination:MTK_FEATURE_COMBINATION_SINGLE(0x4600f8)
05-05 21:58:28.259 591 6437 I mtkcam-FeatureSettingPolicy: [getCaptureProvidersByScenarioFeatures] support features:0x1024620fd uniqueKey:162828252
05-05 21:58:28.259 591 6437 I MtkCam/ppl_plugin: [PipelinePlugin] MultiFrame: ctor(0x760f048cd8), openId:1, openId2:-1, hash:0x9b48fdcffff0001
05-05 21:58:28.259 591 6437 I MtkCam/ppl_plugin: [getInstance] MultiFrame: create plugin(0x760f048cd8), hash(1):0x9b48fdcffff0001, uniqueKey:162828252, openId:1, openId2:-1, mInstances size:1
05-05 21:58:28.259 591 6437 I MtkCam/ppl_plugin: [PipelinePlugin] Raw: ctor(0x761be501b8), openId:1, openId2:-1, hash:0x9b48fdcffff0001
05-05 21:58:28.259 591 6437 I MtkCam/ppl_plugin: [getInstance] Raw: create plugin(0x761be501b8), hash(1):0x9b48fdcffff0001, uniqueKey:162828252, openId:1, openId2:-1, mInstances size:1
05-05 21:58:28.259 591 6437 I MtkCam/ppl_plugin: [PipelinePlugin] Yuv: ctor(0x761be50258), openId:1, openId2:-1, hash:0x9b48fdcffff0001
05-05 21:58:28.259 591 6437 I MtkCam/ppl_plugin: [getInstance] Yuv: create plugin(0x761be50258), hash(1):0x9b48fdcffff0001, uniqueKey:162828252, openId:1, openId2:-1, mInstances size:1
05-05 21:58:28.259 591 6437 I mtkcam-FeatureSettingPolicy: [evaluateCaptureConfiguration] out->CaptureParams:{ .additionalHalP1OutputBufferNum={ .imgo=8 .rrzo=8 .lcso=8 .rsso=0 .scaledYuv=0 } .maxAppRaw16OutputBufferNum=1 .maxAppJpegStreamNum=5 .supportedScenarioFeatures=0x1024620fd }
05-05 21:58:28.259 591 6437 I mtkcam-FeatureSettingPolicy: [evaluateStreamConfiguration] set MdpTargetSize : dispSize(176x144), recSize(0x0), extraSize(0x0), largeSize(0x0)
05-05 21:58:28.259 591 6437 I mtkcam-mtk_scenario_mgr: [mtk_get_streaming_scenario] no dedicated scenario, normal scenario
05-05 21:58:28.259 591 6437 I mtkcam-mtk_scenario_mgr: [mtk_get_streaming_scenario] scenario:51
05-05 21:58:28.259 591 6437 I mtkcam-mtk_scenario_mgr: [mtk_get_features_table_by_scenario] find features for scenario(51 : MTK_CAMERA_SCENARIO_STREAMING_NORMAL)
05-05 21:58:28.259 591 6437 I mtkcam-mtk_scenario_mgr: [mtk_get_streaming_config] streaming scenario config, fixMarginList(0)
05-05 21:58:28.259 591 6437 I mtkcam-FeatureSettingPolicy: [evaluateStreamConfiguration] scenario(MTK_CAMERA_SCENARIO_STREAMING_NORMAL) support feature:NO_FEATURE_NORMAL(0), feature combination:MTK_FEATURE_COMBINATION_VIDEO_NORMAL(0x400c00301020)
05-05 21:58:28.260 591 6437 I mtkcam-FeatureSettingPolicy: [evaluateStreamConfiguration] support features:0x400c00301020, rrz ratio(1.000000), marginList(0), MdpTargetSize(176x144)
05-05 21:58:28.260 591 6437 I mtkcam-SensorSettingPolicy4cell: [parseStreamSize_4Cell] StreamId(0) image width 176, height 144
05-05 21:58:28.260 591 6437 I mtkcam-SensorSettingPolicy4cell: [parseStreamSize_4Cell] StreamId(0) set 4:3 sensor mode
05-05 21:58:28.260 591 6437 I mtkcam-SensorSettingPolicy4cell: [parseSensorMode_4Cell] find match sensor mode 6
05-05 21:58:28.260 591 6437 I mtkcam-SensorSettingPolicy4cell: select size(2112x1584)@30 sensorMode:6 hdrSensorMode:0 hdrHalMode:0
05-05 21:58:28.260 591 6437 I mtkcam-P1HwSettingPolicy: [evaluateDeviceRawBitDepth] MTK_SENSOR_INFO_WHITE_LEVEL:1023 bitdepth:10
05-05 21:58:28.260 591 6437 E NormalPipe: [query] unsupport cmd(0x4000)
05-05 21:58:28.260 591 6437 E NormalPipe: (query){#641:vendor/mediatek/proprietary/hardware/mtkcam/drv/src/isp/mt6768/iopipe/CamIO/NormalPipeModule.cpp}
05-05 21:58:28.260 591 6437 W MtkCam/HwInfoHelper: [quertMaxRrzoWidth] this platform not support ENPipeQueryCmd_MAX_PREVIEW_SIZE, use default value : 2560
05-05 21:58:28.260 591 6437 I MtkCam/HwInfoHelper: [getImgoFmt] debug.camera.rawunpak = -1, useUnpakFmt = 0
05-05 21:58:28.260 591 6437 I MtkCam/HwInfoHelper: [getImgoFmt] vendor.debug.camera.afraw = -1, don't use Af Raw
