05-05 21:58:28.758 1198 1027 D MotionRecognitionService: onReceive lux: 50.0 action:
05-05 21:58:28.758 1198 1027 D MotionRecognitionService: Inject brightness form Cam 50.0
05-05 21:58:28.758 1198 1027 D MotionRecognitionService: Inject calibrated lux
05-05 21:58:28.758 681 9356 D Camera3-Device: flush: mInterfaceLock.lock()
05-05 21:58:28.759 591 22064 I ResultPool: [convertToMetadata4AF] SEC, date.0313, check MTK_CONTROL_AF_REGIONS, array = [0, 0, 0, 0, 0], ret2(0), u1AfMode(4), ret1(1)
05-05 21:58:28.759 591 591 I AVSP : AVSPHal3InterfaceEntry.cpp: AVSP_flush: 379: E
05-05 21:58:28.759 580 656 I Sensors : AutoBrightnessSensor::inject_sensor_data: cam_lux 50
05-05 21:58:28.760 588 615 I legacy_power@2.1-impl: @Deprecated scnDisable hdl:160790
05-05 21:58:28.761 588 614 I libPowerHal: perfUserScnDisable - handle:160790
05-05 21:58:28.761 22097 22097 I cr_ChildProcessService: Creating new ChildProcessService pid=22097
05-05 21:58:28.761 588 614 I libPowerHal: 50: cpu_ctrl set freq: -1 -1 -1 -1
05-05 21:58:28.762 588 614 I libPowerHal: perfUserRegScn - i:49, hdl:151888, pid:591, tid:1047
05-05 21:58:28.762 588 614 I libPowerHal: perfUserRegScn - i:50, hdl:160790, pid:591, tid:1047
05-05 21:58:28.762 588 614 I libPowerHal: perfUserRegScn - i:51, hdl:160791, pid:591, tid:1047
05-05 21:58:28.762 588 614 I libPowerHal: perfUserRegScn - i:52, hdl:160792, pid:591, tid:1047
05-05 21:58:28.762 588 614 I libPowerHal: perfUserRegScn - i:53, hdl:160793, pid:591, tid:1047
05-05 21:58:28.763 588 615 I legacy_power@2.1-impl: scnReg hdl:160793
05-05 21:58:28.763 588 615 I legacy_power@2.1-impl: @Deprecated scnUnreg hdl:160790
05-05 21:58:28.763 591 591 I MtkCam/ppl_context: [beginFlush] + <4Cell/1>
05-05 21:58:28.763 591 591 I mtkcam-InFlightRequest: [abort] +
05-05 21:58:28.763 591 591 I mtkcam-InFlightRequest: [abort] - frames:{ 7 6 5 4 3 } being aborted (#5 in-flight frames)
05-05 21:58:28.763 591 591 I MtkCam/ppl_context: [kickRootNodes] [requestNo:7 frameNo:7] last frame
05-05 21:58:28.764 591 591 I MtkCam/ppl_context: [kickRootNodes] kick 0x1 +
05-05 21:58:28.764 591 591 I MtkCam/P1NodeImp: [kick] [Cam::1] cnt(1)
05-05 21:58:28.764 588 615 I legacy_power@2.1-impl: @Deprecated scnConfig hdl:160793, cmd:5, param1:1, param2:0, param3:0, param4:0
05-05 21:58:28.764 591 591 I MtkCam/P1NodeImp: [kick] [Cam::1] KICK - [Num Q:8 M:8 F:6 R:6 @0][Type:1 Out:x85 Rec:x0 Raw:1 Cap:0 Exe:1 Flush:x0]
05-05 21:58:28.764 588 615 I legacy_power@2.1-impl: @Deprecated scnEnable hdl:160793, timeout:1000
05-05 21:58:28.764 591 591 I MtkCam/ppl_context: [kickRootNodes] kick 0x1 - err:0
05-05 21:58:28.764 591 591 I MtkCam/P1NodeImp: [hardwareOps_stop] [Cam::1] Cam::1 Req=8 Set=7 Enq=7 Deq=4 Out=4
05-05 21:58:28.764 591 591 I Hal3Av3 : [stopStt]+ sensorDev(2), sensorIdx(1), mpHal3aObj(0x760f0a9200)
05-05 21:58:28.764 591 591 I Hal3ARaw: [notifyPreStop] m_bPreStop(0)
05-05 21:58:28.765 588 614 I libPowerHal: perfUserScnEnable - handle:160793
05-05 21:58:28.765 591 591 W ifunc_cam_buf: [_disable] WARNING: [0x0]:BUF_CTRL_AAO:disable FBC at streaming
05-05 21:58:28.765 591 591 W ifunc_cam_buf: [_disable] WARNING: [0x0]:BUF_CTRL_PSO:disable FBC at streaming
05-05 21:58:28.765 591 591 I afo_buf_mgr: [notifyPreStop]
05-05 21:58:28.765 588 614 I libPowerHal: 53: cpu_ctrl set freq: 1700000 -1 2000000 -1
05-05 21:58:28.765 591 591 W aaa_hal_sttCtrl: [resume]
05-05 21:58:28.765 591 591 I Hal3AFlowCtrl: [stopStt] m_fgPreStop: 1 finish !
05-05 21:58:28.765 591 591 I Hal3Av3 : [stopStt]- sensorDev(2), sensorIdx(1), mpHal3aObj(0x760f0a9200)
05-05 21:58:28.765 591 22058 W mtkcam-AppStreamMgr: [1-FrameHandler::operator()] [Meta Stream Buffer] Error happens... - frameNo:6 streamId:0x10000001c App:Meta:DynamicP1_main1
05-05 21:58:28.784 591 22156 I FDVT_Drv: Final: HW_NUM:0, Filter_NUM:0, SKIP_NUM:0
05-05 21:58:28.787 21961 22133 W SystemServiceRegistry: No service published for: uimode
05-05 21:58:28.788 1198 9336 W ActivityManager: Slow operation: 208ms so far, now at attachApplicationLocked: after mServices.attachApplicationLocked
05-05 21:58:28.789 21903 22008 W SystemServiceRegistry: No service published for: uimode
05-05 21:58:28.790 22097 22243 W ContextImpl: Failed to ensure /data/user/0/com.yeti.browser/shared_prefs: mkdir failed: EACCES (Permission denied)
05-05 21:58:28.791 591 6437 W MtkCam/streambuf: [markUserStatus] Hal:Meta:P1:Dynamic_main1:0x100000015:0x75f2ad85a0 producer:0x1 released w/o using -> ERROR buffer - user status:0x8:0x8
05-05 21:58:28.791 591 6437 W MtkCam/streambuf: [markUserStatus] App:Meta:DynamicP1_main1:0x10000001c:0x75f2a8fb20 producer:0x1 released w/o using -> ERROR buffer - user status:0x8:0x8
05-05 21:58:28.791 591 6437 W MtkCam/streambuf: [markUserStatus] Hal:Image:P1:Resizeraw_main1:0x100000002:0x760f078a00 producer:0x1 released w/o using -> ERROR buffer - user status:0x8:0x8
05-05 21:58:28.791 591 6437 W MtkCam/streambuf: [markUserStatus] Hal:Image:STT_main1:0x100000003:0x7603a97000 producer:0x1 released w/o using -> ERROR buffer - user status:0x8:0x8
05-05 21:58:28.791 591 22058 W mtkcam-AppStreamMgr: [1-FrameHandler::operator()] [Meta Stream Buffer] Error happens... - frameNo:7 streamId:0x10000001c App:Meta:DynamicP1_main1
05-05 21:58:28.791 591 6437 I MtkCam/P2/MWFrame: [releaseFrameStream] P2S cam 1 MWFrame:#7 MWReq:#7, frame 0 : Node0x15 Flush FrameNo(7)
05-05 21:58:28.791 591 6437 W MtkCam/streambuf: [markUserStatus] Hal:Meta:P2:Dynamic:0x100000018:0x75f2adafa0 producer:0x15 released w/o using -> ERROR buffer - user status:0x8:0x8
05-05 21:58:28.791 591 6437 W MtkCam/streambuf: [markUserStatus] App:Meta:DynamicP2:0x10000001f:0x75f2a8fca0 producer:0x15 released w/o using -> ERROR buffer - user status:0x8:0x8
05-05 21:58:28.791 591 6437 W MtkCam/streambuf: [markUserStatus] s0:d1:App:YCrCb_420_SP:0|HW_TEXTURE:0:0x75f9fdf700 producer:0x15 released w/o using -> ERROR buffer - user status:0x8:0x8
05-05 21:58:28.791 591 6437 W MtkCam/streambuf: [markUserStatus] Hal:Image:FD:0x100000010:0x7603986500 producer:0x15 released w/o using -> ERROR buffer - user status:0x8:0x8
05-05 21:58:28.791 591 22058 W mtkcam-AppStreamMgr: [1-FrameHandler::operator()] [Meta Stream Buffer] Error happens... - frameNo:7 streamId:0x10000001f App:Meta:DynamicP2
05-05 21:58:28.791 591 6437 W MtkCam/streambuf: [markUserStatus] App:Meta:FD:0x100000027:0x75f2a8fe20 producer:0x16 released w/o using -> ERROR buffer - user status:0x8:0x8
05-05 21:58:28.792 591 22058 W mtkcam-AppStreamMgr: [1-FrameHandler::operator()] [Image Stream Buffer] Error happens and all users release - frameNo:7 streamId:0 s0:d1:App:YCrCb_420_SP:0|HW_TEXTURE state:IN-FLIGHT->ERROR
05-05 21:58:28.792 591 22058 W mtkcam-AppStreamMgr: [1-FrameHandler::updateCallback] frameNo:7 Request Error
05-05 21:58:28.792 591 22058 D ULog : R AppRequest:7 M[CameraDevice:187001] - :mtkcam-AppStreamMgr #519273
05-05 21:58:28.792 591 22058 W mtkcam-AppStreamMgr: [1-FrameHandler::updateResult] frameNo:7 is not in FrameQueue; FrameQueue: 3 4 5 6; ResultQueue: 7
05-05 21:58:28.792 681 899 E CameraDeviceClient: notifyError: pid=1030, errorCode=3
05-05 21:58:28.792 681 899 E CameraDeviceClient: notifyError: pid=1030, skipClientNotification=false
05-05 21:58:28.793 681 899 E Camera3-OutputStream: returnBufferCheckedLocked: A frame is dropped for stream 0 due to buffer error.
05-05 21:58:28.793 1030 4685 D BufferQueueProducer: [SurfaceTexture-0-1030-20089](this:0x747df52000,id:20089,api:0,p:-1,c:1030) cancelBuffer: slot 1
05-05 21:58:28.793 1198 9213 W system_server: Long monitor contention with owner ActivityManager:procStart (1251) at void com.android.server.am.ProcessList.lambda$startProcessLocked$0$ProcessList(com.android.server.am.ProcessRecord, java.lang.String, int[], int, int, java.lang.String, java.lang.String, java.lang.String, long)(ProcessList.java:2119) waiters=1 in void com.android.server.am.ActivityManagerService.attachApplication(android.app.IApplicationThread, long) for 317ms
05-05 21:58:28.794 22097 22243 W SystemServiceRegistry: No service published for: user
05-05 21:58:28.795 1198 9213 I ActivityManager: DSS OFF for com.yeti.browser
05-05 21:58:28.796 22097 22243 E FA : Exception reading flag from SharedPreferences.
05-05 21:58:28.796 22097 22243 E FA : java.lang.NullPointerException: Attempt to invoke virtual method 'boolean android.os.UserManager.isUserUnlockingOrUnlocked(int)' on a null object reference
05-05 21:58:28.796 22097 22243 E FA : at android.app.ContextImpl.getSharedPreferences(ContextImpl.java:485)
05-05 21:58:28.796 22097 22243 E FA : at android.app.ContextImpl.getSharedPreferences(ContextImpl.java:462)
05-05 21:58:28.796 22097 22243 E FA : at android.content.ContextWrapper.getSharedPreferences(ContextWrapper.java:184)
05-05 21:58:28.796 22097 22243 E FA : at com.google.android.gms.internal.measurement.zzbr.zzO(Unknown Source:58)
05-05 21:58:28.796 22097 22243 E FA : at com.google.android.gms.internal.measurement.zzak.zza(com.google.android.gms:play-services-measurement-sdk-api@@18.0.2:2)
05-05 21:58:28.796 22097 22243 E FA : at com.google.android.gms.internal.measurement.zzbg.run(com.google.android.gms:play-services-measurement-sdk-api@@18.0.2:2)
05-05 21:58:28.796 22097 22243 E FA : at java.util.concurrent.ThreadPoolExecutor.runWorker(ThreadPoolExecutor.java:1167)
05-05 21:58:28.796 22097 22243 E FA : at java.util.concurrent.ThreadPoolExecutor$Worker.run(ThreadPoolExecutor.java:641)
05-05 21:58:28.796 22097 22243 E FA : at java.lang.Thread.run(Thread.java:919)
05-05 21:58:28.796 591 22220 W sttiopipe: [dequeOutBuf] WARNING: waitBufRdy:VF_EN=0, dma(0x3)
05-05 21:58:28.796 591 22220 W StatisticPipe: [deque] WARNING: TG1 deque port_12:already stopped
05-05 21:58:28.796 591 22220 I aao_buf_mgr: [dequeueHwBuf] abort after sttPipe deque
05-05 21:58:28.797 591 22153 W TwinMgr_buf: [deque] WARNING: [deque]waitBufRdy: VF_EN=0, dma(0x1)
05-05 21:58:28.797 591 22153 W NormalPipe: [ispDequeThread] WARNING: deqThread leave:dequeResponse already stopped
05-05 21:58:28.797 591 22147 W NormalPipe: [deque] WARNING: N:1 dma:x0 deque, already stopped
05-05 21:58:28.797 591 591 I Hal3Av3 : [stop]+ sensorDev(2), sensorIdx(1), mpHal3aObj(0x760f0a9200)
05-05 21:58:28.798 591 591 I Hal3AFlowCtrl_thread: [clearCommandQ]+
05-05 21:58:28.798 591 591 I Hal3AFlowCtrl_thread: [clearCommandQ]- Qsize(0)
05-05 21:58:28.798 591 591 W aaa_hal_sttCtrl: [abortDeque]
05-05 21:58:28.798 591 591 I afo_buf_mgr: [abortDequeue] abortDma done
05-05 21:58:28.798 591 591 I afo_buf_mgr: [abortDequeue] +
05-05 21:58:28.798 591 591 I afo_buf_mgr: [abortDequeue] -
05-05 21:58:28.798 591 591 I Hal3AFlowCtrl: [flushVSirq] abortDeque done
05-05 21:58:28.798 591 22061 I Hal3AFlowCtrl_thread: [onThreadLoop] First command from P1
05-05 21:58:28.798 591 22061 I Hal3AFlowCtrl_thread: [onThreadLoop] Exit 3A thread
05-05 21:58:28.798 591 22061 I Hal3AFlowCtrl_thread: [getCommand] mCmdQCond.wait +
05-05 21:58:28.798 591 591 I Hal3AFlowCtrl: [flushVSirq] flushVSirq done
05-05 21:58:28.798 591 591 I Hal3AFlowCtrl_thread: [sendCommand] wait ECmd_CameraPreviewEnd
05-05 21:58:28.798 591 22061 I Hal3AFlowCtrl: [postCommand] Non-ECmd_Update, m_rParam.u4AeMode(1), m_rParam.i8ExposureTime(0), iValidateOpt(1)
05-05 21:58:28.798 591 22061 W TaskMgr : [sendEvent] TaskEvent:PreivewEnd
05-05 21:58:28.798 591 22061 W Task3APv: [destroy] +
05-05 21:58:28.798 591 22061 W Task3APv: [destroy] -
05-05 21:58:28.798 591 22061 W TaskMgr : [sendEvent] Remove Task(0)
05-05 21:58:28.798 591 22061 I Hal3AFlowCtrl: [postCommand] reset bMainFlash
05-05 21:58:28.798 591 22061 W aaa_hal_sttCtrl: [stopStt]
05-05 21:58:28.799 591 22061 I Hal3ARaw: [stop] +
05-05 21:58:28.799 591 22061 I Hal3ARaw: [stop] AE Min Max Frame Rate has been reset
05-05 21:58:28.799 591 22061 I FlickerHal: stop(): begin. m_sensorDev(2)
05-05 21:58:28.799 591 22061 I FlickerHal: detach(): count(0/1). m_sensorDev(2)
05-05 21:58:28.799 591 22061 I FlickerHal: uninit_algo(): mUsers(1). m_sensorDev(2)
05-05 21:58:28.799 591 22061 I Hal3ARaw: [stop] -
05-05 21:58:28.800 591 22061 I Hal3AFlowCtrl_thread: [onThreadLoop] SEC date.0216, post cmd(1)
05-05 21:58:28.800 591 22061 I Hal3AFlowCtrl_thread: [getCommand] mCmdQCond.wait +
05-05 21:58:28.800 591 591 I Hal3Av3 : [stop]- sensorDev(2), sensorIdx(1), mpHal3aObj(0x760f0a9200)
05-05 21:58:28.800 591 591 I Hal3Av3 : [notifyP1PwrOff]+ notifyP1PwrOff
05-05 21:58:28.800 591 591 I Hal3ARaw: [notifyP1PwrOff] notifyP1PwrOff
05-05 21:58:28.800 591 591 D CcuMgr : [ccuShutdown] +
05-05 21:58:28.800 591 591 D CcuDrv : CcuDrv[shutdown] +:shutdown
05-05 21:58:28.802 591 591 D CcuDrv : CcuDrv[shutdown] -:shutdown
05-05 21:58:28.802 591 591 D CcuDrv : CcuDrv[powerOff] +:powerOff
05-05 21:58:28.802 591 591 D CcuDrv : CcuDrv[setCcuPower] setCcuPower: setpower(0) cmd done.
05-05 21:58:28.802 591 591 D CcuDrv : CcuDrv[powerOff] -:powerOff
05-05 21:58:28.802 591 591 I CcuDrv : CcuDrv[RealUninit] +,m_UserCnt(1),curUser(CCU)
05-05 21:58:28.802 591 591 D CcuDrv : CcuDrv[RealUninit] +:release thread
05-05 21:58:28.802 591 591 D CcuDrv : CcuDrv[RealUninit] -:release thread
05-05 21:58:28.802 591 591 D CcuDrv : CcuDrv[UnMapHwRegs] Uinit_CCU_A munmap: 0x761b813000
05-05 21:58:28.802 591 591 D CcuDrv : CcuDrv[UnMapHwRegs] Uinit_CCU_CAMSYS munmap: 0x761b804000
05-05 21:58:28.802 591 591 D CcuDrv : CcuDrv[UnMapHwRegs] Uinit_CCU_PMEM munmap: 0x761b6b0000
05-05 21:58:28.802 591 591 D CcuDrv : CcuDrv[UnMapHwRegs] Uinit_CCU_DMEM munmap: 0x761b755000
05-05 21:58:28.802 591 591 D CcuDrv : CcuDrv[RealUninit] +:release buffer
05-05 21:58:28.803 591 591 D CcuDrv : CcuDrv[RealUninit] -:release buffer
05-05 21:58:28.804 591 591 I CcuDrv : CcuDrv[RealUninit] CcuDrv uinitial done gracefully
05-05 21:58:28.804 591 591 I CcuDrv : CcuDrv[RealUninit] - X. ret: 1. m_UserCnt: 0
05-05 21:58:28.804 591 591 D CcuMgr : [ccuShutdown] -
05-05 21:58:28.804 591 591 D CcuMgr : [ccuUninit] +
05-05 21:58:28.805 591 591 D CcuMgr : [ccuUninit] -: CcuMgr uninitial done gracefully
05-05 21:58:28.805 591 591 I Hal3ARaw: [notifyP1PwrOff] m_pICcuMgr->ccuUninit() and m_pICcuMgr->ccuShutdown() success return true
05-05 21:58:28.805 591 591 I CcuMgr : [destroyInstance] +
05-05 21:58:28.806 591 591 I CcuMgr : [_destroyCcuMgr] CcuMgr User Cnt: 0
05-05 21:58:28.806 591 591 I CcuMgr : [destroyInstance] -
05-05 21:58:28.806 591 591 I Hal3Av3 : [notifyP1PwrOff]-
05-05 21:58:28.806 591 591 I Hal3Av3 : [destroyInstance] sensorIdx(1) User(P1Node)
05-05 21:58:28.806 591 591 I Hal3Av3 : [uninit] Still 10 users
05-05 21:58:28.806 591 591 I Hal3Av3 : [uninit] Done m_rConfigInfo.i4SubsampleCount(1), User.count(10), User uninit(P1Node)
05-05 21:58:28.806 591 591 I Hal3Av3 : [destroyInstance] sensorIdx(1) User(LCSHal)
05-05 21:58:28.806 591 591 I Hal3Av3 : [uninit] Still 9 users
05-05 21:58:28.806 591 591 I Hal3Av3 : [uninit] Done m_rConfigInfo.i4SubsampleCount(1), User.count(9), User uninit(LCSHal)
05-05 21:58:28.806 591 591 I LCSDrv : [Uninit]mSensorIdx(1) uninit
05-05 21:58:28.806 591 591 I Hal3Av3 : [destroyInstance] sensorIdx(1) User(LCSDrv)
05-05 21:58:28.806 591 591 I Hal3Av3 : [uninit] Still 8 users
05-05 21:58:28.806 591 591 I Hal3Av3 : [uninit] Done m_rConfigInfo.i4SubsampleCount(1), User.count(8), User uninit(LCSDrv)
05-05 21:58:28.806 591 591 I LMVTuning: [~LMVTuning][Cam::1]-
05-05 21:58:28.808 591 591 I Hal3Av3 : [destroyInstance] sensorIdx(1) User(VHDRHal)
05-05 21:58:28.808 591 591 I Hal3Av3 : [uninit] Still 7 users
05-05 21:58:28.808 591 591 I Hal3Av3 : [uninit] Done m_rConfigInfo.i4SubsampleCount(1), User.count(7), User uninit(VHDRHal)
05-05 21:58:28.815 591 591 I MtkCam/HwUtils/ResourceConcurrency: [release] [mP1NodeConcurrency][Client-0] free resource (15000000000ns)
05-05 21:58:28.815 591 591 I MtkCam/HwUtils/ResourceConcurrency: [cancel] [mP1NodeConcurrency][Client-0] client-returned , state(0)
05-05 21:58:28.816 591 22058 W mtkcam-AppStreamMgr: [1-FrameHandler::operator()] [Meta Stream Buffer] Error happens... - frameNo:3 streamId:0x10000001c App:Meta:DynamicP1_main1
05-05 21:58:28.816 591 22058 W mtkcam-AppStreamMgr: [1-FrameHandler::operator()] [Meta Stream Buffer] Error happens... - frameNo:4 streamId:0x10000001c App:Meta:DynamicP1_main1
05-05 21:58:28.817 591 22058 W mtkcam-AppStreamMgr: [1-FrameHandler::operator()] [Meta Stream Buffer] Error happens... - frameNo:5 streamId:0x10000001c App:Meta:DynamicP1_main1
05-05 21:58:28.817 591 22148 I MtkCam/P2/MWFrame: [releaseFrameStream] P2S cam 1 MWFrame:#3 MWReq:#3, frame 0 : Node0x15 Flush FrameNo(3)
05-05 21:58:28.818 591 22148 W MtkCam/streambuf: [markUserStatus] Hal:Meta:P2:Dynamic:0x100000018:0x75f2ad9f20 producer:0x15 released w/o using -> ERROR buffer - user status:0x8:0x8
05-05 21:58:28.818 591 22148 W MtkCam/streambuf: [markUserStatus] App:Meta:DynamicP2:0x10000001f:0x75f2ad9aa0 producer:0x15 released w/o using -> ERROR buffer - user status:0x8:0x8
05-05 21:58:28.818 591 22148 W MtkCam/streambuf: [markUserStatus] s0:d1:App:YCrCb_420_SP:0|HW_TEXTURE:0:0x75f9fdcf00 producer:0x15 released w/o using -> ERROR buffer - user status:0x8:0x8
05-05 21:58:28.818 591 22148 W MtkCam/streambuf: [markUserStatus] Hal:Image:FD:0x100000010:0x7603986800 producer:0x15 released w/o using -> ERROR buffer - user status:0x8:0x8
05-05 21:58:28.819 591 22058 W mtkcam-AppStreamMgr: [1-FrameHandler::operator()] [Meta Stream Buffer] Error happens... - frameNo:3 streamId:0x10000001f App:Meta:DynamicP2
05-05 21:58:28.819 591 22058 W mtkcam-AppStreamMgr: [1-FrameHandler::operator()] [Image Stream Buffer] Error happens and all users release - frameNo:3 streamId:0 s0:d1:App:YCrCb_420_SP:0|HW_TEXTURE state:IN-FLIGHT->ERROR
05-05 21:58:28.819 591 22058 W mtkcam-AppStreamMgr: [1-FrameHandler::updateCallback] frameNo:3 Request Error
05-05 21:58:28.819 591 22148 W MtkCam/streambuf: [markUserStatus] App:Meta:FD:0x100000027:0x75f2ad9c20 producer:0x16 released w/o using -> ERROR buffer - user status:0x8:0x8
05-05 21:58:28.819 591 22058 D ULog : R AppRequest:3 M[CameraDevice:187001] - :mtkcam-AppStreamMgr #519274
05-05 21:58:28.819 591 22058 W mtkcam-AppStreamMgr: [1-FrameHandler::updateCallback] frame 3 is removed before shutter callbacked, there MUST have error frames or meta be sent for the request
05-05 21:58:28.819 591 22058 W mtkcam-AppStreamMgr: [1-FrameHandler::updateResult] frameNo:3 is not in FrameQueue; FrameQueue: 4 5 6; ResultQueue: 3
05-05 21:58:28.819 591 22148 I MtkCam/P2/MWFrame: [releaseFrameStream] P2S cam 1 MWFrame:#4 MWReq:#4, frame 0 : Node0x15 Flush FrameNo(4)
05-05 21:58:28.819 681 899 E CameraDeviceClient: notifyError: pid=1030, errorCode=3
05-05 21:58:28.819 681 899 E CameraDeviceClient: notifyError: pid=1030, skipClientNotification=false
05-05 21:58:28.820 591 22148 W MtkCam/streambuf: [markUserStatus] Hal:Meta:P2:Dynamic:0x100000018:0x75f2adaca0 producer:0x15 released w/o using -> ERROR buffer - user status:0x8:0x8
05-05 21:58:28.820 591 22148 W MtkCam/streambuf: [markUserStatus] App:Meta:DynamicP2:0x10000001f:0x75f2ada6a0 producer:0x15 released w/o using -> ERROR buffer - user status:0x8:0x8
05-05 21:58:28.820 591 22148 W MtkCam/streambuf: [markUserStatus] s0:d1:App:YCrCb_420_SP:0|HW_TEXTURE:0:0x75f9fdd180 producer:0x15 released w/o using -> ERROR buffer - user status:0x8:0x8
05-05 21:58:28.820 591 22148 W MtkCam/streambuf: [markUserStatus] Hal:Image:FD:0x100000010:0x760f076600 producer:0x15 released w/o using -> ERROR buffer - user status:0x8:0x8
05-05 21:58:28.820 681 899 E Camera3-OutputStream: returnBufferCheckedLocked: A frame is dropped for stream 0 due to buffer error.
05-05 21:58:28.820 591 22058 W mtkcam-AppStreamMgr: [1-FrameHandler::operator()] [Meta Stream Buffer] Error happens... - frameNo:4 streamId:0x10000001f App:Meta:DynamicP2
05-05 21:58:28.820 591 22058 W mtkcam-AppStreamMgr: [1-FrameHandler::operator()] [Image Stream Buffer] Error happens and all users release - frameNo:4 streamId:0 s0:d1:App:YCrCb_420_SP:0|HW_TEXTURE state:IN-FLIGHT->ERROR
05-05 21:58:28.820 591 22058 W mtkcam-AppStreamMgr: [1-FrameHandler::updateCallback] frameNo:4 Request Error
05-05 21:58:28.820 591 22148 W MtkCam/streambuf: [markUserStatus] App:Meta:FD:0x100000027:0x75f2ada820 producer:0x16 released w/o using -> ERROR buffer - user status:0x8:0x8
05-05 21:58:28.820 591 22058 D ULog : R AppRequest:4 M[CameraDevice:187001] - :mtkcam-AppStreamMgr #519275
05-05 21:58:28.820 1030 4685 D BufferQueueProducer: [SurfaceTexture-0-1030-20089](this:0x747df52000,id:20089,api:0,p:-1,c:1030) cancelBuffer: slot 3
05-05 21:58:28.820 591 22058 W mtkcam-AppStreamMgr: [1-FrameHandler::updateCallback] frame 4 is removed before shutter callbacked, there MUST have error frames or meta be sent for the request
05-05 21:58:28.820 591 22058 W mtkcam-AppStreamMgr: [1-FrameHandler::updateResult] frameNo:4 is not in FrameQueue; FrameQueue: 5 6; ResultQueue: 4
05-05 21:58:28.820 591 22148 I MtkCam/P2/MWFrame: [releaseFrameStream] P2S cam 1 MWFrame:#5 MWReq:#5, frame 0 : Node0x15 Flush FrameNo(5)
05-05 21:58:28.821 681 899 E CameraDeviceClient: notifyError: pid=1030, errorCode=3
05-05 21:58:28.821 681 899 E CameraDeviceClient: notifyError: pid=1030, skipClientNotification=false
05-05 21:58:28.821 591 22148 W MtkCam/streambuf: [markUserStatus] Hal:Meta:P2:Dynamic:0x100000018:0x75f2c25ea0 producer:0x15 released w/o using -> ERROR buffer - user status:0x8:0x8
05-05 21:58:28.821 591 22148 W MtkCam/streambuf: [markUserStatus] App:Meta:DynamicP2:0x10000001f:0x75f2c25a20 producer:0x15 released w/o using -> ERROR buffer - user status:0x8:0x8
05-05 21:58:28.821 591 22148 W MtkCam/streambuf: [markUserStatus] s0:d1:App:YCrCb_420_SP:0|HW_TEXTURE:0:0x75f9fdd400 producer:0x15 released w/o using -> ERROR buffer - user status:0x8:0x8
05-05 21:58:28.821 591 22058 W mtkcam-AppStreamMgr: [1-FrameHandler::operator()] [Image Stream Buffer] Error happens and all users release - frameNo:5 streamId:0 s0:d1:App:YCrCb_420_SP:0|HW_TEXTURE state:IN-FLIGHT->ERROR
05-05 21:58:28.821 591 22148 W MtkCam/streambuf: [markUserStatus] Hal:Image:FD:0x100000010:0x7603985f00 producer:0x15 released w/o using -> ERROR buffer - user status:0x8:0x8
05-05 21:58:28.821 591 22058 W mtkcam-AppStreamMgr: [1-FrameHandler::updateCallback] frameNo:5 Request Error
05-05 21:58:28.822 591 22058 D ULog : R AppRequest:5 M[CameraDevice:187001] - :mtkcam-AppStreamMgr #519276
05-05 21:58:28.822 591 22058 W mtkcam-AppStreamMgr: [1-FrameHandler::updateCallback] frame 5 is removed before shutter callbacked, there MUST have error frames or meta be sent for the request
05-05 21:58:28.822 591 22058 W mtkcam-AppStreamMgr: [1-FrameHandler::updateResult] frameNo:5 is not in FrameQueue; FrameQueue: 6; ResultQueue: 5
05-05 21:58:28.822 591 22148 W MtkCam/streambuf: [markUserStatus] App:Meta:FD:0x100000027:0x75f2c25ba0 producer:0x16 released w/o using -> ERROR buffer - user status:0x8:0x8
05-05 21:58:28.822 681 899 E Camera3-OutputStream: returnBufferCheckedLocked: A frame is dropped for stream 0 due to buffer error.
05-05 21:58:28.822 1030 4685 D BufferQueueProducer: [SurfaceTexture-0-1030-20089](this:0x747df52000,id:20089,api:0,p:-1,c:1030) cancelBuffer: slot 4
05-05 21:58:28.822 591 22148 I MtkCam/P2/MWFrame: [releaseFrameStream] P2S cam 1 MWFrame:#6 MWReq:#6, frame 0 : Node0x15 Flush FrameNo(6)
05-05 21:58:28.823 591 22148 W MtkCam/streambuf: [markUserStatus] Hal:Meta:P2:Dynamic:0x100000018:0x75f2c27220 producer:0x15 released w/o using -> ERROR buffer - user status:0x8:0x8
05-05 21:58:28.823 591 22148 W MtkCam/streambuf: [markUserStatus] App:Meta:DynamicP2:0x10000001f:0x75f2c26da0 producer:0x15 released w/o using -> ERROR buffer - user status:0x8:0x8
05-05 21:58:28.823 591 22148 W MtkCam/streambuf: [markUserStatus] s0:d1:App:YCrCb_420_SP:0|HW_TEXTURE:0:0x75f9fde800 producer:0x15 released w/o using -> ERROR buffer - user status:0x8:0x8
05-05 21:58:28.823 591 22148 W MtkCam/streambuf: [markUserStatus] Hal:Image:FD:0x100000010:0x7603986200 producer:0x15 released w/o using -> ERROR buffer - user status:0x8:0x8
05-05 21:58:28.823 591 22148 W mtkcam-AppStreamMgr: [1-ResultHandler::enqueResult] frameNo:6 existed in mResultQueue[1] - hasLastPartial:0->0
05-05 21:58:28.823 591 22148 W MtkCam/streambuf: [markUserStatus] App:Meta:FD:0x100000027:0x75f2c26f20 producer:0x16 released w/o using -> ERROR buffer - user status:0x8:0x8
05-05 21:58:28.823 591 22148 W mtkcam-AppStreamMgr: [1-ResultHandler::enqueResult] frameNo:6 existed in mResultQueue[1] - hasLastPartial:0->1
05-05 21:58:28.825 591 591 I MtkCam/P2/CaptureProcessor: [onWaitFlush] P2C cam 1: (0x761be55670) flush +, bgPreRelease:0
05-05 21:58:28.823 681 899 E CameraDeviceClient: notifyError: pid=1030, errorCode=3
05-05 21:58:28.826 681 899 E CameraDeviceClient: notifyError: pid=1030, skipClientNotification=false
05-05 21:58:28.826 681 899 E Camera3-OutputStream: returnBufferCheckedLocked: A frame is dropped for stream 0 due to buffer error.
05-05 21:58:28.826 1030 4685 D BufferQueueProducer: [SurfaceTexture-0-1030-20089](this:0x747df52000,id:20089,api:0,p:-1,c:1030) cancelBuffer: slot 5
05-05 21:58:28.829 591 22058 W mtkcam-AppStreamMgr: [1-FrameHandler::updateResult] frameNo:5 is not in FrameQueue; FrameQueue: 6; ResultQueue: 5 6
05-05 21:58:28.829 591 22058 W mtkcam-AppStreamMgr: [1-FrameHandler::operator()] [Meta Stream Buffer] Error happens... - frameNo:6 streamId:0x10000001f App:Meta:DynamicP2
05-05 21:58:28.829 591 22058 W mtkcam-AppStreamMgr: [1-FrameHandler::operator()] [Meta Stream Buffer] Error happens... - frameNo:6 streamId:0x100000027 App:Meta:FD
05-05 21:58:28.829 591 22058 W mtkcam-AppStreamMgr: [1-FrameHandler::operator()] [Image Stream Buffer] Error happens and all users release - frameNo:6 streamId:0 s0:d1:App:YCrCb_420_SP:0|HW_TEXTURE state:IN-FLIGHT->ERROR
05-05 21:58:28.829 591 22058 W mtkcam-AppStreamMgr: [1-FrameHandler::updateCallback] frameNo:6 Request Error
05-05 21:58:28.829 591 22058 D ULog : R AppRequest:6 M[CameraDevice:187001] - :mtkcam-AppStreamMgr #519277
05-05 21:58:28.829 591 22058 W mtkcam-AppStreamMgr: [1-FrameHandler::updateCallback] frame 6 is removed before shutter callbacked, there MUST have error frames or meta be sent for the request
05-05 21:58:28.829 591 22058 W mtkcam-AppStreamMgr: [1-FrameHandler::updateCallback] frame 7 is removed before shutter callbacked, there MUST have error frames or meta be sent for the request
05-05 21:58:28.830 681 899 E CameraDeviceClient: notifyError: pid=1030, errorCode=3
05-05 21:58:28.830 681 899 E CameraDeviceClient: notifyError: pid=1030, skipClientNotification=false
05-05 21:58:28.831 681 899 E Camera3-OutputStream: returnBufferCheckedLocked: A frame is dropped for stream 0 due to buffer error.
05-05 21:58:28.831 1030 4685 D BufferQueueProducer: [SurfaceTexture-0-1030-20089](this:0x747df52000,id:20089,api:0,p:-1,c:1030) cancelBuffer: slot 0
05-05 21:58:28.831 681 899 I Camera3-Status: markComponent: Component 2 is now idle - streamId = 0, format = 34, width = 176, height = 144, option = 0
05-05 21:58:28.831 681 899 I Camera3-Status: markComponent: Component 0 is now idle - InFlightStatus
05-05 21:58:28.832 591 591 I MtkCam/P2/CaptureProcessor: [onWaitFlush] P2C cam 1: flush -
05-05 21:58:28.832 591 591 I MtkCam/ppl_context: [beginFlush] - <4Cell/1>
05-05 21:58:28.832 591 591 I MtkCam/ppl_context: [endFlush] + <4Cell/1>
05-05 21:58:28.832 591 591 I mtkcam-InFlightRequest: [waitUntilDrained] +
05-05 21:58:28.832 591 591 I mtkcam-InFlightRequest: [waitUntilDrained] -
05-05 21:58:28.832 591 591 I MtkCam/ppl_context: [endFlush] - <4Cell/1>
05-05 21:58:28.832 591 591 I mtkcam-PreReleaseRequest: [dump] ========== dump PreReleaseRequestMgr ===========
05-05 21:58:28.832 591 591 I mtkcam-PreReleaseRequest: [dump] ========== dump InFlightRequests(0) ============
05-05 21:58:28.832 591 591 I mtkcam-PreReleaseRequest: [dump] ========== dump PendingRequests(0) ============
05-05 21:58:28.833 591 591 I mtkcam-dev3_legacy: [1-session::tryRunCommandLocked] Run command onFlushLocked -
05-05 21:58:28.833 591 591 I AVSP : AVSPHal3InterfaceEntry.cpp: AVSP_flush: 397: (0) X
05-05 21:58:28.833 681 9356 D Camera3-Device: flush: mInterfaceLock.unlock()
05-05 21:58:28.834 29739 22223 I ADB_SERVICES: post waitpid (pid=22216) status=0000
05-05 21:58:28.836 681 9356 E CameraDeviceClient: Disconnect from CameraDeviceClient
05-05 21:58:28.836 681 9356 D CameraDeviceClient: disconnect:stop IT Policy checking thread
05-05 21:58:28.836 21961 22133 I chromium: [INFO:child_process_service.cc(69)] ChildProcessService: Exiting child process.
05-05 21:58:28.837 681 9356 E Camera2-FrameProcessorBase: removeListener:
05-05 21:58:28.842 681 22067 I Camera3-Status: markComponent: Component 1 is now idle - RequestThread
05-05 21:58:28.842 681 22066 I CameraService: updateProxyDeviceState: notifyCameraState for Camera ID 1, newState 2, facing 1, clientName com.samsung.adaptivebrightnessgo, apiLevel 2
05-05 21:58:28.843 7710 3023 I CameraManagerGlobal: Camera 1 facing CAMERA_FACING_FRONT state now CAMERA_STATE_IDLE for client com.samsung.adaptivebrightnessgo API Level 2
05-05 21:58:28.844 9371 9597 I CameraManagerGlobal: Camera 1 facing CAMERA_FACING_FRONT state now CAMERA_STATE_IDLE for client com.samsung.adaptivebrightnessgo API Level 2
05-05 21:58:28.844 1030 12342 I CameraManagerGlobal: Camera 1 facing CAMERA_FACING_FRONT state now CAMERA_STATE_IDLE for client com.samsung.adaptivebrightnessgo API Level 2
05-05 21:58:28.845 681 9356 D Camera3-Device: flush: mInterfaceLock.lock()
05-05 21:58:28.846 591 1194 I AVSP : AVSPHal3InterfaceEntry.cpp: AVSP_flush: 379: E
05-05 21:58:28.846 588 615 I legacy_power@2.1-impl: @Deprecated scnDisable hdl:160793
05-05 21:58:28.847 21903 22008 I chromium: [INFO:child_process_service.cc(69)] ChildProcessService: Exiting child process.
05-05 21:58:28.847 588 614 I libPowerHal: perfUserScnDisable - handle:160793
05-05 21:58:28.848 588 614 I libPowerHal: 53: cpu_ctrl set freq: -1 -1 -1 -1
05-05 21:58:28.849 588 614 I libPowerHal: perfUserRegScn - i:49, hdl:151888, pid:591, tid:1047
05-05 21:58:28.849 588 614 I libPowerHal: perfUserRegScn - i:50, hdl:160794, pid:591, tid:1047
05-05 21:58:28.849 588 614 I libPowerHal: perfUserRegScn - i:51, hdl:160791, pid:591, tid:1047
05-05 21:58:28.849 588 614 I libPowerHal: perfUserRegScn - i:52, hdl:160792, pid:591, tid:1047
05-05 21:58:28.849 588 614 I libPowerHal: perfUserRegScn - i:53, hdl:160793, pid:591, tid:1047
05-05 21:58:28.851 588 615 I legacy_power@2.1-impl: scnReg hdl:160794
05-05 21:58:28.852 588 615 I legacy_power@2.1-impl: @Deprecated scnUnreg hdl:160793
05-05 21:58:28.853 591 1194 I MtkCam/ppl_context: [beginFlush] + <4Cell/1>
05-05 21:58:28.853 591 1194 I mtkcam-InFlightRequest: [abort] +
05-05 21:58:28.853 591 1194 I mtkcam-InFlightRequest: [abort] - frames:{ } being aborted (#0 in-flight frames)
05-05 21:58:28.853 591 1194 I MtkCam/ppl_context: [kickRootNodes] kick 0x1 +
05-05 21:58:28.853 591 1194 I MtkCam/ppl_context: [kickRootNodes] kick 0x1 - err:0
05-05 21:58:28.853 591 1194 I MtkCam/P2/CaptureProcessor: [onWaitFlush] P2C cam 1: (0x761be55670) flush +, bgPreRelease:0
05-05 21:58:28.854 591 1194 I MtkCam/P2/CaptureProcessor: [onWaitFlush] P2C cam 1: flush -
05-05 21:58:28.854 591 1194 I MtkCam/ppl_context: [beginFlush] - <4Cell/1>
05-05 21:58:28.854 591 1194 I MtkCam/ppl_context: [endFlush] + <4Cell/1>
05-05 21:58:28.854 591 1194 I mtkcam-InFlightRequest: [waitUntilDrained] +
05-05 21:58:28.854 591 1194 I mtkcam-InFlightRequest: [waitUntilDrained] -
05-05 21:58:28.854 591 1194 I MtkCam/ppl_context: [endFlush] - <4Cell/1>
05-05 21:58:28.855 591 1194 I mtkcam-PreReleaseRequest: [dump] ========== dump PreReleaseRequestMgr ===========
05-05 21:58:28.855 591 1194 I mtkcam-PreReleaseRequest: [dump] ========== dump InFlightRequests(0) ============
05-05 21:58:28.855 591 1194 I mtkcam-PreReleaseRequest: [dump] ========== dump PendingRequests(0) ============
05-05 21:58:28.855 588 615 I legacy_power@2.1-impl: @Deprecated scnConfig hdl:160794, cmd:5, param1:1, param2:0, param3:0, param4:0
05-05 21:58:28.855 591 1194 I mtkcam-dev3_legacy: [1-session::tryRunCommandLocked] Run command onFlushLocked -
05-05 21:58:28.855 591 1194 I AVSP : AVSPHal3InterfaceEntry.cpp: AVSP_flush: 397: (0) X
05-05 21:58:28.856 588 615 I legacy_power@2.1-impl: @Deprecated scnEnable hdl:160794, timeout:1000
05-05 21:58:28.857 588 614 I libPowerHal: perfUserScnEnable - handle:160794
05-05 21:58:28.857 588 614 I libPowerHal: 50: cpu_ctrl set freq: 1700000 -1 2000000 -1
05-05 21:58:28.858 681 9356 D Camera3-Device: flush: mInterfaceLock.unlock()
05-05 21:58:28.858 681 9356 D Camera3-Device: waitUntilDrained: mInterfaceLock.unlock()
05-05 21:58:28.858 681 9356 I Camera3-Device: disconnectImpl: E
05-05 21:58:28.858 681 9356 D Camera3-Device: disconnectImpl: mInterfaceLock.lock()
05-05 21:58:28.859 681 9356 I CameraLatencyHistogram: ProcessCaptureRequest latency histogram (8) samples:
05-05 21:58:28.859 681 9356 I CameraLatencyHistogram: 40 80 120 160 200 240 280 320 360 inf (max ms)
05-05 21:58:28.859 681 9356 I CameraLatencyHistogram: 87.50 12.50 0.00 0.00 0.00 0.00 0.00 0.00 0.00 0.00 (%)
05-05 21:58:28.859 681 9356 D Camera3-Device: disconnectImpl: mInterfaceLock.unlock()
05-05 21:58:28.859 681 9356 D Camera3-Device: disconnectImpl: mInterfaceLock.lock()
05-05 21:58:28.859 681 9356 D Camera3-Device: CameraPerf: close E
05-05 21:58:28.860 591 1194 I AVSP : AVSPHal3InterfaceEntry.cpp: AVSP_close_camera_hardware: 454: E
05-05 21:58:28.860 591 1194 I mtkcam-dev3_legacy: [1-session::i_uninitialize] +
05-05 21:58:28.860 591 1194 I MtkCam/ppl_context: [beginFlush] + <4Cell/1>
05-05 21:58:28.860 591 1194 I mtkcam-InFlightRequest: [abort] +
05-05 21:58:28.860 591 1194 I mtkcam-InFlightRequest: [abort] - frames:{ } being aborted (#0 in-flight frames)
05-05 21:58:28.860 591 1194 I MtkCam/ppl_context: [kickRootNodes] kick 0x1 +
05-05 21:58:28.860 591 1194 I MtkCam/ppl_context: [kickRootNodes] kick 0x1 - err:0
05-05 21:58:28.861 591 1194 I MtkCam/P2/CaptureProcessor: [onWaitFlush] P2C cam 1: (0x761be55670) flush +, bgPreRelease:0
05-05 21:58:28.862 591 1194 I MtkCam/P2/CaptureProcessor: [onWaitFlush] P2C cam 1: flush -
05-05 21:58:28.862 591 1194 I MtkCam/ppl_context: [beginFlush] - <4Cell/1>
05-05 21:58:28.862 591 1194 I MtkCam/ppl_context: [endFlush] + <4Cell/1>
05-05 21:58:28.862 591 1194 I mtkcam-InFlightRequest: [waitUntilDrained] +
05-05 21:58:28.862 591 1194 I mtkcam-InFlightRequest: [waitUntilDrained] -
05-05 21:58:28.862 591 1194 I MtkCam/ppl_context: [endFlush] - <4Cell/1>
05-05 21:58:28.862 591 1194 I mtkcam-PreReleaseRequest: [dump] ========== dump PreReleaseRequestMgr ===========
05-05 21:58:28.862 591 1194 I mtkcam-PreReleaseRequest: [dump] ========== dump InFlightRequests(0) ============
05-05 21:58:28.862 591 1194 I mtkcam-PreReleaseRequest: [dump] ========== dump PendingRequests(0) ============
05-05 21:58:28.862 591 1194 E BWC : MTK_IOC_SMI_BWC_INFO_GET failed.:Not a typewriter
05-05 21:58:28.863 591 1194 E BWC : MTK_IOC_SMI_BWC_INFO_SET failed.:Not a typewriter
05-05 21:58:28.863 591 1194 I BWC : Profile_Change:[BWCPT_CAMERA_CAPTURE]:OFF,current concurrency is 0x0,DDR=,EMI scenario=BWL_SCN_ICFP OFF
05-05 21:58:28.864 591 1194 I BWC : cam_id=0 sen_fps=0 sen_size=0 pd=0 video=0 vb_ratio=0.000000 vb_time=0.000000 rawi=0 yuv=0 raw_bbp=0.000000 is_smvr=0
05-05 21:58:28.864 591 1194 I BWC : cam_id=0 table=0.000000 ccu=0.000000 ccu_r=0.000000 capture=0.000000 aa=-5120.000000 pd=0.000000 video=0.000000 yuv=0.000000 rawi=0.000000 total=0.000000
05-05 21:58:28.864 591 1194 I BWC : cam_id=1 sen_fps=0 sen_size=0 pd=0 video=0 vb_ratio=0.000000 vb_time=0.000000 rawi=0 yuv=0 raw_bbp=0.000000 is_smvr=0
05-05 21:58:28.864 591 1194 I BWC : cam_id=1 table=0.000000 ccu=0.000000 ccu_r=0.000000 capture=0.000000 aa=-5120.000000 pd=0.000000 video=0.000000 yuv=0.000000 rawi=0.000000 total=0.000000
05-05 21:58:28.864 591 1194 I BWC : cal_cam_bw hrt bw=0
05-05 21:58:28.864 591 1194 I MtkCam/ppl_context: [onLastStrongRef] + <4Cell/1> (0x76088387a0)
05-05 21:58:28.864 591 1194 I mtkcam-InFlightRequest: [waitUntilDrained] +
05-05 21:58:28.864 591 1194 I mtkcam-InFlightRequest: [waitUntilDrained] -
05-05 21:58:28.864 591 1194 I MtkCam/HwUtils/ResourceConcurrency: [~ResourceConcurrency] name[mP1NodeConcurrency] timeout(15000000000ns)
05-05 21:58:28.864 591 1194 I MtkCam/P1NodeImp: [~P1NodeImp] [Cam::1]
05-05 21:58:28.873 591 1194 I MtkCam/P2/CaptureProcessor: [onUninit] P2C cam 1: addr:0x761be55670, uniqueKey:162828252
05-05 21:58:28.875 591 1194 D AppFDFT_SW: FdDumper destructor
05-05 21:58:28.876 591 1194 I MtkCam/CapturePipe/RAWNode: [onUninit](0x7603b73b00) uniqueKey:162828252, sensorIndex:1, sensorIndex2:-1
05-05 21:58:28.876 591 1194 I MtkCam/CapturePipe/YUVNode: [onUninit](0x7603a35500)(9) uniqueKey:162828252, sensorIndex:1, sensorIndex2:-1
05-05 21:58:28.876 591 1194 I MtkCam/CapturePipe/MultiFrameNode: [onUninit](0x7603a35000) uniqueKey:162828252, sensorIndex:1, sensorIndex2:-1
05-05 21:58:28.876 591 1194 I MtkCam/CapturePipe/RAWNode: [~RAWNode](0x7603b73b00) dtor
05-05 21:58:28.876 591 1194 I MtkCam/CapturePipe/MultiFrameNode: [~MultiFrameNode](0x7603a35000) dtor
05-05 21:58:28.876 591 1194 I MtkCam/CapturePipe/YUVNode: [~YUVNode](0x7603a35500) dtor
05-05 21:58:28.876 591 1194 I MtkCam/P2/CaptureNode: [~P2CaptureNodeImp] P2C cam 1: (0x761be55600) dtor
05-05 21:58:28.876 591 1194 I MtkCam/P2/CaptureProcessor: [~CaptureProcessor](0x761be55670) dtor
05-05 21:58:28.877 1198 3839 W SensorService: sensor 00000004 already enabled in connection 0x73eb31eec0 (ignoring)
05-05 21:58:28.877 1198 3839 D SensorService: Calling batch handle==4 flags=0 rate=20000000 timeout== 0
05-05 21:58:28.877 580 656 I Sensors : sensorBatch: handle=4 period=20000000 timeout=0
05-05 21:58:28.878 1198 3839 E SensorService: BigData:Pakage) 4 already enabled.
05-05 21:58:28.879 29739 29739 I ADB_SERVICES: for fd 35, revents = 2011
05-05 21:58:28.879 29739 29739 I ADB_SERVICES: for fd 35, revents = 2011
05-05 21:58:28.879 29739 29739 I ADB_SERVICES: for fd 34, revents = 2011
05-05 21:58:28.879 21614 21614 I Zygote : Process 21961 exited cleanly (0)
05-05 21:58:28.880 20505 20505 W chromium: [WARNING:compositor_view.cc(341)] Child process died (type=6) pid=21961)
05-05 21:58:28.881 591 22170 I Hal3Av3 : [destroyInstance] sensorIdx(1) User(P2ANode)
05-05 21:58:28.881 591 22170 I Hal3Av3 : [uninit] Still 6 users
05-05 21:58:28.881 591 22170 I Hal3Av3 : [uninit] Done m_rConfigInfo.i4SubsampleCount(1), User.count(6), User uninit(P2ANode)
05-05 21:58:28.882 591 1194 I MtkCam/StreamingPipe/Pipe: [onUninit]+
05-05 21:58:28.882 591 1194 I Hal3Av3 : [destroyInstance] sensorIdx(1) User(P2CamContext)
05-05 21:58:28.882 591 1194 I Hal3Av3 : [uninit] Still 5 users
05-05 21:58:28.882 591 1194 I Hal3Av3 : [uninit] Done m_rConfigInfo.i4SubsampleCount(1), User.count(5), User uninit(P2CamContext)
05-05 21:58:28.884 591 1194 I MtkCam/StreamingPipe/Pipe: [onUninit]-
05-05 21:58:28.884 591 1194 I MtkCam/StreamingPipe/TPI_MGR_Plugin: [destroySession]+
05-05 21:58:28.884 591 1194 I MtkCam/Plugin_S_FOVA: [~S_FOVA_Plugin] destroy S_FOVA plugin
05-05 21:58:28.884 591 1194 I MtkCam/Plugin_S_DUAL: [~S_DUAL_Plugin] TPI destroy S_DUAL plugin
05-05 21:58:28.884 591 1194 I MtkCam/TPI_S_Green: [~S_GREEN_Plugin] destroy S_GREEN plugin
05-05 21:58:28.884 591 1194 I MtkCam/TPI_S_FB: [~S_FB_Plugin] destroy S_FB plugin
05-05 21:58:28.884 591 1194 I MtkCam/TPI_S_EISQ: [~S_EISQ_Plugin] destroy S_EISQ plugin
05-05 21:58:28.884 591 1194 I MtkCam/TPI_S_Disp: [~S_DISP_Plugin] destroy S_DISP plugin
05-05 21:58:28.884 591 1194 I MtkCam/TPI_S_META: [~S_META_Plugin] destroy S_META plugin
05-05 21:58:28.884 591 1194 I MtkCam/TPI_S_ASYNC: [~S_ASYNC_Plugin] destroy S_ASYNC plugin
05-05 21:58:28.884 591 1194 I MtkCam/ppl_plugin: [~PipelinePlugin] Join: dtor(0x760f048738), openId:1, openId2:-1
05-05 21:58:28.884 591 1194 I MtkCam/ppl_plugin: [~PipelinePlugin] remove plugin(0x0), hash:0xffffffffffff0001, mInstances size:0
05-05 21:58:28.884 591 1194 I MtkCam/StreamingPipe/TPI_MGR_Plugin: [destroySession]- ret=1
05-05 21:58:28.884 591 1194 I MtkCam/StreamingPipe/Pipe: [~StreamingFeaturePipe]destroy pipe(0x76031daa80): SensorIndex=1
05-05 21:58:28.891 591 1194 D RefBase : RefBase: Explicit destruction, weak count = 0 (in 0x76031e3528)
05-05 21:58:28.891 591 1194 W RefBase : CallStack::getCurrentInternal not linked, returning null
05-05 21:58:28.891 591 1194 W RefBase : CallStack::logStackInternal not linked
05-05 21:58:28.891 591 1194 D RefBase : RefBase: Explicit destruction, weak count = 0 (in 0x76031e34e0)
05-05 21:58:28.891 591 1194 W RefBase : CallStack::getCurrentInternal not linked, returning null
05-05 21:58:28.891 591 1194 W RefBase : CallStack::logStackInternal not linked
05-05 21:58:28.891 591 1194 D RefBase : RefBase: Explicit destruction, weak count = 0 (in 0x7603293820)
05-05 21:58:28.891 591 1194 W RefBase : CallStack::getCurrentInternal not linked, returning null
05-05 21:58:28.891 591 1194 W RefBase : CallStack::logStackInternal not linked
05-05 21:58:28.892 591 1194 I Hal3Av3 : [destroyInstance] sensorIdx(1) User(p2_streaming)
05-05 21:58:28.893 591 1194 I Hal3Av3 : [uninit] Still 4 users
05-05 21:58:28.893 591 1194 I Hal3Av3 : [uninit] Done m_rConfigInfo.i4SubsampleCount(1), User.count(4), User uninit(p2_streaming)
05-05 21:58:28.893 591 1194 I MtkCam/P2/StreamingNode: [uninit] P2S cam 1: uninit lock +
05-05 21:58:28.893 591 1194 I MtkCam/P2/StreamingNode: [uninit] P2S cam 1: uninit lock -
05-05 21:58:28.893 591 22157 W MtkCam/fdNodeImp: [onDequeRequest] [exitPending] mRequestQueue.size:0
05-05 21:58:28.896 591 1194 I FDVT_Drv: FDVT_Uninit, HW FD Close CLK
05-05 21:58:28.898 29739 29739 I ADB_SERVICES: for fd 41, revents = 2011
05-05 21:58:28.898 29739 29739 I ADB_SERVICES: for fd 41, revents = 2011
05-05 21:58:28.898 29739 29739 I ADB_SERVICES: for fd 40, revents = 2011
05-05 21:58:28.898 21614 21614 I Zygote : Process 21903 exited cleanly (0)
05-05 21:58:28.899 20505 20505 W chromium: [WARNING:compositor_view.cc(341)] Child process died (type=6) pid=21903)
05-05 21:58:28.901 591 1194 D AppFDFT_SW: FdDumper destructor
05-05 21:58:28.901 591 1194 I Hal3Av3 : [destroyInstance] sensorIdx(1) User(FDNode)
05-05 21:58:28.901 591 1194 I Hal3Av3 : [uninit] Still 3 users
05-05 21:58:28.901 591 1194 I Hal3Av3 : [uninit] Done m_rConfigInfo.i4SubsampleCount(1), User.count(3), User uninit(FDNode)
05-05 21:58:28.901 591 1194 I mtkcam-ppl_fbm: [~FrameBufferManagerImpl] + mDebuggeeCookie:0x760f043648
05-05 21:58:28.901 591 1194 I mtkcam-ppl_fbm: [~FrameBufferManagerImpl] -
05-05 21:58:28.904 591 1194 I MtkCam/ppl_context: [onLastStrongRef] - <4Cell/1>
05-05 21:58:28.904 591 1194 I mtkcam-FeatureSettingPolicy: [~FeatureSettingPolicy] (0x75f2bd40a0) dtor
05-05 21:58:28.904 591 1194 I Hal3Av3 : [destroyInstance] sensorIdx(1) User(HDRPolicyHelper)
05-05 21:58:28.904 591 1194 I Hal3Av3 : [uninit] Still 2 users
05-05 21:58:28.904 591 1194 I Hal3Av3 : [uninit] Done m_rConfigInfo.i4SubsampleCount(1), User.count(2), User uninit(HDRPolicyHelper)
05-05 21:58:28.904 591 1194 I Hal3Av3 : [destroyInstance] sensorIdx(1) User(mtkcam-FeatureSettingPolicy)
05-05 21:58:28.904 591 1194 I Hal3Av3 : [uninit] Still 1 users
05-05 21:58:28.904 591 1194 I Hal3Av3 : [uninit] Done m_rConfigInfo.i4SubsampleCount(1), User.count(1), User uninit(mtkcam-FeatureSettingPolicy)
05-05 21:58:28.904 591 1194 I MtkCam/ppl_plugin: [~PipelinePlugin] Yuv: dtor(0x761be50258), openId:1, openId2:-1
05-05 21:58:28.904 591 1194 I MtkCam/ppl_plugin: [~PipelinePlugin] remove plugin(0x0), hash:0x9b48fdcffff0001, mInstances size:0
05-05 21:58:28.905 591 1194 I MtkCam/ppl_plugin: [~PipelinePlugin] Raw: dtor(0x761be501b8), openId:1, openId2:-1
05-05 21:58:28.905 591 1194 I MtkCam/ppl_plugin: [~PipelinePlugin] remove plugin(0x0), hash:0x9b48fdcffff0001, mInstances size:0
05-05 21:58:28.905 591 1194 I MtkCam/ppl_plugin: [~PipelinePlugin] MultiFrame: dtor(0x760f048cd8), openId:1, openId2:-1
05-05 21:58:28.905 591 1194 I MtkCam/ppl_plugin: [~PipelinePlugin] remove plugin(0x0), hash:0x9b48fdcffff0001, mInstances size:0
05-05 21:58:28.905 591 1194 I mtkcam-DeviceAdapter: 1[HalDeviceAdapter::powerOff] powerOff +
05-05 21:58:28.905 591 1194 I Hal3Av3 : [notifyPwrOff]+
05-05 21:58:28.905 591 1194 I Hal3Av3 : [notifyPwrOff] sensor(2)(HalDeviceAdapter:1)
05-05 21:58:28.905 591 1194 I Hal3ARaw: [setFlashLightOnOff] flashlight unchanged, bOnOff(0)
05-05 21:58:28.905 591 1194 I Hal3Av3 : [notifyPwrOff]-
05-05 21:58:28.905 591 1194 I Drv/HWsync: Drv/HWsync[uninit] +, user&cnt(HW_SYNC_USER_HALSENSOR,2),srIdxNum(1)
05-05 21:58:28.905 591 1194 I Drv/HWsync: Drv/HWsync[uninit] idx(0,remain_0),tg(1)
05-05 21:58:28.910 591 1194 D SeninfDrvImp: [configMclk][configMclk] Tg1clk: 26 pcEn = 0
05-05 21:58:28.911 591 1194 D SeninfDrvImp: [configMclk]mclk1: 26, clkCnt1: 0 pclkInv 0
05-05 21:58:28.911 591 1194 D SeninfDrvImp: [setMclk][setMclk]pcEn(0), clkPol(0), mMclkUser[3](0), TimestampClk(103), freq(26), mclkIdx 3
05-05 21:58:28.911 591 1194 D SeninfDrvImp: [updateIspClk]target_clk 228, new_dfs 228, original_dfs 228, sensorIdx 1
05-05 21:58:28.911 591 1194 D HW_INTEG: [190310] Reset sensor index = 1
05-05 21:58:28.911 591 1194 D SeninfDrvImp: [uninit][uninit]: 1
05-05 21:58:28.911 591 1194 D SeninfDrvImp: [uninit][uninit]: 0, mfd(12)
05-05 21:58:28.912 591 1194 I mtkcam-DeviceAdapter: 1[HalDeviceAdapter::powerOff] powerOff -
05-05 21:58:28.912 591 1194 I Hal3Av3 : [destroyInstance] sensorIdx(1) User(HalDeviceAdapter:1)
05-05 21:58:28.913 591 1194 I Hal3AFlowCtrl: [detachCb] m_pCbSet(0x0x760f0d3808), cb(0x0x760f0d3808)
05-05 21:58:28.913 591 1194 I Hal3ARaw: [detachCb] m_pCbSet(0x0x760f0d3808), cb(0x0x760f0d3808)
05-05 21:58:28.913 591 1194 I Hal3AFlowCtrl: [uninit] +
05-05 21:58:28.913 591 22061 I Hal3AFlowCtrl_thread: -
05-05 21:58:28.914 591 1194 I Hal3AFlowCtrl_thread: [destroyThread] -
05-05 21:58:28.914 591 1194 I Hal3AFlowCtrl_thread: [~Thread3AImp] Exit (2)
05-05 21:58:28.914 591 1194 I Hal3ARaw: [destroyInstance]
05-05 21:58:28.914 591 1194 I Hal3ARaw: [uninit] m_Users: 1
05-05 21:58:28.914 591 1194 I Drv/HWsync: Drv/HWsync[uninit] +, user&cnt(HW_SYNC_USER_AE,1),srIdxNum(0)
05-05 21:58:28.914 591 1194 I Drv/HWsync: Drv/HWsync[uninit] mAECyclePeriod(-1)
05-05 21:58:28.916 1198 3839 D SensorService: removeConnection, index : 0, size : 1
05-05 21:58:28.916 1198 3839 D SensorService: # removeConnection, index : 0, size : 0
05-05 21:58:28.916 1198 3839 D SensorService: Calling activate off 4
05-05 21:58:28.916 1198 7846 W system_server: Long monitor contention with owner Binder:1198_6 (7828) at android.content.pm.ParceledListSlice com.android.server.pm.PackageManagerService.getInstalledPackages(int, int)(PackageManagerService.java:10339) waiters=3 in android.content.pm.PackageInfo com.android.server.pm.PackageManagerService.getPackageInfoInternal(java.lang.String, long, int, int, int) for 126ms
05-05 21:58:28.917 580 656 I Sensors : sensorActivate: handle 4 enable 0
05-05 21:58:28.917 580 656 I Sensors : type : 4, enable : 0
05-05 21:58:28.919 21886 21994 W SystemServiceRegistry: No service published for: uimode
05-05 21:58:28.920 1198 3839 D SensorService: removeConnection, index : 0, size : 1
05-05 21:58:28.920 1198 3839 D SensorService: # removeConnection, index : 0, size : 0
05-05 21:58:28.920 1198 9213 W system_server: Long monitor contention with owner Binder:1198_6 (7828) at android.content.pm.ParceledListSlice com.android.server.pm.PackageManagerService.getInstalledPackages(int, int)(PackageManagerService.java:10339) waiters=5 in java.util.List com.android.server.pm.ComponentResolver.queryProviders(java.lang.String, java.lang.String, int, int, int) for 123ms
05-05 21:58:28.920 1198 3839 D SensorService: Calling activate off 1
05-05 21:58:28.920 580 656 I Sensors : sensorActivate: handle 1 enable 0
05-05 21:58:28.920 580 656 I Sensors : type : 1, enable : 0
05-05 21:58:28.922 591 1194 I StrobeDrvFlashlight: setCharger(): ready(0).
05-05 21:58:28.922 1198 9213 W ActivityManager: Slow operation: 127ms so far, now at attachApplicationLocked: before bindApplication
05-05 21:58:28.922 591 1194 I StrobeDrvFlashlight: setCharger(): time(3058620157).
05-05 21:58:28.922 591 1194 I FlashHal: uninit().
05-05 21:58:28.922 591 1194 I StrobeDrvFlashlight: lowPowerDetectEnd().
05-05 21:58:28.922 591 1194 I StrobeDrvFlashlight: uninit(): error mUsers(0).
05-05 21:58:28.922 591 1194 I FlickerHal: uninit().
05-05 21:58:28.922 591 1194 I FlickerPlatformAdapter: releaseBuf(). Release buf success.
05-05 21:58:28.923 591 1194 D AppTsf : [TsfExit] TsfExit ; ShadingVersion: 2019.0807.0919
05-05 21:58:28.923 591 1194 D AppTsf : [~AppTsf] destructor ; ShadingVersion: 2019.0807.0919
05-05 21:58:28.923 591 1194 D tsf_core: [~TsfCore] destructor
05-05 21:58:28.924 21937 22070 W SystemServiceRegistry: No service published for: uimode
05-05 21:58:28.925 21998 22163 W SystemServiceRegistry: No service published for: uimode
05-05 21:58:28.926 591 1194 I Hal3ARaw: [uninit] done
05-05 21:58:28.926 591 1194 D CAM_CUS_MSDK: CAM_CUS_MSDK [unlockCustomTuningLibrary] Find sensor id 2021
05-05 21:58:28.926 591 1194 D CAM_CUS_MSDK: CAM_CUS_MSDK last item in sensorList found. i(5)
05-05 21:58:28.926 591 1194 D CAM_CUS_MSDK: CAM_CUS_MSDK SID 2021 data is found
05-05 21:58:28.926 591 1194 I Hal3AFlowCtrl: [uninit] -
05-05 21:58:28.926 591 1194 I Hal3Av3 : [uninit] Done m_rConfigInfo.i4SubsampleCount(1), User.count(0), User uninit(HalDeviceAdapter:1)
05-05 21:58:28.927 591 1194 I mtkcam-dev3_legacy: [1-session::tryRunCommandLocked] Run command onUninitializeLocked -
05-05 21:58:28.927 591 1194 I mtkcam-devicemgr: [detachOpenDeviceLocked] device: device@3.5/legacy/1 openTimestamp:05-05 21:58:27.943
05-05 21:58:28.927 588 615 I legacy_power@2.1-impl: @Deprecated scnDisable hdl:160791
05-05 21:58:28.928 591 1194 I mtkcam-dev3_legacy: [1-session::i_uninitialize] -
05-05 21:58:28.928 588 614 I libPowerHal: perfUserScnDisable - handle:160791
05-05 21:58:28.928 591 1194 I AVSP : AVSPHal3InterfaceEntry.cpp: AVSP_close_camera_hardware: 468: (0) X
