05-05 21:58:25.260 588 614 I powerd : [powerd_req] POWER_MSG_PERF_LOCK_ACQ: return hdl:1
05-05 21:58:25.261 1198 1245 I mtkperf_client: ret_hdl:1
05-05 21:58:25.261 1198 1245 I PowerHalWrapper: phwperfLockAcq
05-05 21:58:25.261 1198 1245 I mtkperf_client: [perf_lock_acq] hdl:160785, dur:0, num:2
05-05 21:58:25.261 616 616 I Layer : id=171017[1] Destroyed Surface(name=AppWindowToken{58ae2e2 token=Token{bda9fad ActivityRecord{45174c4 u0 com.yeti.browser/org.chromium.chrome.browser.ChromeTabbedActivity t3235}}})/@0x4a3dbde - animation-bounds#0
05-05 21:58:25.261 616 616 I Layer : id=171016[1] Destroyed Surface(name=AppWindowToken{58ae2e2 token=Token{bda9fad ActivityRecord{45174c4 u0 com.yeti.browser/org.chromium.chrome.browser.ChromeTabbedActivity t3235}}})/@0x4a3dbde - animation-leash#0
05-05 21:58:25.261 1198 1245 I mtkperf_client: perf_lock_acq, hdl:160785, dur:0, tid:1245
05-05 21:58:25.261 588 615 I mtkpower@1.0-impl: perfLockAcquire hdl:160785, duration:0, reserved:1245
05-05 21:58:25.261 588 614 I powerd : [powerd_req] POWER_MSG_PERF_LOCK_ACQ: hdl:160785, duration:0
05-05 21:58:25.261 588 614 I libPowerHal: perf_lock_acq find match handle - handle:160785 idx:179
05-05 21:58:25.261 588 614 I libPowerHal: perfLockAcq hdl:160785 pid:1198 duration:0 pid_exist:1 => new_hdl:160785
05-05 21:58:25.261 588 614 I libPowerHal: [perfScnUpdate] scn:179, update
05-05 21:58:25.262 588 614 E RilUtility: notify_rild_opt_info socket error
05-05 21:58:25.262 588 614 I powerd : [powerd_req] POWER_MSG_PERF_LOCK_ACQ: return hdl:160785
05-05 21:58:25.262 1198 1245 I mtkperf_client: ret_hdl:160785
05-05 21:58:25.262 1198 1245 I PowerHalWrapper: phwperfLockAcq
05-05 21:58:25.262 1198 1245 I mtkperf_client: [perf_lock_acq] hdl:160786, dur:0, num:2
05-05 21:58:25.262 1198 1245 I mtkperf_client: perf_lock_acq, hdl:160786, dur:0, tid:1245
05-05 21:58:25.262 588 615 I mtkpower@1.0-impl: perfLockAcquire hdl:160786, duration:0, reserved:1245
05-05 21:58:25.262 588 614 I powerd : [powerd_req] POWER_MSG_PERF_LOCK_ACQ: hdl:160786, duration:0
05-05 21:58:25.262 588 614 I libPowerHal: perf_lock_acq find match handle - handle:160786 idx:180
05-05 21:58:25.262 588 614 I libPowerHal: perfLockAcq hdl:160786 pid:1198 duration:0 pid_exist:1 => new_hdl:160786
05-05 21:58:25.262 588 614 I libPowerHal: [perfScnUpdate] scn:180, update
05-05 21:58:25.262 588 614 I libPowerHal: 180: set gpu level: 9
05-05 21:58:25.262 588 614 I libPowerHal: 180: set gpu level max: 0
05-05 21:58:25.263 588 614 E RilUtility: notify_rild_opt_info socket error
05-05 21:58:25.263 588 614 I powerd : [powerd_req] POWER_MSG_PERF_LOCK_ACQ: return hdl:160786
05-05 21:58:25.264 1198 1245 I mtkperf_client: ret_hdl:160786
05-05 21:58:25.264 1198 1245 D CustomFrequencyManagerService: releaseDVFSLockLocked : Getting Lock type frm List : DVFS_MIN_LIMIT frequency : 2000000 uid : 1000 pid : 1198 tag : AMS_ACT_START@CPU_MIN@17
05-05 21:58:25.265 1198 1245 I PowerHalWrapper: perfLockRel
05-05 21:58:25.265 1198 1245 I mtkperf_client: perf_lock_rel, hdl:160788, tid:1245
05-05 21:58:25.265 1198 1245 D ActivityManagerPerformance: AMP_release() ACT_START
05-05 21:58:25.266 588 615 I mtkpower@1.0-impl: perfLockRelease hdl:160788 reserved:1245
05-05 21:58:25.266 588 614 I powerd : [powerd_req] POWER_MSG_PERF_LOCK_REL: hdl:160788
05-05 21:58:25.266 588 614 E libPowerHal: perfLockRel handle:160788
05-05 21:58:25.266 588 614 I libPowerHal: 182: cpu_ctrl set freq: -1 -1 -1 -1
05-05 21:58:25.270 616 1140 I Layer : id=171007 removeFromCurrentState AppWindowToken{c7fd2fb token=Token{2f54c8a ActivityRecord{3b86f5 u0 com.yeti.browser/org.chromium.chrome.browser.document.ChromeLauncherActivity t3234}}}#0 (88)
05-05 21:58:25.270 616 1140 I Layer : id=171006 removeFromCurrentState Task=3234#0 (88)
05-05 21:58:25.271 616 1140 I SurfaceFlinger: id=171007 Removed AppWindowToken{c7fd2fb token=Token{2f54c8a ActivityRecord{3b86f5 u0 com.yeti.browser/org.chromium.chrome.browser.document.ChromeLauncherActivity t3234}}}#0 (88)
05-05 21:58:25.271 616 1140 I SurfaceFlinger: id=171006 Removed Task=3234#0 (88)
05-05 21:58:25.271 616 2237 I Layer : id=171005 removeFromCurrentState animation background stackId=3413#0 (88)
05-05 21:58:25.271 616 2237 I SurfaceFlinger: id=171005 Removed animation background stackId=3413#0 (88)
05-05 21:58:25.271 20505 20505 E cr_CompositorSurfaceMgr: Transitioning to surface with format : -1
05-05 21:58:25.273 616 2237 I SurfaceFlinger: [SF client] NEW(0x7186491b00) for (20505:com.yeti.browser)
05-05 21:58:25.273 616 2237 I Layer : id=171004 removeFromCurrentState Stack=3413#0 (88)
05-05 21:58:25.274 616 1140 I BufferQueue: [unnamed-616-37057](this:0x7165641000,id:37057,api:0,p:-1,c:-1) BufferQueue core=(616:/system/bin/surfaceflinger)
05-05 21:58:25.274 1198 1245 I ViewRootImpl@ac1ec3a[browser]: dispatchDetachedFromWindow
05-05 21:58:25.274 1198 1245 D Surface : Surface::disconnect(this=0x733d1db000,api=2)
05-05 21:58:25.274 616 1140 I BufferQueueConsumer: [unnamed-616-37057](this:0x7165641000,id:37057,api:0,p:-1,c:616) connect(C): consumer=(616:/system/bin/surfaceflinger) controlledByApp=false
05-05 21:58:25.274 616 1140 I BufferQueueConsumer: [unnamed-616-37051](this:0x7165641000,id:37057,api:0,p:-1,c:616) setConsumerName: unnamed-616-37051
05-05 21:58:25.274 616 1140 I BufferQueueConsumer: [Bounds for - com.yeti.browser/org.chromium.chrome.browser.ChromeTabbedActivity@0#0](this:0x7165641000,id:37057,api:0,p:-1,c:616) setConsumerName: Bounds for - com.yeti.browser/org.chromium.chrome.browser.ChromeTabbedActivity@0#0
05-05 21:58:25.275 616 2238 I BufferQueueProducer: [Splash Screen com.yeti.browser#0](this:0x7165655800,id:37055,api:0,p:-1,c:616) disconnect(P): api 2
05-05 21:58:25.275 616 712 I SurfaceFlinger: id=171004 Removed Stack=3413#0 (89)
05-05 21:58:25.275 616 1140 W ServiceManager: Permission failure: android.permission.ACCESS_SURFACE_FLINGER from uid=10746 pid=20505
05-05 21:58:25.275 616 1140 D PermissionCache: checking android.permission.ACCESS_SURFACE_FLINGER for uid=10746 => denied (480 us)
05-05 21:58:25.275 616 1140 I SurfaceFlinger: id=171021 createSurf (0x0),2 flag=4, Bounds for - com.yeti.browser/org.chromium.chrome.browser.ChromeTabbedActivity@0#0
05-05 21:58:25.277 616 1140 I SurfaceFlinger: [SF client] NEW(0x71657d9300) for (20505:com.yeti.browser)
05-05 21:58:25.277 1198 1245 D InputTransport: Input channel destroyed: '96770eb', fd=451
05-05 21:58:25.278 616 616 I Layer : id=171004[1] Destroyed Stack=3413#0
05-05 21:58:25.278 616 616 I Layer : id=171005[1] Destroyed animation background stackId=3413#0
05-05 21:58:25.278 616 616 I Layer : id=171006[1] Destroyed Task=3234#0
05-05 21:58:25.278 616 616 I Layer : id=171007[1] Destroyed AppWindowToken{c7fd2fb token=Token{2f54c8a ActivityRecord{3b86f5 u0 com.yeti.browser/org.chromium.chrome.browser.document.ChromeLauncherActivity t3234}}}#0
05-05 21:58:25.278 1198 1245 I WindowManager: Reparenting to leash, surface=Surface(name=96770eb Splash Screen com.yeti.browser)/@0x4cf2df9
05-05 21:58:25.279 616 1140 I SurfaceFlinger: id=171022 createSurf (0x0),-1 flag=80004, Surface(name=96770eb Splash Screen com.yeti.browser)/@0x4cf2df9 - animation-leash#0
05-05 21:58:25.280 1198 9710 D InputDispatcher: Focus entered window (20505): f1d20a8 in display 0 0
05-05 21:58:25.280 1198 1245 D WindowManager: makeSurface duration=2 leash=Surface(name=Surface(name=96770eb Splash Screen com.yeti.browser)/@0x4cf2df9 - animation-leash)/@0x3cea13e
05-05 21:58:25.282 616 2238 I BufferQueue: [unnamed-616-37058](this:0x71656c1000,id:37058,api:0,p:-1,c:-1) BufferQueue core=(616:/system/bin/surfaceflinger)
05-05 21:58:25.282 616 2238 I BufferQueueConsumer: [unnamed-616-37058](this:0x71656c1000,id:37058,api:0,p:-1,c:616) connect(C): consumer=(616:/system/bin/surfaceflinger) controlledByApp=false
05-05 21:58:25.282 616 2238 I BufferQueueConsumer: [unnamed-616-37052](this:0x71656c1000,id:37058,api:0,p:-1,c:616) setConsumerName: unnamed-616-37052
05-05 21:58:25.282 616 2238 I BufferQueueConsumer: [SurfaceView - com.yeti.browser/org.chromium.chrome.browser.ChromeTabbedActivity@b198abd@0#0](this:0x71656c1000,id:37058,api:0,p:-1,c:616) setConsumerName: SurfaceView - com.yeti.browser/org.chromium.chrome.browser.ChromeTabbedActivity@b198abd@0#0
05-05 21:58:25.282 616 2238 I BufferQueueConsumer: [SurfaceView - com.yeti.browser/org.chromium.chrome.browser.ChromeTabbedActivity@b198abd@0#0](this:0x71656c1000,id:37058,api:0,p:-1,c:616) setDefaultBufferSize: width=1080 height=2195
05-05 21:58:25.282 616 2238 I SurfaceFlinger: id=171023 createSurf (1080x2195),4 flag=404, SurfaceView - com.yeti.browser/org.chromium.chrome.browser.ChromeTabbedActivity@b198abd@0#0
05-05 21:58:25.283 1198 1245 D InputTransport: Input channel destroyed: '96770eb', fd=605
05-05 21:58:25.283 616 2238 I SurfaceFlinger: id=171024 createSurf (0x0),-1 flag=20404, Background for -SurfaceView - com.yeti.browser/org.chromium.chrome.browser.ChromeTabbedActivity@b198abd@0#0
05-05 21:58:25.283 1198 2223 I GED : ged_boost_gpu_freq, level 100, eOrigin 2, final_idx 24, oppidx_max 24, oppidx_min 0
05-05 21:58:25.284 20505 20505 I SurfaceView: surfaceCreated 1 #3 android.view.SurfaceView{b198abd V.E...... ......ID 0,0-1080,2195}
05-05 21:58:25.284 20505 20505 E cr_CompositorSurfaceMgr: surfaceCreated format : 0
05-05 21:58:25.285 20505 20505 I SurfaceView: surfaceChanged (1080,2195) 1 #3 android.view.SurfaceView{b198abd V.E...... ......ID 0,0-1080,2195}
05-05 21:58:25.298 20505 20505 I cr_ContextualSearch: Tap suppression enabled: false
05-05 21:58:25.311 20505 20505 I cr_ChromeTabbedActivity: #initializeState
05-05 21:58:25.312 20505 20505 I cr_CipherFactory: #restoreFromBundle, no savedInstanceState.
05-05 21:58:25.312 20505 20505 I cr_tabmodel: #loadState, ignoreIncognitoFiles? true
05-05 21:58:25.314 20505 20505 W cr_IntentHandler: Ignoring internal Chrome URL from untrustworthy source.
05-05 21:58:25.320 20505 20505 I cr_tabmodel: Loaded tab lists; counts: 0,0
05-05 21:58:25.325 20505 20505 D cr_UmaSessionStats: [UmaSessionStats.java:226] registerSyntheticFieldTrial(TabGridLayoutAndroidSyntheticTrial, Downloaded_Enabled)
05-05 21:58:25.331 1198 1027 D MotionRecognitionService: values = 50.0
05-05 21:58:25.332 1198 1027 D MotionRecognitionService: onReceive lux: 50.0 action:
05-05 21:58:25.332 1198 1027 D MotionRecognitionService: Inject brightness form Cam 50.0
05-05 21:58:25.332 1198 1027 D MotionRecognitionService: Inject calibrated lux
05-05 21:58:25.332 580 580 I Sensors : AutoBrightnessSensor::inject_sensor_data: cam_lux 50
05-05 21:58:25.335 616 616 I SurfaceFlinger: Display 0 HWC layers:
05-05 21:58:25.335 616 616 I SurfaceFlinger: type | handle | flag | format | source crop (l,t,r,b) | frame | name
05-05 21:58:25.335 616 616 I SurfaceFlinger: ------------+--------------+------+-----------+----------------------------+---------------------+------
05-05 21:58:25.335 616 616 I SurfaceFlinger: SOLID_COLOR | | 0002 | Unknown | 0.0 0.0 0.0 0.0 | 0 79 1080 2274 | Background for -SurfaceView - com.ye[...]ser.ChromeTabbedActivity@b198abd@0#0
05-05 21:58:25.335 616 616 I SurfaceFlinger: DEVICE | 0x7187e66ac0 | 0000 | RGBA_8888 | 0.0 0.0 1080.0 2400.0 | 0 0 1080 2400 | com.yeti.browser/org.chromium.chrome.browser.ChromeTabbedActivity$_20505#0
05-05 21:58:25.335 616 616 I SurfaceFlinger: DEVICE | 0x71864a5840 | 0002 | RGBA_8888 | 0.0 0.0 1080.0 2400.0 | 0 0 1080 2400 | Splash Screen com.yeti.browser#0
05-05 21:58:25.335 616 616 I SurfaceFlinger: DEVICE | 0x71656ce300 | 0000 | RGBA_8888 | 0.0 0.0 1080.0 79.0 | 0 0 1080 79 | StatusBar$_7710#0
05-05 21:58:25.335 616 616 I SurfaceFlinger: DEVICE | 0x71656d0100 | 0000 | RGBA_8888 | 0.0 0.0 67.0 466.0 | 1013 492 1080 958 | com.samsung.android.app.cocktailbars[...]rservice.CocktailBarService$_25847#0
05-05 21:58:25.335 616 616 I SurfaceFlinger: DEVICE |
05-05 21:58:25.335 616 616 I SurfaceFlinger: 0x71656cfd40 | 0000 | RGBA_8888 | 0.0 0.0 1080.0 126.0 | 0 2274 1080 2400 | NavigationBar0$_7710#0
05-05 21:58:25.335 616 616 I SurfaceFlinger: DEVICE | 0x71864a4800 | 0000 | RGBA_8888 | 0.0 0.0 1080.0 181.0 | 0 0 1080 181 | ScreenDecorOverlay$_7710#0
05-05 21:58:25.335 616 616 I SurfaceFlinger: DEVICE | 0x7187e65080 | 0000 | RGBA_8888 | 0.0 0.0 1080.0 181.0 | 0 2219 1080 2400 | ScreenDecorOverlayBottom$_7710#0
05-05 21:58:25.335 616 616 I SurfaceFlinger:
05-05 21:58:25.345 1198 1245 I WindowManager: Reparenting to original parent: Surface(name=AppWindowToken{58ae2e2 token=Token{bda9fad ActivityRecord{45174c4 u0 com.yeti.browser/org.chromium.chrome.browser.ChromeTabbedActivity t3235}}})/@0x4a3dbde, destroyLeash=true, surface=Surface(name=96770eb Splash Screen com.yeti.browser)/@0x4cf2df9
05-05 21:58:25.346 1198 1245 E WindowManager: win=Window{96770eb u0 Splash Screen com.yeti.browser EXITING} destroySurfaces: appStopped=false win.mWindowRemovalAllowed=true win.mRemoveOnExit=true win.mViewVisibility=0 caller=com.android.server.wm.AppWindowToken.destroySurfaces:1249 com.android.server.wm.AppWindowToken.destroySurfaces:1230 com.android.server.wm.WindowState.onExitAnimationDone:5189 com.android.server.wm.WindowStateAnimator.onAnimationFinished:320 com.android.server.wm.WindowState.onAnimationFinished:5630 com.android.server.wm.-$$Lambda$yVRF8YoeNdTa8GR1wDStVsHu8xM.run:2 com.android.server.wm.SurfaceAnimator.lambda$getFinishedCallback$0$SurfaceAnimator:100
05-05 21:58:25.346 1198 1245 I WindowManager: Destroying surface Surface(name=Splash Screen com.yeti.browser)/@0x1cbb0b5 called by com.android.server.wm.WindowStateAnimator.destroySurface:1834 com.android.server.wm.WindowStateAnimator.destroySurfaceLocked:733 com.android.server.wm.WindowState.destroySurfaceUnchecked:3649 com.android.server.wm.WindowState.destroySurface:3623 com.android.server.wm.AppWindowToken.destroySurfaces:1249 com.android.server.wm.AppWindowToken.destroySurfaces:1230 com.android.server.wm.WindowState.onExitAnimationDone:5189 com.android.server.wm.WindowStateAnimator.onAnimationFinished:320
05-05 21:58:25.346 616 2238 I Layer : id=171013 removeFromCurrentState Splash Screen com.yeti.browser#0 (88)
05-05 21:58:25.348 616 2238 I Layer : id=171012 removeFromCurrentState 96770eb Splash Screen com.yeti.browser#0 (88)
05-05 21:58:25.348 616 2238 I Layer : id=171022 removeFromCurrentState Surface(name=96770eb Splash Screen com.yeti.browser)/@0x4cf2df9 - animation-leash#0 (88)
05-05 21:58:25.350 616 1140 I SurfaceFlinger: id=171012 Removed 96770eb Splash Screen com.yeti.browser#0 (88)
05-05 21:58:25.350 616 1140 I SurfaceFlinger: id=171022 Removed Surface(name=96770eb Splash Screen com.yeti.browser)/@0x4cf2df9 - animation-leash#0 (88)
05-05 21:58:25.350 616 1140 I SurfaceFlinger: id=171013 Removed Splash Screen com.yeti.browser#0 (88)
05-05 21:58:25.362 616 616 I Layer : id=171022[1] Destroyed Surface(name=96770eb Splash Screen com.yeti.browser)/@0x4cf2df9 - animation-leash#0
05-05 21:58:25.362 616 616 I Layer : id=171012[1] Destroyed 96770eb Splash Screen com.yeti.browser#0
05-05 21:58:25.366 616 616 I BufferQueue: [Splash Screen com.yeti.browser#0](this:0x7165655800,id:37055,api:0,p:-1,c:-1) ~BufferQueueCore
05-05 21:58:25.366 616 616 I Layer : id=171013[1] Destroyed Splash Screen com.yeti.browser#0
05-05 21:58:25.370 616 616 I SurfaceFlinger: Display 0 HWC layers:
05-05 21:58:25.370 616 616 I SurfaceFlinger: type | handle | flag | format | source crop (l,t,r,b) | frame | name
05-05 21:58:25.370 616 616 I SurfaceFlinger: ------------+--------------+------+-----------+----------------------------+---------------------+------
05-05 21:58:25.370 616 616 I SurfaceFlinger: SOLID_COLOR | | 0002 | Unknown | 0.0 0.0 0.0 0.0 | 0 79 1080 2274 | Background for -SurfaceView - com.ye[...]ser.ChromeTabbedActivity@b198abd@0#0
05-05 21:58:25.370 616 616 I SurfaceFlinger: DEVICE | 0x7187e66ac0 | 0000 | RGBA_8888 | 0.0 0.0 1080.0 2400.0 | 0 0 1080 2400 | com.yeti.browser/org.chromium.chrome.browser.ChromeTabbedActivity$_20505#0
05-05 21:58:25.370 616 616 I SurfaceFlinger: DEVICE | 0x71656ce300 | 0000 | RGBA_8888 | 0.0 0.0 1080.0 79.0 | 0 0 1080 79 | StatusBar$_7710#0
05-05 21:58:25.370 616 616 I SurfaceFlinger: DEVICE | 0x71656d0100 | 0000 | RGBA_8888 | 0.0 0.0 67.0 466.0 | 1013 492 1080 958 | com.samsung.android.app.cocktailbars[...]rservice.CocktailBarService$_25847#0
05-05 21:58:25.370 616 616 I SurfaceFlinger: DEVICE | 0x71656cfd40 | 0000 | RGBA_8888 | 0.0 0.0 1080.0 126.0 | 0 2274 1080 2400 | NavigationBar0$_7710#0
05-05 21:58:25.370 616 616 I SurfaceFlinger: DEVICE | 0x71864a4
05-05 21:58:25.370 616 616 I SurfaceFlinger: 800 | 0000 | RGBA_8888 | 0.0 0.0 1080.0 181.0 | 0 0 1080 181 | ScreenDecorOverlay$_7710#0
05-05 21:58:25.370 616 616 I SurfaceFlinger: DEVICE | 0x7187e65080 | 0000 | RGBA_8888 | 0.0 0.0 1080.0 181.0 | 0 2219 1080 2400 | ScreenDecorOverlayBottom$_7710#0
05-05 21:58:25.370 616 616 I SurfaceFlinger:
05-05 21:58:25.445 1198 2223 I GED : ged_boost_gpu_freq, level 100, eOrigin 2, final_idx 24, oppidx_max 24, oppidx_min 0
05-05 21:58:25.493 20505 20505 E ResourcesCompat: Failed to find font-family tag
05-05 21:58:25.520 20505 20505 I cr_OfflineIndicator: onConnectionTypeChanged 2
05-05 21:58:25.522 20505 20505 I cr_OfflineIndicator: Reported by system: [ Transports: WIFI Capabilities: NOT_METERED&INTERNET&NOT_RESTRICTED&TRUSTED&NOT_VPN&VALIDATED&NOT_ROAMING&FOREGROUND&NOT_CONGESTED&NOT_SUSPENDED LinkUpBandwidth>=1048576Kbps LinkDnBandwidth>=1048576Kbps SignalStrength: -63]
05-05 21:58:25.522 20505 20505 I cr_OfflineIndicator: setConnectionState connectionState=4
05-05 21:58:25.522 20505 20505 I cr_OfflineDetector: Running updateState mConnectivityDetectorInitialized: true, mTimeWhenLastForegrounded: 5970618034, getElapsedTime: 5970618036, mTimeWhenLastOfflineNotificationReceived: 0, mTimeWhenLastOnline: 5970618036, mApplicationState: 1, mIsOfflineLastReportedByConnectivityDetector: false, mIsEffectivelyOffline: false
05-05 21:58:25.523 20505 20505 I cr_OfflineDetector: updateState(): timeSinceLastForeground: 2, timeSinceOfflineNotificationReceived: 5970618036, timeSinceLastOnline: 0, timeNeededForForeground: 1998, timeNeededForOffline: -5970616036
05-05 21:58:25.523 20505 20505 I cr_OfflineIndicator: processConnectivityCheckResult mConnectionState=4 mConnectivityCheckingStage=1
05-05 21:58:25.531 1198 1027 D MotionRecognitionService: values = 50.0
05-05 21:58:25.531 1198 1027 D MotionRecognitionService: onReceive lux: 50.0 action:
05-05 21:58:25.532 1198 1027 D MotionRecognitionService: Inject brightness form Cam 50.0
05-05 21:58:25.532 1198 1027 D MotionRecognitionService: Inject calibrated lux
05-05 21:58:25.532 580 580 I Sensors : AutoBrightnessSensor::inject_sensor_data: cam_lux 50
05-05 21:58:25.585 20505 20505 E ResourcesCompat: Failed to find font-family tag
05-05 21:58:25.587 20505 20505 I chatty : uid=10746(com.yeti.browser) identical 1 line
05-05 21:58:25.661 20505 20505 E ResourcesCompat: Failed to find font-family tag
05-05 21:58:25.731 1198 1027 D MotionRecognitionService: values = 50.0
05-05 21:58:25.731 1198 1027 D MotionRecognitionService: onReceive lux: 50.0 action:
05-05 21:58:25.732 1198 1027 D MotionRecognitionService: Inject brightness form Cam 50.0
05-05 21:58:25.732 1198 1027 D MotionRecognitionService: Inject calibrated lux
05-05 21:58:25.732 580 580 I Sensors : AutoBrightnessSensor::inject_sensor_data: cam_lux 50
05-05 21:58:25.782 8228 8228 I io_stats: !@ 179,0 r 24141081 569584913 w 12035540 392007576 d 452814 302849084 f 6307995 7850617 iot 16618824 15986028 th 51200 51200 43736 pt 35856 inp 0 0 3058617.016
05-05 21:58:25.858 1198 1198 I PowerHalWrapper: perfLockRel
05-05 21:58:25.859 1198 1198 I mtkperf_client: perf_lock_rel, hdl:0, tid:1198
05-05 21:58:25.859 588 615 I mtkpower@1.0-impl: perfLockRelease hdl:0 reserved:1198
05-05 21:58:25.859 1198 1198 I PowerHalWrapper: perfLockRel
05-05 21:58:25.859 1198 1198 I mtkperf_client: perf_lock_rel, hdl:160785, tid:1198
05-05 21:58:25.859 1198 1198 I PowerHalWrapper: perfLockRel
05-05 21:58:25.859 1198 1198 I mtkperf_client: perf_lock_rel, hdl:160786, tid:1198
05-05 21:58:25.860 588 614 I powerd : [powerd_req] POWER_MSG_PERF_LOCK_REL: hdl:0
05-05 21:58:25.860 1198 1198 I PowerHalWrapper: perfLockRel
05-05 21:58:25.860 1198 1198 I mtkperf_client: perf_lock_rel, hdl:160789, tid:1198
05-05 21:58:25.860 588 615 I mtkpower@1.0-impl: perfLockRelease hdl:160785 reserved:1198
05-05 21:58:25.860 1198 1198 D CustomFrequencyManagerService: releaseDVFSLockLocked : Getting Lock type frm List : DVFS_MIN_LIMIT frequency : 1354000 uid : 1000 pid : 1198 tag : AMS_RESUME_TAIL@CPU_MIN@24
05-05 21:58:25.860 588 614 I powerd : [powerd_req] POWER_MSG_PERF_LOCK_REL: hdl:160785
05-05 21:58:25.860 588 614 E libPowerHal: perfLockRel handle:160785
05-05 21:58:25.861 588 615 I mtkpower@1.0-impl: perfLockRelease hdl:160786 reserved:1198
05-05 21:58:25.862 588 614 I powerd : [powerd_req] POWER_MSG_PERF_LOCK_REL: hdl:160786
05-05 21:58:25.862 588 614 E libPowerHal: perfLockRel handle:160786
05-05 21:58:25.862 588 614 I libPowerHal: 180: set gpu level: 24
05-05 21:58:25.862 588 614 I libPowerHal: 180: set gpu level max: 0
05-05 21:58:25.863 588 615 I mtkpower@1.0-impl: perfLockRelease hdl:160789 reserved:1198
05-05 21:58:25.863 588 614 I powerd : [powerd_req] POWER_MSG_PERF_LOCK_REL: hdl:160789
05-05 21:58:25.863 588 614 E libPowerHal: perfLockRel handle:160789
05-05 21:58:25.864 588 614 I libPowerHal: [perfScnUpdate] (less) /proc/mcdi/state set +prefix:enable 1;
05-05 21:58:25.897 20505 20505 D ConnectivityManager: requestNetwork; CallingUid : 10746, CallingPid : 20505
05-05 21:58:25.898 1198 10623 D ConnectivityService: requestNetwork for uid/pid:10746/20505 NetworkRequest [ TRACK_DEFAULT id=34071, [ Capabilities: INTERNET&NOT_RESTRICTED&TRUSTED Uid: 10746] ]
05-05 21:58:25.899 1198 7576 D ConnectivityService: rematching NetworkAgentInfo [WIFI () - 639]
05-05 21:58:25.899 1198 7576 D ConnectivityService: network has: [ Transports: WIFI Capabilities: NOT_METERED&INTERNET&NOT_RESTRICTED&TRUSTED&NOT_VPN&VALIDATED&NOT_ROAMING&FOREGROUND&NOT_CONGESTED&NOT_SUSPENDED LinkUpBandwidth>=1048576Kbps LinkDnBandwidth>=1048576Kbps Specifier: SignalStrength: -63 SSID: "CRAZY WOLF"]
05-05 21:58:25.899 1198 7576 D ConnectivityService: Network NetworkAgentInfo [WIFI () - 639] was already satisfying request 34067. No change.
05-05 21:58:25.899 1198 7576 D ConnectivityService: Network NetworkAgentInfo [WIFI () - 639] was already satisfying request 34062. No change.
05-05 21:58:25.899 1198 7576 D ConnectivityService: Network NetworkAgentInfo [WIFI () - 639] was already satisfying request 34050. No change.
05-05 21:58:25.900 1198 7576 D ConnectivityService: Network NetworkAgentInfo [WIFI () - 639] was already satisfying request 33554. No change.
05-05 21:58:25.900 1198 7576 D ConnectivityService: Network NetworkAgentInfo [WIFI () - 639] was already satisfying request 33552. No change.
05-05 21:58:25.900 1198 7576 D ConnectivityService: Network NetworkAgentInfo [WIFI () - 639] was already satisfying request 32963. No change.
05-05 21:58:25.900 1198 7576 D ConnectivityService: Network NetworkAgentInfo [WIFI () - 639] was already satisfying request 34063. No change.
05-05 21:58:25.900 1198 7576 D ConnectivityService: Network NetworkAgentInfo [WIFI () - 639] was already satisfying request 13. No change.
05-05 21:58:25.900 1198 7576 D ConnectivityService: Network NetworkAgentInfo [WIFI () - 639] was already satisfying request 30558. No change.
05-05 21:58:25.900 1198 7576 D ConnectivityService: Network NetworkAgentInfo [WIFI () - 639] was already satisfying request 1. No change.
05-05 21:58:25.900 1198 7576 D ConnectivityService: Network NetworkAgentInfo [WIFI () - 639] was already satisfying request 18. No change.
05-05 21:58:25.900 1198 7576 D ConnectivityService: Network NetworkAgentInfo [WIFI () - 639] was already satisfying request 34069. No change.
05-05 21:58:25.900 1198 7576 D ConnectivityService: Network NetworkAgentInfo [WIFI () - 639] was already satisfying request 34048. No change.
05-05 21:58:25.900 1198 7576 D ConnectivityService: Network NetworkAgentInfo [WIFI () - 639] was already satisfying request 8. No change.
05-05 21:58:25.900 1198 7576 D ConnectivityService: Network NetworkAgentInfo [WIFI () - 639] was already satisfying request 33867. No change.
05-05 21:58:25.900 1198 7576 D ConnectivityService: Network NetworkAgentInfo [WIFI () - 639] was already satisfying request 34042. No change.
05-05 21:58:25.900 1198 7576 D ConnectivityService: Network NetworkAgentInfo [WIFI () - 639] was already satisfying request 30. No change.
05-05 21:58:25.900 1198 7576 D ConnectivityService: Network NetworkAgentInfo [WIFI () - 639] was already satisfying request 32961. No change.
05-05 21:58:25.900 1198 7576 D ConnectivityService: Network NetworkAgentInfo [WIFI () - 639] was already satisfying request 15. No change.
05-05 21:58:25.901 1198 7576 D ConnectivityService: checking if request is satisfied: NetworkRequest [ TRACK_DEFAULT id=34071, [ Capabilities: INTERNET&NOT_RESTRICTED&TRUSTED Uid: 10746] ]
05-05 21:58:25.901 1198 7576 D ConnectivityService: currentScore = 0, newScore = 60
05-05 21:58:25.901 1198 7576 D ConnectivityService: rematch for NetworkAgentInfo [WIFI () - 639]
05-05 21:58:25.901 1198 7576 D ConnectivityService: accepting network in place of null
05-05 21:58:25.901 1198 7576 D ConnectivityService: sending new Min Network Score(60): NetworkRequest [ TRACK_DEFAULT id=34071, [ Capabilities: INTERNET&NOT_RESTRICTED&TRUSTED Uid: 10746] ]
05-05 21:58:25.901 1198 10623 D ConnectivityService: listenForNetwork for uid/pid:10746/20505 NetworkRequest [ LISTEN id=34072, [ Capabilities: INTERNET&NOT_RESTRICTED&TRUSTED Uid: 10746] ]
05-05 21:58:25.900 20505 20505 D ConnectivityManager: requestNetwork; CallingUid : 10746, CallingPid : 20505
05-05 21:58:25.901 1198 7646 D Ethernet: got request NetworkRequest [ TRACK_DEFAULT id=34071, [ Capabilities: INTERNET&NOT_RESTRICTED&TRUSTED Uid: 10746] ] with score 60 and serial -1
05-05 21:58:25.901 1198 7565 D UntrustedWifiNetworkFactory: got request NetworkRequest [ TRACK_DEFAULT id=34071, [ Capabilities: INTERNET&NOT_RESTRICTED&TRUSTED Uid: 10746] ] with score 60 and serial -1
05-05 21:58:25.901 1198 7646 D Ethernet: my score=110, my filter=[]
05-05 21:58:25.901 1198 7646 D Ethernet: evalRequest
05-05 21:58:25.901 1198 7565 D UntrustedWifiNetworkFactory: my score=2147483647, my filter=[ Transports: WIFI Capabilities: NOT_METERED&INTERNET&NOT_RESTRICTED&TRUSTED&NOT_VPN&NOT_ROAMING&NOT_CONGESTED LinkUpBandwidth>=1048576Kbps LinkDnBandwidth>=1048576Kbps Specifier: ]
05-05 21:58:25.901 1198 7646 D Ethernet: n.requests = false
05-05 21:58:25.901 1198 7565 D UntrustedWifiNetworkFactory: evalRequest
05-05 21:58:25.901 1198 7646 D Ethernet: n.score = 60
05-05 21:58:25.901 1198 7565 D UntrustedWifiNetworkFactory: n.requests = false
05-05 21:58:25.901 1198 7646 D Ethernet: mScore = 110
05-05 21:58:25.901 1198 7565 D UntrustedWifiNetworkFactory: n.score = 60
05-05 21:58:25.901 1198 7646 D Ethernet: n.factorySerialNumber = -1
05-05 21:58:25.902 1198 7565 D UntrustedWifiNetworkFactory: mScore = 2147483647
05-05 21:58:25.902 1198 7646 D Ethernet: mSerialNumber = 1
05-05 21:58:25.902 1198 7565 D UntrustedWifiNetworkFactory: n.factorySerialNumber = -1
05-05 21:58:25.902 1198 7646 D Ethernet: done
05-05 21:58:25.902 1198 7565 D UntrustedWifiNetworkFactory: mSerialNumber = 6
05-05 21:58:25.902 1198 7565 D UntrustedWifiNetworkFactory: needNetworkFor
05-05 21:58:25.902 8087 8087 D PhoneSwitcherNetworkRequstListener: got request NetworkRequest [ TRACK_DEFAULT id=34071, [ Capabilities: INTERNET&NOT_RESTRICTED&TRUSTED Uid: 10746] ] with score 60 and serial -1
05-05 21:58:25.902 1198 7565 D WifiNetworkFactory: got request NetworkRequest [ TRACK_DEFAULT id=34071, [ Capabilities: INTERNET&NOT_RESTRICTED&TRUSTED Uid: 10746] ] with score 60 and serial -1
05-05 21:58:25.902 8087 8087 D PhoneSwitcherNetworkRequstListener: my score=101, my filter=[ Transports: CELLULAR Capabilities: MMS&SUPL&DUN&FOTA&IMS&CBS&IA&RCS&XCAP&EIMS&INTERNET&NOT_RESTRICTED&TRUSTED&NOT_VPN&MCX&FOC&ENT1 Specifier: ]
05-05 21:58:25.902 1198 7565 D WifiNetworkFactory: my score=60, my filter=[ Transports: WIFI Capabilities: NOT_METERED&INTERNET&NOT_RESTRICTED&TRUSTED&NOT_VPN&NOT_ROAMING&NOT_CONGESTED LinkUpBandwidth>=1048576Kbps LinkDnBandwidth>=1048576Kbps Specifier: ]
05-05 21:58:25.902 8087 8087 D PhoneSwitcherNetworkRequstListener: evalRequest
05-05 21:58:25.903 1198 7565 D WifiNetworkFactory: evalRequest
05-05 21:58:25.903 8087 8087 D PhoneSwitcherNetworkRequstListener: n.requests = false
05-05 21:58:25.903 1198 7565 D WifiNetworkFactory: n.requests = false
05-05 21:58:25.903 8087 8087 D PhoneSwitcherNetworkRequstListener: n.score = 60
05-05 21:58:25.903 1198 7565 D WifiNetworkFactory: n.score = 60
05-05 21:58:25.903 8087 8087 D PhoneSwitcherNetworkRequstListener: mScore = 101
05-05 21:58:25.903 1198 7565 D WifiNetworkFactory: mScore = 60
05-05 21:58:25.903 1198 7565 D WifiNetworkFactory: n.factorySerialNumber = -1
05-05 21:58:25.903 8087 8087 D PhoneSwitcherNetworkRequstListener: n.factorySerialNumber = -1
05-05 21:58:25.903 1198 7565 D WifiNetworkFactory: mSerialNumber = 5
05-05 21:58:25.903 8087 8087 D PhoneSwitcherNetworkRequstListener: mSerialNumber = 2
05-05 21:58:25.903 1198 7565 D WifiNetworkFactory: needNetworkFor
05-05 21:58:25.903 8087 8087 D PhoneSwitcherNetworkRequstListener: needNetworkFor
05-05 21:58:25.903 1198 7576 D ConnectivityService: sending notification CALLBACK_AVAILABLE for NetworkRequest [ TRACK_DEFAULT id=34071, [ Capabilities: INTERNET&NOT_RESTRICTED&TRUSTED Uid: 10746] ]
05-05 21:58:25.904 1198 7576 D ConnectivityService: rematching NetworkAgentInfo [WIFI () - 639]
05-05 21:58:25.904 1198 7576 D ConnectivityService: network has: [ Transports: WIFI Capabilities: NOT_METERED&INTERNET&NOT_RESTRICTED&TRUSTED&NOT_VPN&VALIDATED&NOT_ROAMING&FOREGROUND&NOT_CONGESTED&NOT_SUSPENDED LinkUpBandwidth>=1048576Kbps LinkDnBandwidth>=1048576Kbps Specifier: SignalStrength: -63 SSID: "CRAZY WOLF"]
05-05 21:58:25.904 1198 7576 D ConnectivityService: Network NetworkAgentInfo [WIFI () - 639] was already satisfying request 34067. No change.
05-05 21:58:25.904 1198 7576 D ConnectivityService: Network NetworkAgentInfo [WIFI () - 639] was already satisfying request 34062. No change.
05-05 21:58:25.904 1198 7576 D ConnectivityService: Network NetworkAgentInfo [WIFI () - 639] was already satisfying request 34050. No change.
05-05 21:58:25.905 1198 7576 D ConnectivityService: Network NetworkAgentInfo [WIFI () - 639] was already satisfying request 33554. No change.
05-05 21:58:25.905 1198 7576 D ConnectivityService: Network NetworkAgentInfo [WIFI () - 639] was already satisfying request 33552. No change.
05-05 21:58:25.905 1198 7576 D ConnectivityService: Network NetworkAgentInfo [WIFI () - 639] was already satisfying request 32963. No change.
05-05 21:58:25.905 1198 7576 D ConnectivityService: Network NetworkAgentInfo [WIFI () - 639] was already satisfying request 34063. No change.
05-05 21:58:25.905 1198 7576 D ConnectivityService: Network NetworkAgentInfo [WIFI () - 639] was already satisfying request 13. No change.
05-05 21:58:25.905 1198 7576 D ConnectivityService: Network NetworkAgentInfo [WIFI () - 639] was already satisfying request 30558. No change.
05-05 21:58:25.905 1198 7576 D ConnectivityService: Network NetworkAgentInfo [WIFI () - 639] was already satisfying request 1. No change.
05-05 21:58:25.905 1198 7576 D ConnectivityService: Network NetworkAgentInfo [WIFI () - 639] was already satisfying request 18. No change.
05-05 21:58:25.905 1198 7576 D ConnectivityService: Network NetworkAgentInfo [WIFI () - 639] was already satisfying request 34069. No change.
05-05 21:58:25.905 1198 7576 D ConnectivityService: Network NetworkAgentInfo [WIFI () - 639] was already satisfying request 34048. No change.
05-05 21:58:25.905 1198 7576 D ConnectivityService: Network NetworkAgentInfo [WIFI () - 639] was already satisfying request 8. No change.
05-05 21:58:25.905 1198 7576 D ConnectivityService: Network NetworkAgentInfo [WIFI () - 639] was already satisfying request 33867. No change.
05-05 21:58:25.905 1198 7576 D ConnectivityService: Network NetworkAgentInfo [WIFI () - 639] was already satisfying request 34042. No change.
05-05 21:58:25.905 1198 7576 D ConnectivityService: Network NetworkAgentInfo [WIFI () - 639] was already satisfying request 30. No change.
05-05 21:58:25.905 1198 7576 D ConnectivityService: Network NetworkAgentInfo [WIFI () - 639] was already satisfying request 32961. No change.
05-05 21:58:25.906 1198 7576 D ConnectivityService: Network NetworkAgentInfo [WIFI () - 639] was already satisfying request 15. No change.
05-05 21:58:25.906 1198 7576 D ConnectivityService: Network NetworkAgentInfo [WIFI () - 639] was already satisfying request 34071. No change.
05-05 21:58:25.906 1198 7576 D ConnectivityService: sending notification CALLBACK_AVAILABLE for NetworkRequest [ LISTEN id=34072, [ Capabilities: INTERNET&NOT_RESTRICTED&TRUSTED Uid: 10746] ]
05-05 21:58:25.932 1198 1027 D MotionRecognitionService: values = 50.0
05-05 21:58:25.932 1198 1027 D MotionRecognitionService: onReceive lux: 50.0 action:
05-05 21:58:25.932 1198 1027 D MotionRecognitionService: Inject brightness form Cam 50.0
05-05 21:58:25.932 1198 1027 D MotionRecognitionService: Inject calibrated lux
05-05 21:58:25.934 580 580 I Sensors : AutoBrightnessSensor::inject_sensor_data: cam_lux 50
05-05 21:58:25.937 20505 21612 D cr_LibraryLoader: [LibraryLoader.java:354] Forcing system linker, relocations will not be shared. This negatively impacts memory usage.
05-05 21:58:25.940 20505 21634 W om.yeti.browse: Accessing hidden method Landroid/media/AudioManager;->getOutputLatency(I)I (greylist, reflection, allowed)
05-05 21:58:25.945 20505 21612 D cr_ChildProcLauncher: [ChildProcessLauncher.java:231] on connect callback, pid=21649
05-05 21:58:25.946 21649 21679 D cr_LibraryLoader: [LibraryLoader.java:354] Forcing system linker, relocations will not be shared. This negatively impacts memory usage.
05-05 21:58:25.950 20505 20505 E cr_IntentUtils: getBooleanExtra failed on intent null
05-05 21:58:25.950 20505 20505 E cr_IntentUtils: getBooleanExtra failed on intent null
05-05 21:58:25.972 20505 20505 V InputMethodManager: Not IME target window, ignoring
05-05 21:58:25.985 1198 10623 D CustomFrequencyManagerService: FrequencyrequestList.getNextSchedTuneBoostRequest, index: 0
05-05 21:58:25.985 1198 10623 I PowerHalWrapper: phwperfLockAcq
05-05 21:58:25.985 1198 10623 I mtkperf_client: [perf_lock_acq] hdl:160750, dur:0, num:2
05-05 21:58:25.986 1198 10623 I mtkperf_client: perf_lock_acq, hdl:160750, dur:0, tid:10623
05-05 21:58:25.986 588 615 I mtkpower@1.0-impl: perfLockAcquire hdl:160750, duration:0, reserved:10623
05-05 21:58:25.987 588 614 I powerd : [powerd_req] POWER_MSG_PERF_LOCK_ACQ: hdl:160750, duration:0
05-05 21:58:25.987 588 614 I libPowerHal: perf_lock_acq find match handle - handle:160750 idx:178
05-05 21:58:25.987 588 614 I libPowerHal: perfLockAcq hdl:160750 pid:1198 duration:0 pid_exist:1 => new_hdl:160750
05-05 21:58:25.987 588 614 I libPowerHal: [perfScnUpdate] scn:178, update
05-05 21:58:25.988 588 614 E RilUtility: notify_rild_opt_info socket error
05-05 21:58:25.988 588 614 I powerd : [powerd_req] POWER_MSG_PERF_LOCK_ACQ: return hdl:160750
05-05 21:58:25.989 1198 10623 I mtkperf_client: ret_hdl:160750
05-05 21:58:26.011 21649 21697 I cr_LibraryLoader: Loaded native library version number "91.0.4467.0"
05-05 21:58:26.012 21649 21697 I cr_CachingUmaRecorder: Flushed 1 samples from 1 histograms.
05-05 21:58:26.034 21649 21697 W SystemServiceRegistry: No service published for: uimode
05-05 21:58:26.133 1198 1027 D MotionRecognitionService: values = 50.0
05-05 21:58:26.133 1198 1027 D MotionRecognitionService: onReceive lux: 50.0 action:
05-05 21:58:26.133 1198 1027 D MotionRecognitionService: Inject brightness form Cam 50.0
05-05 21:58:26.133 1198 1027 D MotionRecognitionService: Inject calibrated lux
05-05 21:58:26.134 580 656 I Sensors : AutoBrightnessSensor::inject_sensor_data: cam_lux 50
05-05 21:58:26.136 21654 21714 D Surface : Surface::connect(this=0x741f04b000,api=1)
05-05 21:58:26.138 21654 21714 D mali_winsys: EGLint new_window_surface(egl_winsys_display *, void *, EGLSurface, EGLConfig, egl_winsys_surface **, EGLBoolean) returns 0x3000
05-05 21:58:26.150 21815 21815 E chromium: [0505/215826.148961:ERROR:process_memory_linux.cc(42)] open: No such file or directory (2)
05-05 21:58:26.175 21815 21815 W chromium: [0505/215826.175379:WARNING:process_reader_linux.cc(76)] sched_getscheduler: Permission denied (13)
05-05 21:58:26.175 546 546 E audit : type=1400 audit(1620232106.170:361224): avc: denied { getsched } for pid=21815 comm="libchrome_crash" scontext=u:r:untrusted_app:s0:c234,c258,c512,c768 tcontext=u:r:isolated_app:s0:c512,c768 tclass=process permissive=0 SEPF_SM-A315F_10_0025 audit_filtered
05-05 21:58:26.175 546 546 E audit : type=1300 audit(1620232106.170:361224): arch=c00000b7 syscall=120 success=no exit=-13 a0=5491 a1=0 a2=ebad808e a3=7ff720d840 items=0 ppid=1 pid=21815 auid=4294967295 uid=10746 gid=10746 euid=10746 suid=10746 fsuid=10746 egid=10746 sgid=10746 fsgid=10746 tty=(none) ses=4294967295 comm="libchrome_crash" exe="/data/app/com.yeti.browser-6OppTG-lDZQrbw0Yubpk1w==/lib/arm64/libchrome_crashpad_handler.so" subj=u:r:untrusted_app:s0:c234,c258,c512,c768 key=(null)
05-05 21:58:26.175 546 546 E audit : type=1327 audit(1620232106.170:361224): proctitle=2F646174612F6170702F636F6D2E796574692E62726F777365722D364F707054472D6C445A5172627730597562706B31773D3D2F6C69622F61726D36342F6C69626368726F6D655F63726173687061645F68616E646C65722E736F002D2D64617461626173653D2F646174612F757365722F302F636F6D2E796574692E62726F
05-05 21:58:26.176 21815 21815 W chromium: [0505/215826.176244:WARNING:process_reader_linux.cc(76)] sched_getscheduler: Permission denied (13)
05-05 21:58:26.176 546 546 E audit : type=1400 audit(1620232106.170:361225): avc: denied { getsched } for pid=21815 comm="libchrome_crash" scontext=u:r:untrusted_app:s0:c234,c258,c512,c768 tcontext=u:r:isolated_app:s0:c512,c768 tclass=process permissive=0 SEPF_SM-A315F_10_0025 audit_filtered
05-05 21:58:26.176 21815 21815 W chromium: [0505/215826.176919:WARNING:process_reader_linux.cc(76)] sched_getscheduler: Permission denied (13)
05-05 21:58:26.177 21815 21815 W chromium: [0505/215826.177908:WARNING:process_reader_linux.cc(76)] sched_getscheduler: Permission denied (13)
05-05 21:58:26.178 21815 21815 W chromium: [0505/215826.178498:WARNING:process_reader_linux.cc(76)] sched_getscheduler: Permission denied (13)
05-05 21:58:26.179 21815 21815 W chromium: [0505/215826.179453:WARNING:process_reader_linux.cc(76)] sched_getscheduler: Permission denied (13)
05-05 21:58:26.180 21815 21815 W chromium: [0505/215826.180001:WARNING:process_reader_linux.cc(76)] sched_getscheduler: Permission denied (13)
05-05 21:58:26.189 21815 21815 W chromium: [0505/215826.189347:WARNING:process_reader_linux.cc(76)] sched_getscheduler: Permission denied (13)
05-05 21:58:26.190 21815 21815 W chromium: [0505/215826.190013:WARNING:process_reader_linux.cc(76)] sched_getscheduler: Permission denied (13)
05-05 21:58:26.190 21815 21815 W chromium: [0505/215826.190581:WARNING:process_reader_linux.cc(76)] sched_getscheduler: Permission denied (13)
05-05 21:58:26.190 21815 21815 W chromium: [0505/215826.190964:WARNING:process_reader_linux.cc(76)] sched_getscheduler: Permission denied (13)
05-05 21:58:26.191 21815 21815 W chromium: [0505/215826.191441:WARNING:process_reader_linux.cc(76)] sched_getscheduler: Permission denied (13)
05-05 21:58:26.191 21815 21815 W chromium: [0505/215826.191874:WARNING:process_reader_linux.cc(76)] sched_getscheduler: Permission denied (13)
05-05 21:58:26.192 21815 21815 W chromium: [0505/215826.192310:WARNING:process_reader_linux.cc(76)] sched_getscheduler: Permission denied (13)
05-05 21:58:26.193 21815 21815 W chromium: [0505/215826.193577:WARNING:process_reader_linux.cc(76)] sched_getscheduler: Permission denied (13)
05-05 21:58:26.193 21815 21815 W chromium: [0505/215826.193900:WARNING:process_reader_linux.cc(76)] sched_getscheduler: Permission denied (13)
05-05 21:58:26.194 21815 21815 W chromium: [0505/215826.194712:WARNING:process_reader_linux.cc(76)] sched_getscheduler: Permission denied (13)
05-05 21:58:26.195 21815 21815 W chromium: [0505/215826.195492:WARNING:process_reader_linux.cc(76)] sched_getscheduler: Permission denied (13)
05-05 21:58:26.196 21815 21815 W chromium: [0505/215826.196653:WARNING:process_reader_linux.cc(76)] sched_getscheduler: Permission denied (13)
05-05 21:58:26.197 1198 10623 D MARsPolicyManager: updateResetTimeForBinderService pkgName = com.yeti.browser, userId = 0
05-05 21:58:26.198 21815 21815 W chromium: [0505/215826.198035:WARNING:process_reader_linux.cc(76)] sched_getscheduler: Permission denied (13)
05-05 21:58:26.199 21815 21815 W chromium: [0505/215826.199445:WARNING:process_reader_linux.cc(76)] sched_getscheduler: Permission denied (13)
05-05 21:58:26.200 21815 21815 W chromium: [0505/215826.199971:WARNING:process_reader_linux.cc(76)] sched_getscheduler: Permission denied (13)
05-05 21:58:26.200 21815 21815 W chromium: [0505/215826.200428:WARNING:process_reader_linux.cc(76)] sched_getscheduler: Permission denied (13)
05-05 21:58:26.238 405 405 I hwservicemanager: getTransport: Cannot find entry android.hardware.graphics.mapper@3.0::IMapper/default in either framework or device manifest.
05-05 21:58:26.238 21654 21714 W Gralloc3: mapper 3.x is not supported
05-05 21:58:26.242 21654 21714 E gralloc : Arm Module v1.0
05-05 21:58:26.243 21654 21714 E ion : ioctl c0044901 failed with code -1: Invalid argument
05-05 21:58:26.244 21654 21714 W [Gralloc-Warning]: sanitize_formats:426 Format [id:0x32315679] hsub and vsub should be non-zero (YUV)
05-05 21:58:26.244 21654 21714 W [Gralloc-Warning]: sanitize_formats:438 Format [id:0x32315679] align_w should be a multiple of hsub
05-05 21:58:26.244 21654 21714 W [Gralloc-Warning]: sanitize_formats:444 Format [id:0x32315679] align_h should be a multiple of vsub
05-05 21:58:26.244 21654 21714 W [Gralloc-Warning]: sanitize_formats:426 Format [id:0x32315689] hsub and vsub should be non-zero (YUV)
05-05 21:58:26.244 21654 21714 W [Gralloc-Warning]: sanitize_formats:438 Format [id:0x32315689] align_w should be a multiple of hsub
05-05 21:58:26.244 21654 21714 W [Gralloc-Warning]: sanitize_formats:444 Format [id:0x32315689] align_h should be a multiple of vsub
05-05 21:58:26.244 21654 21714 W [Gralloc-Warning]: sanitize_formats:426 Format [id:0x7f000001] hsub and vsub should be non-zero (YUV)
05-05 21:58:26.244 21654 21714 W [Gralloc-Warning]: sanitize_formats:438 Format [id:0x7f000001] align_w should be a multiple of hsub
05-05 21:58:26.244 21654 21714 W [Gralloc-Warning]: sanitize_formats:444 Format [id:0x7f000001] align_h should be a multiple of vsub
05-05 21:58:26.244 21654 21714 W [Gralloc-Warning]: sanitize_formats:426 Format [id:0x7f000002] hsub and vsub should be non-zero (YUV)
05-05 21:58:26.244 21654 21714 W [Gralloc-Warning]: sanitize_formats:438 Format [id:0x7f000002] align_w should be a multiple of hsub
05-05 21:58:26.244 21654 21714 W [Gralloc-Warning]: sanitize_formats:444 Format [id:0x7f000002] align_h should be a multiple of vsub
05-05 21:58:26.244 21654 21714 W [Gralloc-Warning]: sanitize_formats:426 Format [id:0x7f000004] hsub and vsub should be non-zero (YUV)
05-05 21:58:26.244 21654 21714 W [Gralloc-Warning]: sanitize_formats:438 Format [id:0x7f000004] align_w should be a multiple of hsub
05-05 21:58:26.244 21654 21714 W [Gralloc-Warning]: sanitize_formats:444 Format [id:0x7f000004] align_h should be a multiple of vsub
05-05 21:58:26.244 21654 21714 W [Gralloc-Warning]: sanitize_formats:426 Format [id:0x7f000005] hsub and vsub should be non-zero (YUV)
05-05 21:58:26.244 21654 21714 W [Gralloc-Warning]: sanitize_formats:438 Format [id:0x7f000005] align_w should be a multiple of hsub
05-05 21:58:26.244 21654 21714 W [Gralloc-Warning]: sanitize_formats:444 Format [id:0x7f000005] align_h should be a multiple of vsub
05-05 21:58:26.244 21654 21714 W [Gralloc-Warning]: sanitize_formats:426 Format [id:0x32315669] hsub and vsub should be non-zero (YUV)
05-05 21:58:26.244 21654 21714 W [Gralloc-Warning]: sanitize_formats:438 Format [id:0x32315669] align_w should be a multiple of hsub
05-05 21:58:26.244 21654 21714 W [Gralloc-Warning]: sanitize_formats:444 Format [id:0x32315669] align_h should be a multiple of vsub
05-05 21:58:26.244 21654 21714 W [Gralloc-Warning]: sanitize_formats:426 Format [id:0x10d] hsub and vsub should be non-zero (YUV)
05-05 21:58:26.244 21654 21714 W [Gralloc-Warning]: sanitize_formats:438 Format [id:0x10d] align_w should be a multiple of hsub
05-05 21:58:26.244 21654 21714 W [Gralloc-Warning]: sanitize_formats:444 Format [id:0x10d] align_h should be a multiple of vsub
05-05 21:58:26.244 21654 21714 W [Gralloc-Warning]: sanitize_formats:426 Format [id:0x10f] hsub and vsub should be non-zero (YUV)
05-05 21:58:26.244 21654 21714 W [Gralloc-Warning]: sanitize_formats:438 Format [id:0x10f] align_w should be a multiple of hsub
05-05 21:58:26.244 21654 21714 W [Gralloc-Warning]: sanitize_formats:444 Format [id:0x10f] align_h should be a multiple of vsub
05-05 21:58:26.244 21654 21714 W [Gralloc-Warning]: sanitize_formats:426 Format [id:0x7f000006] hsub and vsub should be non-zero (YUV)
05-05 21:58:26.244 21654 21714 W [Gralloc-Warning]: sanitize_formats:438 Format [id:0x7f000006] align_w should be a multiple of hsub
05-05 21:58:26.244 21654 21714 W [Gralloc-Warning]: sanitize_formats:444 Format [id:0x7f000006] align_h should be a multiple of vsub
05-05 21:58:26.244 21654 21714 W [Gralloc-Warning]: sanitize_formats:426 Format [id:0x7f000007] hsub and vsub should be non-zero (YUV)
05-05 21:58:26.244 21654 21714 W [Gralloc-Warning]: sanitize_formats:438 Format [id:0x7f000007] align_w should be a multiple of hsub
05-05 21:58:26.244 21654 21714 W [Gralloc-Warning]: sanitize_formats:444 Format [id:0x7f000007] align_h should be a multiple of vsub
05-05 21:58:26.270 574 574 I hwcomposer: [HWCDisplay] [Display_0 (type:1)] fps:29.820917,dur:1743.74,max:870.86,min:10.85
05-05 21:58:26.272 616 616 I SurfaceFlinger: Display 0 HWC layers:
05-05 21:58:26.272 616 616 I SurfaceFlinger: type | handle | flag | format | source crop (l,t,r,b) | frame | name
05-05 21:58:26.272 616 616 I SurfaceFlinger: ------------+--------------+------+-----------+----------------------------+---------------------+------
05-05 21:58:26.272 616 616 I SurfaceFlinger: DEVICE | 0x71656cf980 | 0002 | RGBA_8888 | 0.0 0.0 1080.0 2195.0 | 0 79 1080 2274 | SurfaceView - com.yeti.browser/org.c[...]ser.ChromeTabbedActivity@b198abd@0#0
05-05 21:58:26.272 616 616 I SurfaceFlinger: DEVICE | 0x7187e66ac0 | 0000 | RGBA_8888 | 0.0 0.0 1080.0 2400.0 | 0 0 1080 2400 | com.yeti.browser/org.chromium.chrome.browser.ChromeTabbedActivity$_20505#0
05-05 21:58:26.272 616 616 I SurfaceFlinger: DEVICE | 0x71656ce300 | 0000 | RGBA_8888 | 0.0 0.0 1080.0 79.0 | 0 0 1080 79 | StatusBar$_7710#0
05-05 21:58:26.272 616 616 I SurfaceFlinger: DEVICE | 0x71656d0100 | 0000 | RGBA_8888 | 0.0 0.0 67.0 466.0 | 1013 492 1080 958 | com.samsung.android.app.cocktailbars[...]rservice.CocktailBarService$_25847#0
05-05 21:58:26.272 616 616 I SurfaceFlinger: DEVICE | 0x71656cfd40 | 0000 | RGBA_8888 | 0.0 0.0 1080.0 126.0 | 0 2274 1080 2400 | NavigationBar0$_7710#0
05-05 21:58:26.272 616 616 I SurfaceFlinger: DEVICE | 0x71864a48
05-05 21:58:26.272 616 616 I SurfaceFlinger: 00 | 0000 | RGBA_8888 | 0.0 0.0 1080.0 181.0 | 0 0 1080 181 | ScreenDecorOverlay$_7710#0
05-05 21:58:26.272 616 616 I SurfaceFlinger: DEVICE | 0x7187e65080 | 0000 | RGBA_8888 | 0.0 0.0 1080.0 181.0 | 0 2219 1080 2400 | ScreenDecorOverlayBottom$_7710#0
05-05 21:58:26.272 616 616 I SurfaceFlinger:
05-05 21:58:26.298 1198 10623 D WindowManager: finishDrawingWindow: Window{f1d20a8 u0 com.yeti.browser/org.chromium.chrome.browser.ChromeTabbedActivity} mDrawState=HAS_DRAWN
05-05 21:58:26.334 1198 1027 D MotionRecognitionService: values = 50.0
05-05 21:58:26.334 1198 1027 D MotionRecognitionService: onReceive lux: 50.0 action:
05-05 21:58:26.334 1198 1027 D MotionRecognitionService: Inject brightness form Cam 50.0
05-05 21:58:26.334 1198 1027 D MotionRecognitionService: Inject calibrated lux
05-05 21:58:26.335 580 580 I Sensors : AutoBrightnessSensor::inject_sensor_data: cam_lux 50
05-05 21:58:26.382 1198 10623 D ApplicationPolicy: isStatusBarNotificationAllowedAsUser: packageName = pan.alexander.tordnscrypt.stable,userId = 0
05-05 21:58:26.382 1198 10623 D API test: getContainerInfo: value is
05-05 21:58:26.383 1198 10623 D ApplicationPolicy: isStatusBarNotificationAllowedAsUser: packageName = pan.alexander.tordnscrypt.stable,userId = 0
05-05 21:58:26.383 1198 10623 D API test: getContainerInfo: value is
05-05 21:58:26.436 20505 20505 D cr_LibraryLoader: [LibraryLoader.java:354] Forcing system linker, relocations will not be shared. This negatively impacts memory usage.
05-05 21:58:26.443 20505 21631 I cr_VrCoreVersionChecker: Unable to find VrCore.
05-05 21:58:26.473 20505 20505 D cr_UmaSessionStats: [UmaSessionStats.java:226] registerSyntheticFieldTrial(TabGroupsAndroidSyntheticTrial, Downloaded_Enabled)
05-05 21:58:26.487 1198 1198 I EdgeLightingManager: isCallingUserSupported : callingUserId=0, mUserId=0, isDualAppId=false
05-05 21:58:26.487 1198 1198 I EdgeLightingManager: showForNotification : isInteractive=true, isHeadUp=false, color=0, sbn = StatusBarNotification(pkg=pan.alexander.tordnscrypt.stable user=UserHandle{0} id=101102 tag=null key=0|pan.alexander.tordnscrypt.stable|101102|null|10741: Notification(channel=InviZible pri=-2 contentView=null vibrate=null sound=null defaults=0x0 flags=0xa color=0x00000000 category=service vis=PRIVATE semFlags=0x0 semPriority=0 semMissedCount=0))
