05-05 21:58:01.330 591 21355 I Hal3ARaw: [220751263] Dev(2) i4FrameNum(-1) MasterIdx = 0, SlaveIdx = 0, m_bIsSkipSync3A(0) rNewParam(0,0,0)(0,0)
05-05 21:58:01.330 591 21355 I aaa_common_custom.cpp: [cust_ChangeTableByCond]Sensor_idx = 1 ,SHOOTING_MODE = 30,SceneMode = 1, fpsRange=[5-30], HalFps=[5000-30000]
05-05 21:58:01.330 591 21355 I aaa_common_custom.cpp: [cust_ChangeSceneBy3rdpartyApp]VT_MODE = 0 ,MinFps = 5000,MaxFps = 30000,SceneMode = 1
05-05 21:58:01.331 591 21355 D isp_tuning_custom: [evaluate_Shading_Ratio] In case SENSOR_MODE_FOV_68. eSensorMode is 6
05-05 21:58:01.331 591 21355 D isp_tuning_custom: [Front FOV68 RA tuning][ratioMapping_frontFOV68]Sensor name: 8225
05-05 21:58:01.331 591 21355 D isp_tuning_custom: [ver0326][FOV68 RA tuning][ratioMapping_frontFOV68]RA value: 20. Iso: 536.
05-05 21:58:01.331 591 591 D ULog : R AppRequest:10 M[CameraDevice:187001] + :mtkcam-dev3_legacy #519168
05-05 21:58:01.332 591 21361 I ResultPool: [convertToMetadata4AF] SEC, date.0313, check MTK_CONTROL_AF_REGIONS, array = [0, 0, 0, 0, 0], ret2(0), u1AfMode(4), ret1(1)
05-05 21:58:01.344 591 21375 I FDVT_Drv: Final: HW_NUM:0, Filter_NUM:0, SKIP_NUM:0
05-05 21:58:01.363 1030 4685 I BufferQueueProducer: [SurfaceTexture-0-1030-20085](this:0x747df7c000,id:20085,api:0,p:-1,c:1030) queueBuffer: slot 5 is dropped, handle=0x747d61dd80
05-05 21:58:01.363 591 21352 D ULog : R AppRequest:6 M[CameraDevice:187001] - :mtkcam-AppStreamMgr #519169
05-05 21:58:01.365 1030 1061 D CameraLightSensor_Service: open preview end
05-05 21:58:01.365 1030 1061 D CameraLightSensor_Service: wrong aEState value =1
05-05 21:58:01.368 6988 7655 D BluetoothAdapter: STATE_BLE_ON
05-05 21:58:01.368 6988 7655 D BluetoothAdapter: appoCount is = 1 G/S = 5/4
05-05 21:58:01.368 6988 7655 D BluetoothLeScanner: Stop Scan with callback
05-05 21:58:01.370 591 21355 I Hal3ARaw: [220751263] Dev(2) i4FrameNum(-1) MasterIdx = 0, SlaveIdx = 0, m_bIsSkipSync3A(0) rNewParam(0,0,0)(0,0)
05-05 21:58:01.370 591 21355 I aaa_common_custom.cpp: [cust_ChangeTableByCond]Sensor_idx = 1 ,SHOOTING_MODE = 30,SceneMode = 1, fpsRange=[5-30], HalFps=[5000-30000]
05-05 21:58:01.370 591 21355 I aaa_common_custom.cpp: [cust_ChangeSceneBy3rdpartyApp]VT_MODE = 0 ,MinFps = 5000,MaxFps = 30000,SceneMode = 1
05-05 21:58:01.371 591 591 D ULog : R AppRequest:11 M[CameraDevice:187001] + :mtkcam-dev3_legacy #519170
05-05 21:58:01.372 591 21355 D isp_tuning_custom: [evaluate_Shading_Ratio] In case SENSOR_MODE_FOV_68. eSensorMode is 6
05-05 21:58:01.372 591 21355 D isp_tuning_custom: [Front FOV68 RA tuning][ratioMapping_frontFOV68]Sensor name: 8225
05-05 21:58:01.372 591 21355 D isp_tuning_custom: [ver0326][FOV68 RA tuning][ratioMapping_frontFOV68]RA value: 20. Iso: 536.
05-05 21:58:01.372 8202 6555 D BtGatt.ContextMap: remove() - id: 7
05-05 21:58:01.372 8202 6555 E BtGatt.ContextMap: remove() - removed: 7
05-05 21:58:01.373 591 21361 I ResultPool: [convertToMetadata4AF] SEC, date.0313, check MTK_CONTROL_AF_REGIONS, array = [0, 0, 0, 0, 0], ret2(0), u1AfMode(4), ret1(1)
05-05 21:58:01.373 6988 7655 I Nearby : M hardware scan: 5 filters, scanMode= -1, callback type= 1, workSource = WorkSource{10223 com.google.android.gms} [CONTEXT service_id=49 ]
05-05 21:58:01.374 6988 7655 D BluetoothAdapter: STATE_BLE_ON
05-05 21:58:01.375 6988 7655 D BluetoothAdapter: appoCount is = 1 G/S = 5/4
05-05 21:58:01.376 6988 7655 D BluetoothAdapter: STATE_BLE_ON
05-05 21:58:01.376 6988 7655 D BluetoothAdapter: appoCount is = 1 G/S = 5/4
05-05 21:58:01.376 6988 7655 D BluetoothLeScanner: Start Scan with callback
05-05 21:58:01.378 8202 8574 E BtGatt.GattService: [GSIM LOG]: gsimLogHandler, msg: MESSAGE_SCAN_STOP, appName: com.google.uid.shared, scannerId: 7, reportDelayMillis=0
05-05 21:58:01.378 8202 6555 D BtGatt.ContextMap: add() - appUid: 10223, appPid: 6988, appName: com.google.uid.shared
05-05 21:58:01.378 8202 8584 I bt_stack: [INFO:gatt_api.cc(958)] GATT_Register 41685c9a-0fdd-4b37-95e4-4288390d72b3
05-05 21:58:01.378 8202 8584 I bt_stack: [INFO:gatt_api.cc(995)] allocated gatt_if=7
05-05 21:58:01.378 8202 8370 D BtGatt.GattService: onScannerRegistered() - UUID=41685c9a-0fdd-4b37-95e4-4288390d72b3, scannerId=7, status=0
05-05 21:58:01.379 6988 7449 D BluetoothLeScanner: onScannerRegistered() - status=0 scannerId=7 mScannerId=0
05-05 21:58:01.380 8202 6555 D BluetoothAdapter: STATE_BLE_ON
05-05 21:58:01.380 8202 6555 D BluetoothAdapter: bleAppCnt is = 5
05-05 21:58:01.383 8202 8571 D BluetoothAdapter: STATE_BLE_ON
05-05 21:58:01.383 8202 8571 D BluetoothAdapter: appoCount is = 1 G/S = 5/4
05-05 21:58:01.385 8202 8574 E BtGatt.GattService: [GSIM LOG]: gsimLogHandler, msg: MESSAGE_SCAN_START, appName: com.google.uid.shared, scannerId: 7, reportDelayMillis=0
05-05 21:58:01.385 8202 8574 W BtGatt.GattService: [GSIM LOG]: this is opportunistic scan, do not update DB
05-05 21:58:01.385 8202 8571 D BluetoothAdapter: STATE_BLE_ON
05-05 21:58:01.386 8202 8571 D BluetoothAdapter: appoCount is = 1 G/S = 5/4
05-05 21:58:01.386 8202 8571 D BluetoothAdapter: STATE_BLE_ON
05-05 21:58:01.386 8202 8571 D BluetoothAdapter: appoCount is = 1 G/S = 5/4
05-05 21:58:01.396 7010 21407 E memtrack: Couldn't load memtrack module
05-05 21:58:01.396 7010 21407 W android.os.Debug: failed to get memory consumption info: -1
05-05 21:58:01.404 591 21352 D ULog : R AppRequest:7 M[CameraDevice:187001] - :mtkcam-AppStreamMgr #519171
05-05 21:58:01.404 1030 4685 I BufferQueueProducer: [SurfaceTexture-0-1030-20085](this:0x747df7c000,id:20085,api:0,p:-1,c:1030) queueBuffer: slot 0 is dropped, handle=0x7472fdc5c0
05-05 21:58:01.406 1030 1061 D CameraLightSensor_Service: open preview end
05-05 21:58:01.406 1030 1061 D CameraLightSensor_Service: converged or locked aEState value =2
05-05 21:58:01.406 1030 1061 D CameraLightSensor_Service: exposure time=4.0005E7 EV= 24 BV= 332.0 aEState=2
05-05 21:58:01.406 1030 1061 D CameraLightSensor_Service: stopTask called
05-05 21:58:01.406 681 9356 D Camera3-Device: flush: mInterfaceLock.lock()
05-05 21:58:01.406 1198 1027 D CameraLightSensor_Manager: Exposure= 24.0 Brightness= 332.0 Total listeners= 1
05-05 21:58:01.406 1198 1027 D MotionRecognitionService: values = 50.0
05-05 21:58:01.406 591 4787 I AVSP : AVSPHal3InterfaceEntry.cpp: AVSP_flush: 379: E
05-05 21:58:01.406 1198 1027 D MotionRecognitionService: onReceive lux: 50.0 action:
05-05 21:58:01.406 1198 1027 D MotionRecognitionService: Inject brightness form Cam 50.0
05-05 21:58:01.406 1198 1027 D MotionRecognitionService: Inject calibrated lux
05-05 21:58:01.406 588 615 I legacy_power@2.1-impl: @Deprecated scnDisable hdl:160753
05-05 21:58:01.407 580 656 I Sensors : AutoBrightnessSensor::inject_sensor_data: cam_lux 50
05-05 21:58:01.407 6988 7440 I NearbyDiscovery: FastPairScanner2: Stopping scan [CONTEXT service_id=49 ]
05-05 21:58:01.407 588 614 I libPowerHal: perfUserScnDisable - handle:160753
05-05 21:58:01.407 588 614 I libPowerHal: 50: cpu_ctrl set freq: -1 -1 -1 -1
05-05 21:58:01.408 6988 7440 D BluetoothAdapter: STATE_BLE_ON
05-05 21:58:01.408 6988 7440 D BluetoothAdapter: appoCount is = 1 G/S = 5/4
05-05 21:58:01.408 6988 7440 D BluetoothLeScanner: Stop Scan with callback
05-05 21:58:01.408 588 614 I libPowerHal: perfUserRegScn - i:49, hdl:151888, pid:591, tid:1047
05-05 21:58:01.408 588 614 I libPowerHal: perfUserRegScn - i:50, hdl:160753, pid:591, tid:1047
05-05 21:58:01.408 588 614 I libPowerHal: perfUserRegScn - i:51, hdl:160754, pid:591, tid:1047
05-05 21:58:01.408 588 614 I libPowerHal: perfUserRegScn - i:52, hdl:160755, pid:591, tid:1047
05-05 21:58:01.408 588 614 I libPowerHal: perfUserRegScn - i:53, hdl:160756, pid:591, tid:1047
05-05 21:58:01.408 588 615 I legacy_power@2.1-impl: scnReg hdl:160756
05-05 21:58:01.408 588 615 I legacy_power@2.1-impl: @Deprecated scnUnreg hdl:160753
05-05 21:58:01.409 591 4787 I MtkCam/ppl_context: [beginFlush] + <4Cell/1>
05-05 21:58:01.409 591 4787 I mtkcam-InFlightRequest: [abort] +
05-05 21:58:01.409 591 4787 I mtkcam-InFlightRequest: [abort] - frames:{ 11 10 9 8 } being aborted (#4 in-flight frames)
05-05 21:58:01.409 591 4787 I MtkCam/ppl_context: [kickRootNodes] [requestNo:11 frameNo:11] last frame
05-05 21:58:01.409 591 4787 I MtkCam/ppl_context: [kickRootNodes] kick 0x1 +
05-05 21:58:01.409 591 4787 I MtkCam/P1NodeImp: [kick] [Cam::1] cnt(1)
05-05 21:58:01.409 591 4787 I MtkCam/P1NodeImp: [kick] [Cam::1] KICK - [Num Q:12 M:12 F:10 R:10 @0][Type:1 Out:x85 Rec:x0 Raw:1 Cap:0 Exe:1 Flush:x0]
05-05 21:58:01.409 591 21352 W mtkcam-AppStreamMgr: [1-FrameHandler::operator()] [Meta Stream Buffer] Error happens... - frameNo:10 streamId:0x10000001c App:Meta:DynamicP1_main1
05-05 21:58:01.409 591 4787 I MtkCam/ppl_context: [kickRootNodes] kick 0x1 - err:0
05-05 21:58:01.409 591 4787 I MtkCam/P1NodeImp: [hardwareOps_stop] [Cam::1] Cam::1 Req=12 Set=11 Enq=11 Deq=9 Out=9
05-05 21:58:01.409 591 4787 I Hal3Av3 : [stopStt]+ sensorDev(2), sensorIdx(1), mpHal3aObj(0x760f0a9200)
05-05 21:58:01.410 591 4787 I Hal3ARaw: [notifyPreStop] m_bPreStop(0)
05-05 21:58:01.409 588 615 I legacy_power@2.1-impl: @Deprecated scnConfig hdl:160756, cmd:5, param1:1, param2:0, param3:0, param4:0
05-05 21:58:01.410 591 4787 W ifunc_cam_buf: [_disable] WARNING: [0x0]:BUF_CTRL_AAO:disable FBC at streaming
05-05 21:58:01.410 591 4787 W ifunc_cam_buf: [_disable] WARNING: [0x0]:BUF_CTRL_PSO:disable FBC at streaming
05-05 21:58:01.410 591 4787 I afo_buf_mgr: [notifyPreStop]
05-05 21:58:01.410 591 4787 W aaa_hal_sttCtrl: [resume]
05-05 21:58:01.410 591 4787 I Hal3AFlowCtrl: [stopStt] m_fgPreStop: 1 finish !
05-05 21:58:01.410 591 4787 I Hal3Av3 : [stopStt]- sensorDev(2), sensorIdx(1), mpHal3aObj(0x760f0a9200)
05-05 21:58:01.410 591 21355 I Hal3AFlowCtrl_thread: [onThreadLoop] Exit 3A thread
05-05 21:58:01.410 591 21355 I Hal3AFlowCtrl_thread: [getCommand] mCmdQCond.wait +
05-05 21:58:01.410 588 615 I legacy_power@2.1-impl: @Deprecated scnEnable hdl:160756, timeout:1000
05-05 21:58:01.410 588 614 I libPowerHal: perfUserScnEnable - handle:160756
05-05 21:58:01.411 588 614 I libPowerHal: 53: cpu_ctrl set freq: 1700000 -1 2000000 -1
05-05 21:58:01.412 8202 6555 D BtGatt.ContextMap: remove() - id: 6
05-05 21:58:01.412 8202 6555 E BtGatt.ContextMap: remove() - removed: 6
05-05 21:58:01.413 8202 8584 W bt_btm : btm_ble_disable_resolving_list() rl_state = 0x3, rl_mask = 0x2, to_resume = 1
05-05 21:58:01.413 8202 8584 W bt_btm : btm_ble_enable_resolving_list() rl_state = 0x1, rl_mask = 0x2
05-05 21:58:01.414 8202 8574 E BtGatt.GattService: [GSIM LOG]: gsimLogHandler, msg: MESSAGE_SCAN_STOP, appName: com.google.uid.shared, scannerId: 6, reportDelayMillis=0
05-05 21:58:01.416 6988 7440 D BluetoothAdapter: STATE_BLE_ON
05-05 21:58:01.416 6988 7440 D BluetoothAdapter: appoCount is = 1 G/S = 5/4
05-05 21:58:01.417 6988 7440 D BluetoothAdapter: STATE_BLE_ON
05-05 21:58:01.417 6988 7440 D BluetoothAdapter: appoCount is = 1 G/S = 5/4
05-05 21:58:01.417 6988 7440 D BluetoothLeScanner: Start Scan with callback
05-05 21:58:01.419 8202 6555 D BtGatt.ContextMap: add() - appUid: 10223, appPid: 6988, appName: com.google.uid.shared
05-05 21:58:01.419 8202 8584 I bt_stack: [INFO:gatt_api.cc(958)] GATT_Register 975ca3f9-34d8-4cba-872c-60ffa9d94cd8
05-05 21:58:01.419 8202 8584 I bt_stack: [INFO:gatt_api.cc(995)] allocated gatt_if=6
05-05 21:58:01.419 8202 8370 D BtGatt.GattService: onScannerRegistered() - UUID=975ca3f9-34d8-4cba-872c-60ffa9d94cd8, scannerId=6, status=0
05-05 21:58:01.419 6988 7449 D BluetoothLeScanner: onScannerRegistered() - status=0 scannerId=6 mScannerId=0
05-05 21:58:01.420 8202 6555 D BluetoothAdapter: STATE_BLE_ON
05-05 21:58:01.420 8202 6555 D BluetoothAdapter: bleAppCnt is = 5
05-05 21:58:01.422 6988 7440 I NearbyDiscovery: FastPairScanner2: Starting LOW_POWER_SCANNING scanning [CONTEXT service_id=49 ]
05-05 21:58:01.422 8202 8571 D BluetoothAdapter: STATE_BLE_ON
05-05 21:58:01.423 8202 8571 D BluetoothAdapter: appoCount is = 1 G/S = 5/4
05-05 21:58:01.424 8202 8574 E BtGatt.GattService: [GSIM LOG]: gsimLogHandler, msg: MESSAGE_SCAN_START, appName: com.google.uid.shared, scannerId: 6, reportDelayMillis=0
05-05 21:58:01.424 8202 8571 D BluetoothAdapter: STATE_BLE_ON
05-05 21:58:01.424 8202 8571 D BluetoothAdapter: appoCount is = 1 G/S = 5/4
05-05 21:58:01.425 8202 8571 D BluetoothAdapter: STATE_BLE_ON
05-05 21:58:01.425 8202 8571 D BluetoothAdapter: appoCount is = 1 G/S = 5/4
05-05 21:58:01.426 8202 8571 D BtGatt.ScanManager: configureFilterParamter() : onFoundTimeout | onLostTimeout | onFoundCount | numOfTrackingEntries | scanFilterRssiThreshold | trackableScanFilterRssiThreshold | matchMode
05-05 21:58:01.426 8202 8571 D BtGatt.ScanManager: configureFilterParamter() : __________500__|________10000__|___________1__|___________________0__|___________________-128__|____________________________-128__|________1_
05-05 21:58:01.438 591 591 W MtkCam/streambuf: [markUserStatus] Hal:Meta:P1:Dynamic_main1:0x100000015:0x75f2d2aaa0 producer:0x1 released w/o using -> ERROR buffer - user status:0x8:0x8
05-05 21:58:01.439 591 591 W MtkCam/streambuf: [markUserStatus] App:Meta:DynamicP1_main1:0x10000001c:0x75f2d2a020 producer:0x1 released w/o using -> ERROR buffer - user status:0x8:0x8
05-05 21:58:01.439 591 591 W MtkCam/streambuf: [markUserStatus] Hal:Image:P1:Resizeraw_main1:0x100000002:0x75f2b43100 producer:0x1 released w/o using -> ERROR buffer - user status:0x8:0x8
05-05 21:58:01.439 591 591 W MtkCam/streambuf: [markUserStatus] Hal:Image:STT_main1:0x100000003:0x760f078a00 producer:0x1 released w/o using -> ERROR buffer - user status:0x8:0x8
05-05 21:58:01.439 591 21352 W mtkcam-AppStreamMgr: [1-FrameHandler::operator()] [Meta Stream Buffer] Error happens... - frameNo:11 streamId:0x10000001c App:Meta:DynamicP1_main1
05-05 21:58:01.439 591 591 I MtkCam/P2/MWFrame: [releaseFrameStream] P2S cam 1 MWFrame:#11 MWReq:#11, frame 0 : Node0x15 Flush FrameNo(11)
05-05 21:58:01.439 591 591 W MtkCam/streambuf: [markUserStatus] Hal:Meta:P2:Dynamic:0x100000018:0x75f2d2b220 producer:0x15 released w/o using -> ERROR buffer - user status:0x8:0x8
05-05 21:58:01.439 591 591 W MtkCam/streambuf: [markUserStatus] App:Meta:DynamicP2:0x10000001f:0x75f2d2a1a0 producer:0x15 released w/o using -> ERROR buffer - user status:0x8:0x8
05-05 21:58:01.439 591 591 W MtkCam/streambuf: [markUserStatus] s0:d1:App:YCrCb_420_SP:0|HW_TEXTURE:0:0x75fa390980 producer:0x15 released w/o using -> ERROR buffer - user status:0x8:0x8
05-05 21:58:01.439 591 591 W MtkCam/streambuf: [markUserStatus] Hal:Image:FD:0x100000010:0x75f2b1a700 producer:0x15 released w/o using -> ERROR buffer - user status:0x8:0x8
05-05 21:58:01.439 591 591 W MtkCam/streambuf: [markUserStatus] App:Meta:FD:0x100000027:0x75f2d2a920 producer:0x16 released w/o using -> ERROR buffer - user status:0x8:0x8
05-05 21:58:01.439 591 21352 W mtkcam-AppStreamMgr: [1-FrameHandler::operator()] [Meta Stream Buffer] Error happens... - frameNo:11 streamId:0x10000001f App:Meta:DynamicP2
05-05 21:58:01.440 591 21352 W mtkcam-AppStreamMgr: [1-FrameHandler::operator()] [Image Stream Buffer] Error happens and all users release - frameNo:11 streamId:0 s0:d1:App:YCrCb_420_SP:0|HW_TEXTURE state:IN-FLIGHT->ERROR
05-05 21:58:01.440 591 21352 W mtkcam-AppStreamMgr: [1-FrameHandler::updateCallback] frameNo:11 Request Error
05-05 21:58:01.440 591 21352 D ULog : R AppRequest:11 M[CameraDevice:187001] - :mtkcam-AppStreamMgr #519172
05-05 21:58:01.440 591 21352 W mtkcam-AppStreamMgr: [1-FrameHandler::updateResult] frameNo:11 is not in FrameQueue; FrameQueue: 8 9 10; ResultQueue: 11
05-05 21:58:01.440 681 899 E CameraDeviceClient: notifyError: pid=1030, errorCode=3
05-05 21:58:01.440 681 899 E CameraDeviceClient: notifyError: pid=1030, skipClientNotification=false
05-05 21:58:01.441 681 899 E Camera3-OutputStream: returnBufferCheckedLocked: A frame is dropped for stream 0 due to buffer error.
05-05 21:58:01.441 1030 12342 D BufferQueueProducer: [SurfaceTexture-0-1030-20085](this:0x747df7c000,id:20085,api:0,p:-1,c:1030) cancelBuffer: slot 5
05-05 21:58:01.450 591 21374 W TwinMgr_buf: [deque] WARNING: [deque]waitBufRdy: VF_EN=0, dma(0x1)
05-05 21:58:01.450 591 21404 W sttiopipe: [dequeOutBuf] WARNING: waitBufRdy:VF_EN=0, dma(0x3)
05-05 21:58:01.451 591 21404 W StatisticPipe: [deque] WARNING: TG1 deque port_12:already stopped
05-05 21:58:01.451 591 21374 W NormalPipe: [ispDequeThread] WARNING: deqThread leave:dequeResponse already stopped
05-05 21:58:01.451 591 21404 I aao_buf_mgr: [dequeueHwBuf] abort after sttPipe deque
05-05 21:58:01.451 591 21370 W NormalPipe: [deque] WARNING: N:1 dma:x0 deque, already stopped
05-05 21:58:01.451 591 4787 I Hal3Av3 : [stop]+ sensorDev(2), sensorIdx(1), mpHal3aObj(0x760f0a9200)
05-05 21:58:01.451 591 4787 I Hal3AFlowCtrl_thread: [clearCommandQ]+
05-05 21:58:01.451 591 4787 I Hal3AFlowCtrl_thread: [clearCommandQ]- Qsize(0)
05-05 21:58:01.451 591 4787 W aaa_hal_sttCtrl: [abortDeque]
05-05 21:58:01.451 591 4787 I afo_buf_mgr: [abortDequeue] abortDma done
05-05 21:58:01.451 591 4787 I afo_buf_mgr: [abortDequeue] +
05-05 21:58:01.451 591 4787 I afo_buf_mgr: [abortDequeue] -
05-05 21:58:01.451 591 4787 I Hal3AFlowCtrl: [flushVSirq] abortDeque done
05-05 21:58:01.451 591 21375 I FDVT_Drv: Final: HW_NUM:0, Filter_NUM:0, SKIP_NUM:0
05-05 21:58:01.451 591 4787 I Hal3AFlowCtrl: [flushVSirq] flushVSirq done
05-05 21:58:01.451 591 4787 I Hal3AFlowCtrl_thread: [sendCommand] wait ECmd_CameraPreviewEnd
05-05 21:58:01.451 591 21355 I Hal3AFlowCtrl: [postCommand] Non-ECmd_Update, m_rParam.u4AeMode(1), m_rParam.i8ExposureTime(0), iValidateOpt(1)
05-05 21:58:01.451 591 21355 W TaskMgr : [sendEvent] TaskEvent:PreivewEnd
05-05 21:58:01.451 591 21355 W Task3APv: [destroy] +
05-05 21:58:01.451 591 21355 W Task3APv: [destroy] -
05-05 21:58:01.451 591 21355 W TaskMgr : [sendEvent] Remove Task(0)
05-05 21:58:01.451 591 21355 I Hal3AFlowCtrl: [postCommand] reset bMainFlash
05-05 21:58:01.451 591 21355 W aaa_hal_sttCtrl: [stopStt]
05-05 21:58:01.451 591 21355 I Hal3ARaw: [stop] +
05-05 21:58:01.451 591 21355 I Hal3ARaw: [stop] AE Min Max Frame Rate has been reset
05-05 21:58:01.452 591 21355 I FlickerHal: stop(): begin. m_sensorDev(2)
05-05 21:58:01.452 591 21355 I FlickerHal: detach(): count(0/1). m_sensorDev(2)
05-05 21:58:01.452 591 21355 I FlickerHal: uninit_algo(): mUsers(1). m_sensorDev(2)
05-05 21:58:01.452 591 21355 I Hal3ARaw: [stop] -
05-05 21:58:01.452 591 21355 I Hal3AFlowCtrl_thread: [onThreadLoop] SEC date.0216, post cmd(1)
05-05 21:58:01.452 591 4787 I Hal3Av3 : [stop]- sensorDev(2), sensorIdx(1), mpHal3aObj(0x760f0a9200)
05-05 21:58:01.452 591 4787 I Hal3Av3 : [notifyP1PwrOff]+ notifyP1PwrOff
05-05 21:58:01.452 591 21355 I Hal3AFlowCtrl_thread: [getCommand] mCmdQCond.wait +
05-05 21:58:01.452 591 4787 I Hal3ARaw: [notifyP1PwrOff] notifyP1PwrOff
05-05 21:58:01.452 591 4787 D CcuMgr : [ccuShutdown] +
05-05 21:58:01.452 591 4787 D CcuDrv : CcuDrv[shutdown] +:shutdown
05-05 21:58:01.455 591 4787 D CcuDrv : CcuDrv[shutdown] -:shutdown
05-05 21:58:01.455 591 4787 D CcuDrv : CcuDrv[powerOff] +:powerOff
05-05 21:58:01.455 591 4787 D CcuDrv : CcuDrv[setCcuPower] setCcuPower: setpower(0) cmd done.
05-05 21:58:01.455 591 4787 D CcuDrv : CcuDrv[powerOff] -:powerOff
05-05 21:58:01.455 591 4787 I CcuDrv : CcuDrv[RealUninit] +,m_UserCnt(1),curUser(CCU)
05-05 21:58:01.455 591 4787 D CcuDrv : CcuDrv[RealUninit] +:release thread
05-05 21:58:01.455 591 4787 D CcuDrv : CcuDrv[RealUninit] -:release thread
05-05 21:58:01.455 591 4787 D CcuDrv : CcuDrv[UnMapHwRegs] Uinit_CCU_A munmap: 0x761b75b000
05-05 21:58:01.455 591 4787 D CcuDrv : CcuDrv[UnMapHwRegs] Uinit_CCU_CAMSYS munmap: 0x761b75a000
05-05 21:58:01.455 591 4787 D CcuDrv : CcuDrv[UnMapHwRegs] Uinit_CCU_PMEM munmap: 0x761afc6000
05-05 21:58:01.455 591 4787 D CcuDrv : CcuDrv[UnMapHwRegs] Uinit_CCU_DMEM munmap: 0x761b6af000
05-05 21:58:01.455 591 4787 D CcuDrv : CcuDrv[RealUninit] +:release buffer
05-05 21:58:01.456 591 4787 D CcuDrv : CcuDrv[RealUninit] -:release buffer
05-05 21:58:01.456 591 4787 I CcuDrv : CcuDrv[RealUninit] CcuDrv uinitial done gracefully
05-05 21:58:01.456 591 4787 I CcuDrv : CcuDrv[RealUninit] - X. ret: 1. m_UserCnt: 0
05-05 21:58:01.456 591 4787 D CcuMgr : [ccuShutdown] -
05-05 21:58:01.456 591 4787 D CcuMgr : [ccuUninit] +
05-05 21:58:01.457 591 4787 D CcuMgr : [ccuUninit] -: CcuMgr uninitial done gracefully
05-05 21:58:01.457 591 4787 I Hal3ARaw: [notifyP1PwrOff] m_pICcuMgr->ccuUninit() and m_pICcuMgr->ccuShutdown() success return true
05-05 21:58:01.457 591 4787 I CcuMgr : [destroyInstance] +
05-05 21:58:01.457 591 4787 I CcuMgr : [_destroyCcuMgr] CcuMgr User Cnt: 0
05-05 21:58:01.458 591 4787 I CcuMgr : [destroyInstance] -
05-05 21:58:01.458 591 4787 I Hal3Av3 : [notifyP1PwrOff]-
05-05 21:58:01.458 591 4787 I Hal3Av3 : [destroyInstance] sensorIdx(1) User(P1Node)
05-05 21:58:01.458 591 4787 I Hal3Av3 : [uninit] Still 10 users
05-05 21:58:01.458 591 4787 I Hal3Av3 : [uninit] Done m_rConfigInfo.i4SubsampleCount(1), User.count(10), User uninit(P1Node)
05-05 21:58:01.458 591 4787 I Hal3Av3 : [destroyInstance] sensorIdx(1) User(LCSHal)
05-05 21:58:01.458 591 4787 I Hal3Av3 : [uninit] Still 9 users
05-05 21:58:01.458 591 4787 I Hal3Av3 : [uninit] Done m_rConfigInfo.i4SubsampleCount(1), User.count(9), User uninit(LCSHal)
05-05 21:58:01.458 591 4787 I LCSDrv : [Uninit]mSensorIdx(1) uninit
05-05 21:58:01.458 591 4787 I Hal3Av3 : [destroyInstance] sensorIdx(1) User(LCSDrv)
05-05 21:58:01.458 591 4787 I Hal3Av3 : [uninit] Still 8 users
05-05 21:58:01.458 591 4787 I Hal3Av3 : [uninit] Done m_rConfigInfo.i4SubsampleCount(1), User.count(8), User uninit(LCSDrv)
05-05 21:58:01.458 591 4787 I LMVTuning: [~LMVTuning][Cam::1]-
05-05 21:58:01.459 591 4787 I Hal3Av3 : [destroyInstance] sensorIdx(1) User(VHDRHal)
05-05 21:58:01.459 591 4787 I Hal3Av3 : [uninit] Still 7 users
05-05 21:58:01.459 591 4787 I Hal3Av3 : [uninit] Done m_rConfigInfo.i4SubsampleCount(1), User.count(7), User uninit(VHDRHal)
05-05 21:58:01.460 591 4787 I MtkCam/HwUtils/ResourceConcurrency: [release] [mP1NodeConcurrency][Client-0] free resource (15000000000ns)
05-05 21:58:01.460 591 4787 I MtkCam/HwUtils/ResourceConcurrency: [cancel] [mP1NodeConcurrency][Client-0] client-returned , state(0)
05-05 21:58:01.460 591 21352 W mtkcam-AppStreamMgr: [1-FrameHandler::operator()] [Meta Stream Buffer] Error happens... - frameNo:8 streamId:0x10000001c App:Meta:DynamicP1_main1
05-05 21:58:01.461 591 21352 W mtkcam-AppStreamMgr: [1-FrameHandler::operator()] [Meta Stream Buffer] Error happens... - frameNo:9 streamId:0x10000001c App:Meta:DynamicP1_main1
05-05 21:58:01.461 591 21371 I MtkCam/P2/MWFrame: [releaseFrameStream] P2S cam 1 MWFrame:#8 MWReq:#8, frame 0 : Node0x15 Flush FrameNo(8)
05-05 21:58:01.461 591 21371 W MtkCam/streambuf: [markUserStatus] Hal:Meta:P2:Dynamic:0x100000018:0x75f9f4fd20 producer:0x15 released w/o using -> ERROR buffer - user status:0x8:0x8
05-05 21:58:01.461 591 21371 W MtkCam/streambuf: [markUserStatus] App:Meta:DynamicP2:0x10000001f:0x75f9f4f8a0 producer:0x15 released w/o using -> ERROR buffer - user status:0x8:0x8
05-05 21:58:01.461 591 21371 W MtkCam/streambuf: [markUserStatus] s0:d1:App:YCrCb_420_SP:0|HW_TEXTURE:0:0x75fa38ff80 producer:0x15 released w/o using -> ERROR buffer - user status:0x8:0x8
05-05 21:58:01.461 591 21371 W MtkCam/streambuf: [markUserStatus] Hal:Image:FD:0x100000010:0x75f2b1aa00 producer:0x15 released w/o using -> ERROR buffer - user status:0x8:0x8
05-05 21:58:01.462 591 21352 W mtkcam-AppStreamMgr: [1-FrameHandler::operator()] [Meta Stream Buffer] Error happens... - frameNo:8 streamId:0x10000001f App:Meta:DynamicP2
05-05 21:58:01.462 591 21352 W mtkcam-AppStreamMgr: [1-FrameHandler::operator()] [Image Stream Buffer] Error happens and all users release - frameNo:8 streamId:0 s0:d1:App:YCrCb_420_SP:0|HW_TEXTURE state:IN-FLIGHT->ERROR
05-05 21:58:01.462 591 21371 W MtkCam/streambuf: [markUserStatus] App:Meta:FD:0x100000027:0x75f9f4fa20 producer:0x16 released w/o using -> ERROR buffer - user status:0x8:0x8
05-05 21:58:01.462 591 21352 W mtkcam-AppStreamMgr: [1-FrameHandler::updateCallback] frameNo:8 Request Error
05-05 21:58:01.462 591 21352 D ULog : R AppRequest:8 M[CameraDevice:187001] - :mtkcam-AppStreamMgr #519173
05-05 21:58:01.462 591 21352 W mtkcam-AppStreamMgr: [1-FrameHandler::updateCallback] frame 8 is removed before shutter callbacked, there MUST have error frames or meta be sent for the request
05-05 21:58:01.462 591 21352 W mtkcam-AppStreamMgr: [1-FrameHandler::updateResult] frameNo:8 is not in FrameQueue; FrameQueue: 9 10; ResultQueue: 8
05-05 21:58:01.462 591 21371 I MtkCam/P2/MWFrame: [releaseFrameStream] P2S cam 1 MWFrame:#9 MWReq:#9, frame 0 : Node0x15 Flush FrameNo(9)
05-05 21:58:01.462 681 899 E CameraDeviceClient: notifyError: pid=1030, errorCode=3
05-05 21:58:01.462 681 899 E CameraDeviceClient: notifyError: pid=1030, skipClientNotification=false
05-05 21:58:01.462 591 21371 W MtkCam/streambuf: [markUserStatus] Hal:Meta:P2:Dynamic:0x100000018:0x75f2c27e20 producer:0x15 released w/o using -> ERROR buffer - user status:0x8:0x8
05-05 21:58:01.462 591 21371 W MtkCam/streambuf: [markUserStatus] App:Meta:DynamicP2:0x10000001f:0x75f2c26da0 producer:0x15 released w/o using -> ERROR buffer - user status:0x8:0x8
05-05 21:58:01.462 591 21371 W MtkCam/streambuf: [markUserStatus] s0:d1:App:YCrCb_420_SP:0|HW_TEXTURE:0:0x75fa390480 producer:0x15 released w/o using -> ERROR buffer - user status:0x8:0x8
05-05 21:58:01.462 591 21371 W MtkCam/streambuf: [markUserStatus] Hal:Image:FD:0x100000010:0x75f2b1a100 producer:0x15 released w/o using -> ERROR buffer - user status:0x8:0x8
05-05 21:58:01.463 591 21352 W mtkcam-AppStreamMgr: [1-FrameHandler::operator()] [Meta Stream Buffer] Error happens... - frameNo:9 streamId:0x10000001f App:Meta:DynamicP2
05-05 21:58:01.463 591 21352 W mtkcam-AppStreamMgr: [1-FrameHandler::operator()] [Image Stream Buffer] Error happens and all users release - frameNo:9 streamId:0 s0:d1:App:YCrCb_420_SP:0|HW_TEXTURE state:IN-FLIGHT->ERROR
05-05 21:58:01.463 591 21352 W mtkcam-AppStreamMgr: [1-FrameHandler::updateCallback] frameNo:9 Request Error
05-05 21:58:01.463 591 21352 D ULog : R AppRequest:9 M[CameraDevice:187001] - :mtkcam-AppStreamMgr #519174
05-05 21:58:01.463 591 21352 W mtkcam-AppStreamMgr: [1-FrameHandler::updateCallback] frame 9 is removed before shutter callbacked, there MUST have error frames or meta be sent for the request
05-05 21:58:01.463 591 21371 W MtkCam/streambuf: [markUserStatus] App:Meta:FD:0x100000027:0x75f2c279a0 producer:0x16 released w/o using -> ERROR buffer - user status:0x8:0x8
05-05 21:58:01.463 681 899 E Camera3-OutputStream: returnBufferCheckedLocked: A frame is dropped for stream 0 due to buffer error.
05-05 21:58:01.463 591 21352 W mtkcam-AppStreamMgr: [1-FrameHandler::updateResult] frameNo:9 is not in FrameQueue; FrameQueue: 10; ResultQueue: 9
05-05 21:58:01.463 1030 12342 D BufferQueueProducer: [SurfaceTexture-0-1030-20085](this:0x747df7c000,id:20085,api:0,p:-1,c:1030) cancelBuffer: slot 2
05-05 21:58:01.463 591 21371 I MtkCam/P2/MWFrame: [releaseFrameStream] P2S cam 1 MWFrame:#10 MWReq:#10, frame 0 : Node0x15 Flush FrameNo(10)
05-05 21:58:01.463 681 899 E CameraDeviceClient: notifyError: pid=1030, errorCode=3
05-05 21:58:01.463 591 21371 W MtkCam/streambuf: [markUserStatus] Hal:Meta:P2:Dynamic:0x100000018:0x75f2e8c420 producer:0x15 released w/o using -> ERROR buffer - user status:0x8:0x8
05-05 21:58:01.463 681 899 E CameraDeviceClient: notifyError: pid=1030, skipClientNotification=false
05-05 21:58:01.463 591 21371 W MtkCam/streambuf: [markUserStatus] App:Meta:DynamicP2:0x10000001f:0x75f2d2ada0 producer:0x15 released w/o using -> ERROR buffer - user status:0x8:0x8
05-05 21:58:01.463 591 21371 W MtkCam/streambuf: [markUserStatus] s0:d1:App:YCrCb_420_SP:0|HW_TEXTURE:0:0x75fa390700 producer:0x15 released w/o using -> ERROR buffer - user status:0x8:0x8
05-05 21:58:01.463 591 21371 W MtkCam/streambuf: [markUserStatus] Hal:Image:FD:0x100000010:0x75f2b19200 producer:0x15 released w/o using -> ERROR buffer - user status:0x8:0x8
05-05 21:58:01.463 681 899 E Camera3-OutputStream: returnBufferCheckedLocked: A frame is dropped for stream 0 due to buffer error.
05-05 21:58:01.463 591 21352 W mtkcam-AppStreamMgr: [1-FrameHandler::operator()] [Meta Stream Buffer] Error happens... - frameNo:10 streamId:0x10000001f App:Meta:DynamicP2
05-05 21:58:01.463 591 21352 W mtkcam-AppStreamMgr: [1-FrameHandler::operator()] [Image Stream Buffer] Error happens and all users release - frameNo:10 streamId:0 s0:d1:App:YCrCb_420_SP:0|HW_TEXTURE state:IN-FLIGHT->ERROR
05-05 21:58:01.464 591 21352 W mtkcam-AppStreamMgr: [1-FrameHandler::updateCallback] frameNo:10 Request Error
05-05 21:58:01.464 591 21352 D ULog : R AppRequest:10 M[CameraDevice:187001] - :mtkcam-AppStreamMgr #519175
05-05 21:58:01.464 1030 12342 D BufferQueueProducer: [SurfaceTexture-0-1030-20085](this:0x747df7c000,id:20085,api:0,p:-1,c:1030) cancelBuffer: slot 3
05-05 21:58:01.464 591 21371 W MtkCam/streambuf: [markUserStatus] App:Meta:FD:0x100000027:0x75f2d2af20 producer:0x16 released w/o using -> ERROR buffer - user status:0x8:0x8
05-05 21:58:01.464 591 21352 W mtkcam-AppStreamMgr: [1-FrameHandler::updateCallback] frame 10 is removed before shutter callbacked, there MUST have error frames or meta be sent for the request
05-05 21:58:01.464 591 21352 W mtkcam-AppStreamMgr: [1-FrameHandler::updateCallback] frame 11 is removed before shutter callbacked, there MUST have error frames or meta be sent for the request
05-05 21:58:01.464 681 899 E CameraDeviceClient: notifyError: pid=1030, errorCode=3
05-05 21:58:01.464 681 899 E CameraDeviceClient: notifyError: pid=1030, skipClientNotification=false
05-05 21:58:01.464 681 899 E Camera3-OutputStream: returnBufferCheckedLocked: A frame is dropped for stream 0 due to buffer error.
05-05 21:58:01.464 1030 12342 D BufferQueueProducer: [SurfaceTexture-0-1030-20085](this:0x747df7c000,id:20085,api:0,p:-1,c:1030) cancelBuffer: slot 4
05-05 21:58:01.464 681 899 I Camera3-Status: markComponent: Component 2 is now idle - streamId = 0, format = 34, width = 176, height = 144, option = 0
05-05 21:58:01.464 681 899 I Camera3-Status: markComponent: Component 0 is now idle - InFlightStatus
05-05 21:58:01.464 591 4787 I MtkCam/P2/CaptureProcessor: [onWaitFlush] P2C cam 1: (0x760f038c70) flush +, bgPreRelease:0
05-05 21:58:01.465 591 4787 I MtkCam/P2/CaptureProcessor: [onWaitFlush] P2C cam 1: flush -
05-05 21:58:01.465 591 4787 I MtkCam/ppl_context: [beginFlush] - <4Cell/1>
05-05 21:58:01.465 591 4787 I MtkCam/ppl_context: [endFlush] + <4Cell/1>
05-05 21:58:01.465 591 4787 I mtkcam-InFlightRequest: [waitUntilDrained] +
05-05 21:58:01.465 591 4787 I mtkcam-InFlightRequest: [waitUntilDrained] -
05-05 21:58:01.465 591 4787 I MtkCam/ppl_context: [endFlush] - <4Cell/1>
05-05 21:58:01.465 591 4787 I mtkcam-PreReleaseRequest: [dump] ========== dump PreReleaseRequestMgr ===========
05-05 21:58:01.465 591 4787 I mtkcam-PreReleaseRequest: [dump] ========== dump InFlightRequests(0) ============
05-05 21:58:01.465 591 4787 I mtkcam-PreReleaseRequest: [dump] ========== dump PendingRequests(0) ============
05-05 21:58:01.465 591 4787 I mtkcam-dev3_legacy: [1-session::tryRunCommandLocked] Run command onFlushLocked -
05-05 21:58:01.465 591 4787 I AVSP : AVSPHal3InterfaceEntry.cpp: AVSP_flush: 397: (0) X
05-05 21:58:01.465 681 9356 D Camera3-Device: flush: mInterfaceLock.unlock()
05-05 21:58:01.465 681 8155 E CameraDeviceClient: Disconnect from CameraDeviceClient
05-05 21:58:01.465 681 8155 D CameraDeviceClient: disconnect:stop IT Policy checking thread
05-05 21:58:01.466 681 8155 E Camera2-FrameProcessorBase: removeListener:
05-05 21:58:01.476 681 8155 D Camera3-Device: flush: mInterfaceLock.lock()
05-05 21:58:01.476 681 21358 I Camera3-Status: markComponent: Component 1 is now idle - RequestThread
05-05 21:58:01.476 591 6437 I AVSP : AVSPHal3InterfaceEntry.cpp: AVSP_flush: 379: E
05-05 21:58:01.476 681 21357 I CameraService: updateProxyDeviceState: notifyCameraState for Camera ID 1, newState 2, facing 1, clientName com.samsung.adaptivebrightnessgo, apiLevel 2
05-05 21:58:01.476 9371 11469 I CameraManagerGlobal: Camera 1 facing CAMERA_FACING_FRONT state now CAMERA_STATE_IDLE for client com.samsung.adaptivebrightnessgo API Level 2
05-05 21:58:01.476 588 615 I legacy_power@2.1-impl: @Deprecated scnDisable hdl:160756
05-05 21:58:01.476 7710 28497 I CameraManagerGlobal: Camera 1 facing CAMERA_FACING_FRONT state now CAMERA_STATE_IDLE for client com.samsung.adaptivebrightnessgo API Level 2
05-05 21:58:01.476 1030 12342 I CameraManagerGlobal: Camera 1 facing CAMERA_FACING_FRONT state now CAMERA_STATE_IDLE for client com.samsung.adaptivebrightnessgo API Level 2
05-05 21:58:01.477 588 614 I libPowerHal: perfUserScnDisable - handle:160756
05-05 21:58:01.477 588 614 I libPowerHal: 53: cpu_ctrl set freq: -1 -1 -1 -1
05-05 21:58:01.478 588 614 I libPowerHal: perfUserRegScn - i:49, hdl:151888, pid:591, tid:1047
05-05 21:58:01.478 588 614 I libPowerHal: perfUserRegScn - i:50, hdl:160757, pid:591, tid:1047
05-05 21:58:01.478 588 614 I libPowerHal: perfUserRegScn - i:51, hdl:160754, pid:591, tid:1047
05-05 21:58:01.478 588 614 I libPowerHal: perfUserRegScn - i:52, hdl:160755, pid:591, tid:1047
05-05 21:58:01.478 588 614 I libPowerHal: perfUserRegScn - i:53, hdl:160756, pid:591, tid:1047
05-05 21:58:01.478 588 615 I legacy_power@2.1-impl: scnReg hdl:160757
05-05 21:58:01.478 588 615 I legacy_power@2.1-impl: @Deprecated scnUnreg hdl:160756
05-05 21:58:01.478 588 615 I legacy_power@2.1-impl: @Deprecated scnConfig hdl:160757, cmd:5, param1:1, param2:0, param3:0, param4:0
05-05 21:58:01.478 591 6437 I MtkCam/ppl_context: [beginFlush] + <4Cell/1>
05-05 21:58:01.478 591 6437 I mtkcam-InFlightRequest: [abort] +
05-05 21:58:01.478 591 6437 I mtkcam-InFlightRequest: [abort] - frames:{ } being aborted (#0 in-flight frames)
05-05 21:58:01.478 591 6437 I MtkCam/ppl_context: [kickRootNodes] kick 0x1 +
05-05 21:58:01.478 591 6437 I MtkCam/ppl_context: [kickRootNodes] kick 0x1 - err:0
05-05 21:58:01.479 588 615 I legacy_power@2.1-impl: @Deprecated scnEnable hdl:160757, timeout:1000
05-05 21:58:01.479 591 6437 I MtkCam/P2/CaptureProcessor: [onWaitFlush] P2C cam 1: (0x760f038c70) flush +, bgPreRelease:0
05-05 21:58:01.479 588 614 I libPowerHal: perfUserScnEnable - handle:160757
05-05 21:58:01.479 588 614 I libPowerHal: 50: cpu_ctrl set freq: 1700000 -1 2000000 -1
05-05 21:58:01.479 591 6437 I MtkCam/P2/CaptureProcessor: [onWaitFlush] P2C cam 1: flush -
05-05 21:58:01.480 591 6437 I MtkCam/ppl_context: [beginFlush] - <4Cell/1>
05-05 21:58:01.480 591 6437 I MtkCam/ppl_context: [endFlush] + <4Cell/1>
05-05 21:58:01.480 591 6437 I mtkcam-InFlightRequest: [waitUntilDrained] +
05-05 21:58:01.480 591 6437 I mtkcam-InFlightRequest: [waitUntilDrained] -
05-05 21:58:01.480 591 6437 I MtkCam/ppl_context: [endFlush] - <4Cell/1>
05-05 21:58:01.480 591 6437 I mtkcam-PreReleaseRequest: [dump] ========== dump PreReleaseRequestMgr ===========
05-05 21:58:01.480 591 6437 I mtkcam-PreReleaseRequest: [dump] ========== dump InFlightRequests(0) ============
05-05 21:58:01.480 591 6437 I mtkcam-PreReleaseRequest: [dump] ========== dump PendingRequests(0) ============
05-05 21:58:01.480 591 6437 I mtkcam-dev3_legacy: [1-session::tryRunCommandLocked] Run command onFlushLocked -
05-05 21:58:01.480 591 6437 I AVSP : AVSPHal3InterfaceEntry.cpp: AVSP_flush: 397: (0) X
05-05 21:58:01.480 681 8155 D Camera3-Device: flush: mInterfaceLock.unlock()
05-05 21:58:01.480 681 8155 D Camera3-Device: waitUntilDrained: mInterfaceLock.unlock()
05-05 21:58:01.480 681 8155 I Camera3-Device: disconnectImpl: E
05-05 21:58:01.480 681 8155 D Camera3-Device: disconnectImpl: mInterfaceLock.lock()
05-05 21:58:01.480 681 8155 I CameraLatencyHistogram: ProcessCaptureRequest latency histogram (12) samples:
05-05 21:58:01.480 681 8155 I CameraLatencyHistogram: 40 80 120 160 200 240 280 320 360 inf (max ms)
05-05 21:58:01.480 681 8155 I CameraLatencyHistogram: 75.00 16.67 8.33 0.00 0.00 0.00 0.00 0.00 0.00 0.00 (%)
05-05 21:58:01.480 681 8155 D Camera3-Device: disconnectImpl: mInterfaceLock.unlock()
05-05 21:58:01.480 681 8155 D Camera3-Device: disconnectImpl: mInterfaceLock.lock()
05-05 21:58:01.480 681 8155 D Camera3-Device: CameraPerf: close E
05-05 21:58:01.480 591 6437 I AVSP : AVSPHal3InterfaceEntry.cpp: AVSP_close_camera_hardware: 454: E
05-05 21:58:01.481 591 6437 I mtkcam-dev3_legacy: [1-session::i_uninitialize] +
05-05 21:58:01.481 591 6437 I MtkCam/ppl_context: [beginFlush] + <4Cell/1>
05-05 21:58:01.481 591 6437 I mtkcam-InFlightRequest: [abort] +
05-05 21:58:01.481 591 6437 I mtkcam-InFlightRequest: [abort] - frames:{ } being aborted (#0 in-flight frames)
05-05 21:58:01.481 591 6437 I MtkCam/ppl_context: [kickRootNodes] kick 0x1 +
05-05 21:58:01.481 591 6437 I MtkCam/ppl_context: [kickRootNodes] kick 0x1 - err:0
05-05 21:58:01.482 591 6437 I MtkCam/P2/CaptureProcessor: [onWaitFlush] P2C cam 1: (0x760f038c70) flush +, bgPreRelease:0
05-05 21:58:01.482 591 6437 I MtkCam/P2/CaptureProcessor: [onWaitFlush] P2C cam 1: flush -
05-05 21:58:01.482 591 6437 I MtkCam/ppl_context: [beginFlush] - <4Cell/1>
05-05 21:58:01.482 591 6437 I MtkCam/ppl_context: [endFlush] + <4Cell/1>
05-05 21:58:01.482 591 6437 I mtkcam-InFlightRequest: [waitUntilDrained] +
05-05 21:58:01.482 591 6437 I mtkcam-InFlightRequest: [waitUntilDrained] -
05-05 21:58:01.482 591 6437 I MtkCam/ppl_context: [endFlush] - <4Cell/1>
05-05 21:58:01.482 591 6437 I mtkcam-PreReleaseRequest: [dump] ========== dump PreReleaseRequestMgr ===========
05-05 21:58:01.482 591 6437 I mtkcam-PreReleaseRequest: [dump] ========== dump InFlightRequests(0) ============
05-05 21:58:01.482 591 6437 I mtkcam-PreReleaseRequest: [dump] ========== dump PendingRequests(0) ============
05-05 21:58:01.482 591 6437 E BWC : MTK_IOC_SMI_BWC_INFO_GET failed.:Not a typewriter
05-05 21:58:01.484 591 6437 E BWC : MTK_IOC_SMI_BWC_INFO_SET failed.:Not a typewriter
05-05 21:58:01.484 591 6437 I BWC : Profile_Change:[BWCPT_CAMERA_CAPTURE]:OFF,current concurrency is 0x0,DDR=,EMI scenario=BWL_SCN_ICFP OFF
05-05 21:58:01.484 591 6437 I BWC : cam_id=0 sen_fps=0 sen_size=0 pd=0 video=0 vb_ratio=0.000000 vb_time=0.000000 rawi=0 yuv=0 raw_bbp=0.000000 is_smvr=0
05-05 21:58:01.484 591 6437 I BWC : cam_id=0 table=0.000000 ccu=0.000000 ccu_r=0.000000 capture=0.000000 aa=-5120.000000 pd=0.000000 video=0.000000 yuv=0.000000 rawi=0.000000 total=0.000000
05-05 21:58:01.484 591 6437 I BWC : cam_id=1 sen_fps=0 sen_size=0 pd=0 video=0 vb_ratio=0.000000 vb_time=0.000000 rawi=0 yuv=0 raw_bbp=0.000000 is_smvr=0
05-05 21:58:01.484 591 6437 I BWC : cam_id=1 table=0.000000 ccu=0.000000 ccu_r=0.000000 capture=0.000000 aa=-5120.000000 pd=0.000000 video=0.000000 yuv=0.000000 rawi=0.000000 total=0.000000
05-05 21:58:01.484 591 6437 I BWC : cal_cam_bw hrt bw=0
05-05 21:58:01.484 591 6437 I MtkCam/ppl_context: [onLastStrongRef] + <4Cell/1> (0x7608838590)
05-05 21:58:01.484 591 6437 I mtkcam-InFlightRequest: [waitUntilDrained] +
05-05 21:58:01.484 591 6437 I mtkcam-InFlightRequest: [waitUntilDrained] -
05-05 21:58:01.484 591 6437 I MtkCam/HwUtils/ResourceConcurrency: [~ResourceConcurrency] name[mP1NodeConcurrency] timeout(15000000000ns)
05-05 21:58:01.484 591 6437 I MtkCam/P1NodeImp: [~P1NodeImp] [Cam::1]
05-05 21:58:01.487 591 6437 I MtkCam/P2/CaptureProcessor: [onUninit] P2C cam 1: addr:0x760f038c70, uniqueKey:162800904
05-05 21:58:01.488 591 6437 I MtkCam/CapturePipe/YUVNode: [onUninit](0x760f1be100)(9) uniqueKey:162800904, sensorIndex:1, sensorIndex2:-1
05-05 21:58:01.488 591 6437 I MtkCam/CapturePipe/MultiFrameNode: [onUninit](0x760f1bdc00) uniqueKey:162800904, sensorIndex:1, sensorIndex2:-1
05-05 21:58:01.488 591 6437 I MtkCam/CapturePipe/RAWNode: [onUninit](0x760f1bcd00) uniqueKey:162800904, sensorIndex:1, sensorIndex2:-1
05-05 21:58:01.488 591 6437 D AppFDFT_SW: FdDumper destructor
05-05 21:58:01.489 591 6437 I MtkCam/CapturePipe/RAWNode: [~RAWNode](0x760f1bcd00) dtor
05-05 21:58:01.489 591 6437 I MtkCam/CapturePipe/MultiFrameNode: [~MultiFrameNode](0x760f1bdc00) dtor
05-05 21:58:01.489 591 6437 I MtkCam/CapturePipe/YUVNode: [~YUVNode](0x760f1be100) dtor
05-05 21:58:01.489 591 6437 I MtkCam/P2/CaptureNode: [~P2CaptureNodeImp] P2C cam 1: (0x760f038c00) dtor
05-05 21:58:01.489 591 6437 I MtkCam/P2/CaptureProcessor: [~CaptureProcessor](0x760f038c70) dtor
05-05 21:58:01.489 1198 3839 W SensorService: sensor 00000004 already enabled in connection 0x73eb31eec0 (ignoring)
05-05 21:58:01.489 1198 3839 D SensorService: Calling batch handle==4 flags=0 rate=20000000 timeout== 0
05-05 21:58:01.489 580 656 I Sensors : sensorBatch: handle=4 period=20000000 timeout=0
05-05 21:58:01.490 1198 3839 E SensorService: BigData:Pakage) 4 already enabled.
05-05 21:58:01.490 591 21384 I Hal3Av3 : [destroyInstance] sensorIdx(1) User(P2ANode)
05-05 21:58:01.490 591 21384 I Hal3Av3 : [uninit] Still 6 users
05-05 21:58:01.490 591 21384 I Hal3Av3 : [uninit] Done m_rConfigInfo.i4SubsampleCount(1), User.count(6), User uninit(P2ANode)
05-05 21:58:01.491 591 6437 I MtkCam/StreamingPipe/Pipe: [onUninit]+
05-05 21:58:01.491 591 6437 I Hal3Av3 : [destroyInstance] sensorIdx(1) User(P2CamContext)
05-05 21:58:01.491 591 6437 I Hal3Av3 : [uninit] Still 5 users
05-05 21:58:01.491 591 6437 I Hal3Av3 : [uninit] Done m_rConfigInfo.i4SubsampleCount(1), User.count(5), User uninit(P2CamContext)
05-05 21:58:01.492 591 6437 I MtkCam/StreamingPipe/Pipe: [onUninit]-
05-05 21:58:01.492 591 6437 I MtkCam/StreamingPipe/TPI_MGR_Plugin: [destroySession]+
05-05 21:58:01.492 591 6437 I MtkCam/Plugin_S_FOVA: [~S_FOVA_Plugin] destroy S_FOVA plugin
05-05 21:58:01.492 591 6437 I MtkCam/Plugin_S_DUAL: [~S_DUAL_Plugin] TPI destroy S_DUAL plugin
05-05 21:58:01.492 591 6437 I MtkCam/TPI_S_Green: [~S_GREEN_Plugin] destroy S_GREEN plugin
05-05 21:58:01.492 591 6437 I MtkCam/TPI_S_FB: [~S_FB_Plugin] destroy S_FB plugin
05-05 21:58:01.492 591 6437 I MtkCam/TPI_S_EISQ: [~S_EISQ_Plugin] destroy S_EISQ plugin
05-05 21:58:01.492 591 6437 I MtkCam/TPI_S_Disp: [~S_DISP_Plugin] destroy S_DISP plugin
05-05 21:58:01.492 591 6437 I MtkCam/TPI_S_META: [~S_META_Plugin] destroy S_META plugin
05-05 21:58:01.492 591 6437 I MtkCam/TPI_S_ASYNC: [~S_ASYNC_Plugin] destroy S_ASYNC plugin
05-05 21:58:01.492 591 6437 I MtkCam/ppl_plugin: [~PipelinePlugin] Join: dtor(0x760819d2d8), openId:1, openId2:-1
05-05 21:58:01.492 591 6437 I MtkCam/ppl_plugin: [~PipelinePlugin] remove plugin(0x0), hash:0xffffffffffff0001, mInstances size:0
05-05 21:58:01.492 591 6437 I MtkCam/StreamingPipe/TPI_MGR_Plugin: [destroySession]- ret=1
05-05 21:58:01.492 591 6437 I MtkCam/StreamingPipe/Pipe: [~StreamingFeaturePipe]destroy pipe(0x75fbbddc80): SensorIndex=1
05-05 21:58:01.496 591 6437 D RefBase : RefBase: Explicit destruction, weak count = 0 (in 0x75fbbe6728)
05-05 21:58:01.496 591 6437 W RefBase : CallStack::getCurrentInternal not linked, returning null
05-05 21:58:01.496 591 6437 W RefBase : CallStack::logStackInternal not linked
05-05 21:58:01.496 591 6437 D RefBase : RefBase: Explicit destruction, weak count = 0 (in 0x75fbbe66e0)
05-05 21:58:01.496 591 6437 W RefBase : CallStack::getCurrentInternal not linked, returning null
05-05 21:58:01.496 591 6437 W RefBase : CallStack::logStackInternal not linked
05-05 21:58:01.496 591 6437 D RefBase : RefBase: Explicit destruction, weak count = 0 (in 0x75fbc96a20)
05-05 21:58:01.496 591 6437 W RefBase : CallStack::getCurrentInternal not linked, returning null
05-05 21:58:01.496 591 6437 W RefBase : CallStack::logStackInternal not linked
05-05 21:58:01.496 591 6437 I Hal3Av3 : [destroyInstance] sensorIdx(1) User(p2_streaming)
05-05 21:58:01.496 591 6437 I Hal3Av3 : [uninit] Still 4 users
05-05 21:58:01.496 591 6437 I Hal3Av3 : [uninit] Done m_rConfigInfo.i4SubsampleCount(1), User.count(4), User uninit(p2_streaming)
05-05 21:58:01.496 591 6437 I MtkCam/P2/StreamingNode: [uninit] P2S cam 1: uninit lock +
05-05 21:58:01.496 591 6437 I MtkCam/P2/StreamingNode: [uninit] P2S cam 1: uninit lock -
05-05 21:58:01.497 591 21376 W MtkCam/fdNodeImp: [onDequeRequest] [exitPending] mRequestQueue.size:0
05-05 21:58:01.498 591 6437 I FDVT_Drv: FDVT_Uninit, HW FD Close CLK
05-05 21:58:01.501 591 6437 D AppFDFT_SW: FdDumper destructor
05-05 21:58:01.501 591 6437 I Hal3Av3 : [destroyInstance] sensorIdx(1) User(FDNode)
05-05 21:58:01.501 591 6437 I Hal3Av3 : [uninit] Still 3 users
05-05 21:58:01.501 591 6437 I Hal3Av3 : [uninit] Done m_rConfigInfo.i4SubsampleCount(1), User.count(3), User uninit(FDNode)
05-05 21:58:01.501 591 6437 I mtkcam-ppl_fbm: [~FrameBufferManagerImpl] + mDebuggeeCookie:0x760f0433c8
05-05 21:58:01.501 591 6437 I mtkcam-ppl_fbm: [~FrameBufferManagerImpl] -
05-05 21:58:01.504 591 6437 I MtkCam/ppl_context: [onLastStrongRef] - <4Cell/1>
05-05 21:58:01.504 591 6437 I mtkcam-FeatureSettingPolicy: [~FeatureSettingPolicy] (0x75f2bd22a0) dtor
05-05 21:58:01.504 591 6437 I Hal3Av3 : [destroyInstance] sensorIdx(1) User(HDRPolicyHelper)
05-05 21:58:01.504 591 6437 I Hal3Av3 : [uninit] Still 2 users
05-05 21:58:01.504 591 6437 I Hal3Av3 : [uninit] Done m_rConfigInfo.i4SubsampleCount(1), User.count(2), User uninit(HDRPolicyHelper)
05-05 21:58:01.504 591 6437 I Hal3Av3 : [destroyInstance] sensorIdx(1) User(mtkcam-FeatureSettingPolicy)
05-05 21:58:01.504 591 6437 I Hal3Av3 : [uninit] Still 1 users
05-05 21:58:01.504 591 6437 I Hal3Av3 : [uninit] Done m_rConfigInfo.i4SubsampleCount(1), User.count(1), User uninit(mtkcam-FeatureSettingPolicy)
05-05 21:58:01.504 591 6437 I MtkCam/ppl_plugin: [~PipelinePlugin] Yuv: dtor(0x761be50078), openId:1, openId2:-1
05-05 21:58:01.504 591 6437 I MtkCam/ppl_plugin: [~PipelinePlugin] remove plugin(0x0), hash:0x9b42508ffff0001, mInstances size:0
05-05 21:58:01.504 591 6437 I MtkCam/ppl_plugin: [~PipelinePlugin] Raw: dtor(0x761be4ffd8), openId:1, openId2:-1
05-05 21:58:01.504 591 6437 I MtkCam/ppl_plugin: [~PipelinePlugin] remove plugin(0x0), hash:0x9b42508ffff0001, mInstances size:0
05-05 21:58:01.504 591 6437 I MtkCam/ppl_plugin: [~PipelinePlugin] MultiFrame: dtor(0x761be4fe98), openId:1, openId2:-1
05-05 21:58:01.504 591 6437 I MtkCam/ppl_plugin: [~PipelinePlugin] remove plugin(0x0), hash:0x9b42508ffff0001, mInstances size:0
05-05 21:58:01.504 591 6437 I mtkcam-DeviceAdapter: 1[HalDeviceAdapter::powerOff] powerOff +
05-05 21:58:01.505 591 6437 I Hal3Av3 : [notifyPwrOff]+
05-05 21:58:01.505 591 6437 I Hal3Av3 : [notifyPwrOff] sensor(2)(HalDeviceAdapter:1)
05-05 21:58:01.505 591 6437 I Hal3ARaw: [setFlashLightOnOff] flashlight unchanged, bOnOff(0)
05-05 21:58:01.505 591 6437 I Hal3Av3 : [notifyPwrOff]-
05-05 21:58:01.505 591 6437 I Drv/HWsync: Drv/HWsync[uninit] +, user&cnt(HW_SYNC_USER_HALSENSOR,2),srIdxNum(1)
05-05 21:58:01.505 591 6437 I Drv/HWsync: Drv/HWsync[uninit] idx(0,remain_0),tg(1)
05-05 21:58:01.509 591 6437 D SeninfDrvImp: [configMclk][configMclk] Tg1clk: 26 pcEn = 0
05-05 21:58:01.509 591 6437 D SeninfDrvImp: [configMclk]mclk1: 26, clkCnt1: 0 pclkInv 0
05-05 21:58:01.509 591 6437 D SeninfDrvImp: [setMclk][setMclk]pcEn(0), clkPol(0), mMclkUser[3](0), TimestampClk(103), freq(26), mclkIdx 3
05-05 21:58:01.510 591 6437 D SeninfDrvImp: [updateIspClk]target_clk 228, new_dfs 228, original_dfs 228, sensorIdx 1
05-05 21:58:01.510 591 6437 D HW_INTEG: [190310] Reset sensor index = 1
05-05 21:58:01.510 591 6437 D SeninfDrvImp: [uninit][uninit]: 1
05-05 21:58:01.510 591 6437 D SeninfDrvImp: [uninit][uninit]: 0, mfd(12)
05-05 21:58:01.510 591 6437 I mtkcam-DeviceAdapter: 1[HalDeviceAdapter::powerOff] powerOff -
05-05 21:58:01.511 591 6437 I Hal3Av3 : [destroyInstance] sensorIdx(1) User(HalDeviceAdapter:1)
05-05 21:58:01.511 591 6437 I Hal3AFlowCtrl: [detachCb] m_pCbSet(0x0x760f0d3808), cb(0x0x760f0d3808)
05-05 21:58:01.511 591 6437 I Hal3ARaw: [detachCb] m_pCbSet(0x0x760f0d3808), cb(0x0x760f0d3808)
05-05 21:58:01.511 591 6437 I Hal3AFlowCtrl: [uninit] +
05-05 21:58:01.511 591 21355 I Hal3AFlowCtrl_thread: -
05-05 21:58:01.512 591 6437 I Hal3AFlowCtrl_thread: [destroyThread] -
05-05 21:58:01.512 591 6437 I Hal3AFlowCtrl_thread: [~Thread3AImp] Exit (2)
05-05 21:58:01.512 591 6437 I Hal3ARaw: [destroyInstance]
05-05 21:58:01.512 591 6437 I Hal3ARaw: [uninit] m_Users: 1
05-05 21:58:01.512 591 6437 I Drv/HWsync: Drv/HWsync[uninit] +, user&cnt(HW_SYNC_USER_AE,1),srIdxNum(0)
05-05 21:58:01.512 591 6437 I Drv/HWsync: Drv/HWsync[uninit] mAECyclePeriod(-1)
05-05 21:58:01.513 1198 3839 D SensorService: removeConnection, index : 0, size : 1
05-05 21:58:01.514 1198 3839 D SensorService: # removeConnection, index : 0, size : 0
05-05 21:58:01.514 1198 3839 D SensorService: Calling activate off 4
05-05 21:58:01.514 580 656 I Sensors : sensorActivate: handle 4 enable 0
05-05 21:58:01.514 580 656 I Sensors : type : 4, enable : 0
05-05 21:58:01.515 1198 3839 D SensorService: removeConnection, index : 0, size : 1
05-05 21:58:01.515 1198 3839 D SensorService: # removeConnection, index : 0, size : 0
05-05 21:58:01.515 1198 3839 D SensorService: Calling activate off 1
05-05 21:58:01.515 580 656 I Sensors : sensorActivate: handle 1 enable 0
05-05 21:58:01.515 580 656 I Sensors : type : 1, enable : 0
05-05 21:58:01.515 591 6437 I StrobeDrvFlashlight: setCharger(): ready(0).
05-05 21:58:01.516 591 6437 I StrobeDrvFlashlight: setCharger(): time(3058592750).
05-05 21:58:01.516 591 6437 I FlashHal: uninit().
05-05 21:58:01.516 591 6437 I StrobeDrvFlashlight: lowPowerDetectEnd().
05-05 21:58:01.516 591 6437 I StrobeDrvFlashlight: uninit(): error mUsers(0).
05-05 21:58:01.516 591 6437 I FlickerHal: uninit().
05-05 21:58:01.516 591 6437 I FlickerPlatformAdapter: releaseBuf(). Release buf success.
05-05 21:58:01.516 591 6437 D AppTsf : [TsfExit] TsfExit ; ShadingVersion: 2019.0807.0919
05-05 21:58:01.516 591 6437 D AppTsf : [~AppTsf] destructor ; ShadingVersion: 2019.0807.0919
05-05 21:58:01.516 591 6437 D tsf_core: [~TsfCore] destructor
05-05 21:58:01.518 591 6437 I Hal3ARaw: [uninit] done
