05-05 21:57:55.410 591 21273 D isp_tuning_custom: [Front FOV68 RA tuning][ratioMapping_frontFOV68]Sensor name: 8225
05-05 21:57:55.410 591 21273 D isp_tuning_custom: [ver0326][FOV68 RA tuning][ratioMapping_frontFOV68]RA value: 20. Iso: 537.
05-05 21:57:55.411 591 21276 I ResultPool: [convertToMetadata4AF] SEC, date.0313, check MTK_CONTROL_AF_REGIONS, array = [0, 0, 0, 0, 0], ret2(0), u1AfMode(4), ret1(1)
05-05 21:57:55.414 6988 6988 D BluetoothAdapter: STATE_BLE_ON
05-05 21:57:55.414 6988 6988 D BluetoothAdapter: appoCount is = 1 G/S = 5/4
05-05 21:57:55.415 6988 6988 I BeaconBle: Using BLE 'L' hardware layer [CONTEXT service_id=111 ]
05-05 21:57:55.417 8202 8571 D BluetoothAdapter: STATE_BLE_ON
05-05 21:57:55.417 8202 8571 D BluetoothAdapter: appoCount is = 1 G/S = 5/4
05-05 21:57:55.419 8202 8571 D BluetoothAdapter: STATE_BLE_ON
05-05 21:57:55.419 10310 10331 D KnoxHelper: getActivityList callingUserId: 0, target user: 0
05-05 21:57:55.419 8202 8571 D BluetoothAdapter: appoCount is = 1 G/S = 5/4
05-05 21:57:55.419 8202 8574 E BtGatt.GattService: [GSIM LOG]: gsimLogHandler, msg: MESSAGE_SCAN_START, appName: android.uid.bcmgr, scannerId: 8, reportDelayMillis=0
05-05 21:57:55.420 8202 8571 D BluetoothAdapter: STATE_BLE_ON
05-05 21:57:55.420 8202 8571 D BluetoothAdapter: appoCount is = 1 G/S = 5/4
05-05 21:57:55.421 8202 8571 D BtGatt.ScanManager: configureFilterParamter() : onFoundTimeout | onLostTimeout | onFoundCount | numOfTrackingEntries | scanFilterRssiThreshold | trackableScanFilterRssiThreshold | matchMode
05-05 21:57:55.421 8202 8571 D BtGatt.ScanManager: configureFilterParamter() : __________500__|________10000__|___________1__|___________________0__|___________________-128__|____________________________-128__|________1_
05-05 21:57:55.422 10310 10331 D KnoxHelper: getActivityList callingUserId: 0, target user: 0
05-05 21:57:55.424 8202 8571 D BtGatt.ScanManager: configureFilterParamter() : onFoundTimeout | onLostTimeout | onFoundCount | numOfTrackingEntries | scanFilterRssiThreshold | trackableScanFilterRssiThreshold | matchMode
05-05 21:57:55.424 8202 8571 D BtGatt.ScanManager: configureFilterParamter() : __________500__|________10000__|___________1__|___________________0__|___________________-128__|____________________________-128__|________1_
05-05 21:57:55.425 10310 10331 D KnoxHelper: getActivityList callingUserId: 0, target user: 0
05-05 21:57:55.427 8202 8571 D BtGatt.ScanManager: configureFilterParamter() : onFoundTimeout | onLostTimeout | onFoundCount | numOfTrackingEntries | scanFilterRssiThreshold | trackableScanFilterRssiThreshold | matchMode
05-05 21:57:55.427 8202 8571 D BtGatt.ScanManager: configureFilterParamter() : __________500__|________10000__|___________1__|___________________0__|___________________-128__|____________________________-128__|________1_
05-05 21:57:55.428 10310 10331 D KnoxHelper: getActivityList callingUserId: 0, target user: 0
05-05 21:57:55.429 8202 8571 D BtGatt.ScanManager: configureFilterParamter() : onFoundTimeout | onLostTimeout | onFoundCount | numOfTrackingEntries | scanFilterRssiThreshold | trackableScanFilterRssiThreshold | matchMode
05-05 21:57:55.429 8202 8571 D BtGatt.ScanManager: configureFilterParamter() : __________500__|________10000__|___________1__|___________________0__|___________________-128__|____________________________-128__|________1_
05-05 21:57:55.430 10310 10331 D KnoxHelper: getActivityList callingUserId: 0, target user: 0
05-05 21:57:55.431 8202 8571 D BtGatt.ScanManager: configureFilterParamter() : onFoundTimeout | onLostTimeout | onFoundCount | numOfTrackingEntries | scanFilterRssiThreshold | trackableScanFilterRssiThreshold | matchMode
05-05 21:57:55.431 8202 8571 D BtGatt.ScanManager: configureFilterParamter() : __________500__|________10000__|___________1__|___________________0__|___________________-128__|____________________________-128__|________1_
05-05 21:57:55.433 8202 8571 D BtGatt.ScanManager: configureFilterParamter() : onFoundTimeout | onLostTimeout | onFoundCount | numOfTrackingEntries | scanFilterRssiThreshold | trackableScanFilterRssiThreshold | matchMode
05-05 21:57:55.433 8202 8571 D BtGatt.ScanManager: configureFilterParamter() : __________500__|________10000__|___________1__|___________________0__|___________________-128__|____________________________-128__|________1_
05-05 21:57:55.435 8202 8571 D BtGatt.ScanManager: configureFilterParamter() : onFoundTimeout | onLostTimeout | onFoundCount | numOfTrackingEntries | scanFilterRssiThreshold | trackableScanFilterRssiThreshold | matchMode
05-05 21:57:55.435 8202 8571 D BtGatt.ScanManager: configureFilterParamter() : __________500__|________10000__|___________1__|___________________0__|___________________-128__|____________________________-128__|________1_
05-05 21:57:55.436 8202 8571 D BtGatt.ScanManager: configureFilterParamter() : onFoundTimeout | onLostTimeout | onFoundCount | numOfTrackingEntries | scanFilterRssiThreshold | trackableScanFilterRssiThreshold | matchMode
05-05 21:57:55.436 8202 8571 D BtGatt.ScanManager: configureFilterParamter() : __________500__|________10000__|___________1__|___________________0__|___________________-128__|____________________________-128__|________1_
05-05 21:57:55.438 10310 10331 D KnoxHelper: getActivityList callingUserId: 0, target user: 0
05-05 21:57:55.439 8202 8571 D BtGatt.ScanManager: configureFilterParamter() : onFoundTimeout | onLostTimeout | onFoundCount | numOfTrackingEntries | scanFilterRssiThreshold | trackableScanFilterRssiThreshold | matchMode
05-05 21:57:55.439 8202 8571 D BtGatt.ScanManager: configureFilterParamter() : __________500__|________10000__|___________1__|___________________0__|___________________-128__|____________________________-128__|________1_
05-05 21:57:55.439 1198 1198 D PowerManagerService: [PWL] sb release: PowerManagerService.Broadcasts
05-05 21:57:55.441 8202 8571 D BtGatt.ScanManager: configureFilterParamter() : onFoundTimeout | onLostTimeout | onFoundCount | numOfTrackingEntries | scanFilterRssiThreshold | trackableScanFilterRssiThreshold | matchMode
05-05 21:57:55.441 8202 8571 D BtGatt.ScanManager: configureFilterParamter() : __________500__|________10000__|___________1__|___________________0__|___________________-128__|____________________________-128__|________1_
05-05 21:57:55.443 10310 10331 D KnoxHelper: getActivityList callingUserId: 0, target user: 0
05-05 21:57:55.443 8202 8571 D BtGatt.ScanManager: configureFilterParamter() : onFoundTimeout | onLostTimeout | onFoundCount | numOfTrackingEntries | scanFilterRssiThreshold | trackableScanFilterRssiThreshold | matchMode
05-05 21:57:55.443 8202 8571 D BtGatt.ScanManager: configureFilterParamter() : __________500__|________10000__|___________1__|___________________0__|___________________-128__|____________________________-128__|________1_
05-05 21:57:55.445 1030 8336 I BufferQueueProducer: [SurfaceTexture-0-1030-20084](this:0x747df7a800,id:20084,api:0,p:-1,c:1030) queueBuffer: slot 0 is dropped, handle=0x7472fdc5c0
05-05 21:57:55.445 591 21270 D ULog : R AppRequest:7 M[CameraDevice:187001] - :mtkcam-AppStreamMgr #519133
05-05 21:57:55.445 10310 10331 D KnoxHelper: getActivityList callingUserId: 0, target user: 0
05-05 21:57:55.446 8202 8571 D BtGatt.ScanManager: configureFilterParamter() : onFoundTimeout | onLostTimeout | onFoundCount | numOfTrackingEntries | scanFilterRssiThreshold | trackableScanFilterRssiThreshold | matchMode
05-05 21:57:55.447 8202 8571 D BtGatt.ScanManager: configureFilterParamter() : __________500__|________10000__|___________1__|___________________0__|___________________-128__|____________________________-128__|________1_
05-05 21:57:55.447 1030 1061 D CameraLightSensor_Service: open preview end
05-05 21:57:55.448 1030 1061 D CameraLightSensor_Service: wrong aEState value =1
05-05 21:57:55.448 591 21273 I Hal3ARaw: [220751263] Dev(2) i4FrameNum(-1) MasterIdx = 0, SlaveIdx = 0, m_bIsSkipSync3A(0) rNewParam(0,0,0)(0,0)
05-05 21:57:55.448 591 21273 I aaa_common_custom.cpp: [cust_ChangeTableByCond]Sensor_idx = 1 ,SHOOTING_MODE = 30,SceneMode = 1, fpsRange=[5-30], HalFps=[5000-30000]
05-05 21:57:55.448 591 21273 I aaa_common_custom.cpp: [cust_ChangeSceneBy3rdpartyApp]VT_MODE = 0 ,MinFps = 5000,MaxFps = 30000,SceneMode = 1
05-05 21:57:55.449 591 21273 D isp_tuning_custom: [evaluate_Shading_Ratio] In case SENSOR_MODE_FOV_68. eSensorMode is 6
05-05 21:57:55.449 591 21273 D isp_tuning_custom: [Front FOV68 RA tuning][ratioMapping_frontFOV68]Sensor name: 8225
05-05 21:57:55.449 591 21273 D isp_tuning_custom: [ver0326][FOV68 RA tuning][ratioMapping_frontFOV68]RA value: 20. Iso: 541.
05-05 21:57:55.449 591 6437 D ULog : R AppRequest:12 M[CameraDevice:187001] + :mtkcam-dev3_legacy #519134
05-05 21:57:55.450 591 21276 I ResultPool: [convertToMetadata4AF] SEC, date.0313, check MTK_CONTROL_AF_REGIONS, array = [0, 0, 0, 0, 0], ret2(0), u1AfMode(4), ret1(1)
05-05 21:57:55.450 8202 8571 D BtGatt.ScanManager: configureFilterParamter() : onFoundTimeout | onLostTimeout | onFoundCount | numOfTrackingEntries | scanFilterRssiThreshold | trackableScanFilterRssiThreshold | matchMode
05-05 21:57:55.450 8202 8571 D BtGatt.ScanManager: configureFilterParamter() : __________500__|________10000__|___________1__|___________________0__|___________________-128__|____________________________-128__|________1_
05-05 21:57:55.451 10310 10331 D KnoxHelper: getActivityList callingUserId: 0, target user: 0
05-05 21:57:55.454 1198 9721 I WifiService: startScan uid=10223
05-05 21:57:55.454 10310 10331 D KnoxHelper: getActivityList callingUserId: 0, target user: 0
05-05 21:57:55.456 7010 8110 E DeviceScanner: [BLE] Failed to start scan because the Bluetooth is disabled.
05-05 21:57:55.458 7010 1013 D ConnectivityManager: requestNetwork; CallingUid : 10223, CallingPid : 7010
05-05 21:57:55.459 10310 10331 D KnoxHelper: getActivityList callingUserId: 0, target user: 0
05-05 21:57:55.459 1198 7845 D ConnectivityService: listenForNetwork for uid/pid:10223/7010 NetworkRequest [ LISTEN id=34066, [ Transports: WIFI Capabilities: NOT_RESTRICTED&TRUSTED&NOT_VPN Uid: 10223] ]
05-05 21:57:55.460 1198 7576 D ConnectivityService: rematching NetworkAgentInfo [WIFI () - 639]
05-05 21:57:55.460 1198 7576 D ConnectivityService: network has: [ Transports: WIFI Capabilities: NOT_METERED&INTERNET&NOT_RESTRICTED&TRUSTED&NOT_VPN&VALIDATED&NOT_ROAMING&FOREGROUND&NOT_CONGESTED&NOT_SUSPENDED LinkUpBandwidth>=1048576Kbps LinkDnBandwidth>=1048576Kbps Specifier: SignalStrength: -63 SSID: "CRAZY WOLF"]
05-05 21:57:55.460 1198 7576 D ConnectivityService: Network NetworkAgentInfo [WIFI () - 639] was already satisfying request 34062. No change.
05-05 21:57:55.460 1198 7576 D ConnectivityService: Network NetworkAgentInfo [WIFI () - 639] was already satisfying request 34050. No change.
05-05 21:57:55.460 1198 7576 D ConnectivityService: Network NetworkAgentInfo [WIFI () - 639] was already satisfying request 33554. No change.
05-05 21:57:55.460 1198 7576 D ConnectivityService: Network NetworkAgentInfo [WIFI () - 639] was already satisfying request 33552. No change.
05-05 21:57:55.460 1198 7576 D ConnectivityService: Network NetworkAgentInfo [WIFI () - 639] was already satisfying request 32963. No change.
05-05 21:57:55.460 1198 7574 I WifiScanController: scan requested by com.google.android.gms (it's NLP package. check moving state)
05-05 21:57:55.460 1198 7576 D ConnectivityService: Network NetworkAgentInfo [WIFI () - 639] was already satisfying request 34063. No change.
05-05 21:57:55.460 1198 7574 D WifiScanController: force scan
05-05 21:57:55.460 1198 7576 D ConnectivityService: Network NetworkAgentInfo [WIFI () - 639] was already satisfying request 13. No change.
05-05 21:57:55.460 1198 7576 D ConnectivityService: Network NetworkAgentInfo [WIFI () - 639] was already satisfying request 30558. No change.
05-05 21:57:55.460 1198 7576 D ConnectivityService: Network NetworkAgentInfo [WIFI () - 639] was already satisfying request 1. No change.
05-05 21:57:55.460 1198 7576 D ConnectivityService: Network NetworkAgentInfo [WIFI () - 639] was already satisfying request 18. No change.
05-05 21:57:55.460 1198 7576 D ConnectivityService: Network NetworkAgentInfo [WIFI () - 639] was already satisfying request 34048. No change.
05-05 21:57:55.460 1198 7576 D ConnectivityService: Network NetworkAgentInfo [WIFI () - 639] was already satisfying request 8. No change.
05-05 21:57:55.460 1198 7576 D ConnectivityService: Network NetworkAgentInfo [WIFI () - 639] was already satisfying request 33867. No change.
05-05 21:57:55.461 1198 7576 D ConnectivityService: Network NetworkAgentInfo [WIFI () - 639] was already satisfying request 34042. No change.
05-05 21:57:55.461 1198 7576 D ConnectivityService: Network NetworkAgentInfo [WIFI () - 639] was already satisfying request 30. No change.
05-05 21:57:55.461 1198 7576 D ConnectivityService: Network NetworkAgentInfo [WIFI () - 639] was already satisfying request 32961. No change.
05-05 21:57:55.461 1198 7576 D ConnectivityService: Network NetworkAgentInfo [WIFI () - 639] was already satisfying request 15. No change.
05-05 21:57:55.461 1198 7576 D ConnectivityService: sending notification CALLBACK_AVAILABLE for NetworkRequest [ LISTEN id=34066, [ Transports: WIFI Capabilities: NOT_RESTRICTED&TRUSTED&NOT_VPN Uid: 10223] ]
05-05 21:57:55.461 10310 10331 D KnoxHelper: getActivityList callingUserId: 0, target user: 0
05-05 21:57:55.462 1198 7574 D SamsungAlarmManager: setInexact Listener (T:2/F:8/AC:false) 20210505T215810 - CU:1000/CP:1198
05-05 21:57:55.462 1198 7574 I SamsungAlarmManager: setLocked to kernel - T:2 / 20210505T215810, SetElapsed=5970602976, nowELAPSED=5970587976
05-05 21:57:55.463 1198 7574 I SamsungAlarmManager: setLocked to kernel - T:3 / 20210505T215800, SetElapsed=5970592515, nowELAPSED=5970587977
05-05 21:57:55.463 1198 7574 D SensorService: setSContextDataLocked ints length 2 , byte length 4
05-05 21:57:55.463 1198 7574 D SensorService: 3 setSContextDataLocked 40047c1
05-05 21:57:55.463 580 580 I Sensors : SContextSensor::injecet_sensor_data
05-05 21:57:55.463 580 580 D Sensors : c1 47 00 04
05-05 21:57:55.463 580 580 D Sensors : inject_scontext_data: New ssp_data_injection_fd(22)
05-05 21:57:55.464 580 580 D Sensors : SContext Data Injection return 4
05-05 21:57:55.465 1198 7570 E MobileWipsFrameworkService: unbinded can not send 12
05-05 21:57:55.465 1198 1198 D WifiConnectivityMonitor: com.samsung.android.server.wifi.WCM_SCAN_STARTED
05-05 21:57:55.465 10310 10331 D KnoxHelper: getActivityList callingUserId: 0, target user: 0
05-05 21:57:55.468 10310 10331 D KnoxHelper: getActivityList callingUserId: 0, target user: 0
05-05 21:57:55.469 591 21303 I FDVT_Drv: Final: HW_NUM:0, Filter_NUM:0, SKIP_NUM:0
05-05 21:57:55.470 10310 10331 D KnoxHelper: getActivityList callingUserId: 0, target user: 0
05-05 21:57:55.475 10310 10331 I chatty : uid=10264(com.google.android.as) aiai-app-predic identical 2 lines
05-05 21:57:55.477 10310 10331 D KnoxHelper: getActivityList callingUserId: 0, target user: 0
05-05 21:57:55.479 1198 7845 I WifiService: acquireMulticastLock uid=10223
05-05 21:57:55.480 10310 10331 D KnoxHelper: getActivityList callingUserId: 0, target user: 0
05-05 21:57:55.480 10274 10274 I wpa_supplicant: wpa_driver_nl80211_driver_cmd: wlan0 recv cmd RXFILTER-STOP
05-05 21:57:55.480 10274 10274 I wpa_supplicant: wpa_driver_nl80211_driver_cmd: wlan0 recv cmd RXFILTER-ADD 2
05-05 21:57:55.481 10274 10274 I wpa_supplicant: wpa_driver_nl80211_driver_cmd: wlan0 recv cmd RXFILTER-START
05-05 21:57:55.483 10310 10331 D KnoxHelper: getActivityList callingUserId: 0, target user: 0
05-05 21:57:55.483 1030 8336 I BufferQueueProducer: [SurfaceTexture-0-1030-20084](this:0x747df7a800,id:20084,api:0,p:-1,c:1030) queueBuffer: slot 1 is dropped, handle=0x7472fdce80
05-05 21:57:55.483 591 21270 D ULog : R AppRequest:8 M[CameraDevice:187001] - :mtkcam-AppStreamMgr #519135
05-05 21:57:55.484 1030 1061 D CameraLightSensor_Service: open preview end
05-05 21:57:55.485 1030 1061 D CameraLightSensor_Service: wrong aEState value =1
05-05 21:57:55.486 10310 10331 D KnoxHelper: getActivityList callingUserId: 0, target user: 0
05-05 21:57:55.488 591 21273 I Hal3ARaw: [220751263] Dev(2) i4FrameNum(-1) MasterIdx = 0, SlaveIdx = 0, m_bIsSkipSync3A(0) rNewParam(0,0,0)(0,0)
05-05 21:57:55.489 591 21273 I aaa_common_custom.cpp: [cust_ChangeTableByCond]Sensor_idx = 1 ,SHOOTING_MODE = 30,SceneMode = 1, fpsRange=[5-30], HalFps=[5000-30000]
05-05 21:57:55.489 591 21273 I aaa_common_custom.cpp: [cust_ChangeSceneBy3rdpartyApp]VT_MODE = 0 ,MinFps = 5000,MaxFps = 30000,SceneMode = 1
05-05 21:57:55.489 10310 10331 D KnoxHelper: getActivityList callingUserId: 0, target user: 0
05-05 21:57:55.490 591 6437 D ULog : R AppRequest:13 M[CameraDevice:187001] + :mtkcam-dev3_legacy #519136
05-05 21:57:55.491 591 21273 D isp_tuning_custom: [evaluate_Shading_Ratio] In case SENSOR_MODE_FOV_68. eSensorMode is 6
05-05 21:57:55.491 591 21273 D isp_tuning_custom: [Front FOV68 RA tuning][ratioMapping_frontFOV68]Sensor name: 8225
05-05 21:57:55.491 591 21273 D isp_tuning_custom: [ver0326][FOV68 RA tuning][ratioMapping_frontFOV68]RA value: 20. Iso: 541.
05-05 21:57:55.491 591 21276 I ResultPool: [convertToMetadata4AF] SEC, date.0313, check MTK_CONTROL_AF_REGIONS, array = [0, 0, 0, 0, 0], ret2(0), u1AfMode(4), ret1(1)
05-05 21:57:55.491 10310 10331 D KnoxHelper: getActivityList callingUserId: 0, target user: 0
05-05 21:57:55.508 580 653 I Sensors : LightCCT_Sensor: lux = 17, CCT = 0, raw_lux = 5970588021850101, time = 0
05-05 21:57:55.523 1030 8336 I BufferQueueProducer: [SurfaceTexture-0-1030-20084](this:0x747df7a800,id:20084,api:0,p:-1,c:1030) queueBuffer: slot 2 is dropped, handle=0x7473674780
05-05 21:57:55.523 591 21270 D ULog : R AppRequest:9 M[CameraDevice:187001] - :mtkcam-AppStreamMgr #519137
05-05 21:57:55.524 1030 1061 D CameraLightSensor_Service: open preview end
05-05 21:57:55.524 1030 1061 D CameraLightSensor_Service: wrong aEState value =1
05-05 21:57:55.529 591 21273 I Hal3ARaw: [220751263] Dev(2) i4FrameNum(-1) MasterIdx = 0, SlaveIdx = 0, m_bIsSkipSync3A(0) rNewParam(0,0,0)(0,0)
05-05 21:57:55.529 591 21273 I aaa_common_custom.cpp: [cust_ChangeTableByCond]Sensor_idx = 1 ,SHOOTING_MODE = 30,SceneMode = 1, fpsRange=[5-30], HalFps=[5000-30000]
05-05 21:57:55.529 591 21273 I aaa_common_custom.cpp: [cust_ChangeSceneBy3rdpartyApp]VT_MODE = 0 ,MinFps = 5000,MaxFps = 30000,SceneMode = 1
05-05 21:57:55.530 591 6437 D ULog : R AppRequest:14 M[CameraDevice:187001] + :mtkcam-dev3_legacy #519138
05-05 21:57:55.531 591 21273 D isp_tuning_custom: [evaluate_Shading_Ratio] In case SENSOR_MODE_FOV_68. eSensorMode is 6
05-05 21:57:55.531 591 21273 D isp_tuning_custom: [Front FOV68 RA tuning][ratioMapping_frontFOV68]Sensor name: 8225
05-05 21:57:55.531 591 21273 D isp_tuning_custom: [ver0326][FOV68 RA tuning][ratioMapping_frontFOV68]RA value: 20. Iso: 541.
05-05 21:57:55.532 591 21276 I ResultPool: [convertToMetadata4AF] SEC, date.0313, check MTK_CONTROL_AF_REGIONS, array = [0, 0, 0, 0, 0], ret2(0), u1AfMode(4), ret1(1)
05-05 21:57:55.542 591 21303 I FDVT_Drv: Final: HW_NUM:0, Filter_NUM:0, SKIP_NUM:0
05-05 21:57:55.546 1198 8195 D BluetoothAdapter: STATE_BLE_ON
05-05 21:57:55.546 1198 8195 I SemWifiApSmartBleScanner: Preconditions BLE is ON
05-05 21:57:55.549 1198 8195 D BluetoothAdapter: STATE_BLE_ON
05-05 21:57:55.549 1198 8195 D BluetoothAdapter: appoCount is = 1 G/S = 5/4
05-05 21:57:55.552 1198 8195 E SemWifiApSmartBleScanner: mMhsD2dFilter:BluetoothLeScanFilter [mDeviceName=null, mDeviceAddress=null, mUuid=null, mUuidMask=null, mServiceSolicitationUuid=null, mServiceSolicitationUuidMask=null, mServiceDataUuid=null, mServiceData=null, mServiceDataMask=null, mManufacturerId=75, mManufacturerData=01 12 00 00 00 00 00 00 00 00 03 00 00 00 00 00 00 00 00 00 00 00 00 00, mManufacturerDataMask=00 FF 00 00 00 00 00 00 00 00 FF 00 00 00 00 00 00 00 00 00 00 00 00 00, mTransportBlock=null, mTransportBlockMask=null, mPassiveScan=false]
05-05 21:57:55.553 1198 8195 D BluetoothAdapter: STATE_BLE_ON
05-05 21:57:55.553 1198 8195 D BluetoothAdapter: appoCount is = 1 G/S = 5/4
05-05 21:57:55.553 1198 8195 D BluetoothAdapter: STATE_BLE_ON
05-05 21:57:55.553 1198 8195 D BluetoothAdapter: appoCount is = 1 G/S = 5/4
05-05 21:57:55.553 1198 8195 D BluetoothLeScanner: Start Scan with callback
05-05 21:57:55.554 8202 6555 D BtGatt.ContextMap: add() - appUid: 1000, appPid: 1198, appName: android.uid.system
05-05 21:57:55.554 8202 8584 I bt_stack: [INFO:gatt_api.cc(958)] GATT_Register a4ddc31d-a76c-4e7b-90a1-933a2d7a2ef5
05-05 21:57:55.554 8202 8584 I bt_stack: [INFO:gatt_api.cc(995)] allocated gatt_if=9
05-05 21:57:55.555 8202 8370 D BtGatt.GattService: onScannerRegistered() - UUID=a4ddc31d-a76c-4e7b-90a1-933a2d7a2ef5, scannerId=9, status=0
05-05 21:57:55.555 1198 9721 D BluetoothLeScanner: onScannerRegistered() - status=0 scannerId=9 mScannerId=0
05-05 21:57:55.555 8202 6555 D BluetoothAdapter: STATE_BLE_ON
05-05 21:57:55.555 8202 6555 D BluetoothAdapter: bleAppCnt is = 5
05-05 21:57:55.557 1198 8195 I SemWifiApSmartBleScanner: Started scanning
05-05 21:57:55.558 8202 8571 D BluetoothAdapter: STATE_BLE_ON
05-05 21:57:55.558 8202 8571 D BluetoothAdapter: appoCount is = 1 G/S = 5/4
05-05 21:57:55.559 8202 8574 E BtGatt.GattService: [GSIM LOG]: gsimLogHandler, msg: MESSAGE_SCAN_START, appName: android.uid.system, scannerId: 9, reportDelayMillis=0
05-05 21:57:55.559 8202 8571 D BluetoothAdapter: STATE_BLE_ON
05-05 21:57:55.559 8202 8571 D BluetoothAdapter: appoCount is = 1 G/S = 5/4
05-05 21:57:55.560 8202 8571 D BluetoothAdapter: STATE_BLE_ON
05-05 21:57:55.560 8202 8571 D BluetoothAdapter: appoCount is = 1 G/S = 5/4
05-05 21:57:55.562 8202 8571 D BtGatt.ScanManager: configureFilterParamter() : onFoundTimeout | onLostTimeout | onFoundCount | numOfTrackingEntries | scanFilterRssiThreshold | trackableScanFilterRssiThreshold | matchMode
05-05 21:57:55.562 8202 8571 D BtGatt.ScanManager: configureFilterParamter() : __________500__|________10000__|___________1__|___________________0__|___________________-128__|____________________________-128__|________1_
05-05 21:57:55.563 1030 8336 I BufferQueueProducer: [SurfaceTexture-0-1030-20084](this:0x747df7a800,id:20084,api:0,p:-1,c:1030) queueBuffer: slot 3 is dropped, handle=0x74736757c0
05-05 21:57:55.564 591 21270 D ULog : R AppRequest:10 M[CameraDevice:187001] - :mtkcam-AppStreamMgr #519139
05-05 21:57:55.565 1030 1061 D CameraLightSensor_Service: open preview end
05-05 21:57:55.566 1030 1061 D CameraLightSensor_Service: wrong aEState value =1
05-05 21:57:55.569 591 21273 I Hal3ARaw: [220751263] Dev(2) i4FrameNum(-1) MasterIdx = 0, SlaveIdx = 0, m_bIsSkipSync3A(0) rNewParam(0,0,0)(0,0)
05-05 21:57:55.569 591 21273 I aaa_common_custom.cpp: [cust_ChangeTableByCond]Sensor_idx = 1 ,SHOOTING_MODE = 30,SceneMode = 1, fpsRange=[5-30], HalFps=[5000-30000]
05-05 21:57:55.569 591 21273 I aaa_common_custom.cpp: [cust_ChangeSceneBy3rdpartyApp]VT_MODE = 0 ,MinFps = 5000,MaxFps = 30000,SceneMode = 1
05-05 21:57:55.570 591 6437 D ULog : R AppRequest:15 M[CameraDevice:187001] + :mtkcam-dev3_legacy #519140
05-05 21:57:55.571 591 21273 D isp_tuning_custom: [evaluate_Shading_Ratio] In case SENSOR_MODE_FOV_68. eSensorMode is 6
05-05 21:57:55.571 591 21273 D isp_tuning_custom: [Front FOV68 RA tuning][ratioMapping_frontFOV68]Sensor name: 8225
05-05 21:57:55.571 591 21273 D isp_tuning_custom: [ver0326][FOV68 RA tuning][ratioMapping_frontFOV68]RA value: 20. Iso: 541.
05-05 21:57:55.571 591 21276 I ResultPool: [convertToMetadata4AF] SEC, date.0313, check MTK_CONTROL_AF_REGIONS, array = [0, 0, 0, 0, 0], ret2(0), u1AfMode(4), ret1(1)
05-05 21:57:55.585 591 21303 I FDVT_Drv: Final: HW_NUM:0, Filter_NUM:0, SKIP_NUM:0
05-05 21:57:55.603 1030 8336 I BufferQueueProducer: [SurfaceTexture-0-1030-20084](this:0x747df7a800,id:20084,api:0,p:-1,c:1030) queueBuffer: slot 4 is dropped, handle=0x74736766c0
05-05 21:57:55.603 591 21270 D ULog : R AppRequest:11 M[CameraDevice:187001] - :mtkcam-AppStreamMgr #519141
05-05 21:57:55.605 1030 1061 D CameraLightSensor_Service: open preview end
05-05 21:57:55.605 1030 1061 D CameraLightSensor_Service: wrong aEState value =1
05-05 21:57:55.609 591 21273 I Hal3ARaw: [220751263] Dev(2) i4FrameNum(-1) MasterIdx = 0, SlaveIdx = 0, m_bIsSkipSync3A(0) rNewParam(0,0,0)(0,0)
05-05 21:57:55.609 591 21273 I aaa_common_custom.cpp: [cust_ChangeTableByCond]Sensor_idx = 1 ,SHOOTING_MODE = 30,SceneMode = 1, fpsRange=[5-30], HalFps=[5000-30000]
05-05 21:57:55.609 591 21273 I aaa_common_custom.cpp: [cust_ChangeSceneBy3rdpartyApp]VT_MODE = 0 ,MinFps = 5000,MaxFps = 30000,SceneMode = 1
05-05 21:57:55.610 591 6437 D ULog : R AppRequest:16 M[CameraDevice:187001] + :mtkcam-dev3_legacy #519142
05-05 21:57:55.611 591 21273 D isp_tuning_custom: [evaluate_Shading_Ratio] In case SENSOR_MODE_FOV_68. eSensorMode is 6
05-05 21:57:55.611 591 21273 D isp_tuning_custom: [Front FOV68 RA tuning][ratioMapping_frontFOV68]Sensor name: 8225
05-05 21:57:55.611 591 21273 D isp_tuning_custom: [ver0326][FOV68 RA tuning][ratioMapping_frontFOV68]RA value: 20. Iso: 541.
05-05 21:57:55.612 591 21276 I ResultPool: [convertToMetadata4AF] SEC, date.0313, check MTK_CONTROL_AF_REGIONS, array = [0, 0, 0, 0, 0], ret2(0), u1AfMode(4), ret1(1)
05-05 21:57:55.635 1198 1198 I PowerHalWrapper: perfLockRel
05-05 21:57:55.636 1198 1198 I mtkperf_client: perf_lock_rel, hdl:0, tid:1198
05-05 21:57:55.636 588 615 I mtkpower@1.0-impl: perfLockRelease hdl:0 reserved:1198
05-05 21:57:55.636 1198 1198 D CustomFrequencyManagerService: releaseDVFSLockLocked : Getting Lock type frm List : DVFS_MIN_LIMIT frequency : 1354000 uid : 1000 pid : 1198 tag : DEVICE_WAKEUP@CPU_MIN@46
05-05 21:57:55.637 588 614 I powerd : [powerd_req] POWER_MSG_PERF_LOCK_REL: hdl:0
05-05 21:57:55.643 1030 8336 I BufferQueueProducer: [SurfaceTexture-0-1030-20084](this:0x747df7a800,id:20084,api:0,p:-1,c:1030) queueBuffer: slot 5 is dropped, handle=0x7473676440
05-05 21:57:55.643 591 21270 D ULog : R AppRequest:12 M[CameraDevice:187001] - :mtkcam-AppStreamMgr #519143
05-05 21:57:55.645 1030 1061 D CameraLightSensor_Service: open preview end
05-05 21:57:55.645 1030 1061 D CameraLightSensor_Service: wrong aEState value =1
05-05 21:57:55.649 591 21273 I Hal3ARaw: [220751263] Dev(2) i4FrameNum(-1) MasterIdx = 0, SlaveIdx = 0, m_bIsSkipSync3A(0) rNewParam(0,0,0)(0,0)
05-05 21:57:55.649 591 21273 I aaa_common_custom.cpp: [cust_ChangeTableByCond]Sensor_idx = 1 ,SHOOTING_MODE = 30,SceneMode = 1, fpsRange=[5-30], HalFps=[5000-30000]
05-05 21:57:55.649 591 21273 I aaa_common_custom.cpp: [cust_ChangeSceneBy3rdpartyApp]VT_MODE = 0 ,MinFps = 5000,MaxFps = 30000,SceneMode = 1
05-05 21:57:55.650 591 6437 D ULog : R AppRequest:17 M[CameraDevice:187001] + :mtkcam-dev3_legacy #519144
05-05 21:57:55.651 591 21273 D isp_tuning_custom: [evaluate_Shading_Ratio] In case SENSOR_MODE_FOV_68. eSensorMode is 6
05-05 21:57:55.651 591 21273 D isp_tuning_custom: [Front FOV68 RA tuning][ratioMapping_frontFOV68]Sensor name: 8225
05-05 21:57:55.651 591 21273 D isp_tuning_custom: [ver0326][FOV68 RA tuning][ratioMapping_frontFOV68]RA value: 20. Iso: 541.
05-05 21:57:55.651 591 21276 I ResultPool: [convertToMetadata4AF] SEC, date.0313, check MTK_CONTROL_AF_REGIONS, array = [0, 0, 0, 0, 0], ret2(0), u1AfMode(4), ret1(1)
05-05 21:57:55.664 591 21303 I FDVT_Drv: Final: HW_NUM:0, Filter_NUM:0, SKIP_NUM:0
05-05 21:57:55.683 1030 8336 I BufferQueueProducer: [SurfaceTexture-0-1030-20084](this:0x747df7a800,id:20084,api:0,p:-1,c:1030) queueBuffer: slot 0 is dropped, handle=0x7472fdc5c0
05-05 21:57:55.683 591 21270 D ULog : R AppRequest:13 M[CameraDevice:187001] - :mtkcam-AppStreamMgr #519145
05-05 21:57:55.685 1030 1061 D CameraLightSensor_Service: open preview end
05-05 21:57:55.685 1030 1061 D CameraLightSensor_Service: converged or locked aEState value =2
05-05 21:57:55.685 1030 1061 D CameraLightSensor_Service: exposure time=4.0005E7 EV= 24 BV= 332.0 aEState=2
05-05 21:57:55.685 1030 1061 D CameraLightSensor_Service: stopTask called
05-05 21:57:55.686 681 9356 D Camera3-Device: flush: mInterfaceLock.lock()
05-05 21:57:55.686 591 4787 I AVSP : AVSPHal3InterfaceEntry.cpp: AVSP_flush: 379: E
05-05 21:57:55.686 588 615 I legacy_power@2.1-impl: @Deprecated scnDisable hdl:160747
05-05 21:57:55.686 1198 1027 D CameraLightSensor_Manager: Exposure= 24.0 Brightness= 332.0 Total listeners= 1
05-05 21:57:55.686 1198 1027 D MotionRecognitionService: Ev-lux map, exposure= 24.0 brightness= 332.0
05-05 21:57:55.686 588 614 I libPowerHal: perfUserScnDisable - handle:160747
05-05 21:57:55.686 1198 1027 D MotionRecognitionService: values = 50.0
05-05 21:57:55.686 1198 1027 D MotionRecognitionService: onReceive lux: 50.0 action:
05-05 21:57:55.686 1198 1027 D MotionRecognitionService: Inject brightness form Cam 50.0
05-05 21:57:55.686 1198 1027 D MotionRecognitionService: Inject calibrated lux
05-05 21:57:55.687 588 614 I libPowerHal: 51: cpu_ctrl set freq: -1 -1 -1 -1
05-05 21:57:55.687 580 580 I Sensors : AutoBrightnessSensor::inject_sensor_data: cam_lux 50
05-05 21:57:55.687 580 653 I Sensors : AutoBrightnessSensor: lux = 50, time = 5970588201678484
05-05 21:57:55.687 588 614 I libPowerHal: perfUserRegScn - i:49, hdl:151888, pid:591, tid:1047
05-05 21:57:55.687 588 614 I libPowerHal: perfUserRegScn - i:50, hdl:160748, pid:591, tid:1047
05-05 21:57:55.687 588 614 I libPowerHal: perfUserRegScn - i:51, hdl:160747, pid:591, tid:1047
05-05 21:57:55.687 588 614 I libPowerHal: perfUserRegScn - i:52, hdl:160749, pid:591, tid:1047
05-05 21:57:55.687 588 614 I libPowerHal: perfUserRegScn - i:53, hdl:160751, pid:591, tid:1047
05-05 21:57:55.688 588 615 I legacy_power@2.1-impl: scnReg hdl:160751
05-05 21:57:55.688 588 615 I legacy_power@2.1-impl: @Deprecated scnUnreg hdl:160747
05-05 21:57:55.688 591 4787 I MtkCam/ppl_context: [beginFlush] + <4Cell/1>
05-05 21:57:55.688 588 615 I legacy_power@2.1-impl: @Deprecated scnConfig hdl:160751, cmd:5, param1:1, param2:0, param3:0, param4:0
05-05 21:57:55.688 591 4787 I mtkcam-InFlightRequest: [abort] +
05-05 21:57:55.688 591 4787 I mtkcam-InFlightRequest: [abort] - frames:{ 17 16 15 14 } being aborted (#4 in-flight frames)
05-05 21:57:55.688 591 4787 I MtkCam/ppl_context: [kickRootNodes] [requestNo:17 frameNo:17] last frame
05-05 21:57:55.688 591 4787 I MtkCam/ppl_context: [kickRootNodes] kick 0x1 +
05-05 21:57:55.689 591 4787 I MtkCam/P1NodeImp: [kick] [Cam::1] cnt(1)
05-05 21:57:55.689 591 4787 I MtkCam/P1NodeImp: [kick] [Cam::1] KICK - [Num Q:18 M:18 F:16 R:16 @0][Type:1 Out:x85 Rec:x0 Raw:1 Cap:0 Exe:1 Flush:x0]
05-05 21:57:55.689 588 615 I legacy_power@2.1-impl: @Deprecated scnEnable hdl:160751, timeout:1000
05-05 21:57:55.689 588 614 I libPowerHal: perfUserScnEnable - handle:160751
05-05 21:57:55.690 591 21270 W mtkcam-AppStreamMgr: [1-FrameHandler::operator()] [Meta Stream Buffer] Error happens... - frameNo:16 streamId:0x10000001c App:Meta:DynamicP1_main1
05-05 21:57:55.690 588 614 I libPowerHal: 53: cpu_ctrl set freq: 1700000 -1 2000000 -1
05-05 21:57:55.690 591 21273 I Hal3Av3 : [setNormal] Req(#19) FrameNum(#-1) Dummy(1) Sync2AMode(0)
05-05 21:57:55.690 591 21273 I Hal3Av3 : [setNormal] Req(#19) FrameNum(#-1) Dummy(1/0/0) CapInt(1) AE(M:1/E:0/F:0/S:0) FLASH(M:0)
05-05 21:57:55.690 591 21273 I Hal3ARaw: [220751263] Dev(2) i4FrameNum(-1) MasterIdx = 0, SlaveIdx = 0, m_bIsSkipSync3A(0) rNewParam(0,0,0)(0,0)
05-05 21:57:55.690 591 21273 I aaa_common_custom.cpp: [cust_ChangeTableByCond]Sensor_idx = 1 ,SHOOTING_MODE = 30,SceneMode = 1, fpsRange=[5-30], HalFps=[5000-30000]
05-05 21:57:55.690 591 21273 I aaa_common_custom.cpp: [cust_ChangeSceneBy3rdpartyApp]VT_MODE = 0 ,MinFps = 5000,MaxFps = 30000,SceneMode = 1
05-05 21:57:55.690 591 4787 I MtkCam/ppl_context: [kickRootNodes] kick 0x1 - err:0
05-05 21:57:55.690 591 4787 I MtkCam/P1NodeImp: [hardwareOps_stop] [Cam::1] Cam::1 Req=19 Set=19 Enq=17 Deq=15 Out=15
05-05 21:57:55.690 591 4787 I Hal3Av3 : [stopStt]+ sensorDev(2), sensorIdx(1), mpHal3aObj(0x760f0a9200)
05-05 21:57:55.690 591 4787 I Hal3ARaw: [notifyPreStop] m_bPreStop(0)
05-05 21:57:55.691 591 4787 W ifunc_cam_buf: [_disable] WARNING: [0x0]:BUF_CTRL_AAO:disable FBC at streaming
05-05 21:57:55.691 591 6437 W MtkCam/streambuf: [markUserStatus] Hal:Meta:P1:Dynamic_main1:0x100000015:0x75f2d2a620 producer:0x1 released w/o using -> ERROR buffer - user status:0x8:0x8
05-05 21:57:55.691 591 6437 W MtkCam/streambuf: [markUserStatus] App:Meta:DynamicP1_main1:0x10000001c:0x75f2d292a0 producer:0x1 released w/o using -> ERROR buffer - user status:0x8:0x8
05-05 21:57:55.691 591 4787 W ifunc_cam_buf: [_disable] WARNING: [0x0]:BUF_CTRL_PSO:disable FBC at streaming
05-05 21:57:55.691 591 4787 I afo_buf_mgr: [notifyPreStop]
05-05 21:57:55.691 591 4787 W aaa_hal_sttCtrl: [resume]
05-05 21:57:55.691 591 4787 I Hal3AFlowCtrl: [stopStt] m_fgPreStop: 1 finish !
05-05 21:57:55.691 591 4787 I Hal3Av3 : [stopStt]- sensorDev(2), sensorIdx(1), mpHal3aObj(0x760f0a9200)
05-05 21:57:55.691 591 6437 W MtkCam/streambuf: [markUserStatus] Hal:Image:P1:Resizeraw_main1:0x100000002:0x75f2b41300 producer:0x1 released w/o using -> ERROR buffer - user status:0x8:0x8
05-05 21:57:55.691 591 6437 W MtkCam/streambuf: [markUserStatus] Hal:Image:STT_main1:0x100000003:0x760f078a00 producer:0x1 released w/o using -> ERROR buffer - user status:0x8:0x8
05-05 21:57:55.691 591 21273 D isp_tuning_custom: [evaluate_Shading_Ratio] In case SENSOR_MODE_FOV_68. eSensorMode is 6
05-05 21:57:55.691 591 21273 D isp_tuning_custom: [Front FOV68 RA tuning][ratioMapping_frontFOV68]Sensor name: 8225
05-05 21:57:55.691 591 21273 D isp_tuning_custom: [ver0326][FOV68 RA tuning][ratioMapping_frontFOV68]RA value: 20. Iso: 541.
05-05 21:57:55.691 591 6437 I MtkCam/P2/MWFrame: [releaseFrameStream] P2S cam 1 MWFrame:#17 MWReq:#17, frame 0 : Node0x15 Flush FrameNo(17)
05-05 21:57:55.691 591 21270 W mtkcam-AppStreamMgr: [1-FrameHandler::operator()] [Meta Stream Buffer] Error happens... - frameNo:17 streamId:0x10000001c App:Meta:DynamicP1_main1
05-05 21:57:55.692 591 6437 W MtkCam/streambuf: [markUserStatus] Hal:Meta:P2:Dynamic:0x100000018:0x75f2d2a920 producer:0x15 released w/o using -> ERROR buffer - user status:0x8:0x8
05-05 21:57:55.692 591 6437 W MtkCam/streambuf: [markUserStatus] App:Meta:DynamicP2:0x10000001f:0x75f2d298a0 producer:0x15 released w/o using -> ERROR buffer - user status:0x8:0x8
05-05 21:57:55.692 591 6437 W MtkCam/streambuf: [markUserStatus] s0:d1:App:YCrCb_420_SP:0|HW_TEXTURE:0:0x761be55b00 producer:0x15 released w/o using -> ERROR buffer - user status:0x8:0x8
05-05 21:57:55.692 591 6437 W MtkCam/streambuf: [markUserStatus] Hal:Image:FD:0x100000010:0x760f077e00 producer:0x15 released w/o using -> ERROR buffer - user status:0x8:0x8
05-05 21:57:55.692 591 21270 W mtkcam-AppStreamMgr: [1-FrameHandler::operator()] [Meta Stream Buffer] Error happens... - frameNo:17 streamId:0x10000001f App:Meta:DynamicP2
05-05 21:57:55.692 591 21270 W mtkcam-AppStreamMgr: [1-FrameHandler::operator()] [Image Stream Buffer] Error happens and all users release - frameNo:17 streamId:0 s0:d1:App:YCrCb_420_SP:0|HW_TEXTURE state:IN-FLIGHT->ERROR
05-05 21:57:55.692 591 6437 W MtkCam/streambuf: [markUserStatus] App:Meta:FD:0x100000027:0x75f2d2a4a0 producer:0x16 released w/o using -> ERROR buffer - user status:0x8:0x8
05-05 21:57:55.692 591 21270 W mtkcam-AppStreamMgr: [1-FrameHandler::updateCallback] frameNo:17 Request Error
05-05 21:57:55.692 591 21270 D ULog : R AppRequest:17 M[CameraDevice:187001] - :mtkcam-AppStreamMgr #519146
05-05 21:57:55.692 591 21273 I Hal3AFlowCtrl: [doUpdateCmd] Stop wait vsirq #(19)
05-05 21:57:55.692 591 21270 W mtkcam-AppStreamMgr: [1-FrameHandler::updateResult] frameNo:17 is not in FrameQueue; FrameQueue: 14 15 16; ResultQueue: 17
05-05 21:57:55.692 591 21273 I Hal3AFlowCtrl_thread: [onThreadLoop] Exit 3A thread
05-05 21:57:55.692 591 21273 I Hal3AFlowCtrl_thread: [getCommand] mCmdQCond.wait +
05-05 21:57:55.693 591 21276 I ResultPool: [convertToMetadata4AF] SEC, date.0313, check MTK_CONTROL_AF_REGIONS, array = [0, 0, 0, 0, 0], ret2(0), u1AfMode(0), ret1(0)
05-05 21:57:55.693 681 899 E CameraDeviceClient: notifyError: pid=1030, errorCode=3
05-05 21:57:55.693 681 899 E CameraDeviceClient: notifyError: pid=1030, skipClientNotification=false
05-05 21:57:55.693 681 899 E Camera3-OutputStream: returnBufferCheckedLocked: A frame is dropped for stream 0 due to buffer error.
05-05 21:57:55.693 1030 12342 D BufferQueueProducer: [SurfaceTexture-0-1030-20084](this:0x747df7a800,id:20084,api:0,p:-1,c:1030) cancelBuffer: slot 5
05-05 21:57:55.729 591 21312 W TwinMgr_buf: [deque] WARNING: [deque]waitBufRdy: VF_EN=0, dma(0x1)
05-05 21:57:55.729 591 21336 W sttiopipe: [dequeOutBuf] WARNING: waitBufRdy:VF_EN=0, dma(0x3)
05-05 21:57:55.730 591 21336 W StatisticPipe: [deque] WARNING: TG1 deque port_12:already stopped
05-05 21:57:55.730 591 21312 W NormalPipe: [ispDequeThread] WARNING: deqThread leave:dequeResponse already stopped
05-05 21:57:55.730 591 21336 I aao_buf_mgr: [dequeueHwBuf] abort after sttPipe deque
05-05 21:57:55.730 591 21304 W NormalPipe: [deque] WARNING: N:1 dma:x0 deque, already stopped
05-05 21:57:55.730 591 4787 I Hal3Av3 : [stop]+ sensorDev(2), sensorIdx(1), mpHal3aObj(0x760f0a9200)
05-05 21:57:55.730 591 4787 I Hal3AFlowCtrl_thread: [clearCommandQ]+
05-05 21:57:55.730 591 4787 I Hal3AFlowCtrl_thread: [clearCommandQ]- Qsize(0)
05-05 21:57:55.730 591 4787 W aaa_hal_sttCtrl: [abortDeque]
05-05 21:57:55.730 591 4787 I afo_buf_mgr: [abortDequeue] abortDma done
05-05 21:57:55.730 591 4787 I afo_buf_mgr: [abortDequeue] +
05-05 21:57:55.730 591 4787 I afo_buf_mgr: [abortDequeue] -
05-05 21:57:55.730 591 4787 I Hal3AFlowCtrl: [flushVSirq] abortDeque done
05-05 21:57:55.730 591 4787 I Hal3AFlowCtrl: [flushVSirq] flushVSirq done
05-05 21:57:55.730 591 4787 I Hal3AFlowCtrl_thread: [sendCommand] wait ECmd_CameraPreviewEnd
05-05 21:57:55.730 591 21273 I Hal3AFlowCtrl: [postCommand] Non-ECmd_Update, m_rParam.u4AeMode(1), m_rParam.i8ExposureTime(0), iValidateOpt(1)
05-05 21:57:55.730 591 21273 W TaskMgr : [sendEvent] TaskEvent:PreivewEnd
05-05 21:57:55.730 591 21273 W Task3APv: [destroy] +
05-05 21:57:55.730 591 21273 W Task3APv: [destroy] -
05-05 21:57:55.730 591 21273 W TaskMgr : [sendEvent] Remove Task(0)
05-05 21:57:55.730 591 21273 I Hal3AFlowCtrl: [postCommand] reset bMainFlash
05-05 21:57:55.730 591 21273 W aaa_hal_sttCtrl: [stopStt]
05-05 21:57:55.731 591 21273 I Hal3ARaw: [stop] +
05-05 21:57:55.731 591 21273 I Hal3ARaw: [stop] AE Min Max Frame Rate has been reset
05-05 21:57:55.731 591 21273 I FlickerHal: stop(): begin. m_sensorDev(2)
05-05 21:57:55.731 591 21273 I FlickerHal: detach(): count(0/1). m_sensorDev(2)
05-05 21:57:55.731 591 21273 I FlickerHal: uninit_algo(): mUsers(1). m_sensorDev(2)
05-05 21:57:55.731 591 21273 I Hal3ARaw: [stop] -
05-05 21:57:55.731 591 21273 I Hal3AFlowCtrl_thread: [onThreadLoop] SEC date.0216, post cmd(1)
05-05 21:57:55.731 591 21273 I Hal3AFlowCtrl_thread: [getCommand] mCmdQCond.wait +
05-05 21:57:55.732 591 4787 I Hal3Av3 : [stop]- sensorDev(2), sensorIdx(1), mpHal3aObj(0x760f0a9200)
05-05 21:57:55.732 591 4787 I Hal3Av3 : [notifyP1PwrOff]+ notifyP1PwrOff
05-05 21:57:55.732 591 4787 I Hal3ARaw: [notifyP1PwrOff] notifyP1PwrOff
05-05 21:57:55.732 591 4787 D CcuMgr : [ccuShutdown] +
05-05 21:57:55.732 591 4787 D CcuDrv : CcuDrv[shutdown] +:shutdown
05-05 21:57:55.733 591 4787 D CcuDrv : CcuDrv[shutdown] -:shutdown
05-05 21:57:55.733 591 4787 D CcuDrv : CcuDrv[powerOff] +:powerOff
05-05 21:57:55.733 591 4787 D CcuDrv : CcuDrv[setCcuPower] setCcuPower: setpower(0) cmd done.
05-05 21:57:55.733 591 4787 D CcuDrv : CcuDrv[powerOff] -:powerOff
05-05 21:57:55.733 591 4787 I CcuDrv : CcuDrv[RealUninit] +,m_UserCnt(1),curUser(CCU)
05-05 21:57:55.733 591 4787 D CcuDrv : CcuDrv[RealUninit] +:release thread
05-05 21:57:55.733 591 4787 D CcuDrv : CcuDrv[RealUninit] -:release thread
05-05 21:57:55.734 591 4787 D CcuDrv : CcuDrv[UnMapHwRegs] Uinit_CCU_A munmap: 0x761b75b000
05-05 21:57:55.734 591 4787 D CcuDrv : CcuDrv[UnMapHwRegs] Uinit_CCU_CAMSYS munmap: 0x761b75a000
05-05 21:57:55.734 591 4787 D CcuDrv : CcuDrv[UnMapHwRegs] Uinit_CCU_PMEM munmap: 0x761b077000
05-05 21:57:55.734 591 4787 D CcuDrv : CcuDrv[UnMapHwRegs] Uinit_CCU_DMEM munmap: 0x761b5c7000
05-05 21:57:55.734 591 4787 D CcuDrv : CcuDrv[RealUninit] +:release buffer
05-05 21:57:55.734 591 4787 D CcuDrv : CcuDrv[RealUninit] -:release buffer
05-05 21:57:55.734 591 4787 I CcuDrv : CcuDrv[RealUninit] CcuDrv uinitial done gracefully
05-05 21:57:55.734 591 4787 I CcuDrv : CcuDrv[RealUninit] - X. ret: 1. m_UserCnt: 0
05-05 21:57:55.734 591 4787 D CcuMgr : [ccuShutdown] -
05-05 21:57:55.734 591 4787 D CcuMgr : [ccuUninit] +
05-05 21:57:55.735 591 4787 D CcuMgr : [ccuUninit] -: CcuMgr uninitial done gracefully
05-05 21:57:55.735 591 4787 I Hal3ARaw: [notifyP1PwrOff] m_pICcuMgr->ccuUninit() and m_pICcuMgr->ccuShutdown() success return true
05-05 21:57:55.735 591 4787 I CcuMgr : [destroyInstance] +
05-05 21:57:55.736 591 4787 I CcuMgr : [_destroyCcuMgr] CcuMgr User Cnt: 0
05-05 21:57:55.736 591 4787 I CcuMgr : [destroyInstance] -
05-05 21:57:55.736 591 4787 I Hal3Av3 : [notifyP1PwrOff]-
05-05 21:57:55.736 591 4787 I Hal3Av3 : [destroyInstance] sensorIdx(1) User(P1Node)
05-05 21:57:55.736 591 4787 I Hal3Av3 : [uninit] Still 10 users
05-05 21:57:55.736 591 4787 I Hal3Av3 : [uninit] Done m_rConfigInfo.i4SubsampleCount(1), User.count(10), User uninit(P1Node)
05-05 21:57:55.736 591 4787 I Hal3Av3 : [destroyInstance] sensorIdx(1) User(LCSHal)
05-05 21:57:55.736 591 4787 I Hal3Av3 : [uninit] Still 9 users
05-05 21:57:55.736 591 4787 I Hal3Av3 : [uninit] Done m_rConfigInfo.i4SubsampleCount(1), User.count(9), User uninit(LCSHal)
05-05 21:57:55.736 591 4787 I LCSDrv : [Uninit]mSensorIdx(1) uninit
05-05 21:57:55.736 591 4787 I Hal3Av3 : [destroyInstance] sensorIdx(1) User(LCSDrv)
05-05 21:57:55.736 591 4787 I Hal3Av3 : [uninit] Still 8 users
05-05 21:57:55.736 591 4787 I Hal3Av3 : [uninit] Done m_rConfigInfo.i4SubsampleCount(1), User.count(8), User uninit(LCSDrv)
05-05 21:57:55.736 591 4787 I LMVTuning: [~LMVTuning][Cam::1]-
05-05 21:57:55.737 591 4787 I Hal3Av3 : [destroyInstance] sensorIdx(1) User(VHDRHal)
05-05 21:57:55.737 591 4787 I Hal3Av3 : [uninit] Still 7 users
05-05 21:57:55.737 591 4787 I Hal3Av3 : [uninit] Done m_rConfigInfo.i4SubsampleCount(1), User.count(7), User uninit(VHDRHal)
05-05 21:57:55.739 591 4787 I MtkCam/HwUtils/ResourceConcurrency: [release] [mP1NodeConcurrency][Client-0] free resource (15000000000ns)
05-05 21:57:55.739 591 4787 I MtkCam/HwUtils/ResourceConcurrency: [cancel] [mP1NodeConcurrency][Client-0] client-returned , state(0)
05-05 21:57:55.740 591 21270 W mtkcam-AppStreamMgr: [1-FrameHandler::operator()] [Meta Stream Buffer] Error happens... - frameNo:14 streamId:0x10000001c App:Meta:DynamicP1_main1
05-05 21:57:55.740 591 21270 W mtkcam-AppStreamMgr: [1-FrameHandler::operator()] [Meta Stream Buffer] Error happens... - frameNo:15 streamId:0x10000001c App:Meta:DynamicP1_main1
05-05 21:57:55.740 591 21309 I MtkCam/P2/MWFrame: [releaseFrameStream] P2S cam 1 MWFrame:#14 MWReq:#14, frame 0 : Node0x15 Flush FrameNo(14)
05-05 21:57:55.740 591 21309 W MtkCam/streambuf: [markUserStatus] Hal:Meta:P2:Dynamic:0x100000018:0x75f2e8c420 producer:0x15 released w/o using -> ERROR buffer - user status:0x8:0x8
05-05 21:57:55.741 591 21309 W MtkCam/streambuf: [markUserStatus] App:Meta:DynamicP2:0x10000001f:0x75f2d2bca0 producer:0x15 released w/o using -> ERROR buffer - user status:0x8:0x8
05-05 21:57:55.741 591 21309 W MtkCam/streambuf: [markUserStatus] s0:d1:App:YCrCb_420_SP:0|HW_TEXTURE:0:0x75f9ecdb00 producer:0x15 released w/o using -> ERROR buffer - user status:0x8:0x8
05-05 21:57:55.741 591 21309 W MtkCam/streambuf: [markUserStatus] Hal:Image:FD:0x100000010:0x760f076f00 producer:0x15 released w/o using -> ERROR buffer - user status:0x8:0x8
05-05 21:57:55.741 591 21270 W mtkcam-AppStreamMgr: [1-FrameHandler::operator()] [Meta Stream Buffer] Error happens... - frameNo:14 streamId:0x10000001f App:Meta:DynamicP2
05-05 21:57:55.741 591 21270 W mtkcam-AppStreamMgr: [1-FrameHandler::operator()] [Image Stream Buffer] Error happens and all users release - frameNo:14 streamId:0 s0:d1:App:YCrCb_420_SP:0|HW_TEXTURE state:IN-FLIGHT->ERROR
05-05 21:57:55.741 591 21309 W MtkCam/streambuf: [markUserStatus] App:Meta:FD:0x100000027:0x75f2d2be20 producer:0x16 released w/o using -> ERROR buffer - user status:0x8:0x8
05-05 21:57:55.741 591 21270 W mtkcam-AppStreamMgr: [1-FrameHandler::updateCallback] frameNo:14 Request Error
05-05 21:57:55.741 591 21270 D ULog : R AppRequest:14 M[CameraDevice:187001] - :mtkcam-AppStreamMgr #519147
05-05 21:57:55.741 591 21270 W mtkcam-AppStreamMgr: [1-FrameHandler::updateCallback] frame 14 is removed before shutter callbacked, there MUST have error frames or meta be sent for the request
05-05 21:57:55.741 591 21270 W mtkcam-AppStreamMgr: [1-FrameHandler::updateResult] frameNo:14 is not in FrameQueue; FrameQueue: 15 16; ResultQueue: 14
05-05 21:57:55.741 591 21309 I MtkCam/P2/MWFrame: [releaseFrameStream] P2S cam 1 MWFrame:#15 MWReq:#15, frame 0 : Node0x15 Flush FrameNo(15)
05-05 21:57:55.742 591 21309 W MtkCam/streambuf: [markUserStatus] Hal:Meta:P2:Dynamic:0x100000018:0x75f2e8c120 producer:0x15 released w/o using -> ERROR buffer - user status:0x8:0x8
05-05 21:57:55.742 591 21309 W MtkCam/streambuf: [markUserStatus] App:Meta:DynamicP2:0x10000001f:0x75f2d2af20 producer:0x15 released w/o using -> ERROR buffer - user status:0x8:0x8
05-05 21:57:55.742 591 21309 W MtkCam/streambuf: [markUserStatus] s0:d1:App:YCrCb_420_SP:0|HW_TEXTURE:0:0x75f9ecdd80 producer:0x15 released w/o using -> ERROR buffer - user status:0x8:0x8
05-05 21:57:55.742 591 21309 W MtkCam/streambuf: [markUserStatus] Hal:Image:FD:0x100000010:0x760f077500 producer:0x15 released w/o using -> ERROR buffer - user status:0x8:0x8
05-05 21:57:55.742 591 21270 W mtkcam-AppStreamMgr: [1-FrameHandler::operator()] [Meta Stream Buffer] Error happens... - frameNo:15 streamId:0x10000001f App:Meta:DynamicP2
05-05 21:57:55.742 591 21270 W mtkcam-AppStreamMgr: [1-FrameHandler::operator()] [Image Stream Buffer] Error happens and all users release - frameNo:15 streamId:0 s0:d1:App:YCrCb_420_SP:0|HW_TEXTURE state:IN-FLIGHT->ERROR
05-05 21:57:55.742 591 21270 W mtkcam-AppStreamMgr: [1-FrameHandler::updateCallback] frameNo:15 Request Error
05-05 21:57:55.742 591 21270 D ULog : R AppRequest:15 M[CameraDevice:187001] - :mtkcam-AppStreamMgr #519148
05-05 21:57:55.742 591 21309 W MtkCam/streambuf: [markUserStatus] App:Meta:FD:0x100000027:0x75f2d2b820 producer:0x16 released w/o using -> ERROR buffer - user status:0x8:0x8
05-05 21:57:55.742 591 21270 W mtkcam-AppStreamMgr: [1-FrameHandler::updateCallback] frame 15 is removed before shutter callbacked, there MUST have error frames or meta be sent for the request
05-05 21:57:55.742 591 21270 W mtkcam-AppStreamMgr: [1-FrameHandler::updateResult] frameNo:15 is not in FrameQueue; FrameQueue: 16; ResultQueue: 15
05-05 21:57:55.742 591 21309 I MtkCam/P2/MWFrame: [releaseFrameStream] P2S cam 1 MWFrame:#16 MWReq:#16, frame 0 : Node0x15 Flush FrameNo(16)
05-05 21:57:55.743 591 21309 W MtkCam/streambuf: [markUserStatus] Hal:Meta:P2:Dynamic:0x100000018:0x75f2e8e520 producer:0x15 released w/o using -> ERROR buffer - user status:0x8:0x8
05-05 21:57:55.743 591 21309 W MtkCam/streambuf: [markUserStatus] App:Meta:DynamicP2:0x10000001f:0x75f2e8df20 producer:0x15 released w/o using -> ERROR buffer - user status:0x8:0x8
05-05 21:57:55.743 591 21309 W MtkCam/streambuf: [markUserStatus] s0:d1:App:YCrCb_420_SP:0|HW_TEXTURE:0:0x75f9fe2000 producer:0x15 released w/o using -> ERROR buffer - user status:0x8:0x8
05-05 21:57:55.743 591 21309 W MtkCam/streambuf: [markUserStatus] Hal:Image:FD:0x100000010:0x760f077800 producer:0x15 released w/o using -> ERROR buffer - user status:0x8:0x8
05-05 21:57:55.743 681 21279 I Camera3-Status: markComponent: Component 1 is now idle - RequestThread
05-05 21:57:55.743 591 21270 W mtkcam-AppStreamMgr: [1-FrameHandler::operator()] [Meta Stream Buffer] Error happens... - frameNo:16 streamId:0x10000001f App:Meta:DynamicP2
05-05 21:57:55.743 591 21270 W mtkcam-AppStreamMgr: [1-FrameHandler::operator()] [Image Stream Buffer] Error happens and all users release - frameNo:16 streamId:0 s0:d1:App:YCrCb_420_SP:0|HW_TEXTURE state:IN-FLIGHT->ERROR
05-05 21:57:55.743 591 21309 W MtkCam/streambuf: [markUserStatus] App:Meta:FD:0x100000027:0x75f2e8e0a0 producer:0x16 released w/o using -> ERROR buffer - user status:0x8:0x8
05-05 21:57:55.743 591 21270 W mtkcam-AppStreamMgr: [1-FrameHandler::updateCallback] frameNo:16 Request Error
05-05 21:57:55.743 591 21270 D ULog : R AppRequest:16 M[CameraDevice:187001] - :mtkcam-AppStreamMgr #519149
05-05 21:57:55.743 591 21270 W mtkcam-AppStreamMgr: [1-FrameHandler::updateCallback] frame 16 is removed before shutter callbacked, there MUST have error frames or meta be sent for the request
05-05 21:57:55.743 591 21270 W mtkcam-AppStreamMgr: [1-FrameHandler::updateCallback] frame 17 is removed before shutter callbacked, there MUST have error frames or meta be sent for the request
05-05 21:57:55.744 681 899 E CameraDeviceClient: notifyError: pid=1030, errorCode=3
05-05 21:57:55.744 681 899 E CameraDeviceClient: notifyError: pid=1030, skipClientNotification=false
05-05 21:57:55.744 591 4787 I MtkCam/P2/CaptureProcessor: [onWaitFlush] P2C cam 1: (0x760348f2f0) flush +, bgPreRelease:0
05-05 21:57:55.744 681 899 E CameraDeviceClient: notifyError: pid=1030, errorCode=3
05-05 21:57:55.744 681 899 E CameraDeviceClient: notifyError: pid=1030, skipClientNotification=false
05-05 21:57:55.744 681 899 E CameraDeviceClient: notifyError: pid=1030, errorCode=3
05-05 21:57:55.744 681 899 E CameraDeviceClient: notifyError: pid=1030, skipClientNotification=false
05-05 21:57:55.745 591 4787 I MtkCam/P2/CaptureProcessor: [onWaitFlush] P2C cam 1: flush -
